2024-03-18T00:21:00.069 INFO:teuthology.orchestra.run.smithi122.stdout:/usr/bin/ceph: stderr
2024-03-18T00:20:59.445+0000 7f4b2144f700 1 --2- 172.21.15.122:0/1113652437 >> [v2:172.21.15.122:3300/0,v1:172.21.15.122:6789/0] conn(0x7f4b1c106040 0x7f4b1c19df20 unknown :-1 s=CLOSED pgs=56 cs=0 l=1 rev1=1 crypto rx=0 tx=0 comp rx=0 tx=0).stop
2024-03-18T00:21:00.069 INFO:teuthology.orchestra.run.smithi122.stdout:/usr/bin/ceph: stderr
2024-03-18T00:20:59.445+0000 7f4b2144f700 1 -- 172.21.15.122:0/1113652437 >> 172.21.15.122:0/1113652437 conn(0x7f4b1c1019b0 msgr2=0x7f4b1c102450 unknown :-1 s=STATE_NONE l=0).mark_down
2024-03-18T00:21:00.069 INFO:teuthology.orchestra.run.smithi122.stdout:/usr/bin/ceph: stderr
2024-03-18T00:20:59.445+0000 7f4b2144f700 1 -- 172.21.15.122:0/1113652437 shutdown_connections
2024-03-18T00:21:00.069 INFO:teuthology.orchestra.run.smithi122.stdout:/usr/bin/ceph: stderr
2024-03-18T00:20:59.445+0000 7f4b2144f700 1 -- 172.21.15.122:0/1113652437 wait complete.
2024-03-18T00:21:00.288 INFO:journalctl@ceph.mgr.x.smithi122.stdout:Mar 18 00:21:00 smithi122 ceph-260ca41e-e4bd-11ee-95c9-87774f69a715-mgr-x[32153]:
2024-03-18T00:21:00.115+0000 7f7b01782200 -1 mgr[py] Module snap_schedule has missing NOTIFY_TYPES member
2024-03-18T00:21:00.549 INFO:journalctl@ceph.mon.a.smithi122.stdout:Mar 18 00:21:00 smithi122 ceph-mon[31924]: from='client.? 172.21.15.122:0/1113652437' entity='client.admin' cmd='[{"prefix": "mgr module enable", "module": "dashboard"}]': finished
2024-03-18T00:21:00.549 INFO:journalctl@ceph.mon.a.smithi122.stdout:Mar 18 00:21:00 smithi122 ceph-mon[31924]: mgrmap e9: x(active, since 19s)
2024-03-18T00:21:01.049 INFO:journalctl@ceph.mgr.x.smithi122.stdout:Mar 18 00:21:00 smithi122 ceph-260ca41e-e4bd-11ee-95c9-87774f69a715-mgr-x[32153]:
2024-03-18T00:21:00.840+0000 7f7b01782200 -1 mgr[py] Module zabbix has missing NOTIFY_TYPES member
2024-03-18T00:21:01.049 INFO:journalctl@ceph.mgr.x.smithi122.stdout:Mar 18 00:21:00 smithi122 ceph-260ca41e-e4bd-11ee-95c9-87774f69a715-mgr-x[32153]:
2024-03-18T00:21:00.941+0000 7f7b01782200 -1 mgr[py] Module balancer has missing NOTIFY_TYPES member
2024-03-18T00:21:01.443 INFO:journalctl@ceph.mgr.x.smithi122.stdout:Mar 18 00:21:01 smithi122 ceph-260ca41e-e4bd-11ee-95c9-87774f69a715-mgr-x[32153]:
2024-03-18T00:21:01.083+0000 7f7b01782200 -1 mgr[py] Module influx has missing NOTIFY_TYPES member
2024-03-18T00:21:01.444 INFO:journalctl@ceph.mgr.x.smithi122.stdout:Mar 18 00:21:01 smithi122 ceph-260ca41e-e4bd-11ee-95c9-87774f69a715-mgr-x[32153]:
2024-03-18T00:21:01.177+0000 7f7b01782200 -1 mgr[py] Module alerts has missing NOTIFY_TYPES member
2024-03-18T00:21:01.444 INFO:journalctl@ceph.mgr.x.smithi122.stdout:Mar 18 00:21:01 smithi122 ceph-260ca41e-e4bd-11ee-95c9-87774f69a715-mgr-x[32153]:
2024-03-18T00:21:01.259+0000 7f7b01782200 -1 mgr[py] Module iostat has missing NOTIFY_TYPES member
2024-03-18T00:21:01.719 INFO:journalctl@ceph.mon.a.smithi122.stdout:Mar 18 00:21:01 smithi122 ceph-mon[31924]: from='client.? 172.21.15.122:0/3439214887' entity='client.admin' cmd=[{"prefix": "mgr stat"}]: dispatch
2024-03-18T00:21:01.719 INFO:journalctl@ceph.mgr.x.smithi122.stdout:Mar 18 00:21:01 smithi122 ceph-260ca41e-e4bd-11ee-95c9-87774f69a715-mgr-x[32153]:
2024-03-18T00:21:01.524+0000 7f7b01782200 -1 mgr[py] Module rgw has missing NOTIFY_TYPES member
2024-03-18T00:21:01.719 INFO:journalctl@ceph.mgr.x.smithi122.stdout:Mar 18 00:21:01 smithi122 ceph-260ca41e-e4bd-11ee-95c9-87774f69a715-mgr-x[32153]:
2024-03-18T00:21:01.632+0000 7f7b01782200 -1 mgr[py] Module rbd_support has missing NOTIFY_TYPES member
2024-03-18T00:21:01.720 INFO:journalctl@ceph.mgr.x.smithi122.stdout:Mar 18 00:21:01 smithi122 ceph-260ca41e-e4bd-11ee-95c9-87774f69a715-mgr-x[32153]:
2024-03-18T00:21:01.718+0000 7f7b01782200 -1 mgr[py] Module progress has missing NOTIFY_TYPES member
2024-03-18T00:21:01.842 INFO:teuthology.orchestra.run.smithi122.stdout:/usr/bin/ceph: stdout {
2024-03-18T00:21:01.842 INFO:teuthology.orchestra.run.smithi122.stdout:/usr/bin/ceph: stdout "epoch": 9,
2024-03-18T00:21:01.842 INFO:teuthology.orchestra.run.smithi122.stdout:/usr/bin/ceph: stdout "available": true,
2024-03-18T00:21:01.842 INFO:teuthology.orchestra.run.smithi122.stdout:/usr/bin/ceph: stdout "active_name": "x",
2024-03-18T00:21:01.842 INFO:teuthology.orchestra.run.smithi122.stdout:/usr/bin/ceph: stdout "num_standby": 0
2024-03-18T00:21:01.842 INFO:teuthology.orchestra.run.smithi122.stdout:/usr/bin/ceph: stdout }
2024-03-18T00:21:01.843 INFO:teuthology.orchestra.run.smithi122.stdout:/usr/bin/ceph: stderr
2024-03-18T00:21:00.494+0000 7f476091c700 1 Processor -- start
2024-03-18T00:21:01.843 INFO:teuthology.orchestra.run.smithi122.stdout:/usr/bin/ceph: stderr
2024-03-18T00:21:00.494+0000 7f476091c700 1 -- start start
2024-03-18T00:21:01.843 INFO:teuthology.orchestra.run.smithi122.stdout:/usr/bin/ceph: stderr
2024-03-18T00:21:00.494+0000 7f476091c700 1 --2- >> [v2:172.21.15.122:3300/0,v1:172.21.15.122:6789/0] conn(0x7f475c107e00 0x7f475c108220 unknown :-1 s=NONE pgs=0 cs=0 l=0 rev1=0 crypto rx=0 tx=0 comp rx=0 tx=0).connect
2024-03-18T00:21:01.843 INFO:teuthology.orchestra.run.smithi122.stdout:/usr/bin/ceph: stderr
2024-03-18T00:21:00.494+0000 7f476091c700 1 -- --> [v2:172.21.15.122:3300/0,v1:172.21.15.122:6789/0] -- mon_getmap magic: 0 -- 0x7f475c1087f0 con 0x7f475c107e00
2024-03-18T00:21:01.843 INFO:teuthology.orchestra.run.smithi122.stdout:/usr/bin/ceph: stderr
2024-03-18T00:21:00.495+0000 7f475a59c700 1 --2- >> [v2:172.21.15.122:3300/0,v1:172.21.15.122:6789/0] conn(0x7f475c107e00 0x7f475c108220 unknown :-1 s=BANNER_CONNECTING pgs=0 cs=0 l=0 rev1=0 crypto rx=0 tx=0 comp rx=0 tx=0)._handle_peer_banner_payload supported=3 required=0
2024-03-18T00:21:01.843 INFO:teuthology.orchestra.run.smithi122.stdout:/usr/bin/ceph: stderr
2024-03-18T00:21:00.495+0000 7f475a59c700 1 --2- >> [v2:172.21.15.122:3300/0,v1:172.21.15.122:6789/0] conn(0x7f475c107e00 0x7f475c108220 unknown :-1 s=HELLO_CONNECTING pgs=0 cs=0 l=0 rev1=1 crypto rx=0 tx=0 comp rx=0 tx=0).handle_hello peer v2:172.21.15.122:3300/0 says I am v2:172.21.15.122:34394/0 (socket says 172.21.15.122:34394)
2024-03-18T00:21:01.843 INFO:teuthology.orchestra.run.smithi122.stdout:/usr/bin/ceph: stderr
2024-03-18T00:21:00.495+0000 7f475a59c700 1 -- 172.21.15.122:0/2668707908 learned_addr learned my addr 172.21.15.122:0/2668707908 (peer_addr_for_me v2:172.21.15.122:0/0)
2024-03-18T00:21:01.843 INFO:teuthology.orchestra.run.smithi122.stdout:/usr/bin/ceph: stderr
2024-03-18T00:21:00.495+0000 7f475a59c700 1 -- 172.21.15.122:0/2668707908 --> [v2:172.21.15.122:3300/0,v1:172.21.15.122:6789/0] -- mon_subscribe({config=0+,monmap=0+}) -- 0x7f475c108f60 con 0x7f475c107e00
2024-03-18T00:21:01.843 INFO:teuthology.orchestra.run.smithi122.stdout:/usr/bin/ceph: stderr
2024-03-18T00:21:00.495+0000 7f475a59c700 1 --2- 172.21.15.122:0/2668707908 >> [v2:172.21.15.122:3300/0,v1:172.21.15.122:6789/0] conn(0x7f475c107e00 0x7f475c108220 secure :-1 s=READY pgs=59 cs=0 l=1 rev1=1 crypto rx=0x7f474c0098a0 tx=0x7f474c009bb0 comp rx=0 tx=0).ready entity=mon.0 client_cookie=1f8b1d384e2abdd7 server_cookie=0 in_seq=0 out_seq=0
2024-03-18T00:21:01.843 INFO:teuthology.orchestra.run.smithi122.stdout:/usr/bin/ceph: stderr
2024-03-18T00:21:00.495+0000 7f475959a700 1 -- 172.21.15.122:0/2668707908 <== mon.0 v2:172.21.15.122:3300/0 1 ==== mon_map magic: 0 ==== 205+0+0 (secure 0 0 0) 0x7f474c004160 con 0x7f475c107e00
2024-03-18T00:21:01.843 INFO:teuthology.orchestra.run.smithi122.stdout:/usr/bin/ceph: stderr
2024-03-18T00:21:00.495+0000 7f475959a700 1 -- 172.21.15.122:0/2668707908 <== mon.0 v2:172.21.15.122:3300/0 2 ==== config(28 keys) ==== 1174+0+0 (secure 0 0 0) 0x7f474c004300 con 0x7f475c107e00
2024-03-18T00:21:01.843 INFO:teuthology.orchestra.run.smithi122.stdout:/usr/bin/ceph: stderr
2024-03-18T00:21:00.495+0000 7f475959a700 1 -- 172.21.15.122:0/2668707908 <== mon.0 v2:172.21.15.122:3300/0 3 ==== mon_map magic: 0 ==== 205+0+0 (secure 0 0 0) 0x7f474c011bb0 con 0x7f475c107e00
2024-03-18T00:21:01.843 INFO:teuthology.orchestra.run.smithi122.stdout:/usr/bin/ceph: stderr
2024-03-18T00:21:00.496+0000 7f476091c700 1 -- 172.21.15.122:0/2668707908 >> [v2:172.21.15.122:3300/0,v1:172.21.15.122:6789/0] conn(0x7f475c107e00 msgr2=0x7f475c108220 secure :-1 s=STATE_CONNECTION_ESTABLISHED l=1).mark_down
2024-03-18T00:21:01.844 INFO:teuthology.orchestra.run.smithi122.stdout:/usr/bin/ceph: stderr
2024-03-18T00:21:00.496+0000 7f476091c700 1 --2- 172.21.15.122:0/2668707908 >> [v2:172.21.15.122:3300/0,v1:172.21.15.122:6789/0] conn(0x7f475c107e00 0x7f475c108220 secure :-1 s=READY pgs=59 cs=0 l=1 rev1=1 crypto rx=0x7f474c0098a0 tx=0x7f474c009bb0 comp rx=0 tx=0).stop
2024-03-18T00:21:01.844 INFO:teuthology.orchestra.run.smithi122.stdout:/usr/bin/ceph: stderr
2024-03-18T00:21:00.496+0000 7f476091c700 1 -- 172.21.15.122:0/2668707908 shutdown_connections
2024-03-18T00:21:01.844 INFO:teuthology.orchestra.run.smithi122.stdout:/usr/bin/ceph: stderr
2024-03-18T00:21:00.496+0000 7f476091c700 1 --2- 172.21.15.122:0/2668707908 >> [v2:172.21.15.122:3300/0,v1:172.21.15.122:6789/0] conn(0x7f475c107e00 0x7f475c108220 unknown :-1 s=CLOSED pgs=59 cs=0 l=1 rev1=1 crypto rx=0 tx=0 comp rx=0 tx=0).stop
2024-03-18T00:21:01.844 INFO:teuthology.orchestra.run.smithi122.stdout:/usr/bin/ceph: stderr
2024-03-18T00:21:00.496+0000 7f476091c700 1 -- 172.21.15.122:0/2668707908 >> 172.21.15.122:0/2668707908 conn(0x7f475c1033c0 msgr2=0x7f475c1057e0 unknown :-1 s=STATE_NONE l=0).mark_down
2024-03-18T00:21:01.844 INFO:teuthology.orchestra.run.smithi122.stdout:/usr/bin/ceph: stderr
2024-03-18T00:21:00.496+0000 7f476091c700 1 -- 172.21.15.122:0/2668707908 shutdown_connections
2024-03-18T00:21:01.844 INFO:teuthology.orchestra.run.smithi122.stdout:/usr/bin/ceph: stderr
2024-03-18T00:21:00.496+0000 7f476091c700 1 -- 172.21.15.122:0/2668707908 wait complete.
2024-03-18T00:21:01.844 INFO:teuthology.orchestra.run.smithi122.stdout:/usr/bin/ceph: stderr
2024-03-18T00:21:00.497+0000 7f476091c700 1 Processor -- start
2024-03-18T00:21:01.844 INFO:teuthology.orchestra.run.smithi122.stdout:/usr/bin/ceph: stderr
2024-03-18T00:21:00.497+0000 7f476091c700 1 -- start start
2024-03-18T00:21:01.844 INFO:teuthology.orchestra.run.smithi122.stdout:/usr/bin/ceph: stderr
2024-03-18T00:21:00.498+0000 7f476091c700 1 --2- >> [v2:172.21.15.122:3300/0,v1:172.21.15.122:6789/0] conn(0x7f475c107e00 0x7f475c19bcf0 unknown :-1 s=NONE pgs=0 cs=0 l=1 rev1=0 crypto rx=0 tx=0 comp rx=0 tx=0).connect
2024-03-18T00:21:01.844 INFO:teuthology.orchestra.run.smithi122.stdout:/usr/bin/ceph: stderr
2024-03-18T00:21:00.498+0000 7f476091c700 1 -- --> [v2:172.21.15.122:3300/0,v1:172.21.15.122:6789/0] -- mon_getmap magic: 0 -- 0x7f475c10c310 con 0x7f475c107e00
2024-03-18T00:21:01.844 INFO:teuthology.orchestra.run.smithi122.stdout:/usr/bin/ceph: stderr
2024-03-18T00:21:00.498+0000 7f475a59c700 1 --2- >> [v2:172.21.15.122:3300/0,v1:172.21.15.122:6789/0] conn(0x7f475c107e00 0x7f475c19bcf0 unknown :-1 s=BANNER_CONNECTING pgs=0 cs=0 l=1 rev1=0 crypto rx=0 tx=0 comp rx=0 tx=0)._handle_peer_banner_payload supported=3 required=0
2024-03-18T00:21:01.845 INFO:teuthology.orchestra.run.smithi122.stdout:/usr/bin/ceph: stderr
2024-03-18T00:21:00.498+0000 7f475a59c700 1 --2- >> [v2:172.21.15.122:3300/0,v1:172.21.15.122:6789/0] conn(0x7f475c107e00 0x7f475c19bcf0 unknown :-1 s=HELLO_CONNECTING pgs=0 cs=0 l=1 rev1=1 crypto rx=0 tx=0 comp rx=0 tx=0).handle_hello peer v2:172.21.15.122:3300/0 says I am v2:172.21.15.122:34404/0 (socket says 172.21.15.122:34404)
2024-03-18T00:21:01.845 INFO:teuthology.orchestra.run.smithi122.stdout:/usr/bin/ceph: stderr
2024-03-18T00:21:00.498+0000 7f475a59c700 1 -- 172.21.15.122:0/3439214887 learned_addr learned my addr 172.21.15.122:0/3439214887 (peer_addr_for_me v2:172.21.15.122:0/0)
2024-03-18T00:21:01.845 INFO:teuthology.orchestra.run.smithi122.stdout:/usr/bin/ceph: stderr
2024-03-18T00:21:00.498+0000 7f475a59c700 1 -- 172.21.15.122:0/3439214887 --> [v2:172.21.15.122:3300/0,v1:172.21.15.122:6789/0] -- mon_subscribe({config=0+,monmap=0+}) -- 0x7f475c19c230 con 0x7f475c107e00
2024-03-18T00:21:01.845 INFO:teuthology.orchestra.run.smithi122.stdout:/usr/bin/ceph: stderr
2024-03-18T00:21:00.498+0000 7f475a59c700 1 --2- 172.21.15.122:0/3439214887 >> [v2:172.21.15.122:3300/0,v1:172.21.15.122:6789/0] conn(0x7f475c107e00 0x7f475c19bcf0 secure :-1 s=READY pgs=60 cs=0 l=1 rev1=1 crypto rx=0x7f474c011bf0 tx=0x7f474c011cd0 comp rx=0 tx=0).ready entity=mon.0 client_cookie=0 server_cookie=0 in_seq=0 out_seq=0
2024-03-18T00:21:01.845 INFO:teuthology.orchestra.run.smithi122.stdout:/usr/bin/ceph: stderr
2024-03-18T00:21:00.498+0000 7f474b7fe700 1 -- 172.21.15.122:0/3439214887 <== mon.0 v2:172.21.15.122:3300/0 1 ==== mon_map magic: 0 ==== 205+0+0 (secure 0 0 0) 0x7f474c003930 con 0x7f475c107e00
2024-03-18T00:21:01.845 INFO:teuthology.orchestra.run.smithi122.stdout:/usr/bin/ceph: stderr
2024-03-18T00:21:00.498+0000 7f474b7fe700 1 -- 172.21.15.122:0/3439214887 <== mon.0 v2:172.21.15.122:3300/0 2 ==== config(28 keys) ==== 1174+0+0 (secure 0 0 0) 0x7f474c003ad0 con 0x7f475c107e00
2024-03-18T00:21:01.845 INFO:teuthology.orchestra.run.smithi122.stdout:/usr/bin/ceph: stderr
2024-03-18T00:21:00.498+0000 7f476091c700 1 -- 172.21.15.122:0/3439214887 --> [v2:172.21.15.122:3300/0,v1:172.21.15.122:6789/0] -- mon_subscribe({mgrmap=0+}) -- 0x7f475c19c4c0 con 0x7f475c107e00
2024-03-18T00:21:01.845 INFO:teuthology.orchestra.run.smithi122.stdout:/usr/bin/ceph: stderr
2024-03-18T00:21:00.498+0000 7f474b7fe700 1 -- 172.21.15.122:0/3439214887 <== mon.0 v2:172.21.15.122:3300/0 3 ==== mon_map magic: 0 ==== 205+0+0 (secure 0 0 0) 0x7f474c019760 con 0x7f475c107e00
2024-03-18T00:21:01.845 INFO:teuthology.orchestra.run.smithi122.stdout:/usr/bin/ceph: stderr
2024-03-18T00:21:00.498+0000 7f476091c700 1 -- 172.21.15.122:0/3439214887 --> [v2:172.21.15.122:3300/0,v1:172.21.15.122:6789/0] -- mon_subscribe({osdmap=0}) -- 0x7f475c19c920 con 0x7f475c107e00
2024-03-18T00:21:01.845 INFO:teuthology.orchestra.run.smithi122.stdout:/usr/bin/ceph: stderr
2024-03-18T00:21:00.499+0000 7f474b7fe700 1 -- 172.21.15.122:0/3439214887 <== mon.0 v2:172.21.15.122:3300/0 4 ==== mgrmap(e 9) ==== 46119+0+0 (secure 0 0 0) 0x7f474c019a30 con 0x7f475c107e00
2024-03-18T00:21:01.845 INFO:teuthology.orchestra.run.smithi122.stdout:/usr/bin/ceph: stderr
2024-03-18T00:21:00.499+0000 7f474b7fe700 1 --2- 172.21.15.122:0/3439214887 >> [v2:172.21.15.122:6800/1007285326,v1:172.21.15.122:6801/1007285326] conn(0x7f4744038f80 0x7f474403b440 unknown :-1 s=NONE pgs=0 cs=0 l=1 rev1=0 crypto rx=0 tx=0 comp rx=0 tx=0).connect
2024-03-18T00:21:01.845 INFO:teuthology.orchestra.run.smithi122.stdout:/usr/bin/ceph: stderr
2024-03-18T00:21:00.499+0000 7f474b7fe700 1 -- 172.21.15.122:0/3439214887 <== mon.0 v2:172.21.15.122:3300/0 5 ==== osd_map(2..2 src has 1..2) ==== 940+0+0 (secure 0 0 0) 0x7f474c04d310 con 0x7f475c107e00
2024-03-18T00:21:01.845 INFO:teuthology.orchestra.run.smithi122.stdout:/usr/bin/ceph: stderr
2024-03-18T00:21:00.499+0000 7f4759d9b700 1 -- 172.21.15.122:0/3439214887 >> [v2:172.21.15.122:6800/1007285326,v1:172.21.15.122:6801/1007285326] conn(0x7f4744038f80 msgr2=0x7f474403b440 unknown :-1 s=STATE_CONNECTING_RE l=1).process reconnect failed to v2:172.21.15.122:6800/1007285326
2024-03-18T00:21:01.846 INFO:teuthology.orchestra.run.smithi122.stdout:/usr/bin/ceph: stderr
2024-03-18T00:21:00.499+0000 7f4759d9b700 1 --2- 172.21.15.122:0/3439214887 >> [v2:172.21.15.122:6800/1007285326,v1:172.21.15.122:6801/1007285326] conn(0x7f4744038f80 0x7f474403b440 unknown :-1 s=START_CONNECT pgs=0 cs=0 l=1 rev1=0 crypto rx=0 tx=0 comp rx=0 tx=0)._fault waiting 0.200000
2024-03-18T00:21:01.846 INFO:teuthology.orchestra.run.smithi122.stdout:/usr/bin/ceph: stderr
2024-03-18T00:21:00.500+0000 7f476091c700 1 -- 172.21.15.122:0/3439214887 --> [v2:172.21.15.122:3300/0,v1:172.21.15.122:6789/0] -- mon_command({"prefix": "get_command_descriptions"} v 0) -- 0x7f475c063900 con 0x7f475c107e00
2024-03-18T00:21:01.846 INFO:teuthology.orchestra.run.smithi122.stdout:/usr/bin/ceph: stderr
2024-03-18T00:21:00.505+0000 7f474b7fe700 1 -- 172.21.15.122:0/3439214887 <== mon.0 v2:172.21.15.122:3300/0 6 ==== mon_command_ack([{"prefix": "get_command_descriptions"}]=0 v0) ==== 72+0+186149 (secure 0 0 0) 0x7f474c003c80 con 0x7f475c107e00
2024-03-18T00:21:01.846 INFO:teuthology.orchestra.run.smithi122.stdout:/usr/bin/ceph: stderr
2024-03-18T00:21:00.700+0000 7f4759d9b700 1 -- 172.21.15.122:0/3439214887 >> [v2:172.21.15.122:6800/1007285326,v1:172.21.15.122:6801/1007285326] conn(0x7f4744038f80 msgr2=0x7f474403b440 unknown :-1 s=STATE_CONNECTING_RE l=1).process reconnect failed to v2:172.21.15.122:6800/1007285326
2024-03-18T00:21:01.846 INFO:teuthology.orchestra.run.smithi122.stdout:/usr/bin/ceph: stderr
2024-03-18T00:21:00.700+0000 7f4759d9b700 1 --2- 172.21.15.122:0/3439214887 >> [v2:172.21.15.122:6800/1007285326,v1:172.21.15.122:6801/1007285326] conn(0x7f4744038f80 0x7f474403b440 unknown :-1 s=START_CONNECT pgs=0 cs=0 l=1 rev1=0 crypto rx=0 tx=0 comp rx=0 tx=0)._fault waiting 0.400000
2024-03-18T00:21:01.846 INFO:teuthology.orchestra.run.smithi122.stdout:/usr/bin/ceph: stderr
2024-03-18T00:21:00.859+0000 7f476091c700 1 -- 172.21.15.122:0/3439214887 --> [v2:172.21.15.122:3300/0,v1:172.21.15.122:6789/0] -- mon_command({"prefix": "mgr stat"} v 0) -- 0x7f475c19f1a0 con 0x7f475c107e00
2024-03-18T00:21:01.846 INFO:teuthology.orchestra.run.smithi122.stdout:/usr/bin/ceph: stderr
2024-03-18T00:21:00.860+0000 7f474b7fe700 1 -- 172.21.15.122:0/3439214887 <== mon.0 v2:172.21.15.122:3300/0 7 ==== mon_command_ack([{"prefix": "mgr stat"}]=0 v9) ==== 56+0+88 (secure 0 0 0) 0x7f474c019dc0 con 0x7f475c107e00
2024-03-18T00:21:01.846 INFO:teuthology.orchestra.run.smithi122.stdout:/usr/bin/ceph: stderr
2024-03-18T00:21:00.862+0000 7f476091c700 1 -- 172.21.15.122:0/3439214887 >> [v2:172.21.15.122:6800/1007285326,v1:172.21.15.122:6801/1007285326] conn(0x7f4744038f80 msgr2=0x7f474403b440 unknown :-1 s=STATE_CONNECTING l=1).mark_down
2024-03-18T00:21:01.846 INFO:teuthology.orchestra.run.smithi122.stdout:/usr/bin/ceph: stderr
2024-03-18T00:21:00.862+0000 7f476091c700 1 --2- 172.21.15.122:0/3439214887 >> [v2:172.21.15.122:6800/1007285326,v1:172.21.15.122:6801/1007285326] conn(0x7f4744038f80 0x7f474403b440 unknown :-1 s=START_CONNECT pgs=0 cs=0 l=1 rev1=0 crypto rx=0 tx=0 comp rx=0 tx=0).stop
2024-03-18T00:21:01.846 INFO:teuthology.orchestra.run.smithi122.stdout:/usr/bin/ceph: stderr
2024-03-18T00:21:00.862+0000 7f476091c700 1 -- 172.21.15.122:0/3439214887 >> [v2:172.21.15.122:3300/0,v1:172.21.15.122:6789/0] conn(0x7f475c107e00 msgr2=0x7f475c19bcf0 secure :-1 s=STATE_CONNECTION_ESTABLISHED l=1).mark_down
2024-03-18T00:21:01.846 INFO:teuthology.orchestra.run.smithi122.stdout:/usr/bin/ceph: stderr
2024-03-18T00:21:00.862+0000 7f476091c700 1 --2- 172.21.15.122:0/3439214887 >> [v2:172.21.15.122:3300/0,v1:172.21.15.122:6789/0] conn(0x7f475c107e00 0x7f475c19bcf0 secure :-1 s=READY pgs=60 cs=0 l=1 rev1=1 crypto rx=0x7f474c011bf0 tx=0x7f474c011cd0 comp rx=0 tx=0).stop
2024-03-18T00:21:01.846 INFO:teuthology.orchestra.run.smithi122.stdout:/usr/bin/ceph: stderr
2024-03-18T00:21:00.862+0000 7f476091c700 1 -- 172.21.15.122:0/3439214887 shutdown_connections
2024-03-18T00:21:01.846 INFO:teuthology.orchestra.run.smithi122.stdout:/usr/bin/ceph: stderr
2024-03-18T00:21:00.862+0000 7f476091c700 1 --2- 172.21.15.122:0/3439214887 >> [v2:172.21.15.122:6800/1007285326,v1:172.21.15.122:6801/1007285326] conn(0x7f4744038f80 0x7f474403b440 unknown :-1 s=CLOSED pgs=0 cs=0 l=1 rev1=0 crypto rx=0 tx=0 comp rx=0 tx=0).stop
2024-03-18T00:21:01.847 INFO:teuthology.orchestra.run.smithi122.stdout:/usr/bin/ceph: stderr
2024-03-18T00:21:00.862+0000 7f476091c700 1 --2- 172.21.15.122:0/3439214887 >> [v2:172.21.15.122:3300/0,v1:172.21.15.122:6789/0] conn(0x7f475c107e00 0x7f475c19bcf0 unknown :-1 s=CLOSED pgs=60 cs=0 l=1 rev1=1 crypto rx=0 tx=0 comp rx=0 tx=0).stop
2024-03-18T00:21:01.847 INFO:teuthology.orchestra.run.smithi122.stdout:/usr/bin/ceph: stderr
2024-03-18T00:21:00.862+0000 7f476091c700 1 -- 172.21.15.122:0/3439214887 >> 172.21.15.122:0/3439214887 conn(0x7f475c1033c0 msgr2=0x7f475c103eb0 unknown :-1 s=STATE_NONE l=0).mark_down
2024-03-18T00:21:01.847 INFO:teuthology.orchestra.run.smithi122.stdout:/usr/bin/ceph: stderr
2024-03-18T00:21:00.862+0000 7f476091c700 1 -- 172.21.15.122:0/3439214887 shutdown_connections
2024-03-18T00:21:01.847 INFO:teuthology.orchestra.run.smithi122.stdout:/usr/bin/ceph: stderr
2024-03-18T00:21:00.862+0000 7f476091c700 1 -- 172.21.15.122:0/3439214887 wait complete.
2024-03-18T00:21:01.847 INFO:teuthology.orchestra.run.smithi122.stdout:Waiting for the mgr to restart...
2024-03-18T00:21:01.847 INFO:teuthology.orchestra.run.smithi122.stdout:Waiting for mgr epoch 9...
2024-03-18T00:21:02.001 INFO:journalctl@ceph.mgr.x.smithi122.stdout:Mar 18 00:21:01 smithi122 ceph-260ca41e-e4bd-11ee-95c9-87774f69a715-mgr-x[32153]:
2024-03-18T00:21:01.817+0000 7f7b01782200 -1 mgr[py] Module pg_autoscaler has missing NOTIFY_TYPES member
2024-03-18T00:21:02.299 INFO:journalctl@ceph.mgr.x.smithi122.stdout:Mar 18 00:21:02 smithi122 ceph-260ca41e-e4bd-11ee-95c9-87774f69a715-mgr-x[32153]:
2024-03-18T00:21:02.000+0000 7f7b01782200 -1 mgr[py] Module devicehealth has missing NOTIFY_TYPES member
2024-03-18T00:21:03.048 INFO:journalctl@ceph.mgr.x.smithi122.stdout:Mar 18 00:21:02 smithi122 ceph-260ca41e-e4bd-11ee-95c9-87774f69a715-mgr-x[32153]:
2024-03-18T00:21:02.977+0000 7f7b01782200 -1 mgr[py] Module rook has missing NOTIFY_TYPES member
2024-03-18T00:21:03.439 INFO:journalctl@ceph.mgr.x.smithi122.stdout:Mar 18 00:21:03 smithi122 ceph-260ca41e-e4bd-11ee-95c9-87774f69a715-mgr-x[32153]:
2024-03-18T00:21:03.107+0000 7f7b01782200 -1 mgr[py] Module diskprediction_local has missing NOTIFY_TYPES member
2024-03-18T00:21:03.439 INFO:journalctl@ceph.mgr.x.smithi122.stdout:Mar 18 00:21:03 smithi122 ceph-260ca41e-e4bd-11ee-95c9-87774f69a715-mgr-x[32153]:
2024-03-18T00:21:03.438+0000 7f7b01782200 -1 mgr[py] Module selftest has missing NOTIFY_TYPES member
2024-03-18T00:21:03.730 INFO:journalctl@ceph.mgr.x.smithi122.stdout:Mar 18 00:21:03 smithi122 ceph-260ca41e-e4bd-11ee-95c9-87774f69a715-mgr-x[32153]:
2024-03-18T00:21:03.529+0000 7f7b01782200 -1 mgr[py] Module telegraf has missing NOTIFY_TYPES member
2024-03-18T00:21:03.730 INFO:journalctl@ceph.mgr.x.smithi122.stdout:Mar 18 00:21:03 smithi122 ceph-260ca41e-e4bd-11ee-95c9-87774f69a715-mgr-x[32153]:
2024-03-18T00:21:03.729+0000 7f7b01782200 -1 mgr[py] Module test_orchestrator has missing NOTIFY_TYPES member
2024-03-18T00:21:04.048 INFO:journalctl@ceph.mgr.x.smithi122.stdout:Mar 18 00:21:03 smithi122 ceph-260ca41e-e4bd-11ee-95c9-87774f69a715-mgr-x[32153]:
2024-03-18T00:21:03.917+0000 7f7b01782200 -1 mgr[py] Module crash has missing NOTIFY_TYPES member
2024-03-18T00:21:04.474 INFO:journalctl@ceph.mgr.x.smithi122.stdout:Mar 18 00:21:04 smithi122 ceph-260ca41e-e4bd-11ee-95c9-87774f69a715-mgr-x[32153]:
2024-03-18T00:21:04.207+0000 7f7b01782200 -1 mgr[py] Module orchestrator has missing NOTIFY_TYPES member
2024-03-18T00:21:04.474 INFO:journalctl@ceph.mgr.x.smithi122.stdout:Mar 18 00:21:04 smithi122 ceph-260ca41e-e4bd-11ee-95c9-87774f69a715-mgr-x[32153]:
2024-03-18T00:21:04.473+0000 7f7b01782200 -1 mgr[py] Module osd_support has missing NOTIFY_TYPES member
2024-03-18T00:21:04.799 INFO:journalctl@ceph.mgr.x.smithi122.stdout:Mar 18 00:21:04 smithi122 ceph-260ca41e-e4bd-11ee-95c9-87774f69a715-mgr-x[32153]:
2024-03-18T00:21:04.712+0000 7f7b01782200 -1 mgr[py] Module volumes has missing NOTIFY_TYPES member
2024-03-18T00:21:05.798 INFO:journalctl@ceph.mgr.x.smithi122.stdout:Mar 18 00:21:05 smithi122 ceph-260ca41e-e4bd-11ee-95c9-87774f69a715-mgr-x[32153]:
2024-03-18T00:21:05.519+0000 7f7b01782200 -1 mgr[py] Module telemetry has missing NOTIFY_TYPES member
2024-03-18T00:21:06.412 INFO:journalctl@ceph.mgr.x.smithi122.stdout:Mar 18 00:21:06 smithi122 ceph-260ca41e-e4bd-11ee-95c9-87774f69a715-mgr-x[32153]:
2024-03-18T00:21:06.087+0000 7f7b01782200 -1 mgr[py] Module prometheus has missing NOTIFY_TYPES member
2024-03-18T00:21:06.412 INFO:journalctl@ceph.mgr.x.smithi122.stdout:Mar 18 00:21:06 smithi122 ceph-260ca41e-e4bd-11ee-95c9-87774f69a715-mgr-x[32153]:
2024-03-18T00:21:06.187+0000 7f7b01782200 -1 mgr[py] Module status has missing NOTIFY_TYPES member
2024-03-18T00:21:06.412 INFO:journalctl@ceph.mgr.x.smithi122.stdout:Mar 18 00:21:06 smithi122 ceph-260ca41e-e4bd-11ee-95c9-87774f69a715-mgr-x[32153]:
2024-03-18T00:21:06.411+0000 7f7b01782200 -1 mgr[py] Module nfs has missing NOTIFY_TYPES member
2024-03-18T00:21:06.799 INFO:journalctl@ceph.mon.a.smithi122.stdout:Mar 18 00:21:06 smithi122 ceph-mon[31924]: Active manager daemon x restarted
2024-03-18T00:21:06.799 INFO:journalctl@ceph.mon.a.smithi122.stdout:Mar 18 00:21:06 smithi122 ceph-mon[31924]: Activating manager daemon x
2024-03-18T00:21:06.799 INFO:journalctl@ceph.mon.a.smithi122.stdout:Mar 18 00:21:06 smithi122 ceph-mon[31924]: osdmap e3: 0 total, 0 up, 0 in
2024-03-18T00:21:06.799 INFO:journalctl@ceph.mon.a.smithi122.stdout:Mar 18 00:21:06 smithi122 ceph-mon[31924]: mgrmap e10: x(active, starting, since 0.00333637s)
2024-03-18T00:21:06.799 INFO:journalctl@ceph.mon.a.smithi122.stdout:Mar 18 00:21:06 smithi122 ceph-mon[31924]: from='mgr.14152 172.21.15.122:0/421190755' entity='mgr.x' cmd=[{"prefix": "mon metadata", "id": "a"}]: dispatch
2024-03-18T00:21:06.799 INFO:journalctl@ceph.mon.a.smithi122.stdout:Mar 18 00:21:06 smithi122 ceph-mon[31924]: from='mgr.14152 172.21.15.122:0/421190755' entity='mgr.x' cmd=[{"prefix": "mgr metadata", "who": "x", "id": "x"}]: dispatch
2024-03-18T00:21:06.799 INFO:journalctl@ceph.mon.a.smithi122.stdout:Mar 18 00:21:06 smithi122 ceph-mon[31924]: from='mgr.14152 172.21.15.122:0/421190755' entity='mgr.x' cmd=[{"prefix": "mds metadata"}]: dispatch
2024-03-18T00:21:06.799 INFO:journalctl@ceph.mon.a.smithi122.stdout:Mar 18 00:21:06 smithi122 ceph-mon[31924]: from='mgr.14152 172.21.15.122:0/421190755' entity='mgr.x' cmd=[{"prefix": "osd metadata"}]: dispatch
2024-03-18T00:21:06.799 INFO:journalctl@ceph.mon.a.smithi122.stdout:Mar 18 00:21:06 smithi122 ceph-mon[31924]: from='mgr.14152 172.21.15.122:0/421190755' entity='mgr.x' cmd=[{"prefix": "mon metadata"}]: dispatch
2024-03-18T00:21:06.800 INFO:journalctl@ceph.mon.a.smithi122.stdout:Mar 18 00:21:06 smithi122 ceph-mon[31924]: Manager daemon x is now available
2024-03-18T00:21:06.800 INFO:journalctl@ceph.mon.a.smithi122.stdout:Mar 18 00:21:06 smithi122 ceph-mon[31924]: from='mgr.14152 172.21.15.122:0/421190755' entity='mgr.x' cmd=[{"prefix": "config dump", "format": "json"}]: dispatch
2024-03-18T00:21:06.800 INFO:journalctl@ceph.mon.a.smithi122.stdout:Mar 18 00:21:06 smithi122 ceph-mon[31924]: from='mgr.14152 172.21.15.122:0/421190755' entity='mgr.x' cmd=[{"prefix": "config dump", "format": "json"}]: dispatch
2024-03-18T00:21:07.687 INFO:journalctl@ceph.mon.a.smithi122.stdout:Mar 18 00:21:07 smithi122 ceph-mon[31924]: from='mgr.14152 172.21.15.122:0/421190755' entity='mgr.x' cmd=[{"prefix":"config rm","who":"mgr","name":"mgr/rbd_support/x/mirror_snapshot_schedule"}]: dispatch
2024-03-18T00:21:07.687 INFO:journalctl@ceph.mon.a.smithi122.stdout:Mar 18 00:21:07 smithi122 ceph-mon[31924]: from='mgr.14152 172.21.15.122:0/421190755' entity='mgr.x' cmd=[{"prefix":"config rm","who":"mgr","name":"mgr/rbd_support/x/trash_purge_schedule"}]: dispatch
2024-03-18T00:21:07.687 INFO:journalctl@ceph.mon.a.smithi122.stdout:Mar 18 00:21:07 smithi122 ceph-mon[31924]: mgrmap e11: x(active, since 1.00801s)
2024-03-18T00:21:08.296 INFO:teuthology.orchestra.run.smithi122.stdout:/usr/bin/ceph: stdout {
2024-03-18T00:21:08.297 INFO:teuthology.orchestra.run.smithi122.stdout:/usr/bin/ceph: stdout "mgrmap_epoch": 11,
2024-03-18T00:21:08.297 INFO:teuthology.orchestra.run.smithi122.stdout:/usr/bin/ceph: stdout "initialized": true
2024-03-18T00:21:08.297 INFO:teuthology.orchestra.run.smithi122.stdout:/usr/bin/ceph: stdout }
2024-03-18T00:21:08.297 INFO:teuthology.orchestra.run.smithi122.stdout:/usr/bin/ceph: stderr
2024-03-18T00:21:02.557+0000 7fa2c7344700 1 Processor -- start
2024-03-18T00:21:08.297 INFO:teuthology.orchestra.run.smithi122.stdout:/usr/bin/ceph: stderr
2024-03-18T00:21:02.557+0000 7fa2c7344700 1 -- start start
2024-03-18T00:21:08.297 INFO:teuthology.orchestra.run.smithi122.stdout:/usr/bin/ceph: stderr
2024-03-18T00:21:02.557+0000 7fa2c7344700 1 --2- >> [v2:172.21.15.122:3300/0,v1:172.21.15.122:6789/0] conn(0x7fa2c0108840 0x7fa2c010ac30 unknown :-1 s=NONE pgs=0 cs=0 l=0 rev1=0 crypto rx=0 tx=0 comp rx=0 tx=0).connect
2024-03-18T00:21:08.297 INFO:teuthology.orchestra.run.smithi122.stdout:/usr/bin/ceph: stderr
2024-03-18T00:21:02.557+0000 7fa2c7344700 1 -- --> [v2:172.21.15.122:3300/0,v1:172.21.15.122:6789/0] -- mon_getmap magic: 0 -- 0x7fa2c007be30 con 0x7fa2c0108840
2024-03-18T00:21:08.297 INFO:teuthology.orchestra.run.smithi122.stdout:/usr/bin/ceph: stderr
2024-03-18T00:21:02.557+0000 7fa2c50e0700 1 --2- >> [v2:172.21.15.122:3300/0,v1:172.21.15.122:6789/0] conn(0x7fa2c0108840 0x7fa2c010ac30 unknown :-1 s=BANNER_CONNECTING pgs=0 cs=0 l=0 rev1=0 crypto rx=0 tx=0 comp rx=0 tx=0)._handle_peer_banner_payload supported=3 required=0
2024-03-18T00:21:08.297 INFO:teuthology.orchestra.run.smithi122.stdout:/usr/bin/ceph: stderr
2024-03-18T00:21:02.558+0000 7fa2c50e0700 1 --2- >> [v2:172.21.15.122:3300/0,v1:172.21.15.122:6789/0] conn(0x7fa2c0108840 0x7fa2c010ac30 unknown :-1 s=HELLO_CONNECTING pgs=0 cs=0 l=0 rev1=1 crypto rx=0 tx=0 comp rx=0 tx=0).handle_hello peer v2:172.21.15.122:3300/0 says I am v2:172.21.15.122:34412/0 (socket says 172.21.15.122:34412)
2024-03-18T00:21:08.297 INFO:teuthology.orchestra.run.smithi122.stdout:/usr/bin/ceph: stderr
2024-03-18T00:21:02.558+0000 7fa2c50e0700 1 -- 172.21.15.122:0/1711013891 learned_addr learned my addr 172.21.15.122:0/1711013891 (peer_addr_for_me v2:172.21.15.122:0/0)
2024-03-18T00:21:08.297 INFO:teuthology.orchestra.run.smithi122.stdout:/usr/bin/ceph: stderr
2024-03-18T00:21:02.558+0000 7fa2c50e0700 1 -- 172.21.15.122:0/1711013891 --> [v2:172.21.15.122:3300/0,v1:172.21.15.122:6789/0] -- mon_subscribe({config=0+,monmap=0+}) -- 0x7fa2c010b170 con 0x7fa2c0108840
2024-03-18T00:21:08.297 INFO:teuthology.orchestra.run.smithi122.stdout:/usr/bin/ceph: stderr
2024-03-18T00:21:02.558+0000 7fa2c50e0700 1 --2- 172.21.15.122:0/1711013891 >> [v2:172.21.15.122:3300/0,v1:172.21.15.122:6789/0] conn(0x7fa2c0108840 0x7fa2c010ac30 secure :-1 s=READY pgs=61 cs=0 l=1 rev1=1 crypto rx=0x7fa2b00098a0 tx=0x7fa2b0009bb0 comp rx=0 tx=0).ready entity=mon.0 client_cookie=8bdd022285fda72 server_cookie=0 in_seq=0 out_seq=0
2024-03-18T00:21:08.297 INFO:teuthology.orchestra.run.smithi122.stdout:/usr/bin/ceph: stderr
2024-03-18T00:21:02.558+0000 7fa2b7fff700 1 -- 172.21.15.122:0/1711013891 <== mon.0 v2:172.21.15.122:3300/0 1 ==== mon_map magic: 0 ==== 205+0+0 (secure 0 0 0) 0x7fa2b0004160 con 0x7fa2c0108840
2024-03-18T00:21:08.298 INFO:teuthology.orchestra.run.smithi122.stdout:/usr/bin/ceph: stderr
2024-03-18T00:21:02.558+0000 7fa2b7fff700 1 -- 172.21.15.122:0/1711013891 <== mon.0 v2:172.21.15.122:3300/0 2 ==== config(28 keys) ==== 1174+0+0 (secure 0 0 0) 0x7fa2b0004300 con 0x7fa2c0108840
2024-03-18T00:21:08.298 INFO:teuthology.orchestra.run.smithi122.stdout:/usr/bin/ceph: stderr
2024-03-18T00:21:02.558+0000 7fa2b7fff700 1 -- 172.21.15.122:0/1711013891 <== mon.0 v2:172.21.15.122:3300/0 3 ==== mon_map magic: 0 ==== 205+0+0 (secure 0 0 0) 0x7fa2b0011bb0 con 0x7fa2c0108840
2024-03-18T00:21:08.298 INFO:teuthology.orchestra.run.smithi122.stdout:/usr/bin/ceph: stderr
2024-03-18T00:21:02.559+0000 7fa2c7344700 1 -- 172.21.15.122:0/1711013891 >> [v2:172.21.15.122:3300/0,v1:172.21.15.122:6789/0] conn(0x7fa2c0108840 msgr2=0x7fa2c010ac30 secure :-1 s=STATE_CONNECTION_ESTABLISHED l=1).mark_down
2024-03-18T00:21:08.298 INFO:teuthology.orchestra.run.smithi122.stdout:/usr/bin/ceph: stderr
2024-03-18T00:21:02.559+0000 7fa2c7344700 1 --2- 172.21.15.122:0/1711013891 >> [v2:172.21.15.122:3300/0,v1:172.21.15.122:6789/0] conn(0x7fa2c0108840 0x7fa2c010ac30 secure :-1 s=READY pgs=61 cs=0 l=1 rev1=1 crypto rx=0x7fa2b00098a0 tx=0x7fa2b0009bb0 comp rx=0 tx=0).stop
2024-03-18T00:21:08.298 INFO:teuthology.orchestra.run.smithi122.stdout:/usr/bin/ceph: stderr
2024-03-18T00:21:02.559+0000 7fa2c7344700 1 -- 172.21.15.122:0/1711013891 shutdown_connections
2024-03-18T00:21:08.298 INFO:teuthology.orchestra.run.smithi122.stdout:/usr/bin/ceph: stderr
2024-03-18T00:21:02.559+0000 7fa2c7344700 1 --2- 172.21.15.122:0/1711013891 >> [v2:172.21.15.122:3300/0,v1:172.21.15.122:6789/0] conn(0x7fa2c0108840 0x7fa2c010ac30 unknown :-1 s=CLOSED pgs=61 cs=0 l=1 rev1=1 crypto rx=0 tx=0 comp rx=0 tx=0).stop
2024-03-18T00:21:08.298 INFO:teuthology.orchestra.run.smithi122.stdout:/usr/bin/ceph: stderr
2024-03-18T00:21:02.559+0000 7fa2c7344700 1 -- 172.21.15.122:0/1711013891 >> 172.21.15.122:0/1711013891 conn(0x7fa2c01021d0 msgr2=0x7fa2c0104650 unknown :-1 s=STATE_NONE l=0).mark_down
2024-03-18T00:21:08.298 INFO:teuthology.orchestra.run.smithi122.stdout:/usr/bin/ceph: stderr
2024-03-18T00:21:02.559+0000 7fa2c7344700 1 -- 172.21.15.122:0/1711013891 shutdown_connections
2024-03-18T00:21:08.298 INFO:teuthology.orchestra.run.smithi122.stdout:/usr/bin/ceph: stderr
2024-03-18T00:21:02.559+0000 7fa2c7344700 1 -- 172.21.15.122:0/1711013891 wait complete.
2024-03-18T00:21:08.298 INFO:teuthology.orchestra.run.smithi122.stdout:/usr/bin/ceph: stderr
2024-03-18T00:21:02.560+0000 7fa2c7344700 1 Processor -- start
2024-03-18T00:21:08.298 INFO:teuthology.orchestra.run.smithi122.stdout:/usr/bin/ceph: stderr
2024-03-18T00:21:02.560+0000 7fa2c7344700 1 -- start start
2024-03-18T00:21:08.298 INFO:teuthology.orchestra.run.smithi122.stdout:/usr/bin/ceph: stderr
2024-03-18T00:21:02.560+0000 7fa2c7344700 1 --2- >> [v2:172.21.15.122:3300/0,v1:172.21.15.122:6789/0] conn(0x7fa2c0108840 0x7fa2c019bcd0 unknown :-1 s=NONE pgs=0 cs=0 l=1 rev1=0 crypto rx=0 tx=0 comp rx=0 tx=0).connect
2024-03-18T00:21:08.298 INFO:teuthology.orchestra.run.smithi122.stdout:/usr/bin/ceph: stderr
2024-03-18T00:21:02.560+0000 7fa2c7344700 1 -- --> [v2:172.21.15.122:3300/0,v1:172.21.15.122:6789/0] -- mon_getmap magic: 0 -- 0x7fa2c010c1e0 con 0x7fa2c0108840
2024-03-18T00:21:08.299 INFO:teuthology.orchestra.run.smithi122.stdout:/usr/bin/ceph: stderr
2024-03-18T00:21:02.560+0000 7fa2c50e0700 1 --2- >> [v2:172.21.15.122:3300/0,v1:172.21.15.122:6789/0] conn(0x7fa2c0108840 0x7fa2c019bcd0 unknown :-1 s=BANNER_CONNECTING pgs=0 cs=0 l=1 rev1=0 crypto rx=0 tx=0 comp rx=0 tx=0)._handle_peer_banner_payload supported=3 required=0
2024-03-18T00:21:08.299 INFO:teuthology.orchestra.run.smithi122.stdout:/usr/bin/ceph: stderr
2024-03-18T00:21:02.560+0000 7fa2c50e0700 1 --2- >> [v2:172.21.15.122:3300/0,v1:172.21.15.122:6789/0] conn(0x7fa2c0108840 0x7fa2c019bcd0 unknown :-1 s=HELLO_CONNECTING pgs=0 cs=0 l=1 rev1=1 crypto rx=0 tx=0 comp rx=0 tx=0).handle_hello peer v2:172.21.15.122:3300/0 says I am v2:172.21.15.122:34414/0 (socket says 172.21.15.122:34414)
2024-03-18T00:21:08.299 INFO:teuthology.orchestra.run.smithi122.stdout:/usr/bin/ceph: stderr
2024-03-18T00:21:02.560+0000 7fa2c50e0700 1 -- 172.21.15.122:0/118439376 learned_addr learned my addr 172.21.15.122:0/118439376 (peer_addr_for_me v2:172.21.15.122:0/0)
2024-03-18T00:21:08.299 INFO:teuthology.orchestra.run.smithi122.stdout:/usr/bin/ceph: stderr
2024-03-18T00:21:02.560+0000 7fa2c50e0700 1 -- 172.21.15.122:0/118439376 --> [v2:172.21.15.122:3300/0,v1:172.21.15.122:6789/0] -- mon_subscribe({config=0+,monmap=0+}) -- 0x7fa2c019c210 con 0x7fa2c0108840
2024-03-18T00:21:08.299 INFO:teuthology.orchestra.run.smithi122.stdout:/usr/bin/ceph: stderr
2024-03-18T00:21:02.560+0000 7fa2c50e0700 1 --2- 172.21.15.122:0/118439376 >> [v2:172.21.15.122:3300/0,v1:172.21.15.122:6789/0] conn(0x7fa2c0108840 0x7fa2c019bcd0 secure :-1 s=READY pgs=62 cs=0 l=1 rev1=1 crypto rx=0x7fa2b0011870 tx=0x7fa2b0011d70 comp rx=0 tx=0).ready entity=mon.0 client_cookie=0 server_cookie=0 in_seq=0 out_seq=0
2024-03-18T00:21:08.299 INFO:teuthology.orchestra.run.smithi122.stdout:/usr/bin/ceph: stderr
2024-03-18T00:21:02.560+0000 7fa2b67fc700 1 -- 172.21.15.122:0/118439376 <== mon.0 v2:172.21.15.122:3300/0 1 ==== mon_map magic: 0 ==== 205+0+0 (secure 0 0 0) 0x7fa2b0003af0 con 0x7fa2c0108840
2024-03-18T00:21:08.299 INFO:teuthology.orchestra.run.smithi122.stdout:/usr/bin/ceph: stderr
2024-03-18T00:21:02.561+0000 7fa2c7344700 1 -- 172.21.15.122:0/118439376 --> [v2:172.21.15.122:3300/0,v1:172.21.15.122:6789/0] -- mon_subscribe({mgrmap=0+}) -- 0x7fa2c019c4a0 con 0x7fa2c0108840
2024-03-18T00:21:08.299 INFO:teuthology.orchestra.run.smithi122.stdout:/usr/bin/ceph: stderr
2024-03-18T00:21:02.561+0000 7fa2b67fc700 1 -- 172.21.15.122:0/118439376 <== mon.0 v2:172.21.15.122:3300/0 2 ==== config(28 keys) ==== 1174+0+0 (secure 0 0 0) 0x7fa2b0003c90 con 0x7fa2c0108840
2024-03-18T00:21:08.299 INFO:teuthology.orchestra.run.smithi122.stdout:/usr/bin/ceph: stderr
2024-03-18T00:21:02.561+0000 7fa2b67fc700 1 -- 172.21.15.122:0/118439376 <== mon.0 v2:172.21.15.122:3300/0 3 ==== mon_map magic: 0 ==== 205+0+0 (secure 0 0 0) 0x7fa2b0019960 con 0x7fa2c0108840
2024-03-18T00:21:08.299 INFO:teuthology.orchestra.run.smithi122.stdout:/usr/bin/ceph: stderr
2024-03-18T00:21:02.561+0000 7fa2c7344700 1 -- 172.21.15.122:0/118439376 --> [v2:172.21.15.122:3300/0,v1:172.21.15.122:6789/0] -- mon_subscribe({osdmap=0}) -- 0x7fa2c019c900 con 0x7fa2c0108840
2024-03-18T00:21:08.299 INFO:teuthology.orchestra.run.smithi122.stdout:/usr/bin/ceph: stderr
2024-03-18T00:21:02.562+0000 7fa2b67fc700 1 -- 172.21.15.122:0/118439376 <== mon.0 v2:172.21.15.122:3300/0 4 ==== mgrmap(e 9) ==== 46119+0+0 (secure 0 0 0) 0x7fa2b0019c60 con 0x7fa2c0108840
2024-03-18T00:21:08.299 INFO:teuthology.orchestra.run.smithi122.stdout:/usr/bin/ceph: stderr
2024-03-18T00:21:02.562+0000 7fa2b67fc700 1 --2- 172.21.15.122:0/118439376 >> [v2:172.21.15.122:6800/1007285326,v1:172.21.15.122:6801/1007285326] conn(0x7fa2ac038f20 0x7fa2ac03b3e0 unknown :-1 s=NONE pgs=0 cs=0 l=1 rev1=0 crypto rx=0 tx=0 comp rx=0 tx=0).connect
2024-03-18T00:21:08.299 INFO:teuthology.orchestra.run.smithi122.stdout:/usr/bin/ceph: stderr
2024-03-18T00:21:02.562+0000 7fa2b67fc700 1 -- 172.21.15.122:0/118439376 --> [v2:172.21.15.122:6800/1007285326,v1:172.21.15.122:6801/1007285326] -- command(tid 0: {"prefix": "get_command_descriptions"}) -- 0x7fa2ac03baf0 con 0x7fa2ac038f20
2024-03-18T00:21:08.299 INFO:teuthology.orchestra.run.smithi122.stdout:/usr/bin/ceph: stderr
2024-03-18T00:21:02.562+0000 7fa2b67fc700 1 -- 172.21.15.122:0/118439376 <== mon.0 v2:172.21.15.122:3300/0 5 ==== osd_map(2..2 src has 1..2) ==== 940+0+0 (secure 0 0 0) 0x7fa2b004d3f0 con 0x7fa2c0108840
2024-03-18T00:21:08.300 INFO:teuthology.orchestra.run.smithi122.stdout:/usr/bin/ceph: stderr
2024-03-18T00:21:02.562+0000 7fa2c48df700 1 -- 172.21.15.122:0/118439376 >> [v2:172.21.15.122:6800/1007285326,v1:172.21.15.122:6801/1007285326] conn(0x7fa2ac038f20 msgr2=0x7fa2ac03b3e0 unknown :-1 s=STATE_CONNECTING_RE l=1).process reconnect failed to v2:172.21.15.122:6800/1007285326
2024-03-18T00:21:08.300 INFO:teuthology.orchestra.run.smithi122.stdout:/usr/bin/ceph: stderr
2024-03-18T00:21:02.562+0000 7fa2c48df700 1 --2- 172.21.15.122:0/118439376 >> [v2:172.21.15.122:6800/1007285326,v1:172.21.15.122:6801/1007285326] conn(0x7fa2ac038f20 0x7fa2ac03b3e0 unknown :-1 s=START_CONNECT pgs=0 cs=0 l=1 rev1=0 crypto rx=0 tx=0 comp rx=0 tx=0)._fault waiting 0.200000
2024-03-18T00:21:08.300 INFO:teuthology.orchestra.run.smithi122.stdout:/usr/bin/ceph: stderr
2024-03-18T00:21:02.763+0000 7fa2c48df700 1 -- 172.21.15.122:0/118439376 >> [v2:172.21.15.122:6800/1007285326,v1:172.21.15.122:6801/1007285326] conn(0x7fa2ac038f20 msgr2=0x7fa2ac03b3e0 unknown :-1 s=STATE_CONNECTING_RE l=1).process reconnect failed to v2:172.21.15.122:6800/1007285326
2024-03-18T00:21:08.300 INFO:teuthology.orchestra.run.smithi122.stdout:/usr/bin/ceph: stderr
2024-03-18T00:21:02.763+0000 7fa2c48df700 1 --2- 172.21.15.122:0/118439376 >> [v2:172.21.15.122:6800/1007285326,v1:172.21.15.122:6801/1007285326] conn(0x7fa2ac038f20 0x7fa2ac03b3e0 unknown :-1 s=START_CONNECT pgs=0 cs=0 l=1 rev1=0 crypto rx=0 tx=0 comp rx=0 tx=0)._fault waiting 0.400000
2024-03-18T00:21:08.300 INFO:teuthology.orchestra.run.smithi122.stdout:/usr/bin/ceph: stderr
2024-03-18T00:21:03.164+0000 7fa2c48df700 1 -- 172.21.15.122:0/118439376 >> [v2:172.21.15.122:6800/1007285326,v1:172.21.15.122:6801/1007285326] conn(0x7fa2ac038f20 msgr2=0x7fa2ac03b3e0 unknown :-1 s=STATE_CONNECTING_RE l=1).process reconnect failed to v2:172.21.15.122:6800/1007285326
2024-03-18T00:21:08.300 INFO:teuthology.orchestra.run.smithi122.stdout:/usr/bin/ceph: stderr
2024-03-18T00:21:03.164+0000 7fa2c48df700 1 --2- 172.21.15.122:0/118439376 >> [v2:172.21.15.122:6800/1007285326,v1:172.21.15.122:6801/1007285326] conn(0x7fa2ac038f20 0x7fa2ac03b3e0 unknown :-1 s=START_CONNECT pgs=0 cs=0 l=1 rev1=0 crypto rx=0 tx=0 comp rx=0 tx=0)._fault waiting 0.800000
2024-03-18T00:21:08.300 INFO:teuthology.orchestra.run.smithi122.stdout:/usr/bin/ceph: stderr
2024-03-18T00:21:03.965+0000 7fa2c48df700 1 -- 172.21.15.122:0/118439376 >> [v2:172.21.15.122:6800/1007285326,v1:172.21.15.122:6801/1007285326] conn(0x7fa2ac038f20 msgr2=0x7fa2ac03b3e0 unknown :-1 s=STATE_CONNECTING_RE l=1).process reconnect failed to v2:172.21.15.122:6800/1007285326
2024-03-18T00:21:08.300 INFO:teuthology.orchestra.run.smithi122.stdout:/usr/bin/ceph: stderr
2024-03-18T00:21:03.965+0000 7fa2c48df700 1 --2- 172.21.15.122:0/118439376 >> [v2:172.21.15.122:6800/1007285326,v1:172.21.15.122:6801/1007285326] conn(0x7fa2ac038f20 0x7fa2ac03b3e0 unknown :-1 s=START_CONNECT pgs=0 cs=0 l=1 rev1=0 crypto rx=0 tx=0 comp rx=0 tx=0)._fault waiting 1.600000
2024-03-18T00:21:08.300 INFO:teuthology.orchestra.run.smithi122.stdout:/usr/bin/ceph: stderr
2024-03-18T00:21:05.566+0000 7fa2c48df700 1 -- 172.21.15.122:0/118439376 >> [v2:172.21.15.122:6800/1007285326,v1:172.21.15.122:6801/1007285326] conn(0x7fa2ac038f20 msgr2=0x7fa2ac03b3e0 unknown :-1 s=STATE_CONNECTING_RE l=1).process reconnect failed to v2:172.21.15.122:6800/1007285326
2024-03-18T00:21:08.301 INFO:teuthology.orchestra.run.smithi122.stdout:/usr/bin/ceph: stderr
2024-03-18T00:21:05.566+0000 7fa2c48df700 1 --2- 172.21.15.122:0/118439376 >> [v2:172.21.15.122:6800/1007285326,v1:172.21.15.122:6801/1007285326] conn(0x7fa2ac038f20 0x7fa2ac03b3e0 unknown :-1 s=START_CONNECT pgs=0 cs=0 l=1 rev1=0 crypto rx=0 tx=0 comp rx=0 tx=0)._fault waiting 3.200000
2024-03-18T00:21:08.301 INFO:teuthology.orchestra.run.smithi122.stdout:/usr/bin/ceph: stderr
2024-03-18T00:21:06.427+0000 7fa2b67fc700 1 -- 172.21.15.122:0/118439376 <== mon.0 v2:172.21.15.122:3300/0 6 ==== mgrmap(e 10) ==== 45886+0+0 (secure 0 0 0) 0x7fa2b002dce0 con 0x7fa2c0108840
2024-03-18T00:21:08.301 INFO:teuthology.orchestra.run.smithi122.stdout:/usr/bin/ceph: stderr
2024-03-18T00:21:06.427+0000 7fa2b67fc700 1 -- 172.21.15.122:0/118439376 >> [v2:172.21.15.122:6800/1007285326,v1:172.21.15.122:6801/1007285326] conn(0x7fa2ac038f20 msgr2=0x7fa2ac03b3e0 unknown :-1 s=STATE_CONNECTING l=1).mark_down
2024-03-18T00:21:08.301 INFO:teuthology.orchestra.run.smithi122.stdout:/usr/bin/ceph: stderr
2024-03-18T00:21:06.427+0000 7fa2b67fc700 1 --2- 172.21.15.122:0/118439376 >> [v2:172.21.15.122:6800/1007285326,v1:172.21.15.122:6801/1007285326] conn(0x7fa2ac038f20 0x7fa2ac03b3e0 unknown :-1 s=START_CONNECT pgs=0 cs=0 l=1 rev1=0 crypto rx=0 tx=0 comp rx=0 tx=0).stop
2024-03-18T00:21:08.301 INFO:teuthology.orchestra.run.smithi122.stdout:/usr/bin/ceph: stderr
2024-03-18T00:21:07.430+0000 7fa2b67fc700 1 -- 172.21.15.122:0/118439376 <== mon.0 v2:172.21.15.122:3300/0 7 ==== mgrmap(e 11) ==== 46013+0+0 (secure 0 0 0) 0x7fa2b002d440 con 0x7fa2c0108840
2024-03-18T00:21:08.301 INFO:teuthology.orchestra.run.smithi122.stdout:/usr/bin/ceph: stderr
2024-03-18T00:21:07.431+0000 7fa2b67fc700 1 --2- 172.21.15.122:0/118439376 >> [v2:172.21.15.122:6800/2585145258,v1:172.21.15.122:6801/2585145258] conn(0x7fa2ac03cac0 0x7fa2ac03eeb0 unknown :-1 s=NONE pgs=0 cs=0 l=1 rev1=0 crypto rx=0 tx=0 comp rx=0 tx=0).connect
2024-03-18T00:21:08.301 INFO:teuthology.orchestra.run.smithi122.stdout:/usr/bin/ceph: stderr
2024-03-18T00:21:07.431+0000 7fa2b67fc700 1 -- 172.21.15.122:0/118439376 --> [v2:172.21.15.122:6800/2585145258,v1:172.21.15.122:6801/2585145258] -- command(tid 0: {"prefix": "get_command_descriptions"}) -- 0x7fa2b0008ea0 con 0x7fa2ac03cac0
2024-03-18T00:21:08.301 INFO:teuthology.orchestra.run.smithi122.stdout:/usr/bin/ceph: stderr
2024-03-18T00:21:07.431+0000 7fa2c48df700 1 --2- 172.21.15.122:0/118439376 >> [v2:172.21.15.122:6800/2585145258,v1:172.21.15.122:6801/2585145258] conn(0x7fa2ac03cac0 0x7fa2ac03eeb0 unknown :-1 s=BANNER_CONNECTING pgs=0 cs=0 l=1 rev1=0 crypto rx=0 tx=0 comp rx=0 tx=0)._handle_peer_banner_payload supported=3 required=0
2024-03-18T00:21:08.301 INFO:teuthology.orchestra.run.smithi122.stdout:/usr/bin/ceph: stderr
2024-03-18T00:21:07.432+0000 7fa2c48df700 1 --2- 172.21.15.122:0/118439376 >> [v2:172.21.15.122:6800/2585145258,v1:172.21.15.122:6801/2585145258] conn(0x7fa2ac03cac0 0x7fa2ac03eeb0 secure :-1 s=READY pgs=4 cs=0 l=1 rev1=1 crypto rx=0x7fa2bc003a10 tx=0x7fa2bc0092b0 comp rx=0 tx=0).ready entity=mgr.14152 client_cookie=0 server_cookie=0 in_seq=0 out_seq=0
2024-03-18T00:21:08.301 INFO:teuthology.orchestra.run.smithi122.stdout:/usr/bin/ceph: stderr
2024-03-18T00:21:07.432+0000 7fa2b67fc700 1 -- 172.21.15.122:0/118439376 <== mgr.14152 v2:172.21.15.122:6800/2585145258 1 ==== command_reply(tid 0: 0 ) ==== 8+0+7774 (secure 0 0 0) 0x7fa2b0008ea0 con 0x7fa2ac03cac0
2024-03-18T00:21:08.301 INFO:teuthology.orchestra.run.smithi122.stdout:/usr/bin/ceph: stderr
2024-03-18T00:21:07.439+0000 7fa2c7344700 1 -- 172.21.15.122:0/118439376 --> [v2:172.21.15.122:6800/2585145258,v1:172.21.15.122:6801/2585145258] -- command(tid 1: {"prefix": "mgr_status"}) -- 0x7fa2c0063900 con 0x7fa2ac03cac0
2024-03-18T00:21:08.301 INFO:teuthology.orchestra.run.smithi122.stdout:/usr/bin/ceph: stderr
2024-03-18T00:21:07.439+0000 7fa2b67fc700 1 -- 172.21.15.122:0/118439376 <== mgr.14152 v2:172.21.15.122:6800/2585145258 2 ==== command_reply(tid 1: 0 ) ==== 8+0+52 (secure 0 0 0) 0x7fa2c0063900 con 0x7fa2ac03cac0
2024-03-18T00:21:08.301 INFO:teuthology.orchestra.run.smithi122.stdout:/usr/bin/ceph: stderr
2024-03-18T00:21:07.439+0000 7fa2c7344700 1 -- 172.21.15.122:0/118439376 >> [v2:172.21.15.122:6800/2585145258,v1:172.21.15.122:6801/2585145258] conn(0x7fa2ac03cac0 msgr2=0x7fa2ac03eeb0 secure :-1 s=STATE_CONNECTION_ESTABLISHED l=1).mark_down
2024-03-18T00:21:08.301 INFO:teuthology.orchestra.run.smithi122.stdout:/usr/bin/ceph: stderr
2024-03-18T00:21:07.439+0000 7fa2c7344700 1 --2- 172.21.15.122:0/118439376 >> [v2:172.21.15.122:6800/2585145258,v1:172.21.15.122:6801/2585145258] conn(0x7fa2ac03cac0 0x7fa2ac03eeb0 secure :-1 s=READY pgs=4 cs=0 l=1 rev1=1 crypto rx=0x7fa2bc003a10 tx=0x7fa2bc0092b0 comp rx=0 tx=0).stop
2024-03-18T00:21:08.301 INFO:teuthology.orchestra.run.smithi122.stdout:/usr/bin/ceph: stderr
2024-03-18T00:21:07.439+0000 7fa2c7344700 1 -- 172.21.15.122:0/118439376 >> [v2:172.21.15.122:3300/0,v1:172.21.15.122:6789/0] conn(0x7fa2c0108840 msgr2=0x7fa2c019bcd0 secure :-1 s=STATE_CONNECTION_ESTABLISHED l=1).mark_down
2024-03-18T00:21:08.302 INFO:teuthology.orchestra.run.smithi122.stdout:/usr/bin/ceph: stderr
2024-03-18T00:21:07.439+0000 7fa2c7344700 1 --2- 172.21.15.122:0/118439376 >> [v2:172.21.15.122:3300/0,v1:172.21.15.122:6789/0] conn(0x7fa2c0108840 0x7fa2c019bcd0 secure :-1 s=READY pgs=62 cs=0 l=1 rev1=1 crypto rx=0x7fa2b0011870 tx=0x7fa2b0011d70 comp rx=0 tx=0).stop
2024-03-18T00:21:08.302 INFO:teuthology.orchestra.run.smithi122.stdout:/usr/bin/ceph: stderr
2024-03-18T00:21:07.439+0000 7fa2c7344700 1 -- 172.21.15.122:0/118439376 shutdown_connections
2024-03-18T00:21:08.302 INFO:teuthology.orchestra.run.smithi122.stdout:/usr/bin/ceph: stderr
2024-03-18T00:21:07.439+0000 7fa2c7344700 1 --2- 172.21.15.122:0/118439376 >> [v2:172.21.15.122:3300/0,v1:172.21.15.122:6789/0] conn(0x7fa2c0108840 0x7fa2c019bcd0 unknown :-1 s=CLOSED pgs=62 cs=0 l=1 rev1=1 crypto rx=0 tx=0 comp rx=0 tx=0).stop
2024-03-18T00:21:08.302 INFO:teuthology.orchestra.run.smithi122.stdout:/usr/bin/ceph: stderr
2024-03-18T00:21:07.439+0000 7fa2c7344700 1 --2- 172.21.15.122:0/118439376 >> [v2:172.21.15.122:6800/2585145258,v1:172.21.15.122:6801/2585145258] conn(0x7fa2ac03cac0 0x7fa2ac03eeb0 unknown :-1 s=CLOSED pgs=4 cs=0 l=1 rev1=1 crypto rx=0 tx=0 comp rx=0 tx=0).stop
2024-03-18T00:21:08.302 INFO:teuthology.orchestra.run.smithi122.stdout:/usr/bin/ceph: stderr
2024-03-18T00:21:07.439+0000 7fa2c7344700 1 --2- 172.21.15.122:0/118439376 >> [v2:172.21.15.122:6800/1007285326,v1:172.21.15.122:6801/1007285326] conn(0x7fa2ac038f20 0x7fa2ac03b3e0 unknown :-1 s=CLOSED pgs=0 cs=0 l=1 rev1=0 crypto rx=0 tx=0 comp rx=0 tx=0).stop
2024-03-18T00:21:08.302 INFO:teuthology.orchestra.run.smithi122.stdout:/usr/bin/ceph: stderr
2024-03-18T00:21:07.439+0000 7fa2c7344700 1 -- 172.21.15.122:0/118439376 >> 172.21.15.122:0/118439376 conn(0x7fa2c01021d0 msgr2=0x7fa2c0102ce0 unknown :-1 s=STATE_NONE l=0).mark_down
2024-03-18T00:21:08.302 INFO:teuthology.orchestra.run.smithi122.stdout:/usr/bin/ceph: stderr
2024-03-18T00:21:07.439+0000 7fa2c7344700 1 -- 172.21.15.122:0/118439376 shutdown_connections
2024-03-18T00:21:08.302 INFO:teuthology.orchestra.run.smithi122.stdout:/usr/bin/ceph: stderr
2024-03-18T00:21:07.439+0000 7fa2c7344700 1 -- 172.21.15.122:0/118439376 wait complete.
2024-03-18T00:21:08.302 INFO:teuthology.orchestra.run.smithi122.stdout:mgr epoch 9 is available
2024-03-18T00:21:08.302 INFO:teuthology.orchestra.run.smithi122.stdout:Generating a dashboard self-signed certificate...
2024-03-18T00:21:08.698 INFO:journalctl@ceph.mon.a.smithi122.stdout:Mar 18 00:21:08 smithi122 ceph-mon[31924]: [18/Mar/2024:00:21:07] ENGINE Bus STARTING
