2024-03-18T00:20:46.631 INFO:teuthology.orchestra.run.smithi122.stdout:/usr/bin/ceph: stderr
2024-03-18T00:20:46.027+0000 7fd1d5f92700 1 --2- 172.21.15.122:0/1574419894 >> [v2:172.21.15.122:3300/0,v1:172.21.15.122:6789/0] conn(0x7fd1d007de50 0x7fd1d019df20 secure :-1 s=READY pgs=44 cs=0 l=1 rev1=1 crypto rx=0x7fd1c0003fb0 tx=0x7fd1c0011bd0 comp rx=0 tx=0).stop
2024-03-18T00:20:46.631 INFO:teuthology.orchestra.run.smithi122.stdout:/usr/bin/ceph: stderr
2024-03-18T00:20:46.027+0000 7fd1d5f92700 1 -- 172.21.15.122:0/1574419894 shutdown_connections
2024-03-18T00:20:46.631 INFO:teuthology.orchestra.run.smithi122.stdout:/usr/bin/ceph: stderr
2024-03-18T00:20:46.027+0000 7fd1d5f92700 1 --2- 172.21.15.122:0/1574419894 >> [v2:172.21.15.122:6800/1007285326,v1:172.21.15.122:6801/1007285326] conn(0x7fd1b8038ed0 0x7fd1b803b390 unknown :-1 s=CLOSED pgs=10 cs=0 l=1 rev1=1 crypto rx=0 tx=0 comp rx=0 tx=0).stop
2024-03-18T00:20:46.631 INFO:teuthology.orchestra.run.smithi122.stdout:/usr/bin/ceph: stderr
2024-03-18T00:20:46.027+0000 7fd1d5f92700 1 --2- 172.21.15.122:0/1574419894 >> [v2:172.21.15.122:3300/0,v1:172.21.15.122:6789/0] conn(0x7fd1d007de50 0x7fd1d019df20 unknown :-1 s=CLOSED pgs=44 cs=0 l=1 rev1=1 crypto rx=0 tx=0 comp rx=0 tx=0).stop
2024-03-18T00:20:46.631 INFO:teuthology.orchestra.run.smithi122.stdout:/usr/bin/ceph: stderr
2024-03-18T00:20:46.027+0000 7fd1d5f92700 1 -- 172.21.15.122:0/1574419894 >> 172.21.15.122:0/1574419894 conn(0x7fd1d0103360 msgr2=0x7fd1d0103e50 unknown :-1 s=STATE_NONE l=0).mark_down
2024-03-18T00:20:46.631 INFO:teuthology.orchestra.run.smithi122.stdout:/usr/bin/ceph: stderr
2024-03-18T00:20:46.028+0000 7fd1d5f92700 1 -- 172.21.15.122:0/1574419894 shutdown_connections
2024-03-18T00:20:46.631 INFO:teuthology.orchestra.run.smithi122.stdout:/usr/bin/ceph: stderr
2024-03-18T00:20:46.028+0000 7fd1d5f92700 1 -- 172.21.15.122:0/1574419894 wait complete.
2024-03-18T00:20:46.632 INFO:teuthology.orchestra.run.smithi122.stdout:Wrote public SSH key to /home/ubuntu/cephtest/ceph.pub
2024-03-18T00:20:46.632 INFO:teuthology.orchestra.run.smithi122.stdout:Adding key to root@localhost authorized_keys...
2024-03-18T00:20:46.632 INFO:teuthology.orchestra.run.smithi122.stdout:Adding host smithi122...
2024-03-18T00:20:47.285 INFO:journalctl@ceph.mon.a.smithi122.stdout:Mar 18 00:20:47 smithi122 ceph-mon[31924]: from='client.14138 -' entity='client.admin' cmd=[{"prefix": "cephadm get-pub-key", "target": ["mon-mgr", ""]}]: dispatch
2024-03-18T00:20:48.549 INFO:journalctl@ceph.mon.a.smithi122.stdout:Mar 18 00:20:48 smithi122 ceph-mon[31924]: from='client.14140 -' entity='client.admin' cmd=[{"prefix": "orch host add", "hostname": "smithi122", "addr": "172.21.15.122", "target": ["mon-mgr", ""]}]: dispatch
2024-03-18T00:20:49.548 INFO:journalctl@ceph.mon.a.smithi122.stdout:Mar 18 00:20:49 smithi122 ceph-mon[31924]: Deploying cephadm binary to smithi122
2024-03-18T00:20:52.003 INFO:teuthology.orchestra.run.smithi122.stdout:/usr/bin/ceph: stdout Added host 'smithi122' with addr '172.21.15.122'
2024-03-18T00:20:52.003 INFO:teuthology.orchestra.run.smithi122.stdout:/usr/bin/ceph: stderr
2024-03-18T00:20:47.007+0000 7fd6c779f700 1 Processor -- start
2024-03-18T00:20:52.003 INFO:teuthology.orchestra.run.smithi122.stdout:/usr/bin/ceph: stderr
2024-03-18T00:20:47.008+0000 7fd6c779f700 1 -- start start
2024-03-18T00:20:52.003 INFO:teuthology.orchestra.run.smithi122.stdout:/usr/bin/ceph: stderr
2024-03-18T00:20:47.008+0000 7fd6c779f700 1 --2- >> [v2:172.21.15.122:3300/0,v1:172.21.15.122:6789/0] conn(0x7fd6c0108850 0x7fd6c010ac40 unknown :-1 s=NONE pgs=0 cs=0 l=0 rev1=0 crypto rx=0 tx=0 comp rx=0 tx=0).connect
2024-03-18T00:20:52.003 INFO:teuthology.orchestra.run.smithi122.stdout:/usr/bin/ceph: stderr
2024-03-18T00:20:47.008+0000 7fd6c779f700 1 -- --> [v2:172.21.15.122:3300/0,v1:172.21.15.122:6789/0] -- mon_getmap magic: 0 -- 0x7fd6c007be50 con 0x7fd6c0108850
2024-03-18T00:20:52.003 INFO:teuthology.orchestra.run.smithi122.stdout:/usr/bin/ceph: stderr
2024-03-18T00:20:47.008+0000 7fd6c553b700 1 --2- >> [v2:172.21.15.122:3300/0,v1:172.21.15.122:6789/0] conn(0x7fd6c0108850 0x7fd6c010ac40 unknown :-1 s=BANNER_CONNECTING pgs=0 cs=0 l=0 rev1=0 crypto rx=0 tx=0 comp rx=0 tx=0)._handle_peer_banner_payload supported=3 required=0
2024-03-18T00:20:52.004 INFO:teuthology.orchestra.run.smithi122.stdout:/usr/bin/ceph: stderr
2024-03-18T00:20:47.008+0000 7fd6c553b700 1 --2- >> [v2:172.21.15.122:3300/0,v1:172.21.15.122:6789/0] conn(0x7fd6c0108850 0x7fd6c010ac40 unknown :-1 s=HELLO_CONNECTING pgs=0 cs=0 l=0 rev1=1 crypto rx=0 tx=0 comp rx=0 tx=0).handle_hello peer v2:172.21.15.122:3300/0 says I am v2:172.21.15.122:39586/0 (socket says 172.21.15.122:39586)
2024-03-18T00:20:52.004 INFO:teuthology.orchestra.run.smithi122.stdout:/usr/bin/ceph: stderr
2024-03-18T00:20:47.008+0000 7fd6c553b700 1 -- 172.21.15.122:0/1411256394 learned_addr learned my addr 172.21.15.122:0/1411256394 (peer_addr_for_me v2:172.21.15.122:0/0)
2024-03-18T00:20:52.004 INFO:teuthology.orchestra.run.smithi122.stdout:/usr/bin/ceph: stderr
2024-03-18T00:20:47.008+0000 7fd6c553b700 1 -- 172.21.15.122:0/1411256394 --> [v2:172.21.15.122:3300/0,v1:172.21.15.122:6789/0] -- mon_subscribe({config=0+,monmap=0+}) -- 0x7fd6c010b180 con 0x7fd6c0108850
2024-03-18T00:20:52.004 INFO:teuthology.orchestra.run.smithi122.stdout:/usr/bin/ceph: stderr
2024-03-18T00:20:47.008+0000 7fd6c553b700 1 --2- 172.21.15.122:0/1411256394 >> [v2:172.21.15.122:3300/0,v1:172.21.15.122:6789/0] conn(0x7fd6c0108850 0x7fd6c010ac40 secure :-1 s=READY pgs=45 cs=0 l=1 rev1=1 crypto rx=0x7fd6b00098a0 tx=0x7fd6b0009bb0 comp rx=0 tx=0).ready entity=mon.0 client_cookie=81ea8ed114e48c38 server_cookie=0 in_seq=0 out_seq=0
2024-03-18T00:20:52.004 INFO:teuthology.orchestra.run.smithi122.stdout:/usr/bin/ceph: stderr
2024-03-18T00:20:47.009+0000 7fd6b7fff700 1 -- 172.21.15.122:0/1411256394 <== mon.0 v2:172.21.15.122:3300/0 1 ==== mon_map magic: 0 ==== 205+0+0 (secure 0 0 0) 0x7fd6b0004160 con 0x7fd6c0108850
2024-03-18T00:20:52.004 INFO:teuthology.orchestra.run.smithi122.stdout:/usr/bin/ceph: stderr
2024-03-18T00:20:47.009+0000 7fd6b7fff700 1 -- 172.21.15.122:0/1411256394 <== mon.0 v2:172.21.15.122:3300/0 2 ==== config(28 keys) ==== 1143+0+0 (secure 0 0 0) 0x7fd6b0004300 con 0x7fd6c0108850
2024-03-18T00:20:52.005 INFO:teuthology.orchestra.run.smithi122.stdout:/usr/bin/ceph: stderr
2024-03-18T00:20:47.009+0000 7fd6b7fff700 1 -- 172.21.15.122:0/1411256394 <== mon.0 v2:172.21.15.122:3300/0 3 ==== mon_map magic: 0 ==== 205+0+0 (secure 0 0 0) 0x7fd6b0011c00 con 0x7fd6c0108850
2024-03-18T00:20:52.005 INFO:teuthology.orchestra.run.smithi122.stdout:/usr/bin/ceph: stderr
2024-03-18T00:20:47.009+0000 7fd6c779f700 1 -- 172.21.15.122:0/1411256394 >> [v2:172.21.15.122:3300/0,v1:172.21.15.122:6789/0] conn(0x7fd6c0108850 msgr2=0x7fd6c010ac40 secure :-1 s=STATE_CONNECTION_ESTABLISHED l=1).mark_down
2024-03-18T00:20:52.005 INFO:teuthology.orchestra.run.smithi122.stdout:/usr/bin/ceph: stderr
2024-03-18T00:20:47.009+0000 7fd6c779f700 1 --2- 172.21.15.122:0/1411256394 >> [v2:172.21.15.122:3300/0,v1:172.21.15.122:6789/0] conn(0x7fd6c0108850 0x7fd6c010ac40 secure :-1 s=READY pgs=45 cs=0 l=1 rev1=1 crypto rx=0x7fd6b00098a0 tx=0x7fd6b0009bb0 comp rx=0 tx=0).stop
2024-03-18T00:20:52.005 INFO:teuthology.orchestra.run.smithi122.stdout:/usr/bin/ceph: stderr
2024-03-18T00:20:47.009+0000 7fd6c779f700 1 -- 172.21.15.122:0/1411256394 shutdown_connections
2024-03-18T00:20:52.005 INFO:teuthology.orchestra.run.smithi122.stdout:/usr/bin/ceph: stderr
2024-03-18T00:20:47.009+0000 7fd6c779f700 1 --2- 172.21.15.122:0/1411256394 >> [v2:172.21.15.122:3300/0,v1:172.21.15.122:6789/0] conn(0x7fd6c0108850 0x7fd6c010ac40 unknown :-1 s=CLOSED pgs=45 cs=0 l=1 rev1=1 crypto rx=0 tx=0 comp rx=0 tx=0).stop
2024-03-18T00:20:52.005 INFO:teuthology.orchestra.run.smithi122.stdout:/usr/bin/ceph: stderr
2024-03-18T00:20:47.009+0000 7fd6c779f700 1 -- 172.21.15.122:0/1411256394 >> 172.21.15.122:0/1411256394 conn(0x7fd6c0102220 msgr2=0x7fd6c0104680 unknown :-1 s=STATE_NONE l=0).mark_down
2024-03-18T00:20:52.005 INFO:teuthology.orchestra.run.smithi122.stdout:/usr/bin/ceph: stderr
2024-03-18T00:20:47.009+0000 7fd6c779f700 1 -- 172.21.15.122:0/1411256394 shutdown_connections
2024-03-18T00:20:52.005 INFO:teuthology.orchestra.run.smithi122.stdout:/usr/bin/ceph: stderr
2024-03-18T00:20:47.010+0000 7fd6c779f700 1 -- 172.21.15.122:0/1411256394 wait complete.
2024-03-18T00:20:52.005 INFO:teuthology.orchestra.run.smithi122.stdout:/usr/bin/ceph: stderr
2024-03-18T00:20:47.010+0000 7fd6c779f700 1 Processor -- start
2024-03-18T00:20:52.005 INFO:teuthology.orchestra.run.smithi122.stdout:/usr/bin/ceph: stderr
2024-03-18T00:20:47.010+0000 7fd6c779f700 1 -- start start
2024-03-18T00:20:52.005 INFO:teuthology.orchestra.run.smithi122.stdout:/usr/bin/ceph: stderr
2024-03-18T00:20:47.010+0000 7fd6c779f700 1 --2- >> [v2:172.21.15.122:3300/0,v1:172.21.15.122:6789/0] conn(0x7fd6c0108850 0x7fd6c019bd10 unknown :-1 s=NONE pgs=0 cs=0 l=1 rev1=0 crypto rx=0 tx=0 comp rx=0 tx=0).connect
2024-03-18T00:20:52.005 INFO:teuthology.orchestra.run.smithi122.stdout:/usr/bin/ceph: stderr
2024-03-18T00:20:47.010+0000 7fd6c779f700 1 -- --> [v2:172.21.15.122:3300/0,v1:172.21.15.122:6789/0] -- mon_getmap magic: 0 -- 0x7fd6c010c190 con 0x7fd6c0108850
2024-03-18T00:20:52.005 INFO:teuthology.orchestra.run.smithi122.stdout:/usr/bin/ceph: stderr
2024-03-18T00:20:47.010+0000 7fd6c553b700 1 --2- >> [v2:172.21.15.122:3300/0,v1:172.21.15.122:6789/0] conn(0x7fd6c0108850 0x7fd6c019bd10 unknown :-1 s=BANNER_CONNECTING pgs=0 cs=0 l=1 rev1=0 crypto rx=0 tx=0 comp rx=0 tx=0)._handle_peer_banner_payload supported=3 required=0
2024-03-18T00:20:52.005 INFO:teuthology.orchestra.run.smithi122.stdout:/usr/bin/ceph: stderr
2024-03-18T00:20:47.010+0000 7fd6c553b700 1 --2- >> [v2:172.21.15.122:3300/0,v1:172.21.15.122:6789/0] conn(0x7fd6c0108850 0x7fd6c019bd10 unknown :-1 s=HELLO_CONNECTING pgs=0 cs=0 l=1 rev1=1 crypto rx=0 tx=0 comp rx=0 tx=0).handle_hello peer v2:172.21.15.122:3300/0 says I am v2:172.21.15.122:39592/0 (socket says 172.21.15.122:39592)
2024-03-18T00:20:52.006 INFO:teuthology.orchestra.run.smithi122.stdout:/usr/bin/ceph: stderr
2024-03-18T00:20:47.010+0000 7fd6c553b700 1 -- 172.21.15.122:0/3671544741 learned_addr learned my addr 172.21.15.122:0/3671544741 (peer_addr_for_me v2:172.21.15.122:0/0)
2024-03-18T00:20:52.006 INFO:teuthology.orchestra.run.smithi122.stdout:/usr/bin/ceph: stderr
2024-03-18T00:20:47.010+0000 7fd6c553b700 1 -- 172.21.15.122:0/3671544741 --> [v2:172.21.15.122:3300/0,v1:172.21.15.122:6789/0] -- mon_subscribe({config=0+,monmap=0+}) -- 0x7fd6c019c250 con 0x7fd6c0108850
2024-03-18T00:20:52.006 INFO:teuthology.orchestra.run.smithi122.stdout:/usr/bin/ceph: stderr
2024-03-18T00:20:47.011+0000 7fd6c553b700 1 --2- 172.21.15.122:0/3671544741 >> [v2:172.21.15.122:3300/0,v1:172.21.15.122:6789/0] conn(0x7fd6c0108850 0x7fd6c019bd10 secure :-1 s=READY pgs=46 cs=0 l=1 rev1=1 crypto rx=0x7fd6b0003fb0 tx=0x7fd6b0011bd0 comp rx=0 tx=0).ready entity=mon.0 client_cookie=0 server_cookie=0 in_seq=0 out_seq=0
2024-03-18T00:20:52.006 INFO:teuthology.orchestra.run.smithi122.stdout:/usr/bin/ceph: stderr
2024-03-18T00:20:47.011+0000 7fd6b67fc700 1 -- 172.21.15.122:0/3671544741 <== mon.0 v2:172.21.15.122:3300/0 1 ==== mon_map magic: 0 ==== 205+0+0 (secure 0 0 0) 0x7fd6b00039c0 con 0x7fd6c0108850
2024-03-18T00:20:52.006 INFO:teuthology.orchestra.run.smithi122.stdout:/usr/bin/ceph: stderr
2024-03-18T00:20:47.011+0000 7fd6b67fc700 1 -- 172.21.15.122:0/3671544741 <== mon.0 v2:172.21.15.122:3300/0 2 ==== config(28 keys) ==== 1143+0+0 (secure 0 0 0) 0x7fd6b0003b60 con 0x7fd6c0108850
2024-03-18T00:20:52.006 INFO:teuthology.orchestra.run.smithi122.stdout:/usr/bin/ceph: stderr
2024-03-18T00:20:47.011+0000 7fd6c779f700 1 -- 172.21.15.122:0/3671544741 --> [v2:172.21.15.122:3300/0,v1:172.21.15.122:6789/0] -- mon_subscribe({mgrmap=0+}) -- 0x7fd6c019c4e0 con 0x7fd6c0108850
2024-03-18T00:20:52.006 INFO:teuthology.orchestra.run.smithi122.stdout:/usr/bin/ceph: stderr
2024-03-18T00:20:47.011+0000 7fd6b67fc700 1 -- 172.21.15.122:0/3671544741 <== mon.0 v2:172.21.15.122:3300/0 3 ==== mon_map magic: 0 ==== 205+0+0 (secure 0 0 0) 0x7fd6b001a6b0 con 0x7fd6c0108850
2024-03-18T00:20:52.006 INFO:teuthology.orchestra.run.smithi122.stdout:/usr/bin/ceph: stderr
2024-03-18T00:20:47.011+0000 7fd6c779f700 1 -- 172.21.15.122:0/3671544741 --> [v2:172.21.15.122:3300/0,v1:172.21.15.122:6789/0] -- mon_subscribe({osdmap=0}) -- 0x7fd6c019f1c0 con 0x7fd6c0108850
2024-03-18T00:20:52.006 INFO:teuthology.orchestra.run.smithi122.stdout:/usr/bin/ceph: stderr
2024-03-18T00:20:47.012+0000 7fd6b67fc700 1 -- 172.21.15.122:0/3671544741 <== mon.0 v2:172.21.15.122:3300/0 4 ==== mgrmap(e 8) ==== 46106+0+0 (secure 0 0 0) 0x7fd6b0024430 con 0x7fd6c0108850
2024-03-18T00:20:52.006 INFO:teuthology.orchestra.run.smithi122.stdout:/usr/bin/ceph: stderr
2024-03-18T00:20:47.012+0000 7fd6c779f700 1 -- 172.21.15.122:0/3671544741 --> [v2:172.21.15.122:3300/0,v1:172.21.15.122:6789/0] -- mon_command({"prefix": "get_command_descriptions"} v 0) -- 0x7fd6c0063900 con 0x7fd6c0108850
2024-03-18T00:20:52.006 INFO:teuthology.orchestra.run.smithi122.stdout:/usr/bin/ceph: stderr
2024-03-18T00:20:47.012+0000 7fd6b67fc700 1 --2- 172.21.15.122:0/3671544741 >> [v2:172.21.15.122:6800/1007285326,v1:172.21.15.122:6801/1007285326] conn(0x7fd6ac038ed0 0x7fd6ac03b390 unknown :-1 s=NONE pgs=0 cs=0 l=1 rev1=0 crypto rx=0 tx=0 comp rx=0 tx=0).connect
2024-03-18T00:20:52.006 INFO:teuthology.orchestra.run.smithi122.stdout:/usr/bin/ceph: stderr
2024-03-18T00:20:47.012+0000 7fd6b67fc700 1 -- 172.21.15.122:0/3671544741 <== mon.0 v2:172.21.15.122:3300/0 5 ==== osd_map(2..2 src has 1..2) ==== 940+0+0 (secure 0 0 0) 0x7fd6b004d220 con 0x7fd6c0108850
2024-03-18T00:20:52.006 INFO:teuthology.orchestra.run.smithi122.stdout:/usr/bin/ceph: stderr
2024-03-18T00:20:47.012+0000 7fd6c4d3a700 1 --2- 172.21.15.122:0/3671544741 >> [v2:172.21.15.122:6800/1007285326,v1:172.21.15.122:6801/1007285326] conn(0x7fd6ac038ed0 0x7fd6ac03b390 unknown :-1 s=BANNER_CONNECTING pgs=0 cs=0 l=1 rev1=0 crypto rx=0 tx=0 comp rx=0 tx=0)._handle_peer_banner_payload supported=3 required=0
2024-03-18T00:20:52.007 INFO:teuthology.orchestra.run.smithi122.stdout:/usr/bin/ceph: stderr
2024-03-18T00:20:47.012+0000 7fd6c4d3a700 1 --2- 172.21.15.122:0/3671544741 >> [v2:172.21.15.122:6800/1007285326,v1:172.21.15.122:6801/1007285326] conn(0x7fd6ac038ed0 0x7fd6ac03b390 secure :-1 s=READY pgs=11 cs=0 l=1 rev1=1 crypto rx=0x7fd6bc006fd0 tx=0x7fd6bc006e40 comp rx=0 tx=0).ready entity=mgr.14120 client_cookie=0 server_cookie=0 in_seq=0 out_seq=0
2024-03-18T00:20:52.007 INFO:teuthology.orchestra.run.smithi122.stdout:/usr/bin/ceph: stderr
2024-03-18T00:20:47.017+0000 7fd6b67fc700 1 -- 172.21.15.122:0/3671544741 <== mon.0 v2:172.21.15.122:3300/0 6 ==== mon_command_ack([{"prefix": "get_command_descriptions"}]=0 v0) ==== 72+0+186149 (secure 0 0 0) 0x7fd6b0003d10 con 0x7fd6c0108850
2024-03-18T00:20:52.007 INFO:teuthology.orchestra.run.smithi122.stdout:/usr/bin/ceph: stderr
2024-03-18T00:20:47.215+0000 7fd6c779f700 1 -- 172.21.15.122:0/3671544741 --> [v2:172.21.15.122:6800/1007285326,v1:172.21.15.122:6801/1007285326] -- mgr_command(tid 0: {"prefix": "orch host add", "hostname": "smithi122", "addr": "172.21.15.122", "target": ["mon-mgr", ""]}) -- 0x7fd6c0103410 con 0x7fd6ac038ed0
2024-03-18T00:20:52.007 INFO:teuthology.orchestra.run.smithi122.stdout:/usr/bin/ceph: stderr
2024-03-18T00:20:51.422+0000 7fd6b67fc700 1 -- 172.21.15.122:0/3671544741 <== mgr.14120 v2:172.21.15.122:6800/1007285326 1 ==== mgr_command_reply(tid 0: 0 ) ==== 8+0+49 (secure 0 0 0) 0x7fd6c0103410 con 0x7fd6ac038ed0
2024-03-18T00:20:52.007 INFO:teuthology.orchestra.run.smithi122.stdout:/usr/bin/ceph: stderr
2024-03-18T00:20:51.425+0000 7fd6c779f700 1 -- 172.21.15.122:0/3671544741 >> [v2:172.21.15.122:6800/1007285326,v1:172.21.15.122:6801/1007285326] conn(0x7fd6ac038ed0 msgr2=0x7fd6ac03b390 secure :-1 s=STATE_CONNECTION_ESTABLISHED l=1).mark_down
2024-03-18T00:20:52.007 INFO:teuthology.orchestra.run.smithi122.stdout:/usr/bin/ceph: stderr
2024-03-18T00:20:51.425+0000 7fd6c779f700 1 --2- 172.21.15.122:0/3671544741 >> [v2:172.21.15.122:6800/1007285326,v1:172.21.15.122:6801/1007285326] conn(0x7fd6ac038ed0 0x7fd6ac03b390 secure :-1 s=READY pgs=11 cs=0 l=1 rev1=1 crypto rx=0x7fd6bc006fd0 tx=0x7fd6bc006e40 comp rx=0 tx=0).stop
2024-03-18T00:20:52.007 INFO:teuthology.orchestra.run.smithi122.stdout:/usr/bin/ceph: stderr
2024-03-18T00:20:51.425+0000 7fd6c779f700 1 -- 172.21.15.122:0/3671544741 >> [v2:172.21.15.122:3300/0,v1:172.21.15.122:6789/0] conn(0x7fd6c0108850 msgr2=0x7fd6c019bd10 secure :-1 s=STATE_CONNECTION_ESTABLISHED l=1).mark_down
2024-03-18T00:20:52.007 INFO:teuthology.orchestra.run.smithi122.stdout:/usr/bin/ceph: stderr
2024-03-18T00:20:51.425+0000 7fd6c779f700 1 --2- 172.21.15.122:0/3671544741 >> [v2:172.21.15.122:3300/0,v1:172.21.15.122:6789/0] conn(0x7fd6c0108850 0x7fd6c019bd10 secure :-1 s=READY pgs=46 cs=0 l=1 rev1=1 crypto rx=0x7fd6b0003fb0 tx=0x7fd6b0011bd0 comp rx=0 tx=0).stop
2024-03-18T00:20:52.007 INFO:teuthology.orchestra.run.smithi122.stdout:/usr/bin/ceph: stderr
2024-03-18T00:20:51.425+0000 7fd6c779f700 1 -- 172.21.15.122:0/3671544741 shutdown_connections
2024-03-18T00:20:52.007 INFO:teuthology.orchestra.run.smithi122.stdout:/usr/bin/ceph: stderr
2024-03-18T00:20:51.425+0000 7fd6c779f700 1 --2- 172.21.15.122:0/3671544741 >> [v2:172.21.15.122:6800/1007285326,v1:172.21.15.122:6801/1007285326] conn(0x7fd6ac038ed0 0x7fd6ac03b390 unknown :-1 s=CLOSED pgs=11 cs=0 l=1 rev1=1 crypto rx=0 tx=0 comp rx=0 tx=0).stop
2024-03-18T00:20:52.007 INFO:teuthology.orchestra.run.smithi122.stdout:/usr/bin/ceph: stderr
2024-03-18T00:20:51.425+0000 7fd6c779f700 1 --2- 172.21.15.122:0/3671544741 >> [v2:172.21.15.122:3300/0,v1:172.21.15.122:6789/0] conn(0x7fd6c0108850 0x7fd6c019bd10 unknown :-1 s=CLOSED pgs=46 cs=0 l=1 rev1=1 crypto rx=0 tx=0 comp rx=0 tx=0).stop
2024-03-18T00:20:52.007 INFO:teuthology.orchestra.run.smithi122.stdout:/usr/bin/ceph: stderr
2024-03-18T00:20:51.425+0000 7fd6c779f700 1 -- 172.21.15.122:0/3671544741 >> 172.21.15.122:0/3671544741 conn(0x7fd6c0102220 msgr2=0x7fd6c0102d00 unknown :-1 s=STATE_NONE l=0).mark_down
2024-03-18T00:20:52.007 INFO:teuthology.orchestra.run.smithi122.stdout:/usr/bin/ceph: stderr
2024-03-18T00:20:51.425+0000 7fd6c779f700 1 -- 172.21.15.122:0/3671544741 shutdown_connections
2024-03-18T00:20:52.007 INFO:teuthology.orchestra.run.smithi122.stdout:/usr/bin/ceph: stderr
2024-03-18T00:20:51.425+0000 7fd6c779f700 1 -- 172.21.15.122:0/3671544741 wait complete.
2024-03-18T00:20:52.008 INFO:teuthology.orchestra.run.smithi122.stdout:Deploying unmanaged mon service...
2024-03-18T00:20:52.635 INFO:journalctl@ceph.mon.a.smithi122.stdout:Mar 18 00:20:52 smithi122 ceph-mon[31924]: from='mgr.14120 172.21.15.122:0/1257873039' entity='mgr.x'
2024-03-18T00:20:52.635 INFO:journalctl@ceph.mon.a.smithi122.stdout:Mar 18 00:20:52 smithi122 ceph-mon[31924]: Added host smithi122
2024-03-18T00:20:52.635 INFO:journalctl@ceph.mon.a.smithi122.stdout:Mar 18 00:20:52 smithi122 ceph-mon[31924]: from='mgr.14120 172.21.15.122:0/1257873039' entity='mgr.x' cmd=[{"prefix": "config dump", "format": "json"}]: dispatch
2024-03-18T00:20:53.739 INFO:teuthology.orchestra.run.smithi122.stdout:/usr/bin/ceph: stdout Scheduled mon update...
2024-03-18T00:20:53.739 INFO:teuthology.orchestra.run.smithi122.stdout:/usr/bin/ceph: stderr
2024-03-18T00:20:52.739+0000 7f0f4344b700 1 Processor -- start
2024-03-18T00:20:53.739 INFO:teuthology.orchestra.run.smithi122.stdout:/usr/bin/ceph: stderr
2024-03-18T00:20:52.739+0000 7f0f4344b700 1 -- start start
2024-03-18T00:20:53.739 INFO:teuthology.orchestra.run.smithi122.stdout:/usr/bin/ceph: stderr
2024-03-18T00:20:52.740+0000 7f0f4344b700 1 --2- >> [v2:172.21.15.122:3300/0,v1:172.21.15.122:6789/0] conn(0x7f0f3c108830 0x7f0f3c10ac20 unknown :-1 s=NONE pgs=0 cs=0 l=0 rev1=0 crypto rx=0 tx=0 comp rx=0 tx=0).connect
2024-03-18T00:20:53.739 INFO:teuthology.orchestra.run.smithi122.stdout:/usr/bin/ceph: stderr
2024-03-18T00:20:52.740+0000 7f0f4344b700 1 -- --> [v2:172.21.15.122:3300/0,v1:172.21.15.122:6789/0] -- mon_getmap magic: 0 -- 0x7f0f3c07be70 con 0x7f0f3c108830
2024-03-18T00:20:53.739 INFO:teuthology.orchestra.run.smithi122.stdout:/usr/bin/ceph: stderr
2024-03-18T00:20:52.740+0000 7f0f411e7700 1 --2- >> [v2:172.21.15.122:3300/0,v1:172.21.15.122:6789/0] conn(0x7f0f3c108830 0x7f0f3c10ac20 unknown :-1 s=BANNER_CONNECTING pgs=0 cs=0 l=0 rev1=0 crypto rx=0 tx=0 comp rx=0 tx=0)._handle_peer_banner_payload supported=3 required=0
2024-03-18T00:20:53.740 INFO:teuthology.orchestra.run.smithi122.stdout:/usr/bin/ceph: stderr
2024-03-18T00:20:52.740+0000 7f0f411e7700 1 --2- >> [v2:172.21.15.122:3300/0,v1:172.21.15.122:6789/0] conn(0x7f0f3c108830 0x7f0f3c10ac20 unknown :-1 s=HELLO_CONNECTING pgs=0 cs=0 l=0 rev1=1 crypto rx=0 tx=0 comp rx=0 tx=0).handle_hello peer v2:172.21.15.122:3300/0 says I am v2:172.21.15.122:46036/0 (socket says 172.21.15.122:46036)
2024-03-18T00:20:53.740 INFO:teuthology.orchestra.run.smithi122.stdout:/usr/bin/ceph: stderr
2024-03-18T00:20:52.740+0000 7f0f411e7700 1 -- 172.21.15.122:0/974627022 learned_addr learned my addr 172.21.15.122:0/974627022 (peer_addr_for_me v2:172.21.15.122:0/0)
2024-03-18T00:20:53.740 INFO:teuthology.orchestra.run.smithi122.stdout:/usr/bin/ceph: stderr
2024-03-18T00:20:52.740+0000 7f0f411e7700 1 -- 172.21.15.122:0/974627022 --> [v2:172.21.15.122:3300/0,v1:172.21.15.122:6789/0] -- mon_subscribe({config=0+,monmap=0+}) -- 0x7f0f3c10b160 con 0x7f0f3c108830
2024-03-18T00:20:53.740 INFO:teuthology.orchestra.run.smithi122.stdout:/usr/bin/ceph: stderr
2024-03-18T00:20:52.740+0000 7f0f411e7700 1 --2- 172.21.15.122:0/974627022 >> [v2:172.21.15.122:3300/0,v1:172.21.15.122:6789/0] conn(0x7f0f3c108830 0x7f0f3c10ac20 secure :-1 s=READY pgs=47 cs=0 l=1 rev1=1 crypto rx=0x7f0f380098a0 tx=0x7f0f38009bb0 comp rx=0 tx=0).ready entity=mon.0 client_cookie=b2a58d005b04c815 server_cookie=0 in_seq=0 out_seq=0
2024-03-18T00:20:53.740 INFO:teuthology.orchestra.run.smithi122.stdout:/usr/bin/ceph: stderr
2024-03-18T00:20:52.740+0000 7f0f33fff700 1 -- 172.21.15.122:0/974627022 <== mon.0 v2:172.21.15.122:3300/0 1 ==== mon_map magic: 0 ==== 205+0+0 (secure 0 0 0) 0x7f0f38004160 con 0x7f0f3c108830
2024-03-18T00:20:53.740 INFO:teuthology.orchestra.run.smithi122.stdout:/usr/bin/ceph: stderr
2024-03-18T00:20:52.741+0000 7f0f33fff700 1 -- 172.21.15.122:0/974627022 <== mon.0 v2:172.21.15.122:3300/0 2 ==== config(28 keys) ==== 1143+0+0 (secure 0 0 0) 0x7f0f38004300 con 0x7f0f3c108830
2024-03-18T00:20:53.740 INFO:teuthology.orchestra.run.smithi122.stdout:/usr/bin/ceph: stderr
2024-03-18T00:20:52.741+0000 7f0f33fff700 1 -- 172.21.15.122:0/974627022 <== mon.0 v2:172.21.15.122:3300/0 3 ==== mon_map magic: 0 ==== 205+0+0 (secure 0 0 0) 0x7f0f38011c00 con 0x7f0f3c108830
2024-03-18T00:20:53.740 INFO:teuthology.orchestra.run.smithi122.stdout:/usr/bin/ceph: stderr
2024-03-18T00:20:52.741+0000 7f0f4344b700 1 -- 172.21.15.122:0/974627022 >> [v2:172.21.15.122:3300/0,v1:172.21.15.122:6789/0] conn(0x7f0f3c108830 msgr2=0x7f0f3c10ac20 secure :-1 s=STATE_CONNECTION_ESTABLISHED l=1).mark_down
2024-03-18T00:20:53.740 INFO:teuthology.orchestra.run.smithi122.stdout:/usr/bin/ceph: stderr
2024-03-18T00:20:52.741+0000 7f0f4344b700 1 --2- 172.21.15.122:0/974627022 >> [v2:172.21.15.122:3300/0,v1:172.21.15.122:6789/0] conn(0x7f0f3c108830 0x7f0f3c10ac20 secure :-1 s=READY pgs=47 cs=0 l=1 rev1=1 crypto rx=0x7f0f380098a0 tx=0x7f0f38009bb0 comp rx=0 tx=0).stop
2024-03-18T00:20:53.740 INFO:teuthology.orchestra.run.smithi122.stdout:/usr/bin/ceph: stderr
2024-03-18T00:20:52.741+0000 7f0f4344b700 1 -- 172.21.15.122:0/974627022 shutdown_connections
2024-03-18T00:20:53.741 INFO:teuthology.orchestra.run.smithi122.stdout:/usr/bin/ceph: stderr
2024-03-18T00:20:52.741+0000 7f0f4344b700 1 --2- 172.21.15.122:0/974627022 >> [v2:172.21.15.122:3300/0,v1:172.21.15.122:6789/0] conn(0x7f0f3c108830 0x7f0f3c10ac20 unknown :-1 s=CLOSED pgs=47 cs=0 l=1 rev1=1 crypto rx=0 tx=0 comp rx=0 tx=0).stop
2024-03-18T00:20:53.741 INFO:teuthology.orchestra.run.smithi122.stdout:/usr/bin/ceph: stderr
2024-03-18T00:20:52.741+0000 7f0f4344b700 1 -- 172.21.15.122:0/974627022 >> 172.21.15.122:0/974627022 conn(0x7f0f3c102220 msgr2=0x7f0f3c104680 unknown :-1 s=STATE_NONE l=0).mark_down
2024-03-18T00:20:53.741 INFO:teuthology.orchestra.run.smithi122.stdout:/usr/bin/ceph: stderr
2024-03-18T00:20:52.741+0000 7f0f4344b700 1 -- 172.21.15.122:0/974627022 shutdown_connections
2024-03-18T00:20:53.741 INFO:teuthology.orchestra.run.smithi122.stdout:/usr/bin/ceph: stderr
2024-03-18T00:20:52.741+0000 7f0f4344b700 1 -- 172.21.15.122:0/974627022 wait complete.
2024-03-18T00:20:53.741 INFO:teuthology.orchestra.run.smithi122.stdout:/usr/bin/ceph: stderr
2024-03-18T00:20:52.742+0000 7f0f4344b700 1 Processor -- start
2024-03-18T00:20:53.741 INFO:teuthology.orchestra.run.smithi122.stdout:/usr/bin/ceph: stderr
2024-03-18T00:20:52.742+0000 7f0f4344b700 1 -- start start
2024-03-18T00:20:53.741 INFO:teuthology.orchestra.run.smithi122.stdout:/usr/bin/ceph: stderr
2024-03-18T00:20:52.742+0000 7f0f4344b700 1 --2- >> [v2:172.21.15.122:3300/0,v1:172.21.15.122:6789/0] conn(0x7f0f3c108830 0x7f0f3c19bca0 unknown :-1 s=NONE pgs=0 cs=0 l=1 rev1=0 crypto rx=0 tx=0 comp rx=0 tx=0).connect
2024-03-18T00:20:53.741 INFO:teuthology.orchestra.run.smithi122.stdout:/usr/bin/ceph: stderr
2024-03-18T00:20:52.742+0000 7f0f4344b700 1 -- --> [v2:172.21.15.122:3300/0,v1:172.21.15.122:6789/0] -- mon_getmap magic: 0 -- 0x7f0f3c10c100 con 0x7f0f3c108830
2024-03-18T00:20:53.741 INFO:teuthology.orchestra.run.smithi122.stdout:/usr/bin/ceph: stderr
2024-03-18T00:20:52.742+0000 7f0f411e7700 1 --2- >> [v2:172.21.15.122:3300/0,v1:172.21.15.122:6789/0] conn(0x7f0f3c108830 0x7f0f3c19bca0 unknown :-1 s=BANNER_CONNECTING pgs=0 cs=0 l=1 rev1=0 crypto rx=0 tx=0 comp rx=0 tx=0)._handle_peer_banner_payload supported=3 required=0
2024-03-18T00:20:53.742 INFO:teuthology.orchestra.run.smithi122.stdout:/usr/bin/ceph: stderr
2024-03-18T00:20:52.742+0000 7f0f411e7700 1 --2- >> [v2:172.21.15.122:3300/0,v1:172.21.15.122:6789/0] conn(0x7f0f3c108830 0x7f0f3c19bca0 unknown :-1 s=HELLO_CONNECTING pgs=0 cs=0 l=1 rev1=1 crypto rx=0 tx=0 comp rx=0 tx=0).handle_hello peer v2:172.21.15.122:3300/0 says I am v2:172.21.15.122:46052/0 (socket says 172.21.15.122:46052)
2024-03-18T00:20:53.742 INFO:teuthology.orchestra.run.smithi122.stdout:/usr/bin/ceph: stderr
2024-03-18T00:20:52.742+0000 7f0f411e7700 1 -- 172.21.15.122:0/1527891183 learned_addr learned my addr 172.21.15.122:0/1527891183 (peer_addr_for_me v2:172.21.15.122:0/0)
2024-03-18T00:20:53.742 INFO:teuthology.orchestra.run.smithi122.stdout:/usr/bin/ceph: stderr
2024-03-18T00:20:52.742+0000 7f0f411e7700 1 -- 172.21.15.122:0/1527891183 --> [v2:172.21.15.122:3300/0,v1:172.21.15.122:6789/0] -- mon_subscribe({config=0+,monmap=0+}) -- 0x7f0f3c19c1e0 con 0x7f0f3c108830
2024-03-18T00:20:53.742 INFO:teuthology.orchestra.run.smithi122.stdout:/usr/bin/ceph: stderr
2024-03-18T00:20:52.742+0000 7f0f411e7700 1 --2- 172.21.15.122:0/1527891183 >> [v2:172.21.15.122:3300/0,v1:172.21.15.122:6789/0] conn(0x7f0f3c108830 0x7f0f3c19bca0 secure :-1 s=READY pgs=48 cs=0 l=1 rev1=1 crypto rx=0x7f0f38003fb0 tx=0x7f0f38011bd0 comp rx=0 tx=0).ready entity=mon.0 client_cookie=0 server_cookie=0 in_seq=0 out_seq=0
2024-03-18T00:20:53.742 INFO:teuthology.orchestra.run.smithi122.stdout:/usr/bin/ceph: stderr
2024-03-18T00:20:52.743+0000 7f0f327fc700 1 -- 172.21.15.122:0/1527891183 <== mon.0 v2:172.21.15.122:3300/0 1 ==== mon_map magic: 0 ==== 205+0+0 (secure 0 0 0) 0x7f0f380039c0 con 0x7f0f3c108830
2024-03-18T00:20:53.742 INFO:teuthology.orchestra.run.smithi122.stdout:/usr/bin/ceph: stderr
2024-03-18T00:20:52.743+0000 7f0f327fc700 1 -- 172.21.15.122:0/1527891183 <== mon.0 v2:172.21.15.122:3300/0 2 ==== config(28 keys) ==== 1143+0+0 (secure 0 0 0) 0x7f0f38003b60 con 0x7f0f3c108830
2024-03-18T00:20:53.742 INFO:teuthology.orchestra.run.smithi122.stdout:/usr/bin/ceph: stderr
2024-03-18T00:20:52.743+0000 7f0f4344b700 1 -- 172.21.15.122:0/1527891183 --> [v2:172.21.15.122:3300/0,v1:172.21.15.122:6789/0] -- mon_subscribe({mgrmap=0+}) -- 0x7f0f3c19c4d0 con 0x7f0f3c108830
2024-03-18T00:20:53.742 INFO:teuthology.orchestra.run.smithi122.stdout:/usr/bin/ceph: stderr
2024-03-18T00:20:52.743+0000 7f0f327fc700 1 -- 172.21.15.122:0/1527891183 <== mon.0 v2:172.21.15.122:3300/0 3 ==== mon_map magic: 0 ==== 205+0+0 (secure 0 0 0) 0x7f0f3801a6b0 con 0x7f0f3c108830
2024-03-18T00:20:53.742 INFO:teuthology.orchestra.run.smithi122.stdout:/usr/bin/ceph: stderr
2024-03-18T00:20:52.743+0000 7f0f4344b700 1 -- 172.21.15.122:0/1527891183 --> [v2:172.21.15.122:3300/0,v1:172.21.15.122:6789/0] -- mon_subscribe({osdmap=0}) -- 0x7f0f3c19f160 con 0x7f0f3c108830
2024-03-18T00:20:53.742 INFO:teuthology.orchestra.run.smithi122.stdout:/usr/bin/ceph: stderr
2024-03-18T00:20:52.744+0000 7f0f327fc700 1 -- 172.21.15.122:0/1527891183 <== mon.0 v2:172.21.15.122:3300/0 4 ==== mgrmap(e 8) ==== 46106+0+0 (secure 0 0 0) 0x7f0f3801a9b0 con 0x7f0f3c108830
2024-03-18T00:20:53.742 INFO:teuthology.orchestra.run.smithi122.stdout:/usr/bin/ceph: stderr
2024-03-18T00:20:52.744+0000 7f0f4344b700 1 -- 172.21.15.122:0/1527891183 --> [v2:172.21.15.122:3300/0,v1:172.21.15.122:6789/0] -- mon_command({"prefix": "get_command_descriptions"} v 0) -- 0x7f0f3c063900 con 0x7f0f3c108830
2024-03-18T00:20:53.742 INFO:teuthology.orchestra.run.smithi122.stdout:/usr/bin/ceph: stderr
2024-03-18T00:20:52.744+0000 7f0f327fc700 1 --2- 172.21.15.122:0/1527891183 >> [v2:172.21.15.122:6800/1007285326,v1:172.21.15.122:6801/1007285326] conn(0x7f0f28038ed0 0x7f0f2803b390 unknown :-1 s=NONE pgs=0 cs=0 l=1 rev1=0 crypto rx=0 tx=0 comp rx=0 tx=0).connect
2024-03-18T00:20:53.742 INFO:teuthology.orchestra.run.smithi122.stdout:/usr/bin/ceph: stderr
2024-03-18T00:20:52.744+0000 7f0f327fc700 1 -- 172.21.15.122:0/1527891183 <== mon.0 v2:172.21.15.122:3300/0 5 ==== osd_map(2..2 src has 1..2) ==== 940+0+0 (secure 0 0 0) 0x7f0f3804d300 con 0x7f0f3c108830
2024-03-18T00:20:53.743 INFO:teuthology.orchestra.run.smithi122.stdout:/usr/bin/ceph: stderr
2024-03-18T00:20:52.744+0000 7f0f409e6700 1 --2- 172.21.15.122:0/1527891183 >> [v2:172.21.15.122:6800/1007285326,v1:172.21.15.122:6801/1007285326] conn(0x7f0f28038ed0 0x7f0f2803b390 unknown :-1 s=BANNER_CONNECTING pgs=0 cs=0 l=1 rev1=0 crypto rx=0 tx=0 comp rx=0 tx=0)._handle_peer_banner_payload supported=3 required=0
2024-03-18T00:20:53.743 INFO:teuthology.orchestra.run.smithi122.stdout:/usr/bin/ceph: stderr
2024-03-18T00:20:52.744+0000 7f0f409e6700 1 --2- 172.21.15.122:0/1527891183 >> [v2:172.21.15.122:6800/1007285326,v1:172.21.15.122:6801/1007285326] conn(0x7f0f28038ed0 0x7f0f2803b390 secure :-1 s=READY pgs=12 cs=0 l=1 rev1=1 crypto rx=0x7f0f2c006fd0 tx=0x7f0f2c006e40 comp rx=0 tx=0).ready entity=mgr.14120 client_cookie=0 server_cookie=0 in_seq=0 out_seq=0
2024-03-18T00:20:53.743 INFO:teuthology.orchestra.run.smithi122.stdout:/usr/bin/ceph: stderr
2024-03-18T00:20:52.749+0000 7f0f327fc700 1 -- 172.21.15.122:0/1527891183 <== mon.0 v2:172.21.15.122:3300/0 6 ==== mon_command_ack([{"prefix": "get_command_descriptions"}]=0 v0) ==== 72+0+186149 (secure 0 0 0) 0x7f0f3801ad50 con 0x7f0f3c108830
2024-03-18T00:20:53.743 INFO:teuthology.orchestra.run.smithi122.stdout:/usr/bin/ceph: stderr
2024-03-18T00:20:52.968+0000 7f0f4344b700 1 -- 172.21.15.122:0/1527891183 --> [v2:172.21.15.122:6800/1007285326,v1:172.21.15.122:6801/1007285326] -- mgr_command(tid 0: {"prefix": "orch apply", "service_type": "mon", "unmanaged": true, "target": ["mon-mgr", ""]}) -- 0x7f0f3c19f330 con 0x7f0f28038ed0
2024-03-18T00:20:53.743 INFO:teuthology.orchestra.run.smithi122.stdout:/usr/bin/ceph: stderr
2024-03-18T00:20:52.973+0000 7f0f327fc700 1 -- 172.21.15.122:0/1527891183 <== mgr.14120 v2:172.21.15.122:6800/1007285326 1 ==== mgr_command_reply(tid 0: 0 ) ==== 8+0+24 (secure 0 0 0) 0x7f0f3c19f330 con 0x7f0f28038ed0
2024-03-18T00:20:53.743 INFO:teuthology.orchestra.run.smithi122.stdout:/usr/bin/ceph: stderr
2024-03-18T00:20:52.975+0000 7f0f4344b700 1 -- 172.21.15.122:0/1527891183 >> [v2:172.21.15.122:6800/1007285326,v1:172.21.15.122:6801/1007285326] conn(0x7f0f28038ed0 msgr2=0x7f0f2803b390 secure :-1 s=STATE_CONNECTION_ESTABLISHED l=1).mark_down
2024-03-18T00:20:53.743 INFO:teuthology.orchestra.run.smithi122.stdout:/usr/bin/ceph: stderr
2024-03-18T00:20:52.975+0000 7f0f4344b700 1 --2- 172.21.15.122:0/1527891183 >> [v2:172.21.15.122:6800/1007285326,v1:172.21.15.122:6801/1007285326] conn(0x7f0f28038ed0 0x7f0f2803b390 secure :-1 s=READY pgs=12 cs=0 l=1 rev1=1 crypto rx=0x7f0f2c006fd0 tx=0x7f0f2c006e40 comp rx=0 tx=0).stop
2024-03-18T00:20:53.743 INFO:teuthology.orchestra.run.smithi122.stdout:/usr/bin/ceph: stderr
2024-03-18T00:20:52.975+0000 7f0f4344b700 1 -- 172.21.15.122:0/1527891183 >> [v2:172.21.15.122:3300/0,v1:172.21.15.122:6789/0] conn(0x7f0f3c108830 msgr2=0x7f0f3c19bca0 secure :-1 s=STATE_CONNECTION_ESTABLISHED l=1).mark_down
2024-03-18T00:20:53.743 INFO:teuthology.orchestra.run.smithi122.stdout:/usr/bin/ceph: stderr
2024-03-18T00:20:52.975+0000 7f0f4344b700 1 --2- 172.21.15.122:0/1527891183 >> [v2:172.21.15.122:3300/0,v1:172.21.15.122:6789/0] conn(0x7f0f3c108830 0x7f0f3c19bca0 secure :-1 s=READY pgs=48 cs=0 l=1 rev1=1 crypto rx=0x7f0f38003fb0 tx=0x7f0f38011bd0 comp rx=0 tx=0).stop
2024-03-18T00:20:53.743 INFO:teuthology.orchestra.run.smithi122.stdout:/usr/bin/ceph: stderr
2024-03-18T00:20:52.975+0000 7f0f4344b700 1 -- 172.21.15.122:0/1527891183 shutdown_connections
2024-03-18T00:20:53.744 INFO:teuthology.orchestra.run.smithi122.stdout:/usr/bin/ceph: stderr
2024-03-18T00:20:52.975+0000 7f0f4344b700 1 --2- 172.21.15.122:0/1527891183 >> [v2:172.21.15.122:6800/1007285326,v1:172.21.15.122:6801/1007285326] conn(0x7f0f28038ed0 0x7f0f2803b390 unknown :-1 s=CLOSED pgs=12 cs=0 l=1 rev1=1 crypto rx=0 tx=0 comp rx=0 tx=0).stop
2024-03-18T00:20:53.744 INFO:teuthology.orchestra.run.smithi122.stdout:/usr/bin/ceph: stderr
2024-03-18T00:20:52.975+0000 7f0f4344b700 1 --2- 172.21.15.122:0/1527891183 >> [v2:172.21.15.122:3300/0,v1:172.21.15.122:6789/0] conn(0x7f0f3c108830 0x7f0f3c19bca0 unknown :-1 s=CLOSED pgs=48 cs=0 l=1 rev1=1 crypto rx=0 tx=0 comp rx=0 tx=0).stop
2024-03-18T00:20:53.744 INFO:teuthology.orchestra.run.smithi122.stdout:/usr/bin/ceph: stderr
2024-03-18T00:20:52.975+0000 7f0f4344b700 1 -- 172.21.15.122:0/1527891183 >> 172.21.15.122:0/1527891183 conn(0x7f0f3c102220 msgr2=0x7f0f3c102d80 unknown :-1 s=STATE_NONE l=0).mark_down
2024-03-18T00:20:53.744 INFO:teuthology.orchestra.run.smithi122.stdout:/usr/bin/ceph: stderr
2024-03-18T00:20:52.975+0000 7f0f4344b700 1 -- 172.21.15.122:0/1527891183 shutdown_connections
2024-03-18T00:20:53.744 INFO:teuthology.orchestra.run.smithi122.stdout:/usr/bin/ceph: stderr
2024-03-18T00:20:52.975+0000 7f0f4344b700 1 -- 172.21.15.122:0/1527891183 wait complete.
2024-03-18T00:20:53.744 INFO:teuthology.orchestra.run.smithi122.stdout:Deploying unmanaged mgr service...
2024-03-18T00:20:54.235 INFO:journalctl@ceph.mon.a.smithi122.stdout:Mar 18 00:20:53 smithi122 ceph-mon[31924]: from='client.14142 -' entity='client.admin' cmd=[{"prefix": "orch apply", "service_type": "mon", "unmanaged": true, "target": ["mon-mgr", ""]}]: dispatch
2024-03-18T00:20:54.235 INFO:journalctl@ceph.mon.a.smithi122.stdout:Mar 18 00:20:53 smithi122 ceph-mon[31924]: Saving service mon spec with placement count:5
2024-03-18T00:20:54.235 INFO:journalctl@ceph.mon.a.smithi122.stdout:Mar 18 00:20:53 smithi122 ceph-mon[31924]: from='mgr.14120 172.21.15.122:0/1257873039' entity='mgr.x'
2024-03-18T00:20:55.466 INFO:journalctl@ceph.mon.a.smithi122.stdout:Mar 18 00:20:55 smithi122 ceph-mon[31924]: from='mgr.14120 172.21.15.122:0/1257873039' entity='mgr.x'
2024-03-18T00:20:55.466 INFO:journalctl@ceph.mon.a.smithi122.stdout:Mar 18 00:20:55 smithi122 ceph-mon[31924]: from='mgr.14120 172.21.15.122:0/1257873039' entity='mgr.x'
2024-03-18T00:20:55.466 INFO:journalctl@ceph.mon.a.smithi122.stdout:Mar 18 00:20:55 smithi122 ceph-mon[31924]: from='mgr.14120 172.21.15.122:0/1257873039' entity='mgr.x'
2024-03-18T00:20:55.473 INFO:teuthology.orchestra.run.smithi122.stdout:/usr/bin/ceph: stdout Scheduled mgr update...
2024-03-18T00:20:55.473 INFO:teuthology.orchestra.run.smithi122.stdout:/usr/bin/ceph: stderr
2024-03-18T00:20:54.664+0000 7f42db332700 1 Processor -- start
2024-03-18T00:20:55.473 INFO:teuthology.orchestra.run.smithi122.stdout:/usr/bin/ceph: stderr
2024-03-18T00:20:54.664+0000 7f42db332700 1 -- start start
2024-03-18T00:20:55.473 INFO:teuthology.orchestra.run.smithi122.stdout:/usr/bin/ceph: stderr
2024-03-18T00:20:54.665+0000 7f42db332700 1 --2- >> [v2:172.21.15.122:3300/0,v1:172.21.15.122:6789/0] conn(0x7f42d4108870 0x7f42d410ac60 unknown :-1 s=NONE pgs=0 cs=0 l=0 rev1=0 crypto rx=0 tx=0 comp rx=0 tx=0).connect
2024-03-18T00:20:55.474 INFO:teuthology.orchestra.run.smithi122.stdout:/usr/bin/ceph: stderr
2024-03-18T00:20:54.665+0000 7f42db332700 1 -- --> [v2:172.21.15.122:3300/0,v1:172.21.15.122:6789/0] -- mon_getmap magic: 0 -- 0x7f42d407be30 con 0x7f42d4108870
2024-03-18T00:20:55.474 INFO:teuthology.orchestra.run.smithi122.stdout:/usr/bin/ceph: stderr
2024-03-18T00:20:54.665+0000 7f42d90ce700 1 --2- >> [v2:172.21.15.122:3300/0,v1:172.21.15.122:6789/0] conn(0x7f42d4108870 0x7f42d410ac60 unknown :-1 s=BANNER_CONNECTING pgs=0 cs=0 l=0 rev1=0 crypto rx=0 tx=0 comp rx=0 tx=0)._handle_peer_banner_payload supported=3 required=0
2024-03-18T00:20:55.474 INFO:teuthology.orchestra.run.smithi122.stdout:/usr/bin/ceph: stderr
2024-03-18T00:20:54.665+0000 7f42d90ce700 1 --2- >> [v2:172.21.15.122:3300/0,v1:172.21.15.122:6789/0] conn(0x7f42d4108870 0x7f42d410ac60 unknown :-1 s=HELLO_CONNECTING pgs=0 cs=0 l=0 rev1=1 crypto rx=0 tx=0 comp rx=0 tx=0).handle_hello peer v2:172.21.15.122:3300/0 says I am v2:172.21.15.122:46056/0 (socket says 172.21.15.122:46056)
2024-03-18T00:20:55.474 INFO:teuthology.orchestra.run.smithi122.stdout:/usr/bin/ceph: stderr
2024-03-18T00:20:54.665+0000 7f42d90ce700 1 -- 172.21.15.122:0/1150406634 learned_addr learned my addr 172.21.15.122:0/1150406634 (peer_addr_for_me v2:172.21.15.122:0/0)
2024-03-18T00:20:55.474 INFO:teuthology.orchestra.run.smithi122.stdout:/usr/bin/ceph: stderr
2024-03-18T00:20:54.665+0000 7f42d90ce700 1 -- 172.21.15.122:0/1150406634 --> [v2:172.21.15.122:3300/0,v1:172.21.15.122:6789/0] -- mon_subscribe({config=0+,monmap=0+}) -- 0x7f42d410b1a0 con 0x7f42d4108870
2024-03-18T00:20:55.474 INFO:teuthology.orchestra.run.smithi122.stdout:/usr/bin/ceph: stderr
2024-03-18T00:20:54.665+0000 7f42d90ce700 1 --2- 172.21.15.122:0/1150406634 >> [v2:172.21.15.122:3300/0,v1:172.21.15.122:6789/0] conn(0x7f42d4108870 0x7f42d410ac60 secure :-1 s=READY pgs=49 cs=0 l=1 rev1=1 crypto rx=0x7f42d00098a0 tx=0x7f42d0009bb0 comp rx=0 tx=0).ready entity=mon.0 client_cookie=94f633ab0b9dd4c5 server_cookie=0 in_seq=0 out_seq=0
2024-03-18T00:20:55.474 INFO:teuthology.orchestra.run.smithi122.stdout:/usr/bin/ceph: stderr
2024-03-18T00:20:54.665+0000 7f42cbfff700 1 -- 172.21.15.122:0/1150406634 <== mon.0 v2:172.21.15.122:3300/0 1 ==== mon_map magic: 0 ==== 205+0+0 (secure 0 0 0) 0x7f42d0004160 con 0x7f42d4108870
2024-03-18T00:20:55.474 INFO:teuthology.orchestra.run.smithi122.stdout:/usr/bin/ceph: stderr
2024-03-18T00:20:54.665+0000 7f42cbfff700 1 -- 172.21.15.122:0/1150406634 <== mon.0 v2:172.21.15.122:3300/0 2 ==== config(28 keys) ==== 1174+0+0 (secure 0 0 0) 0x7f42d0004300 con 0x7f42d4108870
2024-03-18T00:20:55.474 INFO:teuthology.orchestra.run.smithi122.stdout:/usr/bin/ceph: stderr
2024-03-18T00:20:54.665+0000 7f42cbfff700 1 -- 172.21.15.122:0/1150406634 <== mon.0 v2:172.21.15.122:3300/0 3 ==== mon_map magic: 0 ==== 205+0+0 (secure 0 0 0) 0x7f42d0011bb0 con 0x7f42d4108870
2024-03-18T00:20:55.474 INFO:teuthology.orchestra.run.smithi122.stdout:/usr/bin/ceph: stderr
2024-03-18T00:20:54.666+0000 7f42db332700 1 -- 172.21.15.122:0/1150406634 >> [v2:172.21.15.122:3300/0,v1:172.21.15.122:6789/0] conn(0x7f42d4108870 msgr2=0x7f42d410ac60 secure :-1 s=STATE_CONNECTION_ESTABLISHED l=1).mark_down
2024-03-18T00:20:55.474 INFO:teuthology.orchestra.run.smithi122.stdout:/usr/bin/ceph: stderr
2024-03-18T00:20:54.666+0000 7f42db332700 1 --2- 172.21.15.122:0/1150406634 >> [v2:172.21.15.122:3300/0,v1:172.21.15.122:6789/0] conn(0x7f42d4108870 0x7f42d410ac60 secure :-1 s=READY pgs=49 cs=0 l=1 rev1=1 crypto rx=0x7f42d00098a0 tx=0x7f42d0009bb0 comp rx=0 tx=0).stop
2024-03-18T00:20:55.474 INFO:teuthology.orchestra.run.smithi122.stdout:/usr/bin/ceph: stderr
2024-03-18T00:20:54.666+0000 7f42db332700 1 -- 172.21.15.122:0/1150406634 shutdown_connections
2024-03-18T00:20:55.475 INFO:teuthology.orchestra.run.smithi122.stdout:/usr/bin/ceph: stderr
2024-03-18T00:20:54.666+0000 7f42db332700 1 --2- 172.21.15.122:0/1150406634 >> [v2:172.21.15.122:3300/0,v1:172.21.15.122:6789/0] conn(0x7f42d4108870 0x7f42d410ac60 unknown :-1 s=CLOSED pgs=49 cs=0 l=1 rev1=1 crypto rx=0 tx=0 comp rx=0 tx=0).stop
2024-03-18T00:20:55.475 INFO:teuthology.orchestra.run.smithi122.stdout:/usr/bin/ceph: stderr
2024-03-18T00:20:54.666+0000 7f42db332700 1 -- 172.21.15.122:0/1150406634 >> 172.21.15.122:0/1150406634 conn(0x7f42d4102220 msgr2=0x7f42d4104680 unknown :-1 s=STATE_NONE l=0).mark_down
2024-03-18T00:20:55.475 INFO:teuthology.orchestra.run.smithi122.stdout:/usr/bin/ceph: stderr
2024-03-18T00:20:54.666+0000 7f42db332700 1 -- 172.21.15.122:0/1150406634 shutdown_connections
2024-03-18T00:20:55.475 INFO:teuthology.orchestra.run.smithi122.stdout:/usr/bin/ceph: stderr
2024-03-18T00:20:54.666+0000 7f42db332700 1 -- 172.21.15.122:0/1150406634 wait complete.
2024-03-18T00:20:55.475 INFO:teuthology.orchestra.run.smithi122.stdout:/usr/bin/ceph: stderr
2024-03-18T00:20:54.667+0000 7f42db332700 1 Processor -- start
2024-03-18T00:20:55.475 INFO:teuthology.orchestra.run.smithi122.stdout:/usr/bin/ceph: stderr
2024-03-18T00:20:54.667+0000 7f42db332700 1 -- start start
2024-03-18T00:20:55.475 INFO:teuthology.orchestra.run.smithi122.stdout:/usr/bin/ceph: stderr
2024-03-18T00:20:54.667+0000 7f42db332700 1 --2- >> [v2:172.21.15.122:3300/0,v1:172.21.15.122:6789/0] conn(0x7f42d4108870 0x7f42d419bca0 unknown :-1 s=NONE pgs=0 cs=0 l=1 rev1=0 crypto rx=0 tx=0 comp rx=0 tx=0).connect
2024-03-18T00:20:55.475 INFO:teuthology.orchestra.run.smithi122.stdout:/usr/bin/ceph: stderr
2024-03-18T00:20:54.667+0000 7f42db332700 1 -- --> [v2:172.21.15.122:3300/0,v1:172.21.15.122:6789/0] -- mon_getmap magic: 0 -- 0x7f42d410c210 con 0x7f42d4108870
2024-03-18T00:20:55.475 INFO:teuthology.orchestra.run.smithi122.stdout:/usr/bin/ceph: stderr
2024-03-18T00:20:54.667+0000 7f42d90ce700 1 --2- >> [v2:172.21.15.122:3300/0,v1:172.21.15.122:6789/0] conn(0x7f42d4108870 0x7f42d419bca0 unknown :-1 s=BANNER_CONNECTING pgs=0 cs=0 l=1 rev1=0 crypto rx=0 tx=0 comp rx=0 tx=0)._handle_peer_banner_payload supported=3 required=0
2024-03-18T00:20:55.475 INFO:teuthology.orchestra.run.smithi122.stdout:/usr/bin/ceph: stderr
2024-03-18T00:20:54.667+0000 7f42d90ce700 1 --2- >> [v2:172.21.15.122:3300/0,v1:172.21.15.122:6789/0] conn(0x7f42d4108870 0x7f42d419bca0 unknown :-1 s=HELLO_CONNECTING pgs=0 cs=0 l=1 rev1=1 crypto rx=0 tx=0 comp rx=0 tx=0).handle_hello peer v2:172.21.15.122:3300/0 says I am v2:172.21.15.122:46064/0 (socket says 172.21.15.122:46064)
2024-03-18T00:20:55.475 INFO:teuthology.orchestra.run.smithi122.stdout:/usr/bin/ceph: stderr
2024-03-18T00:20:54.667+0000 7f42d90ce700 1 -- 172.21.15.122:0/3924876467 learned_addr learned my addr 172.21.15.122:0/3924876467 (peer_addr_for_me v2:172.21.15.122:0/0)
2024-03-18T00:20:55.475 INFO:teuthology.orchestra.run.smithi122.stdout:/usr/bin/ceph: stderr
2024-03-18T00:20:54.668+0000 7f42d90ce700 1 -- 172.21.15.122:0/3924876467 --> [v2:172.21.15.122:3300/0,v1:172.21.15.122:6789/0] -- mon_subscribe({config=0+,monmap=0+}) -- 0x7f42d419c1e0 con 0x7f42d4108870
2024-03-18T00:20:55.475 INFO:teuthology.orchestra.run.smithi122.stdout:/usr/bin/ceph: stderr
2024-03-18T00:20:54.668+0000 7f42d90ce700 1 --2- 172.21.15.122:0/3924876467 >> [v2:172.21.15.122:3300/0,v1:172.21.15.122:6789/0] conn(0x7f42d4108870 0x7f42d419bca0 secure :-1 s=READY pgs=50 cs=0 l=1 rev1=1 crypto rx=0x7f42d0000c00 tx=0x7f42d0011ca0 comp rx=0 tx=0).ready entity=mon.0 client_cookie=0 server_cookie=0 in_seq=0 out_seq=0
2024-03-18T00:20:55.475 INFO:teuthology.orchestra.run.smithi122.stdout:/usr/bin/ceph: stderr
2024-03-18T00:20:54.668+0000 7f42ca7fc700 1 -- 172.21.15.122:0/3924876467 <== mon.0 v2:172.21.15.122:3300/0 1 ==== mon_map magic: 0 ==== 205+0+0 (secure 0 0 0) 0x7f42d0011e60 con 0x7f42d4108870
2024-03-18T00:20:55.475 INFO:teuthology.orchestra.run.smithi122.stdout:/usr/bin/ceph: stderr
2024-03-18T00:20:54.668+0000 7f42ca7fc700 1 -- 172.21.15.122:0/3924876467 <== mon.0 v2:172.21.15.122:3300/0 2 ==== config(28 keys) ==== 1174+0+0 (secure 0 0 0) 0x7f42d0003b20 con 0x7f42d4108870
2024-03-18T00:20:55.476 INFO:teuthology.orchestra.run.smithi122.stdout:/usr/bin/ceph: stderr
2024-03-18T00:20:54.668+0000 7f42db332700 1 -- 172.21.15.122:0/3924876467 --> [v2:172.21.15.122:3300/0,v1:172.21.15.122:6789/0] -- mon_subscribe({mgrmap=0+}) -- 0x7f42d419c470 con 0x7f42d4108870
2024-03-18T00:20:55.476 INFO:teuthology.orchestra.run.smithi122.stdout:/usr/bin/ceph: stderr
2024-03-18T00:20:54.668+0000 7f42ca7fc700 1 -- 172.21.15.122:0/3924876467 <== mon.0 v2:172.21.15.122:3300/0 3 ==== mon_map magic: 0 ==== 205+0+0 (secure 0 0 0) 0x7f42d00247a0 con 0x7f42d4108870
2024-03-18T00:20:55.476 INFO:teuthology.orchestra.run.smithi122.stdout:/usr/bin/ceph: stderr
2024-03-18T00:20:54.668+0000 7f42db332700 1 -- 172.21.15.122:0/3924876467 --> [v2:172.21.15.122:3300/0,v1:172.21.15.122:6789/0] -- mon_subscribe({osdmap=0}) -- 0x7f42d419c8d0 con 0x7f42d4108870
2024-03-18T00:20:55.476 INFO:teuthology.orchestra.run.smithi122.stdout:/usr/bin/ceph: stderr
2024-03-18T00:20:54.669+0000 7f42ca7fc700 1 -- 172.21.15.122:0/3924876467 <== mon.0 v2:172.21.15.122:3300/0 4 ==== mgrmap(e 8) ==== 46106+0+0 (secure 0 0 0) 0x7f42d0022020 con 0x7f42d4108870
2024-03-18T00:20:55.476 INFO:teuthology.orchestra.run.smithi122.stdout:/usr/bin/ceph: stderr
2024-03-18T00:20:54.669+0000 7f42db332700 1 -- 172.21.15.122:0/3924876467 --> [v2:172.21.15.122:3300/0,v1:172.21.15.122:6789/0] -- mon_command({"prefix": "get_command_descriptions"} v 0) -- 0x7f42d4063900 con 0x7f42d4108870
2024-03-18T00:20:55.476 INFO:teuthology.orchestra.run.smithi122.stdout:/usr/bin/ceph: stderr
2024-03-18T00:20:54.669+0000 7f42ca7fc700 1 --2- 172.21.15.122:0/3924876467 >> [v2:172.21.15.122:6800/1007285326,v1:172.21.15.122:6801/1007285326] conn(0x7f42c0038f70 0x7f42c003b430 unknown :-1 s=NONE pgs=0 cs=0 l=1 rev1=0 crypto rx=0 tx=0 comp rx=0 tx=0).connect
2024-03-18T00:20:55.476 INFO:teuthology.orchestra.run.smithi122.stdout:/usr/bin/ceph: stderr
2024-03-18T00:20:54.669+0000 7f42ca7fc700 1 -- 172.21.15.122:0/3924876467 <== mon.0 v2:172.21.15.122:3300/0 5 ==== osd_map(2..2 src has 1..2) ==== 940+0+0 (secure 0 0 0) 0x7f42d004cd90 con 0x7f42d4108870
2024-03-18T00:20:55.476 INFO:teuthology.orchestra.run.smithi122.stdout:/usr/bin/ceph: stderr
2024-03-18T00:20:54.669+0000 7f42d88cd700 1 --2- 172.21.15.122:0/3924876467 >> [v2:172.21.15.122:6800/1007285326,v1:172.21.15.122:6801/1007285326] conn(0x7f42c0038f70 0x7f42c003b430 unknown :-1 s=BANNER_CONNECTING pgs=0 cs=0 l=1 rev1=0 crypto rx=0 tx=0 comp rx=0 tx=0)._handle_peer_banner_payload supported=3 required=0
2024-03-18T00:20:55.476 INFO:teuthology.orchestra.run.smithi122.stdout:/usr/bin/ceph: stderr
2024-03-18T00:20:54.670+0000 7f42d88cd700 1 --2- 172.21.15.122:0/3924876467 >> [v2:172.21.15.122:6800/1007285326,v1:172.21.15.122:6801/1007285326] conn(0x7f42c0038f70 0x7f42c003b430 secure :-1 s=READY pgs=13 cs=0 l=1 rev1=1 crypto rx=0x7f42c4006fd0 tx=0x7f42c4006e40 comp rx=0 tx=0).ready entity=mgr.14120 client_cookie=0 server_cookie=0 in_seq=0 out_seq=0
2024-03-18T00:20:55.476 INFO:teuthology.orchestra.run.smithi122.stdout:/usr/bin/ceph: stderr
2024-03-18T00:20:54.674+0000 7f42ca7fc700 1 -- 172.21.15.122:0/3924876467 <== mon.0 v2:172.21.15.122:3300/0 6 ==== mon_command_ack([{"prefix": "get_command_descriptions"}]=0 v0) ==== 72+0+186149 (secure 0 0 0) 0x7f42d001aaa0 con 0x7f42d4108870
2024-03-18T00:20:55.476 INFO:teuthology.orchestra.run.smithi122.stdout:/usr/bin/ceph: stderr
2024-03-18T00:20:54.906+0000 7f42db332700 1 -- 172.21.15.122:0/3924876467 --> [v2:172.21.15.122:6800/1007285326,v1:172.21.15.122:6801/1007285326] -- mgr_command(tid 0: {"prefix": "orch apply", "service_type": "mgr", "unmanaged": true, "target": ["mon-mgr", ""]}) -- 0x7f42d41033d0 con 0x7f42c0038f70
2024-03-18T00:20:55.476 INFO:teuthology.orchestra.run.smithi122.stdout:/usr/bin/ceph: stderr
2024-03-18T00:20:54.912+0000 7f42ca7fc700 1 -- 172.21.15.122:0/3924876467 <== mgr.14120 v2:172.21.15.122:6800/1007285326 1 ==== mgr_command_reply(tid 0: 0 ) ==== 8+0+24 (secure 0 0 0) 0x7f42d41033d0 con 0x7f42c0038f70
2024-03-18T00:20:55.476 INFO:teuthology.orchestra.run.smithi122.stdout:/usr/bin/ceph: stderr
2024-03-18T00:20:54.915+0000 7f42db332700 1 -- 172.21.15.122:0/3924876467 >> [v2:172.21.15.122:6800/1007285326,v1:172.21.15.122:6801/1007285326] conn(0x7f42c0038f70 msgr2=0x7f42c003b430 secure :-1 s=STATE_CONNECTION_ESTABLISHED l=1).mark_down
2024-03-18T00:20:55.476 INFO:teuthology.orchestra.run.smithi122.stdout:/usr/bin/ceph: stderr
2024-03-18T00:20:54.915+0000 7f42db332700 1 --2- 172.21.15.122:0/3924876467 >> [v2:172.21.15.122:6800/1007285326,v1:172.21.15.122:6801/1007285326] conn(0x7f42c0038f70 0x7f42c003b430 secure :-1 s=READY pgs=13 cs=0 l=1 rev1=1 crypto rx=0x7f42c4006fd0 tx=0x7f42c4006e40 comp rx=0 tx=0).stop
2024-03-18T00:20:55.476 INFO:teuthology.orchestra.run.smithi122.stdout:/usr/bin/ceph: stderr
2024-03-18T00:20:54.915+0000 7f42db332700 1 -- 172.21.15.122:0/3924876467 >> [v2:172.21.15.122:3300/0,v1:172.21.15.122:6789/0] conn(0x7f42d4108870 msgr2=0x7f42d419bca0 secure :-1 s=STATE_CONNECTION_ESTABLISHED l=1).mark_down
