2024-03-18T00:23:11.535+0000 7f12e0e95700 1 --2- 172.21.15.33:0/1976607593 >> [v2:172.21.15.33:3300/0,v1:172.21.15.33:6789/0] conn(0x7f12dc106540 0x7f12dc199770 unknown :-1 s=CLOSED pgs=85 cs=0 l=1 rev1=1 crypto rx=0 tx=0 comp rx=0 tx=0).stop
2024-03-18T00:23:12.170 INFO:teuthology.orchestra.run.smithi033.stdout:/usr/bin/ceph: stderr
2024-03-18T00:23:11.535+0000 7f12e0e95700 1 -- 172.21.15.33:0/1976607593 >> 172.21.15.33:0/1976607593 conn(0x7f12dc0fff00 msgr2=0x7f12dc101610 unknown :-1 s=STATE_NONE l=0).mark_down
2024-03-18T00:23:12.170 INFO:teuthology.orchestra.run.smithi033.stdout:/usr/bin/ceph: stderr
2024-03-18T00:23:11.535+0000 7f12e0e95700 1 -- 172.21.15.33:0/1976607593 shutdown_connections
2024-03-18T00:23:12.170 INFO:teuthology.orchestra.run.smithi033.stdout:/usr/bin/ceph: stderr
2024-03-18T00:23:11.535+0000 7f12e0e95700 1 -- 172.21.15.33:0/1976607593 wait complete.
2024-03-18T00:23:12.170 INFO:teuthology.orchestra.run.smithi033.stdout:Fetching dashboard port number...
2024-03-18T00:23:12.818 INFO:journalctl@ceph.mon.smithi033.smithi033.stdout:Mar 18 00:23:12 smithi033 ceph-mon[29175]: from='client.14178 -' entity='client.admin' cmd=[{"prefix": "dashboard ac-user-create", "username": "admin", "rolename": "administrator", "force_password": true, "pwd_update_required": true, "target": ["mon-mgr", ""]}]: dispatch
2024-03-18T00:23:12.818 INFO:journalctl@ceph.mon.smithi033.smithi033.stdout:Mar 18 00:23:12 smithi033 ceph-mon[29175]: from='mgr.14164 172.21.15.33:0/3314273357' entity='mgr.smithi033.uhuasu'
2024-03-18T00:23:13.642 INFO:journalctl@ceph.mon.smithi033.smithi033.stdout:Mar 18 00:23:13 smithi033 ceph-mon[29175]: from='client.? 172.21.15.33:0/3845331284' entity='client.admin' cmd=[{"prefix": "config get", "who": "mgr", "key": "mgr/dashboard/ssl_server_port"}]: dispatch
2024-03-18T00:23:13.650 INFO:teuthology.orchestra.run.smithi033.stdout:/usr/bin/ceph: stdout 8443
2024-03-18T00:23:13.650 INFO:teuthology.orchestra.run.smithi033.stdout:/usr/bin/ceph: stderr
2024-03-18T00:23:12.607+0000 7fe6c5c6f700 1 Processor -- start
2024-03-18T00:23:13.650 INFO:teuthology.orchestra.run.smithi033.stdout:/usr/bin/ceph: stderr
2024-03-18T00:23:12.607+0000 7fe6c5c6f700 1 -- start start
2024-03-18T00:23:13.651 INFO:teuthology.orchestra.run.smithi033.stdout:/usr/bin/ceph: stderr
2024-03-18T00:23:12.607+0000 7fe6c5c6f700 1 --2- >> [v2:172.21.15.33:3300/0,v1:172.21.15.33:6789/0] conn(0x7fe6c0079c90 0x7fe6c01085b0 unknown :-1 s=NONE pgs=0 cs=0 l=0 rev1=0 crypto rx=0 tx=0 comp rx=0 tx=0).connect
2024-03-18T00:23:13.651 INFO:teuthology.orchestra.run.smithi033.stdout:/usr/bin/ceph: stderr
2024-03-18T00:23:12.607+0000 7fe6c5c6f700 1 -- --> [v2:172.21.15.33:3300/0,v1:172.21.15.33:6789/0] -- mon_getmap magic: 0 v1 -- 0x7fe6c0108af0 con 0x7fe6c0079c90
2024-03-18T00:23:13.651 INFO:teuthology.orchestra.run.smithi033.stdout:/usr/bin/ceph: stderr
2024-03-18T00:23:12.608+0000 7fe6bf7fe700 1 --2- >> [v2:172.21.15.33:3300/0,v1:172.21.15.33:6789/0] conn(0x7fe6c0079c90 0x7fe6c01085b0 unknown :-1 s=BANNER_CONNECTING pgs=0 cs=0 l=0 rev1=0 crypto rx=0 tx=0 comp rx=0 tx=0)._handle_peer_banner_payload supported=3 required=0
2024-03-18T00:23:13.651 INFO:teuthology.orchestra.run.smithi033.stdout:/usr/bin/ceph: stderr
2024-03-18T00:23:12.608+0000 7fe6bf7fe700 1 --2- >> [v2:172.21.15.33:3300/0,v1:172.21.15.33:6789/0] conn(0x7fe6c0079c90 0x7fe6c01085b0 unknown :-1 s=HELLO_CONNECTING pgs=0 cs=0 l=0 rev1=1 crypto rx=0 tx=0 comp rx=0 tx=0).handle_hello peer v2:172.21.15.33:3300/0 says I am v2:172.21.15.33:47898/0 (socket says 172.21.15.33:47898)
2024-03-18T00:23:13.651 INFO:teuthology.orchestra.run.smithi033.stdout:/usr/bin/ceph: stderr
2024-03-18T00:23:12.608+0000 7fe6bf7fe700 1 -- 172.21.15.33:0/4212446443 learned_addr learned my addr 172.21.15.33:0/4212446443 (peer_addr_for_me v2:172.21.15.33:0/0)
2024-03-18T00:23:13.651 INFO:teuthology.orchestra.run.smithi033.stdout:/usr/bin/ceph: stderr
2024-03-18T00:23:12.608+0000 7fe6bf7fe700 1 -- 172.21.15.33:0/4212446443 --> [v2:172.21.15.33:3300/0,v1:172.21.15.33:6789/0] -- mon_subscribe({config=0+,monmap=0+}) v3 -- 0x7fe6c0108c30 con 0x7fe6c0079c90
2024-03-18T00:23:13.651 INFO:teuthology.orchestra.run.smithi033.stdout:/usr/bin/ceph: stderr
2024-03-18T00:23:12.608+0000 7fe6bf7fe700 1 --2- 172.21.15.33:0/4212446443 >> [v2:172.21.15.33:3300/0,v1:172.21.15.33:6789/0] conn(0x7fe6c0079c90 0x7fe6c01085b0 secure :-1 s=READY pgs=86 cs=0 l=1 rev1=1 crypto rx=0x7fe6b00098a0 tx=0x7fe6b0009bb0 comp rx=0 tx=0).ready entity=mon.0 client_cookie=d4f7ac4accc5999f server_cookie=0 in_seq=0 out_seq=0
2024-03-18T00:23:13.651 INFO:teuthology.orchestra.run.smithi033.stdout:/usr/bin/ceph: stderr
2024-03-18T00:23:12.608+0000 7fe6be7fc700 1 -- 172.21.15.33:0/4212446443 <== mon.0 v2:172.21.15.33:3300/0 1 ==== mon_map magic: 0 v1 ==== 229+0+0 (secure 0 0 0) 0x7fe6b0004180 con 0x7fe6c0079c90
2024-03-18T00:23:13.651 INFO:teuthology.orchestra.run.smithi033.stdout:/usr/bin/ceph: stderr
2024-03-18T00:23:12.608+0000 7fe6be7fc700 1 -- 172.21.15.33:0/4212446443 <== mon.0 v2:172.21.15.33:3300/0 2 ==== config(27 keys) v1 ==== 1101+0+0 (secure 0 0 0) 0x7fe6b00042e0 con 0x7fe6c0079c90
2024-03-18T00:23:13.651 INFO:teuthology.orchestra.run.smithi033.stdout:/usr/bin/ceph: stderr
2024-03-18T00:23:12.608+0000 7fe6be7fc700 1 -- 172.21.15.33:0/4212446443 <== mon.0 v2:172.21.15.33:3300/0 3 ==== mon_map magic: 0 v1 ==== 229+0+0 (secure 0 0 0) 0x7fe6b0011af0 con 0x7fe6c0079c90
2024-03-18T00:23:13.651 INFO:teuthology.orchestra.run.smithi033.stdout:/usr/bin/ceph: stderr
2024-03-18T00:23:12.609+0000 7fe6c5c6f700 1 -- 172.21.15.33:0/4212446443 >> [v2:172.21.15.33:3300/0,v1:172.21.15.33:6789/0] conn(0x7fe6c0079c90 msgr2=0x7fe6c01085b0 secure :-1 s=STATE_CONNECTION_ESTABLISHED l=1).mark_down
2024-03-18T00:23:13.651 INFO:teuthology.orchestra.run.smithi033.stdout:/usr/bin/ceph: stderr
2024-03-18T00:23:12.609+0000 7fe6c5c6f700 1 --2- 172.21.15.33:0/4212446443 >> [v2:172.21.15.33:3300/0,v1:172.21.15.33:6789/0] conn(0x7fe6c0079c90 0x7fe6c01085b0 secure :-1 s=READY pgs=86 cs=0 l=1 rev1=1 crypto rx=0x7fe6b00098a0 tx=0x7fe6b0009bb0 comp rx=0 tx=0).stop
2024-03-18T00:23:13.652 INFO:teuthology.orchestra.run.smithi033.stdout:/usr/bin/ceph: stderr
2024-03-18T00:23:12.609+0000 7fe6c5c6f700 1 -- 172.21.15.33:0/4212446443 shutdown_connections
2024-03-18T00:23:13.652 INFO:teuthology.orchestra.run.smithi033.stdout:/usr/bin/ceph: stderr
2024-03-18T00:23:12.609+0000 7fe6c5c6f700 1 --2- 172.21.15.33:0/4212446443 >> [v2:172.21.15.33:3300/0,v1:172.21.15.33:6789/0] conn(0x7fe6c0079c90 0x7fe6c01085b0 unknown :-1 s=CLOSED pgs=86 cs=0 l=1 rev1=1 crypto rx=0 tx=0 comp rx=0 tx=0).stop
2024-03-18T00:23:13.652 INFO:teuthology.orchestra.run.smithi033.stdout:/usr/bin/ceph: stderr
2024-03-18T00:23:12.609+0000 7fe6c5c6f700 1 -- 172.21.15.33:0/4212446443 >> 172.21.15.33:0/4212446443 conn(0x7fe6c00fff00 msgr2=0x7fe6c0102350 unknown :-1 s=STATE_NONE l=0).mark_down
2024-03-18T00:23:13.652 INFO:teuthology.orchestra.run.smithi033.stdout:/usr/bin/ceph: stderr
2024-03-18T00:23:12.609+0000 7fe6c5c6f700 1 -- 172.21.15.33:0/4212446443 shutdown_connections
2024-03-18T00:23:13.652 INFO:teuthology.orchestra.run.smithi033.stdout:/usr/bin/ceph: stderr
2024-03-18T00:23:12.609+0000 7fe6c5c6f700 1 -- 172.21.15.33:0/4212446443 wait complete.
2024-03-18T00:23:13.652 INFO:teuthology.orchestra.run.smithi033.stdout:/usr/bin/ceph: stderr
2024-03-18T00:23:12.610+0000 7fe6c5c6f700 1 Processor -- start
2024-03-18T00:23:13.652 INFO:teuthology.orchestra.run.smithi033.stdout:/usr/bin/ceph: stderr
2024-03-18T00:23:12.610+0000 7fe6c5c6f700 1 -- start start
2024-03-18T00:23:13.652 INFO:teuthology.orchestra.run.smithi033.stdout:/usr/bin/ceph: stderr
2024-03-18T00:23:12.610+0000 7fe6c5c6f700 1 --2- >> [v2:172.21.15.33:3300/0,v1:172.21.15.33:6789/0] conn(0x7fe6c0079c90 0x7fe6c0199780 unknown :-1 s=NONE pgs=0 cs=0 l=1 rev1=0 crypto rx=0 tx=0 comp rx=0 tx=0).connect
2024-03-18T00:23:13.652 INFO:teuthology.orchestra.run.smithi033.stdout:/usr/bin/ceph: stderr
2024-03-18T00:23:12.610+0000 7fe6c5c6f700 1 -- --> [v2:172.21.15.33:3300/0,v1:172.21.15.33:6789/0] -- mon_getmap magic: 0 v1 -- 0x7fe6c0199cc0 con 0x7fe6c0079c90
2024-03-18T00:23:13.652 INFO:teuthology.orchestra.run.smithi033.stdout:/usr/bin/ceph: stderr
2024-03-18T00:23:12.610+0000 7fe6bf7fe700 1 --2- >> [v2:172.21.15.33:3300/0,v1:172.21.15.33:6789/0] conn(0x7fe6c0079c90 0x7fe6c0199780 unknown :-1 s=BANNER_CONNECTING pgs=0 cs=0 l=1 rev1=0 crypto rx=0 tx=0 comp rx=0 tx=0)._handle_peer_banner_payload supported=3 required=0
2024-03-18T00:23:13.652 INFO:teuthology.orchestra.run.smithi033.stdout:/usr/bin/ceph: stderr
2024-03-18T00:23:12.610+0000 7fe6bf7fe700 1 --2- >> [v2:172.21.15.33:3300/0,v1:172.21.15.33:6789/0] conn(0x7fe6c0079c90 0x7fe6c0199780 unknown :-1 s=HELLO_CONNECTING pgs=0 cs=0 l=1 rev1=1 crypto rx=0 tx=0 comp rx=0 tx=0).handle_hello peer v2:172.21.15.33:3300/0 says I am v2:172.21.15.33:47910/0 (socket says 172.21.15.33:47910)
2024-03-18T00:23:13.652 INFO:teuthology.orchestra.run.smithi033.stdout:/usr/bin/ceph: stderr
2024-03-18T00:23:12.610+0000 7fe6bf7fe700 1 -- 172.21.15.33:0/3845331284 learned_addr learned my addr 172.21.15.33:0/3845331284 (peer_addr_for_me v2:172.21.15.33:0/0)
2024-03-18T00:23:13.652 INFO:teuthology.orchestra.run.smithi033.stdout:/usr/bin/ceph: stderr
2024-03-18T00:23:12.610+0000 7fe6bf7fe700 1 -- 172.21.15.33:0/3845331284 --> [v2:172.21.15.33:3300/0,v1:172.21.15.33:6789/0] -- mon_subscribe({config=0+,monmap=0+}) v3 -- 0x7fe6b0009550 con 0x7fe6c0079c90
2024-03-18T00:23:13.652 INFO:teuthology.orchestra.run.smithi033.stdout:/usr/bin/ceph: stderr
2024-03-18T00:23:12.610+0000 7fe6bf7fe700 1 --2- 172.21.15.33:0/3845331284 >> [v2:172.21.15.33:3300/0,v1:172.21.15.33:6789/0] conn(0x7fe6c0079c90 0x7fe6c0199780 secure :-1 s=READY pgs=87 cs=0 l=1 rev1=1 crypto rx=0x7fe6b0009130 tx=0x7fe6b0011b50 comp rx=0 tx=0).ready entity=mon.0 client_cookie=0 server_cookie=0 in_seq=0 out_seq=0
2024-03-18T00:23:13.653 INFO:teuthology.orchestra.run.smithi033.stdout:/usr/bin/ceph: stderr
2024-03-18T00:23:12.611+0000 7fe6bcff9700 1 -- 172.21.15.33:0/3845331284 <== mon.0 v2:172.21.15.33:3300/0 1 ==== mon_map magic: 0 v1 ==== 229+0+0 (secure 0 0 0) 0x7fe6b0003970 con 0x7fe6c0079c90
2024-03-18T00:23:13.653 INFO:teuthology.orchestra.run.smithi033.stdout:/usr/bin/ceph: stderr
2024-03-18T00:23:12.611+0000 7fe6bcff9700 1 -- 172.21.15.33:0/3845331284 <== mon.0 v2:172.21.15.33:3300/0 2 ==== config(27 keys) v1 ==== 1101+0+0 (secure 0 0 0) 0x7fe6b0003ad0 con 0x7fe6c0079c90
2024-03-18T00:23:13.653 INFO:teuthology.orchestra.run.smithi033.stdout:/usr/bin/ceph: stderr
2024-03-18T00:23:12.611+0000 7fe6c5c6f700 1 -- 172.21.15.33:0/3845331284 --> [v2:172.21.15.33:3300/0,v1:172.21.15.33:6789/0] -- mon_subscribe({mgrmap=0+}) v3 -- 0x7fe6c0199ec0 con 0x7fe6c0079c90
2024-03-18T00:23:13.653 INFO:teuthology.orchestra.run.smithi033.stdout:/usr/bin/ceph: stderr
2024-03-18T00:23:12.611+0000 7fe6bcff9700 1 -- 172.21.15.33:0/3845331284 <== mon.0 v2:172.21.15.33:3300/0 3 ==== mon_map magic: 0 v1 ==== 229+0+0 (secure 0 0 0) 0x7fe6b00247f0 con 0x7fe6c0079c90
2024-03-18T00:23:13.653 INFO:teuthology.orchestra.run.smithi033.stdout:/usr/bin/ceph: stderr
2024-03-18T00:23:12.611+0000 7fe6c5c6f700 1 -- 172.21.15.33:0/3845331284 --> [v2:172.21.15.33:3300/0,v1:172.21.15.33:6789/0] -- mon_subscribe({osdmap=0}) v3 -- 0x7fe6c019a360 con 0x7fe6c0079c90
2024-03-18T00:23:13.653 INFO:teuthology.orchestra.run.smithi033.stdout:/usr/bin/ceph: stderr
2024-03-18T00:23:12.612+0000 7fe6bcff9700 1 -- 172.21.15.33:0/3845331284 <== mon.0 v2:172.21.15.33:3300/0 4 ==== mgrmap(e 12) v1 ==== 45097+0+0 (secure 0 0 0) 0x7fe6b0024a30 con 0x7fe6c0079c90
2024-03-18T00:23:13.653 INFO:teuthology.orchestra.run.smithi033.stdout:/usr/bin/ceph: stderr
2024-03-18T00:23:12.612+0000 7fe6c5c6f700 1 -- 172.21.15.33:0/3845331284 --> [v2:172.21.15.33:3300/0,v1:172.21.15.33:6789/0] -- mon_command({"prefix": "get_command_descriptions"} v 0) v1 -- 0x7fe6c0109ae0 con 0x7fe6c0079c90
2024-03-18T00:23:13.653 INFO:teuthology.orchestra.run.smithi033.stdout:/usr/bin/ceph: stderr
2024-03-18T00:23:12.612+0000 7fe6bcff9700 1 --2- 172.21.15.33:0/3845331284 >> [v2:172.21.15.33:6800/2240381552,v1:172.21.15.33:6801/2240381552] conn(0x7fe6a8038440 0x7fe6a803a8f0 unknown :-1 s=NONE pgs=0 cs=0 l=1 rev1=0 crypto rx=0 tx=0 comp rx=0 tx=0).connect
2024-03-18T00:23:13.653 INFO:teuthology.orchestra.run.smithi033.stdout:/usr/bin/ceph: stderr
2024-03-18T00:23:12.612+0000 7fe6bcff9700 1 -- 172.21.15.33:0/3845331284 <== mon.0 v2:172.21.15.33:3300/0 5 ==== osd_map(3..3 src has 1..3) v4 ==== 1155+0+0 (secure 0 0 0) 0x7fe6b004c370 con 0x7fe6c0079c90
2024-03-18T00:23:13.653 INFO:teuthology.orchestra.run.smithi033.stdout:/usr/bin/ceph: stderr
2024-03-18T00:23:12.612+0000 7fe6beffd700 1 --2- 172.21.15.33:0/3845331284 >> [v2:172.21.15.33:6800/2240381552,v1:172.21.15.33:6801/2240381552] conn(0x7fe6a8038440 0x7fe6a803a8f0 unknown :-1 s=BANNER_CONNECTING pgs=0 cs=0 l=1 rev1=0 crypto rx=0 tx=0 comp rx=0 tx=0)._handle_peer_banner_payload supported=3 required=0
2024-03-18T00:23:13.653 INFO:teuthology.orchestra.run.smithi033.stdout:/usr/bin/ceph: stderr
2024-03-18T00:23:12.612+0000 7fe6beffd700 1 --2- 172.21.15.33:0/3845331284 >> [v2:172.21.15.33:6800/2240381552,v1:172.21.15.33:6801/2240381552] conn(0x7fe6a8038440 0x7fe6a803a8f0 secure :-1 s=READY pgs=9 cs=0 l=1 rev1=1 crypto rx=0x7fe6b4006fd0 tx=0x7fe6b4006e40 comp rx=0 tx=0).ready entity=mgr.14164 client_cookie=0 server_cookie=0 in_seq=0 out_seq=0
2024-03-18T00:23:13.653 INFO:teuthology.orchestra.run.smithi033.stdout:/usr/bin/ceph: stderr
2024-03-18T00:23:12.617+0000 7fe6bcff9700 1 -- 172.21.15.33:0/3845331284 <== mon.0 v2:172.21.15.33:3300/0 6 ==== mon_command_ack([{"prefix": "get_command_descriptions"}]=0 v0) v1 ==== 72+0+177933 (secure 0 0 0) 0x7fe6b0010380 con 0x7fe6c0079c90
2024-03-18T00:23:13.653 INFO:teuthology.orchestra.run.smithi033.stdout:/usr/bin/ceph: stderr
2024-03-18T00:23:12.818+0000 7fe6c5c6f700 1 -- 172.21.15.33:0/3845331284 --> [v2:172.21.15.33:3300/0,v1:172.21.15.33:6789/0] -- mon_command({"prefix": "config get", "who": "mgr", "key": "mgr/dashboard/ssl_server_port"} v 0) v1 -- 0x7fe6c019d1a0 con 0x7fe6c0079c90
2024-03-18T00:23:13.653 INFO:teuthology.orchestra.run.smithi033.stdout:/usr/bin/ceph: stderr
2024-03-18T00:23:12.819+0000 7fe6bcff9700 1 -- 172.21.15.33:0/3845331284 <== mon.0 v2:172.21.15.33:3300/0 7 ==== mon_command_ack([{"prefix": "config get", "who": "mgr", "key": "mgr/dashboard/ssl_server_port"}]=0 v8) v1 ==== 112+0+5 (secure 0 0 0) 0x7fe6b0018b00 con 0x7fe6c0079c90
2024-03-18T00:23:13.654 INFO:teuthology.orchestra.run.smithi033.stdout:/usr/bin/ceph: stderr
2024-03-18T00:23:12.821+0000 7fe6c5c6f700 1 -- 172.21.15.33:0/3845331284 >> [v2:172.21.15.33:6800/2240381552,v1:172.21.15.33:6801/2240381552] conn(0x7fe6a8038440 msgr2=0x7fe6a803a8f0 secure :-1 s=STATE_CONNECTION_ESTABLISHED l=1).mark_down
2024-03-18T00:23:13.654 INFO:teuthology.orchestra.run.smithi033.stdout:/usr/bin/ceph: stderr
2024-03-18T00:23:12.821+0000 7fe6c5c6f700 1 --2- 172.21.15.33:0/3845331284 >> [v2:172.21.15.33:6800/2240381552,v1:172.21.15.33:6801/2240381552] conn(0x7fe6a8038440 0x7fe6a803a8f0 secure :-1 s=READY pgs=9 cs=0 l=1 rev1=1 crypto rx=0x7fe6b4006fd0 tx=0x7fe6b4006e40 comp rx=0 tx=0).stop
2024-03-18T00:23:13.654 INFO:teuthology.orchestra.run.smithi033.stdout:/usr/bin/ceph: stderr
2024-03-18T00:23:12.821+0000 7fe6c5c6f700 1 -- 172.21.15.33:0/3845331284 >> [v2:172.21.15.33:3300/0,v1:172.21.15.33:6789/0] conn(0x7fe6c0079c90 msgr2=0x7fe6c0199780 secure :-1 s=STATE_CONNECTION_ESTABLISHED l=1).mark_down
2024-03-18T00:23:13.654 INFO:teuthology.orchestra.run.smithi033.stdout:/usr/bin/ceph: stderr
2024-03-18T00:23:12.821+0000 7fe6c5c6f700 1 --2- 172.21.15.33:0/3845331284 >> [v2:172.21.15.33:3300/0,v1:172.21.15.33:6789/0] conn(0x7fe6c0079c90 0x7fe6c0199780 secure :-1 s=READY pgs=87 cs=0 l=1 rev1=1 crypto rx=0x7fe6b0009130 tx=0x7fe6b0011b50 comp rx=0 tx=0).stop
2024-03-18T00:23:13.654 INFO:teuthology.orchestra.run.smithi033.stdout:/usr/bin/ceph: stderr
2024-03-18T00:23:12.821+0000 7fe6c5c6f700 1 -- 172.21.15.33:0/3845331284 shutdown_connections
2024-03-18T00:23:13.654 INFO:teuthology.orchestra.run.smithi033.stdout:/usr/bin/ceph: stderr
2024-03-18T00:23:12.821+0000 7fe6c5c6f700 1 --2- 172.21.15.33:0/3845331284 >> [v2:172.21.15.33:6800/2240381552,v1:172.21.15.33:6801/2240381552] conn(0x7fe6a8038440 0x7fe6a803a8f0 unknown :-1 s=CLOSED pgs=9 cs=0 l=1 rev1=1 crypto rx=0 tx=0 comp rx=0 tx=0).stop
2024-03-18T00:23:13.654 INFO:teuthology.orchestra.run.smithi033.stdout:/usr/bin/ceph: stderr
2024-03-18T00:23:12.821+0000 7fe6c5c6f700 1 --2- 172.21.15.33:0/3845331284 >> [v2:172.21.15.33:3300/0,v1:172.21.15.33:6789/0] conn(0x7fe6c0079c90 0x7fe6c0199780 unknown :-1 s=CLOSED pgs=87 cs=0 l=1 rev1=1 crypto rx=0 tx=0 comp rx=0 tx=0).stop
2024-03-18T00:23:13.654 INFO:teuthology.orchestra.run.smithi033.stdout:/usr/bin/ceph: stderr
2024-03-18T00:23:12.821+0000 7fe6c5c6f700 1 -- 172.21.15.33:0/3845331284 >> 172.21.15.33:0/3845331284 conn(0x7fe6c00fff00 msgr2=0x7fe6c01015a0 unknown :-1 s=STATE_NONE l=0).mark_down
2024-03-18T00:23:13.654 INFO:teuthology.orchestra.run.smithi033.stdout:/usr/bin/ceph: stderr
2024-03-18T00:23:12.821+0000 7fe6c5c6f700 1 -- 172.21.15.33:0/3845331284 shutdown_connections
2024-03-18T00:23:13.654 INFO:teuthology.orchestra.run.smithi033.stdout:/usr/bin/ceph: stderr
2024-03-18T00:23:12.821+0000 7fe6c5c6f700 1 -- 172.21.15.33:0/3845331284 wait complete.
2024-03-18T00:23:13.658 INFO:teuthology.orchestra.run.smithi033.stdout:Non-zero exit code 1 from systemctl is-enabled firewalld.service
2024-03-18T00:23:13.658 INFO:teuthology.orchestra.run.smithi033.stdout:systemctl: stdout disabled
2024-03-18T00:23:13.666 INFO:teuthology.orchestra.run.smithi033.stdout:Non-zero exit code 3 from systemctl is-active firewalld.service
2024-03-18T00:23:13.666 INFO:teuthology.orchestra.run.smithi033.stdout:systemctl: stdout inactive
2024-03-18T00:23:13.666 INFO:teuthology.orchestra.run.smithi033.stdout:firewalld.service is not enabled
2024-03-18T00:23:13.666 INFO:teuthology.orchestra.run.smithi033.stdout:Not possible to open ports <[8443]>. firewalld.service is not available
2024-03-18T00:23:13.670 INFO:teuthology.orchestra.run.smithi033.stdout:Ceph Dashboard is now available at:
2024-03-18T00:23:13.670 INFO:teuthology.orchestra.run.smithi033.stdout:
2024-03-18T00:23:13.671 INFO:teuthology.orchestra.run.smithi033.stdout: URL: https://smithi033.front.sepia.ceph.com:8443/
2024-03-18T00:23:13.671 INFO:teuthology.orchestra.run.smithi033.stdout: User: admin
2024-03-18T00:23:13.671 INFO:teuthology.orchestra.run.smithi033.stdout: Password: 462nmp7cjk
2024-03-18T00:23:13.671 INFO:teuthology.orchestra.run.smithi033.stdout:
2024-03-18T00:23:13.671 INFO:teuthology.orchestra.run.smithi033.stdout:Saving cluster configuration to /var/lib/ceph/76bd6196-e4bd-11ee-95c9-87774f69a715/config directory
2024-03-18T00:23:13.671 INFO:teuthology.orchestra.run.smithi033.stdout:Enabling autotune for osd_memory_target
2024-03-18T00:23:14.631 INFO:journalctl@ceph.mon.smithi033.smithi033.stdout:Mar 18 00:23:14 smithi033 ceph-mon[29175]: mgrmap e13: smithi033.uhuasu(active, since 6s)
2024-03-18T00:23:14.915 INFO:teuthology.orchestra.run.smithi033.stdout:/usr/bin/ceph: stderr
2024-03-18T00:23:14.100+0000 7fad52ee4700 1 Processor -- start
2024-03-18T00:23:14.915 INFO:teuthology.orchestra.run.smithi033.stdout:/usr/bin/ceph: stderr
2024-03-18T00:23:14.100+0000 7fad52ee4700 1 -- start start
2024-03-18T00:23:14.915 INFO:teuthology.orchestra.run.smithi033.stdout:/usr/bin/ceph: stderr
2024-03-18T00:23:14.100+0000 7fad52ee4700 1 --2- >> [v2:172.21.15.33:3300/0,v1:172.21.15.33:6789/0] conn(0x7fad4c103cb0 0x7fad4c1040c0 unknown :-1 s=NONE pgs=0 cs=0 l=0 rev1=0 crypto rx=0 tx=0 comp rx=0 tx=0).connect
2024-03-18T00:23:14.915 INFO:teuthology.orchestra.run.smithi033.stdout:/usr/bin/ceph: stderr
2024-03-18T00:23:14.100+0000 7fad52ee4700 1 -- --> [v2:172.21.15.33:3300/0,v1:172.21.15.33:6789/0] -- mon_getmap magic: 0 v1 -- 0x7fad4c104600 con 0x7fad4c103cb0
2024-03-18T00:23:14.915 INFO:teuthology.orchestra.run.smithi033.stdout:/usr/bin/ceph: stderr
2024-03-18T00:23:14.100+0000 7fad50c80700 1 --2- >> [v2:172.21.15.33:3300/0,v1:172.21.15.33:6789/0] conn(0x7fad4c103cb0 0x7fad4c1040c0 unknown :-1 s=BANNER_CONNECTING pgs=0 cs=0 l=0 rev1=0 crypto rx=0 tx=0 comp rx=0 tx=0)._handle_peer_banner_payload supported=3 required=0
2024-03-18T00:23:14.915 INFO:teuthology.orchestra.run.smithi033.stdout:/usr/bin/ceph: stderr
2024-03-18T00:23:14.100+0000 7fad50c80700 1 --2- >> [v2:172.21.15.33:3300/0,v1:172.21.15.33:6789/0] conn(0x7fad4c103cb0 0x7fad4c1040c0 unknown :-1 s=HELLO_CONNECTING pgs=0 cs=0 l=0 rev1=1 crypto rx=0 tx=0 comp rx=0 tx=0).handle_hello peer v2:172.21.15.33:3300/0 says I am v2:172.21.15.33:47912/0 (socket says 172.21.15.33:47912)
2024-03-18T00:23:14.915 INFO:teuthology.orchestra.run.smithi033.stdout:/usr/bin/ceph: stderr
2024-03-18T00:23:14.100+0000 7fad50c80700 1 -- 172.21.15.33:0/2170421219 learned_addr learned my addr 172.21.15.33:0/2170421219 (peer_addr_for_me v2:172.21.15.33:0/0)
2024-03-18T00:23:14.915 INFO:teuthology.orchestra.run.smithi033.stdout:/usr/bin/ceph: stderr
2024-03-18T00:23:14.101+0000 7fad50c80700 1 -- 172.21.15.33:0/2170421219 --> [v2:172.21.15.33:3300/0,v1:172.21.15.33:6789/0] -- mon_subscribe({config=0+,monmap=0+}) v3 -- 0x7fad4c104740 con 0x7fad4c103cb0
2024-03-18T00:23:14.915 INFO:teuthology.orchestra.run.smithi033.stdout:/usr/bin/ceph: stderr
2024-03-18T00:23:14.101+0000 7fad50c80700 1 --2- 172.21.15.33:0/2170421219 >> [v2:172.21.15.33:3300/0,v1:172.21.15.33:6789/0] conn(0x7fad4c103cb0 0x7fad4c1040c0 secure :-1 s=READY pgs=88 cs=0 l=1 rev1=1 crypto rx=0x7fad400098a0 tx=0x7fad40009bb0 comp rx=0 tx=0).ready entity=mon.0 client_cookie=9544a8acc82badaa server_cookie=0 in_seq=0 out_seq=0
2024-03-18T00:23:14.915 INFO:teuthology.orchestra.run.smithi033.stdout:/usr/bin/ceph: stderr
2024-03-18T00:23:14.101+0000 7fad4b7fe700 1 -- 172.21.15.33:0/2170421219 <== mon.0 v2:172.21.15.33:3300/0 1 ==== mon_map magic: 0 v1 ==== 229+0+0 (secure 0 0 0) 0x7fad40004180 con 0x7fad4c103cb0
2024-03-18T00:23:14.916 INFO:teuthology.orchestra.run.smithi033.stdout:/usr/bin/ceph: stderr
2024-03-18T00:23:14.101+0000 7fad4b7fe700 1 -- 172.21.15.33:0/2170421219 <== mon.0 v2:172.21.15.33:3300/0 2 ==== config(27 keys) v1 ==== 1101+0+0 (secure 0 0 0) 0x7fad400042e0 con 0x7fad4c103cb0
2024-03-18T00:23:14.916 INFO:teuthology.orchestra.run.smithi033.stdout:/usr/bin/ceph: stderr
2024-03-18T00:23:14.101+0000 7fad4b7fe700 1 -- 172.21.15.33:0/2170421219 <== mon.0 v2:172.21.15.33:3300/0 3 ==== mon_map magic: 0 v1 ==== 229+0+0 (secure 0 0 0) 0x7fad40011af0 con 0x7fad4c103cb0
2024-03-18T00:23:14.916 INFO:teuthology.orchestra.run.smithi033.stdout:/usr/bin/ceph: stderr
2024-03-18T00:23:14.101+0000 7fad52ee4700 1 -- 172.21.15.33:0/2170421219 >> [v2:172.21.15.33:3300/0,v1:172.21.15.33:6789/0] conn(0x7fad4c103cb0 msgr2=0x7fad4c1040c0 secure :-1 s=STATE_CONNECTION_ESTABLISHED l=1).mark_down
2024-03-18T00:23:14.916 INFO:teuthology.orchestra.run.smithi033.stdout:/usr/bin/ceph: stderr
2024-03-18T00:23:14.101+0000 7fad52ee4700 1 --2- 172.21.15.33:0/2170421219 >> [v2:172.21.15.33:3300/0,v1:172.21.15.33:6789/0] conn(0x7fad4c103cb0 0x7fad4c1040c0 secure :-1 s=READY pgs=88 cs=0 l=1 rev1=1 crypto rx=0x7fad400098a0 tx=0x7fad40009bb0 comp rx=0 tx=0).stop
2024-03-18T00:23:14.916 INFO:teuthology.orchestra.run.smithi033.stdout:/usr/bin/ceph: stderr
2024-03-18T00:23:14.101+0000 7fad52ee4700 1 -- 172.21.15.33:0/2170421219 shutdown_connections
2024-03-18T00:23:14.916 INFO:teuthology.orchestra.run.smithi033.stdout:/usr/bin/ceph: stderr
2024-03-18T00:23:14.101+0000 7fad52ee4700 1 --2- 172.21.15.33:0/2170421219 >> [v2:172.21.15.33:3300/0,v1:172.21.15.33:6789/0] conn(0x7fad4c103cb0 0x7fad4c1040c0 unknown :-1 s=CLOSED pgs=88 cs=0 l=1 rev1=1 crypto rx=0 tx=0 comp rx=0 tx=0).stop
2024-03-18T00:23:14.916 INFO:teuthology.orchestra.run.smithi033.stdout:/usr/bin/ceph: stderr
2024-03-18T00:23:14.101+0000 7fad52ee4700 1 -- 172.21.15.33:0/2170421219 >> 172.21.15.33:0/2170421219 conn(0x7fad4c0ff670 msgr2=0x7fad4c101ac0 unknown :-1 s=STATE_NONE l=0).mark_down
2024-03-18T00:23:14.916 INFO:teuthology.orchestra.run.smithi033.stdout:/usr/bin/ceph: stderr
2024-03-18T00:23:14.102+0000 7fad52ee4700 1 -- 172.21.15.33:0/2170421219 shutdown_connections
2024-03-18T00:23:14.916 INFO:teuthology.orchestra.run.smithi033.stdout:/usr/bin/ceph: stderr
2024-03-18T00:23:14.102+0000 7fad52ee4700 1 -- 172.21.15.33:0/2170421219 wait complete.
2024-03-18T00:23:14.916 INFO:teuthology.orchestra.run.smithi033.stdout:/usr/bin/ceph: stderr
2024-03-18T00:23:14.102+0000 7fad52ee4700 1 Processor -- start
2024-03-18T00:23:14.916 INFO:teuthology.orchestra.run.smithi033.stdout:/usr/bin/ceph: stderr
2024-03-18T00:23:14.102+0000 7fad52ee4700 1 -- start start
2024-03-18T00:23:14.916 INFO:teuthology.orchestra.run.smithi033.stdout:/usr/bin/ceph: stderr
2024-03-18T00:23:14.102+0000 7fad52ee4700 1 --2- >> [v2:172.21.15.33:3300/0,v1:172.21.15.33:6789/0] conn(0x7fad4c103cb0 0x7fad4c106640 unknown :-1 s=NONE pgs=0 cs=0 l=1 rev1=0 crypto rx=0 tx=0 comp rx=0 tx=0).connect
2024-03-18T00:23:14.917 INFO:teuthology.orchestra.run.smithi033.stdout:/usr/bin/ceph: stderr
2024-03-18T00:23:14.102+0000 7fad52ee4700 1 -- --> [v2:172.21.15.33:3300/0,v1:172.21.15.33:6789/0] -- mon_getmap magic: 0 v1 -- 0x7fad4c106b80 con 0x7fad4c103cb0
2024-03-18T00:23:14.917 INFO:teuthology.orchestra.run.smithi033.stdout:/usr/bin/ceph: stderr
2024-03-18T00:23:14.102+0000 7fad50c80700 1 --2- >> [v2:172.21.15.33:3300/0,v1:172.21.15.33:6789/0] conn(0x7fad4c103cb0 0x7fad4c106640 unknown :-1 s=BANNER_CONNECTING pgs=0 cs=0 l=1 rev1=0 crypto rx=0 tx=0 comp rx=0 tx=0)._handle_peer_banner_payload supported=3 required=0
2024-03-18T00:23:14.917 INFO:teuthology.orchestra.run.smithi033.stdout:/usr/bin/ceph: stderr
2024-03-18T00:23:14.102+0000 7fad50c80700 1 --2- >> [v2:172.21.15.33:3300/0,v1:172.21.15.33:6789/0] conn(0x7fad4c103cb0 0x7fad4c106640 unknown :-1 s=HELLO_CONNECTING pgs=0 cs=0 l=1 rev1=1 crypto rx=0 tx=0 comp rx=0 tx=0).handle_hello peer v2:172.21.15.33:3300/0 says I am v2:172.21.15.33:47920/0 (socket says 172.21.15.33:47920)
2024-03-18T00:23:14.917 INFO:teuthology.orchestra.run.smithi033.stdout:/usr/bin/ceph: stderr
2024-03-18T00:23:14.102+0000 7fad50c80700 1 -- 172.21.15.33:0/4086569613 learned_addr learned my addr 172.21.15.33:0/4086569613 (peer_addr_for_me v2:172.21.15.33:0/0)
2024-03-18T00:23:14.917 INFO:teuthology.orchestra.run.smithi033.stdout:/usr/bin/ceph: stderr
2024-03-18T00:23:14.103+0000 7fad50c80700 1 -- 172.21.15.33:0/4086569613 --> [v2:172.21.15.33:3300/0,v1:172.21.15.33:6789/0] -- mon_subscribe({config=0+,monmap=0+}) v3 -- 0x7fad40009550 con 0x7fad4c103cb0
2024-03-18T00:23:14.917 INFO:teuthology.orchestra.run.smithi033.stdout:/usr/bin/ceph: stderr
2024-03-18T00:23:14.103+0000 7fad50c80700 1 --2- 172.21.15.33:0/4086569613 >> [v2:172.21.15.33:3300/0,v1:172.21.15.33:6789/0] conn(0x7fad4c103cb0 0x7fad4c106640 secure :-1 s=READY pgs=89 cs=0 l=1 rev1=1 crypto rx=0x7fad40011670 tx=0x7fad40011aa0 comp rx=0 tx=0).ready entity=mon.0 client_cookie=0 server_cookie=0 in_seq=0 out_seq=0
2024-03-18T00:23:14.917 INFO:teuthology.orchestra.run.smithi033.stdout:/usr/bin/ceph: stderr
2024-03-18T00:23:14.103+0000 7fad49ffb700 1 -- 172.21.15.33:0/4086569613 <== mon.0 v2:172.21.15.33:3300/0 1 ==== mon_map magic: 0 v1 ==== 229+0+0 (secure 0 0 0) 0x7fad400039c0 con 0x7fad4c103cb0
2024-03-18T00:23:14.917 INFO:teuthology.orchestra.run.smithi033.stdout:/usr/bin/ceph: stderr
2024-03-18T00:23:14.103+0000 7fad49ffb700 1 -- 172.21.15.33:0/4086569613 <== mon.0 v2:172.21.15.33:3300/0 2 ==== config(27 keys) v1 ==== 1101+0+0 (secure 0 0 0) 0x7fad40003b20 con 0x7fad4c103cb0
2024-03-18T00:23:14.917 INFO:teuthology.orchestra.run.smithi033.stdout:/usr/bin/ceph: stderr
2024-03-18T00:23:14.103+0000 7fad52ee4700 1 -- 172.21.15.33:0/4086569613 --> [v2:172.21.15.33:3300/0,v1:172.21.15.33:6789/0] -- mon_subscribe({mgrmap=0+}) v3 -- 0x7fad4c104c90 con 0x7fad4c103cb0
2024-03-18T00:23:14.917 INFO:teuthology.orchestra.run.smithi033.stdout:/usr/bin/ceph: stderr
2024-03-18T00:23:14.103+0000 7fad49ffb700 1 -- 172.21.15.33:0/4086569613 <== mon.0 v2:172.21.15.33:3300/0 3 ==== mon_map magic: 0 v1 ==== 229+0+0 (secure 0 0 0) 0x7fad400247f0 con 0x7fad4c103cb0
2024-03-18T00:23:14.917 INFO:teuthology.orchestra.run.smithi033.stdout:/usr/bin/ceph: stderr
2024-03-18T00:23:14.103+0000 7fad52ee4700 1 -- 172.21.15.33:0/4086569613 --> [v2:172.21.15.33:3300/0,v1:172.21.15.33:6789/0] -- mon_subscribe({osdmap=0}) v3 -- 0x7fad4c105130 con 0x7fad4c103cb0
2024-03-18T00:23:14.917 INFO:teuthology.orchestra.run.smithi033.stdout:/usr/bin/ceph: stderr
2024-03-18T00:23:14.104+0000 7fad49ffb700 1 -- 172.21.15.33:0/4086569613 <== mon.0 v2:172.21.15.33:3300/0 4 ==== mgrmap(e 13) v1 ==== 45140+0+0 (secure 0 0 0) 0x7fad40024ab0 con 0x7fad4c103cb0
2024-03-18T00:23:14.917 INFO:teuthology.orchestra.run.smithi033.stdout:/usr/bin/ceph: stderr
2024-03-18T00:23:14.104+0000 7fad52ee4700 1 -- 172.21.15.33:0/4086569613 --> [v2:172.21.15.33:3300/0,v1:172.21.15.33:6789/0] -- mon_command({"prefix": "get_command_descriptions"} v 0) v1 -- 0x7fad4c062380 con 0x7fad4c103cb0
2024-03-18T00:23:14.918 INFO:teuthology.orchestra.run.smithi033.stdout:/usr/bin/ceph: stderr
2024-03-18T00:23:14.104+0000 7fad49ffb700 1 --2- 172.21.15.33:0/4086569613 >> [v2:172.21.15.33:6800/2240381552,v1:172.21.15.33:6801/2240381552] conn(0x7fad3c0384a0 0x7fad3c03a950 unknown :-1 s=NONE pgs=0 cs=0 l=1 rev1=0 crypto rx=0 tx=0 comp rx=0 tx=0).connect
2024-03-18T00:23:14.918 INFO:teuthology.orchestra.run.smithi033.stdout:/usr/bin/ceph: stderr
2024-03-18T00:23:14.104+0000 7fad49ffb700 1 -- 172.21.15.33:0/4086569613 <== mon.0 v2:172.21.15.33:3300/0 5 ==== osd_map(3..3 src has 1..3) v4 ==== 1155+0+0 (secure 0 0 0) 0x7fad4004c680 con 0x7fad4c103cb0
2024-03-18T00:23:14.918 INFO:teuthology.orchestra.run.smithi033.stdout:/usr/bin/ceph: stderr
2024-03-18T00:23:14.104+0000 7fad4bfff700 1 --2- 172.21.15.33:0/4086569613 >> [v2:172.21.15.33:6800/2240381552,v1:172.21.15.33:6801/2240381552] conn(0x7fad3c0384a0 0x7fad3c03a950 unknown :-1 s=BANNER_CONNECTING pgs=0 cs=0 l=1 rev1=0 crypto rx=0 tx=0 comp rx=0 tx=0)._handle_peer_banner_payload supported=3 required=0
2024-03-18T00:23:14.918 INFO:teuthology.orchestra.run.smithi033.stdout:/usr/bin/ceph: stderr
2024-03-18T00:23:14.105+0000 7fad4bfff700 1 --2- 172.21.15.33:0/4086569613 >> [v2:172.21.15.33:6800/2240381552,v1:172.21.15.33:6801/2240381552] conn(0x7fad3c0384a0 0x7fad3c03a950 secure :-1 s=READY pgs=10 cs=0 l=1 rev1=1 crypto rx=0x7fad38006fd0 tx=0x7fad38006e40 comp rx=0 tx=0).ready entity=mgr.14164 client_cookie=0 server_cookie=0 in_seq=0 out_seq=0
2024-03-18T00:23:14.918 INFO:teuthology.orchestra.run.smithi033.stdout:/usr/bin/ceph: stderr
2024-03-18T00:23:14.109+0000 7fad49ffb700 1 -- 172.21.15.33:0/4086569613 <== mon.0 v2:172.21.15.33:3300/0 6 ==== mon_command_ack([{"prefix": "get_command_descriptions"}]=0 v0) v1 ==== 72+0+177933 (secure 0 0 0) 0x7fad40018530 con 0x7fad4c103cb0
2024-03-18T00:23:14.918 INFO:teuthology.orchestra.run.smithi033.stdout:/usr/bin/ceph: stderr
2024-03-18T00:23:14.309+0000 7fad52ee4700 1 -- 172.21.15.33:0/4086569613 --> [v2:172.21.15.33:3300/0,v1:172.21.15.33:6789/0] -- mon_command([{prefix=config set, name=osd_memory_target_autotune}] v 0) v1 -- 0x7fad4c105a40 con 0x7fad4c103cb0
2024-03-18T00:23:14.918 INFO:teuthology.orchestra.run.smithi033.stdout:/usr/bin/ceph: stderr
2024-03-18T00:23:14.310+0000 7fad49ffb700 1 -- 172.21.15.33:0/4086569613 <== mon.0 v2:172.21.15.33:3300/0 7 ==== mon_command_ack([{prefix=config set, name=osd_memory_target_autotune}]=0 v8)=0 v8) v1 ==== 127+0+0 (secure 0 0 0) 0x7fad40018350 con 0x7fad4c103cb0
2024-03-18T00:23:14.918 INFO:teuthology.orchestra.run.smithi033.stdout:/usr/bin/ceph: stderr
2024-03-18T00:23:14.312+0000 7fad52ee4700 1 -- 172.21.15.33:0/4086569613 >> [v2:172.21.15.33:6800/2240381552,v1:172.21.15.33:6801/2240381552] conn(0x7fad3c0384a0 msgr2=0x7fad3c03a950 secure :-1 s=STATE_CONNECTION_ESTABLISHED l=1).mark_down
2024-03-18T00:23:14.918 INFO:teuthology.orchestra.run.smithi033.stdout:/usr/bin/ceph: stderr
2024-03-18T00:23:14.312+0000 7fad52ee4700 1 --2- 172.21.15.33:0/4086569613 >> [v2:172.21.15.33:6800/2240381552,v1:172.21.15.33:6801/2240381552] conn(0x7fad3c0384a0 0x7fad3c03a950 secure :-1 s=READY pgs=10 cs=0 l=1 rev1=1 crypto rx=0x7fad38006fd0 tx=0x7fad38006e40 comp rx=0 tx=0).stop
2024-03-18T00:23:14.918 INFO:teuthology.orchestra.run.smithi033.stdout:/usr/bin/ceph: stderr
2024-03-18T00:23:14.312+0000 7fad52ee4700 1 -- 172.21.15.33:0/4086569613 >> [v2:172.21.15.33:3300/0,v1:172.21.15.33:6789/0] conn(0x7fad4c103cb0 msgr2=0x7fad4c106640 secure :-1 s=STATE_CONNECTION_ESTABLISHED l=1).mark_down
2024-03-18T00:23:14.918 INFO:teuthology.orchestra.run.smithi033.stdout:/usr/bin/ceph: stderr
2024-03-18T00:23:14.312+0000 7fad52ee4700 1 --2- 172.21.15.33:0/4086569613 >> [v2:172.21.15.33:3300/0,v1:172.21.15.33:6789/0] conn(0x7fad4c103cb0 0x7fad4c106640 secure :-1 s=READY pgs=89 cs=0 l=1 rev1=1 crypto rx=0x7fad40011670 tx=0x7fad40011aa0 comp rx=0 tx=0).stop
2024-03-18T00:23:14.919 INFO:teuthology.orchestra.run.smithi033.stdout:/usr/bin/ceph: stderr
2024-03-18T00:23:14.312+0000 7fad52ee4700 1 -- 172.21.15.33:0/4086569613 shutdown_connections
2024-03-18T00:23:14.919 INFO:teuthology.orchestra.run.smithi033.stdout:/usr/bin/ceph: stderr
2024-03-18T00:23:14.312+0000 7fad52ee4700 1 --2- 172.21.15.33:0/4086569613 >> [v2:172.21.15.33:6800/2240381552,v1:172.21.15.33:6801/2240381552] conn(0x7fad3c0384a0 0x7fad3c03a950 unknown :-1 s=CLOSED pgs=10 cs=0 l=1 rev1=1 crypto rx=0 tx=0 comp rx=0 tx=0).stop
2024-03-18T00:23:14.919 INFO:teuthology.orchestra.run.smithi033.stdout:/usr/bin/ceph: stderr
2024-03-18T00:23:14.312+0000 7fad52ee4700 1 --2- 172.21.15.33:0/4086569613 >> [v2:172.21.15.33:3300/0,v1:172.21.15.33:6789/0] conn(0x7fad4c103cb0 0x7fad4c106640 unknown :-1 s=CLOSED pgs=89 cs=0 l=1 rev1=1 crypto rx=0 tx=0 comp rx=0 tx=0).stop
2024-03-18T00:23:14.919 INFO:teuthology.orchestra.run.smithi033.stdout:/usr/bin/ceph: stderr
2024-03-18T00:23:14.312+0000 7fad52ee4700 1 -- 172.21.15.33:0/4086569613 >> 172.21.15.33:0/4086569613 conn(0x7fad4c0ff670 msgr2=0x7fad4c100d50 unknown :-1 s=STATE_NONE l=0).mark_down
2024-03-18T00:23:14.919 INFO:teuthology.orchestra.run.smithi033.stdout:/usr/bin/ceph: stderr
2024-03-18T00:23:14.312+0000 7fad52ee4700 1 -- 172.21.15.33:0/4086569613 shutdown_connections
2024-03-18T00:23:14.919 INFO:teuthology.orchestra.run.smithi033.stdout:/usr/bin/ceph: stderr
2024-03-18T00:23:14.312+0000 7fad52ee4700 1 -- 172.21.15.33:0/4086569613 wait complete.
2024-03-18T00:23:16.263 INFO:teuthology.orchestra.run.smithi033.stdout:/usr/bin/ceph: stderr
2024-03-18T00:23:15.307+0000 7f1486457700 1 Processor -- start
2024-03-18T00:23:16.263 INFO:teuthology.orchestra.run.smithi033.stdout:/usr/bin/ceph: stderr
2024-03-18T00:23:15.307+0000 7f1486457700 1 -- start start
2024-03-18T00:23:16.263 INFO:teuthology.orchestra.run.smithi033.stdout:/usr/bin/ceph: stderr
2024-03-18T00:23:15.307+0000 7f1486457700 1 --2- >> [v2:172.21.15.33:3300/0,v1:172.21.15.33:6789/0] conn(0x7f14801059d0 0x7f1480105de0 unknown :-1 s=NONE pgs=0 cs=0 l=0 rev1=0 crypto rx=0 tx=0 comp rx=0 tx=0).connect
2024-03-18T00:23:16.263 INFO:teuthology.orchestra.run.smithi033.stdout:/usr/bin/ceph: stderr
2024-03-18T00:23:15.307+0000 7f1486457700 1 -- --> [v2:172.21.15.33:3300/0,v1:172.21.15.33:6789/0] -- mon_getmap magic: 0 v1 -- 0x7f1480106320 con 0x7f14801059d0
2024-03-18T00:23:16.264 INFO:teuthology.orchestra.run.smithi033.stdout:/usr/bin/ceph: stderr
2024-03-18T00:23:15.307+0000 7f147ffff700 1 --2- >> [v2:172.21.15.33:3300/0,v1:172.21.15.33:6789/0] conn(0x7f14801059d0 0x7f1480105de0 unknown :-1 s=BANNER_CONNECTING pgs=0 cs=0 l=0 rev1=0 crypto rx=0 tx=0 comp rx=0 tx=0)._handle_peer_banner_payload supported=3 required=0
2024-03-18T00:23:16.264 INFO:teuthology.orchestra.run.smithi033.stdout:/usr/bin/ceph: stderr
2024-03-18T00:23:15.307+0000 7f147ffff700 1 --2- >> [v2:172.21.15.33:3300/0,v1:172.21.15.33:6789/0] conn(0x7f14801059d0 0x7f1480105de0 unknown :-1 s=HELLO_CONNECTING pgs=0 cs=0 l=0 rev1=1 crypto rx=0 tx=0 comp rx=0 tx=0).handle_hello peer v2:172.21.15.33:3300/0 says I am v2:172.21.15.33:47922/0 (socket says 172.21.15.33:47922)
2024-03-18T00:23:16.264 INFO:teuthology.orchestra.run.smithi033.stdout:/usr/bin/ceph: stderr
2024-03-18T00:23:15.307+0000 7f147ffff700 1 -- 172.21.15.33:0/572163831 learned_addr learned my addr 172.21.15.33:0/572163831 (peer_addr_for_me v2:172.21.15.33:0/0)
2024-03-18T00:23:16.264 INFO:teuthology.orchestra.run.smithi033.stdout:/usr/bin/ceph: stderr
2024-03-18T00:23:15.307+0000 7f147ffff700 1 -- 172.21.15.33:0/572163831 --> [v2:172.21.15.33:3300/0,v1:172.21.15.33:6789/0] -- mon_subscribe({config=0+,monmap=0+}) v3 -- 0x7f1480106460 con 0x7f14801059d0
2024-03-18T00:23:16.264 INFO:teuthology.orchestra.run.smithi033.stdout:/usr/bin/ceph: stderr
2024-03-18T00:23:15.308+0000 7f147ffff700 1 --2- 172.21.15.33:0/572163831 >> [v2:172.21.15.33:3300/0,v1:172.21.15.33:6789/0] conn(0x7f14801059d0 0x7f1480105de0 secure :-1 s=READY pgs=90 cs=0 l=1 rev1=1 crypto rx=0x7f1470009870 tx=0x7f1470009b80 comp rx=0 tx=0).ready entity=mon.0 client_cookie=2dbc4a499271c7f5 server_cookie=0 in_seq=0 out_seq=0
2024-03-18T00:23:16.264 INFO:teuthology.orchestra.run.smithi033.stdout:/usr/bin/ceph: stderr
2024-03-18T00:23:15.308+0000 7f147effd700 1 -- 172.21.15.33:0/572163831 <== mon.0 v2:172.21.15.33:3300/0 1 ==== mon_map magic: 0 v1 ==== 229+0+0 (secure 0 0 0) 0x7f1470005c30 con 0x7f14801059d0
2024-03-18T00:23:16.264 INFO:teuthology.orchestra.run.smithi033.stdout:/usr/bin/ceph: stderr
2024-03-18T00:23:15.308+0000 7f147effd700 1 -- 172.21.15.33:0/572163831 <== mon.0 v2:172.21.15.33:3300/0 2 ==== config(27 keys) v1 ==== 1101+0+0 (secure 0 0 0) 0x7f14700044e0 con 0x7f14801059d0
2024-03-18T00:23:16.264 INFO:teuthology.orchestra.run.smithi033.stdout:/usr/bin/ceph: stderr
2024-03-18T00:23:15.308+0000 7f147effd700 1 -- 172.21.15.33:0/572163831 <== mon.0 v2:172.21.15.33:3300/0 3 ==== mon_map magic: 0 v1 ==== 229+0+0 (secure 0 0 0) 0x7f1470006030 con 0x7f14801059d0
2024-03-18T00:23:16.264 INFO:teuthology.orchestra.run.smithi033.stdout:/usr/bin/ceph: stderr
2024-03-18T00:23:15.308+0000 7f1486457700 1 -- 172.21.15.33:0/572163831 >> [v2:172.21.15.33:3300/0,v1:172.21.15.33:6789/0] conn(0x7f14801059d0 msgr2=0x7f1480105de0 secure :-1 s=STATE_CONNECTION_ESTABLISHED l=1).mark_down
2024-03-18T00:23:16.264 INFO:teuthology.orchestra.run.smithi033.stdout:/usr/bin/ceph: stderr
2024-03-18T00:23:15.308+0000 7f1486457700 1 --2- 172.21.15.33:0/572163831 >> [v2:172.21.15.33:3300/0,v1:172.21.15.33:6789/0] conn(0x7f14801059d0 0x7f1480105de0 secure :-1 s=READY pgs=90 cs=0 l=1 rev1=1 crypto rx=0x7f1470009870 tx=0x7f1470009b80 comp rx=0 tx=0).stop
2024-03-18T00:23:16.265 INFO:teuthology.orchestra.run.smithi033.stdout:/usr/bin/ceph: stderr
2024-03-18T00:23:15.308+0000 7f1486457700 1 -- 172.21.15.33:0/572163831 shutdown_connections
2024-03-18T00:23:16.265 INFO:teuthology.orchestra.run.smithi033.stdout:/usr/bin/ceph: stderr
2024-03-18T00:23:15.308+0000 7f1486457700 1 --2- 172.21.15.33:0/572163831 >> [v2:172.21.15.33:3300/0,v1:172.21.15.33:6789/0] conn(0x7f14801059d0 0x7f1480105de0 unknown :-1 s=CLOSED pgs=90 cs=0 l=1 rev1=1 crypto rx=0 tx=0 comp rx=0 tx=0).stop
2024-03-18T00:23:16.265 INFO:teuthology.orchestra.run.smithi033.stdout:/usr/bin/ceph: stderr
2024-03-18T00:23:15.308+0000 7f1486457700 1 -- 172.21.15.33:0/572163831 >> 172.21.15.33:0/572163831 conn(0x7f1480101020 msgr2=0x7f1480103450 unknown :-1 s=STATE_NONE l=0).mark_down
2024-03-18T00:23:16.265 INFO:teuthology.orchestra.run.smithi033.stdout:/usr/bin/ceph: stderr
2024-03-18T00:23:15.308+0000 7f1486457700 1 -- 172.21.15.33:0/572163831 shutdown_connections
2024-03-18T00:23:16.265 INFO:teuthology.orchestra.run.smithi033.stdout:/usr/bin/ceph: stderr
2024-03-18T00:23:15.308+0000 7f1486457700 1 -- 172.21.15.33:0/572163831 wait complete.
2024-03-18T00:23:16.265 INFO:teuthology.orchestra.run.smithi033.stdout:/usr/bin/ceph: stderr
2024-03-18T00:23:15.309+0000 7f1486457700 1 Processor -- start
2024-03-18T00:23:16.265 INFO:teuthology.orchestra.run.smithi033.stdout:/usr/bin/ceph: stderr
2024-03-18T00:23:15.309+0000 7f1486457700 1 -- start start
2024-03-18T00:23:16.265 INFO:teuthology.orchestra.run.smithi033.stdout:/usr/bin/ceph: stderr
2024-03-18T00:23:15.309+0000 7f1486457700 1 --2- >> [v2:172.21.15.33:3300/0,v1:172.21.15.33:6789/0] conn(0x7f14801059d0 0x7f148007bc20 unknown :-1 s=NONE pgs=0 cs=0 l=1 rev1=0 crypto rx=0 tx=0 comp rx=0 tx=0).connect
2024-03-18T00:23:16.265 INFO:teuthology.orchestra.run.smithi033.stdout:/usr/bin/ceph: stderr
2024-03-18T00:23:15.309+0000 7f1486457700 1 -- --> [v2:172.21.15.33:3300/0,v1:172.21.15.33:6789/0] -- mon_getmap magic: 0 v1 -- 0x7f148007c160 con 0x7f14801059d0
2024-03-18T00:23:16.265 INFO:teuthology.orchestra.run.smithi033.stdout:/usr/bin/ceph: stderr
2024-03-18T00:23:15.309+0000 7f147ffff700 1 --2- >> [v2:172.21.15.33:3300/0,v1:172.21.15.33:6789/0] conn(0x7f14801059d0 0x7f148007bc20 unknown :-1 s=BANNER_CONNECTING pgs=0 cs=0 l=1 rev1=0 crypto rx=0 tx=0 comp rx=0 tx=0)._handle_peer_banner_payload supported=3 required=0
2024-03-18T00:23:16.265 INFO:teuthology.orchestra.run.smithi033.stdout:/usr/bin/ceph: stderr
2024-03-18T00:23:15.309+0000 7f147ffff700 1 --2- >> [v2:172.21.15.33:3300/0,v1:172.21.15.33:6789/0] conn(0x7f14801059d0 0x7f148007bc20 unknown :-1 s=HELLO_CONNECTING pgs=0 cs=0 l=1 rev1=1 crypto rx=0 tx=0 comp rx=0 tx=0).handle_hello peer v2:172.21.15.33:3300/0 says I am v2:172.21.15.33:47926/0 (socket says 172.21.15.33:47926)
2024-03-18T00:23:16.265 INFO:teuthology.orchestra.run.smithi033.stdout:/usr/bin/ceph: stderr
2024-03-18T00:23:15.309+0000 7f147ffff700 1 -- 172.21.15.33:0/628407475 learned_addr learned my addr 172.21.15.33:0/628407475 (peer_addr_for_me v2:172.21.15.33:0/0)
2024-03-18T00:23:16.265 INFO:teuthology.orchestra.run.smithi033.stdout:/usr/bin/ceph: stderr
2024-03-18T00:23:15.310+0000 7f147ffff700 1 -- 172.21.15.33:0/628407475 --> [v2:172.21.15.33:3300/0,v1:172.21.15.33:6789/0] -- mon_subscribe({config=0+,monmap=0+}) v3 -- 0x7f1470009500 con 0x7f14801059d0
2024-03-18T00:23:16.265 INFO:teuthology.orchestra.run.smithi033.stdout:/usr/bin/ceph: stderr
2024-03-18T00:23:15.310+0000 7f147ffff700 1 --2- 172.21.15.33:0/628407475 >> [v2:172.21.15.33:3300/0,v1:172.21.15.33:6789/0] conn(0x7f14801059d0 0x7f148007bc20 secure :-1 s=READY pgs=91 cs=0 l=1 rev1=1 crypto rx=0x7f1470004840 tx=0x7f14700042e0 comp rx=0 tx=0).ready entity=mon.0 client_cookie=0 server_cookie=0 in_seq=0 out_seq=0
2024-03-18T00:23:16.266 INFO:teuthology.orchestra.run.smithi033.stdout:/usr/bin/ceph: stderr
2024-03-18T00:23:15.310+0000 7f147d7fa700 1 -- 172.21.15.33:0/628407475 <== mon.0 v2:172.21.15.33:3300/0 1 ==== mon_map magic: 0 v1 ==== 229+0+0 (secure 0 0 0) 0x7f1470005e40 con 0x7f14801059d0
2024-03-18T00:23:16.266 INFO:teuthology.orchestra.run.smithi033.stdout:/usr/bin/ceph: stderr
2024-03-18T00:23:15.310+0000 7f147d7fa700 1 -- 172.21.15.33:0/628407475 <== mon.0 v2:172.21.15.33:3300/0 2 ==== config(27 keys) v1 ==== 1101+0+0 (secure 0 0 0) 0x7f1470005fa0 con 0x7f14801059d0
2024-03-18T00:23:16.266 INFO:teuthology.orchestra.run.smithi033.stdout:/usr/bin/ceph: stderr
2024-03-18T00:23:15.310+0000 7f1486457700 1 -- 172.21.15.33:0/628407475 --> [v2:172.21.15.33:3300/0,v1:172.21.15.33:6789/0] -- mon_subscribe({mgrmap=0+}) v3 -- 0x7f148007a270 con 0x7f14801059d0
2024-03-18T00:23:16.266 INFO:teuthology.orchestra.run.smithi033.stdout:/usr/bin/ceph: stderr
2024-03-18T00:23:15.310+0000 7f147d7fa700 1 -- 172.21.15.33:0/628407475 <== mon.0 v2:172.21.15.33:3300/0 3 ==== mon_map magic: 0 v1 ==== 229+0+0 (secure 0 0 0) 0x7f1470011c80 con 0x7f14801059d0
2024-03-18T00:23:16.266 INFO:teuthology.orchestra.run.smithi033.stdout:/usr/bin/ceph: stderr
2024-03-18T00:23:15.310+0000 7f1486457700 1 -- 172.21.15.33:0/628407475 --> [v2:172.21.15.33:3300/0,v1:172.21.15.33:6789/0] -- mon_subscribe({osdmap=0}) v3 -- 0x7f148007a710 con 0x7f14801059d0
2024-03-18T00:23:16.266 INFO:teuthology.orchestra.run.smithi033.stdout:/usr/bin/ceph: stderr
2024-03-18T00:23:15.311+0000 7f147d7fa700 1 -- 172.21.15.33:0/628407475 <== mon.0 v2:172.21.15.33:3300/0 4 ==== mgrmap(e 13) v1 ==== 45140+0+0 (secure 0 0 0) 0x7f1470018070 con 0x7f14801059d0
2024-03-18T00:23:16.266 INFO:teuthology.orchestra.run.smithi033.stdout:/usr/bin/ceph: stderr
2024-03-18T00:23:15.311+0000 7f1486457700 1 -- 172.21.15.33:0/628407475 --> [v2:172.21.15.33:3300/0,v1:172.21.15.33:6789/0] -- mon_command({"prefix": "get_command_descriptions"} v 0) v1 -- 0x7f1480062380 con 0x7f14801059d0
2024-03-18T00:23:16.266 INFO:teuthology.orchestra.run.smithi033.stdout:/usr/bin/ceph: stderr
2024-03-18T00:23:15.311+0000 7f147d7fa700 1 --2- 172.21.15.33:0/628407475 >> [v2:172.21.15.33:6800/2240381552,v1:172.21.15.33:6801/2240381552] conn(0x7f14680384f0 0x7f146803a9a0 unknown :-1 s=NONE pgs=0 cs=0 l=1 rev1=0 crypto rx=0 tx=0 comp rx=0 tx=0).connect
2024-03-18T00:23:16.266 INFO:teuthology.orchestra.run.smithi033.stdout:/usr/bin/ceph: stderr
2024-03-18T00:23:15.311+0000 7f147d7fa700 1 -- 172.21.15.33:0/628407475 <== mon.0 v2:172.21.15.33:3300/0 5 ==== osd_map(3..3 src has 1..3) v4 ==== 1155+0+0 (secure 0 0 0) 0x7f147004bbc0 con 0x7f14801059d0
2024-03-18T00:23:16.266 INFO:teuthology.orchestra.run.smithi033.stdout:/usr/bin/ceph: stderr
2024-03-18T00:23:15.311+0000 7f147f7fe700 1 --2- 172.21.15.33:0/628407475 >> [v2:172.21.15.33:6800/2240381552,v1:172.21.15.33:6801/2240381552] conn(0x7f14680384f0 0x7f146803a9a0 unknown :-1 s=BANNER_CONNECTING pgs=0 cs=0 l=1 rev1=0 crypto rx=0 tx=0 comp rx=0 tx=0)._handle_peer_banner_payload supported=3 required=0
2024-03-18T00:23:16.267 INFO:teuthology.orchestra.run.smithi033.stdout:/usr/bin/ceph: stderr
2024-03-18T00:23:15.312+0000 7f147f7fe700 1 --2- 172.21.15.33:0/628407475 >> [v2:172.21.15.33:6800/2240381552,v1:172.21.15.33:6801/2240381552] conn(0x7f14680384f0 0x7f146803a9a0 secure :-1 s=READY pgs=11 cs=0 l=1 rev1=1 crypto rx=0x7f1474006fd0 tx=0x7f1474006e40 comp rx=0 tx=0).ready entity=mgr.14164 client_cookie=0 server_cookie=0 in_seq=0 out_seq=0
2024-03-18T00:23:16.267 INFO:teuthology.orchestra.run.smithi033.stdout:/usr/bin/ceph: stderr
2024-03-18T00:23:15.316+0000 7f147d7fa700 1 -- 172.21.15.33:0/628407475 <== mon.0 v2:172.21.15.33:3300/0 6 ==== mon_command_ack([{"prefix": "get_command_descriptions"}]=0 v0) v1 ==== 72+0+177933 (secure 0 0 0) 0x7f147002cce0 con 0x7f14801059d0
2024-03-18T00:23:16.267 INFO:teuthology.orchestra.run.smithi033.stdout:/usr/bin/ceph: stderr
2024-03-18T00:23:15.629+0000 7f1486457700 1 -- 172.21.15.33:0/628407475 --> [v2:172.21.15.33:3300/0,v1:172.21.15.33:6789/0] -- mon_command([{prefix=config-key set, key=mgr/dashboard/cluster/status}] v 0) v1 -- 0x7f14801078d0 con 0x7f14801059d0
2024-03-18T00:23:16.267 INFO:teuthology.orchestra.run.smithi033.stdout:/usr/bin/ceph: stderr
2024-03-18T00:23:15.632+0000 7f147d7fa700 1 -- 172.21.15.33:0/628407475 <== mon.0 v2:172.21.15.33:3300/0 7 ==== mon_command_ack([{prefix=config-key set, key=mgr/dashboard/cluster/status}]=0 set mgr/dashboard/cluster/status v34)=0 set mgr/dashboard/cluster/status v34) v1 ==== 153+0+0 (secure 0 0 0) 0x7f147001f070 con 0x7f14801059d0
2024-03-18T00:23:16.267 INFO:teuthology.orchestra.run.smithi033.stdout:/usr/bin/ceph: stderr
2024-03-18T00:23:15.634+0000 7f1486457700 1 -- 172.21.15.33:0/628407475 >> [v2:172.21.15.33:6800/2240381552,v1:172.21.15.33:6801/2240381552] conn(0x7f14680384f0 msgr2=0x7f146803a9a0 secure :-1 s=STATE_CONNECTION_ESTABLISHED l=1).mark_down
2024-03-18T00:23:16.267 INFO:teuthology.orchestra.run.smithi033.stdout:/usr/bin/ceph: stderr
2024-03-18T00:23:15.634+0000 7f1486457700 1 --2- 172.21.15.33:0/628407475 >> [v2:172.21.15.33:6800/2240381552,v1:172.21.15.33:6801/2240381552] conn(0x7f14680384f0 0x7f146803a9a0 secure :-1 s=READY pgs=11 cs=0 l=1 rev1=1 crypto rx=0x7f1474006fd0 tx=0x7f1474006e40 comp rx=0 tx=0).stop
2024-03-18T00:23:16.267 INFO:teuthology.orchestra.run.smithi033.stdout:/usr/bin/ceph: stderr
2024-03-18T00:23:15.634+0000 7f1486457700 1 -- 172.21.15.33:0/628407475 >> [v2:172.21.15.33:3300/0,v1:172.21.15.33:6789/0] conn(0x7f14801059d0 msgr2=0x7f148007bc20 secure :-1 s=STATE_CONNECTION_ESTABLISHED l=1).mark_down
2024-03-18T00:23:16.267 INFO:teuthology.orchestra.run.smithi033.stdout:/usr/bin/ceph: stderr
2024-03-18T00:23:15.634+0000 7f1486457700 1 --2- 172.21.15.33:0/628407475 >> [v2:172.21.15.33:3300/0,v1:172.21.15.33:6789/0] conn(0x7f14801059d0 0x7f148007bc20 secure :-1 s=READY pgs=91 cs=0 l=1 rev1=1 crypto rx=0x7f1470004840 tx=0x7f14700042e0 comp rx=0 tx=0).stop
2024-03-18T00:23:16.267 INFO:teuthology.orchestra.run.smithi033.stdout:/usr/bin/ceph: stderr
2024-03-18T00:23:15.634+0000 7f1486457700 1 -- 172.21.15.33:0/628407475 shutdown_connections
2024-03-18T00:23:16.267 INFO:teuthology.orchestra.run.smithi033.stdout:/usr/bin/ceph: stderr
2024-03-18T00:23:15.634+0000 7f1486457700 1 --2- 172.21.15.33:0/628407475 >> [v2:172.21.15.33:6800/2240381552,v1:172.21.15.33:6801/2240381552] conn(0x7f14680384f0 0x7f146803a9a0 unknown :-1 s=CLOSED pgs=11 cs=0 l=1 rev1=1 crypto rx=0 tx=0 comp rx=0 tx=0).stop
2024-03-18T00:23:16.267 INFO:teuthology.orchestra.run.smithi033.stdout:/usr/bin/ceph: stderr
2024-03-18T00:23:15.634+0000 7f1486457700 1 --2- 172.21.15.33:0/628407475 >> [v2:172.21.15.33:3300/0,v1:172.21.15.33:6789/0] conn(0x7f14801059d0 0x7f148007bc20 unknown :-1 s=CLOSED pgs=91 cs=0 l=1 rev1=1 crypto rx=0 tx=0 comp rx=0 tx=0).stop
2024-03-18T00:23:16.267 INFO:teuthology.orchestra.run.smithi033.stdout:/usr/bin/ceph: stderr
2024-03-18T00:23:15.634+0000 7f1486457700 1 -- 172.21.15.33:0/628407475 >> 172.21.15.33:0/628407475 conn(0x7f1480101020 msgr2=0x7f1480101e00 unknown :-1 s=STATE_NONE l=0).mark_down
2024-03-18T00:23:16.267 INFO:teuthology.orchestra.run.smithi033.stdout:/usr/bin/ceph: stderr
2024-03-18T00:23:15.634+0000 7f1486457700 1 -- 172.21.15.33:0/628407475 shutdown_connections
