2024-03-18T00:22:26.930 INFO:teuthology.orchestra.run.smithi033.stdout:/usr/bin/ceph: stderr
2024-03-18T00:22:26.414+0000 7f55b8209700 1 --2- 172.21.15.33:0/2789730091 >> [v2:172.21.15.33:3300/0,v1:172.21.15.33:6789/0] conn(0x7f55b019b910 0x7f55b019bd20 unknown :-1 s=CLOSED pgs=21 cs=0 l=1 rev1=1 crypto rx=0 tx=0 comp rx=0 tx=0).stop
2024-03-18T00:22:26.930 INFO:teuthology.orchestra.run.smithi033.stdout:/usr/bin/ceph: stderr
2024-03-18T00:22:26.414+0000 7f55b8209700 1 -- 172.21.15.33:0/2789730091 >> 172.21.15.33:0/2789730091 conn(0x7f55b00ffed0 msgr2=0x7f55b0101620 unknown :-1 s=STATE_NONE l=0).mark_down
2024-03-18T00:22:26.930 INFO:teuthology.orchestra.run.smithi033.stdout:/usr/bin/ceph: stderr
2024-03-18T00:22:26.414+0000 7f55b8209700 1 -- 172.21.15.33:0/2789730091 shutdown_connections
2024-03-18T00:22:26.930 INFO:teuthology.orchestra.run.smithi033.stdout:/usr/bin/ceph: stderr
2024-03-18T00:22:26.414+0000 7f55b8209700 1 -- 172.21.15.33:0/2789730091 wait complete.
2024-03-18T00:22:26.930 INFO:teuthology.orchestra.run.smithi033.stdout:Enabling cephadm module...
2024-03-18T00:22:28.157 INFO:journalctl@ceph.mon.smithi033.smithi033.stdout:Mar 18 00:22:28 smithi033 ceph-mon[29175]: from='client.? 172.21.15.33:0/1596317699' entity='client.admin' cmd=[{"prefix": "mgr module enable", "module": "cephadm"}]: dispatch
2024-03-18T00:22:28.646 INFO:teuthology.orchestra.run.smithi033.stdout:/usr/bin/ceph: stderr
2024-03-18T00:22:27.346+0000 7f8789251700 1 Processor -- start
2024-03-18T00:22:28.646 INFO:teuthology.orchestra.run.smithi033.stdout:/usr/bin/ceph: stderr
2024-03-18T00:22:27.346+0000 7f8789251700 1 -- start start
2024-03-18T00:22:28.646 INFO:teuthology.orchestra.run.smithi033.stdout:/usr/bin/ceph: stderr
2024-03-18T00:22:27.346+0000 7f8789251700 1 --2- >> [v2:172.21.15.33:3300/0,v1:172.21.15.33:6789/0] conn(0x7f8784074490 0x7f878410a980 unknown :-1 s=NONE pgs=0 cs=0 l=0 rev1=0 crypto rx=0 tx=0 comp rx=0 tx=0).connect
2024-03-18T00:22:28.646 INFO:teuthology.orchestra.run.smithi033.stdout:/usr/bin/ceph: stderr
2024-03-18T00:22:27.346+0000 7f8789251700 1 -- --> [v2:172.21.15.33:3300/0,v1:172.21.15.33:6789/0] -- mon_getmap magic: 0 v1 -- 0x7f8784106370 con 0x7f8784074490
2024-03-18T00:22:28.646 INFO:teuthology.orchestra.run.smithi033.stdout:/usr/bin/ceph: stderr
2024-03-18T00:22:27.346+0000 7f8782d9d700 1 --2- >> [v2:172.21.15.33:3300/0,v1:172.21.15.33:6789/0] conn(0x7f8784074490 0x7f878410a980 unknown :-1 s=BANNER_CONNECTING pgs=0 cs=0 l=0 rev1=0 crypto rx=0 tx=0 comp rx=0 tx=0)._handle_peer_banner_payload supported=3 required=0
2024-03-18T00:22:28.646 INFO:teuthology.orchestra.run.smithi033.stdout:/usr/bin/ceph: stderr
2024-03-18T00:22:27.346+0000 7f8782d9d700 1 --2- >> [v2:172.21.15.33:3300/0,v1:172.21.15.33:6789/0] conn(0x7f8784074490 0x7f878410a980 unknown :-1 s=HELLO_CONNECTING pgs=0 cs=0 l=0 rev1=1 crypto rx=0 tx=0 comp rx=0 tx=0).handle_hello peer v2:172.21.15.33:3300/0 says I am v2:172.21.15.33:47586/0 (socket says 172.21.15.33:47586)
2024-03-18T00:22:28.646 INFO:teuthology.orchestra.run.smithi033.stdout:/usr/bin/ceph: stderr
2024-03-18T00:22:27.346+0000 7f8782d9d700 1 -- 172.21.15.33:0/3082700992 learned_addr learned my addr 172.21.15.33:0/3082700992 (peer_addr_for_me v2:172.21.15.33:0/0)
2024-03-18T00:22:28.646 INFO:teuthology.orchestra.run.smithi033.stdout:/usr/bin/ceph: stderr
2024-03-18T00:22:27.347+0000 7f8782d9d700 1 -- 172.21.15.33:0/3082700992 --> [v2:172.21.15.33:3300/0,v1:172.21.15.33:6789/0] -- mon_subscribe({config=0+,monmap=0+}) v3 -- 0x7f878410aec0 con 0x7f8784074490
2024-03-18T00:22:28.647 INFO:teuthology.orchestra.run.smithi033.stdout:/usr/bin/ceph: stderr
2024-03-18T00:22:27.347+0000 7f8782d9d700 1 --2- 172.21.15.33:0/3082700992 >> [v2:172.21.15.33:3300/0,v1:172.21.15.33:6789/0] conn(0x7f8784074490 0x7f878410a980 secure :-1 s=READY pgs=22 cs=0 l=1 rev1=1 crypto rx=0x7f8774009e80 tx=0x7f877400b330 comp rx=0 tx=0).ready entity=mon.0 client_cookie=cf177b1260c76fc3 server_cookie=0 in_seq=0 out_seq=0
2024-03-18T00:22:28.647 INFO:teuthology.orchestra.run.smithi033.stdout:/usr/bin/ceph: stderr
2024-03-18T00:22:27.347+0000 7f8781d9b700 1 -- 172.21.15.33:0/3082700992 <== mon.0 v2:172.21.15.33:3300/0 1 ==== mon_map magic: 0 v1 ==== 229+0+0 (secure 0 0 0) 0x7f877400e070 con 0x7f8784074490
2024-03-18T00:22:28.647 INFO:teuthology.orchestra.run.smithi033.stdout:/usr/bin/ceph: stderr
2024-03-18T00:22:27.347+0000 7f8781d9b700 1 -- 172.21.15.33:0/3082700992 <== mon.0 v2:172.21.15.33:3300/0 2 ==== config(27 keys) v1 ==== 1037+0+0 (secure 0 0 0) 0x7f8774003e90 con 0x7f8784074490
2024-03-18T00:22:28.647 INFO:teuthology.orchestra.run.smithi033.stdout:/usr/bin/ceph: stderr
2024-03-18T00:22:27.347+0000 7f8781d9b700 1 -- 172.21.15.33:0/3082700992 <== mon.0 v2:172.21.15.33:3300/0 3 ==== mon_map magic: 0 v1 ==== 229+0+0 (secure 0 0 0) 0x7f8774004380 con 0x7f8784074490
2024-03-18T00:22:28.647 INFO:teuthology.orchestra.run.smithi033.stdout:/usr/bin/ceph: stderr
2024-03-18T00:22:27.348+0000 7f8789251700 1 -- 172.21.15.33:0/3082700992 >> [v2:172.21.15.33:3300/0,v1:172.21.15.33:6789/0] conn(0x7f8784074490 msgr2=0x7f878410a980 secure :-1 s=STATE_CONNECTION_ESTABLISHED l=1).mark_down
2024-03-18T00:22:28.647 INFO:teuthology.orchestra.run.smithi033.stdout:/usr/bin/ceph: stderr
2024-03-18T00:22:27.348+0000 7f8789251700 1 --2- 172.21.15.33:0/3082700992 >> [v2:172.21.15.33:3300/0,v1:172.21.15.33:6789/0] conn(0x7f8784074490 0x7f878410a980 secure :-1 s=READY pgs=22 cs=0 l=1 rev1=1 crypto rx=0x7f8774009e80 tx=0x7f877400b330 comp rx=0 tx=0).stop
2024-03-18T00:22:28.647 INFO:teuthology.orchestra.run.smithi033.stdout:/usr/bin/ceph: stderr
2024-03-18T00:22:27.348+0000 7f8789251700 1 -- 172.21.15.33:0/3082700992 shutdown_connections
2024-03-18T00:22:28.647 INFO:teuthology.orchestra.run.smithi033.stdout:/usr/bin/ceph: stderr
2024-03-18T00:22:27.348+0000 7f8789251700 1 --2- 172.21.15.33:0/3082700992 >> [v2:172.21.15.33:3300/0,v1:172.21.15.33:6789/0] conn(0x7f8784074490 0x7f878410a980 unknown :-1 s=CLOSED pgs=22 cs=0 l=1 rev1=1 crypto rx=0 tx=0 comp rx=0 tx=0).stop
2024-03-18T00:22:28.647 INFO:teuthology.orchestra.run.smithi033.stdout:/usr/bin/ceph: stderr
2024-03-18T00:22:27.348+0000 7f8789251700 1 -- 172.21.15.33:0/3082700992 >> 172.21.15.33:0/3082700992 conn(0x7f87840fff10 msgr2=0x7f8784102360 unknown :-1 s=STATE_NONE l=0).mark_down
2024-03-18T00:22:28.647 INFO:teuthology.orchestra.run.smithi033.stdout:/usr/bin/ceph: stderr
2024-03-18T00:22:27.348+0000 7f8789251700 1 -- 172.21.15.33:0/3082700992 shutdown_connections
2024-03-18T00:22:28.647 INFO:teuthology.orchestra.run.smithi033.stdout:/usr/bin/ceph: stderr
2024-03-18T00:22:27.348+0000 7f8789251700 1 -- 172.21.15.33:0/3082700992 wait complete.
2024-03-18T00:22:28.647 INFO:teuthology.orchestra.run.smithi033.stdout:/usr/bin/ceph: stderr
2024-03-18T00:22:27.348+0000 7f8789251700 1 Processor -- start
2024-03-18T00:22:28.647 INFO:teuthology.orchestra.run.smithi033.stdout:/usr/bin/ceph: stderr
2024-03-18T00:22:27.349+0000 7f8789251700 1 -- start start
2024-03-18T00:22:28.647 INFO:teuthology.orchestra.run.smithi033.stdout:/usr/bin/ceph: stderr
2024-03-18T00:22:27.349+0000 7f8789251700 1 --2- >> [v2:172.21.15.33:3300/0,v1:172.21.15.33:6789/0] conn(0x7f878419b8b0 0x7f878419bcc0 unknown :-1 s=NONE pgs=0 cs=0 l=1 rev1=0 crypto rx=0 tx=0 comp rx=0 tx=0).connect
2024-03-18T00:22:28.648 INFO:teuthology.orchestra.run.smithi033.stdout:/usr/bin/ceph: stderr
2024-03-18T00:22:27.349+0000 7f8789251700 1 -- --> [v2:172.21.15.33:3300/0,v1:172.21.15.33:6789/0] -- mon_getmap magic: 0 v1 -- 0x7f878419c200 con 0x7f878419b8b0
2024-03-18T00:22:28.648 INFO:teuthology.orchestra.run.smithi033.stdout:/usr/bin/ceph: stderr
2024-03-18T00:22:27.349+0000 7f8782d9d700 1 --2- >> [v2:172.21.15.33:3300/0,v1:172.21.15.33:6789/0] conn(0x7f878419b8b0 0x7f878419bcc0 unknown :-1 s=BANNER_CONNECTING pgs=0 cs=0 l=1 rev1=0 crypto rx=0 tx=0 comp rx=0 tx=0)._handle_peer_banner_payload supported=3 required=0
2024-03-18T00:22:28.648 INFO:teuthology.orchestra.run.smithi033.stdout:/usr/bin/ceph: stderr
2024-03-18T00:22:27.349+0000 7f8782d9d700 1 --2- >> [v2:172.21.15.33:3300/0,v1:172.21.15.33:6789/0] conn(0x7f878419b8b0 0x7f878419bcc0 unknown :-1 s=HELLO_CONNECTING pgs=0 cs=0 l=1 rev1=1 crypto rx=0 tx=0 comp rx=0 tx=0).handle_hello peer v2:172.21.15.33:3300/0 says I am v2:172.21.15.33:47602/0 (socket says 172.21.15.33:47602)
2024-03-18T00:22:28.648 INFO:teuthology.orchestra.run.smithi033.stdout:/usr/bin/ceph: stderr
2024-03-18T00:22:27.349+0000 7f8782d9d700 1 -- 172.21.15.33:0/1596317699 learned_addr learned my addr 172.21.15.33:0/1596317699 (peer_addr_for_me v2:172.21.15.33:0/0)
2024-03-18T00:22:28.648 INFO:teuthology.orchestra.run.smithi033.stdout:/usr/bin/ceph: stderr
2024-03-18T00:22:27.349+0000 7f8782d9d700 1 -- 172.21.15.33:0/1596317699 --> [v2:172.21.15.33:3300/0,v1:172.21.15.33:6789/0] -- mon_subscribe({config=0+,monmap=0+}) v3 -- 0x7f8774009b30 con 0x7f878419b8b0
2024-03-18T00:22:28.648 INFO:teuthology.orchestra.run.smithi033.stdout:/usr/bin/ceph: stderr
2024-03-18T00:22:27.349+0000 7f8782d9d700 1 --2- 172.21.15.33:0/1596317699 >> [v2:172.21.15.33:3300/0,v1:172.21.15.33:6789/0] conn(0x7f878419b8b0 0x7f878419bcc0 secure :-1 s=READY pgs=23 cs=0 l=1 rev1=1 crypto rx=0x7f877400d010 tx=0x7f8774004430 comp rx=0 tx=0).ready entity=mon.0 client_cookie=0 server_cookie=0 in_seq=0 out_seq=0
2024-03-18T00:22:28.648 INFO:teuthology.orchestra.run.smithi033.stdout:/usr/bin/ceph: stderr
2024-03-18T00:22:27.349+0000 7f877bfff700 1 -- 172.21.15.33:0/1596317699 <== mon.0 v2:172.21.15.33:3300/0 1 ==== mon_map magic: 0 v1 ==== 229+0+0 (secure 0 0 0) 0x7f877400e040 con 0x7f878419b8b0
2024-03-18T00:22:28.648 INFO:teuthology.orchestra.run.smithi033.stdout:/usr/bin/ceph: stderr
2024-03-18T00:22:27.349+0000 7f877bfff700 1 -- 172.21.15.33:0/1596317699 <== mon.0 v2:172.21.15.33:3300/0 2 ==== config(27 keys) v1 ==== 1037+0+0 (secure 0 0 0) 0x7f8774003c30 con 0x7f878419b8b0
2024-03-18T00:22:28.648 INFO:teuthology.orchestra.run.smithi033.stdout:/usr/bin/ceph: stderr
2024-03-18T00:22:27.349+0000 7f877bfff700 1 -- 172.21.15.33:0/1596317699 <== mon.0 v2:172.21.15.33:3300/0 3 ==== mon_map magic: 0 v1 ==== 229+0+0 (secure 0 0 0) 0x7f877401b790 con 0x7f878419b8b0
2024-03-18T00:22:28.648 INFO:teuthology.orchestra.run.smithi033.stdout:/usr/bin/ceph: stderr
2024-03-18T00:22:27.349+0000 7f8789251700 1 -- 172.21.15.33:0/1596317699 --> [v2:172.21.15.33:3300/0,v1:172.21.15.33:6789/0] -- mon_subscribe({mgrmap=0+}) v3 -- 0x7f878419c400 con 0x7f878419b8b0
2024-03-18T00:22:28.648 INFO:teuthology.orchestra.run.smithi033.stdout:/usr/bin/ceph: stderr
2024-03-18T00:22:27.349+0000 7f8789251700 1 -- 172.21.15.33:0/1596317699 --> [v2:172.21.15.33:3300/0,v1:172.21.15.33:6789/0] -- mon_subscribe({osdmap=0}) v3 -- 0x7f878419f060 con 0x7f878419b8b0
2024-03-18T00:22:28.648 INFO:teuthology.orchestra.run.smithi033.stdout:/usr/bin/ceph: stderr
2024-03-18T00:22:27.350+0000 7f877bfff700 1 -- 172.21.15.33:0/1596317699 <== mon.0 v2:172.21.15.33:3300/0 4 ==== mgrmap(e 4) v1 ==== 45073+0+0 (secure 0 0 0) 0x7f8774019040 con 0x7f878419b8b0
2024-03-18T00:22:28.648 INFO:teuthology.orchestra.run.smithi033.stdout:/usr/bin/ceph: stderr
2024-03-18T00:22:27.350+0000 7f8789251700 1 -- 172.21.15.33:0/1596317699 --> [v2:172.21.15.33:3300/0,v1:172.21.15.33:6789/0] -- mon_command({"prefix": "get_command_descriptions"} v 0) v1 -- 0x7f8784062380 con 0x7f878419b8b0
2024-03-18T00:22:28.648 INFO:teuthology.orchestra.run.smithi033.stdout:/usr/bin/ceph: stderr
2024-03-18T00:22:27.350+0000 7f877bfff700 1 --2- 172.21.15.33:0/1596317699 >> [v2:172.21.15.33:6800/1781797945,v1:172.21.15.33:6801/1781797945] conn(0x7f87700383b0 0x7f877003a860 unknown :-1 s=NONE pgs=0 cs=0 l=1 rev1=0 crypto rx=0 tx=0 comp rx=0 tx=0).connect
2024-03-18T00:22:28.649 INFO:teuthology.orchestra.run.smithi033.stdout:/usr/bin/ceph: stderr
2024-03-18T00:22:27.351+0000 7f877bfff700 1 -- 172.21.15.33:0/1596317699 <== mon.0 v2:172.21.15.33:3300/0 5 ==== osd_map(1..1 src has 1..1) v4 ==== 725+0+0 (secure 0 0 0) 0x7f877404bed0 con 0x7f878419b8b0
2024-03-18T00:22:28.649 INFO:teuthology.orchestra.run.smithi033.stdout:/usr/bin/ceph: stderr
2024-03-18T00:22:27.351+0000 7f878259c700 1 --2- 172.21.15.33:0/1596317699 >> [v2:172.21.15.33:6800/1781797945,v1:172.21.15.33:6801/1781797945] conn(0x7f87700383b0 0x7f877003a860 unknown :-1 s=BANNER_CONNECTING pgs=0 cs=0 l=1 rev1=0 crypto rx=0 tx=0 comp rx=0 tx=0)._handle_peer_banner_payload supported=3 required=0
2024-03-18T00:22:28.649 INFO:teuthology.orchestra.run.smithi033.stdout:/usr/bin/ceph: stderr
2024-03-18T00:22:27.351+0000 7f878259c700 1 --2- 172.21.15.33:0/1596317699 >> [v2:172.21.15.33:6800/1781797945,v1:172.21.15.33:6801/1781797945] conn(0x7f87700383b0 0x7f877003a860 secure :-1 s=READY pgs=8 cs=0 l=1 rev1=1 crypto rx=0x7f876c006fd0 tx=0x7f876c006e40 comp rx=0 tx=0).ready entity=mgr.14100 client_cookie=0 server_cookie=0 in_seq=0 out_seq=0
2024-03-18T00:22:28.649 INFO:teuthology.orchestra.run.smithi033.stdout:/usr/bin/ceph: stderr
2024-03-18T00:22:27.355+0000 7f877bfff700 1 -- 172.21.15.33:0/1596317699 <== mon.0 v2:172.21.15.33:3300/0 6 ==== mon_command_ack([{"prefix": "get_command_descriptions"}]=0 v0) v1 ==== 72+0+177933 (secure 0 0 0) 0x7f8774011980 con 0x7f878419b8b0
2024-03-18T00:22:28.649 INFO:teuthology.orchestra.run.smithi033.stdout:/usr/bin/ceph: stderr
2024-03-18T00:22:27.615+0000 7f8789251700 1 -- 172.21.15.33:0/1596317699 --> [v2:172.21.15.33:3300/0,v1:172.21.15.33:6789/0] -- mon_command({"prefix": "mgr module enable", "module": "cephadm"} v 0) v1 -- 0x7f8784074490 con 0x7f878419b8b0
2024-03-18T00:22:28.649 INFO:teuthology.orchestra.run.smithi033.stdout:/usr/bin/ceph: stderr
2024-03-18T00:22:28.051+0000 7f877bfff700 1 -- 172.21.15.33:0/1596317699 <== mon.0 v2:172.21.15.33:3300/0 7 ==== mgrmap(e 5) v1 ==== 45084+0+0 (secure 0 0 0) 0x7f877401a390 con 0x7f878419b8b0
2024-03-18T00:22:28.649 INFO:teuthology.orchestra.run.smithi033.stdout:/usr/bin/ceph: stderr
2024-03-18T00:22:28.053+0000 7f877bfff700 1 -- 172.21.15.33:0/1596317699 <== mon.0 v2:172.21.15.33:3300/0 8 ==== mon_command_ack([{"prefix": "mgr module enable", "module": "cephadm"}]=0 v5) v1 ==== 86+0+0 (secure 0 0 0) 0x7f877404b8f0 con 0x7f878419b8b0
2024-03-18T00:22:28.649 INFO:teuthology.orchestra.run.smithi033.stdout:/usr/bin/ceph: stderr
2024-03-18T00:22:28.055+0000 7f8789251700 1 -- 172.21.15.33:0/1596317699 >> [v2:172.21.15.33:6800/1781797945,v1:172.21.15.33:6801/1781797945] conn(0x7f87700383b0 msgr2=0x7f877003a860 secure :-1 s=STATE_CONNECTION_ESTABLISHED l=1).mark_down
2024-03-18T00:22:28.649 INFO:teuthology.orchestra.run.smithi033.stdout:/usr/bin/ceph: stderr
2024-03-18T00:22:28.055+0000 7f8789251700 1 --2- 172.21.15.33:0/1596317699 >> [v2:172.21.15.33:6800/1781797945,v1:172.21.15.33:6801/1781797945] conn(0x7f87700383b0 0x7f877003a860 secure :-1 s=READY pgs=8 cs=0 l=1 rev1=1 crypto rx=0x7f876c006fd0 tx=0x7f876c006e40 comp rx=0 tx=0).stop
2024-03-18T00:22:28.649 INFO:teuthology.orchestra.run.smithi033.stdout:/usr/bin/ceph: stderr
2024-03-18T00:22:28.055+0000 7f8789251700 1 -- 172.21.15.33:0/1596317699 >> [v2:172.21.15.33:3300/0,v1:172.21.15.33:6789/0] conn(0x7f878419b8b0 msgr2=0x7f878419bcc0 secure :-1 s=STATE_CONNECTION_ESTABLISHED l=1).mark_down
2024-03-18T00:22:28.649 INFO:teuthology.orchestra.run.smithi033.stdout:/usr/bin/ceph: stderr
2024-03-18T00:22:28.055+0000 7f8789251700 1 --2- 172.21.15.33:0/1596317699 >> [v2:172.21.15.33:3300/0,v1:172.21.15.33:6789/0] conn(0x7f878419b8b0 0x7f878419bcc0 secure :-1 s=READY pgs=23 cs=0 l=1 rev1=1 crypto rx=0x7f877400d010 tx=0x7f8774004430 comp rx=0 tx=0).stop
2024-03-18T00:22:28.649 INFO:teuthology.orchestra.run.smithi033.stdout:/usr/bin/ceph: stderr
2024-03-18T00:22:28.055+0000 7f8789251700 1 -- 172.21.15.33:0/1596317699 shutdown_connections
2024-03-18T00:22:28.649 INFO:teuthology.orchestra.run.smithi033.stdout:/usr/bin/ceph: stderr
2024-03-18T00:22:28.055+0000 7f8789251700 1 --2- 172.21.15.33:0/1596317699 >> [v2:172.21.15.33:6800/1781797945,v1:172.21.15.33:6801/1781797945] conn(0x7f87700383b0 0x7f877003a860 unknown :-1 s=CLOSED pgs=8 cs=0 l=1 rev1=1 crypto rx=0 tx=0 comp rx=0 tx=0).stop
2024-03-18T00:22:28.650 INFO:teuthology.orchestra.run.smithi033.stdout:/usr/bin/ceph: stderr
2024-03-18T00:22:28.055+0000 7f8789251700 1 --2- 172.21.15.33:0/1596317699 >> [v2:172.21.15.33:3300/0,v1:172.21.15.33:6789/0] conn(0x7f878419b8b0 0x7f878419bcc0 unknown :-1 s=CLOSED pgs=23 cs=0 l=1 rev1=1 crypto rx=0 tx=0 comp rx=0 tx=0).stop
2024-03-18T00:22:28.650 INFO:teuthology.orchestra.run.smithi033.stdout:/usr/bin/ceph: stderr
2024-03-18T00:22:28.055+0000 7f8789251700 1 -- 172.21.15.33:0/1596317699 >> 172.21.15.33:0/1596317699 conn(0x7f87840fff10 msgr2=0x7f8784100d10 unknown :-1 s=STATE_NONE l=0).mark_down
2024-03-18T00:22:28.650 INFO:teuthology.orchestra.run.smithi033.stdout:/usr/bin/ceph: stderr
2024-03-18T00:22:28.055+0000 7f8789251700 1 -- 172.21.15.33:0/1596317699 shutdown_connections
2024-03-18T00:22:28.650 INFO:teuthology.orchestra.run.smithi033.stdout:/usr/bin/ceph: stderr
2024-03-18T00:22:28.055+0000 7f8789251700 1 -- 172.21.15.33:0/1596317699 wait complete.
2024-03-18T00:22:29.212 INFO:journalctl@ceph.mon.smithi033.smithi033.stdout:Mar 18 00:22:29 smithi033 ceph-mon[29175]: from='client.? 172.21.15.33:0/1596317699' entity='client.admin' cmd='[{"prefix": "mgr module enable", "module": "cephadm"}]': finished
2024-03-18T00:22:29.213 INFO:journalctl@ceph.mon.smithi033.smithi033.stdout:Mar 18 00:22:29 smithi033 ceph-mon[29175]: mgrmap e5: smithi033.uhuasu(active, since 12s)
2024-03-18T00:22:29.911 INFO:teuthology.orchestra.run.smithi033.stdout:/usr/bin/ceph: stdout {
2024-03-18T00:22:29.912 INFO:teuthology.orchestra.run.smithi033.stdout:/usr/bin/ceph: stdout "epoch": 5,
2024-03-18T00:22:29.912 INFO:teuthology.orchestra.run.smithi033.stdout:/usr/bin/ceph: stdout "available": true,
2024-03-18T00:22:29.912 INFO:teuthology.orchestra.run.smithi033.stdout:/usr/bin/ceph: stdout "active_name": "smithi033.uhuasu",
2024-03-18T00:22:29.912 INFO:teuthology.orchestra.run.smithi033.stdout:/usr/bin/ceph: stdout "num_standby": 0
2024-03-18T00:22:29.912 INFO:teuthology.orchestra.run.smithi033.stdout:/usr/bin/ceph: stdout }
2024-03-18T00:22:29.912 INFO:teuthology.orchestra.run.smithi033.stdout:/usr/bin/ceph: stderr
2024-03-18T00:22:29.006+0000 7f7a5ece1700 1 Processor -- start
2024-03-18T00:22:29.912 INFO:teuthology.orchestra.run.smithi033.stdout:/usr/bin/ceph: stderr
2024-03-18T00:22:29.006+0000 7f7a5ece1700 1 -- start start
2024-03-18T00:22:29.912 INFO:teuthology.orchestra.run.smithi033.stdout:/usr/bin/ceph: stderr
2024-03-18T00:22:29.006+0000 7f7a5ece1700 1 --2- >> [v2:172.21.15.33:3300/0,v1:172.21.15.33:6789/0] conn(0x7f7a58106550 0x7f7a58108930 unknown :-1 s=NONE pgs=0 cs=0 l=0 rev1=0 crypto rx=0 tx=0 comp rx=0 tx=0).connect
2024-03-18T00:22:29.912 INFO:teuthology.orchestra.run.smithi033.stdout:/usr/bin/ceph: stderr
2024-03-18T00:22:29.006+0000 7f7a5ece1700 1 -- --> [v2:172.21.15.33:3300/0,v1:172.21.15.33:6789/0] -- mon_getmap magic: 0 v1 -- 0x7f7a580744b0 con 0x7f7a58106550
2024-03-18T00:22:29.912 INFO:teuthology.orchestra.run.smithi033.stdout:/usr/bin/ceph: stderr
2024-03-18T00:22:29.007+0000 7f7a5ca7d700 1 --2- >> [v2:172.21.15.33:3300/0,v1:172.21.15.33:6789/0] conn(0x7f7a58106550 0x7f7a58108930 unknown :-1 s=BANNER_CONNECTING pgs=0 cs=0 l=0 rev1=0 crypto rx=0 tx=0 comp rx=0 tx=0)._handle_peer_banner_payload supported=3 required=0
2024-03-18T00:22:29.913 INFO:teuthology.orchestra.run.smithi033.stdout:/usr/bin/ceph: stderr
2024-03-18T00:22:29.007+0000 7f7a5ca7d700 1 --2- >> [v2:172.21.15.33:3300/0,v1:172.21.15.33:6789/0] conn(0x7f7a58106550 0x7f7a58108930 unknown :-1 s=HELLO_CONNECTING pgs=0 cs=0 l=0 rev1=1 crypto rx=0 tx=0 comp rx=0 tx=0).handle_hello peer v2:172.21.15.33:3300/0 says I am v2:172.21.15.33:47636/0 (socket says 172.21.15.33:47636)
2024-03-18T00:22:29.913 INFO:teuthology.orchestra.run.smithi033.stdout:/usr/bin/ceph: stderr
2024-03-18T00:22:29.007+0000 7f7a5ca7d700 1 -- 172.21.15.33:0/3464872633 learned_addr learned my addr 172.21.15.33:0/3464872633 (peer_addr_for_me v2:172.21.15.33:0/0)
2024-03-18T00:22:29.913 INFO:teuthology.orchestra.run.smithi033.stdout:/usr/bin/ceph: stderr
2024-03-18T00:22:29.007+0000 7f7a5ca7d700 1 -- 172.21.15.33:0/3464872633 --> [v2:172.21.15.33:3300/0,v1:172.21.15.33:6789/0] -- mon_subscribe({config=0+,monmap=0+}) v3 -- 0x7f7a580745f0 con 0x7f7a58106550
2024-03-18T00:22:29.913 INFO:teuthology.orchestra.run.smithi033.stdout:/usr/bin/ceph: stderr
2024-03-18T00:22:29.007+0000 7f7a5ca7d700 1 --2- 172.21.15.33:0/3464872633 >> [v2:172.21.15.33:3300/0,v1:172.21.15.33:6789/0] conn(0x7f7a58106550 0x7f7a58108930 secure :-1 s=READY pgs=26 cs=0 l=1 rev1=1 crypto rx=0x7f7a4c0098a0 tx=0x7f7a4c009bb0 comp rx=0 tx=0).ready entity=mon.0 client_cookie=6af9c02c3989c6b1 server_cookie=0 in_seq=0 out_seq=0
2024-03-18T00:22:29.913 INFO:teuthology.orchestra.run.smithi033.stdout:/usr/bin/ceph: stderr
2024-03-18T00:22:29.007+0000 7f7a577fe700 1 -- 172.21.15.33:0/3464872633 <== mon.0 v2:172.21.15.33:3300/0 1 ==== mon_map magic: 0 v1 ==== 229+0+0 (secure 0 0 0) 0x7f7a4c004180 con 0x7f7a58106550
2024-03-18T00:22:29.913 INFO:teuthology.orchestra.run.smithi033.stdout:/usr/bin/ceph: stderr
2024-03-18T00:22:29.007+0000 7f7a577fe700 1 -- 172.21.15.33:0/3464872633 <== mon.0 v2:172.21.15.33:3300/0 2 ==== config(27 keys) v1 ==== 1037+0+0 (secure 0 0 0) 0x7f7a4c0042e0 con 0x7f7a58106550
2024-03-18T00:22:29.913 INFO:teuthology.orchestra.run.smithi033.stdout:/usr/bin/ceph: stderr
2024-03-18T00:22:29.007+0000 7f7a577fe700 1 -- 172.21.15.33:0/3464872633 <== mon.0 v2:172.21.15.33:3300/0 3 ==== mon_map magic: 0 v1 ==== 229+0+0 (secure 0 0 0) 0x7f7a4c011a50 con 0x7f7a58106550
2024-03-18T00:22:29.913 INFO:teuthology.orchestra.run.smithi033.stdout:/usr/bin/ceph: stderr
2024-03-18T00:22:29.008+0000 7f7a5ece1700 1 -- 172.21.15.33:0/3464872633 >> [v2:172.21.15.33:3300/0,v1:172.21.15.33:6789/0] conn(0x7f7a58106550 msgr2=0x7f7a58108930 secure :-1 s=STATE_CONNECTION_ESTABLISHED l=1).mark_down
2024-03-18T00:22:29.913 INFO:teuthology.orchestra.run.smithi033.stdout:/usr/bin/ceph: stderr
2024-03-18T00:22:29.008+0000 7f7a5ece1700 1 --2- 172.21.15.33:0/3464872633 >> [v2:172.21.15.33:3300/0,v1:172.21.15.33:6789/0] conn(0x7f7a58106550 0x7f7a58108930 secure :-1 s=READY pgs=26 cs=0 l=1 rev1=1 crypto rx=0x7f7a4c0098a0 tx=0x7f7a4c009bb0 comp rx=0 tx=0).stop
2024-03-18T00:22:29.913 INFO:teuthology.orchestra.run.smithi033.stdout:/usr/bin/ceph: stderr
2024-03-18T00:22:29.008+0000 7f7a5ece1700 1 -- 172.21.15.33:0/3464872633 shutdown_connections
2024-03-18T00:22:29.913 INFO:teuthology.orchestra.run.smithi033.stdout:/usr/bin/ceph: stderr
2024-03-18T00:22:29.008+0000 7f7a5ece1700 1 --2- 172.21.15.33:0/3464872633 >> [v2:172.21.15.33:3300/0,v1:172.21.15.33:6789/0] conn(0x7f7a58106550 0x7f7a58108930 unknown :-1 s=CLOSED pgs=26 cs=0 l=1 rev1=1 crypto rx=0 tx=0 comp rx=0 tx=0).stop
2024-03-18T00:22:29.913 INFO:teuthology.orchestra.run.smithi033.stdout:/usr/bin/ceph: stderr
2024-03-18T00:22:29.008+0000 7f7a5ece1700 1 -- 172.21.15.33:0/3464872633 >> 172.21.15.33:0/3464872633 conn(0x7f7a580fff10 msgr2=0x7f7a58102360 unknown :-1 s=STATE_NONE l=0).mark_down
2024-03-18T00:22:29.913 INFO:teuthology.orchestra.run.smithi033.stdout:/usr/bin/ceph: stderr
2024-03-18T00:22:29.008+0000 7f7a5ece1700 1 -- 172.21.15.33:0/3464872633 shutdown_connections
2024-03-18T00:22:29.913 INFO:teuthology.orchestra.run.smithi033.stdout:/usr/bin/ceph: stderr
2024-03-18T00:22:29.008+0000 7f7a5ece1700 1 -- 172.21.15.33:0/3464872633 wait complete.
2024-03-18T00:22:29.914 INFO:teuthology.orchestra.run.smithi033.stdout:/usr/bin/ceph: stderr
2024-03-18T00:22:29.009+0000 7f7a5ece1700 1 Processor -- start
2024-03-18T00:22:29.914 INFO:teuthology.orchestra.run.smithi033.stdout:/usr/bin/ceph: stderr
2024-03-18T00:22:29.009+0000 7f7a5ece1700 1 -- start start
2024-03-18T00:22:29.914 INFO:teuthology.orchestra.run.smithi033.stdout:/usr/bin/ceph: stderr
2024-03-18T00:22:29.009+0000 7f7a5ece1700 1 --2- >> [v2:172.21.15.33:3300/0,v1:172.21.15.33:6789/0] conn(0x7f7a58106550 0x7f7a58199720 unknown :-1 s=NONE pgs=0 cs=0 l=1 rev1=0 crypto rx=0 tx=0 comp rx=0 tx=0).connect
2024-03-18T00:22:29.914 INFO:teuthology.orchestra.run.smithi033.stdout:/usr/bin/ceph: stderr
2024-03-18T00:22:29.009+0000 7f7a5ece1700 1 -- --> [v2:172.21.15.33:3300/0,v1:172.21.15.33:6789/0] -- mon_getmap magic: 0 v1 -- 0x7f7a58199c60 con 0x7f7a58106550
2024-03-18T00:22:29.914 INFO:teuthology.orchestra.run.smithi033.stdout:/usr/bin/ceph: stderr
2024-03-18T00:22:29.009+0000 7f7a5ca7d700 1 --2- >> [v2:172.21.15.33:3300/0,v1:172.21.15.33:6789/0] conn(0x7f7a58106550 0x7f7a58199720 unknown :-1 s=BANNER_CONNECTING pgs=0 cs=0 l=1 rev1=0 crypto rx=0 tx=0 comp rx=0 tx=0)._handle_peer_banner_payload supported=3 required=0
2024-03-18T00:22:29.914 INFO:teuthology.orchestra.run.smithi033.stdout:/usr/bin/ceph: stderr
2024-03-18T00:22:29.009+0000 7f7a5ca7d700 1 --2- >> [v2:172.21.15.33:3300/0,v1:172.21.15.33:6789/0] conn(0x7f7a58106550 0x7f7a58199720 unknown :-1 s=HELLO_CONNECTING pgs=0 cs=0 l=1 rev1=1 crypto rx=0 tx=0 comp rx=0 tx=0).handle_hello peer v2:172.21.15.33:3300/0 says I am v2:172.21.15.33:47652/0 (socket says 172.21.15.33:47652)
2024-03-18T00:22:29.914 INFO:teuthology.orchestra.run.smithi033.stdout:/usr/bin/ceph: stderr
2024-03-18T00:22:29.009+0000 7f7a5ca7d700 1 -- 172.21.15.33:0/591056283 learned_addr learned my addr 172.21.15.33:0/591056283 (peer_addr_for_me v2:172.21.15.33:0/0)
2024-03-18T00:22:29.914 INFO:teuthology.orchestra.run.smithi033.stdout:/usr/bin/ceph: stderr
2024-03-18T00:22:29.009+0000 7f7a5ca7d700 1 -- 172.21.15.33:0/591056283 --> [v2:172.21.15.33:3300/0,v1:172.21.15.33:6789/0] -- mon_subscribe({config=0+,monmap=0+}) v3 -- 0x7f7a4c009550 con 0x7f7a58106550
2024-03-18T00:22:29.914 INFO:teuthology.orchestra.run.smithi033.stdout:/usr/bin/ceph: stderr
2024-03-18T00:22:29.009+0000 7f7a5ca7d700 1 --2- 172.21.15.33:0/591056283 >> [v2:172.21.15.33:3300/0,v1:172.21.15.33:6789/0] conn(0x7f7a58106550 0x7f7a58199720 secure :-1 s=READY pgs=27 cs=0 l=1 rev1=1 crypto rx=0x7f7a4c009520 tx=0x7f7a4c011ab0 comp rx=0 tx=0).ready entity=mon.0 client_cookie=0 server_cookie=0 in_seq=0 out_seq=0
2024-03-18T00:22:29.914 INFO:teuthology.orchestra.run.smithi033.stdout:/usr/bin/ceph: stderr
2024-03-18T00:22:29.009+0000 7f7a55ffb700 1 -- 172.21.15.33:0/591056283 <== mon.0 v2:172.21.15.33:3300/0 1 ==== mon_map magic: 0 v1 ==== 229+0+0 (secure 0 0 0) 0x7f7a4c003a80 con 0x7f7a58106550
2024-03-18T00:22:29.914 INFO:teuthology.orchestra.run.smithi033.stdout:/usr/bin/ceph: stderr
2024-03-18T00:22:29.010+0000 7f7a55ffb700 1 -- 172.21.15.33:0/591056283 <== mon.0 v2:172.21.15.33:3300/0 2 ==== config(27 keys) v1 ==== 1037+0+0 (secure 0 0 0) 0x7f7a4c003be0 con 0x7f7a58106550
2024-03-18T00:22:29.914 INFO:teuthology.orchestra.run.smithi033.stdout:/usr/bin/ceph: stderr
2024-03-18T00:22:29.010+0000 7f7a5ece1700 1 -- 172.21.15.33:0/591056283 --> [v2:172.21.15.33:3300/0,v1:172.21.15.33:6789/0] -- mon_subscribe({mgrmap=0+}) v3 -- 0x7f7a58199e60 con 0x7f7a58106550
2024-03-18T00:22:29.914 INFO:teuthology.orchestra.run.smithi033.stdout:/usr/bin/ceph: stderr
2024-03-18T00:22:29.010+0000 7f7a55ffb700 1 -- 172.21.15.33:0/591056283 <== mon.0 v2:172.21.15.33:3300/0 3 ==== mon_map magic: 0 v1 ==== 229+0+0 (secure 0 0 0) 0x7f7a4c0197b0 con 0x7f7a58106550
2024-03-18T00:22:29.914 INFO:teuthology.orchestra.run.smithi033.stdout:/usr/bin/ceph: stderr
2024-03-18T00:22:29.010+0000 7f7a5ece1700 1 -- 172.21.15.33:0/591056283 --> [v2:172.21.15.33:3300/0,v1:172.21.15.33:6789/0] -- mon_subscribe({osdmap=0}) v3 -- 0x7f7a5819a300 con 0x7f7a58106550
2024-03-18T00:22:29.915 INFO:teuthology.orchestra.run.smithi033.stdout:/usr/bin/ceph: stderr
2024-03-18T00:22:29.011+0000 7f7a55ffb700 1 -- 172.21.15.33:0/591056283 <== mon.0 v2:172.21.15.33:3300/0 4 ==== mgrmap(e 5) v1 ==== 45084+0+0 (secure 0 0 0) 0x7f7a4c019a70 con 0x7f7a58106550
2024-03-18T00:22:29.915 INFO:teuthology.orchestra.run.smithi033.stdout:/usr/bin/ceph: stderr
2024-03-18T00:22:29.011+0000 7f7a55ffb700 1 --2- 172.21.15.33:0/591056283 >> [v2:172.21.15.33:6800/1781797945,v1:172.21.15.33:6801/1781797945] conn(0x7f7a480383a0 0x7f7a4803a850 unknown :-1 s=NONE pgs=0 cs=0 l=1 rev1=0 crypto rx=0 tx=0 comp rx=0 tx=0).connect
2024-03-18T00:22:29.915 INFO:teuthology.orchestra.run.smithi033.stdout:/usr/bin/ceph: stderr
2024-03-18T00:22:29.011+0000 7f7a55ffb700 1 -- 172.21.15.33:0/591056283 <== mon.0 v2:172.21.15.33:3300/0 5 ==== osd_map(1..1 src has 1..1) v4 ==== 725+0+0 (secure 0 0 0) 0x7f7a4c04c5f0 con 0x7f7a58106550
2024-03-18T00:22:29.915 INFO:teuthology.orchestra.run.smithi033.stdout:/usr/bin/ceph: stderr
2024-03-18T00:22:29.011+0000 7f7a57fff700 1 -- 172.21.15.33:0/591056283 >> [v2:172.21.15.33:6800/1781797945,v1:172.21.15.33:6801/1781797945] conn(0x7f7a480383a0 msgr2=0x7f7a4803a850 unknown :-1 s=STATE_CONNECTING_RE l=1).process reconnect failed to v2:172.21.15.33:6800/1781797945
2024-03-18T00:22:29.915 INFO:teuthology.orchestra.run.smithi033.stdout:/usr/bin/ceph: stderr
2024-03-18T00:22:29.011+0000 7f7a57fff700 1 --2- 172.21.15.33:0/591056283 >> [v2:172.21.15.33:6800/1781797945,v1:172.21.15.33:6801/1781797945] conn(0x7f7a480383a0 0x7f7a4803a850 unknown :-1 s=START_CONNECT pgs=0 cs=0 l=1 rev1=0 crypto rx=0 tx=0 comp rx=0 tx=0)._fault waiting 0.200000
2024-03-18T00:22:29.915 INFO:teuthology.orchestra.run.smithi033.stdout:/usr/bin/ceph: stderr
2024-03-18T00:22:29.011+0000 7f7a5ece1700 1 -- 172.21.15.33:0/591056283 --> [v2:172.21.15.33:3300/0,v1:172.21.15.33:6789/0] -- mon_command({"prefix": "get_command_descriptions"} v 0) v1 -- 0x7f7a58062380 con 0x7f7a58106550
2024-03-18T00:22:29.915 INFO:teuthology.orchestra.run.smithi033.stdout:/usr/bin/ceph: stderr
2024-03-18T00:22:29.016+0000 7f7a55ffb700 1 -- 172.21.15.33:0/591056283 <== mon.0 v2:172.21.15.33:3300/0 6 ==== mon_command_ack([{"prefix": "get_command_descriptions"}]=0 v0) v1 ==== 72+0+177933 (secure 0 0 0) 0x7f7a4c048080 con 0x7f7a58106550
2024-03-18T00:22:29.915 INFO:teuthology.orchestra.run.smithi033.stdout:/usr/bin/ceph: stderr
2024-03-18T00:22:29.212+0000 7f7a57fff700 1 -- 172.21.15.33:0/591056283 >> [v2:172.21.15.33:6800/1781797945,v1:172.21.15.33:6801/1781797945] conn(0x7f7a480383a0 msgr2=0x7f7a4803a850 unknown :-1 s=STATE_CONNECTING_RE l=1).process reconnect failed to v2:172.21.15.33:6800/1781797945
2024-03-18T00:22:29.915 INFO:teuthology.orchestra.run.smithi033.stdout:/usr/bin/ceph: stderr
2024-03-18T00:22:29.212+0000 7f7a57fff700 1 --2- 172.21.15.33:0/591056283 >> [v2:172.21.15.33:6800/1781797945,v1:172.21.15.33:6801/1781797945] conn(0x7f7a480383a0 0x7f7a4803a850 unknown :-1 s=START_CONNECT pgs=0 cs=0 l=1 rev1=0 crypto rx=0 tx=0 comp rx=0 tx=0)._fault waiting 0.400000
2024-03-18T00:22:29.915 INFO:teuthology.orchestra.run.smithi033.stdout:/usr/bin/ceph: stderr
2024-03-18T00:22:29.273+0000 7f7a5ece1700 1 -- 172.21.15.33:0/591056283 --> [v2:172.21.15.33:3300/0,v1:172.21.15.33:6789/0] -- mon_command({"prefix": "mgr stat"} v 0) v1 -- 0x7f7a5819ccc0 con 0x7f7a58106550
2024-03-18T00:22:29.915 INFO:teuthology.orchestra.run.smithi033.stdout:/usr/bin/ceph: stderr
2024-03-18T00:22:29.273+0000 7f7a55ffb700 1 -- 172.21.15.33:0/591056283 <== mon.0 v2:172.21.15.33:3300/0 7 ==== mon_command_ack([{"prefix": "mgr stat"}]=0 v5) v1 ==== 56+0+103 (secure 0 0 0) 0x7f7a4c02c3a0 con 0x7f7a58106550
2024-03-18T00:22:29.915 INFO:teuthology.orchestra.run.smithi033.stdout:/usr/bin/ceph: stderr
2024-03-18T00:22:29.275+0000 7f7a5ece1700 1 -- 172.21.15.33:0/591056283 >> [v2:172.21.15.33:6800/1781797945,v1:172.21.15.33:6801/1781797945] conn(0x7f7a480383a0 msgr2=0x7f7a4803a850 unknown :-1 s=STATE_CONNECTING l=1).mark_down
2024-03-18T00:22:29.915 INFO:teuthology.orchestra.run.smithi033.stdout:/usr/bin/ceph: stderr
2024-03-18T00:22:29.275+0000 7f7a5ece1700 1 --2- 172.21.15.33:0/591056283 >> [v2:172.21.15.33:6800/1781797945,v1:172.21.15.33:6801/1781797945] conn(0x7f7a480383a0 0x7f7a4803a850 unknown :-1 s=START_CONNECT pgs=0 cs=0 l=1 rev1=0 crypto rx=0 tx=0 comp rx=0 tx=0).stop
2024-03-18T00:22:29.915 INFO:teuthology.orchestra.run.smithi033.stdout:/usr/bin/ceph: stderr
2024-03-18T00:22:29.275+0000 7f7a5ece1700 1 -- 172.21.15.33:0/591056283 >> [v2:172.21.15.33:3300/0,v1:172.21.15.33:6789/0] conn(0x7f7a58106550 msgr2=0x7f7a58199720 secure :-1 s=STATE_CONNECTION_ESTABLISHED l=1).mark_down
2024-03-18T00:22:29.915 INFO:teuthology.orchestra.run.smithi033.stdout:/usr/bin/ceph: stderr
2024-03-18T00:22:29.275+0000 7f7a5ece1700 1 --2- 172.21.15.33:0/591056283 >> [v2:172.21.15.33:3300/0,v1:172.21.15.33:6789/0] conn(0x7f7a58106550 0x7f7a58199720 secure :-1 s=READY pgs=27 cs=0 l=1 rev1=1 crypto rx=0x7f7a4c009520 tx=0x7f7a4c011ab0 comp rx=0 tx=0).stop
2024-03-18T00:22:29.916 INFO:teuthology.orchestra.run.smithi033.stdout:/usr/bin/ceph: stderr
2024-03-18T00:22:29.275+0000 7f7a5ece1700 1 -- 172.21.15.33:0/591056283 shutdown_connections
2024-03-18T00:22:29.916 INFO:teuthology.orchestra.run.smithi033.stdout:/usr/bin/ceph: stderr
2024-03-18T00:22:29.275+0000 7f7a5ece1700 1 --2- 172.21.15.33:0/591056283 >> [v2:172.21.15.33:6800/1781797945,v1:172.21.15.33:6801/1781797945] conn(0x7f7a480383a0 0x7f7a4803a850 unknown :-1 s=CLOSED pgs=0 cs=0 l=1 rev1=0 crypto rx=0 tx=0 comp rx=0 tx=0).stop
2024-03-18T00:22:29.916 INFO:teuthology.orchestra.run.smithi033.stdout:/usr/bin/ceph: stderr
2024-03-18T00:22:29.275+0000 7f7a5ece1700 1 --2- 172.21.15.33:0/591056283 >> [v2:172.21.15.33:3300/0,v1:172.21.15.33:6789/0] conn(0x7f7a58106550 0x7f7a58199720 unknown :-1 s=CLOSED pgs=27 cs=0 l=1 rev1=1 crypto rx=0 tx=0 comp rx=0 tx=0).stop
2024-03-18T00:22:29.916 INFO:teuthology.orchestra.run.smithi033.stdout:/usr/bin/ceph: stderr
2024-03-18T00:22:29.275+0000 7f7a5ece1700 1 -- 172.21.15.33:0/591056283 >> 172.21.15.33:0/591056283 conn(0x7f7a580fff10 msgr2=0x7f7a58101610 unknown :-1 s=STATE_NONE l=0).mark_down
2024-03-18T00:22:29.916 INFO:teuthology.orchestra.run.smithi033.stdout:/usr/bin/ceph: stderr
2024-03-18T00:22:29.276+0000 7f7a5ece1700 1 -- 172.21.15.33:0/591056283 shutdown_connections
2024-03-18T00:22:29.916 INFO:teuthology.orchestra.run.smithi033.stdout:/usr/bin/ceph: stderr
2024-03-18T00:22:29.276+0000 7f7a5ece1700 1 -- 172.21.15.33:0/591056283 wait complete.
2024-03-18T00:22:29.916 INFO:teuthology.orchestra.run.smithi033.stdout:Waiting for the mgr to restart...
2024-03-18T00:22:29.916 INFO:teuthology.orchestra.run.smithi033.stdout:Waiting for mgr epoch 5...
2024-03-18T00:22:30.353 INFO:journalctl@ceph.mon.smithi033.smithi033.stdout:Mar 18 00:22:30 smithi033 ceph-mon[29175]: from='client.? 172.21.15.33:0/591056283' entity='client.admin' cmd=[{"prefix": "mgr stat"}]: dispatch
2024-03-18T00:22:35.158 INFO:journalctl@ceph.mon.smithi033.smithi033.stdout:Mar 18 00:22:34 smithi033 ceph-mon[29175]: Active manager daemon smithi033.uhuasu restarted
2024-03-18T00:22:35.158 INFO:journalctl@ceph.mon.smithi033.smithi033.stdout:Mar 18 00:22:34 smithi033 ceph-mon[29175]: Activating manager daemon smithi033.uhuasu
2024-03-18T00:22:35.158 INFO:journalctl@ceph.mon.smithi033.smithi033.stdout:Mar 18 00:22:34 smithi033 ceph-mon[29175]: osdmap e2: 0 total, 0 up, 0 in
2024-03-18T00:22:35.158 INFO:journalctl@ceph.mon.smithi033.smithi033.stdout:Mar 18 00:22:34 smithi033 ceph-mon[29175]: mgrmap e6: smithi033.uhuasu(active, starting, since 0.00304856s)
2024-03-18T00:22:35.158 INFO:journalctl@ceph.mon.smithi033.smithi033.stdout:Mar 18 00:22:34 smithi033 ceph-mon[29175]: from='mgr.14120 172.21.15.33:0/593588848' entity='mgr.smithi033.uhuasu' cmd=[{"prefix": "mon metadata", "id": "smithi033"}]: dispatch
2024-03-18T00:22:35.158 INFO:journalctl@ceph.mon.smithi033.smithi033.stdout:Mar 18 00:22:34 smithi033 ceph-mon[29175]: from='mgr.14120 172.21.15.33:0/593588848' entity='mgr.smithi033.uhuasu' cmd=[{"prefix": "mgr metadata", "who": "smithi033.uhuasu", "id": "smithi033.uhuasu"}]: dispatch
2024-03-18T00:22:35.158 INFO:journalctl@ceph.mon.smithi033.smithi033.stdout:Mar 18 00:22:34 smithi033 ceph-mon[29175]: from='mgr.14120 172.21.15.33:0/593588848' entity='mgr.smithi033.uhuasu' cmd=[{"prefix": "mds metadata"}]: dispatch
2024-03-18T00:22:35.159 INFO:journalctl@ceph.mon.smithi033.smithi033.stdout:Mar 18 00:22:34 smithi033 ceph-mon[29175]: from='mgr.14120 172.21.15.33:0/593588848' entity='mgr.smithi033.uhuasu' cmd=[{"prefix": "osd metadata"}]: dispatch
2024-03-18T00:22:35.159 INFO:journalctl@ceph.mon.smithi033.smithi033.stdout:Mar 18 00:22:34 smithi033 ceph-mon[29175]: from='mgr.14120 172.21.15.33:0/593588848' entity='mgr.smithi033.uhuasu' cmd=[{"prefix": "mon metadata"}]: dispatch
2024-03-18T00:22:35.159 INFO:journalctl@ceph.mon.smithi033.smithi033.stdout:Mar 18 00:22:34 smithi033 ceph-mon[29175]: Manager daemon smithi033.uhuasu is now available
2024-03-18T00:22:35.159 INFO:journalctl@ceph.mon.smithi033.smithi033.stdout:Mar 18 00:22:34 smithi033 ceph-mon[29175]: from='mgr.14120 172.21.15.33:0/593588848' entity='mgr.smithi033.uhuasu'
2024-03-18T00:22:35.159 INFO:journalctl@ceph.mon.smithi033.smithi033.stdout:Mar 18 00:22:34 smithi033 ceph-mon[29175]: from='mgr.14120 172.21.15.33:0/593588848' entity='mgr.smithi033.uhuasu'
2024-03-18T00:22:35.159 INFO:journalctl@ceph.mon.smithi033.smithi033.stdout:Mar 18 00:22:34 smithi033 ceph-mon[29175]: from='mgr.14120 172.21.15.33:0/593588848' entity='mgr.smithi033.uhuasu' cmd=[{"prefix": "config dump", "format": "json"}]: dispatch
2024-03-18T00:22:35.159 INFO:journalctl@ceph.mon.smithi033.smithi033.stdout:Mar 18 00:22:34 smithi033 ceph-mon[29175]: from='mgr.14120 172.21.15.33:0/593588848' entity='mgr.smithi033.uhuasu' cmd=[{"prefix": "config dump", "format": "json"}]: dispatch
2024-03-18T00:22:35.159 INFO:journalctl@ceph.mon.smithi033.smithi033.stdout:Mar 18 00:22:34 smithi033 ceph-mon[29175]: from='mgr.14120 172.21.15.33:0/593588848' entity='mgr.smithi033.uhuasu' cmd=[{"prefix": "config dump", "format": "json"}]: dispatch
2024-03-18T00:22:36.158 INFO:journalctl@ceph.mon.smithi033.smithi033.stdout:Mar 18 00:22:35 smithi033 ceph-mon[29175]: Found migration_current of "None". Setting to last migration.
2024-03-18T00:22:36.158 INFO:journalctl@ceph.mon.smithi033.smithi033.stdout:Mar 18 00:22:35 smithi033 ceph-mon[29175]: from='mgr.14120 172.21.15.33:0/593588848' entity='mgr.smithi033.uhuasu' cmd=[{"prefix":"config rm","who":"mgr","name":"mgr/rbd_support/smithi033.uhuasu/mirror_snapshot_schedule"}]: dispatch
2024-03-18T00:22:36.158 INFO:journalctl@ceph.mon.smithi033.smithi033.stdout:Mar 18 00:22:35 smithi033 ceph-mon[29175]: from='mgr.14120 172.21.15.33:0/593588848' entity='mgr.smithi033.uhuasu' cmd=[{"prefix":"config rm","who":"mgr","name":"mgr/rbd_support/smithi033.uhuasu/trash_purge_schedule"}]: dispatch
2024-03-18T00:22:36.158 INFO:journalctl@ceph.mon.smithi033.smithi033.stdout:Mar 18 00:22:35 smithi033 ceph-mon[29175]: from='mgr.14120 172.21.15.33:0/593588848' entity='mgr.smithi033.uhuasu'
2024-03-18T00:22:36.158 INFO:journalctl@ceph.mon.smithi033.smithi033.stdout:Mar 18 00:22:35 smithi033 ceph-mon[29175]: from='mgr.14120 172.21.15.33:0/593588848' entity='mgr.smithi033.uhuasu'
2024-03-18T00:22:36.158 INFO:journalctl@ceph.mon.smithi033.smithi033.stdout:Mar 18 00:22:35 smithi033 ceph-mon[29175]: from='mgr.14120 172.21.15.33:0/593588848' entity='mgr.smithi033.uhuasu' cmd=[{"prefix": "config dump", "format": "json"}]: dispatch
2024-03-18T00:22:36.158 INFO:journalctl@ceph.mon.smithi033.smithi033.stdout:Mar 18 00:22:35 smithi033 ceph-mon[29175]: mgrmap e7: smithi033.uhuasu(active, since 1.00633s)
2024-03-18T00:22:36.471 INFO:teuthology.orchestra.run.smithi033.stdout:/usr/bin/ceph: stdout {
2024-03-18T00:22:36.472 INFO:teuthology.orchestra.run.smithi033.stdout:/usr/bin/ceph: stdout "mgrmap_epoch": 7,
2024-03-18T00:22:36.472 INFO:teuthology.orchestra.run.smithi033.stdout:/usr/bin/ceph: stdout "initialized": true
2024-03-18T00:22:36.472 INFO:teuthology.orchestra.run.smithi033.stdout:/usr/bin/ceph: stdout }
2024-03-18T00:22:36.472 INFO:teuthology.orchestra.run.smithi033.stdout:/usr/bin/ceph: stderr
2024-03-18T00:22:31.134+0000 7f4f32678700 1 Processor -- start
2024-03-18T00:22:36.472 INFO:teuthology.orchestra.run.smithi033.stdout:/usr/bin/ceph: stderr
2024-03-18T00:22:31.134+0000 7f4f32678700 1 -- start start
2024-03-18T00:22:36.472 INFO:teuthology.orchestra.run.smithi033.stdout:/usr/bin/ceph: stderr
2024-03-18T00:22:31.134+0000 7f4f32678700 1 --2- >> [v2:172.21.15.33:3300/0,v1:172.21.15.33:6789/0] conn(0x7f4f2c103cb0 0x7f4f2c1040c0 unknown :-1 s=NONE pgs=0 cs=0 l=0 rev1=0 crypto rx=0 tx=0 comp rx=0 tx=0).connect
2024-03-18T00:22:36.472 INFO:teuthology.orchestra.run.smithi033.stdout:/usr/bin/ceph: stderr
2024-03-18T00:22:31.134+0000 7f4f32678700 1 -- --> [v2:172.21.15.33:3300/0,v1:172.21.15.33:6789/0] -- mon_getmap magic: 0 v1 -- 0x7f4f2c104600 con 0x7f4f2c103cb0
2024-03-18T00:22:36.472 INFO:teuthology.orchestra.run.smithi033.stdout:/usr/bin/ceph: stderr
2024-03-18T00:22:31.134+0000 7f4f2bfff700 1 --2- >> [v2:172.21.15.33:3300/0,v1:172.21.15.33:6789/0] conn(0x7f4f2c103cb0 0x7f4f2c1040c0 unknown :-1 s=BANNER_CONNECTING pgs=0 cs=0 l=0 rev1=0 crypto rx=0 tx=0 comp rx=0 tx=0)._handle_peer_banner_payload supported=3 required=0
2024-03-18T00:22:36.472 INFO:teuthology.orchestra.run.smithi033.stdout:/usr/bin/ceph: stderr
2024-03-18T00:22:31.135+0000 7f4f2bfff700 1 --2- >> [v2:172.21.15.33:3300/0,v1:172.21.15.33:6789/0] conn(0x7f4f2c103cb0 0x7f4f2c1040c0 unknown :-1 s=HELLO_CONNECTING pgs=0 cs=0 l=0 rev1=1 crypto rx=0 tx=0 comp rx=0 tx=0).handle_hello peer v2:172.21.15.33:3300/0 says I am v2:172.21.15.33:47664/0 (socket says 172.21.15.33:47664)
2024-03-18T00:22:36.472 INFO:teuthology.orchestra.run.smithi033.stdout:/usr/bin/ceph: stderr
2024-03-18T00:22:31.135+0000 7f4f2bfff700 1 -- 172.21.15.33:0/2460069157 learned_addr learned my addr 172.21.15.33:0/2460069157 (peer_addr_for_me v2:172.21.15.33:0/0)
2024-03-18T00:22:36.472 INFO:teuthology.orchestra.run.smithi033.stdout:/usr/bin/ceph: stderr
2024-03-18T00:22:31.135+0000 7f4f2bfff700 1 -- 172.21.15.33:0/2460069157 --> [v2:172.21.15.33:3300/0,v1:172.21.15.33:6789/0] -- mon_subscribe({config=0+,monmap=0+}) v3 -- 0x7f4f2c104740 con 0x7f4f2c103cb0
2024-03-18T00:22:36.472 INFO:teuthology.orchestra.run.smithi033.stdout:/usr/bin/ceph: stderr
2024-03-18T00:22:31.135+0000 7f4f2bfff700 1 --2- 172.21.15.33:0/2460069157 >> [v2:172.21.15.33:3300/0,v1:172.21.15.33:6789/0] conn(0x7f4f2c103cb0 0x7f4f2c1040c0 secure :-1 s=READY pgs=28 cs=0 l=1 rev1=1 crypto rx=0x7f4f200098a0 tx=0x7f4f20009bb0 comp rx=0 tx=0).ready entity=mon.0 client_cookie=60c582510ac8c9ec server_cookie=0 in_seq=0 out_seq=0
2024-03-18T00:22:36.472 INFO:teuthology.orchestra.run.smithi033.stdout:/usr/bin/ceph: stderr
2024-03-18T00:22:31.135+0000 7f4f2affd700 1 -- 172.21.15.33:0/2460069157 <== mon.0 v2:172.21.15.33:3300/0 1 ==== mon_map magic: 0 v1 ==== 229+0+0 (secure 0 0 0) 0x7f4f20004180 con 0x7f4f2c103cb0
2024-03-18T00:22:36.473 INFO:teuthology.orchestra.run.smithi033.stdout:/usr/bin/ceph: stderr
2024-03-18T00:22:31.135+0000 7f4f2affd700 1 -- 172.21.15.33:0/2460069157 <== mon.0 v2:172.21.15.33:3300/0 2 ==== config(27 keys) v1 ==== 1037+0+0 (secure 0 0 0) 0x7f4f200042e0 con 0x7f4f2c103cb0
2024-03-18T00:22:36.473 INFO:teuthology.orchestra.run.smithi033.stdout:/usr/bin/ceph: stderr
2024-03-18T00:22:31.135+0000 7f4f2affd700 1 -- 172.21.15.33:0/2460069157 <== mon.0 v2:172.21.15.33:3300/0 3 ==== mon_map magic: 0 v1 ==== 229+0+0 (secure 0 0 0) 0x7f4f20011a50 con 0x7f4f2c103cb0
2024-03-18T00:22:36.473 INFO:teuthology.orchestra.run.smithi033.stdout:/usr/bin/ceph: stderr
2024-03-18T00:22:31.136+0000 7f4f32678700 1 -- 172.21.15.33:0/2460069157 >> [v2:172.21.15.33:3300/0,v1:172.21.15.33:6789/0] conn(0x7f4f2c103cb0 msgr2=0x7f4f2c1040c0 secure :-1 s=STATE_CONNECTION_ESTABLISHED l=1).mark_down
2024-03-18T00:22:36.473 INFO:teuthology.orchestra.run.smithi033.stdout:/usr/bin/ceph: stderr
2024-03-18T00:22:31.136+0000 7f4f32678700 1 --2- 172.21.15.33:0/2460069157 >> [v2:172.21.15.33:3300/0,v1:172.21.15.33:6789/0] conn(0x7f4f2c103cb0 0x7f4f2c1040c0 secure :-1 s=READY pgs=28 cs=0 l=1 rev1=1 crypto rx=0x7f4f200098a0 tx=0x7f4f20009bb0 comp rx=0 tx=0).stop
2024-03-18T00:22:36.473 INFO:teuthology.orchestra.run.smithi033.stdout:/usr/bin/ceph: stderr
2024-03-18T00:22:31.136+0000 7f4f32678700 1 -- 172.21.15.33:0/2460069157 shutdown_connections
2024-03-18T00:22:36.473 INFO:teuthology.orchestra.run.smithi033.stdout:/usr/bin/ceph: stderr
2024-03-18T00:22:31.136+0000 7f4f32678700 1 --2- 172.21.15.33:0/2460069157 >> [v2:172.21.15.33:3300/0,v1:172.21.15.33:6789/0] conn(0x7f4f2c103cb0 0x7f4f2c1040c0 unknown :-1 s=CLOSED pgs=28 cs=0 l=1 rev1=1 crypto rx=0 tx=0 comp rx=0 tx=0).stop
2024-03-18T00:22:36.473 INFO:teuthology.orchestra.run.smithi033.stdout:/usr/bin/ceph: stderr
2024-03-18T00:22:31.136+0000 7f4f32678700 1 -- 172.21.15.33:0/2460069157 >> 172.21.15.33:0/2460069157 conn(0x7f4f2c0ff670 msgr2=0x7f4f2c101ac0 unknown :-1 s=STATE_NONE l=0).mark_down
2024-03-18T00:22:36.473 INFO:teuthology.orchestra.run.smithi033.stdout:/usr/bin/ceph: stderr
2024-03-18T00:22:31.136+0000 7f4f32678700 1 -- 172.21.15.33:0/2460069157 shutdown_connections
2024-03-18T00:22:36.473 INFO:teuthology.orchestra.run.smithi033.stdout:/usr/bin/ceph: stderr
2024-03-18T00:22:31.136+0000 7f4f32678700 1 -- 172.21.15.33:0/2460069157 wait complete.
2024-03-18T00:22:36.473 INFO:teuthology.orchestra.run.smithi033.stdout:/usr/bin/ceph: stderr
2024-03-18T00:22:31.137+0000 7f4f32678700 1 Processor -- start
2024-03-18T00:22:36.473 INFO:teuthology.orchestra.run.smithi033.stdout:/usr/bin/ceph: stderr
2024-03-18T00:22:31.137+0000 7f4f32678700 1 -- start start
2024-03-18T00:22:36.473 INFO:teuthology.orchestra.run.smithi033.stdout:/usr/bin/ceph: stderr
2024-03-18T00:22:31.137+0000 7f4f32678700 1 --2- >> [v2:172.21.15.33:3300/0,v1:172.21.15.33:6789/0] conn(0x7f4f2c103cb0 0x7f4f2c199750 unknown :-1 s=NONE pgs=0 cs=0 l=1 rev1=0 crypto rx=0 tx=0 comp rx=0 tx=0).connect
2024-03-18T00:22:36.473 INFO:teuthology.orchestra.run.smithi033.stdout:/usr/bin/ceph: stderr
2024-03-18T00:22:31.137+0000 7f4f32678700 1 -- --> [v2:172.21.15.33:3300/0,v1:172.21.15.33:6789/0] -- mon_getmap magic: 0 v1 -- 0x7f4f2c199c90 con 0x7f4f2c103cb0
2024-03-18T00:22:36.473 INFO:teuthology.orchestra.run.smithi033.stdout:/usr/bin/ceph: stderr
2024-03-18T00:22:31.137+0000 7f4f2bfff700 1 --2- >> [v2:172.21.15.33:3300/0,v1:172.21.15.33:6789/0] conn(0x7f4f2c103cb0 0x7f4f2c199750 unknown :-1 s=BANNER_CONNECTING pgs=0 cs=0 l=1 rev1=0 crypto rx=0 tx=0 comp rx=0 tx=0)._handle_peer_banner_payload supported=3 required=0
2024-03-18T00:22:36.474 INFO:teuthology.orchestra.run.smithi033.stdout:/usr/bin/ceph: stderr
2024-03-18T00:22:31.137+0000 7f4f2bfff700 1 --2- >> [v2:172.21.15.33:3300/0,v1:172.21.15.33:6789/0] conn(0x7f4f2c103cb0 0x7f4f2c199750 unknown :-1 s=HELLO_CONNECTING pgs=0 cs=0 l=1 rev1=1 crypto rx=0 tx=0 comp rx=0 tx=0).handle_hello peer v2:172.21.15.33:3300/0 says I am v2:172.21.15.33:47670/0 (socket says 172.21.15.33:47670)
2024-03-18T00:22:36.474 INFO:teuthology.orchestra.run.smithi033.stdout:/usr/bin/ceph: stderr
2024-03-18T00:22:31.137+0000 7f4f2bfff700 1 -- 172.21.15.33:0/2770472146 learned_addr learned my addr 172.21.15.33:0/2770472146 (peer_addr_for_me v2:172.21.15.33:0/0)
2024-03-18T00:22:36.474 INFO:teuthology.orchestra.run.smithi033.stdout:/usr/bin/ceph: stderr
2024-03-18T00:22:31.138+0000 7f4f2bfff700 1 -- 172.21.15.33:0/2770472146 --> [v2:172.21.15.33:3300/0,v1:172.21.15.33:6789/0] -- mon_subscribe({config=0+,monmap=0+}) v3 -- 0x7f4f20009550 con 0x7f4f2c103cb0
2024-03-18T00:22:36.474 INFO:teuthology.orchestra.run.smithi033.stdout:/usr/bin/ceph: stderr
2024-03-18T00:22:31.138+0000 7f4f2bfff700 1 --2- 172.21.15.33:0/2770472146 >> [v2:172.21.15.33:3300/0,v1:172.21.15.33:6789/0] conn(0x7f4f2c103cb0 0x7f4f2c199750 secure :-1 s=READY pgs=29 cs=0 l=1 rev1=1 crypto rx=0x7f4f20009520 tx=0x7f4f20011ab0 comp rx=0 tx=0).ready entity=mon.0 client_cookie=0 server_cookie=0 in_seq=0 out_seq=0
2024-03-18T00:22:36.474 INFO:teuthology.orchestra.run.smithi033.stdout:/usr/bin/ceph: stderr
2024-03-18T00:22:31.138+0000 7f4f297fa700 1 -- 172.21.15.33:0/2770472146 <== mon.0 v2:172.21.15.33:3300/0 1 ==== mon_map magic: 0 v1 ==== 229+0+0 (secure 0 0 0) 0x7f4f20003a80 con 0x7f4f2c103cb0
2024-03-18T00:22:36.474 INFO:teuthology.orchestra.run.smithi033.stdout:/usr/bin/ceph: stderr
2024-03-18T00:22:31.138+0000 7f4f32678700 1 -- 172.21.15.33:0/2770472146 --> [v2:172.21.15.33:3300/0,v1:172.21.15.33:6789/0] -- mon_subscribe({mgrmap=0+}) v3 -- 0x7f4f2c199e90 con 0x7f4f2c103cb0
2024-03-18T00:22:36.474 INFO:teuthology.orchestra.run.smithi033.stdout:/usr/bin/ceph: stderr
2024-03-18T00:22:31.138+0000 7f4f297fa700 1 -- 172.21.15.33:0/2770472146 <== mon.0 v2:172.21.15.33:3300/0 2 ==== config(27 keys) v1 ==== 1037+0+0 (secure 0 0 0) 0x7f4f20003be0 con 0x7f4f2c103cb0
2024-03-18T00:22:36.474 INFO:teuthology.orchestra.run.smithi033.stdout:/usr/bin/ceph: stderr
2024-03-18T00:22:31.138+0000 7f4f297fa700 1 -- 172.21.15.33:0/2770472146 <== mon.0 v2:172.21.15.33:3300/0 3 ==== mon_map magic: 0 v1 ==== 229+0+0 (secure 0 0 0) 0x7f4f200197b0 con 0x7f4f2c103cb0
2024-03-18T00:22:36.474 INFO:teuthology.orchestra.run.smithi033.stdout:/usr/bin/ceph: stderr
2024-03-18T00:22:31.138+0000 7f4f32678700 1 -- 172.21.15.33:0/2770472146 --> [v2:172.21.15.33:3300/0,v1:172.21.15.33:6789/0] -- mon_subscribe({osdmap=0}) v3 -- 0x7f4f2c19a330 con 0x7f4f2c103cb0
2024-03-18T00:22:36.474 INFO:teuthology.orchestra.run.smithi033.stdout:/usr/bin/ceph: stderr
2024-03-18T00:22:31.139+0000 7f4f297fa700 1 -- 172.21.15.33:0/2770472146 <== mon.0 v2:172.21.15.33:3300/0 4 ==== mgrmap(e 5) v1 ==== 45084+0+0 (secure 0 0 0) 0x7f4f20019a70 con 0x7f4f2c103cb0
2024-03-18T00:22:36.474 INFO:teuthology.orchestra.run.smithi033.stdout:/usr/bin/ceph: stderr
2024-03-18T00:22:31.139+0000 7f4f297fa700 1 --2- 172.21.15.33:0/2770472146 >> [v2:172.21.15.33:6800/1781797945,v1:172.21.15.33:6801/1781797945] conn(0x7f4f140383a0 0x7f4f1403a850 unknown :-1 s=NONE pgs=0 cs=0 l=1 rev1=0 crypto rx=0 tx=0 comp rx=0 tx=0).connect
2024-03-18T00:22:36.474 INFO:teuthology.orchestra.run.smithi033.stdout:/usr/bin/ceph: stderr
