2024-03-18T00:22:15.783+0000 7f2306ffd700 1 -- 172.21.15.33:0/1228945604 <== mon.0 v2:172.21.15.33:3300/0 2 ==== config(27 keys) v1 ==== 1037+0+0 (secure 0 0 0) 0x7f22f80042e0 con 0x7f23081064f0
2024-03-18T00:22:16.450 INFO:teuthology.orchestra.run.smithi033.stdout:/usr/bin/ceph: stderr
2024-03-18T00:22:15.783+0000 7f2306ffd700 1 -- 172.21.15.33:0/1228945604 <== mon.0 v2:172.21.15.33:3300/0 3 ==== mon_map magic: 0 v1 ==== 229+0+0 (secure 0 0 0) 0x7f22f8011a50 con 0x7f23081064f0
2024-03-18T00:22:16.450 INFO:teuthology.orchestra.run.smithi033.stdout:/usr/bin/ceph: stderr
2024-03-18T00:22:15.783+0000 7f230e8b4700 1 -- 172.21.15.33:0/1228945604 >> [v2:172.21.15.33:3300/0,v1:172.21.15.33:6789/0] conn(0x7f23081064f0 msgr2=0x7f23081088d0 secure :-1 s=STATE_CONNECTION_ESTABLISHED l=1).mark_down
2024-03-18T00:22:16.450 INFO:teuthology.orchestra.run.smithi033.stdout:/usr/bin/ceph: stderr
2024-03-18T00:22:15.783+0000 7f230e8b4700 1 --2- 172.21.15.33:0/1228945604 >> [v2:172.21.15.33:3300/0,v1:172.21.15.33:6789/0] conn(0x7f23081064f0 0x7f23081088d0 secure :-1 s=READY pgs=9 cs=0 l=1 rev1=1 crypto rx=0x7f22f80098a0 tx=0x7f22f8009bb0 comp rx=0 tx=0).stop
2024-03-18T00:22:16.450 INFO:teuthology.orchestra.run.smithi033.stdout:/usr/bin/ceph: stderr
2024-03-18T00:22:15.783+0000 7f230e8b4700 1 -- 172.21.15.33:0/1228945604 shutdown_connections
2024-03-18T00:22:16.450 INFO:teuthology.orchestra.run.smithi033.stdout:/usr/bin/ceph: stderr
2024-03-18T00:22:15.783+0000 7f230e8b4700 1 --2- 172.21.15.33:0/1228945604 >> [v2:172.21.15.33:3300/0,v1:172.21.15.33:6789/0] conn(0x7f23081064f0 0x7f23081088d0 unknown :-1 s=CLOSED pgs=9 cs=0 l=1 rev1=1 crypto rx=0 tx=0 comp rx=0 tx=0).stop
2024-03-18T00:22:16.451 INFO:teuthology.orchestra.run.smithi033.stdout:/usr/bin/ceph: stderr
2024-03-18T00:22:15.783+0000 7f230e8b4700 1 -- 172.21.15.33:0/1228945604 >> 172.21.15.33:0/1228945604 conn(0x7f23080fff10 msgr2=0x7f2308102360 unknown :-1 s=STATE_NONE l=0).mark_down
2024-03-18T00:22:16.451 INFO:teuthology.orchestra.run.smithi033.stdout:/usr/bin/ceph: stderr
2024-03-18T00:22:15.783+0000 7f230e8b4700 1 -- 172.21.15.33:0/1228945604 shutdown_connections
2024-03-18T00:22:16.451 INFO:teuthology.orchestra.run.smithi033.stdout:/usr/bin/ceph: stderr
2024-03-18T00:22:15.783+0000 7f230e8b4700 1 -- 172.21.15.33:0/1228945604 wait complete.
2024-03-18T00:22:16.451 INFO:teuthology.orchestra.run.smithi033.stdout:/usr/bin/ceph: stderr
2024-03-18T00:22:15.784+0000 7f230e8b4700 1 Processor -- start
2024-03-18T00:22:16.451 INFO:teuthology.orchestra.run.smithi033.stdout:/usr/bin/ceph: stderr
2024-03-18T00:22:15.784+0000 7f230e8b4700 1 -- start start
2024-03-18T00:22:16.451 INFO:teuthology.orchestra.run.smithi033.stdout:/usr/bin/ceph: stderr
2024-03-18T00:22:15.784+0000 7f230e8b4700 1 --2- >> [v2:172.21.15.33:3300/0,v1:172.21.15.33:6789/0] conn(0x7f23081064f0 0x7f2308105e50 unknown :-1 s=NONE pgs=0 cs=0 l=1 rev1=0 crypto rx=0 tx=0 comp rx=0 tx=0).connect
2024-03-18T00:22:16.451 INFO:teuthology.orchestra.run.smithi033.stdout:/usr/bin/ceph: stderr
2024-03-18T00:22:15.784+0000 7f230e8b4700 1 -- --> [v2:172.21.15.33:3300/0,v1:172.21.15.33:6789/0] -- mon_getmap magic: 0 v1 -- 0x7f2308106390 con 0x7f23081064f0
2024-03-18T00:22:16.451 INFO:teuthology.orchestra.run.smithi033.stdout:/usr/bin/ceph: stderr
2024-03-18T00:22:15.785+0000 7f2307fff700 1 --2- >> [v2:172.21.15.33:3300/0,v1:172.21.15.33:6789/0] conn(0x7f23081064f0 0x7f2308105e50 unknown :-1 s=BANNER_CONNECTING pgs=0 cs=0 l=1 rev1=0 crypto rx=0 tx=0 comp rx=0 tx=0)._handle_peer_banner_payload supported=3 required=0
2024-03-18T00:22:16.451 INFO:teuthology.orchestra.run.smithi033.stdout:/usr/bin/ceph: stderr
2024-03-18T00:22:15.785+0000 7f2307fff700 1 --2- >> [v2:172.21.15.33:3300/0,v1:172.21.15.33:6789/0] conn(0x7f23081064f0 0x7f2308105e50 unknown :-1 s=HELLO_CONNECTING pgs=0 cs=0 l=1 rev1=1 crypto rx=0 tx=0 comp rx=0 tx=0).handle_hello peer v2:172.21.15.33:3300/0 says I am v2:172.21.15.33:47962/0 (socket says 172.21.15.33:47962)
2024-03-18T00:22:16.451 INFO:teuthology.orchestra.run.smithi033.stdout:/usr/bin/ceph: stderr
2024-03-18T00:22:15.785+0000 7f2307fff700 1 -- 172.21.15.33:0/531975790 learned_addr learned my addr 172.21.15.33:0/531975790 (peer_addr_for_me v2:172.21.15.33:0/0)
2024-03-18T00:22:16.451 INFO:teuthology.orchestra.run.smithi033.stdout:/usr/bin/ceph: stderr
2024-03-18T00:22:15.785+0000 7f2307fff700 1 -- 172.21.15.33:0/531975790 --> [v2:172.21.15.33:3300/0,v1:172.21.15.33:6789/0] -- mon_subscribe({config=0+,monmap=0+}) v3 -- 0x7f22f8009550 con 0x7f23081064f0
2024-03-18T00:22:16.451 INFO:teuthology.orchestra.run.smithi033.stdout:/usr/bin/ceph: stderr
2024-03-18T00:22:15.785+0000 7f2307fff700 1 --2- 172.21.15.33:0/531975790 >> [v2:172.21.15.33:3300/0,v1:172.21.15.33:6789/0] conn(0x7f23081064f0 0x7f2308105e50 secure :-1 s=READY pgs=10 cs=0 l=1 rev1=1 crypto rx=0x7f22f8003de0 tx=0x7f22f8011ab0 comp rx=0 tx=0).ready entity=mon.0 client_cookie=0 server_cookie=0 in_seq=0 out_seq=0
2024-03-18T00:22:16.452 INFO:teuthology.orchestra.run.smithi033.stdout:/usr/bin/ceph: stderr
2024-03-18T00:22:15.785+0000 7f23057fa700 1 -- 172.21.15.33:0/531975790 <== mon.0 v2:172.21.15.33:3300/0 1 ==== mon_map magic: 0 v1 ==== 229+0+0 (secure 0 0 0) 0x7f22f8003930 con 0x7f23081064f0
2024-03-18T00:22:16.452 INFO:teuthology.orchestra.run.smithi033.stdout:/usr/bin/ceph: stderr
2024-03-18T00:22:15.785+0000 7f23057fa700 1 -- 172.21.15.33:0/531975790 <== mon.0 v2:172.21.15.33:3300/0 2 ==== config(27 keys) v1 ==== 1037+0+0 (secure 0 0 0) 0x7f22f8003a90 con 0x7f23081064f0
2024-03-18T00:22:16.452 INFO:teuthology.orchestra.run.smithi033.stdout:/usr/bin/ceph: stderr
2024-03-18T00:22:15.785+0000 7f230e8b4700 1 -- 172.21.15.33:0/531975790 --> [v2:172.21.15.33:3300/0,v1:172.21.15.33:6789/0] -- mon_subscribe({mgrmap=0+}) v3 -- 0x7f23081044a0 con 0x7f23081064f0
2024-03-18T00:22:16.452 INFO:teuthology.orchestra.run.smithi033.stdout:/usr/bin/ceph: stderr
2024-03-18T00:22:15.785+0000 7f23057fa700 1 -- 172.21.15.33:0/531975790 <== mon.0 v2:172.21.15.33:3300/0 3 ==== mon_map magic: 0 v1 ==== 229+0+0 (secure 0 0 0) 0x7f22f80196c0 con 0x7f23081064f0
2024-03-18T00:22:16.452 INFO:teuthology.orchestra.run.smithi033.stdout:/usr/bin/ceph: stderr
2024-03-18T00:22:15.785+0000 7f230e8b4700 1 -- 172.21.15.33:0/531975790 --> [v2:172.21.15.33:3300/0,v1:172.21.15.33:6789/0] -- mon_subscribe({osdmap=0}) v3 -- 0x7f2308104940 con 0x7f23081064f0
2024-03-18T00:22:16.452 INFO:teuthology.orchestra.run.smithi033.stdout:/usr/bin/ceph: stderr
2024-03-18T00:22:15.785+0000 7f23057fa700 1 -- 172.21.15.33:0/531975790 <== mon.0 v2:172.21.15.33:3300/0 4 ==== mgrmap(e 1) v1 ==== 660+0+0 (secure 0 0 0) 0x7f22f8019c50 con 0x7f23081064f0
2024-03-18T00:22:16.452 INFO:teuthology.orchestra.run.smithi033.stdout:/usr/bin/ceph: stderr
2024-03-18T00:22:15.786+0000 7f23057fa700 1 -- 172.21.15.33:0/531975790 <== mon.0 v2:172.21.15.33:3300/0 5 ==== osd_map(1..1 src has 1..1) v4 ==== 725+0+0 (secure 0 0 0) 0x7f22f802c3a0 con 0x7f23081064f0
2024-03-18T00:22:16.452 INFO:teuthology.orchestra.run.smithi033.stdout:/usr/bin/ceph: stderr
2024-03-18T00:22:15.786+0000 7f230e8b4700 1 -- 172.21.15.33:0/531975790 --> [v2:172.21.15.33:3300/0,v1:172.21.15.33:6789/0] -- mon_command({"prefix": "get_command_descriptions"} v 0) v1 -- 0x7f2308109a60 con 0x7f23081064f0
2024-03-18T00:22:16.452 INFO:teuthology.orchestra.run.smithi033.stdout:/usr/bin/ceph: stderr
2024-03-18T00:22:15.788+0000 7f23057fa700 1 -- 172.21.15.33:0/531975790 <== mon.0 v2:172.21.15.33:3300/0 6 ==== mon_command_ack([{"prefix": "get_command_descriptions"}]=0 v0) v1 ==== 72+0+72422 (secure 0 0 0) 0x7f22f801abc0 con 0x7f23081064f0
2024-03-18T00:22:16.452 INFO:teuthology.orchestra.run.smithi033.stdout:/usr/bin/ceph: stderr
2024-03-18T00:22:15.854+0000 7f23057fa700 1 -- 172.21.15.33:0/531975790 <== mon.0 v2:172.21.15.33:3300/0 7 ==== mgrmap(e 2) v1 ==== 44840+0+0 (secure 0 0 0) 0x7f22f801a430 con 0x7f23081064f0
2024-03-18T00:22:16.452 INFO:teuthology.orchestra.run.smithi033.stdout:/usr/bin/ceph: stderr
2024-03-18T00:22:15.867+0000 7f230e8b4700 1 -- 172.21.15.33:0/531975790 --> [v2:172.21.15.33:3300/0,v1:172.21.15.33:6789/0] -- mon_command({"prefix": "status", "format": "json-pretty"} v 0) v1 -- 0x7f2308109c80 con 0x7f23081064f0
2024-03-18T00:22:16.452 INFO:teuthology.orchestra.run.smithi033.stdout:/usr/bin/ceph: stderr
2024-03-18T00:22:15.868+0000 7f23057fa700 1 -- 172.21.15.33:0/531975790 <== mon.0 v2:172.21.15.33:3300/0 8 ==== mon_command_ack([{"prefix": "status", "format": "json-pretty"}]=0 v0) v1 ==== 79+0+1246 (secure 0 0 0) 0x7f22f804a020 con 0x7f23081064f0
2024-03-18T00:22:16.452 INFO:teuthology.orchestra.run.smithi033.stdout:/usr/bin/ceph: stderr
2024-03-18T00:22:15.869+0000 7f230e8b4700 1 -- 172.21.15.33:0/531975790 >> [v2:172.21.15.33:3300/0,v1:172.21.15.33:6789/0] conn(0x7f23081064f0 msgr2=0x7f2308105e50 secure :-1 s=STATE_CONNECTION_ESTABLISHED l=1).mark_down
2024-03-18T00:22:16.453 INFO:teuthology.orchestra.run.smithi033.stdout:/usr/bin/ceph: stderr
2024-03-18T00:22:15.869+0000 7f230e8b4700 1 --2- 172.21.15.33:0/531975790 >> [v2:172.21.15.33:3300/0,v1:172.21.15.33:6789/0] conn(0x7f23081064f0 0x7f2308105e50 secure :-1 s=READY pgs=10 cs=0 l=1 rev1=1 crypto rx=0x7f22f8003de0 tx=0x7f22f8011ab0 comp rx=0 tx=0).stop
2024-03-18T00:22:16.453 INFO:teuthology.orchestra.run.smithi033.stdout:/usr/bin/ceph: stderr
2024-03-18T00:22:15.869+0000 7f230e8b4700 1 -- 172.21.15.33:0/531975790 shutdown_connections
2024-03-18T00:22:16.453 INFO:teuthology.orchestra.run.smithi033.stdout:/usr/bin/ceph: stderr
2024-03-18T00:22:15.869+0000 7f230e8b4700 1 --2- 172.21.15.33:0/531975790 >> [v2:172.21.15.33:3300/0,v1:172.21.15.33:6789/0] conn(0x7f23081064f0 0x7f2308105e50 unknown :-1 s=CLOSED pgs=10 cs=0 l=1 rev1=1 crypto rx=0 tx=0 comp rx=0 tx=0).stop
2024-03-18T00:22:16.453 INFO:teuthology.orchestra.run.smithi033.stdout:/usr/bin/ceph: stderr
2024-03-18T00:22:15.869+0000 7f230e8b4700 1 -- 172.21.15.33:0/531975790 >> 172.21.15.33:0/531975790 conn(0x7f23080fff10 msgr2=0x7f2308101600 unknown :-1 s=STATE_NONE l=0).mark_down
2024-03-18T00:22:16.453 INFO:teuthology.orchestra.run.smithi033.stdout:/usr/bin/ceph: stderr
2024-03-18T00:22:15.869+0000 7f230e8b4700 1 -- 172.21.15.33:0/531975790 shutdown_connections
2024-03-18T00:22:16.453 INFO:teuthology.orchestra.run.smithi033.stdout:/usr/bin/ceph: stderr
2024-03-18T00:22:15.869+0000 7f230e8b4700 1 -- 172.21.15.33:0/531975790 wait complete.
2024-03-18T00:22:16.453 INFO:teuthology.orchestra.run.smithi033.stdout:mgr not available, waiting (3/15)...
2024-03-18T00:22:18.158 INFO:journalctl@ceph.mon.smithi033.smithi033.stdout:Mar 18 00:22:17 smithi033 ceph-mon[29175]: mgrmap e3: smithi033.uhuasu(active, since 1.00775s)
2024-03-18T00:22:20.158 INFO:journalctl@ceph.mon.smithi033.smithi033.stdout:Mar 18 00:22:19 smithi033 ceph-mon[29175]: mgrmap e4: smithi033.uhuasu(active, since 3s)
2024-03-18T00:22:22.408 INFO:journalctl@ceph.mon.smithi033.smithi033.stdout:Mar 18 00:22:22 smithi033 ceph-mon[29175]: from='client.? 172.21.15.33:0/1255803409' entity='client.admin' cmd=[{"prefix": "status", "format": "json-pretty"}]: dispatch
2024-03-18T00:22:25.749 INFO:teuthology.orchestra.run.smithi033.stdout:/usr/bin/ceph: stdout
2024-03-18T00:22:25.749 INFO:teuthology.orchestra.run.smithi033.stdout:/usr/bin/ceph: stdout {
2024-03-18T00:22:25.749 INFO:teuthology.orchestra.run.smithi033.stdout:/usr/bin/ceph: stdout "fsid": "76bd6196-e4bd-11ee-95c9-87774f69a715",
2024-03-18T00:22:25.749 INFO:teuthology.orchestra.run.smithi033.stdout:/usr/bin/ceph: stdout "health": {
2024-03-18T00:22:25.749 INFO:teuthology.orchestra.run.smithi033.stdout:/usr/bin/ceph: stdout "status": "HEALTH_OK",
2024-03-18T00:22:25.749 INFO:teuthology.orchestra.run.smithi033.stdout:/usr/bin/ceph: stdout "checks": {},
2024-03-18T00:22:25.749 INFO:teuthology.orchestra.run.smithi033.stdout:/usr/bin/ceph: stdout "mutes": []
2024-03-18T00:22:25.749 INFO:teuthology.orchestra.run.smithi033.stdout:/usr/bin/ceph: stdout },
2024-03-18T00:22:25.750 INFO:teuthology.orchestra.run.smithi033.stdout:/usr/bin/ceph: stdout "election_epoch": 5,
2024-03-18T00:22:25.750 INFO:teuthology.orchestra.run.smithi033.stdout:/usr/bin/ceph: stdout "quorum": [
2024-03-18T00:22:25.750 INFO:teuthology.orchestra.run.smithi033.stdout:/usr/bin/ceph: stdout 0
2024-03-18T00:22:25.750 INFO:teuthology.orchestra.run.smithi033.stdout:/usr/bin/ceph: stdout ],
2024-03-18T00:22:25.750 INFO:teuthology.orchestra.run.smithi033.stdout:/usr/bin/ceph: stdout "quorum_names": [
2024-03-18T00:22:25.750 INFO:teuthology.orchestra.run.smithi033.stdout:/usr/bin/ceph: stdout "smithi033"
2024-03-18T00:22:25.750 INFO:teuthology.orchestra.run.smithi033.stdout:/usr/bin/ceph: stdout ],
2024-03-18T00:22:25.750 INFO:teuthology.orchestra.run.smithi033.stdout:/usr/bin/ceph: stdout "quorum_age": 14,
2024-03-18T00:22:25.750 INFO:teuthology.orchestra.run.smithi033.stdout:/usr/bin/ceph: stdout "monmap": {
2024-03-18T00:22:25.750 INFO:teuthology.orchestra.run.smithi033.stdout:/usr/bin/ceph: stdout "epoch": 1,
2024-03-18T00:22:25.750 INFO:teuthology.orchestra.run.smithi033.stdout:/usr/bin/ceph: stdout "min_mon_release_name": "reef",
2024-03-18T00:22:25.750 INFO:teuthology.orchestra.run.smithi033.stdout:/usr/bin/ceph: stdout "num_mons": 1
2024-03-18T00:22:25.751 INFO:teuthology.orchestra.run.smithi033.stdout:/usr/bin/ceph: stdout },
2024-03-18T00:22:25.751 INFO:teuthology.orchestra.run.smithi033.stdout:/usr/bin/ceph: stdout "osdmap": {
2024-03-18T00:22:25.751 INFO:teuthology.orchestra.run.smithi033.stdout:/usr/bin/ceph: stdout "epoch": 1,
2024-03-18T00:22:25.751 INFO:teuthology.orchestra.run.smithi033.stdout:/usr/bin/ceph: stdout "num_osds": 0,
2024-03-18T00:22:25.751 INFO:teuthology.orchestra.run.smithi033.stdout:/usr/bin/ceph: stdout "num_up_osds": 0,
2024-03-18T00:22:25.751 INFO:teuthology.orchestra.run.smithi033.stdout:/usr/bin/ceph: stdout "osd_up_since": 0,
2024-03-18T00:22:25.751 INFO:teuthology.orchestra.run.smithi033.stdout:/usr/bin/ceph: stdout "num_in_osds": 0,
2024-03-18T00:22:25.751 INFO:teuthology.orchestra.run.smithi033.stdout:/usr/bin/ceph: stdout "osd_in_since": 0,
2024-03-18T00:22:25.751 INFO:teuthology.orchestra.run.smithi033.stdout:/usr/bin/ceph: stdout "num_remapped_pgs": 0
2024-03-18T00:22:25.751 INFO:teuthology.orchestra.run.smithi033.stdout:/usr/bin/ceph: stdout },
2024-03-18T00:22:25.751 INFO:teuthology.orchestra.run.smithi033.stdout:/usr/bin/ceph: stdout "pgmap": {
2024-03-18T00:22:25.752 INFO:teuthology.orchestra.run.smithi033.stdout:/usr/bin/ceph: stdout "pgs_by_state": [],
2024-03-18T00:22:25.752 INFO:teuthology.orchestra.run.smithi033.stdout:/usr/bin/ceph: stdout "num_pgs": 0,
2024-03-18T00:22:25.752 INFO:teuthology.orchestra.run.smithi033.stdout:/usr/bin/ceph: stdout "num_pools": 0,
2024-03-18T00:22:25.752 INFO:teuthology.orchestra.run.smithi033.stdout:/usr/bin/ceph: stdout "num_objects": 0,
2024-03-18T00:22:25.752 INFO:teuthology.orchestra.run.smithi033.stdout:/usr/bin/ceph: stdout "data_bytes": 0,
2024-03-18T00:22:25.752 INFO:teuthology.orchestra.run.smithi033.stdout:/usr/bin/ceph: stdout "bytes_used": 0,
2024-03-18T00:22:25.752 INFO:teuthology.orchestra.run.smithi033.stdout:/usr/bin/ceph: stdout "bytes_avail": 0,
2024-03-18T00:22:25.752 INFO:teuthology.orchestra.run.smithi033.stdout:/usr/bin/ceph: stdout "bytes_total": 0
2024-03-18T00:22:25.752 INFO:teuthology.orchestra.run.smithi033.stdout:/usr/bin/ceph: stdout },
2024-03-18T00:22:25.752 INFO:teuthology.orchestra.run.smithi033.stdout:/usr/bin/ceph: stdout "fsmap": {
2024-03-18T00:22:25.752 INFO:teuthology.orchestra.run.smithi033.stdout:/usr/bin/ceph: stdout "epoch": 1,
2024-03-18T00:22:25.752 INFO:teuthology.orchestra.run.smithi033.stdout:/usr/bin/ceph: stdout "by_rank": [],
2024-03-18T00:22:25.752 INFO:teuthology.orchestra.run.smithi033.stdout:/usr/bin/ceph: stdout "up:standby": 0
2024-03-18T00:22:25.753 INFO:teuthology.orchestra.run.smithi033.stdout:/usr/bin/ceph: stdout },
2024-03-18T00:22:25.753 INFO:teuthology.orchestra.run.smithi033.stdout:/usr/bin/ceph: stdout "mgrmap": {
2024-03-18T00:22:25.753 INFO:teuthology.orchestra.run.smithi033.stdout:/usr/bin/ceph: stdout "available": true,
2024-03-18T00:22:25.753 INFO:teuthology.orchestra.run.smithi033.stdout:/usr/bin/ceph: stdout "num_standbys": 0,
2024-03-18T00:22:25.753 INFO:teuthology.orchestra.run.smithi033.stdout:/usr/bin/ceph: stdout "modules": [
2024-03-18T00:22:25.753 INFO:teuthology.orchestra.run.smithi033.stdout:/usr/bin/ceph: stdout "iostat",
2024-03-18T00:22:25.753 INFO:teuthology.orchestra.run.smithi033.stdout:/usr/bin/ceph: stdout "nfs",
2024-03-18T00:22:25.753 INFO:teuthology.orchestra.run.smithi033.stdout:/usr/bin/ceph: stdout "restful"
2024-03-18T00:22:25.753 INFO:teuthology.orchestra.run.smithi033.stdout:/usr/bin/ceph: stdout ],
2024-03-18T00:22:25.753 INFO:teuthology.orchestra.run.smithi033.stdout:/usr/bin/ceph: stdout "services": {}
2024-03-18T00:22:25.754 INFO:teuthology.orchestra.run.smithi033.stdout:/usr/bin/ceph: stdout },
2024-03-18T00:22:25.754 INFO:teuthology.orchestra.run.smithi033.stdout:/usr/bin/ceph: stdout "servicemap": {
2024-03-18T00:22:25.754 INFO:teuthology.orchestra.run.smithi033.stdout:/usr/bin/ceph: stdout "epoch": 1,
2024-03-18T00:22:25.754 INFO:teuthology.orchestra.run.smithi033.stdout:/usr/bin/ceph: stdout "modified": "2024-03-18T00:22:01.919966+0000",
2024-03-18T00:22:25.754 INFO:teuthology.orchestra.run.smithi033.stdout:/usr/bin/ceph: stdout "services": {}
2024-03-18T00:22:25.754 INFO:teuthology.orchestra.run.smithi033.stdout:/usr/bin/ceph: stdout },
2024-03-18T00:22:25.754 INFO:teuthology.orchestra.run.smithi033.stdout:/usr/bin/ceph: stdout "progress_events": {}
2024-03-18T00:22:25.754 INFO:teuthology.orchestra.run.smithi033.stdout:/usr/bin/ceph: stdout }
2024-03-18T00:22:25.754 INFO:teuthology.orchestra.run.smithi033.stdout:/usr/bin/ceph: stderr
2024-03-18T00:22:21.715+0000 7f57532ee700 1 Processor -- start
2024-03-18T00:22:25.754 INFO:teuthology.orchestra.run.smithi033.stdout:/usr/bin/ceph: stderr
2024-03-18T00:22:21.715+0000 7f57532ee700 1 -- start start
2024-03-18T00:22:25.754 INFO:teuthology.orchestra.run.smithi033.stdout:/usr/bin/ceph: stderr
2024-03-18T00:22:21.715+0000 7f57532ee700 1 --2- >> [v2:172.21.15.33:3300/0,v1:172.21.15.33:6789/0] conn(0x7f574c1048b0 0x7f574c104cc0 unknown :-1 s=NONE pgs=0 cs=0 l=0 rev1=0 crypto rx=0 tx=0 comp rx=0 tx=0).connect
2024-03-18T00:22:25.754 INFO:teuthology.orchestra.run.smithi033.stdout:/usr/bin/ceph: stderr
2024-03-18T00:22:21.715+0000 7f57532ee700 1 -- --> [v2:172.21.15.33:3300/0,v1:172.21.15.33:6789/0] -- mon_getmap magic: 0 v1 -- 0x7f574c105200 con 0x7f574c1048b0
2024-03-18T00:22:25.754 INFO:teuthology.orchestra.run.smithi033.stdout:/usr/bin/ceph: stderr
2024-03-18T00:22:21.715+0000 7f575108a700 1 --2- >> [v2:172.21.15.33:3300/0,v1:172.21.15.33:6789/0] conn(0x7f574c1048b0 0x7f574c104cc0 unknown :-1 s=BANNER_CONNECTING pgs=0 cs=0 l=0 rev1=0 crypto rx=0 tx=0 comp rx=0 tx=0)._handle_peer_banner_payload supported=3 required=0
2024-03-18T00:22:25.754 INFO:teuthology.orchestra.run.smithi033.stdout:/usr/bin/ceph: stderr
2024-03-18T00:22:21.715+0000 7f575108a700 1 --2- >> [v2:172.21.15.33:3300/0,v1:172.21.15.33:6789/0] conn(0x7f574c1048b0 0x7f574c104cc0 unknown :-1 s=HELLO_CONNECTING pgs=0 cs=0 l=0 rev1=1 crypto rx=0 tx=0 comp rx=0 tx=0).handle_hello peer v2:172.21.15.33:3300/0 says I am v2:172.21.15.33:48040/0 (socket says 172.21.15.33:48040)
2024-03-18T00:22:25.755 INFO:teuthology.orchestra.run.smithi033.stdout:/usr/bin/ceph: stderr
2024-03-18T00:22:21.715+0000 7f575108a700 1 -- 172.21.15.33:0/3563025533 learned_addr learned my addr 172.21.15.33:0/3563025533 (peer_addr_for_me v2:172.21.15.33:0/0)
2024-03-18T00:22:25.755 INFO:teuthology.orchestra.run.smithi033.stdout:/usr/bin/ceph: stderr
2024-03-18T00:22:21.716+0000 7f575108a700 1 -- 172.21.15.33:0/3563025533 --> [v2:172.21.15.33:3300/0,v1:172.21.15.33:6789/0] -- mon_subscribe({config=0+,monmap=0+}) v3 -- 0x7f574c105340 con 0x7f574c1048b0
2024-03-18T00:22:25.755 INFO:teuthology.orchestra.run.smithi033.stdout:/usr/bin/ceph: stderr
2024-03-18T00:22:21.716+0000 7f575108a700 1 --2- 172.21.15.33:0/3563025533 >> [v2:172.21.15.33:3300/0,v1:172.21.15.33:6789/0] conn(0x7f574c1048b0 0x7f574c104cc0 secure :-1 s=READY pgs=18 cs=0 l=1 rev1=1 crypto rx=0x7f574800bb40 tx=0x7f574800be50 comp rx=0 tx=0).ready entity=mon.0 client_cookie=f20cfe3a9ddd36d4 server_cookie=0 in_seq=0 out_seq=0
2024-03-18T00:22:25.755 INFO:teuthology.orchestra.run.smithi033.stdout:/usr/bin/ceph: stderr
2024-03-18T00:22:21.716+0000 7f5743fff700 1 -- 172.21.15.33:0/3563025533 <== mon.0 v2:172.21.15.33:3300/0 1 ==== mon_map magic: 0 v1 ==== 229+0+0 (secure 0 0 0) 0x7f574800dc00 con 0x7f574c1048b0
2024-03-18T00:22:25.755 INFO:teuthology.orchestra.run.smithi033.stdout:/usr/bin/ceph: stderr
2024-03-18T00:22:21.716+0000 7f5743fff700 1 -- 172.21.15.33:0/3563025533 <== mon.0 v2:172.21.15.33:3300/0 2 ==== config(27 keys) v1 ==== 1037+0+0 (secure 0 0 0) 0x7f57480044a0 con 0x7f574c1048b0
2024-03-18T00:22:25.755 INFO:teuthology.orchestra.run.smithi033.stdout:/usr/bin/ceph: stderr
2024-03-18T00:22:21.716+0000 7f5743fff700 1 -- 172.21.15.33:0/3563025533 <== mon.0 v2:172.21.15.33:3300/0 3 ==== mon_map magic: 0 v1 ==== 229+0+0 (secure 0 0 0) 0x7f5748010470 con 0x7f574c1048b0
2024-03-18T00:22:25.755 INFO:teuthology.orchestra.run.smithi033.stdout:/usr/bin/ceph: stderr
2024-03-18T00:22:21.716+0000 7f57532ee700 1 -- 172.21.15.33:0/3563025533 >> [v2:172.21.15.33:3300/0,v1:172.21.15.33:6789/0] conn(0x7f574c1048b0 msgr2=0x7f574c104cc0 secure :-1 s=STATE_CONNECTION_ESTABLISHED l=1).mark_down
2024-03-18T00:22:25.755 INFO:teuthology.orchestra.run.smithi033.stdout:/usr/bin/ceph: stderr
2024-03-18T00:22:21.716+0000 7f57532ee700 1 --2- 172.21.15.33:0/3563025533 >> [v2:172.21.15.33:3300/0,v1:172.21.15.33:6789/0] conn(0x7f574c1048b0 0x7f574c104cc0 secure :-1 s=READY pgs=18 cs=0 l=1 rev1=1 crypto rx=0x7f574800bb40 tx=0x7f574800be50 comp rx=0 tx=0).stop
2024-03-18T00:22:25.755 INFO:teuthology.orchestra.run.smithi033.stdout:/usr/bin/ceph: stderr
2024-03-18T00:22:21.717+0000 7f57532ee700 1 -- 172.21.15.33:0/3563025533 shutdown_connections
2024-03-18T00:22:25.756 INFO:teuthology.orchestra.run.smithi033.stdout:/usr/bin/ceph: stderr
2024-03-18T00:22:21.717+0000 7f57532ee700 1 --2- 172.21.15.33:0/3563025533 >> [v2:172.21.15.33:3300/0,v1:172.21.15.33:6789/0] conn(0x7f574c1048b0 0x7f574c104cc0 unknown :-1 s=CLOSED pgs=18 cs=0 l=1 rev1=1 crypto rx=0 tx=0 comp rx=0 tx=0).stop
2024-03-18T00:22:25.756 INFO:teuthology.orchestra.run.smithi033.stdout:/usr/bin/ceph: stderr
2024-03-18T00:22:21.717+0000 7f57532ee700 1 -- 172.21.15.33:0/3563025533 >> 172.21.15.33:0/3563025533 conn(0x7f574c0ffee0 msgr2=0x7f574c102330 unknown :-1 s=STATE_NONE l=0).mark_down
2024-03-18T00:22:25.756 INFO:teuthology.orchestra.run.smithi033.stdout:/usr/bin/ceph: stderr
2024-03-18T00:22:21.717+0000 7f57532ee700 1 -- 172.21.15.33:0/3563025533 shutdown_connections
2024-03-18T00:22:25.756 INFO:teuthology.orchestra.run.smithi033.stdout:/usr/bin/ceph: stderr
2024-03-18T00:22:21.717+0000 7f57532ee700 1 -- 172.21.15.33:0/3563025533 wait complete.
2024-03-18T00:22:25.756 INFO:teuthology.orchestra.run.smithi033.stdout:/usr/bin/ceph: stderr
2024-03-18T00:22:21.717+0000 7f57532ee700 1 Processor -- start
2024-03-18T00:22:25.756 INFO:teuthology.orchestra.run.smithi033.stdout:/usr/bin/ceph: stderr
2024-03-18T00:22:21.717+0000 7f57532ee700 1 -- start start
2024-03-18T00:22:25.756 INFO:teuthology.orchestra.run.smithi033.stdout:/usr/bin/ceph: stderr
2024-03-18T00:22:21.717+0000 7f57532ee700 1 --2- >> [v2:172.21.15.33:3300/0,v1:172.21.15.33:6789/0] conn(0x7f574c1048b0 0x7f574c1974e0 unknown :-1 s=NONE pgs=0 cs=0 l=1 rev1=0 crypto rx=0 tx=0 comp rx=0 tx=0).connect
2024-03-18T00:22:25.756 INFO:teuthology.orchestra.run.smithi033.stdout:/usr/bin/ceph: stderr
2024-03-18T00:22:21.717+0000 7f57532ee700 1 -- --> [v2:172.21.15.33:3300/0,v1:172.21.15.33:6789/0] -- mon_getmap magic: 0 v1 -- 0x7f574c197a20 con 0x7f574c1048b0
2024-03-18T00:22:25.756 INFO:teuthology.orchestra.run.smithi033.stdout:/usr/bin/ceph: stderr
2024-03-18T00:22:21.718+0000 7f575108a700 1 --2- >> [v2:172.21.15.33:3300/0,v1:172.21.15.33:6789/0] conn(0x7f574c1048b0 0x7f574c1974e0 unknown :-1 s=BANNER_CONNECTING pgs=0 cs=0 l=1 rev1=0 crypto rx=0 tx=0 comp rx=0 tx=0)._handle_peer_banner_payload supported=3 required=0
2024-03-18T00:22:25.756 INFO:teuthology.orchestra.run.smithi033.stdout:/usr/bin/ceph: stderr
2024-03-18T00:22:21.718+0000 7f575108a700 1 --2- >> [v2:172.21.15.33:3300/0,v1:172.21.15.33:6789/0] conn(0x7f574c1048b0 0x7f574c1974e0 unknown :-1 s=HELLO_CONNECTING pgs=0 cs=0 l=1 rev1=1 crypto rx=0 tx=0 comp rx=0 tx=0).handle_hello peer v2:172.21.15.33:3300/0 says I am v2:172.21.15.33:48042/0 (socket says 172.21.15.33:48042)
2024-03-18T00:22:25.756 INFO:teuthology.orchestra.run.smithi033.stdout:/usr/bin/ceph: stderr
2024-03-18T00:22:21.718+0000 7f575108a700 1 -- 172.21.15.33:0/1255803409 learned_addr learned my addr 172.21.15.33:0/1255803409 (peer_addr_for_me v2:172.21.15.33:0/0)
2024-03-18T00:22:25.756 INFO:teuthology.orchestra.run.smithi033.stdout:/usr/bin/ceph: stderr
2024-03-18T00:22:21.718+0000 7f575108a700 1 -- 172.21.15.33:0/1255803409 --> [v2:172.21.15.33:3300/0,v1:172.21.15.33:6789/0] -- mon_subscribe({config=0+,monmap=0+}) v3 -- 0x7f574800b7f0 con 0x7f574c1048b0
2024-03-18T00:22:25.756 INFO:teuthology.orchestra.run.smithi033.stdout:/usr/bin/ceph: stderr
2024-03-18T00:22:21.718+0000 7f575108a700 1 --2- 172.21.15.33:0/1255803409 >> [v2:172.21.15.33:3300/0,v1:172.21.15.33:6789/0] conn(0x7f574c1048b0 0x7f574c1974e0 secure :-1 s=READY pgs=19 cs=0 l=1 rev1=1 crypto rx=0x7f5748003a10 tx=0x7f5748003d70 comp rx=0 tx=0).ready entity=mon.0 client_cookie=0 server_cookie=0 in_seq=0 out_seq=0
2024-03-18T00:22:25.757 INFO:teuthology.orchestra.run.smithi033.stdout:/usr/bin/ceph: stderr
2024-03-18T00:22:21.718+0000 7f57427fc700 1 -- 172.21.15.33:0/1255803409 <== mon.0 v2:172.21.15.33:3300/0 1 ==== mon_map magic: 0 v1 ==== 229+0+0 (secure 0 0 0) 0x7f574801e070 con 0x7f574c1048b0
2024-03-18T00:22:25.757 INFO:teuthology.orchestra.run.smithi033.stdout:/usr/bin/ceph: stderr
2024-03-18T00:22:21.718+0000 7f57427fc700 1 -- 172.21.15.33:0/1255803409 <== mon.0 v2:172.21.15.33:3300/0 2 ==== config(27 keys) v1 ==== 1037+0+0 (secure 0 0 0) 0x7f5748004260 con 0x7f574c1048b0
2024-03-18T00:22:25.757 INFO:teuthology.orchestra.run.smithi033.stdout:/usr/bin/ceph: stderr
2024-03-18T00:22:21.718+0000 7f57427fc700 1 -- 172.21.15.33:0/1255803409 <== mon.0 v2:172.21.15.33:3300/0 3 ==== mon_map magic: 0 v1 ==== 229+0+0 (secure 0 0 0) 0x7f5748022aa0 con 0x7f574c1048b0
2024-03-18T00:22:25.757 INFO:teuthology.orchestra.run.smithi033.stdout:/usr/bin/ceph: stderr
2024-03-18T00:22:21.718+0000 7f57532ee700 1 -- 172.21.15.33:0/1255803409 --> [v2:172.21.15.33:3300/0,v1:172.21.15.33:6789/0] -- mon_subscribe({mgrmap=0+}) v3 -- 0x7f574c197c20 con 0x7f574c1048b0
2024-03-18T00:22:25.757 INFO:teuthology.orchestra.run.smithi033.stdout:/usr/bin/ceph: stderr
2024-03-18T00:22:21.718+0000 7f57532ee700 1 -- 172.21.15.33:0/1255803409 --> [v2:172.21.15.33:3300/0,v1:172.21.15.33:6789/0] -- mon_subscribe({osdmap=0}) v3 -- 0x7f574c1980c0 con 0x7f574c1048b0
2024-03-18T00:22:25.757 INFO:teuthology.orchestra.run.smithi033.stdout:/usr/bin/ceph: stderr
2024-03-18T00:22:21.719+0000 7f57427fc700 1 -- 172.21.15.33:0/1255803409 <== mon.0 v2:172.21.15.33:3300/0 4 ==== mgrmap(e 4) v1 ==== 45073+0+0 (secure 0 0 0) 0x7f5748010730 con 0x7f574c1048b0
2024-03-18T00:22:25.757 INFO:teuthology.orchestra.run.smithi033.stdout:/usr/bin/ceph: stderr
2024-03-18T00:22:21.719+0000 7f57427fc700 1 --2- 172.21.15.33:0/1255803409 >> [v2:172.21.15.33:6800/1781797945,v1:172.21.15.33:6801/1781797945] conn(0x7f5738038400 0x7f573803a8b0 unknown :-1 s=NONE pgs=0 cs=0 l=1 rev1=0 crypto rx=0 tx=0 comp rx=0 tx=0).connect
2024-03-18T00:22:25.757 INFO:teuthology.orchestra.run.smithi033.stdout:/usr/bin/ceph: stderr
2024-03-18T00:22:21.719+0000 7f57532ee700 1 -- 172.21.15.33:0/1255803409 --> [v2:172.21.15.33:3300/0,v1:172.21.15.33:6789/0] -- mon_command({"prefix": "get_command_descriptions"} v 0) v1 -- 0x7f574c1911e0 con 0x7f574c1048b0
2024-03-18T00:22:25.757 INFO:teuthology.orchestra.run.smithi033.stdout:/usr/bin/ceph: stderr
2024-03-18T00:22:21.719+0000 7f57427fc700 1 -- 172.21.15.33:0/1255803409 <== mon.0 v2:172.21.15.33:3300/0 5 ==== osd_map(1..1 src has 1..1) v4 ==== 725+0+0 (secure 0 0 0) 0x7f574804e520 con 0x7f574c1048b0
2024-03-18T00:22:25.757 INFO:teuthology.orchestra.run.smithi033.stdout:/usr/bin/ceph: stderr
2024-03-18T00:22:21.719+0000 7f5750889700 1 --2- 172.21.15.33:0/1255803409 >> [v2:172.21.15.33:6800/1781797945,v1:172.21.15.33:6801/1781797945] conn(0x7f5738038400 0x7f573803a8b0 unknown :-1 s=BANNER_CONNECTING pgs=0 cs=0 l=1 rev1=0 crypto rx=0 tx=0 comp rx=0 tx=0)._handle_peer_banner_payload supported=3 required=0
2024-03-18T00:22:25.757 INFO:teuthology.orchestra.run.smithi033.stdout:/usr/bin/ceph: stderr
2024-03-18T00:22:21.720+0000 7f5750889700 1 --2- 172.21.15.33:0/1255803409 >> [v2:172.21.15.33:6800/1781797945,v1:172.21.15.33:6801/1781797945] conn(0x7f5738038400 0x7f573803a8b0 secure :-1 s=READY pgs=6 cs=0 l=1 rev1=1 crypto rx=0x7f573c006fd0 tx=0x7f573c006e40 comp rx=0 tx=0).ready entity=mgr.14100 client_cookie=0 server_cookie=0 in_seq=0 out_seq=0
2024-03-18T00:22:25.758 INFO:teuthology.orchestra.run.smithi033.stdout:/usr/bin/ceph: stderr
2024-03-18T00:22:21.725+0000 7f57427fc700 1 -- 172.21.15.33:0/1255803409 <== mon.0 v2:172.21.15.33:3300/0 6 ==== mon_command_ack([{"prefix": "get_command_descriptions"}]=0 v0) v1 ==== 72+0+177933 (secure 0 0 0) 0x7f5748027030 con 0x7f574c1048b0
2024-03-18T00:22:25.758 INFO:teuthology.orchestra.run.smithi033.stdout:/usr/bin/ceph: stderr
2024-03-18T00:22:22.008+0000 7f57532ee700 1 -- 172.21.15.33:0/1255803409 --> [v2:172.21.15.33:3300/0,v1:172.21.15.33:6789/0] -- mon_command({"prefix": "status", "format": "json-pretty"} v 0) v1 -- 0x7f574c02d050 con 0x7f574c1048b0
2024-03-18T00:22:25.758 INFO:teuthology.orchestra.run.smithi033.stdout:/usr/bin/ceph: stderr
2024-03-18T00:22:22.009+0000 7f57427fc700 1 -- 172.21.15.33:0/1255803409 <== mon.0 v2:172.21.15.33:3300/0 7 ==== mon_command_ack([{"prefix": "status", "format": "json-pretty"}]=0 v0) v1 ==== 79+0+1246 (secure 0 0 0) 0x7f574802a360 con 0x7f574c1048b0
2024-03-18T00:22:25.758 INFO:teuthology.orchestra.run.smithi033.stdout:/usr/bin/ceph: stderr
2024-03-18T00:22:22.011+0000 7f57532ee700 1 -- 172.21.15.33:0/1255803409 >> [v2:172.21.15.33:6800/1781797945,v1:172.21.15.33:6801/1781797945] conn(0x7f5738038400 msgr2=0x7f573803a8b0 secure :-1 s=STATE_CONNECTION_ESTABLISHED l=1).mark_down
2024-03-18T00:22:25.758 INFO:teuthology.orchestra.run.smithi033.stdout:/usr/bin/ceph: stderr
2024-03-18T00:22:22.011+0000 7f57532ee700 1 --2- 172.21.15.33:0/1255803409 >> [v2:172.21.15.33:6800/1781797945,v1:172.21.15.33:6801/1781797945] conn(0x7f5738038400 0x7f573803a8b0 secure :-1 s=READY pgs=6 cs=0 l=1 rev1=1 crypto rx=0x7f573c006fd0 tx=0x7f573c006e40 comp rx=0 tx=0).stop
2024-03-18T00:22:25.758 INFO:teuthology.orchestra.run.smithi033.stdout:/usr/bin/ceph: stderr
2024-03-18T00:22:22.011+0000 7f57532ee700 1 -- 172.21.15.33:0/1255803409 >> [v2:172.21.15.33:3300/0,v1:172.21.15.33:6789/0] conn(0x7f574c1048b0 msgr2=0x7f574c1974e0 secure :-1 s=STATE_CONNECTION_ESTABLISHED l=1).mark_down
2024-03-18T00:22:25.758 INFO:teuthology.orchestra.run.smithi033.stdout:/usr/bin/ceph: stderr
2024-03-18T00:22:22.011+0000 7f57532ee700 1 --2- 172.21.15.33:0/1255803409 >> [v2:172.21.15.33:3300/0,v1:172.21.15.33:6789/0] conn(0x7f574c1048b0 0x7f574c1974e0 secure :-1 s=READY pgs=19 cs=0 l=1 rev1=1 crypto rx=0x7f5748003a10 tx=0x7f5748003d70 comp rx=0 tx=0).stop
2024-03-18T00:22:25.758 INFO:teuthology.orchestra.run.smithi033.stdout:/usr/bin/ceph: stderr
2024-03-18T00:22:22.011+0000 7f57532ee700 1 -- 172.21.15.33:0/1255803409 shutdown_connections
2024-03-18T00:22:25.758 INFO:teuthology.orchestra.run.smithi033.stdout:/usr/bin/ceph: stderr
2024-03-18T00:22:22.011+0000 7f57532ee700 1 --2- 172.21.15.33:0/1255803409 >> [v2:172.21.15.33:6800/1781797945,v1:172.21.15.33:6801/1781797945] conn(0x7f5738038400 0x7f573803a8b0 unknown :-1 s=CLOSED pgs=6 cs=0 l=1 rev1=1 crypto rx=0 tx=0 comp rx=0 tx=0).stop
2024-03-18T00:22:25.758 INFO:teuthology.orchestra.run.smithi033.stdout:/usr/bin/ceph: stderr
2024-03-18T00:22:22.011+0000 7f57532ee700 1 --2- 172.21.15.33:0/1255803409 >> [v2:172.21.15.33:3300/0,v1:172.21.15.33:6789/0] conn(0x7f574c1048b0 0x7f574c1974e0 unknown :-1 s=CLOSED pgs=19 cs=0 l=1 rev1=1 crypto rx=0 tx=0 comp rx=0 tx=0).stop
2024-03-18T00:22:25.758 INFO:teuthology.orchestra.run.smithi033.stdout:/usr/bin/ceph: stderr
2024-03-18T00:22:22.011+0000 7f57532ee700 1 -- 172.21.15.33:0/1255803409 >> 172.21.15.33:0/1255803409 conn(0x7f574c0ffee0 msgr2=0x7f574c18e320 unknown :-1 s=STATE_NONE l=0).mark_down
2024-03-18T00:22:25.759 INFO:teuthology.orchestra.run.smithi033.stdout:/usr/bin/ceph: stderr
2024-03-18T00:22:22.011+0000 7f57532ee700 1 -- 172.21.15.33:0/1255803409 shutdown_connections
2024-03-18T00:22:25.759 INFO:teuthology.orchestra.run.smithi033.stdout:/usr/bin/ceph: stderr
2024-03-18T00:22:22.011+0000 7f57532ee700 1 -- 172.21.15.33:0/1255803409 wait complete.
2024-03-18T00:22:25.759 INFO:teuthology.orchestra.run.smithi033.stdout:mgr is available
2024-03-18T00:22:26.878 INFO:journalctl@ceph.mon.smithi033.smithi033.stdout:Mar 18 00:22:26 smithi033 ceph-mon[29175]: from='client.? 172.21.15.33:0/2789730091' entity='client.admin' cmd=[{"prefix": "config assimilate-conf"}]: dispatch
2024-03-18T00:22:26.922 INFO:teuthology.orchestra.run.smithi033.stdout:/usr/bin/ceph: stdout
2024-03-18T00:22:26.922 INFO:teuthology.orchestra.run.smithi033.stdout:/usr/bin/ceph: stdout [global]
2024-03-18T00:22:26.923 INFO:teuthology.orchestra.run.smithi033.stdout:/usr/bin/ceph: stdout fsid = 76bd6196-e4bd-11ee-95c9-87774f69a715
2024-03-18T00:22:26.923 INFO:teuthology.orchestra.run.smithi033.stdout:/usr/bin/ceph: stdout mon_osd_allow_pg_remap = true
2024-03-18T00:22:26.923 INFO:teuthology.orchestra.run.smithi033.stdout:/usr/bin/ceph: stdout mon_osd_allow_primary_affinity = true
2024-03-18T00:22:26.923 INFO:teuthology.orchestra.run.smithi033.stdout:/usr/bin/ceph: stdout mon_warn_on_no_sortbitwise = false
2024-03-18T00:22:26.923 INFO:teuthology.orchestra.run.smithi033.stdout:/usr/bin/ceph: stdout osd_crush_chooseleaf_type = 0
2024-03-18T00:22:26.923 INFO:teuthology.orchestra.run.smithi033.stdout:/usr/bin/ceph: stdout
2024-03-18T00:22:26.924 INFO:teuthology.orchestra.run.smithi033.stdout:/usr/bin/ceph: stdout [mgr]
2024-03-18T00:22:26.924 INFO:teuthology.orchestra.run.smithi033.stdout:/usr/bin/ceph: stdout mgr/telemetry/nag = false
2024-03-18T00:22:26.924 INFO:teuthology.orchestra.run.smithi033.stdout:/usr/bin/ceph: stdout
2024-03-18T00:22:26.924 INFO:teuthology.orchestra.run.smithi033.stdout:/usr/bin/ceph: stdout [osd]
2024-03-18T00:22:26.924 INFO:teuthology.orchestra.run.smithi033.stdout:/usr/bin/ceph: stdout mon_osd_backfillfull_ratio = 0.85
2024-03-18T00:22:26.924 INFO:teuthology.orchestra.run.smithi033.stdout:/usr/bin/ceph: stdout mon_osd_full_ratio = 0.9
2024-03-18T00:22:26.924 INFO:teuthology.orchestra.run.smithi033.stdout:/usr/bin/ceph: stdout mon_osd_nearfull_ratio = 0.8
2024-03-18T00:22:26.925 INFO:teuthology.orchestra.run.smithi033.stdout:/usr/bin/ceph: stdout osd_map_max_advance = 10
2024-03-18T00:22:26.925 INFO:teuthology.orchestra.run.smithi033.stdout:/usr/bin/ceph: stdout osd_sloppy_crc = true
2024-03-18T00:22:26.925 INFO:teuthology.orchestra.run.smithi033.stdout:/usr/bin/ceph: stderr
2024-03-18T00:22:26.204+0000 7f55b8209700 1 Processor -- start
2024-03-18T00:22:26.925 INFO:teuthology.orchestra.run.smithi033.stdout:/usr/bin/ceph: stderr
2024-03-18T00:22:26.205+0000 7f55b8209700 1 -- start start
2024-03-18T00:22:26.925 INFO:teuthology.orchestra.run.smithi033.stdout:/usr/bin/ceph: stderr
2024-03-18T00:22:26.205+0000 7f55b8209700 1 --2- >> [v2:172.21.15.33:3300/0,v1:172.21.15.33:6789/0] conn(0x7f55b0079cd0 0x7f55b010a960 unknown :-1 s=NONE pgs=0 cs=0 l=0 rev1=0 crypto rx=0 tx=0 comp rx=0 tx=0).connect
2024-03-18T00:22:26.925 INFO:teuthology.orchestra.run.smithi033.stdout:/usr/bin/ceph: stderr
2024-03-18T00:22:26.205+0000 7f55b8209700 1 -- --> [v2:172.21.15.33:3300/0,v1:172.21.15.33:6789/0] -- mon_getmap magic: 0 v1 -- 0x7f55b0106350 con 0x7f55b0079cd0
2024-03-18T00:22:26.926 INFO:teuthology.orchestra.run.smithi033.stdout:/usr/bin/ceph: stderr
2024-03-18T00:22:26.205+0000 7f55b5fa5700 1 --2- >> [v2:172.21.15.33:3300/0,v1:172.21.15.33:6789/0] conn(0x7f55b0079cd0 0x7f55b010a960 unknown :-1 s=BANNER_CONNECTING pgs=0 cs=0 l=0 rev1=0 crypto rx=0 tx=0 comp rx=0 tx=0)._handle_peer_banner_payload supported=3 required=0
2024-03-18T00:22:26.926 INFO:teuthology.orchestra.run.smithi033.stdout:/usr/bin/ceph: stderr
2024-03-18T00:22:26.205+0000 7f55b5fa5700 1 --2- >> [v2:172.21.15.33:3300/0,v1:172.21.15.33:6789/0] conn(0x7f55b0079cd0 0x7f55b010a960 unknown :-1 s=HELLO_CONNECTING pgs=0 cs=0 l=0 rev1=1 crypto rx=0 tx=0 comp rx=0 tx=0).handle_hello peer v2:172.21.15.33:3300/0 says I am v2:172.21.15.33:47576/0 (socket says 172.21.15.33:47576)
2024-03-18T00:22:26.926 INFO:teuthology.orchestra.run.smithi033.stdout:/usr/bin/ceph: stderr
2024-03-18T00:22:26.205+0000 7f55b5fa5700 1 -- 172.21.15.33:0/3736799302 learned_addr learned my addr 172.21.15.33:0/3736799302 (peer_addr_for_me v2:172.21.15.33:0/0)
2024-03-18T00:22:26.926 INFO:teuthology.orchestra.run.smithi033.stdout:/usr/bin/ceph: stderr
2024-03-18T00:22:26.205+0000 7f55b5fa5700 1 -- 172.21.15.33:0/3736799302 --> [v2:172.21.15.33:3300/0,v1:172.21.15.33:6789/0] -- mon_subscribe({config=0+,monmap=0+}) v3 -- 0x7f55b010aea0 con 0x7f55b0079cd0
2024-03-18T00:22:26.926 INFO:teuthology.orchestra.run.smithi033.stdout:/usr/bin/ceph: stderr
2024-03-18T00:22:26.206+0000 7f55b5fa5700 1 --2- 172.21.15.33:0/3736799302 >> [v2:172.21.15.33:3300/0,v1:172.21.15.33:6789/0] conn(0x7f55b0079cd0 0x7f55b010a960 secure :-1 s=READY pgs=20 cs=0 l=1 rev1=1 crypto rx=0x7f55a00098a0 tx=0x7f55a0009bb0 comp rx=0 tx=0).ready entity=mon.0 client_cookie=fc24ff985180c05b server_cookie=0 in_seq=0 out_seq=0
2024-03-18T00:22:26.926 INFO:teuthology.orchestra.run.smithi033.stdout:/usr/bin/ceph: stderr
2024-03-18T00:22:26.206+0000 7f55b4fa3700 1 -- 172.21.15.33:0/3736799302 <== mon.0 v2:172.21.15.33:3300/0 1 ==== mon_map magic: 0 v1 ==== 229+0+0 (secure 0 0 0) 0x7f55a0004180 con 0x7f55b0079cd0
2024-03-18T00:22:26.927 INFO:teuthology.orchestra.run.smithi033.stdout:/usr/bin/ceph: stderr
2024-03-18T00:22:26.206+0000 7f55b4fa3700 1 -- 172.21.15.33:0/3736799302 <== mon.0 v2:172.21.15.33:3300/0 2 ==== config(27 keys) v1 ==== 1037+0+0 (secure 0 0 0) 0x7f55a00042e0 con 0x7f55b0079cd0
2024-03-18T00:22:26.927 INFO:teuthology.orchestra.run.smithi033.stdout:/usr/bin/ceph: stderr
2024-03-18T00:22:26.206+0000 7f55b4fa3700 1 -- 172.21.15.33:0/3736799302 <== mon.0 v2:172.21.15.33:3300/0 3 ==== mon_map magic: 0 v1 ==== 229+0+0 (secure 0 0 0) 0x7f55a0011a50 con 0x7f55b0079cd0
2024-03-18T00:22:26.927 INFO:teuthology.orchestra.run.smithi033.stdout:/usr/bin/ceph: stderr
2024-03-18T00:22:26.206+0000 7f55b8209700 1 -- 172.21.15.33:0/3736799302 >> [v2:172.21.15.33:3300/0,v1:172.21.15.33:6789/0] conn(0x7f55b0079cd0 msgr2=0x7f55b010a960 secure :-1 s=STATE_CONNECTION_ESTABLISHED l=1).mark_down
2024-03-18T00:22:26.927 INFO:teuthology.orchestra.run.smithi033.stdout:/usr/bin/ceph: stderr
2024-03-18T00:22:26.206+0000 7f55b8209700 1 --2- 172.21.15.33:0/3736799302 >> [v2:172.21.15.33:3300/0,v1:172.21.15.33:6789/0] conn(0x7f55b0079cd0 0x7f55b010a960 secure :-1 s=READY pgs=20 cs=0 l=1 rev1=1 crypto rx=0x7f55a00098a0 tx=0x7f55a0009bb0 comp rx=0 tx=0).stop
2024-03-18T00:22:26.927 INFO:teuthology.orchestra.run.smithi033.stdout:/usr/bin/ceph: stderr
2024-03-18T00:22:26.207+0000 7f55b8209700 1 -- 172.21.15.33:0/3736799302 shutdown_connections
2024-03-18T00:22:26.927 INFO:teuthology.orchestra.run.smithi033.stdout:/usr/bin/ceph: stderr
2024-03-18T00:22:26.207+0000 7f55b8209700 1 --2- 172.21.15.33:0/3736799302 >> [v2:172.21.15.33:3300/0,v1:172.21.15.33:6789/0] conn(0x7f55b0079cd0 0x7f55b010a960 unknown :-1 s=CLOSED pgs=20 cs=0 l=1 rev1=1 crypto rx=0 tx=0 comp rx=0 tx=0).stop
2024-03-18T00:22:26.927 INFO:teuthology.orchestra.run.smithi033.stdout:/usr/bin/ceph: stderr
2024-03-18T00:22:26.207+0000 7f55b8209700 1 -- 172.21.15.33:0/3736799302 >> 172.21.15.33:0/3736799302 conn(0x7f55b00ffed0 msgr2=0x7f55b0102340 unknown :-1 s=STATE_NONE l=0).mark_down
2024-03-18T00:22:26.927 INFO:teuthology.orchestra.run.smithi033.stdout:/usr/bin/ceph: stderr
2024-03-18T00:22:26.207+0000 7f55b8209700 1 -- 172.21.15.33:0/3736799302 shutdown_connections
2024-03-18T00:22:26.927 INFO:teuthology.orchestra.run.smithi033.stdout:/usr/bin/ceph: stderr
2024-03-18T00:22:26.207+0000 7f55b8209700 1 -- 172.21.15.33:0/3736799302 wait complete.
2024-03-18T00:22:26.927 INFO:teuthology.orchestra.run.smithi033.stdout:/usr/bin/ceph: stderr
2024-03-18T00:22:26.207+0000 7f55b8209700 1 Processor -- start
2024-03-18T00:22:26.927 INFO:teuthology.orchestra.run.smithi033.stdout:/usr/bin/ceph: stderr
2024-03-18T00:22:26.207+0000 7f55b8209700 1 -- start start
2024-03-18T00:22:26.928 INFO:teuthology.orchestra.run.smithi033.stdout:/usr/bin/ceph: stderr
2024-03-18T00:22:26.207+0000 7f55b8209700 1 --2- >> [v2:172.21.15.33:3300/0,v1:172.21.15.33:6789/0] conn(0x7f55b019b910 0x7f55b019bd20 unknown :-1 s=NONE pgs=0 cs=0 l=1 rev1=0 crypto rx=0 tx=0 comp rx=0 tx=0).connect
2024-03-18T00:22:26.928 INFO:teuthology.orchestra.run.smithi033.stdout:/usr/bin/ceph: stderr
2024-03-18T00:22:26.207+0000 7f55b8209700 1 -- --> [v2:172.21.15.33:3300/0,v1:172.21.15.33:6789/0] -- mon_getmap magic: 0 v1 -- 0x7f55b019c260 con 0x7f55b019b910
2024-03-18T00:22:26.928 INFO:teuthology.orchestra.run.smithi033.stdout:/usr/bin/ceph: stderr
2024-03-18T00:22:26.208+0000 7f55b5fa5700 1 --2- >> [v2:172.21.15.33:3300/0,v1:172.21.15.33:6789/0] conn(0x7f55b019b910 0x7f55b019bd20 unknown :-1 s=BANNER_CONNECTING pgs=0 cs=0 l=1 rev1=0 crypto rx=0 tx=0 comp rx=0 tx=0)._handle_peer_banner_payload supported=3 required=0
2024-03-18T00:22:26.928 INFO:teuthology.orchestra.run.smithi033.stdout:/usr/bin/ceph: stderr
2024-03-18T00:22:26.208+0000 7f55b5fa5700 1 --2- >> [v2:172.21.15.33:3300/0,v1:172.21.15.33:6789/0] conn(0x7f55b019b910 0x7f55b019bd20 unknown :-1 s=HELLO_CONNECTING pgs=0 cs=0 l=1 rev1=1 crypto rx=0 tx=0 comp rx=0 tx=0).handle_hello peer v2:172.21.15.33:3300/0 says I am v2:172.21.15.33:47584/0 (socket says 172.21.15.33:47584)
2024-03-18T00:22:26.928 INFO:teuthology.orchestra.run.smithi033.stdout:/usr/bin/ceph: stderr
2024-03-18T00:22:26.208+0000 7f55b5fa5700 1 -- 172.21.15.33:0/2789730091 learned_addr learned my addr 172.21.15.33:0/2789730091 (peer_addr_for_me v2:172.21.15.33:0/0)
2024-03-18T00:22:26.928 INFO:teuthology.orchestra.run.smithi033.stdout:/usr/bin/ceph: stderr
2024-03-18T00:22:26.208+0000 7f55b5fa5700 1 -- 172.21.15.33:0/2789730091 --> [v2:172.21.15.33:3300/0,v1:172.21.15.33:6789/0] -- mon_subscribe({config=0+,monmap=0+}) v3 -- 0x7f55a0009550 con 0x7f55b019b910
2024-03-18T00:22:26.928 INFO:teuthology.orchestra.run.smithi033.stdout:/usr/bin/ceph: stderr
2024-03-18T00:22:26.208+0000 7f55b5fa5700 1 --2- 172.21.15.33:0/2789730091 >> [v2:172.21.15.33:3300/0,v1:172.21.15.33:6789/0] conn(0x7f55b019b910 0x7f55b019bd20 secure :-1 s=READY pgs=21 cs=0 l=1 rev1=1 crypto rx=0x7f55a0009520 tx=0x7f55a0011ab0 comp rx=0 tx=0).ready entity=mon.0 client_cookie=0 server_cookie=0 in_seq=0 out_seq=0
2024-03-18T00:22:26.928 INFO:teuthology.orchestra.run.smithi033.stdout:/usr/bin/ceph: stderr
2024-03-18T00:22:26.208+0000 7f55a6ffd700 1 -- 172.21.15.33:0/2789730091 <== mon.0 v2:172.21.15.33:3300/0 1 ==== mon_map magic: 0 v1 ==== 229+0+0 (secure 0 0 0) 0x7f55a0003a80 con 0x7f55b019b910
2024-03-18T00:22:26.928 INFO:teuthology.orchestra.run.smithi033.stdout:/usr/bin/ceph: stderr
2024-03-18T00:22:26.208+0000 7f55a6ffd700 1 -- 172.21.15.33:0/2789730091 <== mon.0 v2:172.21.15.33:3300/0 2 ==== config(27 keys) v1 ==== 1037+0+0 (secure 0 0 0) 0x7f55a0003be0 con 0x7f55b019b910
2024-03-18T00:22:26.928 INFO:teuthology.orchestra.run.smithi033.stdout:/usr/bin/ceph: stderr
2024-03-18T00:22:26.208+0000 7f55b8209700 1 -- 172.21.15.33:0/2789730091 --> [v2:172.21.15.33:3300/0,v1:172.21.15.33:6789/0] -- mon_subscribe({mgrmap=0+}) v3 -- 0x7f55b019c460 con 0x7f55b019b910
2024-03-18T00:22:26.928 INFO:teuthology.orchestra.run.smithi033.stdout:/usr/bin/ceph: stderr
2024-03-18T00:22:26.208+0000 7f55a6ffd700 1 -- 172.21.15.33:0/2789730091 <== mon.0 v2:172.21.15.33:3300/0 3 ==== mon_map magic: 0 v1 ==== 229+0+0 (secure 0 0 0) 0x7f55a00197b0 con 0x7f55b019b910
2024-03-18T00:22:26.928 INFO:teuthology.orchestra.run.smithi033.stdout:/usr/bin/ceph: stderr
2024-03-18T00:22:26.208+0000 7f55b8209700 1 -- 172.21.15.33:0/2789730091 --> [v2:172.21.15.33:3300/0,v1:172.21.15.33:6789/0] -- mon_subscribe({osdmap=0}) v3 -- 0x7f55b019f0c0 con 0x7f55b019b910
2024-03-18T00:22:26.928 INFO:teuthology.orchestra.run.smithi033.stdout:/usr/bin/ceph: stderr
2024-03-18T00:22:26.209+0000 7f55a6ffd700 1 -- 172.21.15.33:0/2789730091 <== mon.0 v2:172.21.15.33:3300/0 4 ==== mgrmap(e 4) v1 ==== 45073+0+0 (secure 0 0 0) 0x7f55a001a430 con 0x7f55b019b910
2024-03-18T00:22:26.928 INFO:teuthology.orchestra.run.smithi033.stdout:/usr/bin/ceph: stderr
2024-03-18T00:22:26.209+0000 7f55a6ffd700 1 --2- 172.21.15.33:0/2789730091 >> [v2:172.21.15.33:6800/1781797945,v1:172.21.15.33:6801/1781797945] conn(0x7f559c0383a0 0x7f559c03a850 unknown :-1 s=NONE pgs=0 cs=0 l=1 rev1=0 crypto rx=0 tx=0 comp rx=0 tx=0).connect
2024-03-18T00:22:26.929 INFO:teuthology.orchestra.run.smithi033.stdout:/usr/bin/ceph: stderr
2024-03-18T00:22:26.209+0000 7f55b8209700 1 -- 172.21.15.33:0/2789730091 --> [v2:172.21.15.33:3300/0,v1:172.21.15.33:6789/0] -- mon_command({"prefix": "get_command_descriptions"} v 0) v1 -- 0x7f55b0079cd0 con 0x7f55b019b910
2024-03-18T00:22:26.929 INFO:teuthology.orchestra.run.smithi033.stdout:/usr/bin/ceph: stderr
2024-03-18T00:22:26.209+0000 7f55a6ffd700 1 -- 172.21.15.33:0/2789730091 <== mon.0 v2:172.21.15.33:3300/0 5 ==== osd_map(1..1 src has 1..1) v4 ==== 725+0+0 (secure 0 0 0) 0x7f55a004c4a0 con 0x7f55b019b910
2024-03-18T00:22:26.929 INFO:teuthology.orchestra.run.smithi033.stdout:/usr/bin/ceph: stderr
2024-03-18T00:22:26.209+0000 7f55b57a4700 1 --2- 172.21.15.33:0/2789730091 >> [v2:172.21.15.33:6800/1781797945,v1:172.21.15.33:6801/1781797945] conn(0x7f559c0383a0 0x7f559c03a850 unknown :-1 s=BANNER_CONNECTING pgs=0 cs=0 l=1 rev1=0 crypto rx=0 tx=0 comp rx=0 tx=0)._handle_peer_banner_payload supported=3 required=0
2024-03-18T00:22:26.929 INFO:teuthology.orchestra.run.smithi033.stdout:/usr/bin/ceph: stderr
2024-03-18T00:22:26.210+0000 7f55b57a4700 1 --2- 172.21.15.33:0/2789730091 >> [v2:172.21.15.33:6800/1781797945,v1:172.21.15.33:6801/1781797945] conn(0x7f559c0383a0 0x7f559c03a850 secure :-1 s=READY pgs=7 cs=0 l=1 rev1=1 crypto rx=0x7f55ac006fd0 tx=0x7f55ac006e40 comp rx=0 tx=0).ready entity=mgr.14100 client_cookie=0 server_cookie=0 in_seq=0 out_seq=0
2024-03-18T00:22:26.929 INFO:teuthology.orchestra.run.smithi033.stdout:/usr/bin/ceph: stderr
2024-03-18T00:22:26.214+0000 7f55a6ffd700 1 -- 172.21.15.33:0/2789730091 <== mon.0 v2:172.21.15.33:3300/0 6 ==== mon_command_ack([{"prefix": "get_command_descriptions"}]=0 v0) v1 ==== 72+0+177933 (secure 0 0 0) 0x7f55a001ac30 con 0x7f55b019b910
2024-03-18T00:22:26.929 INFO:teuthology.orchestra.run.smithi033.stdout:/usr/bin/ceph: stderr
2024-03-18T00:22:26.411+0000 7f55b8209700 1 -- 172.21.15.33:0/2789730091 --> [v2:172.21.15.33:3300/0,v1:172.21.15.33:6789/0] -- mon_command({"prefix": "config assimilate-conf"} v 0) v1 -- 0x7f55b0079ef0 con 0x7f55b019b910
2024-03-18T00:22:26.929 INFO:teuthology.orchestra.run.smithi033.stdout:/usr/bin/ceph: stderr
2024-03-18T00:22:26.412+0000 7f55a6ffd700 1 -- 172.21.15.33:0/2789730091 <== mon.0 v2:172.21.15.33:3300/0 7 ==== mon_command_ack([{"prefix": "config assimilate-conf"}]=0 v3) v1 ==== 70+0+373 (secure 0 0 0) 0x7f55a0018350 con 0x7f55b019b910
2024-03-18T00:22:26.929 INFO:teuthology.orchestra.run.smithi033.stdout:/usr/bin/ceph: stderr
2024-03-18T00:22:26.414+0000 7f55b8209700 1 -- 172.21.15.33:0/2789730091 >> [v2:172.21.15.33:6800/1781797945,v1:172.21.15.33:6801/1781797945] conn(0x7f559c0383a0 msgr2=0x7f559c03a850 secure :-1 s=STATE_CONNECTION_ESTABLISHED l=1).mark_down
2024-03-18T00:22:26.929 INFO:teuthology.orchestra.run.smithi033.stdout:/usr/bin/ceph: stderr
2024-03-18T00:22:26.414+0000 7f55b8209700 1 --2- 172.21.15.33:0/2789730091 >> [v2:172.21.15.33:6800/1781797945,v1:172.21.15.33:6801/1781797945] conn(0x7f559c0383a0 0x7f559c03a850 secure :-1 s=READY pgs=7 cs=0 l=1 rev1=1 crypto rx=0x7f55ac006fd0 tx=0x7f55ac006e40 comp rx=0 tx=0).stop
2024-03-18T00:22:26.929 INFO:teuthology.orchestra.run.smithi033.stdout:/usr/bin/ceph: stderr
2024-03-18T00:22:26.414+0000 7f55b8209700 1 -- 172.21.15.33:0/2789730091 >> [v2:172.21.15.33:3300/0,v1:172.21.15.33:6789/0] conn(0x7f55b019b910 msgr2=0x7f55b019bd20 secure :-1 s=STATE_CONNECTION_ESTABLISHED l=1).mark_down
2024-03-18T00:22:26.929 INFO:teuthology.orchestra.run.smithi033.stdout:/usr/bin/ceph: stderr
2024-03-18T00:22:26.414+0000 7f55b8209700 1 --2- 172.21.15.33:0/2789730091 >> [v2:172.21.15.33:3300/0,v1:172.21.15.33:6789/0] conn(0x7f55b019b910 0x7f55b019bd20 secure :-1 s=READY pgs=21 cs=0 l=1 rev1=1 crypto rx=0x7f55a0009520 tx=0x7f55a0011ab0 comp rx=0 tx=0).stop
2024-03-18T00:22:26.929 INFO:teuthology.orchestra.run.smithi033.stdout:/usr/bin/ceph: stderr
2024-03-18T00:22:26.414+0000 7f55b8209700 1 -- 172.21.15.33:0/2789730091 shutdown_connections
2024-03-18T00:22:26.929 INFO:teuthology.orchestra.run.smithi033.stdout:/usr/bin/ceph: stderr
2024-03-18T00:22:26.414+0000 7f55b8209700 1 --2- 172.21.15.33:0/2789730091 >> [v2:172.21.15.33:6800/1781797945,v1:172.21.15.33:6801/1781797945] conn(0x7f559c0383a0 0x7f559c03a850 unknown :-1 s=CLOSED pgs=7 cs=0 l=1 rev1=1 crypto rx=0 tx=0 comp rx=0 tx=0).stop
