2024-03-18T00:43:02.115 INFO:journalctl@ceph.mon.a.smithi162.stdout:Mar 18 00:43:01 smithi162 ceph-mon[32185]: from='mgr.14100 172.21.15.162:0/1576257927' entity='mgr.x'
2024-03-18T00:43:02.115 INFO:journalctl@ceph.mon.a.smithi162.stdout:Mar 18 00:43:01 smithi162 ceph-mon[32185]: from='client.? 172.21.15.162:0/2476754509' entity='client.admin' cmd=[{"prefix": "status", "format": "json-pretty"}]: dispatch
2024-03-18T00:43:02.115 INFO:journalctl@ceph.mon.a.smithi162.stdout:Mar 18 00:43:01 smithi162 ceph-mon[32185]: mgrmap e3: x(active, since 1.00721s)
2024-03-18T00:43:04.115 INFO:journalctl@ceph.mon.a.smithi162.stdout:Mar 18 00:43:03 smithi162 ceph-mon[32185]: mgrmap e4: x(active, since 2s)
2024-03-18T00:43:05.093 INFO:teuthology.orchestra.run.smithi162.stdout:/usr/bin/ceph: stdout
2024-03-18T00:43:05.094 INFO:teuthology.orchestra.run.smithi162.stdout:/usr/bin/ceph: stdout {
2024-03-18T00:43:05.094 INFO:teuthology.orchestra.run.smithi162.stdout:/usr/bin/ceph: stdout "fsid": "1b79961c-e4c0-11ee-95c9-87774f69a715",
2024-03-18T00:43:05.094 INFO:teuthology.orchestra.run.smithi162.stdout:/usr/bin/ceph: stdout "health": {
2024-03-18T00:43:05.094 INFO:teuthology.orchestra.run.smithi162.stdout:/usr/bin/ceph: stdout "status": "HEALTH_OK",
2024-03-18T00:43:05.094 INFO:teuthology.orchestra.run.smithi162.stdout:/usr/bin/ceph: stdout "checks": {},
2024-03-18T00:43:05.094 INFO:teuthology.orchestra.run.smithi162.stdout:/usr/bin/ceph: stdout "mutes": []
2024-03-18T00:43:05.094 INFO:teuthology.orchestra.run.smithi162.stdout:/usr/bin/ceph: stdout },
2024-03-18T00:43:05.094 INFO:teuthology.orchestra.run.smithi162.stdout:/usr/bin/ceph: stdout "election_epoch": 5,
2024-03-18T00:43:05.094 INFO:teuthology.orchestra.run.smithi162.stdout:/usr/bin/ceph: stdout "quorum": [
2024-03-18T00:43:05.094 INFO:teuthology.orchestra.run.smithi162.stdout:/usr/bin/ceph: stdout 0
2024-03-18T00:43:05.094 INFO:teuthology.orchestra.run.smithi162.stdout:/usr/bin/ceph: stdout ],
2024-03-18T00:43:05.094 INFO:teuthology.orchestra.run.smithi162.stdout:/usr/bin/ceph: stdout "quorum_names": [
2024-03-18T00:43:05.095 INFO:teuthology.orchestra.run.smithi162.stdout:/usr/bin/ceph: stdout "a"
2024-03-18T00:43:05.095 INFO:teuthology.orchestra.run.smithi162.stdout:/usr/bin/ceph: stdout ],
2024-03-18T00:43:05.095 INFO:teuthology.orchestra.run.smithi162.stdout:/usr/bin/ceph: stdout "quorum_age": 12,
2024-03-18T00:43:05.095 INFO:teuthology.orchestra.run.smithi162.stdout:/usr/bin/ceph: stdout "monmap": {
2024-03-18T00:43:05.095 INFO:teuthology.orchestra.run.smithi162.stdout:/usr/bin/ceph: stdout "epoch": 1,
2024-03-18T00:43:05.095 INFO:teuthology.orchestra.run.smithi162.stdout:/usr/bin/ceph: stdout "min_mon_release_name": "squid",
2024-03-18T00:43:05.095 INFO:teuthology.orchestra.run.smithi162.stdout:/usr/bin/ceph: stdout "num_mons": 1
2024-03-18T00:43:05.095 INFO:teuthology.orchestra.run.smithi162.stdout:/usr/bin/ceph: stdout },
2024-03-18T00:43:05.095 INFO:teuthology.orchestra.run.smithi162.stdout:/usr/bin/ceph: stdout "osdmap": {
2024-03-18T00:43:05.095 INFO:teuthology.orchestra.run.smithi162.stdout:/usr/bin/ceph: stdout "epoch": 1,
2024-03-18T00:43:05.095 INFO:teuthology.orchestra.run.smithi162.stdout:/usr/bin/ceph: stdout "num_osds": 0,
2024-03-18T00:43:05.095 INFO:teuthology.orchestra.run.smithi162.stdout:/usr/bin/ceph: stdout "num_up_osds": 0,
2024-03-18T00:43:05.096 INFO:teuthology.orchestra.run.smithi162.stdout:/usr/bin/ceph: stdout "osd_up_since": 0,
2024-03-18T00:43:05.105 INFO:teuthology.orchestra.run.smithi162.stdout:/usr/bin/ceph: stdout "num_in_osds": 0,
2024-03-18T00:43:05.105 INFO:teuthology.orchestra.run.smithi162.stdout:/usr/bin/ceph: stdout "osd_in_since": 0,
2024-03-18T00:43:05.105 INFO:teuthology.orchestra.run.smithi162.stdout:/usr/bin/ceph: stdout "num_remapped_pgs": 0
2024-03-18T00:43:05.105 INFO:teuthology.orchestra.run.smithi162.stdout:/usr/bin/ceph: stdout },
2024-03-18T00:43:05.105 INFO:teuthology.orchestra.run.smithi162.stdout:/usr/bin/ceph: stdout "pgmap": {
2024-03-18T00:43:05.105 INFO:teuthology.orchestra.run.smithi162.stdout:/usr/bin/ceph: stdout "pgs_by_state": [],
2024-03-18T00:43:05.106 INFO:teuthology.orchestra.run.smithi162.stdout:/usr/bin/ceph: stdout "num_pgs": 0,
2024-03-18T00:43:05.106 INFO:teuthology.orchestra.run.smithi162.stdout:/usr/bin/ceph: stdout "num_pools": 0,
2024-03-18T00:43:05.106 INFO:teuthology.orchestra.run.smithi162.stdout:/usr/bin/ceph: stdout "num_objects": 0,
2024-03-18T00:43:05.106 INFO:teuthology.orchestra.run.smithi162.stdout:/usr/bin/ceph: stdout "data_bytes": 0,
2024-03-18T00:43:05.106 INFO:teuthology.orchestra.run.smithi162.stdout:/usr/bin/ceph: stdout "bytes_used": 0,
2024-03-18T00:43:05.106 INFO:teuthology.orchestra.run.smithi162.stdout:/usr/bin/ceph: stdout "bytes_avail": 0,
2024-03-18T00:43:05.106 INFO:teuthology.orchestra.run.smithi162.stdout:/usr/bin/ceph: stdout "bytes_total": 0
2024-03-18T00:43:05.106 INFO:teuthology.orchestra.run.smithi162.stdout:/usr/bin/ceph: stdout },
2024-03-18T00:43:05.106 INFO:teuthology.orchestra.run.smithi162.stdout:/usr/bin/ceph: stdout "fsmap": {
2024-03-18T00:43:05.106 INFO:teuthology.orchestra.run.smithi162.stdout:/usr/bin/ceph: stdout "epoch": 1,
2024-03-18T00:43:05.106 INFO:teuthology.orchestra.run.smithi162.stdout:/usr/bin/ceph: stdout "by_rank": [],
2024-03-18T00:43:05.106 INFO:teuthology.orchestra.run.smithi162.stdout:/usr/bin/ceph: stdout "up:standby": 0
2024-03-18T00:43:05.107 INFO:teuthology.orchestra.run.smithi162.stdout:/usr/bin/ceph: stdout },
2024-03-18T00:43:05.107 INFO:teuthology.orchestra.run.smithi162.stdout:/usr/bin/ceph: stdout "mgrmap": {
2024-03-18T00:43:05.107 INFO:teuthology.orchestra.run.smithi162.stdout:/usr/bin/ceph: stdout "available": true,
2024-03-18T00:43:05.107 INFO:teuthology.orchestra.run.smithi162.stdout:/usr/bin/ceph: stdout "num_standbys": 0,
2024-03-18T00:43:05.107 INFO:teuthology.orchestra.run.smithi162.stdout:/usr/bin/ceph: stdout "modules": [
2024-03-18T00:43:05.107 INFO:teuthology.orchestra.run.smithi162.stdout:/usr/bin/ceph: stdout "iostat",
2024-03-18T00:43:05.107 INFO:teuthology.orchestra.run.smithi162.stdout:/usr/bin/ceph: stdout "nfs",
2024-03-18T00:43:05.107 INFO:teuthology.orchestra.run.smithi162.stdout:/usr/bin/ceph: stdout "restful"
2024-03-18T00:43:05.107 INFO:teuthology.orchestra.run.smithi162.stdout:/usr/bin/ceph: stdout ],
2024-03-18T00:43:05.107 INFO:teuthology.orchestra.run.smithi162.stdout:/usr/bin/ceph: stdout "services": {}
2024-03-18T00:43:05.107 INFO:teuthology.orchestra.run.smithi162.stdout:/usr/bin/ceph: stdout },
2024-03-18T00:43:05.107 INFO:teuthology.orchestra.run.smithi162.stdout:/usr/bin/ceph: stdout "servicemap": {
2024-03-18T00:43:05.108 INFO:teuthology.orchestra.run.smithi162.stdout:/usr/bin/ceph: stdout "epoch": 1,
2024-03-18T00:43:05.108 INFO:teuthology.orchestra.run.smithi162.stdout:/usr/bin/ceph: stdout "modified": "2024-03-18T00:42:39.277854+0000",
2024-03-18T00:43:05.108 INFO:teuthology.orchestra.run.smithi162.stdout:/usr/bin/ceph: stdout "services": {}
2024-03-18T00:43:05.108 INFO:teuthology.orchestra.run.smithi162.stdout:/usr/bin/ceph: stdout },
2024-03-18T00:43:05.108 INFO:teuthology.orchestra.run.smithi162.stdout:/usr/bin/ceph: stdout "progress_events": {}
2024-03-18T00:43:05.108 INFO:teuthology.orchestra.run.smithi162.stdout:/usr/bin/ceph: stdout }
2024-03-18T00:43:05.108 INFO:teuthology.orchestra.run.smithi162.stdout:/usr/bin/ceph: stderr
2024-03-18T00:43:04.228+0000 7fabdf293700 1 Processor -- start
2024-03-18T00:43:05.108 INFO:teuthology.orchestra.run.smithi162.stdout:/usr/bin/ceph: stderr
2024-03-18T00:43:04.229+0000 7fabdf293700 1 -- start start
2024-03-18T00:43:05.108 INFO:teuthology.orchestra.run.smithi162.stdout:/usr/bin/ceph: stderr
2024-03-18T00:43:04.229+0000 7fabdf293700 1 --2- >> [v2:172.21.15.162:3300/0,v1:172.21.15.162:6789/0] conn(0x7fabd81087f0 0x7fabd810abe0 unknown :-1 s=NONE pgs=0 cs=0 l=0 rev1=0 crypto rx=0 tx=0 comp rx=0 tx=0).connect
2024-03-18T00:43:05.108 INFO:teuthology.orchestra.run.smithi162.stdout:/usr/bin/ceph: stderr
2024-03-18T00:43:04.229+0000 7fabdf293700 1 -- --> [v2:172.21.15.162:3300/0,v1:172.21.15.162:6789/0] -- mon_getmap magic: 0 -- 0x7fabd807bdd0 con 0x7fabd81087f0
2024-03-18T00:43:05.108 INFO:teuthology.orchestra.run.smithi162.stdout:/usr/bin/ceph: stderr
2024-03-18T00:43:04.229+0000 7fabdd02f700 1 --2- >> [v2:172.21.15.162:3300/0,v1:172.21.15.162:6789/0] conn(0x7fabd81087f0 0x7fabd810abe0 unknown :-1 s=BANNER_CONNECTING pgs=0 cs=0 l=0 rev1=0 crypto rx=0 tx=0 comp rx=0 tx=0)._handle_peer_banner_payload supported=3 required=0
2024-03-18T00:43:05.108 INFO:teuthology.orchestra.run.smithi162.stdout:/usr/bin/ceph: stderr
2024-03-18T00:43:04.229+0000 7fabdd02f700 1 --2- >> [v2:172.21.15.162:3300/0,v1:172.21.15.162:6789/0] conn(0x7fabd81087f0 0x7fabd810abe0 unknown :-1 s=HELLO_CONNECTING pgs=0 cs=0 l=0 rev1=1 crypto rx=0 tx=0 comp rx=0 tx=0).handle_hello peer v2:172.21.15.162:3300/0 says I am v2:172.21.15.162:37354/0 (socket says 172.21.15.162:37354)
2024-03-18T00:43:05.108 INFO:teuthology.orchestra.run.smithi162.stdout:/usr/bin/ceph: stderr
2024-03-18T00:43:04.229+0000 7fabdd02f700 1 -- 172.21.15.162:0/1829494139 learned_addr learned my addr 172.21.15.162:0/1829494139 (peer_addr_for_me v2:172.21.15.162:0/0)
2024-03-18T00:43:05.109 INFO:teuthology.orchestra.run.smithi162.stdout:/usr/bin/ceph: stderr
2024-03-18T00:43:04.229+0000 7fabdd02f700 1 -- 172.21.15.162:0/1829494139 --> [v2:172.21.15.162:3300/0,v1:172.21.15.162:6789/0] -- mon_subscribe({config=0+,monmap=0+}) -- 0x7fabd810b120 con 0x7fabd81087f0
2024-03-18T00:43:05.109 INFO:teuthology.orchestra.run.smithi162.stdout:/usr/bin/ceph: stderr
2024-03-18T00:43:04.229+0000 7fabdd02f700 1 --2- 172.21.15.162:0/1829494139 >> [v2:172.21.15.162:3300/0,v1:172.21.15.162:6789/0] conn(0x7fabd81087f0 0x7fabd810abe0 secure :-1 s=READY pgs=18 cs=0 l=1 rev1=1 crypto rx=0x7fabd00098a0 tx=0x7fabd0009bb0 comp rx=0 tx=0).ready entity=mon.0 client_cookie=bb622111e14c929a server_cookie=0 in_seq=0 out_seq=0
2024-03-18T00:43:05.109 INFO:teuthology.orchestra.run.smithi162.stdout:/usr/bin/ceph: stderr
2024-03-18T00:43:04.230+0000 7fabd7fff700 1 -- 172.21.15.162:0/1829494139 <== mon.0 v2:172.21.15.162:3300/0 1 ==== mon_map magic: 0 ==== 205+0+0 (secure 0 0 0) 0x7fabd0004160 con 0x7fabd81087f0
2024-03-18T00:43:05.109 INFO:teuthology.orchestra.run.smithi162.stdout:/usr/bin/ceph: stderr
2024-03-18T00:43:04.230+0000 7fabd7fff700 1 -- 172.21.15.162:0/1829494139 <== mon.0 v2:172.21.15.162:3300/0 2 ==== config(26 keys) ==== 1071+0+0 (secure 0 0 0) 0x7fabd0004300 con 0x7fabd81087f0
2024-03-18T00:43:05.109 INFO:teuthology.orchestra.run.smithi162.stdout:/usr/bin/ceph: stderr
2024-03-18T00:43:04.230+0000 7fabd7fff700 1 -- 172.21.15.162:0/1829494139 <== mon.0 v2:172.21.15.162:3300/0 3 ==== mon_map magic: 0 ==== 205+0+0 (secure 0 0 0) 0x7fabd0011a80 con 0x7fabd81087f0
2024-03-18T00:43:05.109 INFO:teuthology.orchestra.run.smithi162.stdout:/usr/bin/ceph: stderr
2024-03-18T00:43:04.230+0000 7fabdf293700 1 -- 172.21.15.162:0/1829494139 >> [v2:172.21.15.162:3300/0,v1:172.21.15.162:6789/0] conn(0x7fabd81087f0 msgr2=0x7fabd810abe0 secure :-1 s=STATE_CONNECTION_ESTABLISHED l=1).mark_down
2024-03-18T00:43:05.109 INFO:teuthology.orchestra.run.smithi162.stdout:/usr/bin/ceph: stderr
2024-03-18T00:43:04.230+0000 7fabdf293700 1 --2- 172.21.15.162:0/1829494139 >> [v2:172.21.15.162:3300/0,v1:172.21.15.162:6789/0] conn(0x7fabd81087f0 0x7fabd810abe0 secure :-1 s=READY pgs=18 cs=0 l=1 rev1=1 crypto rx=0x7fabd00098a0 tx=0x7fabd0009bb0 comp rx=0 tx=0).stop
2024-03-18T00:43:05.109 INFO:teuthology.orchestra.run.smithi162.stdout:/usr/bin/ceph: stderr
2024-03-18T00:43:04.230+0000 7fabdf293700 1 -- 172.21.15.162:0/1829494139 shutdown_connections
2024-03-18T00:43:05.109 INFO:teuthology.orchestra.run.smithi162.stdout:/usr/bin/ceph: stderr
2024-03-18T00:43:04.230+0000 7fabdf293700 1 --2- 172.21.15.162:0/1829494139 >> [v2:172.21.15.162:3300/0,v1:172.21.15.162:6789/0] conn(0x7fabd81087f0 0x7fabd810abe0 unknown :-1 s=CLOSED pgs=18 cs=0 l=1 rev1=1 crypto rx=0 tx=0 comp rx=0 tx=0).stop
2024-03-18T00:43:05.109 INFO:teuthology.orchestra.run.smithi162.stdout:/usr/bin/ceph: stderr
2024-03-18T00:43:04.230+0000 7fabdf293700 1 -- 172.21.15.162:0/1829494139 >> 172.21.15.162:0/1829494139 conn(0x7fabd8102220 msgr2=0x7fabd8104640 unknown :-1 s=STATE_NONE l=0).mark_down
2024-03-18T00:43:05.109 INFO:teuthology.orchestra.run.smithi162.stdout:/usr/bin/ceph: stderr
2024-03-18T00:43:04.230+0000 7fabdf293700 1 -- 172.21.15.162:0/1829494139 shutdown_connections
2024-03-18T00:43:05.110 INFO:teuthology.orchestra.run.smithi162.stdout:/usr/bin/ceph: stderr
2024-03-18T00:43:04.230+0000 7fabdf293700 1 -- 172.21.15.162:0/1829494139 wait complete.
2024-03-18T00:43:05.110 INFO:teuthology.orchestra.run.smithi162.stdout:/usr/bin/ceph: stderr
2024-03-18T00:43:04.231+0000 7fabdf293700 1 Processor -- start
2024-03-18T00:43:05.110 INFO:teuthology.orchestra.run.smithi162.stdout:/usr/bin/ceph: stderr
2024-03-18T00:43:04.231+0000 7fabdf293700 1 -- start start
2024-03-18T00:43:05.110 INFO:teuthology.orchestra.run.smithi162.stdout:/usr/bin/ceph: stderr
2024-03-18T00:43:04.231+0000 7fabdf293700 1 --2- >> [v2:172.21.15.162:3300/0,v1:172.21.15.162:6789/0] conn(0x7fabd81087f0 0x7fabd819bb40 unknown :-1 s=NONE pgs=0 cs=0 l=1 rev1=0 crypto rx=0 tx=0 comp rx=0 tx=0).connect
2024-03-18T00:43:05.110 INFO:teuthology.orchestra.run.smithi162.stdout:/usr/bin/ceph: stderr
2024-03-18T00:43:04.231+0000 7fabdf293700 1 -- --> [v2:172.21.15.162:3300/0,v1:172.21.15.162:6789/0] -- mon_getmap magic: 0 -- 0x7fabd810bfb0 con 0x7fabd81087f0
2024-03-18T00:43:05.110 INFO:teuthology.orchestra.run.smithi162.stdout:/usr/bin/ceph: stderr
2024-03-18T00:43:04.231+0000 7fabdd02f700 1 --2- >> [v2:172.21.15.162:3300/0,v1:172.21.15.162:6789/0] conn(0x7fabd81087f0 0x7fabd819bb40 unknown :-1 s=BANNER_CONNECTING pgs=0 cs=0 l=1 rev1=0 crypto rx=0 tx=0 comp rx=0 tx=0)._handle_peer_banner_payload supported=3 required=0
2024-03-18T00:43:05.110 INFO:teuthology.orchestra.run.smithi162.stdout:/usr/bin/ceph: stderr
2024-03-18T00:43:04.231+0000 7fabdd02f700 1 --2- >> [v2:172.21.15.162:3300/0,v1:172.21.15.162:6789/0] conn(0x7fabd81087f0 0x7fabd819bb40 unknown :-1 s=HELLO_CONNECTING pgs=0 cs=0 l=1 rev1=1 crypto rx=0 tx=0 comp rx=0 tx=0).handle_hello peer v2:172.21.15.162:3300/0 says I am v2:172.21.15.162:37368/0 (socket says 172.21.15.162:37368)
2024-03-18T00:43:05.110 INFO:teuthology.orchestra.run.smithi162.stdout:/usr/bin/ceph: stderr
2024-03-18T00:43:04.231+0000 7fabdd02f700 1 -- 172.21.15.162:0/2236306498 learned_addr learned my addr 172.21.15.162:0/2236306498 (peer_addr_for_me v2:172.21.15.162:0/0)
2024-03-18T00:43:05.110 INFO:teuthology.orchestra.run.smithi162.stdout:/usr/bin/ceph: stderr
2024-03-18T00:43:04.231+0000 7fabdd02f700 1 -- 172.21.15.162:0/2236306498 --> [v2:172.21.15.162:3300/0,v1:172.21.15.162:6789/0] -- mon_subscribe({config=0+,monmap=0+}) -- 0x7fabd819c080 con 0x7fabd81087f0
2024-03-18T00:43:05.110 INFO:teuthology.orchestra.run.smithi162.stdout:/usr/bin/ceph: stderr
2024-03-18T00:43:04.232+0000 7fabdd02f700 1 --2- 172.21.15.162:0/2236306498 >> [v2:172.21.15.162:3300/0,v1:172.21.15.162:6789/0] conn(0x7fabd81087f0 0x7fabd819bb40 secure :-1 s=READY pgs=19 cs=0 l=1 rev1=1 crypto rx=0x7fabd0006af0 tx=0x7fabd0011b70 comp rx=0 tx=0).ready entity=mon.0 client_cookie=0 server_cookie=0 in_seq=0 out_seq=0
2024-03-18T00:43:05.110 INFO:teuthology.orchestra.run.smithi162.stdout:/usr/bin/ceph: stderr
2024-03-18T00:43:04.232+0000 7fabd67fc700 1 -- 172.21.15.162:0/2236306498 <== mon.0 v2:172.21.15.162:3300/0 1 ==== mon_map magic: 0 ==== 205+0+0 (secure 0 0 0) 0x7fabd0003930 con 0x7fabd81087f0
2024-03-18T00:43:05.111 INFO:teuthology.orchestra.run.smithi162.stdout:/usr/bin/ceph: stderr
2024-03-18T00:43:04.232+0000 7fabd67fc700 1 -- 172.21.15.162:0/2236306498 <== mon.0 v2:172.21.15.162:3300/0 2 ==== config(26 keys) ==== 1071+0+0 (secure 0 0 0) 0x7fabd0003ad0 con 0x7fabd81087f0
2024-03-18T00:43:05.111 INFO:teuthology.orchestra.run.smithi162.stdout:/usr/bin/ceph: stderr
2024-03-18T00:43:04.232+0000 7fabdf293700 1 -- 172.21.15.162:0/2236306498 --> [v2:172.21.15.162:3300/0,v1:172.21.15.162:6789/0] -- mon_subscribe({mgrmap=0+}) -- 0x7fabd819c310 con 0x7fabd81087f0
2024-03-18T00:43:05.111 INFO:teuthology.orchestra.run.smithi162.stdout:/usr/bin/ceph: stderr
2024-03-18T00:43:04.232+0000 7fabd67fc700 1 -- 172.21.15.162:0/2236306498 <== mon.0 v2:172.21.15.162:3300/0 3 ==== mon_map magic: 0 ==== 205+0+0 (secure 0 0 0) 0x7fabd00195e0 con 0x7fabd81087f0
2024-03-18T00:43:05.111 INFO:teuthology.orchestra.run.smithi162.stdout:/usr/bin/ceph: stderr
2024-03-18T00:43:04.232+0000 7fabdf293700 1 -- 172.21.15.162:0/2236306498 --> [v2:172.21.15.162:3300/0,v1:172.21.15.162:6789/0] -- mon_subscribe({osdmap=0}) -- 0x7fabd819f000 con 0x7fabd81087f0
2024-03-18T00:43:05.111 INFO:teuthology.orchestra.run.smithi162.stdout:/usr/bin/ceph: stderr
2024-03-18T00:43:04.233+0000 7fabd67fc700 1 -- 172.21.15.162:0/2236306498 <== mon.0 v2:172.21.15.162:3300/0 4 ==== mgrmap(e 4) ==== 46095+0+0 (secure 0 0 0) 0x7fabd001a430 con 0x7fabd81087f0
2024-03-18T00:43:05.111 INFO:teuthology.orchestra.run.smithi162.stdout:/usr/bin/ceph: stderr
2024-03-18T00:43:04.233+0000 7fabdf293700 1 -- 172.21.15.162:0/2236306498 --> [v2:172.21.15.162:3300/0,v1:172.21.15.162:6789/0] -- mon_command({"prefix": "get_command_descriptions"} v 0) -- 0x7fabd8063900 con 0x7fabd81087f0
2024-03-18T00:43:05.111 INFO:teuthology.orchestra.run.smithi162.stdout:/usr/bin/ceph: stderr
2024-03-18T00:43:04.233+0000 7fabd67fc700 1 --2- 172.21.15.162:0/2236306498 >> [v2:172.21.15.162:6800/3643480882,v1:172.21.15.162:6801/3643480882] conn(0x7fabc0038ed0 0x7fabc003b390 unknown :-1 s=NONE pgs=0 cs=0 l=1 rev1=0 crypto rx=0 tx=0 comp rx=0 tx=0).connect
2024-03-18T00:43:05.111 INFO:teuthology.orchestra.run.smithi162.stdout:/usr/bin/ceph: stderr
2024-03-18T00:43:04.233+0000 7fabd67fc700 1 -- 172.21.15.162:0/2236306498 <== mon.0 v2:172.21.15.162:3300/0 5 ==== osd_map(1..1 src has 1..1) ==== 725+0+0 (secure 0 0 0) 0x7fabd004d1d0 con 0x7fabd81087f0
2024-03-18T00:43:05.111 INFO:teuthology.orchestra.run.smithi162.stdout:/usr/bin/ceph: stderr
2024-03-18T00:43:04.233+0000 7fabdc82e700 1 --2- 172.21.15.162:0/2236306498 >> [v2:172.21.15.162:6800/3643480882,v1:172.21.15.162:6801/3643480882] conn(0x7fabc0038ed0 0x7fabc003b390 unknown :-1 s=BANNER_CONNECTING pgs=0 cs=0 l=1 rev1=0 crypto rx=0 tx=0 comp rx=0 tx=0)._handle_peer_banner_payload supported=3 required=0
2024-03-18T00:43:05.111 INFO:teuthology.orchestra.run.smithi162.stdout:/usr/bin/ceph: stderr
2024-03-18T00:43:04.233+0000 7fabdc82e700 1 --2- 172.21.15.162:0/2236306498 >> [v2:172.21.15.162:6800/3643480882,v1:172.21.15.162:6801/3643480882] conn(0x7fabc0038ed0 0x7fabc003b390 secure :-1 s=READY pgs=6 cs=0 l=1 rev1=1 crypto rx=0x7fabcc006fd0 tx=0x7fabcc006e40 comp rx=0 tx=0).ready entity=mgr.14100 client_cookie=0 server_cookie=0 in_seq=0 out_seq=0
2024-03-18T00:43:05.111 INFO:teuthology.orchestra.run.smithi162.stdout:/usr/bin/ceph: stderr
2024-03-18T00:43:04.238+0000 7fabd67fc700 1 -- 172.21.15.162:0/2236306498 <== mon.0 v2:172.21.15.162:3300/0 6 ==== mon_command_ack([{"prefix": "get_command_descriptions"}]=0 v0) ==== 72+0+186149 (secure 0 0 0) 0x7fabd0023e00 con 0x7fabd81087f0
2024-03-18T00:43:05.112 INFO:teuthology.orchestra.run.smithi162.stdout:/usr/bin/ceph: stderr
2024-03-18T00:43:04.511+0000 7fabdf293700 1 -- 172.21.15.162:0/2236306498 --> [v2:172.21.15.162:3300/0,v1:172.21.15.162:6789/0] -- mon_command({"prefix": "status", "format": "json-pretty"} v 0) -- 0x7fabd819f1d0 con 0x7fabd81087f0
2024-03-18T00:43:05.112 INFO:teuthology.orchestra.run.smithi162.stdout:/usr/bin/ceph: stderr
2024-03-18T00:43:04.512+0000 7fabd67fc700 1 -- 172.21.15.162:0/2236306498 <== mon.0 v2:172.21.15.162:3300/0 7 ==== mon_command_ack([{"prefix": "status", "format": "json-pretty"}]=0 v0) ==== 79+0+1239 (secure 0 0 0) 0x7fabd819f1d0 con 0x7fabd81087f0
2024-03-18T00:43:05.112 INFO:teuthology.orchestra.run.smithi162.stdout:/usr/bin/ceph: stderr
2024-03-18T00:43:04.514+0000 7fabdf293700 1 -- 172.21.15.162:0/2236306498 >> [v2:172.21.15.162:6800/3643480882,v1:172.21.15.162:6801/3643480882] conn(0x7fabc0038ed0 msgr2=0x7fabc003b390 secure :-1 s=STATE_CONNECTION_ESTABLISHED l=1).mark_down
2024-03-18T00:43:05.112 INFO:teuthology.orchestra.run.smithi162.stdout:/usr/bin/ceph: stderr
2024-03-18T00:43:04.514+0000 7fabdf293700 1 --2- 172.21.15.162:0/2236306498 >> [v2:172.21.15.162:6800/3643480882,v1:172.21.15.162:6801/3643480882] conn(0x7fabc0038ed0 0x7fabc003b390 secure :-1 s=READY pgs=6 cs=0 l=1 rev1=1 crypto rx=0x7fabcc006fd0 tx=0x7fabcc006e40 comp rx=0 tx=0).stop
2024-03-18T00:43:05.112 INFO:teuthology.orchestra.run.smithi162.stdout:/usr/bin/ceph: stderr
2024-03-18T00:43:04.514+0000 7fabdf293700 1 -- 172.21.15.162:0/2236306498 >> [v2:172.21.15.162:3300/0,v1:172.21.15.162:6789/0] conn(0x7fabd81087f0 msgr2=0x7fabd819bb40 secure :-1 s=STATE_CONNECTION_ESTABLISHED l=1).mark_down
2024-03-18T00:43:05.112 INFO:teuthology.orchestra.run.smithi162.stdout:/usr/bin/ceph: stderr
2024-03-18T00:43:04.514+0000 7fabdf293700 1 --2- 172.21.15.162:0/2236306498 >> [v2:172.21.15.162:3300/0,v1:172.21.15.162:6789/0] conn(0x7fabd81087f0 0x7fabd819bb40 secure :-1 s=READY pgs=19 cs=0 l=1 rev1=1 crypto rx=0x7fabd0006af0 tx=0x7fabd0011b70 comp rx=0 tx=0).stop
2024-03-18T00:43:05.112 INFO:teuthology.orchestra.run.smithi162.stdout:/usr/bin/ceph: stderr
2024-03-18T00:43:04.514+0000 7fabdf293700 1 -- 172.21.15.162:0/2236306498 shutdown_connections
2024-03-18T00:43:05.112 INFO:teuthology.orchestra.run.smithi162.stdout:/usr/bin/ceph: stderr
2024-03-18T00:43:04.514+0000 7fabdf293700 1 --2- 172.21.15.162:0/2236306498 >> [v2:172.21.15.162:6800/3643480882,v1:172.21.15.162:6801/3643480882] conn(0x7fabc0038ed0 0x7fabc003b390 unknown :-1 s=CLOSED pgs=6 cs=0 l=1 rev1=1 crypto rx=0 tx=0 comp rx=0 tx=0).stop
2024-03-18T00:43:05.112 INFO:teuthology.orchestra.run.smithi162.stdout:/usr/bin/ceph: stderr
2024-03-18T00:43:04.514+0000 7fabdf293700 1 --2- 172.21.15.162:0/2236306498 >> [v2:172.21.15.162:3300/0,v1:172.21.15.162:6789/0] conn(0x7fabd81087f0 0x7fabd819bb40 unknown :-1 s=CLOSED pgs=19 cs=0 l=1 rev1=1 crypto rx=0 tx=0 comp rx=0 tx=0).stop
2024-03-18T00:43:05.112 INFO:teuthology.orchestra.run.smithi162.stdout:/usr/bin/ceph: stderr
2024-03-18T00:43:04.514+0000 7fabdf293700 1 -- 172.21.15.162:0/2236306498 >> 172.21.15.162:0/2236306498 conn(0x7fabd8102220 msgr2=0x7fabd8102dd0 unknown :-1 s=STATE_NONE l=0).mark_down
2024-03-18T00:43:05.112 INFO:teuthology.orchestra.run.smithi162.stdout:/usr/bin/ceph: stderr
2024-03-18T00:43:04.514+0000 7fabdf293700 1 -- 172.21.15.162:0/2236306498 shutdown_connections
2024-03-18T00:43:05.113 INFO:teuthology.orchestra.run.smithi162.stdout:/usr/bin/ceph: stderr
2024-03-18T00:43:04.514+0000 7fabdf293700 1 -- 172.21.15.162:0/2236306498 wait complete.
2024-03-18T00:43:05.113 INFO:teuthology.orchestra.run.smithi162.stdout:mgr is available
2024-03-18T00:43:05.114 INFO:journalctl@ceph.mon.a.smithi162.stdout:Mar 18 00:43:04 smithi162 ceph-mon[32185]: from='client.? 172.21.15.162:0/2236306498' entity='client.admin' cmd=[{"prefix": "status", "format": "json-pretty"}]: dispatch
2024-03-18T00:43:06.115 INFO:journalctl@ceph.mon.a.smithi162.stdout:Mar 18 00:43:05 smithi162 ceph-mon[32185]: from='client.? 172.21.15.162:0/1704629912' entity='client.admin' cmd=[{"prefix": "config assimilate-conf"}]: dispatch
2024-03-18T00:43:06.304 INFO:teuthology.orchestra.run.smithi162.stdout:/usr/bin/ceph: stdout
2024-03-18T00:43:06.304 INFO:teuthology.orchestra.run.smithi162.stdout:/usr/bin/ceph: stdout [global]
2024-03-18T00:43:06.304 INFO:teuthology.orchestra.run.smithi162.stdout:/usr/bin/ceph: stdout fsid = 1b79961c-e4c0-11ee-95c9-87774f69a715
2024-03-18T00:43:06.304 INFO:teuthology.orchestra.run.smithi162.stdout:/usr/bin/ceph: stdout mon_osd_allow_pg_remap = true
2024-03-18T00:43:06.304 INFO:teuthology.orchestra.run.smithi162.stdout:/usr/bin/ceph: stdout mon_osd_allow_primary_affinity = true
2024-03-18T00:43:06.304 INFO:teuthology.orchestra.run.smithi162.stdout:/usr/bin/ceph: stdout mon_warn_on_no_sortbitwise = false
2024-03-18T00:43:06.305 INFO:teuthology.orchestra.run.smithi162.stdout:/usr/bin/ceph: stdout osd_crush_chooseleaf_type = 0
2024-03-18T00:43:06.305 INFO:teuthology.orchestra.run.smithi162.stdout:/usr/bin/ceph: stdout
2024-03-18T00:43:06.305 INFO:teuthology.orchestra.run.smithi162.stdout:/usr/bin/ceph: stdout [mgr]
2024-03-18T00:43:06.305 INFO:teuthology.orchestra.run.smithi162.stdout:/usr/bin/ceph: stdout mgr/telemetry/nag = false
2024-03-18T00:43:06.305 INFO:teuthology.orchestra.run.smithi162.stdout:/usr/bin/ceph: stdout
2024-03-18T00:43:06.305 INFO:teuthology.orchestra.run.smithi162.stdout:/usr/bin/ceph: stdout [osd]
2024-03-18T00:43:06.305 INFO:teuthology.orchestra.run.smithi162.stdout:/usr/bin/ceph: stdout bdev_async_discard = True
2024-03-18T00:43:06.305 INFO:teuthology.orchestra.run.smithi162.stdout:/usr/bin/ceph: stdout mon_osd_backfillfull_ratio = 0.85
2024-03-18T00:43:06.305 INFO:teuthology.orchestra.run.smithi162.stdout:/usr/bin/ceph: stdout mon_osd_full_ratio = 0.9
2024-03-18T00:43:06.305 INFO:teuthology.orchestra.run.smithi162.stdout:/usr/bin/ceph: stdout mon_osd_nearfull_ratio = 0.8
2024-03-18T00:43:06.305 INFO:teuthology.orchestra.run.smithi162.stdout:/usr/bin/ceph: stdout osd_map_max_advance = 10
2024-03-18T00:43:06.305 INFO:teuthology.orchestra.run.smithi162.stdout:/usr/bin/ceph: stdout osd_sloppy_crc = true
2024-03-18T00:43:06.305 INFO:teuthology.orchestra.run.smithi162.stdout:/usr/bin/ceph: stderr
2024-03-18T00:43:05.508+0000 7feb1783c700 1 Processor -- start
2024-03-18T00:43:06.306 INFO:teuthology.orchestra.run.smithi162.stdout:/usr/bin/ceph: stderr
2024-03-18T00:43:05.508+0000 7feb1783c700 1 -- start start
2024-03-18T00:43:06.306 INFO:teuthology.orchestra.run.smithi162.stdout:/usr/bin/ceph: stderr
2024-03-18T00:43:05.508+0000 7feb1783c700 1 --2- >> [v2:172.21.15.162:3300/0,v1:172.21.15.162:6789/0] conn(0x7feb10108850 0x7feb1010ac40 unknown :-1 s=NONE pgs=0 cs=0 l=0 rev1=0 crypto rx=0 tx=0 comp rx=0 tx=0).connect
2024-03-18T00:43:06.306 INFO:teuthology.orchestra.run.smithi162.stdout:/usr/bin/ceph: stderr
2024-03-18T00:43:05.508+0000 7feb1783c700 1 -- --> [v2:172.21.15.162:3300/0,v1:172.21.15.162:6789/0] -- mon_getmap magic: 0 -- 0x7feb1007bd70 con 0x7feb10108850
2024-03-18T00:43:06.306 INFO:teuthology.orchestra.run.smithi162.stdout:/usr/bin/ceph: stderr
2024-03-18T00:43:05.508+0000 7feb155d8700 1 --2- >> [v2:172.21.15.162:3300/0,v1:172.21.15.162:6789/0] conn(0x7feb10108850 0x7feb1010ac40 unknown :-1 s=BANNER_CONNECTING pgs=0 cs=0 l=0 rev1=0 crypto rx=0 tx=0 comp rx=0 tx=0)._handle_peer_banner_payload supported=3 required=0
2024-03-18T00:43:06.306 INFO:teuthology.orchestra.run.smithi162.stdout:/usr/bin/ceph: stderr
2024-03-18T00:43:05.508+0000 7feb155d8700 1 --2- >> [v2:172.21.15.162:3300/0,v1:172.21.15.162:6789/0] conn(0x7feb10108850 0x7feb1010ac40 unknown :-1 s=HELLO_CONNECTING pgs=0 cs=0 l=0 rev1=1 crypto rx=0 tx=0 comp rx=0 tx=0).handle_hello peer v2:172.21.15.162:3300/0 says I am v2:172.21.15.162:37382/0 (socket says 172.21.15.162:37382)
2024-03-18T00:43:06.306 INFO:teuthology.orchestra.run.smithi162.stdout:/usr/bin/ceph: stderr
2024-03-18T00:43:05.508+0000 7feb155d8700 1 -- 172.21.15.162:0/337362431 learned_addr learned my addr 172.21.15.162:0/337362431 (peer_addr_for_me v2:172.21.15.162:0/0)
2024-03-18T00:43:06.306 INFO:teuthology.orchestra.run.smithi162.stdout:/usr/bin/ceph: stderr
2024-03-18T00:43:05.508+0000 7feb155d8700 1 -- 172.21.15.162:0/337362431 --> [v2:172.21.15.162:3300/0,v1:172.21.15.162:6789/0] -- mon_subscribe({config=0+,monmap=0+}) -- 0x7feb1010b180 con 0x7feb10108850
2024-03-18T00:43:06.306 INFO:teuthology.orchestra.run.smithi162.stdout:/usr/bin/ceph: stderr
2024-03-18T00:43:05.509+0000 7feb155d8700 1 --2- 172.21.15.162:0/337362431 >> [v2:172.21.15.162:3300/0,v1:172.21.15.162:6789/0] conn(0x7feb10108850 0x7feb1010ac40 secure :-1 s=READY pgs=20 cs=0 l=1 rev1=1 crypto rx=0x7feb0c0098a0 tx=0x7feb0c009bb0 comp rx=0 tx=0).ready entity=mon.0 client_cookie=2c285af0ea344d42 server_cookie=0 in_seq=0 out_seq=0
2024-03-18T00:43:06.306 INFO:teuthology.orchestra.run.smithi162.stdout:/usr/bin/ceph: stderr
2024-03-18T00:43:05.509+0000 7feb07fff700 1 -- 172.21.15.162:0/337362431 <== mon.0 v2:172.21.15.162:3300/0 1 ==== mon_map magic: 0 ==== 205+0+0 (secure 0 0 0) 0x7feb0c004160 con 0x7feb10108850
2024-03-18T00:43:06.306 INFO:teuthology.orchestra.run.smithi162.stdout:/usr/bin/ceph: stderr
2024-03-18T00:43:05.509+0000 7feb07fff700 1 -- 172.21.15.162:0/337362431 <== mon.0 v2:172.21.15.162:3300/0 2 ==== config(26 keys) ==== 1071+0+0 (secure 0 0 0) 0x7feb0c004300 con 0x7feb10108850
2024-03-18T00:43:06.306 INFO:teuthology.orchestra.run.smithi162.stdout:/usr/bin/ceph: stderr
2024-03-18T00:43:05.509+0000 7feb07fff700 1 -- 172.21.15.162:0/337362431 <== mon.0 v2:172.21.15.162:3300/0 3 ==== mon_map magic: 0 ==== 205+0+0 (secure 0 0 0) 0x7feb0c011a80 con 0x7feb10108850
2024-03-18T00:43:06.306 INFO:teuthology.orchestra.run.smithi162.stdout:/usr/bin/ceph: stderr
2024-03-18T00:43:05.509+0000 7feb1783c700 1 -- 172.21.15.162:0/337362431 >> [v2:172.21.15.162:3300/0,v1:172.21.15.162:6789/0] conn(0x7feb10108850 msgr2=0x7feb1010ac40 secure :-1 s=STATE_CONNECTION_ESTABLISHED l=1).mark_down
2024-03-18T00:43:06.306 INFO:teuthology.orchestra.run.smithi162.stdout:/usr/bin/ceph: stderr
2024-03-18T00:43:05.509+0000 7feb1783c700 1 --2- 172.21.15.162:0/337362431 >> [v2:172.21.15.162:3300/0,v1:172.21.15.162:6789/0] conn(0x7feb10108850 0x7feb1010ac40 secure :-1 s=READY pgs=20 cs=0 l=1 rev1=1 crypto rx=0x7feb0c0098a0 tx=0x7feb0c009bb0 comp rx=0 tx=0).stop
2024-03-18T00:43:06.306 INFO:teuthology.orchestra.run.smithi162.stdout:/usr/bin/ceph: stderr
2024-03-18T00:43:05.509+0000 7feb1783c700 1 -- 172.21.15.162:0/337362431 shutdown_connections
2024-03-18T00:43:06.307 INFO:teuthology.orchestra.run.smithi162.stdout:/usr/bin/ceph: stderr
2024-03-18T00:43:05.509+0000 7feb1783c700 1 --2- 172.21.15.162:0/337362431 >> [v2:172.21.15.162:3300/0,v1:172.21.15.162:6789/0] conn(0x7feb10108850 0x7feb1010ac40 unknown :-1 s=CLOSED pgs=20 cs=0 l=1 rev1=1 crypto rx=0 tx=0 comp rx=0 tx=0).stop
2024-03-18T00:43:06.307 INFO:teuthology.orchestra.run.smithi162.stdout:/usr/bin/ceph: stderr
2024-03-18T00:43:05.509+0000 7feb1783c700 1 -- 172.21.15.162:0/337362431 >> 172.21.15.162:0/337362431 conn(0x7feb10102220 msgr2=0x7feb10104640 unknown :-1 s=STATE_NONE l=0).mark_down
2024-03-18T00:43:06.307 INFO:teuthology.orchestra.run.smithi162.stdout:/usr/bin/ceph: stderr
2024-03-18T00:43:05.509+0000 7feb1783c700 1 -- 172.21.15.162:0/337362431 shutdown_connections
2024-03-18T00:43:06.307 INFO:teuthology.orchestra.run.smithi162.stdout:/usr/bin/ceph: stderr
2024-03-18T00:43:05.509+0000 7feb1783c700 1 -- 172.21.15.162:0/337362431 wait complete.
2024-03-18T00:43:06.307 INFO:teuthology.orchestra.run.smithi162.stdout:/usr/bin/ceph: stderr
2024-03-18T00:43:05.510+0000 7feb1783c700 1 Processor -- start
2024-03-18T00:43:06.307 INFO:teuthology.orchestra.run.smithi162.stdout:/usr/bin/ceph: stderr
2024-03-18T00:43:05.510+0000 7feb1783c700 1 -- start start
2024-03-18T00:43:06.307 INFO:teuthology.orchestra.run.smithi162.stdout:/usr/bin/ceph: stderr
2024-03-18T00:43:05.510+0000 7feb1783c700 1 --2- >> [v2:172.21.15.162:3300/0,v1:172.21.15.162:6789/0] conn(0x7feb10108850 0x7feb1019bb00 unknown :-1 s=NONE pgs=0 cs=0 l=1 rev1=0 crypto rx=0 tx=0 comp rx=0 tx=0).connect
2024-03-18T00:43:06.307 INFO:teuthology.orchestra.run.smithi162.stdout:/usr/bin/ceph: stderr
2024-03-18T00:43:05.510+0000 7feb1783c700 1 -- --> [v2:172.21.15.162:3300/0,v1:172.21.15.162:6789/0] -- mon_getmap magic: 0 -- 0x7feb1010bfb0 con 0x7feb10108850
2024-03-18T00:43:06.307 INFO:teuthology.orchestra.run.smithi162.stdout:/usr/bin/ceph: stderr
2024-03-18T00:43:05.510+0000 7feb155d8700 1 --2- >> [v2:172.21.15.162:3300/0,v1:172.21.15.162:6789/0] conn(0x7feb10108850 0x7feb1019bb00 unknown :-1 s=BANNER_CONNECTING pgs=0 cs=0 l=1 rev1=0 crypto rx=0 tx=0 comp rx=0 tx=0)._handle_peer_banner_payload supported=3 required=0
2024-03-18T00:43:06.307 INFO:teuthology.orchestra.run.smithi162.stdout:/usr/bin/ceph: stderr
2024-03-18T00:43:05.511+0000 7feb155d8700 1 --2- >> [v2:172.21.15.162:3300/0,v1:172.21.15.162:6789/0] conn(0x7feb10108850 0x7feb1019bb00 unknown :-1 s=HELLO_CONNECTING pgs=0 cs=0 l=1 rev1=1 crypto rx=0 tx=0 comp rx=0 tx=0).handle_hello peer v2:172.21.15.162:3300/0 says I am v2:172.21.15.162:37388/0 (socket says 172.21.15.162:37388)
2024-03-18T00:43:06.307 INFO:teuthology.orchestra.run.smithi162.stdout:/usr/bin/ceph: stderr
2024-03-18T00:43:05.511+0000 7feb155d8700 1 -- 172.21.15.162:0/1704629912 learned_addr learned my addr 172.21.15.162:0/1704629912 (peer_addr_for_me v2:172.21.15.162:0/0)
2024-03-18T00:43:06.307 INFO:teuthology.orchestra.run.smithi162.stdout:/usr/bin/ceph: stderr
2024-03-18T00:43:05.511+0000 7feb155d8700 1 -- 172.21.15.162:0/1704629912 --> [v2:172.21.15.162:3300/0,v1:172.21.15.162:6789/0] -- mon_subscribe({config=0+,monmap=0+}) -- 0x7feb1019c040 con 0x7feb10108850
2024-03-18T00:43:06.307 INFO:teuthology.orchestra.run.smithi162.stdout:/usr/bin/ceph: stderr
2024-03-18T00:43:05.511+0000 7feb155d8700 1 --2- 172.21.15.162:0/1704629912 >> [v2:172.21.15.162:3300/0,v1:172.21.15.162:6789/0] conn(0x7feb10108850 0x7feb1019bb00 secure :-1 s=READY pgs=21 cs=0 l=1 rev1=1 crypto rx=0x7feb0c011a50 tx=0x7feb0c004290 comp rx=0 tx=0).ready entity=mon.0 client_cookie=0 server_cookie=0 in_seq=0 out_seq=0
2024-03-18T00:43:06.307 INFO:teuthology.orchestra.run.smithi162.stdout:/usr/bin/ceph: stderr
2024-03-18T00:43:05.511+0000 7feb067fc700 1 -- 172.21.15.162:0/1704629912 <== mon.0 v2:172.21.15.162:3300/0 1 ==== mon_map magic: 0 ==== 205+0+0 (secure 0 0 0) 0x7feb0c0039f0 con 0x7feb10108850
2024-03-18T00:43:06.308 INFO:teuthology.orchestra.run.smithi162.stdout:/usr/bin/ceph: stderr
2024-03-18T00:43:05.511+0000 7feb067fc700 1 -- 172.21.15.162:0/1704629912 <== mon.0 v2:172.21.15.162:3300/0 2 ==== config(26 keys) ==== 1071+0+0 (secure 0 0 0) 0x7feb0c003b90 con 0x7feb10108850
2024-03-18T00:43:06.308 INFO:teuthology.orchestra.run.smithi162.stdout:/usr/bin/ceph: stderr
2024-03-18T00:43:05.511+0000 7feb1783c700 1 -- 172.21.15.162:0/1704629912 --> [v2:172.21.15.162:3300/0,v1:172.21.15.162:6789/0] -- mon_subscribe({mgrmap=0+}) -- 0x7feb1019c2d0 con 0x7feb10108850
2024-03-18T00:43:06.308 INFO:teuthology.orchestra.run.smithi162.stdout:/usr/bin/ceph: stderr
2024-03-18T00:43:05.511+0000 7feb067fc700 1 -- 172.21.15.162:0/1704629912 <== mon.0 v2:172.21.15.162:3300/0 3 ==== mon_map magic: 0 ==== 205+0+0 (secure 0 0 0) 0x7feb0c01a600 con 0x7feb10108850
2024-03-18T00:43:06.308 INFO:teuthology.orchestra.run.smithi162.stdout:/usr/bin/ceph: stderr
2024-03-18T00:43:05.511+0000 7feb1783c700 1 -- 172.21.15.162:0/1704629912 --> [v2:172.21.15.162:3300/0,v1:172.21.15.162:6789/0] -- mon_subscribe({osdmap=0}) -- 0x7feb1019efc0 con 0x7feb10108850
2024-03-18T00:43:06.308 INFO:teuthology.orchestra.run.smithi162.stdout:/usr/bin/ceph: stderr
2024-03-18T00:43:05.512+0000 7feb067fc700 1 -- 172.21.15.162:0/1704629912 <== mon.0 v2:172.21.15.162:3300/0 4 ==== mgrmap(e 4) ==== 46095+0+0 (secure 0 0 0) 0x7feb0c01a8d0 con 0x7feb10108850
2024-03-18T00:43:06.308 INFO:teuthology.orchestra.run.smithi162.stdout:/usr/bin/ceph: stderr
2024-03-18T00:43:05.512+0000 7feb067fc700 1 --2- 172.21.15.162:0/1704629912 >> [v2:172.21.15.162:6800/3643480882,v1:172.21.15.162:6801/3643480882] conn(0x7feafc038f20 0x7feafc03b3e0 unknown :-1 s=NONE pgs=0 cs=0 l=1 rev1=0 crypto rx=0 tx=0 comp rx=0 tx=0).connect
2024-03-18T00:43:06.308 INFO:teuthology.orchestra.run.smithi162.stdout:/usr/bin/ceph: stderr
2024-03-18T00:43:05.512+0000 7feb067fc700 1 -- 172.21.15.162:0/1704629912 <== mon.0 v2:172.21.15.162:3300/0 5 ==== osd_map(1..1 src has 1..1) ==== 725+0+0 (secure 0 0 0) 0x7feb0c04d160 con 0x7feb10108850
2024-03-18T00:43:06.308 INFO:teuthology.orchestra.run.smithi162.stdout:/usr/bin/ceph: stderr
2024-03-18T00:43:05.512+0000 7feb14dd7700 1 --2- 172.21.15.162:0/1704629912 >> [v2:172.21.15.162:6800/3643480882,v1:172.21.15.162:6801/3643480882] conn(0x7feafc038f20 0x7feafc03b3e0 unknown :-1 s=BANNER_CONNECTING pgs=0 cs=0 l=1 rev1=0 crypto rx=0 tx=0 comp rx=0 tx=0)._handle_peer_banner_payload supported=3 required=0
2024-03-18T00:43:06.308 INFO:teuthology.orchestra.run.smithi162.stdout:/usr/bin/ceph: stderr
2024-03-18T00:43:05.512+0000 7feb1783c700 1 -- 172.21.15.162:0/1704629912 --> [v2:172.21.15.162:3300/0,v1:172.21.15.162:6789/0] -- mon_command({"prefix": "get_command_descriptions"} v 0) -- 0x7feb10063900 con 0x7feb10108850
2024-03-18T00:43:06.308 INFO:teuthology.orchestra.run.smithi162.stdout:/usr/bin/ceph: stderr
2024-03-18T00:43:05.513+0000 7feb14dd7700 1 --2- 172.21.15.162:0/1704629912 >> [v2:172.21.15.162:6800/3643480882,v1:172.21.15.162:6801/3643480882] conn(0x7feafc038f20 0x7feafc03b3e0 secure :-1 s=READY pgs=7 cs=0 l=1 rev1=1 crypto rx=0x7feb00006fd0 tx=0x7feb00006e40 comp rx=0 tx=0).ready entity=mgr.14100 client_cookie=0 server_cookie=0 in_seq=0 out_seq=0
2024-03-18T00:43:06.308 INFO:teuthology.orchestra.run.smithi162.stdout:/usr/bin/ceph: stderr
2024-03-18T00:43:05.517+0000 7feb067fc700 1 -- 172.21.15.162:0/1704629912 <== mon.0 v2:172.21.15.162:3300/0 6 ==== mon_command_ack([{"prefix": "get_command_descriptions"}]=0 v0) ==== 72+0+186149 (secure 0 0 0) 0x7feb0c02a2a0 con 0x7feb10108850
2024-03-18T00:43:06.308 INFO:teuthology.orchestra.run.smithi162.stdout:/usr/bin/ceph: stderr
2024-03-18T00:43:05.709+0000 7feb1783c700 1 -- 172.21.15.162:0/1704629912 --> [v2:172.21.15.162:3300/0,v1:172.21.15.162:6789/0] -- mon_command({"prefix": "config assimilate-conf"} v 0) -- 0x7feb1019f190 con 0x7feb10108850
2024-03-18T00:43:06.308 INFO:teuthology.orchestra.run.smithi162.stdout:/usr/bin/ceph: stderr
2024-03-18T00:43:05.710+0000 7feb067fc700 1 -- 172.21.15.162:0/1704629912 <== mon.0 v2:172.21.15.162:3300/0 7 ==== mon_command_ack([{"prefix": "config assimilate-conf"}]=0 v3) ==== 70+0+400 (secure 0 0 0) 0x7feb0c032030 con 0x7feb10108850
2024-03-18T00:43:06.308 INFO:teuthology.orchestra.run.smithi162.stdout:/usr/bin/ceph: stderr
2024-03-18T00:43:05.712+0000 7feb1783c700 1 -- 172.21.15.162:0/1704629912 >> [v2:172.21.15.162:6800/3643480882,v1:172.21.15.162:6801/3643480882] conn(0x7feafc038f20 msgr2=0x7feafc03b3e0 secure :-1 s=STATE_CONNECTION_ESTABLISHED l=1).mark_down
2024-03-18T00:43:06.309 INFO:teuthology.orchestra.run.smithi162.stdout:/usr/bin/ceph: stderr
2024-03-18T00:43:05.712+0000 7feb1783c700 1 --2- 172.21.15.162:0/1704629912 >> [v2:172.21.15.162:6800/3643480882,v1:172.21.15.162:6801/3643480882] conn(0x7feafc038f20 0x7feafc03b3e0 secure :-1 s=READY pgs=7 cs=0 l=1 rev1=1 crypto rx=0x7feb00006fd0 tx=0x7feb00006e40 comp rx=0 tx=0).stop
2024-03-18T00:43:06.309 INFO:teuthology.orchestra.run.smithi162.stdout:/usr/bin/ceph: stderr
2024-03-18T00:43:05.712+0000 7feb1783c700 1 -- 172.21.15.162:0/1704629912 >> [v2:172.21.15.162:3300/0,v1:172.21.15.162:6789/0] conn(0x7feb10108850 msgr2=0x7feb1019bb00 secure :-1 s=STATE_CONNECTION_ESTABLISHED l=1).mark_down
2024-03-18T00:43:06.309 INFO:teuthology.orchestra.run.smithi162.stdout:/usr/bin/ceph: stderr
2024-03-18T00:43:05.712+0000 7feb1783c700 1 --2- 172.21.15.162:0/1704629912 >> [v2:172.21.15.162:3300/0,v1:172.21.15.162:6789/0] conn(0x7feb10108850 0x7feb1019bb00 secure :-1 s=READY pgs=21 cs=0 l=1 rev1=1 crypto rx=0x7feb0c011a50 tx=0x7feb0c004290 comp rx=0 tx=0).stop
2024-03-18T00:43:06.309 INFO:teuthology.orchestra.run.smithi162.stdout:/usr/bin/ceph: stderr
2024-03-18T00:43:05.713+0000 7feb1783c700 1 -- 172.21.15.162:0/1704629912 shutdown_connections
2024-03-18T00:43:06.309 INFO:teuthology.orchestra.run.smithi162.stdout:/usr/bin/ceph: stderr
2024-03-18T00:43:05.713+0000 7feb1783c700 1 --2- 172.21.15.162:0/1704629912 >> [v2:172.21.15.162:6800/3643480882,v1:172.21.15.162:6801/3643480882] conn(0x7feafc038f20 0x7feafc03b3e0 unknown :-1 s=CLOSED pgs=7 cs=0 l=1 rev1=1 crypto rx=0 tx=0 comp rx=0 tx=0).stop
2024-03-18T00:43:06.309 INFO:teuthology.orchestra.run.smithi162.stdout:/usr/bin/ceph: stderr
2024-03-18T00:43:05.713+0000 7feb1783c700 1 --2- 172.21.15.162:0/1704629912 >> [v2:172.21.15.162:3300/0,v1:172.21.15.162:6789/0] conn(0x7feb10108850 0x7feb1019bb00 unknown :-1 s=CLOSED pgs=21 cs=0 l=1 rev1=1 crypto rx=0 tx=0 comp rx=0 tx=0).stop
2024-03-18T00:43:06.309 INFO:teuthology.orchestra.run.smithi162.stdout:/usr/bin/ceph: stderr
2024-03-18T00:43:05.713+0000 7feb1783c700 1 -- 172.21.15.162:0/1704629912 >> 172.21.15.162:0/1704629912 conn(0x7feb10102220 msgr2=0x7feb10102e20 unknown :-1 s=STATE_NONE l=0).mark_down
2024-03-18T00:43:06.309 INFO:teuthology.orchestra.run.smithi162.stdout:/usr/bin/ceph: stderr
2024-03-18T00:43:05.713+0000 7feb1783c700 1 -- 172.21.15.162:0/1704629912 shutdown_connections
2024-03-18T00:43:06.309 INFO:teuthology.orchestra.run.smithi162.stdout:/usr/bin/ceph: stderr
2024-03-18T00:43:05.713+0000 7feb1783c700 1 -- 172.21.15.162:0/1704629912 wait complete.
2024-03-18T00:43:06.309 INFO:teuthology.orchestra.run.smithi162.stdout:Enabling cephadm module...
2024-03-18T00:43:07.365 INFO:journalctl@ceph.mon.a.smithi162.stdout:Mar 18 00:43:07 smithi162 ceph-mon[32185]: from='client.? 172.21.15.162:0/1197715422' entity='client.admin' cmd=[{"prefix": "mgr module enable", "module": "cephadm"}]: dispatch
2024-03-18T00:43:07.365 INFO:journalctl@ceph.mgr.x.smithi162.stdout:Mar 18 00:43:07 smithi162 ceph-1b79961c-e4c0-11ee-95c9-87774f69a715-mgr-x[32414]: ignoring --setuser ceph since I am not root
2024-03-18T00:43:07.365 INFO:journalctl@ceph.mgr.x.smithi162.stdout:Mar 18 00:43:07 smithi162 ceph-1b79961c-e4c0-11ee-95c9-87774f69a715-mgr-x[32414]: ignoring --setgroup ceph since I am not root
2024-03-18T00:43:07.660 INFO:journalctl@ceph.mgr.x.smithi162.stdout:Mar 18 00:43:07 smithi162 ceph-1b79961c-e4c0-11ee-95c9-87774f69a715-mgr-x[32414]:
2024-03-18T00:43:07.645+0000 7f439bfee200 -1 mgr[py] Module osd_perf_query has missing NOTIFY_TYPES member
2024-03-18T00:43:07.668 INFO:teuthology.orchestra.run.smithi162.stdout:/usr/bin/ceph: stderr
2024-03-18T00:43:06.777+0000 7f1fbd113700 1 Processor -- start
2024-03-18T00:43:07.668 INFO:teuthology.orchestra.run.smithi162.stdout:/usr/bin/ceph: stderr
2024-03-18T00:43:06.777+0000 7f1fbd113700 1 -- start start
2024-03-18T00:43:07.668 INFO:teuthology.orchestra.run.smithi162.stdout:/usr/bin/ceph: stderr
2024-03-18T00:43:06.777+0000 7f1fbd113700 1 --2- >> [v2:172.21.15.162:3300/0,v1:172.21.15.162:6789/0] conn(0x7f1fb8108760 0x7f1fb810ab50 unknown :-1 s=NONE pgs=0 cs=0 l=0 rev1=0 crypto rx=0 tx=0 comp rx=0 tx=0).connect
2024-03-18T00:43:07.668 INFO:teuthology.orchestra.run.smithi162.stdout:/usr/bin/ceph: stderr
2024-03-18T00:43:06.777+0000 7f1fbd113700 1 -- --> [v2:172.21.15.162:3300/0,v1:172.21.15.162:6789/0] -- mon_getmap magic: 0 -- 0x7f1fb807bdf0 con 0x7f1fb8108760
2024-03-18T00:43:07.668 INFO:teuthology.orchestra.run.smithi162.stdout:/usr/bin/ceph: stderr
2024-03-18T00:43:06.778+0000 7f1fb6d9d700 1 --2- >> [v2:172.21.15.162:3300/0,v1:172.21.15.162:6789/0] conn(0x7f1fb8108760 0x7f1fb810ab50 unknown :-1 s=BANNER_CONNECTING pgs=0 cs=0 l=0 rev1=0 crypto rx=0 tx=0 comp rx=0 tx=0)._handle_peer_banner_payload supported=3 required=0
2024-03-18T00:43:07.668 INFO:teuthology.orchestra.run.smithi162.stdout:/usr/bin/ceph: stderr
2024-03-18T00:43:06.778+0000 7f1fb6d9d700 1 --2- >> [v2:172.21.15.162:3300/0,v1:172.21.15.162:6789/0] conn(0x7f1fb8108760 0x7f1fb810ab50 unknown :-1 s=HELLO_CONNECTING pgs=0 cs=0 l=0 rev1=1 crypto rx=0 tx=0 comp rx=0 tx=0).handle_hello peer v2:172.21.15.162:3300/0 says I am v2:172.21.15.162:37394/0 (socket says 172.21.15.162:37394)
2024-03-18T00:43:07.669 INFO:teuthology.orchestra.run.smithi162.stdout:/usr/bin/ceph: stderr
2024-03-18T00:43:06.778+0000 7f1fb6d9d700 1 -- 172.21.15.162:0/2983430579 learned_addr learned my addr 172.21.15.162:0/2983430579 (peer_addr_for_me v2:172.21.15.162:0/0)
2024-03-18T00:43:07.669 INFO:teuthology.orchestra.run.smithi162.stdout:/usr/bin/ceph: stderr
2024-03-18T00:43:06.778+0000 7f1fb6d9d700 1 -- 172.21.15.162:0/2983430579 --> [v2:172.21.15.162:3300/0,v1:172.21.15.162:6789/0] -- mon_subscribe({config=0+,monmap=0+}) -- 0x7f1fb810b090 con 0x7f1fb8108760
2024-03-18T00:43:07.669 INFO:teuthology.orchestra.run.smithi162.stdout:/usr/bin/ceph: stderr
2024-03-18T00:43:06.778+0000 7f1fb6d9d700 1 --2- 172.21.15.162:0/2983430579 >> [v2:172.21.15.162:3300/0,v1:172.21.15.162:6789/0] conn(0x7f1fb8108760 0x7f1fb810ab50 secure :-1 s=READY pgs=22 cs=0 l=1 rev1=1 crypto rx=0x7f1fa80098a0 tx=0x7f1fa8009bb0 comp rx=0 tx=0).ready entity=mon.0 client_cookie=9852da14ed8e30dc server_cookie=0 in_seq=0 out_seq=0
2024-03-18T00:43:07.669 INFO:teuthology.orchestra.run.smithi162.stdout:/usr/bin/ceph: stderr
2024-03-18T00:43:06.778+0000 7f1fb659c700 1 -- 172.21.15.162:0/2983430579 <== mon.0 v2:172.21.15.162:3300/0 1 ==== mon_map magic: 0 ==== 205+0+0 (secure 0 0 0) 0x7f1fa8004160 con 0x7f1fb8108760
2024-03-18T00:43:07.669 INFO:teuthology.orchestra.run.smithi162.stdout:/usr/bin/ceph: stderr
2024-03-18T00:43:06.778+0000 7f1fb659c700 1 -- 172.21.15.162:0/2983430579 <== mon.0 v2:172.21.15.162:3300/0 2 ==== config(26 keys) ==== 1071+0+0 (secure 0 0 0) 0x7f1fa8004300 con 0x7f1fb8108760
2024-03-18T00:43:07.669 INFO:teuthology.orchestra.run.smithi162.stdout:/usr/bin/ceph: stderr
2024-03-18T00:43:06.778+0000 7f1fb659c700 1 -- 172.21.15.162:0/2983430579 <== mon.0 v2:172.21.15.162:3300/0 3 ==== mon_map magic: 0 ==== 205+0+0 (secure 0 0 0) 0x7f1fa8011a80 con 0x7f1fb8108760
2024-03-18T00:43:07.669 INFO:teuthology.orchestra.run.smithi162.stdout:/usr/bin/ceph: stderr
2024-03-18T00:43:06.779+0000 7f1fbd113700 1 -- 172.21.15.162:0/2983430579 >> [v2:172.21.15.162:3300/0,v1:172.21.15.162:6789/0] conn(0x7f1fb8108760 msgr2=0x7f1fb810ab50 secure :-1 s=STATE_CONNECTION_ESTABLISHED l=1).mark_down
2024-03-18T00:43:07.669 INFO:teuthology.orchestra.run.smithi162.stdout:/usr/bin/ceph: stderr
2024-03-18T00:43:06.779+0000 7f1fbd113700 1 --2- 172.21.15.162:0/2983430579 >> [v2:172.21.15.162:3300/0,v1:172.21.15.162:6789/0] conn(0x7f1fb8108760 0x7f1fb810ab50 secure :-1 s=READY pgs=22 cs=0 l=1 rev1=1 crypto rx=0x7f1fa80098a0 tx=0x7f1fa8009bb0 comp rx=0 tx=0).stop
2024-03-18T00:43:07.669 INFO:teuthology.orchestra.run.smithi162.stdout:/usr/bin/ceph: stderr
2024-03-18T00:43:06.779+0000 7f1fbd113700 1 -- 172.21.15.162:0/2983430579 shutdown_connections
2024-03-18T00:43:07.669 INFO:teuthology.orchestra.run.smithi162.stdout:/usr/bin/ceph: stderr
2024-03-18T00:43:06.779+0000 7f1fbd113700 1 --2- 172.21.15.162:0/2983430579 >> [v2:172.21.15.162:3300/0,v1:172.21.15.162:6789/0] conn(0x7f1fb8108760 0x7f1fb810ab50 unknown :-1 s=CLOSED pgs=22 cs=0 l=1 rev1=1 crypto rx=0 tx=0 comp rx=0 tx=0).stop
2024-03-18T00:43:07.669 INFO:teuthology.orchestra.run.smithi162.stdout:/usr/bin/ceph: stderr
2024-03-18T00:43:06.779+0000 7f1fbd113700 1 -- 172.21.15.162:0/2983430579 >> 172.21.15.162:0/2983430579 conn(0x7f1fb8102150 msgr2=0x7f1fb8104590 unknown :-1 s=STATE_NONE l=0).mark_down
2024-03-18T00:43:07.669 INFO:teuthology.orchestra.run.smithi162.stdout:/usr/bin/ceph: stderr
2024-03-18T00:43:06.779+0000 7f1fbd113700 1 -- 172.21.15.162:0/2983430579 shutdown_connections
2024-03-18T00:43:07.669 INFO:teuthology.orchestra.run.smithi162.stdout:/usr/bin/ceph: stderr
2024-03-18T00:43:06.779+0000 7f1fbd113700 1 -- 172.21.15.162:0/2983430579 wait complete.
2024-03-18T00:43:07.669 INFO:teuthology.orchestra.run.smithi162.stdout:/usr/bin/ceph: stderr
2024-03-18T00:43:06.779+0000 7f1fbd113700 1 Processor -- start
2024-03-18T00:43:07.669 INFO:teuthology.orchestra.run.smithi162.stdout:/usr/bin/ceph: stderr
2024-03-18T00:43:06.780+0000 7f1fbd113700 1 -- start start
2024-03-18T00:43:07.670 INFO:teuthology.orchestra.run.smithi162.stdout:/usr/bin/ceph: stderr
2024-03-18T00:43:06.780+0000 7f1fbd113700 1 --2- >> [v2:172.21.15.162:3300/0,v1:172.21.15.162:6789/0] conn(0x7f1fb8108760 0x7f1fb819bb00 unknown :-1 s=NONE pgs=0 cs=0 l=1 rev1=0 crypto rx=0 tx=0 comp rx=0 tx=0).connect
2024-03-18T00:43:07.670 INFO:teuthology.orchestra.run.smithi162.stdout:/usr/bin/ceph: stderr
2024-03-18T00:43:06.780+0000 7f1fbd113700 1 -- --> [v2:172.21.15.162:3300/0,v1:172.21.15.162:6789/0] -- mon_getmap magic: 0 -- 0x7f1fb810bf70 con 0x7f1fb8108760
2024-03-18T00:43:07.670 INFO:teuthology.orchestra.run.smithi162.stdout:/usr/bin/ceph: stderr
2024-03-18T00:43:06.780+0000 7f1fb6d9d700 1 --2- >> [v2:172.21.15.162:3300/0,v1:172.21.15.162:6789/0] conn(0x7f1fb8108760 0x7f1fb819bb00 unknown :-1 s=BANNER_CONNECTING pgs=0 cs=0 l=1 rev1=0 crypto rx=0 tx=0 comp rx=0 tx=0)._handle_peer_banner_payload supported=3 required=0
2024-03-18T00:43:07.670 INFO:teuthology.orchestra.run.smithi162.stdout:/usr/bin/ceph: stderr
2024-03-18T00:43:06.780+0000 7f1fb6d9d700 1 --2- >> [v2:172.21.15.162:3300/0,v1:172.21.15.162:6789/0] conn(0x7f1fb8108760 0x7f1fb819bb00 unknown :-1 s=HELLO_CONNECTING pgs=0 cs=0 l=1 rev1=1 crypto rx=0 tx=0 comp rx=0 tx=0).handle_hello peer v2:172.21.15.162:3300/0 says I am v2:172.21.15.162:37408/0 (socket says 172.21.15.162:37408)
2024-03-18T00:43:07.670 INFO:teuthology.orchestra.run.smithi162.stdout:/usr/bin/ceph: stderr
2024-03-18T00:43:06.780+0000 7f1fb6d9d700 1 -- 172.21.15.162:0/1197715422 learned_addr learned my addr 172.21.15.162:0/1197715422 (peer_addr_for_me v2:172.21.15.162:0/0)
2024-03-18T00:43:07.670 INFO:teuthology.orchestra.run.smithi162.stdout:/usr/bin/ceph: stderr
2024-03-18T00:43:06.780+0000 7f1fb6d9d700 1 -- 172.21.15.162:0/1197715422 --> [v2:172.21.15.162:3300/0,v1:172.21.15.162:6789/0] -- mon_subscribe({config=0+,monmap=0+}) -- 0x7f1fb819c040 con 0x7f1fb8108760
2024-03-18T00:43:07.670 INFO:teuthology.orchestra.run.smithi162.stdout:/usr/bin/ceph: stderr
2024-03-18T00:43:06.780+0000 7f1fb6d9d700 1 --2- 172.21.15.162:0/1197715422 >> [v2:172.21.15.162:3300/0,v1:172.21.15.162:6789/0] conn(0x7f1fb8108760 0x7f1fb819bb00 secure :-1 s=READY pgs=23 cs=0 l=1 rev1=1 crypto rx=0x7f1fa8006af0 tx=0x7f1fa8011b70 comp rx=0 tx=0).ready entity=mon.0 client_cookie=0 server_cookie=0 in_seq=0 out_seq=0
