2024-03-18T00:43:44.083+0000 7efe36ffd700 1 --2- >> [v2:172.21.15.162:3300/0,v1:172.21.15.162:6789/0] conn(0x7efe381087c0 0x7efe38108040 unknown :-1 s=BANNER_CONNECTING pgs=0 cs=0 l=1 rev1=0 crypto rx=0 tx=0 comp rx=0 tx=0)._handle_peer_banner_payload supported=3 required=0
2024-03-18T00:43:45.295 INFO:teuthology.orchestra.run.smithi162.stdout:/usr/bin/ceph: stderr
2024-03-18T00:43:44.083+0000 7efe36ffd700 1 --2- >> [v2:172.21.15.162:3300/0,v1:172.21.15.162:6789/0] conn(0x7efe381087c0 0x7efe38108040 unknown :-1 s=HELLO_CONNECTING pgs=0 cs=0 l=1 rev1=1 crypto rx=0 tx=0 comp rx=0 tx=0).handle_hello peer v2:172.21.15.162:3300/0 says I am v2:172.21.15.162:43046/0 (socket says 172.21.15.162:43046)
2024-03-18T00:43:45.295 INFO:teuthology.orchestra.run.smithi162.stdout:/usr/bin/ceph: stderr
2024-03-18T00:43:44.083+0000 7efe36ffd700 1 -- 172.21.15.162:0/3606437254 learned_addr learned my addr 172.21.15.162:0/3606437254 (peer_addr_for_me v2:172.21.15.162:0/0)
2024-03-18T00:43:45.295 INFO:teuthology.orchestra.run.smithi162.stdout:/usr/bin/ceph: stderr
2024-03-18T00:43:44.083+0000 7efe36ffd700 1 -- 172.21.15.162:0/3606437254 --> [v2:172.21.15.162:3300/0,v1:172.21.15.162:6789/0] -- mon_subscribe({config=0+,monmap=0+}) -- 0x7efe38108580 con 0x7efe381087c0
2024-03-18T00:43:45.295 INFO:teuthology.orchestra.run.smithi162.stdout:/usr/bin/ceph: stderr
2024-03-18T00:43:44.083+0000 7efe36ffd700 1 --2- 172.21.15.162:0/3606437254 >> [v2:172.21.15.162:3300/0,v1:172.21.15.162:6789/0] conn(0x7efe381087c0 0x7efe38108040 secure :-1 s=READY pgs=73 cs=0 l=1 rev1=1 crypto rx=0x7efe28011670 tx=0x7efe28011ab0 comp rx=0 tx=0).ready entity=mon.0 client_cookie=0 server_cookie=0 in_seq=0 out_seq=0
2024-03-18T00:43:45.296 INFO:teuthology.orchestra.run.smithi162.stdout:/usr/bin/ceph: stderr
2024-03-18T00:43:44.083+0000 7efe1ffff700 1 -- 172.21.15.162:0/3606437254 <== mon.0 v2:172.21.15.162:3300/0 1 ==== mon_map magic: 0 ==== 205+0+0 (secure 0 0 0) 0x7efe280038b0 con 0x7efe381087c0
2024-03-18T00:43:45.296 INFO:teuthology.orchestra.run.smithi162.stdout:/usr/bin/ceph: stderr
2024-03-18T00:43:44.083+0000 7efe1ffff700 1 -- 172.21.15.162:0/3606437254 <== mon.0 v2:172.21.15.162:3300/0 2 ==== config(26 keys) ==== 1102+0+0 (secure 0 0 0) 0x7efe28003a50 con 0x7efe381087c0
2024-03-18T00:43:45.296 INFO:teuthology.orchestra.run.smithi162.stdout:/usr/bin/ceph: stderr
2024-03-18T00:43:44.083+0000 7efe3d44c700 1 -- 172.21.15.162:0/3606437254 --> [v2:172.21.15.162:3300/0,v1:172.21.15.162:6789/0] -- mon_subscribe({mgrmap=0+}) -- 0x7efe38106770 con 0x7efe381087c0
2024-03-18T00:43:45.296 INFO:teuthology.orchestra.run.smithi162.stdout:/usr/bin/ceph: stderr
2024-03-18T00:43:44.083+0000 7efe1ffff700 1 -- 172.21.15.162:0/3606437254 <== mon.0 v2:172.21.15.162:3300/0 3 ==== mon_map magic: 0 ==== 205+0+0 (secure 0 0 0) 0x7efe280195c0 con 0x7efe381087c0
2024-03-18T00:43:45.296 INFO:teuthology.orchestra.run.smithi162.stdout:/usr/bin/ceph: stderr
2024-03-18T00:43:44.083+0000 7efe3d44c700 1 -- 172.21.15.162:0/3606437254 --> [v2:172.21.15.162:3300/0,v1:172.21.15.162:6789/0] -- mon_subscribe({osdmap=0}) -- 0x7efe38106cb0 con 0x7efe381087c0
2024-03-18T00:43:45.296 INFO:teuthology.orchestra.run.smithi162.stdout:/usr/bin/ceph: stderr
2024-03-18T00:43:44.085+0000 7efe1ffff700 1 -- 172.21.15.162:0/3606437254 <== mon.0 v2:172.21.15.162:3300/0 4 ==== mgrmap(e 12) ==== 46119+0+0 (secure 0 0 0) 0x7efe28019870 con 0x7efe381087c0
2024-03-18T00:43:45.296 INFO:teuthology.orchestra.run.smithi162.stdout:/usr/bin/ceph: stderr
2024-03-18T00:43:44.085+0000 7efe3d44c700 1 -- 172.21.15.162:0/3606437254 --> [v2:172.21.15.162:3300/0,v1:172.21.15.162:6789/0] -- mon_command({"prefix": "get_command_descriptions"} v 0) -- 0x7efe38063900 con 0x7efe381087c0
2024-03-18T00:43:45.296 INFO:teuthology.orchestra.run.smithi162.stdout:/usr/bin/ceph: stderr
2024-03-18T00:43:44.085+0000 7efe1ffff700 1 --2- 172.21.15.162:0/3606437254 >> [v2:172.21.15.162:6800/2370120797,v1:172.21.15.162:6801/2370120797] conn(0x7efe20038f80 0x7efe2003b440 unknown :-1 s=NONE pgs=0 cs=0 l=1 rev1=0 crypto rx=0 tx=0 comp rx=0 tx=0).connect
2024-03-18T00:43:45.296 INFO:teuthology.orchestra.run.smithi162.stdout:/usr/bin/ceph: stderr
2024-03-18T00:43:44.085+0000 7efe1ffff700 1 -- 172.21.15.162:0/3606437254 <== mon.0 v2:172.21.15.162:3300/0 5 ==== osd_map(3..3 src has 1..3) ==== 1155+0+0 (secure 0 0 0) 0x7efe2804d4e0 con 0x7efe381087c0
2024-03-18T00:43:45.296 INFO:teuthology.orchestra.run.smithi162.stdout:/usr/bin/ceph: stderr
2024-03-18T00:43:44.085+0000 7efe367fc700 1 --2- 172.21.15.162:0/3606437254 >> [v2:172.21.15.162:6800/2370120797,v1:172.21.15.162:6801/2370120797] conn(0x7efe20038f80 0x7efe2003b440 unknown :-1 s=BANNER_CONNECTING pgs=0 cs=0 l=1 rev1=0 crypto rx=0 tx=0 comp rx=0 tx=0)._handle_peer_banner_payload supported=3 required=0
2024-03-18T00:43:45.296 INFO:teuthology.orchestra.run.smithi162.stdout:/usr/bin/ceph: stderr
2024-03-18T00:43:44.085+0000 7efe367fc700 1 --2- 172.21.15.162:0/3606437254 >> [v2:172.21.15.162:6800/2370120797,v1:172.21.15.162:6801/2370120797] conn(0x7efe20038f80 0x7efe2003b440 secure :-1 s=READY pgs=8 cs=0 l=1 rev1=1 crypto rx=0x7efe2c006fd0 tx=0x7efe2c006e40 comp rx=0 tx=0).ready entity=mgr.14152 client_cookie=0 server_cookie=0 in_seq=0 out_seq=0
2024-03-18T00:43:45.296 INFO:teuthology.orchestra.run.smithi162.stdout:/usr/bin/ceph: stderr
2024-03-18T00:43:44.090+0000 7efe1ffff700 1 -- 172.21.15.162:0/3606437254 <== mon.0 v2:172.21.15.162:3300/0 6 ==== mon_command_ack([{"prefix": "get_command_descriptions"}]=0 v0) ==== 72+0+186149 (secure 0 0 0) 0x7efe2800bc00 con 0x7efe381087c0
2024-03-18T00:43:45.296 INFO:teuthology.orchestra.run.smithi162.stdout:/usr/bin/ceph: stderr
2024-03-18T00:43:44.303+0000 7efe3d44c700 1 -- 172.21.15.162:0/3606437254 --> [v2:172.21.15.162:6800/2370120797,v1:172.21.15.162:6801/2370120797] -- mgr_command(tid 0: {"prefix": "dashboard ac-user-create", "username": "admin", "rolename": "administrator", "force_password": true, "pwd_update_required": true, "target": ["mon-mgr", ""]}) -- 0x7efe38106f30 con 0x7efe20038f80
2024-03-18T00:43:45.296 INFO:teuthology.orchestra.run.smithi162.stdout:/usr/bin/ceph: stderr
2024-03-18T00:43:44.528+0000 7efe1ffff700 1 -- 172.21.15.162:0/3606437254 <== mgr.14152 v2:172.21.15.162:6800/2370120797 1 ==== mgr_command_reply(tid 0: 0 ) ==== 8+0+252 (secure 0 0 0) 0x7efe38106f30 con 0x7efe20038f80
2024-03-18T00:43:45.296 INFO:teuthology.orchestra.run.smithi162.stdout:/usr/bin/ceph: stderr
2024-03-18T00:43:44.531+0000 7efe3d44c700 1 -- 172.21.15.162:0/3606437254 >> [v2:172.21.15.162:6800/2370120797,v1:172.21.15.162:6801/2370120797] conn(0x7efe20038f80 msgr2=0x7efe2003b440 secure :-1 s=STATE_CONNECTION_ESTABLISHED l=1).mark_down
2024-03-18T00:43:45.296 INFO:teuthology.orchestra.run.smithi162.stdout:/usr/bin/ceph: stderr
2024-03-18T00:43:44.531+0000 7efe3d44c700 1 --2- 172.21.15.162:0/3606437254 >> [v2:172.21.15.162:6800/2370120797,v1:172.21.15.162:6801/2370120797] conn(0x7efe20038f80 0x7efe2003b440 secure :-1 s=READY pgs=8 cs=0 l=1 rev1=1 crypto rx=0x7efe2c006fd0 tx=0x7efe2c006e40 comp rx=0 tx=0).stop
2024-03-18T00:43:45.297 INFO:teuthology.orchestra.run.smithi162.stdout:/usr/bin/ceph: stderr
2024-03-18T00:43:44.531+0000 7efe3d44c700 1 -- 172.21.15.162:0/3606437254 >> [v2:172.21.15.162:3300/0,v1:172.21.15.162:6789/0] conn(0x7efe381087c0 msgr2=0x7efe38108040 secure :-1 s=STATE_CONNECTION_ESTABLISHED l=1).mark_down
2024-03-18T00:43:45.297 INFO:teuthology.orchestra.run.smithi162.stdout:/usr/bin/ceph: stderr
2024-03-18T00:43:44.531+0000 7efe3d44c700 1 --2- 172.21.15.162:0/3606437254 >> [v2:172.21.15.162:3300/0,v1:172.21.15.162:6789/0] conn(0x7efe381087c0 0x7efe38108040 secure :-1 s=READY pgs=73 cs=0 l=1 rev1=1 crypto rx=0x7efe28011670 tx=0x7efe28011ab0 comp rx=0 tx=0).stop
2024-03-18T00:43:45.297 INFO:teuthology.orchestra.run.smithi162.stdout:/usr/bin/ceph: stderr
2024-03-18T00:43:44.531+0000 7efe3d44c700 1 -- 172.21.15.162:0/3606437254 shutdown_connections
2024-03-18T00:43:45.297 INFO:teuthology.orchestra.run.smithi162.stdout:/usr/bin/ceph: stderr
2024-03-18T00:43:44.531+0000 7efe3d44c700 1 --2- 172.21.15.162:0/3606437254 >> [v2:172.21.15.162:6800/2370120797,v1:172.21.15.162:6801/2370120797] conn(0x7efe20038f80 0x7efe2003b440 unknown :-1 s=CLOSED pgs=8 cs=0 l=1 rev1=1 crypto rx=0 tx=0 comp rx=0 tx=0).stop
2024-03-18T00:43:45.297 INFO:teuthology.orchestra.run.smithi162.stdout:/usr/bin/ceph: stderr
2024-03-18T00:43:44.531+0000 7efe3d44c700 1 --2- 172.21.15.162:0/3606437254 >> [v2:172.21.15.162:3300/0,v1:172.21.15.162:6789/0] conn(0x7efe381087c0 0x7efe38108040 unknown :-1 s=CLOSED pgs=73 cs=0 l=1 rev1=1 crypto rx=0 tx=0 comp rx=0 tx=0).stop
2024-03-18T00:43:45.297 INFO:teuthology.orchestra.run.smithi162.stdout:/usr/bin/ceph: stderr
2024-03-18T00:43:44.531+0000 7efe3d44c700 1 -- 172.21.15.162:0/3606437254 >> 172.21.15.162:0/3606437254 conn(0x7efe381021b0 msgr2=0x7efe38102d40 unknown :-1 s=STATE_NONE l=0).mark_down
2024-03-18T00:43:45.297 INFO:teuthology.orchestra.run.smithi162.stdout:/usr/bin/ceph: stderr
2024-03-18T00:43:44.531+0000 7efe3d44c700 1 -- 172.21.15.162:0/3606437254 shutdown_connections
2024-03-18T00:43:45.297 INFO:teuthology.orchestra.run.smithi162.stdout:/usr/bin/ceph: stderr
2024-03-18T00:43:44.531+0000 7efe3d44c700 1 -- 172.21.15.162:0/3606437254 wait complete.
2024-03-18T00:43:45.297 INFO:teuthology.orchestra.run.smithi162.stdout:Fetching dashboard port number...
2024-03-18T00:43:45.865 INFO:journalctl@ceph.mon.a.smithi162.stdout:Mar 18 00:43:45 smithi162 ceph-mon[32185]: from='client.14166 -' entity='client.admin' cmd=[{"prefix": "dashboard ac-user-create", "username": "admin", "rolename": "administrator", "force_password": true, "pwd_update_required": true, "target": ["mon-mgr", ""]}]: dispatch
2024-03-18T00:43:46.864 INFO:journalctl@ceph.mon.a.smithi162.stdout:Mar 18 00:43:46 smithi162 ceph-mon[32185]: from='client.? 172.21.15.162:0/4222738212' entity='client.admin' cmd=[{"prefix": "config get", "who": "mgr", "key": "mgr/dashboard/ssl_server_port"}]: dispatch
2024-03-18T00:43:47.499 INFO:teuthology.orchestra.run.smithi162.stdout:/usr/bin/ceph: stdout 8443
2024-03-18T00:43:47.499 INFO:teuthology.orchestra.run.smithi162.stdout:/usr/bin/ceph: stderr
2024-03-18T00:43:45.683+0000 7f880f753700 1 Processor -- start
2024-03-18T00:43:47.499 INFO:teuthology.orchestra.run.smithi162.stdout:/usr/bin/ceph: stderr
2024-03-18T00:43:45.683+0000 7f880f753700 1 -- start start
2024-03-18T00:43:47.499 INFO:teuthology.orchestra.run.smithi162.stdout:/usr/bin/ceph: stderr
2024-03-18T00:43:45.684+0000 7f880f753700 1 --2- >> [v2:172.21.15.162:3300/0,v1:172.21.15.162:6789/0] conn(0x7f8808107cb0 0x7f88081080d0 unknown :-1 s=NONE pgs=0 cs=0 l=0 rev1=0 crypto rx=0 tx=0 comp rx=0 tx=0).connect
2024-03-18T00:43:47.499 INFO:teuthology.orchestra.run.smithi162.stdout:/usr/bin/ceph: stderr
2024-03-18T00:43:45.684+0000 7f880f753700 1 -- --> [v2:172.21.15.162:3300/0,v1:172.21.15.162:6789/0] -- mon_getmap magic: 0 -- 0x7f88081086a0 con 0x7f8808107cb0
2024-03-18T00:43:47.499 INFO:teuthology.orchestra.run.smithi162.stdout:/usr/bin/ceph: stderr
2024-03-18T00:43:45.684+0000 7f880d4ef700 1 --2- >> [v2:172.21.15.162:3300/0,v1:172.21.15.162:6789/0] conn(0x7f8808107cb0 0x7f88081080d0 unknown :-1 s=BANNER_CONNECTING pgs=0 cs=0 l=0 rev1=0 crypto rx=0 tx=0 comp rx=0 tx=0)._handle_peer_banner_payload supported=3 required=0
2024-03-18T00:43:47.499 INFO:teuthology.orchestra.run.smithi162.stdout:/usr/bin/ceph: stderr
2024-03-18T00:43:45.684+0000 7f880d4ef700 1 --2- >> [v2:172.21.15.162:3300/0,v1:172.21.15.162:6789/0] conn(0x7f8808107cb0 0x7f88081080d0 unknown :-1 s=HELLO_CONNECTING pgs=0 cs=0 l=0 rev1=1 crypto rx=0 tx=0 comp rx=0 tx=0).handle_hello peer v2:172.21.15.162:3300/0 says I am v2:172.21.15.162:43050/0 (socket says 172.21.15.162:43050)
2024-03-18T00:43:47.499 INFO:teuthology.orchestra.run.smithi162.stdout:/usr/bin/ceph: stderr
2024-03-18T00:43:45.684+0000 7f880d4ef700 1 -- 172.21.15.162:0/3671683417 learned_addr learned my addr 172.21.15.162:0/3671683417 (peer_addr_for_me v2:172.21.15.162:0/0)
2024-03-18T00:43:47.499 INFO:teuthology.orchestra.run.smithi162.stdout:/usr/bin/ceph: stderr
2024-03-18T00:43:45.684+0000 7f880d4ef700 1 -- 172.21.15.162:0/3671683417 --> [v2:172.21.15.162:3300/0,v1:172.21.15.162:6789/0] -- mon_subscribe({config=0+,monmap=0+}) -- 0x7f8808108eb0 con 0x7f8808107cb0
2024-03-18T00:43:47.499 INFO:teuthology.orchestra.run.smithi162.stdout:/usr/bin/ceph: stderr
2024-03-18T00:43:45.684+0000 7f880d4ef700 1 --2- 172.21.15.162:0/3671683417 >> [v2:172.21.15.162:3300/0,v1:172.21.15.162:6789/0] conn(0x7f8808107cb0 0x7f88081080d0 secure :-1 s=READY pgs=74 cs=0 l=1 rev1=1 crypto rx=0x7f88040098a0 tx=0x7f8804009bb0 comp rx=0 tx=0).ready entity=mon.0 client_cookie=440d561f7eee5002 server_cookie=0 in_seq=0 out_seq=0
2024-03-18T00:43:47.500 INFO:teuthology.orchestra.run.smithi162.stdout:/usr/bin/ceph: stderr
2024-03-18T00:43:45.684+0000 7f87fffff700 1 -- 172.21.15.162:0/3671683417 <== mon.0 v2:172.21.15.162:3300/0 1 ==== mon_map magic: 0 ==== 205+0+0 (secure 0 0 0) 0x7f8804004160 con 0x7f8808107cb0
2024-03-18T00:43:47.500 INFO:teuthology.orchestra.run.smithi162.stdout:/usr/bin/ceph: stderr
2024-03-18T00:43:45.685+0000 7f87fffff700 1 -- 172.21.15.162:0/3671683417 <== mon.0 v2:172.21.15.162:3300/0 2 ==== config(26 keys) ==== 1102+0+0 (secure 0 0 0) 0x7f8804004300 con 0x7f8808107cb0
2024-03-18T00:43:47.500 INFO:teuthology.orchestra.run.smithi162.stdout:/usr/bin/ceph: stderr
2024-03-18T00:43:45.685+0000 7f87fffff700 1 -- 172.21.15.162:0/3671683417 <== mon.0 v2:172.21.15.162:3300/0 3 ==== mon_map magic: 0 ==== 205+0+0 (secure 0 0 0) 0x7f8804011a50 con 0x7f8808107cb0
2024-03-18T00:43:47.500 INFO:teuthology.orchestra.run.smithi162.stdout:/usr/bin/ceph: stderr
2024-03-18T00:43:45.685+0000 7f880f753700 1 -- 172.21.15.162:0/3671683417 >> [v2:172.21.15.162:3300/0,v1:172.21.15.162:6789/0] conn(0x7f8808107cb0 msgr2=0x7f88081080d0 secure :-1 s=STATE_CONNECTION_ESTABLISHED l=1).mark_down
2024-03-18T00:43:47.500 INFO:teuthology.orchestra.run.smithi162.stdout:/usr/bin/ceph: stderr
2024-03-18T00:43:45.685+0000 7f880f753700 1 --2- 172.21.15.162:0/3671683417 >> [v2:172.21.15.162:3300/0,v1:172.21.15.162:6789/0] conn(0x7f8808107cb0 0x7f88081080d0 secure :-1 s=READY pgs=74 cs=0 l=1 rev1=1 crypto rx=0x7f88040098a0 tx=0x7f8804009bb0 comp rx=0 tx=0).stop
2024-03-18T00:43:47.500 INFO:teuthology.orchestra.run.smithi162.stdout:/usr/bin/ceph: stderr
2024-03-18T00:43:45.685+0000 7f880f753700 1 -- 172.21.15.162:0/3671683417 shutdown_connections
2024-03-18T00:43:47.500 INFO:teuthology.orchestra.run.smithi162.stdout:/usr/bin/ceph: stderr
2024-03-18T00:43:45.685+0000 7f880f753700 1 --2- 172.21.15.162:0/3671683417 >> [v2:172.21.15.162:3300/0,v1:172.21.15.162:6789/0] conn(0x7f8808107cb0 0x7f88081080d0 unknown :-1 s=CLOSED pgs=74 cs=0 l=1 rev1=1 crypto rx=0 tx=0 comp rx=0 tx=0).stop
2024-03-18T00:43:47.500 INFO:teuthology.orchestra.run.smithi162.stdout:/usr/bin/ceph: stderr
2024-03-18T00:43:45.685+0000 7f880f753700 1 -- 172.21.15.162:0/3671683417 >> 172.21.15.162:0/3671683417 conn(0x7f88081032f0 msgr2=0x7f8808105710 unknown :-1 s=STATE_NONE l=0).mark_down
2024-03-18T00:43:47.500 INFO:teuthology.orchestra.run.smithi162.stdout:/usr/bin/ceph: stderr
2024-03-18T00:43:45.685+0000 7f880f753700 1 -- 172.21.15.162:0/3671683417 shutdown_connections
2024-03-18T00:43:47.500 INFO:teuthology.orchestra.run.smithi162.stdout:/usr/bin/ceph: stderr
2024-03-18T00:43:45.685+0000 7f880f753700 1 -- 172.21.15.162:0/3671683417 wait complete.
2024-03-18T00:43:47.500 INFO:teuthology.orchestra.run.smithi162.stdout:/usr/bin/ceph: stderr
2024-03-18T00:43:45.686+0000 7f880f753700 1 Processor -- start
2024-03-18T00:43:47.500 INFO:teuthology.orchestra.run.smithi162.stdout:/usr/bin/ceph: stderr
2024-03-18T00:43:45.686+0000 7f880f753700 1 -- start start
2024-03-18T00:43:47.500 INFO:teuthology.orchestra.run.smithi162.stdout:/usr/bin/ceph: stderr
2024-03-18T00:43:45.686+0000 7f880f753700 1 --2- >> [v2:172.21.15.162:3300/0,v1:172.21.15.162:6789/0] conn(0x7f8808107cb0 0x7f880819bb80 unknown :-1 s=NONE pgs=0 cs=0 l=1 rev1=0 crypto rx=0 tx=0 comp rx=0 tx=0).connect
2024-03-18T00:43:47.500 INFO:teuthology.orchestra.run.smithi162.stdout:/usr/bin/ceph: stderr
2024-03-18T00:43:45.686+0000 7f880f753700 1 -- --> [v2:172.21.15.162:3300/0,v1:172.21.15.162:6789/0] -- mon_getmap magic: 0 -- 0x7f880810c260 con 0x7f8808107cb0
2024-03-18T00:43:47.501 INFO:teuthology.orchestra.run.smithi162.stdout:/usr/bin/ceph: stderr
2024-03-18T00:43:45.686+0000 7f880d4ef700 1 --2- >> [v2:172.21.15.162:3300/0,v1:172.21.15.162:6789/0] conn(0x7f8808107cb0 0x7f880819bb80 unknown :-1 s=BANNER_CONNECTING pgs=0 cs=0 l=1 rev1=0 crypto rx=0 tx=0 comp rx=0 tx=0)._handle_peer_banner_payload supported=3 required=0
2024-03-18T00:43:47.501 INFO:teuthology.orchestra.run.smithi162.stdout:/usr/bin/ceph: stderr
2024-03-18T00:43:45.686+0000 7f880d4ef700 1 --2- >> [v2:172.21.15.162:3300/0,v1:172.21.15.162:6789/0] conn(0x7f8808107cb0 0x7f880819bb80 unknown :-1 s=HELLO_CONNECTING pgs=0 cs=0 l=1 rev1=1 crypto rx=0 tx=0 comp rx=0 tx=0).handle_hello peer v2:172.21.15.162:3300/0 says I am v2:172.21.15.162:43060/0 (socket says 172.21.15.162:43060)
2024-03-18T00:43:47.501 INFO:teuthology.orchestra.run.smithi162.stdout:/usr/bin/ceph: stderr
2024-03-18T00:43:45.686+0000 7f880d4ef700 1 -- 172.21.15.162:0/4222738212 learned_addr learned my addr 172.21.15.162:0/4222738212 (peer_addr_for_me v2:172.21.15.162:0/0)
2024-03-18T00:43:47.501 INFO:teuthology.orchestra.run.smithi162.stdout:/usr/bin/ceph: stderr
2024-03-18T00:43:45.686+0000 7f880d4ef700 1 -- 172.21.15.162:0/4222738212 --> [v2:172.21.15.162:3300/0,v1:172.21.15.162:6789/0] -- mon_subscribe({config=0+,monmap=0+}) -- 0x7f880819c0c0 con 0x7f8808107cb0
2024-03-18T00:43:47.501 INFO:teuthology.orchestra.run.smithi162.stdout:/usr/bin/ceph: stderr
2024-03-18T00:43:45.686+0000 7f880d4ef700 1 --2- 172.21.15.162:0/4222738212 >> [v2:172.21.15.162:3300/0,v1:172.21.15.162:6789/0] conn(0x7f8808107cb0 0x7f880819bb80 secure :-1 s=READY pgs=75 cs=0 l=1 rev1=1 crypto rx=0x7f8804011670 tx=0x7f8804011ab0 comp rx=0 tx=0).ready entity=mon.0 client_cookie=0 server_cookie=0 in_seq=0 out_seq=0
2024-03-18T00:43:47.501 INFO:teuthology.orchestra.run.smithi162.stdout:/usr/bin/ceph: stderr
2024-03-18T00:43:45.687+0000 7f87fe7fc700 1 -- 172.21.15.162:0/4222738212 <== mon.0 v2:172.21.15.162:3300/0 1 ==== mon_map magic: 0 ==== 205+0+0 (secure 0 0 0) 0x7f88040038b0 con 0x7f8808107cb0
2024-03-18T00:43:47.501 INFO:teuthology.orchestra.run.smithi162.stdout:/usr/bin/ceph: stderr
2024-03-18T00:43:45.687+0000 7f880f753700 1 -- 172.21.15.162:0/4222738212 --> [v2:172.21.15.162:3300/0,v1:172.21.15.162:6789/0] -- mon_subscribe({mgrmap=0+}) -- 0x7f880819c350 con 0x7f8808107cb0
2024-03-18T00:43:47.501 INFO:teuthology.orchestra.run.smithi162.stdout:/usr/bin/ceph: stderr
2024-03-18T00:43:45.687+0000 7f87fe7fc700 1 -- 172.21.15.162:0/4222738212 <== mon.0 v2:172.21.15.162:3300/0 2 ==== config(26 keys) ==== 1102+0+0 (secure 0 0 0) 0x7f8804003a50 con 0x7f8808107cb0
2024-03-18T00:43:47.501 INFO:teuthology.orchestra.run.smithi162.stdout:/usr/bin/ceph: stderr
2024-03-18T00:43:45.687+0000 7f87fe7fc700 1 -- 172.21.15.162:0/4222738212 <== mon.0 v2:172.21.15.162:3300/0 3 ==== mon_map magic: 0 ==== 205+0+0 (secure 0 0 0) 0x7f88040195c0 con 0x7f8808107cb0
2024-03-18T00:43:47.501 INFO:teuthology.orchestra.run.smithi162.stdout:/usr/bin/ceph: stderr
2024-03-18T00:43:45.687+0000 7f880f753700 1 -- 172.21.15.162:0/4222738212 --> [v2:172.21.15.162:3300/0,v1:172.21.15.162:6789/0] -- mon_subscribe({osdmap=0}) -- 0x7f880819f040 con 0x7f8808107cb0
2024-03-18T00:43:47.501 INFO:teuthology.orchestra.run.smithi162.stdout:/usr/bin/ceph: stderr
2024-03-18T00:43:45.688+0000 7f880f753700 1 -- 172.21.15.162:0/4222738212 --> [v2:172.21.15.162:3300/0,v1:172.21.15.162:6789/0] -- mon_command({"prefix": "get_command_descriptions"} v 0) -- 0x7f8808063900 con 0x7f8808107cb0
2024-03-18T00:43:47.501 INFO:teuthology.orchestra.run.smithi162.stdout:/usr/bin/ceph: stderr
2024-03-18T00:43:45.688+0000 7f87fe7fc700 1 -- 172.21.15.162:0/4222738212 <== mon.0 v2:172.21.15.162:3300/0 4 ==== mgrmap(e 12) ==== 46119+0+0 (secure 0 0 0) 0x7f88040198e0 con 0x7f8808107cb0
2024-03-18T00:43:47.501 INFO:teuthology.orchestra.run.smithi162.stdout:/usr/bin/ceph: stderr
2024-03-18T00:43:45.688+0000 7f87fe7fc700 1 --2- 172.21.15.162:0/4222738212 >> [v2:172.21.15.162:6800/2370120797,v1:172.21.15.162:6801/2370120797] conn(0x7f87f4038f20 0x7f87f403b3e0 unknown :-1 s=NONE pgs=0 cs=0 l=1 rev1=0 crypto rx=0 tx=0 comp rx=0 tx=0).connect
2024-03-18T00:43:47.502 INFO:teuthology.orchestra.run.smithi162.stdout:/usr/bin/ceph: stderr
2024-03-18T00:43:45.688+0000 7f87fe7fc700 1 -- 172.21.15.162:0/4222738212 <== mon.0 v2:172.21.15.162:3300/0 5 ==== osd_map(3..3 src has 1..3) ==== 1155+0+0 (secure 0 0 0) 0x7f880404d620 con 0x7f8808107cb0
2024-03-18T00:43:47.502 INFO:teuthology.orchestra.run.smithi162.stdout:/usr/bin/ceph: stderr
2024-03-18T00:43:45.688+0000 7f880ccee700 1 --2- 172.21.15.162:0/4222738212 >> [v2:172.21.15.162:6800/2370120797,v1:172.21.15.162:6801/2370120797] conn(0x7f87f4038f20 0x7f87f403b3e0 unknown :-1 s=BANNER_CONNECTING pgs=0 cs=0 l=1 rev1=0 crypto rx=0 tx=0 comp rx=0 tx=0)._handle_peer_banner_payload supported=3 required=0
2024-03-18T00:43:47.502 INFO:teuthology.orchestra.run.smithi162.stdout:/usr/bin/ceph: stderr
2024-03-18T00:43:45.688+0000 7f880ccee700 1 --2- 172.21.15.162:0/4222738212 >> [v2:172.21.15.162:6800/2370120797,v1:172.21.15.162:6801/2370120797] conn(0x7f87f4038f20 0x7f87f403b3e0 secure :-1 s=READY pgs=9 cs=0 l=1 rev1=1 crypto rx=0x7f87f8006fd0 tx=0x7f87f8006e40 comp rx=0 tx=0).ready entity=mgr.14152 client_cookie=0 server_cookie=0 in_seq=0 out_seq=0
2024-03-18T00:43:47.502 INFO:teuthology.orchestra.run.smithi162.stdout:/usr/bin/ceph: stderr
2024-03-18T00:43:45.697+0000 7f87fe7fc700 1 -- 172.21.15.162:0/4222738212 <== mon.0 v2:172.21.15.162:3300/0 6 ==== mon_command_ack([{"prefix": "get_command_descriptions"}]=0 v0) ==== 72+0+186149 (secure 0 0 0) 0x7f8804019d20 con 0x7f8808107cb0
2024-03-18T00:43:47.502 INFO:teuthology.orchestra.run.smithi162.stdout:/usr/bin/ceph: stderr
2024-03-18T00:43:45.912+0000 7f880f753700 1 -- 172.21.15.162:0/4222738212 --> [v2:172.21.15.162:3300/0,v1:172.21.15.162:6789/0] -- mon_command({"prefix": "config get", "who": "mgr", "key": "mgr/dashboard/ssl_server_port"} v 0) -- 0x7f880819f210 con 0x7f8808107cb0
2024-03-18T00:43:47.502 INFO:teuthology.orchestra.run.smithi162.stdout:/usr/bin/ceph: stderr
2024-03-18T00:43:45.912+0000 7f87fe7fc700 1 -- 172.21.15.162:0/4222738212 <== mon.0 v2:172.21.15.162:3300/0 7 ==== mon_command_ack([{"prefix": "config get", "who": "mgr", "key": "mgr/dashboard/ssl_server_port"}]=0 v8) ==== 112+0+5 (secure 0 0 0) 0x7f880401aa70 con 0x7f8808107cb0
2024-03-18T00:43:47.502 INFO:teuthology.orchestra.run.smithi162.stdout:/usr/bin/ceph: stderr
2024-03-18T00:43:45.914+0000 7f880f753700 1 -- 172.21.15.162:0/4222738212 >> [v2:172.21.15.162:6800/2370120797,v1:172.21.15.162:6801/2370120797] conn(0x7f87f4038f20 msgr2=0x7f87f403b3e0 secure :-1 s=STATE_CONNECTION_ESTABLISHED l=1).mark_down
2024-03-18T00:43:47.502 INFO:teuthology.orchestra.run.smithi162.stdout:/usr/bin/ceph: stderr
2024-03-18T00:43:45.914+0000 7f880f753700 1 --2- 172.21.15.162:0/4222738212 >> [v2:172.21.15.162:6800/2370120797,v1:172.21.15.162:6801/2370120797] conn(0x7f87f4038f20 0x7f87f403b3e0 secure :-1 s=READY pgs=9 cs=0 l=1 rev1=1 crypto rx=0x7f87f8006fd0 tx=0x7f87f8006e40 comp rx=0 tx=0).stop
2024-03-18T00:43:47.502 INFO:teuthology.orchestra.run.smithi162.stdout:/usr/bin/ceph: stderr
2024-03-18T00:43:45.914+0000 7f880f753700 1 -- 172.21.15.162:0/4222738212 >> [v2:172.21.15.162:3300/0,v1:172.21.15.162:6789/0] conn(0x7f8808107cb0 msgr2=0x7f880819bb80 secure :-1 s=STATE_CONNECTION_ESTABLISHED l=1).mark_down
2024-03-18T00:43:47.502 INFO:teuthology.orchestra.run.smithi162.stdout:/usr/bin/ceph: stderr
2024-03-18T00:43:45.914+0000 7f880f753700 1 --2- 172.21.15.162:0/4222738212 >> [v2:172.21.15.162:3300/0,v1:172.21.15.162:6789/0] conn(0x7f8808107cb0 0x7f880819bb80 secure :-1 s=READY pgs=75 cs=0 l=1 rev1=1 crypto rx=0x7f8804011670 tx=0x7f8804011ab0 comp rx=0 tx=0).stop
2024-03-18T00:43:47.502 INFO:teuthology.orchestra.run.smithi162.stdout:/usr/bin/ceph: stderr
2024-03-18T00:43:45.914+0000 7f880f753700 1 -- 172.21.15.162:0/4222738212 shutdown_connections
2024-03-18T00:43:47.502 INFO:teuthology.orchestra.run.smithi162.stdout:/usr/bin/ceph: stderr
2024-03-18T00:43:45.914+0000 7f880f753700 1 --2- 172.21.15.162:0/4222738212 >> [v2:172.21.15.162:6800/2370120797,v1:172.21.15.162:6801/2370120797] conn(0x7f87f4038f20 0x7f87f403b3e0 unknown :-1 s=CLOSED pgs=9 cs=0 l=1 rev1=1 crypto rx=0 tx=0 comp rx=0 tx=0).stop
2024-03-18T00:43:47.502 INFO:teuthology.orchestra.run.smithi162.stdout:/usr/bin/ceph: stderr
2024-03-18T00:43:45.914+0000 7f880f753700 1 --2- 172.21.15.162:0/4222738212 >> [v2:172.21.15.162:3300/0,v1:172.21.15.162:6789/0] conn(0x7f8808107cb0 0x7f880819bb80 unknown :-1 s=CLOSED pgs=75 cs=0 l=1 rev1=1 crypto rx=0 tx=0 comp rx=0 tx=0).stop
2024-03-18T00:43:47.502 INFO:teuthology.orchestra.run.smithi162.stdout:/usr/bin/ceph: stderr
2024-03-18T00:43:45.914+0000 7f880f753700 1 -- 172.21.15.162:0/4222738212 >> 172.21.15.162:0/4222738212 conn(0x7f88081032f0 msgr2=0x7f8808103e50 unknown :-1 s=STATE_NONE l=0).mark_down
2024-03-18T00:43:47.503 INFO:teuthology.orchestra.run.smithi162.stdout:/usr/bin/ceph: stderr
2024-03-18T00:43:45.914+0000 7f880f753700 1 -- 172.21.15.162:0/4222738212 shutdown_connections
2024-03-18T00:43:47.503 INFO:teuthology.orchestra.run.smithi162.stdout:/usr/bin/ceph: stderr
2024-03-18T00:43:45.914+0000 7f880f753700 1 -- 172.21.15.162:0/4222738212 wait complete.
2024-03-18T00:43:47.506 INFO:teuthology.orchestra.run.smithi162.stdout:Non-zero exit code 1 from systemctl is-enabled firewalld.service
2024-03-18T00:43:47.506 INFO:teuthology.orchestra.run.smithi162.stdout:systemctl: stdout disabled
2024-03-18T00:43:47.513 INFO:teuthology.orchestra.run.smithi162.stdout:Non-zero exit code 3 from systemctl is-active firewalld.service
2024-03-18T00:43:47.513 INFO:teuthology.orchestra.run.smithi162.stdout:systemctl: stdout inactive
2024-03-18T00:43:47.513 INFO:teuthology.orchestra.run.smithi162.stdout:firewalld.service is not enabled
2024-03-18T00:43:47.513 INFO:teuthology.orchestra.run.smithi162.stdout:Not possible to open ports <[8443]>. firewalld.service is not available
2024-03-18T00:43:47.515 INFO:teuthology.orchestra.run.smithi162.stdout:Ceph Dashboard is now available at:
2024-03-18T00:43:47.515 INFO:teuthology.orchestra.run.smithi162.stdout:
2024-03-18T00:43:47.515 INFO:teuthology.orchestra.run.smithi162.stdout: URL: https://smithi162.front.sepia.ceph.com:8443/
2024-03-18T00:43:47.515 INFO:teuthology.orchestra.run.smithi162.stdout: User: admin
2024-03-18T00:43:47.515 INFO:teuthology.orchestra.run.smithi162.stdout: Password: 2hsfot3y7g
2024-03-18T00:43:47.515 INFO:teuthology.orchestra.run.smithi162.stdout:
2024-03-18T00:43:47.515 INFO:teuthology.orchestra.run.smithi162.stdout:Saving cluster configuration to /var/lib/ceph/1b79961c-e4c0-11ee-95c9-87774f69a715/config directory
2024-03-18T00:43:47.516 INFO:teuthology.orchestra.run.smithi162.stdout:Enabling autotune for osd_memory_target
2024-03-18T00:43:47.772 INFO:journalctl@ceph.mon.a.smithi162.stdout:Mar 18 00:43:47 smithi162 ceph-mon[32185]: mgrmap e13: x(active, since 6s)
2024-03-18T00:43:48.780 INFO:teuthology.orchestra.run.smithi162.stdout:/usr/bin/ceph: stderr
2024-03-18T00:43:47.964+0000 7f0986671700 1 Processor -- start
2024-03-18T00:43:48.781 INFO:teuthology.orchestra.run.smithi162.stdout:/usr/bin/ceph: stderr
2024-03-18T00:43:47.964+0000 7f0986671700 1 -- start start
2024-03-18T00:43:48.781 INFO:teuthology.orchestra.run.smithi162.stdout:/usr/bin/ceph: stderr
2024-03-18T00:43:47.964+0000 7f0986671700 1 --2- >> [v2:172.21.15.162:3300/0,v1:172.21.15.162:6789/0] conn(0x7f0980107cc0 0x7f09801080e0 unknown :-1 s=NONE pgs=0 cs=0 l=0 rev1=0 crypto rx=0 tx=0 comp rx=0 tx=0).connect
2024-03-18T00:43:48.781 INFO:teuthology.orchestra.run.smithi162.stdout:/usr/bin/ceph: stderr
2024-03-18T00:43:47.964+0000 7f0986671700 1 -- --> [v2:172.21.15.162:3300/0,v1:172.21.15.162:6789/0] -- mon_getmap magic: 0 -- 0x7f09801086b0 con 0x7f0980107cc0
2024-03-18T00:43:48.781 INFO:teuthology.orchestra.run.smithi162.stdout:/usr/bin/ceph: stderr
2024-03-18T00:43:47.965+0000 7f097ffff700 1 --2- >> [v2:172.21.15.162:3300/0,v1:172.21.15.162:6789/0] conn(0x7f0980107cc0 0x7f09801080e0 unknown :-1 s=BANNER_CONNECTING pgs=0 cs=0 l=0 rev1=0 crypto rx=0 tx=0 comp rx=0 tx=0)._handle_peer_banner_payload supported=3 required=0
2024-03-18T00:43:48.781 INFO:teuthology.orchestra.run.smithi162.stdout:/usr/bin/ceph: stderr
2024-03-18T00:43:47.965+0000 7f097ffff700 1 --2- >> [v2:172.21.15.162:3300/0,v1:172.21.15.162:6789/0] conn(0x7f0980107cc0 0x7f09801080e0 unknown :-1 s=HELLO_CONNECTING pgs=0 cs=0 l=0 rev1=1 crypto rx=0 tx=0 comp rx=0 tx=0).handle_hello peer v2:172.21.15.162:3300/0 says I am v2:172.21.15.162:43076/0 (socket says 172.21.15.162:43076)
2024-03-18T00:43:48.781 INFO:teuthology.orchestra.run.smithi162.stdout:/usr/bin/ceph: stderr
2024-03-18T00:43:47.965+0000 7f097ffff700 1 -- 172.21.15.162:0/2854526460 learned_addr learned my addr 172.21.15.162:0/2854526460 (peer_addr_for_me v2:172.21.15.162:0/0)
2024-03-18T00:43:48.781 INFO:teuthology.orchestra.run.smithi162.stdout:/usr/bin/ceph: stderr
2024-03-18T00:43:47.965+0000 7f097ffff700 1 -- 172.21.15.162:0/2854526460 --> [v2:172.21.15.162:3300/0,v1:172.21.15.162:6789/0] -- mon_subscribe({config=0+,monmap=0+}) -- 0x7f0980108ec0 con 0x7f0980107cc0
2024-03-18T00:43:48.781 INFO:teuthology.orchestra.run.smithi162.stdout:/usr/bin/ceph: stderr
2024-03-18T00:43:47.965+0000 7f097ffff700 1 --2- 172.21.15.162:0/2854526460 >> [v2:172.21.15.162:3300/0,v1:172.21.15.162:6789/0] conn(0x7f0980107cc0 0x7f09801080e0 secure :-1 s=READY pgs=76 cs=0 l=1 rev1=1 crypto rx=0x7f09700098a0 tx=0x7f0970009bb0 comp rx=0 tx=0).ready entity=mon.0 client_cookie=960bf3997d1e5c53 server_cookie=0 in_seq=0 out_seq=0
2024-03-18T00:43:48.781 INFO:teuthology.orchestra.run.smithi162.stdout:/usr/bin/ceph: stderr
2024-03-18T00:43:47.965+0000 7f097effd700 1 -- 172.21.15.162:0/2854526460 <== mon.0 v2:172.21.15.162:3300/0 1 ==== mon_map magic: 0 ==== 205+0+0 (secure 0 0 0) 0x7f0970004160 con 0x7f0980107cc0
2024-03-18T00:43:48.781 INFO:teuthology.orchestra.run.smithi162.stdout:/usr/bin/ceph: stderr
2024-03-18T00:43:47.965+0000 7f097effd700 1 -- 172.21.15.162:0/2854526460 <== mon.0 v2:172.21.15.162:3300/0 2 ==== config(26 keys) ==== 1102+0+0 (secure 0 0 0) 0x7f0970004300 con 0x7f0980107cc0
2024-03-18T00:43:48.781 INFO:teuthology.orchestra.run.smithi162.stdout:/usr/bin/ceph: stderr
2024-03-18T00:43:47.965+0000 7f097effd700 1 -- 172.21.15.162:0/2854526460 <== mon.0 v2:172.21.15.162:3300/0 3 ==== mon_map magic: 0 ==== 205+0+0 (secure 0 0 0) 0x7f0970011a50 con 0x7f0980107cc0
2024-03-18T00:43:48.782 INFO:teuthology.orchestra.run.smithi162.stdout:/usr/bin/ceph: stderr
2024-03-18T00:43:47.966+0000 7f0986671700 1 -- 172.21.15.162:0/2854526460 >> [v2:172.21.15.162:3300/0,v1:172.21.15.162:6789/0] conn(0x7f0980107cc0 msgr2=0x7f09801080e0 secure :-1 s=STATE_CONNECTION_ESTABLISHED l=1).mark_down
2024-03-18T00:43:48.782 INFO:teuthology.orchestra.run.smithi162.stdout:/usr/bin/ceph: stderr
2024-03-18T00:43:47.966+0000 7f0986671700 1 --2- 172.21.15.162:0/2854526460 >> [v2:172.21.15.162:3300/0,v1:172.21.15.162:6789/0] conn(0x7f0980107cc0 0x7f09801080e0 secure :-1 s=READY pgs=76 cs=0 l=1 rev1=1 crypto rx=0x7f09700098a0 tx=0x7f0970009bb0 comp rx=0 tx=0).stop
2024-03-18T00:43:48.782 INFO:teuthology.orchestra.run.smithi162.stdout:/usr/bin/ceph: stderr
2024-03-18T00:43:47.966+0000 7f0986671700 1 -- 172.21.15.162:0/2854526460 shutdown_connections
2024-03-18T00:43:48.782 INFO:teuthology.orchestra.run.smithi162.stdout:/usr/bin/ceph: stderr
2024-03-18T00:43:47.966+0000 7f0986671700 1 --2- 172.21.15.162:0/2854526460 >> [v2:172.21.15.162:3300/0,v1:172.21.15.162:6789/0] conn(0x7f0980107cc0 0x7f09801080e0 unknown :-1 s=CLOSED pgs=76 cs=0 l=1 rev1=1 crypto rx=0 tx=0 comp rx=0 tx=0).stop
2024-03-18T00:43:48.782 INFO:teuthology.orchestra.run.smithi162.stdout:/usr/bin/ceph: stderr
2024-03-18T00:43:47.966+0000 7f0986671700 1 -- 172.21.15.162:0/2854526460 >> 172.21.15.162:0/2854526460 conn(0x7f09801032c0 msgr2=0x7f09801056e0 unknown :-1 s=STATE_NONE l=0).mark_down
2024-03-18T00:43:48.782 INFO:teuthology.orchestra.run.smithi162.stdout:/usr/bin/ceph: stderr
2024-03-18T00:43:47.966+0000 7f0986671700 1 -- 172.21.15.162:0/2854526460 shutdown_connections
2024-03-18T00:43:48.782 INFO:teuthology.orchestra.run.smithi162.stdout:/usr/bin/ceph: stderr
2024-03-18T00:43:47.966+0000 7f0986671700 1 -- 172.21.15.162:0/2854526460 wait complete.
2024-03-18T00:43:48.782 INFO:teuthology.orchestra.run.smithi162.stdout:/usr/bin/ceph: stderr
2024-03-18T00:43:47.966+0000 7f0986671700 1 Processor -- start
2024-03-18T00:43:48.782 INFO:teuthology.orchestra.run.smithi162.stdout:/usr/bin/ceph: stderr
2024-03-18T00:43:47.966+0000 7f0986671700 1 -- start start
2024-03-18T00:43:48.782 INFO:teuthology.orchestra.run.smithi162.stdout:/usr/bin/ceph: stderr
2024-03-18T00:43:47.967+0000 7f0986671700 1 --2- >> [v2:172.21.15.162:3300/0,v1:172.21.15.162:6789/0] conn(0x7f0980107cc0 0x7f098007daf0 unknown :-1 s=NONE pgs=0 cs=0 l=1 rev1=0 crypto rx=0 tx=0 comp rx=0 tx=0).connect
2024-03-18T00:43:48.782 INFO:teuthology.orchestra.run.smithi162.stdout:/usr/bin/ceph: stderr
2024-03-18T00:43:47.967+0000 7f0986671700 1 -- --> [v2:172.21.15.162:3300/0,v1:172.21.15.162:6789/0] -- mon_getmap magic: 0 -- 0x7f098010c270 con 0x7f0980107cc0
2024-03-18T00:43:48.782 INFO:teuthology.orchestra.run.smithi162.stdout:/usr/bin/ceph: stderr
2024-03-18T00:43:47.967+0000 7f097ffff700 1 --2- >> [v2:172.21.15.162:3300/0,v1:172.21.15.162:6789/0] conn(0x7f0980107cc0 0x7f098007daf0 unknown :-1 s=BANNER_CONNECTING pgs=0 cs=0 l=1 rev1=0 crypto rx=0 tx=0 comp rx=0 tx=0)._handle_peer_banner_payload supported=3 required=0
2024-03-18T00:43:48.782 INFO:teuthology.orchestra.run.smithi162.stdout:/usr/bin/ceph: stderr
2024-03-18T00:43:47.967+0000 7f097ffff700 1 --2- >> [v2:172.21.15.162:3300/0,v1:172.21.15.162:6789/0] conn(0x7f0980107cc0 0x7f098007daf0 unknown :-1 s=HELLO_CONNECTING pgs=0 cs=0 l=1 rev1=1 crypto rx=0 tx=0 comp rx=0 tx=0).handle_hello peer v2:172.21.15.162:3300/0 says I am v2:172.21.15.162:43080/0 (socket says 172.21.15.162:43080)
2024-03-18T00:43:48.782 INFO:teuthology.orchestra.run.smithi162.stdout:/usr/bin/ceph: stderr
2024-03-18T00:43:47.967+0000 7f097ffff700 1 -- 172.21.15.162:0/3125198082 learned_addr learned my addr 172.21.15.162:0/3125198082 (peer_addr_for_me v2:172.21.15.162:0/0)
2024-03-18T00:43:48.783 INFO:teuthology.orchestra.run.smithi162.stdout:/usr/bin/ceph: stderr
2024-03-18T00:43:47.967+0000 7f097ffff700 1 -- 172.21.15.162:0/3125198082 --> [v2:172.21.15.162:3300/0,v1:172.21.15.162:6789/0] -- mon_subscribe({config=0+,monmap=0+}) -- 0x7f098007e030 con 0x7f0980107cc0
2024-03-18T00:43:48.783 INFO:teuthology.orchestra.run.smithi162.stdout:/usr/bin/ceph: stderr
2024-03-18T00:43:47.967+0000 7f097ffff700 1 --2- 172.21.15.162:0/3125198082 >> [v2:172.21.15.162:3300/0,v1:172.21.15.162:6789/0] conn(0x7f0980107cc0 0x7f098007daf0 secure :-1 s=READY pgs=77 cs=0 l=1 rev1=1 crypto rx=0x7f09700117a0 tx=0x7f0970011ad0 comp rx=0 tx=0).ready entity=mon.0 client_cookie=0 server_cookie=0 in_seq=0 out_seq=0
2024-03-18T00:43:48.783 INFO:teuthology.orchestra.run.smithi162.stdout:/usr/bin/ceph: stderr
2024-03-18T00:43:47.967+0000 7f097d7fa700 1 -- 172.21.15.162:0/3125198082 <== mon.0 v2:172.21.15.162:3300/0 1 ==== mon_map magic: 0 ==== 205+0+0 (secure 0 0 0) 0x7f09700039c0 con 0x7f0980107cc0
2024-03-18T00:43:48.783 INFO:teuthology.orchestra.run.smithi162.stdout:/usr/bin/ceph: stderr
2024-03-18T00:43:47.967+0000 7f0986671700 1 -- 172.21.15.162:0/3125198082 --> [v2:172.21.15.162:3300/0,v1:172.21.15.162:6789/0] -- mon_subscribe({mgrmap=0+}) -- 0x7f098007c220 con 0x7f0980107cc0
2024-03-18T00:43:48.783 INFO:teuthology.orchestra.run.smithi162.stdout:/usr/bin/ceph: stderr
2024-03-18T00:43:47.967+0000 7f097d7fa700 1 -- 172.21.15.162:0/3125198082 <== mon.0 v2:172.21.15.162:3300/0 2 ==== config(26 keys) ==== 1102+0+0 (secure 0 0 0) 0x7f0970003b60 con 0x7f0980107cc0
2024-03-18T00:43:48.783 INFO:teuthology.orchestra.run.smithi162.stdout:/usr/bin/ceph: stderr
2024-03-18T00:43:47.967+0000 7f097d7fa700 1 -- 172.21.15.162:0/3125198082 <== mon.0 v2:172.21.15.162:3300/0 3 ==== mon_map magic: 0 ==== 205+0+0 (secure 0 0 0) 0x7f097001a690 con 0x7f0980107cc0
2024-03-18T00:43:48.783 INFO:teuthology.orchestra.run.smithi162.stdout:/usr/bin/ceph: stderr
2024-03-18T00:43:47.967+0000 7f0986671700 1 -- 172.21.15.162:0/3125198082 --> [v2:172.21.15.162:3300/0,v1:172.21.15.162:6789/0] -- mon_subscribe({osdmap=0}) -- 0x7f098007c760 con 0x7f0980107cc0
2024-03-18T00:43:48.783 INFO:teuthology.orchestra.run.smithi162.stdout:/usr/bin/ceph: stderr
2024-03-18T00:43:47.968+0000 7f097d7fa700 1 -- 172.21.15.162:0/3125198082 <== mon.0 v2:172.21.15.162:3300/0 4 ==== mgrmap(e 13) ==== 46163+0+0 (secure 0 0 0) 0x7f097001a9b0 con 0x7f0980107cc0
2024-03-18T00:43:48.783 INFO:teuthology.orchestra.run.smithi162.stdout:/usr/bin/ceph: stderr
2024-03-18T00:43:47.968+0000 7f0986671700 1 -- 172.21.15.162:0/3125198082 --> [v2:172.21.15.162:3300/0,v1:172.21.15.162:6789/0] -- mon_command({"prefix": "get_command_descriptions"} v 0) -- 0x7f0980063900 con 0x7f0980107cc0
2024-03-18T00:43:48.783 INFO:teuthology.orchestra.run.smithi162.stdout:/usr/bin/ceph: stderr
2024-03-18T00:43:47.968+0000 7f097d7fa700 1 --2- 172.21.15.162:0/3125198082 >> [v2:172.21.15.162:6800/2370120797,v1:172.21.15.162:6801/2370120797] conn(0x7f0968038fc0 0x7f096803b480 unknown :-1 s=NONE pgs=0 cs=0 l=1 rev1=0 crypto rx=0 tx=0 comp rx=0 tx=0).connect
2024-03-18T00:43:48.783 INFO:teuthology.orchestra.run.smithi162.stdout:/usr/bin/ceph: stderr
2024-03-18T00:43:47.968+0000 7f097d7fa700 1 -- 172.21.15.162:0/3125198082 <== mon.0 v2:172.21.15.162:3300/0 5 ==== osd_map(3..3 src has 1..3) ==== 1155+0+0 (secure 0 0 0) 0x7f097004d950 con 0x7f0980107cc0
2024-03-18T00:43:48.783 INFO:teuthology.orchestra.run.smithi162.stdout:/usr/bin/ceph: stderr
2024-03-18T00:43:47.968+0000 7f097f7fe700 1 --2- 172.21.15.162:0/3125198082 >> [v2:172.21.15.162:6800/2370120797,v1:172.21.15.162:6801/2370120797] conn(0x7f0968038fc0 0x7f096803b480 unknown :-1 s=BANNER_CONNECTING pgs=0 cs=0 l=1 rev1=0 crypto rx=0 tx=0 comp rx=0 tx=0)._handle_peer_banner_payload supported=3 required=0
2024-03-18T00:43:48.783 INFO:teuthology.orchestra.run.smithi162.stdout:/usr/bin/ceph: stderr
2024-03-18T00:43:47.969+0000 7f097f7fe700 1 --2- 172.21.15.162:0/3125198082 >> [v2:172.21.15.162:6800/2370120797,v1:172.21.15.162:6801/2370120797] conn(0x7f0968038fc0 0x7f096803b480 secure :-1 s=READY pgs=10 cs=0 l=1 rev1=1 crypto rx=0x7f0974006fd0 tx=0x7f0974006e40 comp rx=0 tx=0).ready entity=mgr.14152 client_cookie=0 server_cookie=0 in_seq=0 out_seq=0
2024-03-18T00:43:48.784 INFO:teuthology.orchestra.run.smithi162.stdout:/usr/bin/ceph: stderr
2024-03-18T00:43:47.973+0000 7f097d7fa700 1 -- 172.21.15.162:0/3125198082 <== mon.0 v2:172.21.15.162:3300/0 6 ==== mon_command_ack([{"prefix": "get_command_descriptions"}]=0 v0) ==== 72+0+186149 (secure 0 0 0) 0x7f097000f2e0 con 0x7f0980107cc0
2024-03-18T00:43:48.784 INFO:teuthology.orchestra.run.smithi162.stdout:/usr/bin/ceph: stderr
2024-03-18T00:43:48.167+0000 7f0986671700 1 -- 172.21.15.162:0/3125198082 --> [v2:172.21.15.162:3300/0,v1:172.21.15.162:6789/0] -- mon_command([{prefix=config set, name=osd_memory_target_autotune}] v 0) -- 0x7f098007caa0 con 0x7f0980107cc0
2024-03-18T00:43:48.784 INFO:teuthology.orchestra.run.smithi162.stdout:/usr/bin/ceph: stderr
2024-03-18T00:43:48.167+0000 7f097d7fa700 1 -- 172.21.15.162:0/3125198082 <== mon.0 v2:172.21.15.162:3300/0 7 ==== mon_command_ack([{prefix=config set, name=osd_memory_target_autotune}]=0 v8)=0 v8) ==== 127+0+0 (secure 0 0 0) 0x7f098007caa0 con 0x7f0980107cc0
2024-03-18T00:43:48.784 INFO:teuthology.orchestra.run.smithi162.stdout:/usr/bin/ceph: stderr
2024-03-18T00:43:48.169+0000 7f0986671700 1 -- 172.21.15.162:0/3125198082 >> [v2:172.21.15.162:6800/2370120797,v1:172.21.15.162:6801/2370120797] conn(0x7f0968038fc0 msgr2=0x7f096803b480 secure :-1 s=STATE_CONNECTION_ESTABLISHED l=1).mark_down
2024-03-18T00:43:48.784 INFO:teuthology.orchestra.run.smithi162.stdout:/usr/bin/ceph: stderr
2024-03-18T00:43:48.169+0000 7f0986671700 1 --2- 172.21.15.162:0/3125198082 >> [v2:172.21.15.162:6800/2370120797,v1:172.21.15.162:6801/2370120797] conn(0x7f0968038fc0 0x7f096803b480 secure :-1 s=READY pgs=10 cs=0 l=1 rev1=1 crypto rx=0x7f0974006fd0 tx=0x7f0974006e40 comp rx=0 tx=0).stop
2024-03-18T00:43:48.784 INFO:teuthology.orchestra.run.smithi162.stdout:/usr/bin/ceph: stderr
2024-03-18T00:43:48.169+0000 7f0986671700 1 -- 172.21.15.162:0/3125198082 >> [v2:172.21.15.162:3300/0,v1:172.21.15.162:6789/0] conn(0x7f0980107cc0 msgr2=0x7f098007daf0 secure :-1 s=STATE_CONNECTION_ESTABLISHED l=1).mark_down
2024-03-18T00:43:48.784 INFO:teuthology.orchestra.run.smithi162.stdout:/usr/bin/ceph: stderr
2024-03-18T00:43:48.169+0000 7f0986671700 1 --2- 172.21.15.162:0/3125198082 >> [v2:172.21.15.162:3300/0,v1:172.21.15.162:6789/0] conn(0x7f0980107cc0 0x7f098007daf0 secure :-1 s=READY pgs=77 cs=0 l=1 rev1=1 crypto rx=0x7f09700117a0 tx=0x7f0970011ad0 comp rx=0 tx=0).stop
2024-03-18T00:43:48.784 INFO:teuthology.orchestra.run.smithi162.stdout:/usr/bin/ceph: stderr
2024-03-18T00:43:48.170+0000 7f0986671700 1 -- 172.21.15.162:0/3125198082 shutdown_connections
2024-03-18T00:43:48.784 INFO:teuthology.orchestra.run.smithi162.stdout:/usr/bin/ceph: stderr
2024-03-18T00:43:48.170+0000 7f0986671700 1 --2- 172.21.15.162:0/3125198082 >> [v2:172.21.15.162:6800/2370120797,v1:172.21.15.162:6801/2370120797] conn(0x7f0968038fc0 0x7f096803b480 unknown :-1 s=CLOSED pgs=10 cs=0 l=1 rev1=1 crypto rx=0 tx=0 comp rx=0 tx=0).stop
2024-03-18T00:43:48.784 INFO:teuthology.orchestra.run.smithi162.stdout:/usr/bin/ceph: stderr
2024-03-18T00:43:48.170+0000 7f0986671700 1 --2- 172.21.15.162:0/3125198082 >> [v2:172.21.15.162:3300/0,v1:172.21.15.162:6789/0] conn(0x7f0980107cc0 0x7f098007daf0 unknown :-1 s=CLOSED pgs=77 cs=0 l=1 rev1=1 crypto rx=0 tx=0 comp rx=0 tx=0).stop
2024-03-18T00:43:48.784 INFO:teuthology.orchestra.run.smithi162.stdout:/usr/bin/ceph: stderr
2024-03-18T00:43:48.170+0000 7f0986671700 1 -- 172.21.15.162:0/3125198082 >> 172.21.15.162:0/3125198082 conn(0x7f09801032c0 msgr2=0x7f0980103db0 unknown :-1 s=STATE_NONE l=0).mark_down
2024-03-18T00:43:48.784 INFO:teuthology.orchestra.run.smithi162.stdout:/usr/bin/ceph: stderr
2024-03-18T00:43:48.170+0000 7f0986671700 1 -- 172.21.15.162:0/3125198082 shutdown_connections
2024-03-18T00:43:48.784 INFO:teuthology.orchestra.run.smithi162.stdout:/usr/bin/ceph: stderr
2024-03-18T00:43:48.170+0000 7f0986671700 1 -- 172.21.15.162:0/3125198082 wait complete.
2024-03-18T00:43:50.061 INFO:teuthology.orchestra.run.smithi162.stdout:/usr/bin/ceph: stderr
2024-03-18T00:43:49.167+0000 7fa52ab8d700 1 Processor -- start
2024-03-18T00:43:50.061 INFO:teuthology.orchestra.run.smithi162.stdout:/usr/bin/ceph: stderr
2024-03-18T00:43:49.167+0000 7fa52ab8d700 1 -- start start
2024-03-18T00:43:50.061 INFO:teuthology.orchestra.run.smithi162.stdout:/usr/bin/ceph: stderr
2024-03-18T00:43:49.167+0000 7fa52ab8d700 1 --2- >> [v2:172.21.15.162:3300/0,v1:172.21.15.162:6789/0] conn(0x7fa524106be0 0x7fa524107000 unknown :-1 s=NONE pgs=0 cs=0 l=0 rev1=0 crypto rx=0 tx=0 comp rx=0 tx=0).connect
2024-03-18T00:43:50.061 INFO:teuthology.orchestra.run.smithi162.stdout:/usr/bin/ceph: stderr
2024-03-18T00:43:49.167+0000 7fa52ab8d700 1 -- --> [v2:172.21.15.162:3300/0,v1:172.21.15.162:6789/0] -- mon_getmap magic: 0 -- 0x7fa5241075d0 con 0x7fa524106be0
2024-03-18T00:43:50.061 INFO:teuthology.orchestra.run.smithi162.stdout:/usr/bin/ceph: stderr
2024-03-18T00:43:49.167+0000 7fa528929700 1 --2- >> [v2:172.21.15.162:3300/0,v1:172.21.15.162:6789/0] conn(0x7fa524106be0 0x7fa524107000 unknown :-1 s=BANNER_CONNECTING pgs=0 cs=0 l=0 rev1=0 crypto rx=0 tx=0 comp rx=0 tx=0)._handle_peer_banner_payload supported=3 required=0
2024-03-18T00:43:50.061 INFO:teuthology.orchestra.run.smithi162.stdout:/usr/bin/ceph: stderr
2024-03-18T00:43:49.167+0000 7fa528929700 1 --2- >> [v2:172.21.15.162:3300/0,v1:172.21.15.162:6789/0] conn(0x7fa524106be0 0x7fa524107000 unknown :-1 s=HELLO_CONNECTING pgs=0 cs=0 l=0 rev1=1 crypto rx=0 tx=0 comp rx=0 tx=0).handle_hello peer v2:172.21.15.162:3300/0 says I am v2:172.21.15.162:43084/0 (socket says 172.21.15.162:43084)
2024-03-18T00:43:50.061 INFO:teuthology.orchestra.run.smithi162.stdout:/usr/bin/ceph: stderr
2024-03-18T00:43:49.167+0000 7fa528929700 1 -- 172.21.15.162:0/3076879973 learned_addr learned my addr 172.21.15.162:0/3076879973 (peer_addr_for_me v2:172.21.15.162:0/0)
2024-03-18T00:43:50.061 INFO:teuthology.orchestra.run.smithi162.stdout:/usr/bin/ceph: stderr
2024-03-18T00:43:49.168+0000 7fa528929700 1 -- 172.21.15.162:0/3076879973 --> [v2:172.21.15.162:3300/0,v1:172.21.15.162:6789/0] -- mon_subscribe({config=0+,monmap=0+}) -- 0x7fa524107de0 con 0x7fa524106be0
2024-03-18T00:43:50.061 INFO:teuthology.orchestra.run.smithi162.stdout:/usr/bin/ceph: stderr
2024-03-18T00:43:49.168+0000 7fa528929700 1 --2- 172.21.15.162:0/3076879973 >> [v2:172.21.15.162:3300/0,v1:172.21.15.162:6789/0] conn(0x7fa524106be0 0x7fa524107000 secure :-1 s=READY pgs=78 cs=0 l=1 rev1=1 crypto rx=0x7fa5200098a0 tx=0x7fa520009bb0 comp rx=0 tx=0).ready entity=mon.0 client_cookie=f5682c063ea7db3e server_cookie=0 in_seq=0 out_seq=0
2024-03-18T00:43:50.061 INFO:teuthology.orchestra.run.smithi162.stdout:/usr/bin/ceph: stderr
2024-03-18T00:43:49.168+0000 7fa51b7fe700 1 -- 172.21.15.162:0/3076879973 <== mon.0 v2:172.21.15.162:3300/0 1 ==== mon_map magic: 0 ==== 205+0+0 (secure 0 0 0) 0x7fa520004160 con 0x7fa524106be0
2024-03-18T00:43:50.062 INFO:teuthology.orchestra.run.smithi162.stdout:/usr/bin/ceph: stderr
2024-03-18T00:43:49.168+0000 7fa51b7fe700 1 -- 172.21.15.162:0/3076879973 <== mon.0 v2:172.21.15.162:3300/0 2 ==== config(26 keys) ==== 1102+0+0 (secure 0 0 0) 0x7fa520004300 con 0x7fa524106be0
2024-03-18T00:43:50.062 INFO:teuthology.orchestra.run.smithi162.stdout:/usr/bin/ceph: stderr
2024-03-18T00:43:49.168+0000 7fa51b7fe700 1 -- 172.21.15.162:0/3076879973 <== mon.0 v2:172.21.15.162:3300/0 3 ==== mon_map magic: 0 ==== 205+0+0 (secure 0 0 0) 0x7fa520011a50 con 0x7fa524106be0
2024-03-18T00:43:50.062 INFO:teuthology.orchestra.run.smithi162.stdout:/usr/bin/ceph: stderr
2024-03-18T00:43:49.168+0000 7fa52ab8d700 1 -- 172.21.15.162:0/3076879973 >> [v2:172.21.15.162:3300/0,v1:172.21.15.162:6789/0] conn(0x7fa524106be0 msgr2=0x7fa524107000 secure :-1 s=STATE_CONNECTION_ESTABLISHED l=1).mark_down
2024-03-18T00:43:50.062 INFO:teuthology.orchestra.run.smithi162.stdout:/usr/bin/ceph: stderr
2024-03-18T00:43:49.168+0000 7fa52ab8d700 1 --2- 172.21.15.162:0/3076879973 >> [v2:172.21.15.162:3300/0,v1:172.21.15.162:6789/0] conn(0x7fa524106be0 0x7fa524107000 secure :-1 s=READY pgs=78 cs=0 l=1 rev1=1 crypto rx=0x7fa5200098a0 tx=0x7fa520009bb0 comp rx=0 tx=0).stop
2024-03-18T00:43:50.062 INFO:teuthology.orchestra.run.smithi162.stdout:/usr/bin/ceph: stderr
2024-03-18T00:43:49.169+0000 7fa52ab8d700 1 -- 172.21.15.162:0/3076879973 shutdown_connections
2024-03-18T00:43:50.062 INFO:teuthology.orchestra.run.smithi162.stdout:/usr/bin/ceph: stderr
2024-03-18T00:43:49.169+0000 7fa52ab8d700 1 --2- 172.21.15.162:0/3076879973 >> [v2:172.21.15.162:3300/0,v1:172.21.15.162:6789/0] conn(0x7fa524106be0 0x7fa524107000 unknown :-1 s=CLOSED pgs=78 cs=0 l=1 rev1=1 crypto rx=0 tx=0 comp rx=0 tx=0).stop
2024-03-18T00:43:50.062 INFO:teuthology.orchestra.run.smithi162.stdout:/usr/bin/ceph: stderr
2024-03-18T00:43:49.169+0000 7fa52ab8d700 1 -- 172.21.15.162:0/3076879973 >> 172.21.15.162:0/3076879973 conn(0x7fa524102220 msgr2=0x7fa524104640 unknown :-1 s=STATE_NONE l=0).mark_down
2024-03-18T00:43:50.062 INFO:teuthology.orchestra.run.smithi162.stdout:/usr/bin/ceph: stderr
2024-03-18T00:43:49.169+0000 7fa52ab8d700 1 -- 172.21.15.162:0/3076879973 shutdown_connections
2024-03-18T00:43:50.062 INFO:teuthology.orchestra.run.smithi162.stdout:/usr/bin/ceph: stderr
2024-03-18T00:43:49.169+0000 7fa52ab8d700 1 -- 172.21.15.162:0/3076879973 wait complete.
2024-03-18T00:43:50.062 INFO:teuthology.orchestra.run.smithi162.stdout:/usr/bin/ceph: stderr
2024-03-18T00:43:49.169+0000 7fa52ab8d700 1 Processor -- start
2024-03-18T00:43:50.062 INFO:teuthology.orchestra.run.smithi162.stdout:/usr/bin/ceph: stderr
2024-03-18T00:43:49.169+0000 7fa52ab8d700 1 -- start start
2024-03-18T00:43:50.062 INFO:teuthology.orchestra.run.smithi162.stdout:/usr/bin/ceph: stderr
2024-03-18T00:43:49.169+0000 7fa52ab8d700 1 --2- >> [v2:172.21.15.162:3300/0,v1:172.21.15.162:6789/0] conn(0x7fa524106be0 0x7fa52419bb50 unknown :-1 s=NONE pgs=0 cs=0 l=1 rev1=0 crypto rx=0 tx=0 comp rx=0 tx=0).connect
2024-03-18T00:43:50.062 INFO:teuthology.orchestra.run.smithi162.stdout:/usr/bin/ceph: stderr
2024-03-18T00:43:49.169+0000 7fa52ab8d700 1 -- --> [v2:172.21.15.162:3300/0,v1:172.21.15.162:6789/0] -- mon_getmap magic: 0 -- 0x7fa52410b190 con 0x7fa524106be0
2024-03-18T00:43:50.063 INFO:teuthology.orchestra.run.smithi162.stdout:/usr/bin/ceph: stderr
2024-03-18T00:43:49.170+0000 7fa528929700 1 --2- >> [v2:172.21.15.162:3300/0,v1:172.21.15.162:6789/0] conn(0x7fa524106be0 0x7fa52419bb50 unknown :-1 s=BANNER_CONNECTING pgs=0 cs=0 l=1 rev1=0 crypto rx=0 tx=0 comp rx=0 tx=0)._handle_peer_banner_payload supported=3 required=0
2024-03-18T00:43:50.063 INFO:teuthology.orchestra.run.smithi162.stdout:/usr/bin/ceph: stderr
