2024-03-18T00:43:40.865 INFO:journalctl@ceph.mon.a.smithi162.stdout:Mar 18 00:43:40 smithi162 ceph-mon[32185]: Activating manager daemon x
2024-03-18T00:43:40.865 INFO:journalctl@ceph.mon.a.smithi162.stdout:Mar 18 00:43:40 smithi162 ceph-mon[32185]: osdmap e3: 0 total, 0 up, 0 in
2024-03-18T00:43:40.865 INFO:journalctl@ceph.mon.a.smithi162.stdout:Mar 18 00:43:40 smithi162 ceph-mon[32185]: mgrmap e10: x(active, starting, since 0.00326974s)
2024-03-18T00:43:40.865 INFO:journalctl@ceph.mon.a.smithi162.stdout:Mar 18 00:43:40 smithi162 ceph-mon[32185]: from='mgr.14152 172.21.15.162:0/851257622' entity='mgr.x' cmd=[{"prefix": "mon metadata", "id": "a"}]: dispatch
2024-03-18T00:43:40.865 INFO:journalctl@ceph.mon.a.smithi162.stdout:Mar 18 00:43:40 smithi162 ceph-mon[32185]: from='mgr.14152 172.21.15.162:0/851257622' entity='mgr.x' cmd=[{"prefix": "mgr metadata", "who": "x", "id": "x"}]: dispatch
2024-03-18T00:43:40.865 INFO:journalctl@ceph.mon.a.smithi162.stdout:Mar 18 00:43:40 smithi162 ceph-mon[32185]: from='mgr.14152 172.21.15.162:0/851257622' entity='mgr.x' cmd=[{"prefix": "mds metadata"}]: dispatch
2024-03-18T00:43:40.865 INFO:journalctl@ceph.mon.a.smithi162.stdout:Mar 18 00:43:40 smithi162 ceph-mon[32185]: from='mgr.14152 172.21.15.162:0/851257622' entity='mgr.x' cmd=[{"prefix": "osd metadata"}]: dispatch
2024-03-18T00:43:40.866 INFO:journalctl@ceph.mon.a.smithi162.stdout:Mar 18 00:43:40 smithi162 ceph-mon[32185]: from='mgr.14152 172.21.15.162:0/851257622' entity='mgr.x' cmd=[{"prefix": "mon metadata"}]: dispatch
2024-03-18T00:43:40.866 INFO:journalctl@ceph.mon.a.smithi162.stdout:Mar 18 00:43:40 smithi162 ceph-mon[32185]: Manager daemon x is now available
2024-03-18T00:43:40.866 INFO:journalctl@ceph.mon.a.smithi162.stdout:Mar 18 00:43:40 smithi162 ceph-mon[32185]: from='mgr.14152 172.21.15.162:0/851257622' entity='mgr.x' cmd=[{"prefix": "config dump", "format": "json"}]: dispatch
2024-03-18T00:43:40.866 INFO:journalctl@ceph.mon.a.smithi162.stdout:Mar 18 00:43:40 smithi162 ceph-mon[32185]: from='mgr.14152 172.21.15.162:0/851257622' entity='mgr.x' cmd=[{"prefix": "config dump", "format": "json"}]: dispatch
2024-03-18T00:43:41.865 INFO:journalctl@ceph.mon.a.smithi162.stdout:Mar 18 00:43:41 smithi162 ceph-mon[32185]: from='mgr.14152 172.21.15.162:0/851257622' entity='mgr.x' cmd=[{"prefix":"config rm","who":"mgr","name":"mgr/rbd_support/x/mirror_snapshot_schedule"}]: dispatch
2024-03-18T00:43:41.865 INFO:journalctl@ceph.mon.a.smithi162.stdout:Mar 18 00:43:41 smithi162 ceph-mon[32185]: from='mgr.14152 172.21.15.162:0/851257622' entity='mgr.x' cmd=[{"prefix":"config rm","who":"mgr","name":"mgr/rbd_support/x/trash_purge_schedule"}]: dispatch
2024-03-18T00:43:41.865 INFO:journalctl@ceph.mon.a.smithi162.stdout:Mar 18 00:43:41 smithi162 ceph-mon[32185]: mgrmap e11: x(active, since 1.00596s)
2024-03-18T00:43:42.231 INFO:teuthology.orchestra.run.smithi162.stdout:/usr/bin/ceph: stdout {
2024-03-18T00:43:42.231 INFO:teuthology.orchestra.run.smithi162.stdout:/usr/bin/ceph: stdout "mgrmap_epoch": 11,
2024-03-18T00:43:42.231 INFO:teuthology.orchestra.run.smithi162.stdout:/usr/bin/ceph: stdout "initialized": true
2024-03-18T00:43:42.232 INFO:teuthology.orchestra.run.smithi162.stdout:/usr/bin/ceph: stdout }
2024-03-18T00:43:42.232 INFO:teuthology.orchestra.run.smithi162.stdout:/usr/bin/ceph: stderr
2024-03-18T00:43:36.083+0000 7f3f4e1b5700 1 Processor -- start
2024-03-18T00:43:42.232 INFO:teuthology.orchestra.run.smithi162.stdout:/usr/bin/ceph: stderr
2024-03-18T00:43:36.083+0000 7f3f4e1b5700 1 -- start start
2024-03-18T00:43:42.232 INFO:teuthology.orchestra.run.smithi162.stdout:/usr/bin/ceph: stderr
2024-03-18T00:43:36.084+0000 7f3f4e1b5700 1 --2- >> [v2:172.21.15.162:3300/0,v1:172.21.15.162:6789/0] conn(0x7f3f48106580 0x7f3f481069a0 unknown :-1 s=NONE pgs=0 cs=0 l=0 rev1=0 crypto rx=0 tx=0 comp rx=0 tx=0).connect
2024-03-18T00:43:42.232 INFO:teuthology.orchestra.run.smithi162.stdout:/usr/bin/ceph: stderr
2024-03-18T00:43:36.084+0000 7f3f4e1b5700 1 -- --> [v2:172.21.15.162:3300/0,v1:172.21.15.162:6789/0] -- mon_getmap magic: 0 -- 0x7f3f4807bdd0 con 0x7f3f48106580
2024-03-18T00:43:42.232 INFO:teuthology.orchestra.run.smithi162.stdout:/usr/bin/ceph: stderr
2024-03-18T00:43:36.084+0000 7f3f477fe700 1 --2- >> [v2:172.21.15.162:3300/0,v1:172.21.15.162:6789/0] conn(0x7f3f48106580 0x7f3f481069a0 unknown :-1 s=BANNER_CONNECTING pgs=0 cs=0 l=0 rev1=0 crypto rx=0 tx=0 comp rx=0 tx=0)._handle_peer_banner_payload supported=3 required=0
2024-03-18T00:43:42.232 INFO:teuthology.orchestra.run.smithi162.stdout:/usr/bin/ceph: stderr
2024-03-18T00:43:36.084+0000 7f3f477fe700 1 --2- >> [v2:172.21.15.162:3300/0,v1:172.21.15.162:6789/0] conn(0x7f3f48106580 0x7f3f481069a0 unknown :-1 s=HELLO_CONNECTING pgs=0 cs=0 l=0 rev1=1 crypto rx=0 tx=0 comp rx=0 tx=0).handle_hello peer v2:172.21.15.162:3300/0 says I am v2:172.21.15.162:33554/0 (socket says 172.21.15.162:33554)
2024-03-18T00:43:42.232 INFO:teuthology.orchestra.run.smithi162.stdout:/usr/bin/ceph: stderr
2024-03-18T00:43:36.084+0000 7f3f477fe700 1 -- 172.21.15.162:0/1060114320 learned_addr learned my addr 172.21.15.162:0/1060114320 (peer_addr_for_me v2:172.21.15.162:0/0)
2024-03-18T00:43:42.232 INFO:teuthology.orchestra.run.smithi162.stdout:/usr/bin/ceph: stderr
2024-03-18T00:43:36.084+0000 7f3f477fe700 1 -- 172.21.15.162:0/1060114320 --> [v2:172.21.15.162:3300/0,v1:172.21.15.162:6789/0] -- mon_subscribe({config=0+,monmap=0+}) -- 0x7f3f48106ee0 con 0x7f3f48106580
2024-03-18T00:43:42.232 INFO:teuthology.orchestra.run.smithi162.stdout:/usr/bin/ceph: stderr
2024-03-18T00:43:36.084+0000 7f3f477fe700 1 --2- 172.21.15.162:0/1060114320 >> [v2:172.21.15.162:3300/0,v1:172.21.15.162:6789/0] conn(0x7f3f48106580 0x7f3f481069a0 secure :-1 s=READY pgs=61 cs=0 l=1 rev1=1 crypto rx=0x7f3f3c0098a0 tx=0x7f3f3c009bb0 comp rx=0 tx=0).ready entity=mon.0 client_cookie=c070da8d6078a9a4 server_cookie=0 in_seq=0 out_seq=0
2024-03-18T00:43:42.232 INFO:teuthology.orchestra.run.smithi162.stdout:/usr/bin/ceph: stderr
2024-03-18T00:43:36.085+0000 7f3f467fc700 1 -- 172.21.15.162:0/1060114320 <== mon.0 v2:172.21.15.162:3300/0 1 ==== mon_map magic: 0 ==== 205+0+0 (secure 0 0 0) 0x7f3f3c004160 con 0x7f3f48106580
2024-03-18T00:43:42.232 INFO:teuthology.orchestra.run.smithi162.stdout:/usr/bin/ceph: stderr
2024-03-18T00:43:36.085+0000 7f3f467fc700 1 -- 172.21.15.162:0/1060114320 <== mon.0 v2:172.21.15.162:3300/0 2 ==== config(26 keys) ==== 1102+0+0 (secure 0 0 0) 0x7f3f3c004300 con 0x7f3f48106580
2024-03-18T00:43:42.232 INFO:teuthology.orchestra.run.smithi162.stdout:/usr/bin/ceph: stderr
2024-03-18T00:43:36.085+0000 7f3f467fc700 1 -- 172.21.15.162:0/1060114320 <== mon.0 v2:172.21.15.162:3300/0 3 ==== mon_map magic: 0 ==== 205+0+0 (secure 0 0 0) 0x7f3f3c011a50 con 0x7f3f48106580
2024-03-18T00:43:42.232 INFO:teuthology.orchestra.run.smithi162.stdout:/usr/bin/ceph: stderr
2024-03-18T00:43:36.085+0000 7f3f4e1b5700 1 -- 172.21.15.162:0/1060114320 >> [v2:172.21.15.162:3300/0,v1:172.21.15.162:6789/0] conn(0x7f3f48106580 msgr2=0x7f3f481069a0 secure :-1 s=STATE_CONNECTION_ESTABLISHED l=1).mark_down
2024-03-18T00:43:42.233 INFO:teuthology.orchestra.run.smithi162.stdout:/usr/bin/ceph: stderr
2024-03-18T00:43:36.085+0000 7f3f4e1b5700 1 --2- 172.21.15.162:0/1060114320 >> [v2:172.21.15.162:3300/0,v1:172.21.15.162:6789/0] conn(0x7f3f48106580 0x7f3f481069a0 secure :-1 s=READY pgs=61 cs=0 l=1 rev1=1 crypto rx=0x7f3f3c0098a0 tx=0x7f3f3c009bb0 comp rx=0 tx=0).stop
2024-03-18T00:43:42.233 INFO:teuthology.orchestra.run.smithi162.stdout:/usr/bin/ceph: stderr
2024-03-18T00:43:36.085+0000 7f3f4e1b5700 1 -- 172.21.15.162:0/1060114320 shutdown_connections
2024-03-18T00:43:42.233 INFO:teuthology.orchestra.run.smithi162.stdout:/usr/bin/ceph: stderr
2024-03-18T00:43:36.085+0000 7f3f4e1b5700 1 --2- 172.21.15.162:0/1060114320 >> [v2:172.21.15.162:3300/0,v1:172.21.15.162:6789/0] conn(0x7f3f48106580 0x7f3f481069a0 unknown :-1 s=CLOSED pgs=61 cs=0 l=1 rev1=1 crypto rx=0 tx=0 comp rx=0 tx=0).stop
2024-03-18T00:43:42.233 INFO:teuthology.orchestra.run.smithi162.stdout:/usr/bin/ceph: stderr
2024-03-18T00:43:36.085+0000 7f3f4e1b5700 1 -- 172.21.15.162:0/1060114320 >> 172.21.15.162:0/1060114320 conn(0x7f3f48102180 msgr2=0x7f3f481045a0 unknown :-1 s=STATE_NONE l=0).mark_down
2024-03-18T00:43:42.233 INFO:teuthology.orchestra.run.smithi162.stdout:/usr/bin/ceph: stderr
2024-03-18T00:43:36.086+0000 7f3f4e1b5700 1 -- 172.21.15.162:0/1060114320 shutdown_connections
2024-03-18T00:43:42.233 INFO:teuthology.orchestra.run.smithi162.stdout:/usr/bin/ceph: stderr
2024-03-18T00:43:36.086+0000 7f3f4e1b5700 1 -- 172.21.15.162:0/1060114320 wait complete.
2024-03-18T00:43:42.233 INFO:teuthology.orchestra.run.smithi162.stdout:/usr/bin/ceph: stderr
2024-03-18T00:43:36.086+0000 7f3f4e1b5700 1 Processor -- start
2024-03-18T00:43:42.233 INFO:teuthology.orchestra.run.smithi162.stdout:/usr/bin/ceph: stderr
2024-03-18T00:43:36.086+0000 7f3f4e1b5700 1 -- start start
2024-03-18T00:43:42.233 INFO:teuthology.orchestra.run.smithi162.stdout:/usr/bin/ceph: stderr
2024-03-18T00:43:36.086+0000 7f3f4e1b5700 1 --2- >> [v2:172.21.15.162:3300/0,v1:172.21.15.162:6789/0] conn(0x7f3f48106580 0x7f3f4819dcf0 unknown :-1 s=NONE pgs=0 cs=0 l=1 rev1=0 crypto rx=0 tx=0 comp rx=0 tx=0).connect
2024-03-18T00:43:42.233 INFO:teuthology.orchestra.run.smithi162.stdout:/usr/bin/ceph: stderr
2024-03-18T00:43:36.086+0000 7f3f4e1b5700 1 -- --> [v2:172.21.15.162:3300/0,v1:172.21.15.162:6789/0] -- mon_getmap magic: 0 -- 0x7f3f48107f50 con 0x7f3f48106580
2024-03-18T00:43:42.233 INFO:teuthology.orchestra.run.smithi162.stdout:/usr/bin/ceph: stderr
2024-03-18T00:43:36.087+0000 7f3f477fe700 1 --2- >> [v2:172.21.15.162:3300/0,v1:172.21.15.162:6789/0] conn(0x7f3f48106580 0x7f3f4819dcf0 unknown :-1 s=BANNER_CONNECTING pgs=0 cs=0 l=1 rev1=0 crypto rx=0 tx=0 comp rx=0 tx=0)._handle_peer_banner_payload supported=3 required=0
2024-03-18T00:43:42.233 INFO:teuthology.orchestra.run.smithi162.stdout:/usr/bin/ceph: stderr
2024-03-18T00:43:36.087+0000 7f3f477fe700 1 --2- >> [v2:172.21.15.162:3300/0,v1:172.21.15.162:6789/0] conn(0x7f3f48106580 0x7f3f4819dcf0 unknown :-1 s=HELLO_CONNECTING pgs=0 cs=0 l=1 rev1=1 crypto rx=0 tx=0 comp rx=0 tx=0).handle_hello peer v2:172.21.15.162:3300/0 says I am v2:172.21.15.162:33556/0 (socket says 172.21.15.162:33556)
2024-03-18T00:43:42.233 INFO:teuthology.orchestra.run.smithi162.stdout:/usr/bin/ceph: stderr
2024-03-18T00:43:36.087+0000 7f3f477fe700 1 -- 172.21.15.162:0/1131124003 learned_addr learned my addr 172.21.15.162:0/1131124003 (peer_addr_for_me v2:172.21.15.162:0/0)
2024-03-18T00:43:42.233 INFO:teuthology.orchestra.run.smithi162.stdout:/usr/bin/ceph: stderr
2024-03-18T00:43:36.087+0000 7f3f477fe700 1 -- 172.21.15.162:0/1131124003 --> [v2:172.21.15.162:3300/0,v1:172.21.15.162:6789/0] -- mon_subscribe({config=0+,monmap=0+}) -- 0x7f3f4819e230 con 0x7f3f48106580
2024-03-18T00:43:42.233 INFO:teuthology.orchestra.run.smithi162.stdout:/usr/bin/ceph: stderr
2024-03-18T00:43:36.087+0000 7f3f477fe700 1 --2- 172.21.15.162:0/1131124003 >> [v2:172.21.15.162:3300/0,v1:172.21.15.162:6789/0] conn(0x7f3f48106580 0x7f3f4819dcf0 secure :-1 s=READY pgs=62 cs=0 l=1 rev1=1 crypto rx=0x7f3f3c011670 tx=0x7f3f3c011ab0 comp rx=0 tx=0).ready entity=mon.0 client_cookie=0 server_cookie=0 in_seq=0 out_seq=0
2024-03-18T00:43:42.234 INFO:teuthology.orchestra.run.smithi162.stdout:/usr/bin/ceph: stderr
2024-03-18T00:43:36.087+0000 7f3f44ff9700 1 -- 172.21.15.162:0/1131124003 <== mon.0 v2:172.21.15.162:3300/0 1 ==== mon_map magic: 0 ==== 205+0+0 (secure 0 0 0) 0x7f3f3c0038b0 con 0x7f3f48106580
2024-03-18T00:43:42.234 INFO:teuthology.orchestra.run.smithi162.stdout:/usr/bin/ceph: stderr
2024-03-18T00:43:36.087+0000 7f3f44ff9700 1 -- 172.21.15.162:0/1131124003 <== mon.0 v2:172.21.15.162:3300/0 2 ==== config(26 keys) ==== 1102+0+0 (secure 0 0 0) 0x7f3f3c003a50 con 0x7f3f48106580
2024-03-18T00:43:42.234 INFO:teuthology.orchestra.run.smithi162.stdout:/usr/bin/ceph: stderr
2024-03-18T00:43:36.087+0000 7f3f4e1b5700 1 -- 172.21.15.162:0/1131124003 --> [v2:172.21.15.162:3300/0,v1:172.21.15.162:6789/0] -- mon_subscribe({mgrmap=0+}) -- 0x7f3f4819e4c0 con 0x7f3f48106580
2024-03-18T00:43:42.234 INFO:teuthology.orchestra.run.smithi162.stdout:/usr/bin/ceph: stderr
2024-03-18T00:43:36.087+0000 7f3f44ff9700 1 -- 172.21.15.162:0/1131124003 <== mon.0 v2:172.21.15.162:3300/0 3 ==== mon_map magic: 0 ==== 205+0+0 (secure 0 0 0) 0x7f3f3c0195c0 con 0x7f3f48106580
2024-03-18T00:43:42.234 INFO:teuthology.orchestra.run.smithi162.stdout:/usr/bin/ceph: stderr
2024-03-18T00:43:36.087+0000 7f3f4e1b5700 1 -- 172.21.15.162:0/1131124003 --> [v2:172.21.15.162:3300/0,v1:172.21.15.162:6789/0] -- mon_subscribe({osdmap=0}) -- 0x7f3f481a11a0 con 0x7f3f48106580
2024-03-18T00:43:42.234 INFO:teuthology.orchestra.run.smithi162.stdout:/usr/bin/ceph: stderr
2024-03-18T00:43:36.088+0000 7f3f44ff9700 1 -- 172.21.15.162:0/1131124003 <== mon.0 v2:172.21.15.162:3300/0 4 ==== mgrmap(e 9) ==== 46119+0+0 (secure 0 0 0) 0x7f3f3c0198f0 con 0x7f3f48106580
2024-03-18T00:43:42.234 INFO:teuthology.orchestra.run.smithi162.stdout:/usr/bin/ceph: stderr
2024-03-18T00:43:36.089+0000 7f3f44ff9700 1 --2- 172.21.15.162:0/1131124003 >> [v2:172.21.15.162:6800/3202009002,v1:172.21.15.162:6801/3202009002] conn(0x7f3f30038f80 0x7f3f3003b440 unknown :-1 s=NONE pgs=0 cs=0 l=1 rev1=0 crypto rx=0 tx=0 comp rx=0 tx=0).connect
2024-03-18T00:43:42.234 INFO:teuthology.orchestra.run.smithi162.stdout:/usr/bin/ceph: stderr
2024-03-18T00:43:36.089+0000 7f3f44ff9700 1 -- 172.21.15.162:0/1131124003 --> [v2:172.21.15.162:6800/3202009002,v1:172.21.15.162:6801/3202009002] -- command(tid 0: {"prefix": "get_command_descriptions"}) -- 0x7f3f3003bb50 con 0x7f3f30038f80
2024-03-18T00:43:42.234 INFO:teuthology.orchestra.run.smithi162.stdout:/usr/bin/ceph: stderr
2024-03-18T00:43:36.089+0000 7f3f44ff9700 1 -- 172.21.15.162:0/1131124003 <== mon.0 v2:172.21.15.162:3300/0 5 ==== osd_map(2..2 src has 1..2) ==== 940+0+0 (secure 0 0 0) 0x7f3f3c01aa70 con 0x7f3f48106580
2024-03-18T00:43:42.234 INFO:teuthology.orchestra.run.smithi162.stdout:/usr/bin/ceph: stderr
2024-03-18T00:43:36.089+0000 7f3f46ffd700 1 -- 172.21.15.162:0/1131124003 >> [v2:172.21.15.162:6800/3202009002,v1:172.21.15.162:6801/3202009002] conn(0x7f3f30038f80 msgr2=0x7f3f3003b440 unknown :-1 s=STATE_CONNECTING_RE l=1).process reconnect failed to v2:172.21.15.162:6800/3202009002
2024-03-18T00:43:42.234 INFO:teuthology.orchestra.run.smithi162.stdout:/usr/bin/ceph: stderr
2024-03-18T00:43:36.089+0000 7f3f46ffd700 1 --2- 172.21.15.162:0/1131124003 >> [v2:172.21.15.162:6800/3202009002,v1:172.21.15.162:6801/3202009002] conn(0x7f3f30038f80 0x7f3f3003b440 unknown :-1 s=START_CONNECT pgs=0 cs=0 l=1 rev1=0 crypto rx=0 tx=0 comp rx=0 tx=0)._fault waiting 0.200000
2024-03-18T00:43:42.234 INFO:teuthology.orchestra.run.smithi162.stdout:/usr/bin/ceph: stderr
2024-03-18T00:43:36.290+0000 7f3f46ffd700 1 -- 172.21.15.162:0/1131124003 >> [v2:172.21.15.162:6800/3202009002,v1:172.21.15.162:6801/3202009002] conn(0x7f3f30038f80 msgr2=0x7f3f3003b440 unknown :-1 s=STATE_CONNECTING_RE l=1).process reconnect failed to v2:172.21.15.162:6800/3202009002
2024-03-18T00:43:42.234 INFO:teuthology.orchestra.run.smithi162.stdout:/usr/bin/ceph: stderr
2024-03-18T00:43:36.290+0000 7f3f46ffd700 1 --2- 172.21.15.162:0/1131124003 >> [v2:172.21.15.162:6800/3202009002,v1:172.21.15.162:6801/3202009002] conn(0x7f3f30038f80 0x7f3f3003b440 unknown :-1 s=START_CONNECT pgs=0 cs=0 l=1 rev1=0 crypto rx=0 tx=0 comp rx=0 tx=0)._fault waiting 0.400000
2024-03-18T00:43:42.235 INFO:teuthology.orchestra.run.smithi162.stdout:/usr/bin/ceph: stderr
2024-03-18T00:43:36.691+0000 7f3f46ffd700 1 -- 172.21.15.162:0/1131124003 >> [v2:172.21.15.162:6800/3202009002,v1:172.21.15.162:6801/3202009002] conn(0x7f3f30038f80 msgr2=0x7f3f3003b440 unknown :-1 s=STATE_CONNECTING_RE l=1).process reconnect failed to v2:172.21.15.162:6800/3202009002
2024-03-18T00:43:42.235 INFO:teuthology.orchestra.run.smithi162.stdout:/usr/bin/ceph: stderr
2024-03-18T00:43:36.691+0000 7f3f46ffd700 1 --2- 172.21.15.162:0/1131124003 >> [v2:172.21.15.162:6800/3202009002,v1:172.21.15.162:6801/3202009002] conn(0x7f3f30038f80 0x7f3f3003b440 unknown :-1 s=START_CONNECT pgs=0 cs=0 l=1 rev1=0 crypto rx=0 tx=0 comp rx=0 tx=0)._fault waiting 0.800000
2024-03-18T00:43:42.235 INFO:teuthology.orchestra.run.smithi162.stdout:/usr/bin/ceph: stderr
2024-03-18T00:43:37.492+0000 7f3f46ffd700 1 -- 172.21.15.162:0/1131124003 >> [v2:172.21.15.162:6800/3202009002,v1:172.21.15.162:6801/3202009002] conn(0x7f3f30038f80 msgr2=0x7f3f3003b440 unknown :-1 s=STATE_CONNECTING_RE l=1).process reconnect failed to v2:172.21.15.162:6800/3202009002
2024-03-18T00:43:42.235 INFO:teuthology.orchestra.run.smithi162.stdout:/usr/bin/ceph: stderr
2024-03-18T00:43:37.492+0000 7f3f46ffd700 1 --2- 172.21.15.162:0/1131124003 >> [v2:172.21.15.162:6800/3202009002,v1:172.21.15.162:6801/3202009002] conn(0x7f3f30038f80 0x7f3f3003b440 unknown :-1 s=START_CONNECT pgs=0 cs=0 l=1 rev1=0 crypto rx=0 tx=0 comp rx=0 tx=0)._fault waiting 1.600000
2024-03-18T00:43:42.235 INFO:teuthology.orchestra.run.smithi162.stdout:/usr/bin/ceph: stderr
2024-03-18T00:43:39.093+0000 7f3f46ffd700 1 -- 172.21.15.162:0/1131124003 >> [v2:172.21.15.162:6800/3202009002,v1:172.21.15.162:6801/3202009002] conn(0x7f3f30038f80 msgr2=0x7f3f3003b440 unknown :-1 s=STATE_CONNECTING_RE l=1).process reconnect failed to v2:172.21.15.162:6800/3202009002
2024-03-18T00:43:42.235 INFO:teuthology.orchestra.run.smithi162.stdout:/usr/bin/ceph: stderr
2024-03-18T00:43:39.093+0000 7f3f46ffd700 1 --2- 172.21.15.162:0/1131124003 >> [v2:172.21.15.162:6800/3202009002,v1:172.21.15.162:6801/3202009002] conn(0x7f3f30038f80 0x7f3f3003b440 unknown :-1 s=START_CONNECT pgs=0 cs=0 l=1 rev1=0 crypto rx=0 tx=0 comp rx=0 tx=0)._fault waiting 3.200000
2024-03-18T00:43:42.235 INFO:teuthology.orchestra.run.smithi162.stdout:/usr/bin/ceph: stderr
2024-03-18T00:43:40.566+0000 7f3f44ff9700 1 -- 172.21.15.162:0/1131124003 <== mon.0 v2:172.21.15.162:3300/0 6 ==== mgrmap(e 10) ==== 45886+0+0 (secure 0 0 0) 0x7f3f3c019c80 con 0x7f3f48106580
2024-03-18T00:43:42.235 INFO:teuthology.orchestra.run.smithi162.stdout:/usr/bin/ceph: stderr
2024-03-18T00:43:40.566+0000 7f3f44ff9700 1 -- 172.21.15.162:0/1131124003 >> [v2:172.21.15.162:6800/3202009002,v1:172.21.15.162:6801/3202009002] conn(0x7f3f30038f80 msgr2=0x7f3f3003b440 unknown :-1 s=STATE_CONNECTING l=1).mark_down
2024-03-18T00:43:42.235 INFO:teuthology.orchestra.run.smithi162.stdout:/usr/bin/ceph: stderr
2024-03-18T00:43:40.566+0000 7f3f44ff9700 1 --2- 172.21.15.162:0/1131124003 >> [v2:172.21.15.162:6800/3202009002,v1:172.21.15.162:6801/3202009002] conn(0x7f3f30038f80 0x7f3f3003b440 unknown :-1 s=START_CONNECT pgs=0 cs=0 l=1 rev1=0 crypto rx=0 tx=0 comp rx=0 tx=0).stop
2024-03-18T00:43:42.235 INFO:teuthology.orchestra.run.smithi162.stdout:/usr/bin/ceph: stderr
2024-03-18T00:43:41.567+0000 7f3f44ff9700 1 -- 172.21.15.162:0/1131124003 <== mon.0 v2:172.21.15.162:3300/0 7 ==== mgrmap(e 11) ==== 46013+0+0 (secure 0 0 0) 0x7f3f3c0188a0 con 0x7f3f48106580
2024-03-18T00:43:42.235 INFO:teuthology.orchestra.run.smithi162.stdout:/usr/bin/ceph: stderr
2024-03-18T00:43:41.567+0000 7f3f44ff9700 1 --2- 172.21.15.162:0/1131124003 >> [v2:172.21.15.162:6800/2370120797,v1:172.21.15.162:6801/2370120797] conn(0x7f3f3003ca30 0x7f3f3003ee20 unknown :-1 s=NONE pgs=0 cs=0 l=1 rev1=0 crypto rx=0 tx=0 comp rx=0 tx=0).connect
2024-03-18T00:43:42.235 INFO:teuthology.orchestra.run.smithi162.stdout:/usr/bin/ceph: stderr
2024-03-18T00:43:41.568+0000 7f3f44ff9700 1 -- 172.21.15.162:0/1131124003 --> [v2:172.21.15.162:6800/2370120797,v1:172.21.15.162:6801/2370120797] -- command(tid 0: {"prefix": "get_command_descriptions"}) -- 0x7f3f3c00af30 con 0x7f3f3003ca30
2024-03-18T00:43:42.235 INFO:teuthology.orchestra.run.smithi162.stdout:/usr/bin/ceph: stderr
2024-03-18T00:43:41.568+0000 7f3f46ffd700 1 --2- 172.21.15.162:0/1131124003 >> [v2:172.21.15.162:6800/2370120797,v1:172.21.15.162:6801/2370120797] conn(0x7f3f3003ca30 0x7f3f3003ee20 unknown :-1 s=BANNER_CONNECTING pgs=0 cs=0 l=1 rev1=0 crypto rx=0 tx=0 comp rx=0 tx=0)._handle_peer_banner_payload supported=3 required=0
2024-03-18T00:43:42.235 INFO:teuthology.orchestra.run.smithi162.stdout:/usr/bin/ceph: stderr
2024-03-18T00:43:41.568+0000 7f3f46ffd700 1 --2- 172.21.15.162:0/1131124003 >> [v2:172.21.15.162:6800/2370120797,v1:172.21.15.162:6801/2370120797] conn(0x7f3f3003ca30 0x7f3f3003ee20 secure :-1 s=READY pgs=2 cs=0 l=1 rev1=1 crypto rx=0x7f3f38003a10 tx=0x7f3f38009270 comp rx=0 tx=0).ready entity=mgr.14152 client_cookie=0 server_cookie=0 in_seq=0 out_seq=0
2024-03-18T00:43:42.236 INFO:teuthology.orchestra.run.smithi162.stdout:/usr/bin/ceph: stderr
2024-03-18T00:43:41.569+0000 7f3f44ff9700 1 -- 172.21.15.162:0/1131124003 <== mgr.14152 v2:172.21.15.162:6800/2370120797 1 ==== command_reply(tid 0: 0 ) ==== 8+0+7774 (secure 0 0 0) 0x7f3f3c00af30 con 0x7f3f3003ca30
2024-03-18T00:43:42.236 INFO:teuthology.orchestra.run.smithi162.stdout:/usr/bin/ceph: stderr
2024-03-18T00:43:41.576+0000 7f3f4e1b5700 1 -- 172.21.15.162:0/1131124003 --> [v2:172.21.15.162:6800/2370120797,v1:172.21.15.162:6801/2370120797] -- command(tid 1: {"prefix": "mgr_status"}) -- 0x7f3f48063900 con 0x7f3f3003ca30
2024-03-18T00:43:42.236 INFO:teuthology.orchestra.run.smithi162.stdout:/usr/bin/ceph: stderr
2024-03-18T00:43:41.576+0000 7f3f44ff9700 1 -- 172.21.15.162:0/1131124003 <== mgr.14152 v2:172.21.15.162:6800/2370120797 2 ==== command_reply(tid 1: 0 ) ==== 8+0+52 (secure 0 0 0) 0x7f3f48063900 con 0x7f3f3003ca30
2024-03-18T00:43:42.236 INFO:teuthology.orchestra.run.smithi162.stdout:/usr/bin/ceph: stderr
2024-03-18T00:43:41.576+0000 7f3f4e1b5700 1 -- 172.21.15.162:0/1131124003 >> [v2:172.21.15.162:6800/2370120797,v1:172.21.15.162:6801/2370120797] conn(0x7f3f3003ca30 msgr2=0x7f3f3003ee20 secure :-1 s=STATE_CONNECTION_ESTABLISHED l=1).mark_down
2024-03-18T00:43:42.236 INFO:teuthology.orchestra.run.smithi162.stdout:/usr/bin/ceph: stderr
2024-03-18T00:43:41.576+0000 7f3f4e1b5700 1 --2- 172.21.15.162:0/1131124003 >> [v2:172.21.15.162:6800/2370120797,v1:172.21.15.162:6801/2370120797] conn(0x7f3f3003ca30 0x7f3f3003ee20 secure :-1 s=READY pgs=2 cs=0 l=1 rev1=1 crypto rx=0x7f3f38003a10 tx=0x7f3f38009270 comp rx=0 tx=0).stop
2024-03-18T00:43:42.236 INFO:teuthology.orchestra.run.smithi162.stdout:/usr/bin/ceph: stderr
2024-03-18T00:43:41.576+0000 7f3f4e1b5700 1 -- 172.21.15.162:0/1131124003 >> [v2:172.21.15.162:3300/0,v1:172.21.15.162:6789/0] conn(0x7f3f48106580 msgr2=0x7f3f4819dcf0 secure :-1 s=STATE_CONNECTION_ESTABLISHED l=1).mark_down
2024-03-18T00:43:42.236 INFO:teuthology.orchestra.run.smithi162.stdout:/usr/bin/ceph: stderr
2024-03-18T00:43:41.576+0000 7f3f4e1b5700 1 --2- 172.21.15.162:0/1131124003 >> [v2:172.21.15.162:3300/0,v1:172.21.15.162:6789/0] conn(0x7f3f48106580 0x7f3f4819dcf0 secure :-1 s=READY pgs=62 cs=0 l=1 rev1=1 crypto rx=0x7f3f3c011670 tx=0x7f3f3c011ab0 comp rx=0 tx=0).stop
2024-03-18T00:43:42.236 INFO:teuthology.orchestra.run.smithi162.stdout:/usr/bin/ceph: stderr
2024-03-18T00:43:41.576+0000 7f3f4e1b5700 1 -- 172.21.15.162:0/1131124003 shutdown_connections
2024-03-18T00:43:42.236 INFO:teuthology.orchestra.run.smithi162.stdout:/usr/bin/ceph: stderr
2024-03-18T00:43:41.576+0000 7f3f4e1b5700 1 --2- 172.21.15.162:0/1131124003 >> [v2:172.21.15.162:6800/2370120797,v1:172.21.15.162:6801/2370120797] conn(0x7f3f3003ca30 0x7f3f3003ee20 unknown :-1 s=CLOSED pgs=2 cs=0 l=1 rev1=1 crypto rx=0 tx=0 comp rx=0 tx=0).stop
2024-03-18T00:43:42.236 INFO:teuthology.orchestra.run.smithi162.stdout:/usr/bin/ceph: stderr
2024-03-18T00:43:41.576+0000 7f3f4e1b5700 1 --2- 172.21.15.162:0/1131124003 >> [v2:172.21.15.162:3300/0,v1:172.21.15.162:6789/0] conn(0x7f3f48106580 0x7f3f4819dcf0 unknown :-1 s=CLOSED pgs=62 cs=0 l=1 rev1=1 crypto rx=0 tx=0 comp rx=0 tx=0).stop
2024-03-18T00:43:42.236 INFO:teuthology.orchestra.run.smithi162.stdout:/usr/bin/ceph: stderr
2024-03-18T00:43:41.577+0000 7f3f4e1b5700 1 --2- 172.21.15.162:0/1131124003 >> [v2:172.21.15.162:6800/3202009002,v1:172.21.15.162:6801/3202009002] conn(0x7f3f30038f80 0x7f3f3003b440 unknown :-1 s=CLOSED pgs=0 cs=0 l=1 rev1=0 crypto rx=0 tx=0 comp rx=0 tx=0).stop
2024-03-18T00:43:42.236 INFO:teuthology.orchestra.run.smithi162.stdout:/usr/bin/ceph: stderr
2024-03-18T00:43:41.577+0000 7f3f4e1b5700 1 -- 172.21.15.162:0/1131124003 >> 172.21.15.162:0/1131124003 conn(0x7f3f48102180 msgr2=0x7f3f481949f0 unknown :-1 s=STATE_NONE l=0).mark_down
2024-03-18T00:43:42.236 INFO:teuthology.orchestra.run.smithi162.stdout:/usr/bin/ceph: stderr
2024-03-18T00:43:41.577+0000 7f3f4e1b5700 1 -- 172.21.15.162:0/1131124003 shutdown_connections
2024-03-18T00:43:42.236 INFO:teuthology.orchestra.run.smithi162.stdout:/usr/bin/ceph: stderr
2024-03-18T00:43:41.577+0000 7f3f4e1b5700 1 -- 172.21.15.162:0/1131124003 wait complete.
2024-03-18T00:43:42.236 INFO:teuthology.orchestra.run.smithi162.stdout:mgr epoch 9 is available
2024-03-18T00:43:42.237 INFO:teuthology.orchestra.run.smithi162.stdout:Generating a dashboard self-signed certificate...
2024-03-18T00:43:42.865 INFO:journalctl@ceph.mon.a.smithi162.stdout:Mar 18 00:43:42 smithi162 ceph-mon[32185]: [18/Mar/2024:00:43:41] ENGINE Bus STARTING
2024-03-18T00:43:42.865 INFO:journalctl@ceph.mon.a.smithi162.stdout:Mar 18 00:43:42 smithi162 ceph-mon[32185]: [18/Mar/2024:00:43:41] ENGINE Serving on http://172.21.15.162:8765
2024-03-18T00:43:42.865 INFO:journalctl@ceph.mon.a.smithi162.stdout:Mar 18 00:43:42 smithi162 ceph-mon[32185]: from='client.14156 -' entity='client.admin' cmd=[{"prefix": "get_command_descriptions"}]: dispatch
2024-03-18T00:43:42.865 INFO:journalctl@ceph.mon.a.smithi162.stdout:Mar 18 00:43:42 smithi162 ceph-mon[32185]: from='client.14156 -' entity='client.admin' cmd=[{"prefix": "mgr_status"}]: dispatch
2024-03-18T00:43:42.865 INFO:journalctl@ceph.mon.a.smithi162.stdout:Mar 18 00:43:42 smithi162 ceph-mon[32185]: [18/Mar/2024:00:43:41] ENGINE Serving on https://172.21.15.162:7150
2024-03-18T00:43:42.865 INFO:journalctl@ceph.mon.a.smithi162.stdout:Mar 18 00:43:42 smithi162 ceph-mon[32185]: [18/Mar/2024:00:43:41] ENGINE Bus STARTED
2024-03-18T00:43:43.646 INFO:teuthology.orchestra.run.smithi162.stdout:/usr/bin/ceph: stdout Self-signed certificate created
2024-03-18T00:43:43.646 INFO:teuthology.orchestra.run.smithi162.stdout:/usr/bin/ceph: stderr
2024-03-18T00:43:42.658+0000 7f30007a9700 1 Processor -- start
2024-03-18T00:43:43.646 INFO:teuthology.orchestra.run.smithi162.stdout:/usr/bin/ceph: stderr
2024-03-18T00:43:42.658+0000 7f30007a9700 1 -- start start
2024-03-18T00:43:43.646 INFO:teuthology.orchestra.run.smithi162.stdout:/usr/bin/ceph: stderr
2024-03-18T00:43:42.658+0000 7f30007a9700 1 --2- >> [v2:172.21.15.162:3300/0,v1:172.21.15.162:6789/0] conn(0x7f2ff8106bf0 0x7f2ff8107010 unknown :-1 s=NONE pgs=0 cs=0 l=0 rev1=0 crypto rx=0 tx=0 comp rx=0 tx=0).connect
2024-03-18T00:43:43.646 INFO:teuthology.orchestra.run.smithi162.stdout:/usr/bin/ceph: stderr
2024-03-18T00:43:42.658+0000 7f30007a9700 1 -- --> [v2:172.21.15.162:3300/0,v1:172.21.15.162:6789/0] -- mon_getmap magic: 0 -- 0x7f2ff81075e0 con 0x7f2ff8106bf0
2024-03-18T00:43:43.646 INFO:teuthology.orchestra.run.smithi162.stdout:/usr/bin/ceph: stderr
2024-03-18T00:43:42.659+0000 7f2ffe545700 1 --2- >> [v2:172.21.15.162:3300/0,v1:172.21.15.162:6789/0] conn(0x7f2ff8106bf0 0x7f2ff8107010 unknown :-1 s=BANNER_CONNECTING pgs=0 cs=0 l=0 rev1=0 crypto rx=0 tx=0 comp rx=0 tx=0)._handle_peer_banner_payload supported=3 required=0
2024-03-18T00:43:43.646 INFO:teuthology.orchestra.run.smithi162.stdout:/usr/bin/ceph: stderr
2024-03-18T00:43:42.659+0000 7f2ffe545700 1 --2- >> [v2:172.21.15.162:3300/0,v1:172.21.15.162:6789/0] conn(0x7f2ff8106bf0 0x7f2ff8107010 unknown :-1 s=HELLO_CONNECTING pgs=0 cs=0 l=0 rev1=1 crypto rx=0 tx=0 comp rx=0 tx=0).handle_hello peer v2:172.21.15.162:3300/0 says I am v2:172.21.15.162:43016/0 (socket says 172.21.15.162:43016)
2024-03-18T00:43:43.646 INFO:teuthology.orchestra.run.smithi162.stdout:/usr/bin/ceph: stderr
2024-03-18T00:43:42.659+0000 7f2ffe545700 1 -- 172.21.15.162:0/764175322 learned_addr learned my addr 172.21.15.162:0/764175322 (peer_addr_for_me v2:172.21.15.162:0/0)
2024-03-18T00:43:43.646 INFO:teuthology.orchestra.run.smithi162.stdout:/usr/bin/ceph: stderr
2024-03-18T00:43:42.659+0000 7f2ffe545700 1 -- 172.21.15.162:0/764175322 --> [v2:172.21.15.162:3300/0,v1:172.21.15.162:6789/0] -- mon_subscribe({config=0+,monmap=0+}) -- 0x7f2ff8107df0 con 0x7f2ff8106bf0
2024-03-18T00:43:43.646 INFO:teuthology.orchestra.run.smithi162.stdout:/usr/bin/ceph: stderr
2024-03-18T00:43:42.659+0000 7f2ffe545700 1 --2- 172.21.15.162:0/764175322 >> [v2:172.21.15.162:3300/0,v1:172.21.15.162:6789/0] conn(0x7f2ff8106bf0 0x7f2ff8107010 secure :-1 s=READY pgs=70 cs=0 l=1 rev1=1 crypto rx=0x7f2ff40098a0 tx=0x7f2ff4009bb0 comp rx=0 tx=0).ready entity=mon.0 client_cookie=17318eec10766da9 server_cookie=0 in_seq=0 out_seq=0
2024-03-18T00:43:43.646 INFO:teuthology.orchestra.run.smithi162.stdout:/usr/bin/ceph: stderr
2024-03-18T00:43:42.659+0000 7f2ffd543700 1 -- 172.21.15.162:0/764175322 <== mon.0 v2:172.21.15.162:3300/0 1 ==== mon_map magic: 0 ==== 205+0+0 (secure 0 0 0) 0x7f2ff4004160 con 0x7f2ff8106bf0
2024-03-18T00:43:43.646 INFO:teuthology.orchestra.run.smithi162.stdout:/usr/bin/ceph: stderr
2024-03-18T00:43:42.659+0000 7f2ffd543700 1 -- 172.21.15.162:0/764175322 <== mon.0 v2:172.21.15.162:3300/0 2 ==== config(26 keys) ==== 1102+0+0 (secure 0 0 0) 0x7f2ff4004300 con 0x7f2ff8106bf0
2024-03-18T00:43:43.647 INFO:teuthology.orchestra.run.smithi162.stdout:/usr/bin/ceph: stderr
2024-03-18T00:43:42.659+0000 7f2ffd543700 1 -- 172.21.15.162:0/764175322 <== mon.0 v2:172.21.15.162:3300/0 3 ==== mon_map magic: 0 ==== 205+0+0 (secure 0 0 0) 0x7f2ff4011a50 con 0x7f2ff8106bf0
2024-03-18T00:43:43.647 INFO:teuthology.orchestra.run.smithi162.stdout:/usr/bin/ceph: stderr
2024-03-18T00:43:42.660+0000 7f30007a9700 1 -- 172.21.15.162:0/764175322 >> [v2:172.21.15.162:3300/0,v1:172.21.15.162:6789/0] conn(0x7f2ff8106bf0 msgr2=0x7f2ff8107010 secure :-1 s=STATE_CONNECTION_ESTABLISHED l=1).mark_down
2024-03-18T00:43:43.647 INFO:teuthology.orchestra.run.smithi162.stdout:/usr/bin/ceph: stderr
2024-03-18T00:43:42.660+0000 7f30007a9700 1 --2- 172.21.15.162:0/764175322 >> [v2:172.21.15.162:3300/0,v1:172.21.15.162:6789/0] conn(0x7f2ff8106bf0 0x7f2ff8107010 secure :-1 s=READY pgs=70 cs=0 l=1 rev1=1 crypto rx=0x7f2ff40098a0 tx=0x7f2ff4009bb0 comp rx=0 tx=0).stop
2024-03-18T00:43:43.647 INFO:teuthology.orchestra.run.smithi162.stdout:/usr/bin/ceph: stderr
2024-03-18T00:43:42.660+0000 7f30007a9700 1 -- 172.21.15.162:0/764175322 shutdown_connections
2024-03-18T00:43:43.647 INFO:teuthology.orchestra.run.smithi162.stdout:/usr/bin/ceph: stderr
2024-03-18T00:43:42.660+0000 7f30007a9700 1 --2- 172.21.15.162:0/764175322 >> [v2:172.21.15.162:3300/0,v1:172.21.15.162:6789/0] conn(0x7f2ff8106bf0 0x7f2ff8107010 unknown :-1 s=CLOSED pgs=70 cs=0 l=1 rev1=1 crypto rx=0 tx=0 comp rx=0 tx=0).stop
2024-03-18T00:43:43.647 INFO:teuthology.orchestra.run.smithi162.stdout:/usr/bin/ceph: stderr
2024-03-18T00:43:42.660+0000 7f30007a9700 1 -- 172.21.15.162:0/764175322 >> 172.21.15.162:0/764175322 conn(0x7f2ff81021b0 msgr2=0x7f2ff81045d0 unknown :-1 s=STATE_NONE l=0).mark_down
2024-03-18T00:43:43.647 INFO:teuthology.orchestra.run.smithi162.stdout:/usr/bin/ceph: stderr
2024-03-18T00:43:42.660+0000 7f30007a9700 1 -- 172.21.15.162:0/764175322 shutdown_connections
2024-03-18T00:43:43.647 INFO:teuthology.orchestra.run.smithi162.stdout:/usr/bin/ceph: stderr
2024-03-18T00:43:42.660+0000 7f30007a9700 1 -- 172.21.15.162:0/764175322 wait complete.
2024-03-18T00:43:43.647 INFO:teuthology.orchestra.run.smithi162.stdout:/usr/bin/ceph: stderr
2024-03-18T00:43:42.660+0000 7f30007a9700 1 Processor -- start
2024-03-18T00:43:43.647 INFO:teuthology.orchestra.run.smithi162.stdout:/usr/bin/ceph: stderr
2024-03-18T00:43:42.660+0000 7f30007a9700 1 -- start start
2024-03-18T00:43:43.647 INFO:teuthology.orchestra.run.smithi162.stdout:/usr/bin/ceph: stderr
2024-03-18T00:43:42.661+0000 7f30007a9700 1 --2- >> [v2:172.21.15.162:3300/0,v1:172.21.15.162:6789/0] conn(0x7f2ff8106bf0 0x7f2ff8199960 unknown :-1 s=NONE pgs=0 cs=0 l=1 rev1=0 crypto rx=0 tx=0 comp rx=0 tx=0).connect
2024-03-18T00:43:43.647 INFO:teuthology.orchestra.run.smithi162.stdout:/usr/bin/ceph: stderr
2024-03-18T00:43:42.661+0000 7f30007a9700 1 -- --> [v2:172.21.15.162:3300/0,v1:172.21.15.162:6789/0] -- mon_getmap magic: 0 -- 0x7f2ff8062710 con 0x7f2ff8106bf0
2024-03-18T00:43:43.647 INFO:teuthology.orchestra.run.smithi162.stdout:/usr/bin/ceph: stderr
2024-03-18T00:43:42.661+0000 7f2ffe545700 1 --2- >> [v2:172.21.15.162:3300/0,v1:172.21.15.162:6789/0] conn(0x7f2ff8106bf0 0x7f2ff8199960 unknown :-1 s=BANNER_CONNECTING pgs=0 cs=0 l=1 rev1=0 crypto rx=0 tx=0 comp rx=0 tx=0)._handle_peer_banner_payload supported=3 required=0
2024-03-18T00:43:43.647 INFO:teuthology.orchestra.run.smithi162.stdout:/usr/bin/ceph: stderr
2024-03-18T00:43:42.661+0000 7f2ffe545700 1 --2- >> [v2:172.21.15.162:3300/0,v1:172.21.15.162:6789/0] conn(0x7f2ff8106bf0 0x7f2ff8199960 unknown :-1 s=HELLO_CONNECTING pgs=0 cs=0 l=1 rev1=1 crypto rx=0 tx=0 comp rx=0 tx=0).handle_hello peer v2:172.21.15.162:3300/0 says I am v2:172.21.15.162:43022/0 (socket says 172.21.15.162:43022)
2024-03-18T00:43:43.647 INFO:teuthology.orchestra.run.smithi162.stdout:/usr/bin/ceph: stderr
2024-03-18T00:43:42.661+0000 7f2ffe545700 1 -- 172.21.15.162:0/3897315083 learned_addr learned my addr 172.21.15.162:0/3897315083 (peer_addr_for_me v2:172.21.15.162:0/0)
2024-03-18T00:43:43.648 INFO:teuthology.orchestra.run.smithi162.stdout:/usr/bin/ceph: stderr
2024-03-18T00:43:42.661+0000 7f2ffe545700 1 -- 172.21.15.162:0/3897315083 --> [v2:172.21.15.162:3300/0,v1:172.21.15.162:6789/0] -- mon_subscribe({config=0+,monmap=0+}) -- 0x7f2ff8199ea0 con 0x7f2ff8106bf0
2024-03-18T00:43:43.648 INFO:teuthology.orchestra.run.smithi162.stdout:/usr/bin/ceph: stderr
2024-03-18T00:43:42.661+0000 7f2ffe545700 1 --2- 172.21.15.162:0/3897315083 >> [v2:172.21.15.162:3300/0,v1:172.21.15.162:6789/0] conn(0x7f2ff8106bf0 0x7f2ff8199960 secure :-1 s=READY pgs=71 cs=0 l=1 rev1=1 crypto rx=0x7f2ff4011670 tx=0x7f2ff4011ab0 comp rx=0 tx=0).ready entity=mon.0 client_cookie=0 server_cookie=0 in_seq=0 out_seq=0
2024-03-18T00:43:43.648 INFO:teuthology.orchestra.run.smithi162.stdout:/usr/bin/ceph: stderr
2024-03-18T00:43:42.661+0000 7f2fef7fe700 1 -- 172.21.15.162:0/3897315083 <== mon.0 v2:172.21.15.162:3300/0 1 ==== mon_map magic: 0 ==== 205+0+0 (secure 0 0 0) 0x7f2ff40038b0 con 0x7f2ff8106bf0
2024-03-18T00:43:43.648 INFO:teuthology.orchestra.run.smithi162.stdout:/usr/bin/ceph: stderr
2024-03-18T00:43:42.661+0000 7f30007a9700 1 -- 172.21.15.162:0/3897315083 --> [v2:172.21.15.162:3300/0,v1:172.21.15.162:6789/0] -- mon_subscribe({mgrmap=0+}) -- 0x7f2ff819a130 con 0x7f2ff8106bf0
2024-03-18T00:43:43.648 INFO:teuthology.orchestra.run.smithi162.stdout:/usr/bin/ceph: stderr
2024-03-18T00:43:42.661+0000 7f2fef7fe700 1 -- 172.21.15.162:0/3897315083 <== mon.0 v2:172.21.15.162:3300/0 2 ==== config(26 keys) ==== 1102+0+0 (secure 0 0 0) 0x7f2ff4003a50 con 0x7f2ff8106bf0
2024-03-18T00:43:43.648 INFO:teuthology.orchestra.run.smithi162.stdout:/usr/bin/ceph: stderr
2024-03-18T00:43:42.661+0000 7f2fef7fe700 1 -- 172.21.15.162:0/3897315083 <== mon.0 v2:172.21.15.162:3300/0 3 ==== mon_map magic: 0 ==== 205+0+0 (secure 0 0 0) 0x7f2ff40195c0 con 0x7f2ff8106bf0
2024-03-18T00:43:43.648 INFO:teuthology.orchestra.run.smithi162.stdout:/usr/bin/ceph: stderr
2024-03-18T00:43:42.661+0000 7f30007a9700 1 -- 172.21.15.162:0/3897315083 --> [v2:172.21.15.162:3300/0,v1:172.21.15.162:6789/0] -- mon_subscribe({osdmap=0}) -- 0x7f2ff819ce20 con 0x7f2ff8106bf0
2024-03-18T00:43:43.648 INFO:teuthology.orchestra.run.smithi162.stdout:/usr/bin/ceph: stderr
2024-03-18T00:43:42.662+0000 7f2fef7fe700 1 -- 172.21.15.162:0/3897315083 <== mon.0 v2:172.21.15.162:3300/0 4 ==== mgrmap(e 12) ==== 46119+0+0 (secure 0 0 0) 0x7f2ff40198c0 con 0x7f2ff8106bf0
2024-03-18T00:43:43.648 INFO:teuthology.orchestra.run.smithi162.stdout:/usr/bin/ceph: stderr
2024-03-18T00:43:42.662+0000 7f2fef7fe700 1 --2- 172.21.15.162:0/3897315083 >> [v2:172.21.15.162:6800/2370120797,v1:172.21.15.162:6801/2370120797] conn(0x7f2fe403b150 0x7f2fe403d610 unknown :-1 s=NONE pgs=0 cs=0 l=1 rev1=0 crypto rx=0 tx=0 comp rx=0 tx=0).connect
2024-03-18T00:43:43.648 INFO:teuthology.orchestra.run.smithi162.stdout:/usr/bin/ceph: stderr
2024-03-18T00:43:42.662+0000 7f2fef7fe700 1 -- 172.21.15.162:0/3897315083 <== mon.0 v2:172.21.15.162:3300/0 5 ==== osd_map(3..3 src has 1..3) ==== 1155+0+0 (secure 0 0 0) 0x7f2ff404d4f0 con 0x7f2ff8106bf0
2024-03-18T00:43:43.648 INFO:teuthology.orchestra.run.smithi162.stdout:/usr/bin/ceph: stderr
2024-03-18T00:43:42.662+0000 7f2ffdd44700 1 --2- 172.21.15.162:0/3897315083 >> [v2:172.21.15.162:6800/2370120797,v1:172.21.15.162:6801/2370120797] conn(0x7f2fe403b150 0x7f2fe403d610 unknown :-1 s=BANNER_CONNECTING pgs=0 cs=0 l=1 rev1=0 crypto rx=0 tx=0 comp rx=0 tx=0)._handle_peer_banner_payload supported=3 required=0
2024-03-18T00:43:43.648 INFO:teuthology.orchestra.run.smithi162.stdout:/usr/bin/ceph: stderr
2024-03-18T00:43:42.662+0000 7f30007a9700 1 -- 172.21.15.162:0/3897315083 --> [v2:172.21.15.162:3300/0,v1:172.21.15.162:6789/0] -- mon_command({"prefix": "get_command_descriptions"} v 0) -- 0x7f2ff8063900 con 0x7f2ff8106bf0
2024-03-18T00:43:43.648 INFO:teuthology.orchestra.run.smithi162.stdout:/usr/bin/ceph: stderr
2024-03-18T00:43:42.663+0000 7f2ffdd44700 1 --2- 172.21.15.162:0/3897315083 >> [v2:172.21.15.162:6800/2370120797,v1:172.21.15.162:6801/2370120797] conn(0x7f2fe403b150 0x7f2fe403d610 secure :-1 s=READY pgs=7 cs=0 l=1 rev1=1 crypto rx=0x7f2fe8006fd0 tx=0x7f2fe8006e40 comp rx=0 tx=0).ready entity=mgr.14152 client_cookie=0 server_cookie=0 in_seq=0 out_seq=0
2024-03-18T00:43:43.648 INFO:teuthology.orchestra.run.smithi162.stdout:/usr/bin/ceph: stderr
2024-03-18T00:43:42.667+0000 7f2fef7fe700 1 -- 172.21.15.162:0/3897315083 <== mon.0 v2:172.21.15.162:3300/0 6 ==== mon_command_ack([{"prefix": "get_command_descriptions"}]=0 v0) ==== 72+0+186149 (secure 0 0 0) 0x7f2ff400bc20 con 0x7f2ff8106bf0
2024-03-18T00:43:43.649 INFO:teuthology.orchestra.run.smithi162.stdout:/usr/bin/ceph: stderr
2024-03-18T00:43:42.868+0000 7f30007a9700 1 -- 172.21.15.162:0/3897315083 --> [v2:172.21.15.162:6800/2370120797,v1:172.21.15.162:6801/2370120797] -- mgr_command(tid 0: {"prefix": "dashboard create-self-signed-cert", "target": ["mon-mgr", ""]}) -- 0x7f2ff802dda0 con 0x7f2fe403b150
2024-03-18T00:43:43.649 INFO:teuthology.orchestra.run.smithi162.stdout:/usr/bin/ceph: stderr
2024-03-18T00:43:42.956+0000 7f2fef7fe700 1 -- 172.21.15.162:0/3897315083 <== mgr.14152 v2:172.21.15.162:6800/2370120797 1 ==== mgr_command_reply(tid 0: 0 ) ==== 8+0+32 (secure 0 0 0) 0x7f2ff802dda0 con 0x7f2fe403b150
2024-03-18T00:43:43.649 INFO:teuthology.orchestra.run.smithi162.stdout:/usr/bin/ceph: stderr
2024-03-18T00:43:42.958+0000 7f30007a9700 1 -- 172.21.15.162:0/3897315083 >> [v2:172.21.15.162:6800/2370120797,v1:172.21.15.162:6801/2370120797] conn(0x7f2fe403b150 msgr2=0x7f2fe403d610 secure :-1 s=STATE_CONNECTION_ESTABLISHED l=1).mark_down
2024-03-18T00:43:43.649 INFO:teuthology.orchestra.run.smithi162.stdout:/usr/bin/ceph: stderr
2024-03-18T00:43:42.958+0000 7f30007a9700 1 --2- 172.21.15.162:0/3897315083 >> [v2:172.21.15.162:6800/2370120797,v1:172.21.15.162:6801/2370120797] conn(0x7f2fe403b150 0x7f2fe403d610 secure :-1 s=READY pgs=7 cs=0 l=1 rev1=1 crypto rx=0x7f2fe8006fd0 tx=0x7f2fe8006e40 comp rx=0 tx=0).stop
2024-03-18T00:43:43.649 INFO:teuthology.orchestra.run.smithi162.stdout:/usr/bin/ceph: stderr
2024-03-18T00:43:42.958+0000 7f30007a9700 1 -- 172.21.15.162:0/3897315083 >> [v2:172.21.15.162:3300/0,v1:172.21.15.162:6789/0] conn(0x7f2ff8106bf0 msgr2=0x7f2ff8199960 secure :-1 s=STATE_CONNECTION_ESTABLISHED l=1).mark_down
2024-03-18T00:43:43.649 INFO:teuthology.orchestra.run.smithi162.stdout:/usr/bin/ceph: stderr
2024-03-18T00:43:42.958+0000 7f30007a9700 1 --2- 172.21.15.162:0/3897315083 >> [v2:172.21.15.162:3300/0,v1:172.21.15.162:6789/0] conn(0x7f2ff8106bf0 0x7f2ff8199960 secure :-1 s=READY pgs=71 cs=0 l=1 rev1=1 crypto rx=0x7f2ff4011670 tx=0x7f2ff4011ab0 comp rx=0 tx=0).stop
2024-03-18T00:43:43.649 INFO:teuthology.orchestra.run.smithi162.stdout:/usr/bin/ceph: stderr
2024-03-18T00:43:42.958+0000 7f30007a9700 1 -- 172.21.15.162:0/3897315083 shutdown_connections
2024-03-18T00:43:43.649 INFO:teuthology.orchestra.run.smithi162.stdout:/usr/bin/ceph: stderr
2024-03-18T00:43:42.958+0000 7f30007a9700 1 --2- 172.21.15.162:0/3897315083 >> [v2:172.21.15.162:6800/2370120797,v1:172.21.15.162:6801/2370120797] conn(0x7f2fe403b150 0x7f2fe403d610 unknown :-1 s=CLOSED pgs=7 cs=0 l=1 rev1=1 crypto rx=0 tx=0 comp rx=0 tx=0).stop
2024-03-18T00:43:43.649 INFO:teuthology.orchestra.run.smithi162.stdout:/usr/bin/ceph: stderr
2024-03-18T00:43:42.958+0000 7f30007a9700 1 --2- 172.21.15.162:0/3897315083 >> [v2:172.21.15.162:3300/0,v1:172.21.15.162:6789/0] conn(0x7f2ff8106bf0 0x7f2ff8199960 unknown :-1 s=CLOSED pgs=71 cs=0 l=1 rev1=1 crypto rx=0 tx=0 comp rx=0 tx=0).stop
2024-03-18T00:43:43.649 INFO:teuthology.orchestra.run.smithi162.stdout:/usr/bin/ceph: stderr
2024-03-18T00:43:42.958+0000 7f30007a9700 1 -- 172.21.15.162:0/3897315083 >> 172.21.15.162:0/3897315083 conn(0x7f2ff81021b0 msgr2=0x7f2ff81905c0 unknown :-1 s=STATE_NONE l=0).mark_down
2024-03-18T00:43:43.649 INFO:teuthology.orchestra.run.smithi162.stdout:/usr/bin/ceph: stderr
2024-03-18T00:43:42.959+0000 7f30007a9700 1 -- 172.21.15.162:0/3897315083 shutdown_connections
2024-03-18T00:43:43.649 INFO:teuthology.orchestra.run.smithi162.stdout:/usr/bin/ceph: stderr
2024-03-18T00:43:42.959+0000 7f30007a9700 1 -- 172.21.15.162:0/3897315083 wait complete.
2024-03-18T00:43:43.649 INFO:teuthology.orchestra.run.smithi162.stdout:Creating initial admin user...
2024-03-18T00:43:43.865 INFO:journalctl@ceph.mon.a.smithi162.stdout:Mar 18 00:43:43 smithi162 ceph-mon[32185]: mgrmap e12: x(active, since 2s)
2024-03-18T00:43:43.865 INFO:journalctl@ceph.mon.a.smithi162.stdout:Mar 18 00:43:43 smithi162 ceph-mon[32185]: from='mgr.14152 172.21.15.162:0/851257622' entity='mgr.x'
2024-03-18T00:43:43.865 INFO:journalctl@ceph.mon.a.smithi162.stdout:Mar 18 00:43:43 smithi162 ceph-mon[32185]: from='mgr.14152 172.21.15.162:0/851257622' entity='mgr.x'
2024-03-18T00:43:43.865 INFO:journalctl@ceph.mon.a.smithi162.stdout:Mar 18 00:43:43 smithi162 ceph-mon[32185]: from='mgr.14152 172.21.15.162:0/851257622' entity='mgr.x'
2024-03-18T00:43:44.895 INFO:journalctl@ceph.mon.a.smithi162.stdout:Mar 18 00:43:44 smithi162 ceph-mon[32185]: from='client.14164 -' entity='client.admin' cmd=[{"prefix": "dashboard create-self-signed-cert", "target": ["mon-mgr", ""]}]: dispatch
2024-03-18T00:43:44.895 INFO:journalctl@ceph.mon.a.smithi162.stdout:Mar 18 00:43:44 smithi162 ceph-mon[32185]: from='mgr.14152 172.21.15.162:0/851257622' entity='mgr.x'
2024-03-18T00:43:44.895 INFO:journalctl@ceph.mon.a.smithi162.stdout:Mar 18 00:43:44 smithi162 ceph-mon[32185]: from='mgr.14152 172.21.15.162:0/851257622' entity='mgr.x'
2024-03-18T00:43:45.293 INFO:teuthology.orchestra.run.smithi162.stdout:/usr/bin/ceph: stdout {"username": "admin", "password": "$2b$12$7SS5WKoYQ8ThpPE/VK2GLuFxFTEQz8NxQgcUnZ6mM0sJpkTz.xGri", "roles": ["administrator"], "name": null, "email": null, "lastUpdate": 1710722624, "enabled": true, "pwdExpirationDate": null, "pwdUpdateRequired": true}
2024-03-18T00:43:45.294 INFO:teuthology.orchestra.run.smithi162.stdout:/usr/bin/ceph: stderr
2024-03-18T00:43:44.080+0000 7efe3d44c700 1 Processor -- start
2024-03-18T00:43:45.294 INFO:teuthology.orchestra.run.smithi162.stdout:/usr/bin/ceph: stderr
2024-03-18T00:43:44.080+0000 7efe3d44c700 1 -- start start
2024-03-18T00:43:45.294 INFO:teuthology.orchestra.run.smithi162.stdout:/usr/bin/ceph: stderr
2024-03-18T00:43:44.080+0000 7efe3d44c700 1 --2- >> [v2:172.21.15.162:3300/0,v1:172.21.15.162:6789/0] conn(0x7efe381087c0 0x7efe3810abb0 unknown :-1 s=NONE pgs=0 cs=0 l=0 rev1=0 crypto rx=0 tx=0 comp rx=0 tx=0).connect
2024-03-18T00:43:45.294 INFO:teuthology.orchestra.run.smithi162.stdout:/usr/bin/ceph: stderr
2024-03-18T00:43:44.080+0000 7efe3d44c700 1 -- --> [v2:172.21.15.162:3300/0,v1:172.21.15.162:6789/0] -- mon_getmap magic: 0 -- 0x7efe38063590 con 0x7efe381087c0
2024-03-18T00:43:45.294 INFO:teuthology.orchestra.run.smithi162.stdout:/usr/bin/ceph: stderr
2024-03-18T00:43:44.080+0000 7efe36ffd700 1 --2- >> [v2:172.21.15.162:3300/0,v1:172.21.15.162:6789/0] conn(0x7efe381087c0 0x7efe3810abb0 unknown :-1 s=BANNER_CONNECTING pgs=0 cs=0 l=0 rev1=0 crypto rx=0 tx=0 comp rx=0 tx=0)._handle_peer_banner_payload supported=3 required=0
2024-03-18T00:43:45.294 INFO:teuthology.orchestra.run.smithi162.stdout:/usr/bin/ceph: stderr
2024-03-18T00:43:44.080+0000 7efe36ffd700 1 --2- >> [v2:172.21.15.162:3300/0,v1:172.21.15.162:6789/0] conn(0x7efe381087c0 0x7efe3810abb0 unknown :-1 s=HELLO_CONNECTING pgs=0 cs=0 l=0 rev1=1 crypto rx=0 tx=0 comp rx=0 tx=0).handle_hello peer v2:172.21.15.162:3300/0 says I am v2:172.21.15.162:43034/0 (socket says 172.21.15.162:43034)
2024-03-18T00:43:45.294 INFO:teuthology.orchestra.run.smithi162.stdout:/usr/bin/ceph: stderr
2024-03-18T00:43:44.080+0000 7efe36ffd700 1 -- 172.21.15.162:0/1122199445 learned_addr learned my addr 172.21.15.162:0/1122199445 (peer_addr_for_me v2:172.21.15.162:0/0)
2024-03-18T00:43:45.294 INFO:teuthology.orchestra.run.smithi162.stdout:/usr/bin/ceph: stderr
2024-03-18T00:43:44.080+0000 7efe36ffd700 1 -- 172.21.15.162:0/1122199445 --> [v2:172.21.15.162:3300/0,v1:172.21.15.162:6789/0] -- mon_subscribe({config=0+,monmap=0+}) -- 0x7efe3810b0f0 con 0x7efe381087c0
2024-03-18T00:43:45.294 INFO:teuthology.orchestra.run.smithi162.stdout:/usr/bin/ceph: stderr
2024-03-18T00:43:44.081+0000 7efe36ffd700 1 --2- 172.21.15.162:0/1122199445 >> [v2:172.21.15.162:3300/0,v1:172.21.15.162:6789/0] conn(0x7efe381087c0 0x7efe3810abb0 secure :-1 s=READY pgs=72 cs=0 l=1 rev1=1 crypto rx=0x7efe280098a0 tx=0x7efe28009bb0 comp rx=0 tx=0).ready entity=mon.0 client_cookie=ced08a577f16286c server_cookie=0 in_seq=0 out_seq=0
2024-03-18T00:43:45.294 INFO:teuthology.orchestra.run.smithi162.stdout:/usr/bin/ceph: stderr
2024-03-18T00:43:44.081+0000 7efe35ffb700 1 -- 172.21.15.162:0/1122199445 <== mon.0 v2:172.21.15.162:3300/0 1 ==== mon_map magic: 0 ==== 205+0+0 (secure 0 0 0) 0x7efe28004160 con 0x7efe381087c0
2024-03-18T00:43:45.294 INFO:teuthology.orchestra.run.smithi162.stdout:/usr/bin/ceph: stderr
2024-03-18T00:43:44.081+0000 7efe35ffb700 1 -- 172.21.15.162:0/1122199445 <== mon.0 v2:172.21.15.162:3300/0 2 ==== config(26 keys) ==== 1102+0+0 (secure 0 0 0) 0x7efe28004300 con 0x7efe381087c0
2024-03-18T00:43:45.294 INFO:teuthology.orchestra.run.smithi162.stdout:/usr/bin/ceph: stderr
2024-03-18T00:43:44.081+0000 7efe35ffb700 1 -- 172.21.15.162:0/1122199445 <== mon.0 v2:172.21.15.162:3300/0 3 ==== mon_map magic: 0 ==== 205+0+0 (secure 0 0 0) 0x7efe28011a50 con 0x7efe381087c0
2024-03-18T00:43:45.295 INFO:teuthology.orchestra.run.smithi162.stdout:/usr/bin/ceph: stderr
2024-03-18T00:43:44.082+0000 7efe3d44c700 1 -- 172.21.15.162:0/1122199445 >> [v2:172.21.15.162:3300/0,v1:172.21.15.162:6789/0] conn(0x7efe381087c0 msgr2=0x7efe3810abb0 secure :-1 s=STATE_CONNECTION_ESTABLISHED l=1).mark_down
2024-03-18T00:43:45.295 INFO:teuthology.orchestra.run.smithi162.stdout:/usr/bin/ceph: stderr
2024-03-18T00:43:44.082+0000 7efe3d44c700 1 --2- 172.21.15.162:0/1122199445 >> [v2:172.21.15.162:3300/0,v1:172.21.15.162:6789/0] conn(0x7efe381087c0 0x7efe3810abb0 secure :-1 s=READY pgs=72 cs=0 l=1 rev1=1 crypto rx=0x7efe280098a0 tx=0x7efe28009bb0 comp rx=0 tx=0).stop
2024-03-18T00:43:45.295 INFO:teuthology.orchestra.run.smithi162.stdout:/usr/bin/ceph: stderr
2024-03-18T00:43:44.082+0000 7efe3d44c700 1 -- 172.21.15.162:0/1122199445 shutdown_connections
2024-03-18T00:43:45.295 INFO:teuthology.orchestra.run.smithi162.stdout:/usr/bin/ceph: stderr
2024-03-18T00:43:44.082+0000 7efe3d44c700 1 --2- 172.21.15.162:0/1122199445 >> [v2:172.21.15.162:3300/0,v1:172.21.15.162:6789/0] conn(0x7efe381087c0 0x7efe3810abb0 unknown :-1 s=CLOSED pgs=72 cs=0 l=1 rev1=1 crypto rx=0 tx=0 comp rx=0 tx=0).stop
2024-03-18T00:43:45.295 INFO:teuthology.orchestra.run.smithi162.stdout:/usr/bin/ceph: stderr
2024-03-18T00:43:44.082+0000 7efe3d44c700 1 -- 172.21.15.162:0/1122199445 >> 172.21.15.162:0/1122199445 conn(0x7efe381021b0 msgr2=0x7efe381045d0 unknown :-1 s=STATE_NONE l=0).mark_down
2024-03-18T00:43:45.295 INFO:teuthology.orchestra.run.smithi162.stdout:/usr/bin/ceph: stderr
2024-03-18T00:43:44.082+0000 7efe3d44c700 1 -- 172.21.15.162:0/1122199445 shutdown_connections
2024-03-18T00:43:45.295 INFO:teuthology.orchestra.run.smithi162.stdout:/usr/bin/ceph: stderr
2024-03-18T00:43:44.082+0000 7efe3d44c700 1 -- 172.21.15.162:0/1122199445 wait complete.
2024-03-18T00:43:45.295 INFO:teuthology.orchestra.run.smithi162.stdout:/usr/bin/ceph: stderr
2024-03-18T00:43:44.082+0000 7efe3d44c700 1 Processor -- start
2024-03-18T00:43:45.295 INFO:teuthology.orchestra.run.smithi162.stdout:/usr/bin/ceph: stderr
2024-03-18T00:43:44.083+0000 7efe3d44c700 1 -- start start
2024-03-18T00:43:45.295 INFO:teuthology.orchestra.run.smithi162.stdout:/usr/bin/ceph: stderr
2024-03-18T00:43:44.083+0000 7efe3d44c700 1 --2- >> [v2:172.21.15.162:3300/0,v1:172.21.15.162:6789/0] conn(0x7efe381087c0 0x7efe38108040 unknown :-1 s=NONE pgs=0 cs=0 l=1 rev1=0 crypto rx=0 tx=0 comp rx=0 tx=0).connect
2024-03-18T00:43:45.295 INFO:teuthology.orchestra.run.smithi162.stdout:/usr/bin/ceph: stderr
2024-03-18T00:43:44.083+0000 7efe3d44c700 1 -- --> [v2:172.21.15.162:3300/0,v1:172.21.15.162:6789/0] -- mon_getmap magic: 0 -- 0x7efe3810c0a0 con 0x7efe381087c0
2024-03-18T00:43:45.295 INFO:teuthology.orchestra.run.smithi162.stdout:/usr/bin/ceph: stderr
