2024-03-18T00:43:26.754+0000 7fa855fa9700 1 Processor -- start
2024-03-18T00:43:27.791 INFO:teuthology.orchestra.run.smithi162.stdout:/usr/bin/ceph: stderr
2024-03-18T00:43:26.754+0000 7fa855fa9700 1 -- start start
2024-03-18T00:43:27.791 INFO:teuthology.orchestra.run.smithi162.stdout:/usr/bin/ceph: stderr
2024-03-18T00:43:26.754+0000 7fa855fa9700 1 --2- >> [v2:172.21.15.162:3300/0,v1:172.21.15.162:6789/0] conn(0x7fa8501065c0 0x7fa85019dd00 unknown :-1 s=NONE pgs=0 cs=0 l=1 rev1=0 crypto rx=0 tx=0 comp rx=0 tx=0).connect
2024-03-18T00:43:27.791 INFO:teuthology.orchestra.run.smithi162.stdout:/usr/bin/ceph: stderr
2024-03-18T00:43:26.754+0000 7fa855fa9700 1 -- --> [v2:172.21.15.162:3300/0,v1:172.21.15.162:6789/0] -- mon_getmap magic: 0 -- 0x7fa850107e70 con 0x7fa8501065c0
2024-03-18T00:43:27.791 INFO:teuthology.orchestra.run.smithi162.stdout:/usr/bin/ceph: stderr
2024-03-18T00:43:26.754+0000 7fa84f7fe700 1 --2- >> [v2:172.21.15.162:3300/0,v1:172.21.15.162:6789/0] conn(0x7fa8501065c0 0x7fa85019dd00 unknown :-1 s=BANNER_CONNECTING pgs=0 cs=0 l=1 rev1=0 crypto rx=0 tx=0 comp rx=0 tx=0)._handle_peer_banner_payload supported=3 required=0
2024-03-18T00:43:27.791 INFO:teuthology.orchestra.run.smithi162.stdout:/usr/bin/ceph: stderr
2024-03-18T00:43:26.754+0000 7fa84f7fe700 1 --2- >> [v2:172.21.15.162:3300/0,v1:172.21.15.162:6789/0] conn(0x7fa8501065c0 0x7fa85019dd00 unknown :-1 s=HELLO_CONNECTING pgs=0 cs=0 l=1 rev1=1 crypto rx=0 tx=0 comp rx=0 tx=0).handle_hello peer v2:172.21.15.162:3300/0 says I am v2:172.21.15.162:36944/0 (socket says 172.21.15.162:36944)
2024-03-18T00:43:27.791 INFO:teuthology.orchestra.run.smithi162.stdout:/usr/bin/ceph: stderr
2024-03-18T00:43:26.754+0000 7fa84f7fe700 1 -- 172.21.15.162:0/2869025468 learned_addr learned my addr 172.21.15.162:0/2869025468 (peer_addr_for_me v2:172.21.15.162:0/0)
2024-03-18T00:43:27.791 INFO:teuthology.orchestra.run.smithi162.stdout:/usr/bin/ceph: stderr
2024-03-18T00:43:26.754+0000 7fa84f7fe700 1 -- 172.21.15.162:0/2869025468 --> [v2:172.21.15.162:3300/0,v1:172.21.15.162:6789/0] -- mon_subscribe({config=0+,monmap=0+}) -- 0x7fa85019e240 con 0x7fa8501065c0
2024-03-18T00:43:27.791 INFO:teuthology.orchestra.run.smithi162.stdout:/usr/bin/ceph: stderr
2024-03-18T00:43:26.755+0000 7fa84f7fe700 1 --2- 172.21.15.162:0/2869025468 >> [v2:172.21.15.162:3300/0,v1:172.21.15.162:6789/0] conn(0x7fa8501065c0 0x7fa85019dd00 secure :-1 s=READY pgs=48 cs=0 l=1 rev1=1 crypto rx=0x7fa848006af0 tx=0x7fa848011c40 comp rx=0 tx=0).ready entity=mon.0 client_cookie=0 server_cookie=0 in_seq=0 out_seq=0
2024-03-18T00:43:27.791 INFO:teuthology.orchestra.run.smithi162.stdout:/usr/bin/ceph: stderr
2024-03-18T00:43:26.755+0000 7fa84cff9700 1 -- 172.21.15.162:0/2869025468 <== mon.0 v2:172.21.15.162:3300/0 1 ==== mon_map magic: 0 ==== 205+0+0 (secure 0 0 0) 0x7fa8480039e0 con 0x7fa8501065c0
2024-03-18T00:43:27.791 INFO:teuthology.orchestra.run.smithi162.stdout:/usr/bin/ceph: stderr
2024-03-18T00:43:26.755+0000 7fa84cff9700 1 -- 172.21.15.162:0/2869025468 <== mon.0 v2:172.21.15.162:3300/0 2 ==== config(26 keys) ==== 1071+0+0 (secure 0 0 0) 0x7fa848003b80 con 0x7fa8501065c0
2024-03-18T00:43:27.791 INFO:teuthology.orchestra.run.smithi162.stdout:/usr/bin/ceph: stderr
2024-03-18T00:43:26.755+0000 7fa855fa9700 1 -- 172.21.15.162:0/2869025468 --> [v2:172.21.15.162:3300/0,v1:172.21.15.162:6789/0] -- mon_subscribe({mgrmap=0+}) -- 0x7fa85019e4d0 con 0x7fa8501065c0
2024-03-18T00:43:27.791 INFO:teuthology.orchestra.run.smithi162.stdout:/usr/bin/ceph: stderr
2024-03-18T00:43:26.755+0000 7fa84cff9700 1 -- 172.21.15.162:0/2869025468 <== mon.0 v2:172.21.15.162:3300/0 3 ==== mon_map magic: 0 ==== 205+0+0 (secure 0 0 0) 0x7fa8480196a0 con 0x7fa8501065c0
2024-03-18T00:43:27.791 INFO:teuthology.orchestra.run.smithi162.stdout:/usr/bin/ceph: stderr
2024-03-18T00:43:26.755+0000 7fa855fa9700 1 -- 172.21.15.162:0/2869025468 --> [v2:172.21.15.162:3300/0,v1:172.21.15.162:6789/0] -- mon_subscribe({osdmap=0}) -- 0x7fa8501a11b0 con 0x7fa8501065c0
2024-03-18T00:43:27.792 INFO:teuthology.orchestra.run.smithi162.stdout:/usr/bin/ceph: stderr
2024-03-18T00:43:26.756+0000 7fa84cff9700 1 -- 172.21.15.162:0/2869025468 <== mon.0 v2:172.21.15.162:3300/0 4 ==== mgrmap(e 8) ==== 46106+0+0 (secure 0 0 0) 0x7fa8480199a0 con 0x7fa8501065c0
2024-03-18T00:43:27.792 INFO:teuthology.orchestra.run.smithi162.stdout:/usr/bin/ceph: stderr
2024-03-18T00:43:26.756+0000 7fa84cff9700 1 --2- 172.21.15.162:0/2869025468 >> [v2:172.21.15.162:6800/3202009002,v1:172.21.15.162:6801/3202009002] conn(0x7fa83c038ed0 0x7fa83c03b390 unknown :-1 s=NONE pgs=0 cs=0 l=1 rev1=0 crypto rx=0 tx=0 comp rx=0 tx=0).connect
2024-03-18T00:43:27.792 INFO:teuthology.orchestra.run.smithi162.stdout:/usr/bin/ceph: stderr
2024-03-18T00:43:26.756+0000 7fa84cff9700 1 -- 172.21.15.162:0/2869025468 <== mon.0 v2:172.21.15.162:3300/0 5 ==== osd_map(2..2 src has 1..2) ==== 940+0+0 (secure 0 0 0) 0x7fa84804d5d0 con 0x7fa8501065c0
2024-03-18T00:43:27.792 INFO:teuthology.orchestra.run.smithi162.stdout:/usr/bin/ceph: stderr
2024-03-18T00:43:26.756+0000 7fa84effd700 1 --2- 172.21.15.162:0/2869025468 >> [v2:172.21.15.162:6800/3202009002,v1:172.21.15.162:6801/3202009002] conn(0x7fa83c038ed0 0x7fa83c03b390 unknown :-1 s=BANNER_CONNECTING pgs=0 cs=0 l=1 rev1=0 crypto rx=0 tx=0 comp rx=0 tx=0)._handle_peer_banner_payload supported=3 required=0
2024-03-18T00:43:27.792 INFO:teuthology.orchestra.run.smithi162.stdout:/usr/bin/ceph: stderr
2024-03-18T00:43:26.756+0000 7fa855fa9700 1 -- 172.21.15.162:0/2869025468 --> [v2:172.21.15.162:3300/0,v1:172.21.15.162:6789/0] -- mon_command({"prefix": "get_command_descriptions"} v 0) -- 0x7fa850063900 con 0x7fa8501065c0
2024-03-18T00:43:27.792 INFO:teuthology.orchestra.run.smithi162.stdout:/usr/bin/ceph: stderr
2024-03-18T00:43:26.756+0000 7fa84effd700 1 --2- 172.21.15.162:0/2869025468 >> [v2:172.21.15.162:6800/3202009002,v1:172.21.15.162:6801/3202009002] conn(0x7fa83c038ed0 0x7fa83c03b390 secure :-1 s=READY pgs=12 cs=0 l=1 rev1=1 crypto rx=0x7fa838006fd0 tx=0x7fa838006e40 comp rx=0 tx=0).ready entity=mgr.14120 client_cookie=0 server_cookie=0 in_seq=0 out_seq=0
2024-03-18T00:43:27.792 INFO:teuthology.orchestra.run.smithi162.stdout:/usr/bin/ceph: stderr
2024-03-18T00:43:26.761+0000 7fa84cff9700 1 -- 172.21.15.162:0/2869025468 <== mon.0 v2:172.21.15.162:3300/0 6 ==== mon_command_ack([{"prefix": "get_command_descriptions"}]=0 v0) ==== 72+0+186149 (secure 0 0 0) 0x7fa84801a430 con 0x7fa8501065c0
2024-03-18T00:43:27.792 INFO:teuthology.orchestra.run.smithi162.stdout:/usr/bin/ceph: stderr
2024-03-18T00:43:27.027+0000 7fa855fa9700 1 -- 172.21.15.162:0/2869025468 --> [v2:172.21.15.162:6800/3202009002,v1:172.21.15.162:6801/3202009002] -- mgr_command(tid 0: {"prefix": "orch apply", "service_type": "mon", "unmanaged": true, "target": ["mon-mgr", ""]}) -- 0x7fa85002dd60 con 0x7fa83c038ed0
2024-03-18T00:43:27.792 INFO:teuthology.orchestra.run.smithi162.stdout:/usr/bin/ceph: stderr
2024-03-18T00:43:27.034+0000 7fa84cff9700 1 -- 172.21.15.162:0/2869025468 <== mgr.14120 v2:172.21.15.162:6800/3202009002 1 ==== mgr_command_reply(tid 0: 0 ) ==== 8+0+24 (secure 0 0 0) 0x7fa85002dd60 con 0x7fa83c038ed0
2024-03-18T00:43:27.792 INFO:teuthology.orchestra.run.smithi162.stdout:/usr/bin/ceph: stderr
2024-03-18T00:43:27.036+0000 7fa855fa9700 1 -- 172.21.15.162:0/2869025468 >> [v2:172.21.15.162:6800/3202009002,v1:172.21.15.162:6801/3202009002] conn(0x7fa83c038ed0 msgr2=0x7fa83c03b390 secure :-1 s=STATE_CONNECTION_ESTABLISHED l=1).mark_down
2024-03-18T00:43:27.792 INFO:teuthology.orchestra.run.smithi162.stdout:/usr/bin/ceph: stderr
2024-03-18T00:43:27.036+0000 7fa855fa9700 1 --2- 172.21.15.162:0/2869025468 >> [v2:172.21.15.162:6800/3202009002,v1:172.21.15.162:6801/3202009002] conn(0x7fa83c038ed0 0x7fa83c03b390 secure :-1 s=READY pgs=12 cs=0 l=1 rev1=1 crypto rx=0x7fa838006fd0 tx=0x7fa838006e40 comp rx=0 tx=0).stop
2024-03-18T00:43:27.792 INFO:teuthology.orchestra.run.smithi162.stdout:/usr/bin/ceph: stderr
2024-03-18T00:43:27.036+0000 7fa855fa9700 1 -- 172.21.15.162:0/2869025468 >> [v2:172.21.15.162:3300/0,v1:172.21.15.162:6789/0] conn(0x7fa8501065c0 msgr2=0x7fa85019dd00 secure :-1 s=STATE_CONNECTION_ESTABLISHED l=1).mark_down
2024-03-18T00:43:27.792 INFO:teuthology.orchestra.run.smithi162.stdout:/usr/bin/ceph: stderr
2024-03-18T00:43:27.036+0000 7fa855fa9700 1 --2- 172.21.15.162:0/2869025468 >> [v2:172.21.15.162:3300/0,v1:172.21.15.162:6789/0] conn(0x7fa8501065c0 0x7fa85019dd00 secure :-1 s=READY pgs=48 cs=0 l=1 rev1=1 crypto rx=0x7fa848006af0 tx=0x7fa848011c40 comp rx=0 tx=0).stop
2024-03-18T00:43:27.793 INFO:teuthology.orchestra.run.smithi162.stdout:/usr/bin/ceph: stderr
2024-03-18T00:43:27.036+0000 7fa855fa9700 1 -- 172.21.15.162:0/2869025468 shutdown_connections
2024-03-18T00:43:27.793 INFO:teuthology.orchestra.run.smithi162.stdout:/usr/bin/ceph: stderr
2024-03-18T00:43:27.036+0000 7fa855fa9700 1 --2- 172.21.15.162:0/2869025468 >> [v2:172.21.15.162:6800/3202009002,v1:172.21.15.162:6801/3202009002] conn(0x7fa83c038ed0 0x7fa83c03b390 unknown :-1 s=CLOSED pgs=12 cs=0 l=1 rev1=1 crypto rx=0 tx=0 comp rx=0 tx=0).stop
2024-03-18T00:43:27.793 INFO:teuthology.orchestra.run.smithi162.stdout:/usr/bin/ceph: stderr
2024-03-18T00:43:27.036+0000 7fa855fa9700 1 --2- 172.21.15.162:0/2869025468 >> [v2:172.21.15.162:3300/0,v1:172.21.15.162:6789/0] conn(0x7fa8501065c0 0x7fa85019dd00 unknown :-1 s=CLOSED pgs=48 cs=0 l=1 rev1=1 crypto rx=0 tx=0 comp rx=0 tx=0).stop
2024-03-18T00:43:27.793 INFO:teuthology.orchestra.run.smithi162.stdout:/usr/bin/ceph: stderr
2024-03-18T00:43:27.036+0000 7fa855fa9700 1 -- 172.21.15.162:0/2869025468 >> 172.21.15.162:0/2869025468 conn(0x7fa850102220 msgr2=0x7fa8501949e0 unknown :-1 s=STATE_NONE l=0).mark_down
2024-03-18T00:43:27.793 INFO:teuthology.orchestra.run.smithi162.stdout:/usr/bin/ceph: stderr
2024-03-18T00:43:27.037+0000 7fa855fa9700 1 -- 172.21.15.162:0/2869025468 shutdown_connections
2024-03-18T00:43:27.793 INFO:teuthology.orchestra.run.smithi162.stdout:/usr/bin/ceph: stderr
2024-03-18T00:43:27.037+0000 7fa855fa9700 1 -- 172.21.15.162:0/2869025468 wait complete.
2024-03-18T00:43:27.793 INFO:teuthology.orchestra.run.smithi162.stdout:Deploying unmanaged mgr service...
2024-03-18T00:43:28.329 INFO:journalctl@ceph.mon.a.smithi162.stdout:Mar 18 00:43:28 smithi162 ceph-mon[32185]: from='client.14142 -' entity='client.admin' cmd=[{"prefix": "orch apply", "service_type": "mon", "unmanaged": true, "target": ["mon-mgr", ""]}]: dispatch
2024-03-18T00:43:28.329 INFO:journalctl@ceph.mon.a.smithi162.stdout:Mar 18 00:43:28 smithi162 ceph-mon[32185]: Saving service mon spec with placement count:5
2024-03-18T00:43:28.329 INFO:journalctl@ceph.mon.a.smithi162.stdout:Mar 18 00:43:28 smithi162 ceph-mon[32185]: from='mgr.14120 172.21.15.162:0/403156552' entity='mgr.x'
2024-03-18T00:43:29.358 INFO:teuthology.orchestra.run.smithi162.stdout:/usr/bin/ceph: stdout Scheduled mgr update...
2024-03-18T00:43:29.358 INFO:teuthology.orchestra.run.smithi162.stdout:/usr/bin/ceph: stderr
2024-03-18T00:43:28.430+0000 7fc3adbc1700 1 Processor -- start
2024-03-18T00:43:29.358 INFO:teuthology.orchestra.run.smithi162.stdout:/usr/bin/ceph: stderr
2024-03-18T00:43:28.430+0000 7fc3adbc1700 1 -- start start
2024-03-18T00:43:29.358 INFO:teuthology.orchestra.run.smithi162.stdout:/usr/bin/ceph: stderr
2024-03-18T00:43:28.430+0000 7fc3adbc1700 1 --2- >> [v2:172.21.15.162:3300/0,v1:172.21.15.162:6789/0] conn(0x7fc3a8106580 0x7fc3a81069a0 unknown :-1 s=NONE pgs=0 cs=0 l=0 rev1=0 crypto rx=0 tx=0 comp rx=0 tx=0).connect
2024-03-18T00:43:29.358 INFO:teuthology.orchestra.run.smithi162.stdout:/usr/bin/ceph: stderr
2024-03-18T00:43:28.430+0000 7fc3adbc1700 1 -- --> [v2:172.21.15.162:3300/0,v1:172.21.15.162:6789/0] -- mon_getmap magic: 0 -- 0x7fc3a807bdd0 con 0x7fc3a8106580
2024-03-18T00:43:29.358 INFO:teuthology.orchestra.run.smithi162.stdout:/usr/bin/ceph: stderr
2024-03-18T00:43:28.430+0000 7fc3a77fe700 1 --2- >> [v2:172.21.15.162:3300/0,v1:172.21.15.162:6789/0] conn(0x7fc3a8106580 0x7fc3a81069a0 unknown :-1 s=BANNER_CONNECTING pgs=0 cs=0 l=0 rev1=0 crypto rx=0 tx=0 comp rx=0 tx=0)._handle_peer_banner_payload supported=3 required=0
2024-03-18T00:43:29.358 INFO:teuthology.orchestra.run.smithi162.stdout:/usr/bin/ceph: stderr
2024-03-18T00:43:28.430+0000 7fc3a77fe700 1 --2- >> [v2:172.21.15.162:3300/0,v1:172.21.15.162:6789/0] conn(0x7fc3a8106580 0x7fc3a81069a0 unknown :-1 s=HELLO_CONNECTING pgs=0 cs=0 l=0 rev1=1 crypto rx=0 tx=0 comp rx=0 tx=0).handle_hello peer v2:172.21.15.162:3300/0 says I am v2:172.21.15.162:36954/0 (socket says 172.21.15.162:36954)
2024-03-18T00:43:29.358 INFO:teuthology.orchestra.run.smithi162.stdout:/usr/bin/ceph: stderr
2024-03-18T00:43:28.430+0000 7fc3a77fe700 1 -- 172.21.15.162:0/3359786695 learned_addr learned my addr 172.21.15.162:0/3359786695 (peer_addr_for_me v2:172.21.15.162:0/0)
2024-03-18T00:43:29.359 INFO:teuthology.orchestra.run.smithi162.stdout:/usr/bin/ceph: stderr
2024-03-18T00:43:28.430+0000 7fc3a77fe700 1 -- 172.21.15.162:0/3359786695 --> [v2:172.21.15.162:3300/0,v1:172.21.15.162:6789/0] -- mon_subscribe({config=0+,monmap=0+}) -- 0x7fc3a8106ee0 con 0x7fc3a8106580
2024-03-18T00:43:29.359 INFO:teuthology.orchestra.run.smithi162.stdout:/usr/bin/ceph: stderr
2024-03-18T00:43:28.430+0000 7fc3a77fe700 1 --2- 172.21.15.162:0/3359786695 >> [v2:172.21.15.162:3300/0,v1:172.21.15.162:6789/0] conn(0x7fc3a8106580 0x7fc3a81069a0 secure :-1 s=READY pgs=49 cs=0 l=1 rev1=1 crypto rx=0x7fc39c0098a0 tx=0x7fc39c009bb0 comp rx=0 tx=0).ready entity=mon.0 client_cookie=c5daef95b9e61d27 server_cookie=0 in_seq=0 out_seq=0
2024-03-18T00:43:29.359 INFO:teuthology.orchestra.run.smithi162.stdout:/usr/bin/ceph: stderr
2024-03-18T00:43:28.431+0000 7fc3a67fc700 1 -- 172.21.15.162:0/3359786695 <== mon.0 v2:172.21.15.162:3300/0 1 ==== mon_map magic: 0 ==== 205+0+0 (secure 0 0 0) 0x7fc39c004160 con 0x7fc3a8106580
2024-03-18T00:43:29.359 INFO:teuthology.orchestra.run.smithi162.stdout:/usr/bin/ceph: stderr
2024-03-18T00:43:28.431+0000 7fc3a67fc700 1 -- 172.21.15.162:0/3359786695 <== mon.0 v2:172.21.15.162:3300/0 2 ==== config(26 keys) ==== 1071+0+0 (secure 0 0 0) 0x7fc39c004300 con 0x7fc3a8106580
2024-03-18T00:43:29.359 INFO:teuthology.orchestra.run.smithi162.stdout:/usr/bin/ceph: stderr
2024-03-18T00:43:28.431+0000 7fc3a67fc700 1 -- 172.21.15.162:0/3359786695 <== mon.0 v2:172.21.15.162:3300/0 3 ==== mon_map magic: 0 ==== 205+0+0 (secure 0 0 0) 0x7fc39c011a80 con 0x7fc3a8106580
2024-03-18T00:43:29.359 INFO:teuthology.orchestra.run.smithi162.stdout:/usr/bin/ceph: stderr
2024-03-18T00:43:28.431+0000 7fc3adbc1700 1 -- 172.21.15.162:0/3359786695 >> [v2:172.21.15.162:3300/0,v1:172.21.15.162:6789/0] conn(0x7fc3a8106580 msgr2=0x7fc3a81069a0 secure :-1 s=STATE_CONNECTION_ESTABLISHED l=1).mark_down
2024-03-18T00:43:29.359 INFO:teuthology.orchestra.run.smithi162.stdout:/usr/bin/ceph: stderr
2024-03-18T00:43:28.431+0000 7fc3adbc1700 1 --2- 172.21.15.162:0/3359786695 >> [v2:172.21.15.162:3300/0,v1:172.21.15.162:6789/0] conn(0x7fc3a8106580 0x7fc3a81069a0 secure :-1 s=READY pgs=49 cs=0 l=1 rev1=1 crypto rx=0x7fc39c0098a0 tx=0x7fc39c009bb0 comp rx=0 tx=0).stop
2024-03-18T00:43:29.359 INFO:teuthology.orchestra.run.smithi162.stdout:/usr/bin/ceph: stderr
2024-03-18T00:43:28.431+0000 7fc3adbc1700 1 -- 172.21.15.162:0/3359786695 shutdown_connections
2024-03-18T00:43:29.359 INFO:teuthology.orchestra.run.smithi162.stdout:/usr/bin/ceph: stderr
2024-03-18T00:43:28.431+0000 7fc3adbc1700 1 --2- 172.21.15.162:0/3359786695 >> [v2:172.21.15.162:3300/0,v1:172.21.15.162:6789/0] conn(0x7fc3a8106580 0x7fc3a81069a0 unknown :-1 s=CLOSED pgs=49 cs=0 l=1 rev1=1 crypto rx=0 tx=0 comp rx=0 tx=0).stop
2024-03-18T00:43:29.359 INFO:teuthology.orchestra.run.smithi162.stdout:/usr/bin/ceph: stderr
2024-03-18T00:43:28.431+0000 7fc3adbc1700 1 -- 172.21.15.162:0/3359786695 >> 172.21.15.162:0/3359786695 conn(0x7fc3a8102200 msgr2=0x7fc3a8104620 unknown :-1 s=STATE_NONE l=0).mark_down
2024-03-18T00:43:29.359 INFO:teuthology.orchestra.run.smithi162.stdout:/usr/bin/ceph: stderr
2024-03-18T00:43:28.431+0000 7fc3adbc1700 1 -- 172.21.15.162:0/3359786695 shutdown_connections
2024-03-18T00:43:29.359 INFO:teuthology.orchestra.run.smithi162.stdout:/usr/bin/ceph: stderr
2024-03-18T00:43:28.431+0000 7fc3adbc1700 1 -- 172.21.15.162:0/3359786695 wait complete.
2024-03-18T00:43:29.359 INFO:teuthology.orchestra.run.smithi162.stdout:/usr/bin/ceph: stderr
2024-03-18T00:43:28.432+0000 7fc3adbc1700 1 Processor -- start
2024-03-18T00:43:29.359 INFO:teuthology.orchestra.run.smithi162.stdout:/usr/bin/ceph: stderr
2024-03-18T00:43:28.432+0000 7fc3adbc1700 1 -- start start
2024-03-18T00:43:29.360 INFO:teuthology.orchestra.run.smithi162.stdout:/usr/bin/ceph: stderr
2024-03-18T00:43:28.432+0000 7fc3adbc1700 1 --2- >> [v2:172.21.15.162:3300/0,v1:172.21.15.162:6789/0] conn(0x7fc3a8106580 0x7fc3a819dcc0 unknown :-1 s=NONE pgs=0 cs=0 l=1 rev1=0 crypto rx=0 tx=0 comp rx=0 tx=0).connect
2024-03-18T00:43:29.360 INFO:teuthology.orchestra.run.smithi162.stdout:/usr/bin/ceph: stderr
2024-03-18T00:43:28.432+0000 7fc3adbc1700 1 -- --> [v2:172.21.15.162:3300/0,v1:172.21.15.162:6789/0] -- mon_getmap magic: 0 -- 0x7fc3a8107e30 con 0x7fc3a8106580
2024-03-18T00:43:29.360 INFO:teuthology.orchestra.run.smithi162.stdout:/usr/bin/ceph: stderr
2024-03-18T00:43:28.432+0000 7fc3a77fe700 1 --2- >> [v2:172.21.15.162:3300/0,v1:172.21.15.162:6789/0] conn(0x7fc3a8106580 0x7fc3a819dcc0 unknown :-1 s=BANNER_CONNECTING pgs=0 cs=0 l=1 rev1=0 crypto rx=0 tx=0 comp rx=0 tx=0)._handle_peer_banner_payload supported=3 required=0
2024-03-18T00:43:29.360 INFO:teuthology.orchestra.run.smithi162.stdout:/usr/bin/ceph: stderr
2024-03-18T00:43:28.432+0000 7fc3a77fe700 1 --2- >> [v2:172.21.15.162:3300/0,v1:172.21.15.162:6789/0] conn(0x7fc3a8106580 0x7fc3a819dcc0 unknown :-1 s=HELLO_CONNECTING pgs=0 cs=0 l=1 rev1=1 crypto rx=0 tx=0 comp rx=0 tx=0).handle_hello peer v2:172.21.15.162:3300/0 says I am v2:172.21.15.162:36968/0 (socket says 172.21.15.162:36968)
2024-03-18T00:43:29.360 INFO:teuthology.orchestra.run.smithi162.stdout:/usr/bin/ceph: stderr
2024-03-18T00:43:28.432+0000 7fc3a77fe700 1 -- 172.21.15.162:0/4064807693 learned_addr learned my addr 172.21.15.162:0/4064807693 (peer_addr_for_me v2:172.21.15.162:0/0)
2024-03-18T00:43:29.360 INFO:teuthology.orchestra.run.smithi162.stdout:/usr/bin/ceph: stderr
2024-03-18T00:43:28.432+0000 7fc3a77fe700 1 -- 172.21.15.162:0/4064807693 --> [v2:172.21.15.162:3300/0,v1:172.21.15.162:6789/0] -- mon_subscribe({config=0+,monmap=0+}) -- 0x7fc3a819e200 con 0x7fc3a8106580
2024-03-18T00:43:29.360 INFO:teuthology.orchestra.run.smithi162.stdout:/usr/bin/ceph: stderr
2024-03-18T00:43:28.433+0000 7fc3a77fe700 1 --2- 172.21.15.162:0/4064807693 >> [v2:172.21.15.162:3300/0,v1:172.21.15.162:6789/0] conn(0x7fc3a8106580 0x7fc3a819dcc0 secure :-1 s=READY pgs=50 cs=0 l=1 rev1=1 crypto rx=0x7fc39c006af0 tx=0x7fc39c011c40 comp rx=0 tx=0).ready entity=mon.0 client_cookie=0 server_cookie=0 in_seq=0 out_seq=0
2024-03-18T00:43:29.360 INFO:teuthology.orchestra.run.smithi162.stdout:/usr/bin/ceph: stderr
2024-03-18T00:43:28.433+0000 7fc3a4ff9700 1 -- 172.21.15.162:0/4064807693 <== mon.0 v2:172.21.15.162:3300/0 1 ==== mon_map magic: 0 ==== 205+0+0 (secure 0 0 0) 0x7fc39c0039e0 con 0x7fc3a8106580
2024-03-18T00:43:29.360 INFO:teuthology.orchestra.run.smithi162.stdout:/usr/bin/ceph: stderr
2024-03-18T00:43:28.433+0000 7fc3adbc1700 1 -- 172.21.15.162:0/4064807693 --> [v2:172.21.15.162:3300/0,v1:172.21.15.162:6789/0] -- mon_subscribe({mgrmap=0+}) -- 0x7fc3a819e490 con 0x7fc3a8106580
2024-03-18T00:43:29.360 INFO:teuthology.orchestra.run.smithi162.stdout:/usr/bin/ceph: stderr
2024-03-18T00:43:28.433+0000 7fc3a4ff9700 1 -- 172.21.15.162:0/4064807693 <== mon.0 v2:172.21.15.162:3300/0 2 ==== config(26 keys) ==== 1071+0+0 (secure 0 0 0) 0x7fc39c003b80 con 0x7fc3a8106580
2024-03-18T00:43:29.360 INFO:teuthology.orchestra.run.smithi162.stdout:/usr/bin/ceph: stderr
2024-03-18T00:43:28.433+0000 7fc3a4ff9700 1 -- 172.21.15.162:0/4064807693 <== mon.0 v2:172.21.15.162:3300/0 3 ==== mon_map magic: 0 ==== 205+0+0 (secure 0 0 0) 0x7fc39c0196a0 con 0x7fc3a8106580
2024-03-18T00:43:29.360 INFO:teuthology.orchestra.run.smithi162.stdout:/usr/bin/ceph: stderr
2024-03-18T00:43:28.433+0000 7fc3adbc1700 1 -- 172.21.15.162:0/4064807693 --> [v2:172.21.15.162:3300/0,v1:172.21.15.162:6789/0] -- mon_subscribe({osdmap=0}) -- 0x7fc3a81a1180 con 0x7fc3a8106580
2024-03-18T00:43:29.360 INFO:teuthology.orchestra.run.smithi162.stdout:/usr/bin/ceph: stderr
2024-03-18T00:43:28.434+0000 7fc3a4ff9700 1 -- 172.21.15.162:0/4064807693 <== mon.0 v2:172.21.15.162:3300/0 4 ==== mgrmap(e 8) ==== 46106+0+0 (secure 0 0 0) 0x7fc39c0199a0 con 0x7fc3a8106580
2024-03-18T00:43:29.360 INFO:teuthology.orchestra.run.smithi162.stdout:/usr/bin/ceph: stderr
2024-03-18T00:43:28.434+0000 7fc3adbc1700 1 -- 172.21.15.162:0/4064807693 --> [v2:172.21.15.162:3300/0,v1:172.21.15.162:6789/0] -- mon_command({"prefix": "get_command_descriptions"} v 0) -- 0x7fc3a8063900 con 0x7fc3a8106580
2024-03-18T00:43:29.360 INFO:teuthology.orchestra.run.smithi162.stdout:/usr/bin/ceph: stderr
2024-03-18T00:43:28.434+0000 7fc3a4ff9700 1 --2- 172.21.15.162:0/4064807693 >> [v2:172.21.15.162:6800/3202009002,v1:172.21.15.162:6801/3202009002] conn(0x7fc390038ed0 0x7fc39003b390 unknown :-1 s=NONE pgs=0 cs=0 l=1 rev1=0 crypto rx=0 tx=0 comp rx=0 tx=0).connect
2024-03-18T00:43:29.361 INFO:teuthology.orchestra.run.smithi162.stdout:/usr/bin/ceph: stderr
2024-03-18T00:43:28.434+0000 7fc3a4ff9700 1 -- 172.21.15.162:0/4064807693 <== mon.0 v2:172.21.15.162:3300/0 5 ==== osd_map(2..2 src has 1..2) ==== 940+0+0 (secure 0 0 0) 0x7fc39c04d580 con 0x7fc3a8106580
2024-03-18T00:43:29.361 INFO:teuthology.orchestra.run.smithi162.stdout:/usr/bin/ceph: stderr
2024-03-18T00:43:28.434+0000 7fc3a6ffd700 1 --2- 172.21.15.162:0/4064807693 >> [v2:172.21.15.162:6800/3202009002,v1:172.21.15.162:6801/3202009002] conn(0x7fc390038ed0 0x7fc39003b390 unknown :-1 s=BANNER_CONNECTING pgs=0 cs=0 l=1 rev1=0 crypto rx=0 tx=0 comp rx=0 tx=0)._handle_peer_banner_payload supported=3 required=0
2024-03-18T00:43:29.361 INFO:teuthology.orchestra.run.smithi162.stdout:/usr/bin/ceph: stderr
2024-03-18T00:43:28.434+0000 7fc3a6ffd700 1 --2- 172.21.15.162:0/4064807693 >> [v2:172.21.15.162:6800/3202009002,v1:172.21.15.162:6801/3202009002] conn(0x7fc390038ed0 0x7fc39003b390 secure :-1 s=READY pgs=13 cs=0 l=1 rev1=1 crypto rx=0x7fc398006fd0 tx=0x7fc398006e40 comp rx=0 tx=0).ready entity=mgr.14120 client_cookie=0 server_cookie=0 in_seq=0 out_seq=0
2024-03-18T00:43:29.361 INFO:teuthology.orchestra.run.smithi162.stdout:/usr/bin/ceph: stderr
2024-03-18T00:43:28.440+0000 7fc3a4ff9700 1 -- 172.21.15.162:0/4064807693 <== mon.0 v2:172.21.15.162:3300/0 6 ==== mon_command_ack([{"prefix": "get_command_descriptions"}]=0 v0) ==== 72+0+186149 (secure 0 0 0) 0x7fc39c019d90 con 0x7fc3a8106580
2024-03-18T00:43:29.361 INFO:teuthology.orchestra.run.smithi162.stdout:/usr/bin/ceph: stderr
2024-03-18T00:43:28.656+0000 7fc3adbc1700 1 -- 172.21.15.162:0/4064807693 --> [v2:172.21.15.162:6800/3202009002,v1:172.21.15.162:6801/3202009002] -- mgr_command(tid 0: {"prefix": "orch apply", "service_type": "mgr", "unmanaged": true, "target": ["mon-mgr", ""]}) -- 0x7fc3a80008d0 con 0x7fc390038ed0
2024-03-18T00:43:29.361 INFO:teuthology.orchestra.run.smithi162.stdout:/usr/bin/ceph: stderr
2024-03-18T00:43:28.661+0000 7fc3a4ff9700 1 -- 172.21.15.162:0/4064807693 <== mgr.14120 v2:172.21.15.162:6800/3202009002 1 ==== mgr_command_reply(tid 0: 0 ) ==== 8+0+24 (secure 0 0 0) 0x7fc3a80008d0 con 0x7fc390038ed0
2024-03-18T00:43:29.361 INFO:teuthology.orchestra.run.smithi162.stdout:/usr/bin/ceph: stderr
2024-03-18T00:43:28.663+0000 7fc3adbc1700 1 -- 172.21.15.162:0/4064807693 >> [v2:172.21.15.162:6800/3202009002,v1:172.21.15.162:6801/3202009002] conn(0x7fc390038ed0 msgr2=0x7fc39003b390 secure :-1 s=STATE_CONNECTION_ESTABLISHED l=1).mark_down
2024-03-18T00:43:29.361 INFO:teuthology.orchestra.run.smithi162.stdout:/usr/bin/ceph: stderr
2024-03-18T00:43:28.663+0000 7fc3adbc1700 1 --2- 172.21.15.162:0/4064807693 >> [v2:172.21.15.162:6800/3202009002,v1:172.21.15.162:6801/3202009002] conn(0x7fc390038ed0 0x7fc39003b390 secure :-1 s=READY pgs=13 cs=0 l=1 rev1=1 crypto rx=0x7fc398006fd0 tx=0x7fc398006e40 comp rx=0 tx=0).stop
2024-03-18T00:43:29.361 INFO:teuthology.orchestra.run.smithi162.stdout:/usr/bin/ceph: stderr
2024-03-18T00:43:28.663+0000 7fc3adbc1700 1 -- 172.21.15.162:0/4064807693 >> [v2:172.21.15.162:3300/0,v1:172.21.15.162:6789/0] conn(0x7fc3a8106580 msgr2=0x7fc3a819dcc0 secure :-1 s=STATE_CONNECTION_ESTABLISHED l=1).mark_down
2024-03-18T00:43:29.361 INFO:teuthology.orchestra.run.smithi162.stdout:/usr/bin/ceph: stderr
2024-03-18T00:43:28.663+0000 7fc3adbc1700 1 --2- 172.21.15.162:0/4064807693 >> [v2:172.21.15.162:3300/0,v1:172.21.15.162:6789/0] conn(0x7fc3a8106580 0x7fc3a819dcc0 secure :-1 s=READY pgs=50 cs=0 l=1 rev1=1 crypto rx=0x7fc39c006af0 tx=0x7fc39c011c40 comp rx=0 tx=0).stop
2024-03-18T00:43:29.361 INFO:teuthology.orchestra.run.smithi162.stdout:/usr/bin/ceph: stderr
2024-03-18T00:43:28.663+0000 7fc3adbc1700 1 -- 172.21.15.162:0/4064807693 shutdown_connections
2024-03-18T00:43:29.361 INFO:teuthology.orchestra.run.smithi162.stdout:/usr/bin/ceph: stderr
2024-03-18T00:43:28.663+0000 7fc3adbc1700 1 --2- 172.21.15.162:0/4064807693 >> [v2:172.21.15.162:6800/3202009002,v1:172.21.15.162:6801/3202009002] conn(0x7fc390038ed0 0x7fc39003b390 unknown :-1 s=CLOSED pgs=13 cs=0 l=1 rev1=1 crypto rx=0 tx=0 comp rx=0 tx=0).stop
2024-03-18T00:43:29.361 INFO:teuthology.orchestra.run.smithi162.stdout:/usr/bin/ceph: stderr
2024-03-18T00:43:28.663+0000 7fc3adbc1700 1 --2- 172.21.15.162:0/4064807693 >> [v2:172.21.15.162:3300/0,v1:172.21.15.162:6789/0] conn(0x7fc3a8106580 0x7fc3a819dcc0 unknown :-1 s=CLOSED pgs=50 cs=0 l=1 rev1=1 crypto rx=0 tx=0 comp rx=0 tx=0).stop
2024-03-18T00:43:29.362 INFO:teuthology.orchestra.run.smithi162.stdout:/usr/bin/ceph: stderr
2024-03-18T00:43:28.663+0000 7fc3adbc1700 1 -- 172.21.15.162:0/4064807693 >> 172.21.15.162:0/4064807693 conn(0x7fc3a8102200 msgr2=0x7fc3a81949a0 unknown :-1 s=STATE_NONE l=0).mark_down
2024-03-18T00:43:29.362 INFO:teuthology.orchestra.run.smithi162.stdout:/usr/bin/ceph: stderr
2024-03-18T00:43:28.663+0000 7fc3adbc1700 1 -- 172.21.15.162:0/4064807693 shutdown_connections
2024-03-18T00:43:29.362 INFO:teuthology.orchestra.run.smithi162.stdout:/usr/bin/ceph: stderr
2024-03-18T00:43:28.663+0000 7fc3adbc1700 1 -- 172.21.15.162:0/4064807693 wait complete.
2024-03-18T00:43:29.991 INFO:journalctl@ceph.mon.a.smithi162.stdout:Mar 18 00:43:29 smithi162 ceph-mon[32185]: from='client.14144 -' entity='client.admin' cmd=[{"prefix": "orch apply", "service_type": "mgr", "unmanaged": true, "target": ["mon-mgr", ""]}]: dispatch
2024-03-18T00:43:29.992 INFO:journalctl@ceph.mon.a.smithi162.stdout:Mar 18 00:43:29 smithi162 ceph-mon[32185]: Saving service mgr spec with placement count:2
2024-03-18T00:43:29.992 INFO:journalctl@ceph.mon.a.smithi162.stdout:Mar 18 00:43:29 smithi162 ceph-mon[32185]: from='mgr.14120 172.21.15.162:0/403156552' entity='mgr.x'
2024-03-18T00:43:30.877 INFO:teuthology.orchestra.run.smithi162.stdout:/usr/bin/ceph: stderr
2024-03-18T00:43:29.775+0000 7f132b871700 1 Processor -- start
2024-03-18T00:43:30.877 INFO:teuthology.orchestra.run.smithi162.stdout:/usr/bin/ceph: stderr
2024-03-18T00:43:29.775+0000 7f132b871700 1 -- start start
2024-03-18T00:43:30.877 INFO:teuthology.orchestra.run.smithi162.stdout:/usr/bin/ceph: stderr
2024-03-18T00:43:29.775+0000 7f132b871700 1 --2- >> [v2:172.21.15.162:3300/0,v1:172.21.15.162:6789/0] conn(0x7f1324105fa0 0x7f13241063c0 unknown :-1 s=NONE pgs=0 cs=0 l=0 rev1=0 crypto rx=0 tx=0 comp rx=0 tx=0).connect
2024-03-18T00:43:30.877 INFO:teuthology.orchestra.run.smithi162.stdout:/usr/bin/ceph: stderr
2024-03-18T00:43:29.775+0000 7f132b871700 1 -- --> [v2:172.21.15.162:3300/0,v1:172.21.15.162:6789/0] -- mon_getmap magic: 0 -- 0x7f1324106990 con 0x7f1324105fa0
2024-03-18T00:43:30.877 INFO:teuthology.orchestra.run.smithi162.stdout:/usr/bin/ceph: stderr
2024-03-18T00:43:29.775+0000 7f132960d700 1 --2- >> [v2:172.21.15.162:3300/0,v1:172.21.15.162:6789/0] conn(0x7f1324105fa0 0x7f13241063c0 unknown :-1 s=BANNER_CONNECTING pgs=0 cs=0 l=0 rev1=0 crypto rx=0 tx=0 comp rx=0 tx=0)._handle_peer_banner_payload supported=3 required=0
2024-03-18T00:43:30.877 INFO:teuthology.orchestra.run.smithi162.stdout:/usr/bin/ceph: stderr
2024-03-18T00:43:29.775+0000 7f132960d700 1 --2- >> [v2:172.21.15.162:3300/0,v1:172.21.15.162:6789/0] conn(0x7f1324105fa0 0x7f13241063c0 unknown :-1 s=HELLO_CONNECTING pgs=0 cs=0 l=0 rev1=1 crypto rx=0 tx=0 comp rx=0 tx=0).handle_hello peer v2:172.21.15.162:3300/0 says I am v2:172.21.15.162:36978/0 (socket says 172.21.15.162:36978)
2024-03-18T00:43:30.877 INFO:teuthology.orchestra.run.smithi162.stdout:/usr/bin/ceph: stderr
2024-03-18T00:43:29.775+0000 7f132960d700 1 -- 172.21.15.162:0/2956248920 learned_addr learned my addr 172.21.15.162:0/2956248920 (peer_addr_for_me v2:172.21.15.162:0/0)
2024-03-18T00:43:30.877 INFO:teuthology.orchestra.run.smithi162.stdout:/usr/bin/ceph: stderr
2024-03-18T00:43:29.776+0000 7f132960d700 1 -- 172.21.15.162:0/2956248920 --> [v2:172.21.15.162:3300/0,v1:172.21.15.162:6789/0] -- mon_subscribe({config=0+,monmap=0+}) -- 0x7f1324108f30 con 0x7f1324105fa0
2024-03-18T00:43:30.877 INFO:teuthology.orchestra.run.smithi162.stdout:/usr/bin/ceph: stderr
2024-03-18T00:43:29.776+0000 7f132960d700 1 --2- 172.21.15.162:0/2956248920 >> [v2:172.21.15.162:3300/0,v1:172.21.15.162:6789/0] conn(0x7f1324105fa0 0x7f13241063c0 secure :-1 s=READY pgs=51 cs=0 l=1 rev1=1 crypto rx=0x7f13140098a0 tx=0x7f1314009bb0 comp rx=0 tx=0).ready entity=mon.0 client_cookie=41fa52502a7c0566 server_cookie=0 in_seq=0 out_seq=0
2024-03-18T00:43:30.878 INFO:teuthology.orchestra.run.smithi162.stdout:/usr/bin/ceph: stderr
2024-03-18T00:43:29.776+0000 7f131bfff700 1 -- 172.21.15.162:0/2956248920 <== mon.0 v2:172.21.15.162:3300/0 1 ==== mon_map magic: 0 ==== 205+0+0 (secure 0 0 0) 0x7f1314004160 con 0x7f1324105fa0
2024-03-18T00:43:30.878 INFO:teuthology.orchestra.run.smithi162.stdout:/usr/bin/ceph: stderr
2024-03-18T00:43:29.776+0000 7f131bfff700 1 -- 172.21.15.162:0/2956248920 <== mon.0 v2:172.21.15.162:3300/0 2 ==== config(26 keys) ==== 1071+0+0 (secure 0 0 0) 0x7f1314004300 con 0x7f1324105fa0
2024-03-18T00:43:30.878 INFO:teuthology.orchestra.run.smithi162.stdout:/usr/bin/ceph: stderr
2024-03-18T00:43:29.776+0000 7f131bfff700 1 -- 172.21.15.162:0/2956248920 <== mon.0 v2:172.21.15.162:3300/0 3 ==== mon_map magic: 0 ==== 205+0+0 (secure 0 0 0) 0x7f1314011a80 con 0x7f1324105fa0
2024-03-18T00:43:30.878 INFO:teuthology.orchestra.run.smithi162.stdout:/usr/bin/ceph: stderr
2024-03-18T00:43:29.777+0000 7f132b871700 1 -- 172.21.15.162:0/2956248920 >> [v2:172.21.15.162:3300/0,v1:172.21.15.162:6789/0] conn(0x7f1324105fa0 msgr2=0x7f13241063c0 secure :-1 s=STATE_CONNECTION_ESTABLISHED l=1).mark_down
2024-03-18T00:43:30.878 INFO:teuthology.orchestra.run.smithi162.stdout:/usr/bin/ceph: stderr
2024-03-18T00:43:29.777+0000 7f132b871700 1 --2- 172.21.15.162:0/2956248920 >> [v2:172.21.15.162:3300/0,v1:172.21.15.162:6789/0] conn(0x7f1324105fa0 0x7f13241063c0 secure :-1 s=READY pgs=51 cs=0 l=1 rev1=1 crypto rx=0x7f13140098a0 tx=0x7f1314009bb0 comp rx=0 tx=0).stop
2024-03-18T00:43:30.878 INFO:teuthology.orchestra.run.smithi162.stdout:/usr/bin/ceph: stderr
2024-03-18T00:43:29.777+0000 7f132b871700 1 -- 172.21.15.162:0/2956248920 shutdown_connections
2024-03-18T00:43:30.878 INFO:teuthology.orchestra.run.smithi162.stdout:/usr/bin/ceph: stderr
2024-03-18T00:43:29.777+0000 7f132b871700 1 --2- 172.21.15.162:0/2956248920 >> [v2:172.21.15.162:3300/0,v1:172.21.15.162:6789/0] conn(0x7f1324105fa0 0x7f13241063c0 unknown :-1 s=CLOSED pgs=51 cs=0 l=1 rev1=1 crypto rx=0 tx=0 comp rx=0 tx=0).stop
2024-03-18T00:43:30.878 INFO:teuthology.orchestra.run.smithi162.stdout:/usr/bin/ceph: stderr
2024-03-18T00:43:29.777+0000 7f132b871700 1 -- 172.21.15.162:0/2956248920 >> 172.21.15.162:0/2956248920 conn(0x7f1324101930 msgr2=0x7f1324103d50 unknown :-1 s=STATE_NONE l=0).mark_down
2024-03-18T00:43:30.878 INFO:teuthology.orchestra.run.smithi162.stdout:/usr/bin/ceph: stderr
2024-03-18T00:43:29.777+0000 7f132b871700 1 -- 172.21.15.162:0/2956248920 shutdown_connections
2024-03-18T00:43:30.878 INFO:teuthology.orchestra.run.smithi162.stdout:/usr/bin/ceph: stderr
2024-03-18T00:43:29.777+0000 7f132b871700 1 -- 172.21.15.162:0/2956248920 wait complete.
2024-03-18T00:43:30.878 INFO:teuthology.orchestra.run.smithi162.stdout:/usr/bin/ceph: stderr
2024-03-18T00:43:29.777+0000 7f132b871700 1 Processor -- start
2024-03-18T00:43:30.878 INFO:teuthology.orchestra.run.smithi162.stdout:/usr/bin/ceph: stderr
2024-03-18T00:43:29.778+0000 7f132b871700 1 -- start start
2024-03-18T00:43:30.879 INFO:teuthology.orchestra.run.smithi162.stdout:/usr/bin/ceph: stderr
2024-03-18T00:43:29.778+0000 7f132b871700 1 --2- >> [v2:172.21.15.162:3300/0,v1:172.21.15.162:6789/0] conn(0x7f1324105fa0 0x7f132419bb40 unknown :-1 s=NONE pgs=0 cs=0 l=1 rev1=0 crypto rx=0 tx=0 comp rx=0 tx=0).connect
2024-03-18T00:43:30.879 INFO:teuthology.orchestra.run.smithi162.stdout:/usr/bin/ceph: stderr
2024-03-18T00:43:29.778+0000 7f132b871700 1 -- --> [v2:172.21.15.162:3300/0,v1:172.21.15.162:6789/0] -- mon_getmap magic: 0 -- 0x7f132410c160 con 0x7f1324105fa0
2024-03-18T00:43:30.879 INFO:teuthology.orchestra.run.smithi162.stdout:/usr/bin/ceph: stderr
2024-03-18T00:43:29.778+0000 7f132960d700 1 --2- >> [v2:172.21.15.162:3300/0,v1:172.21.15.162:6789/0] conn(0x7f1324105fa0 0x7f132419bb40 unknown :-1 s=BANNER_CONNECTING pgs=0 cs=0 l=1 rev1=0 crypto rx=0 tx=0 comp rx=0 tx=0)._handle_peer_banner_payload supported=3 required=0
2024-03-18T00:43:30.879 INFO:teuthology.orchestra.run.smithi162.stdout:/usr/bin/ceph: stderr
2024-03-18T00:43:29.778+0000 7f132960d700 1 --2- >> [v2:172.21.15.162:3300/0,v1:172.21.15.162:6789/0] conn(0x7f1324105fa0 0x7f132419bb40 unknown :-1 s=HELLO_CONNECTING pgs=0 cs=0 l=1 rev1=1 crypto rx=0 tx=0 comp rx=0 tx=0).handle_hello peer v2:172.21.15.162:3300/0 says I am v2:172.21.15.162:36990/0 (socket says 172.21.15.162:36990)
2024-03-18T00:43:30.879 INFO:teuthology.orchestra.run.smithi162.stdout:/usr/bin/ceph: stderr
2024-03-18T00:43:29.778+0000 7f132960d700 1 -- 172.21.15.162:0/3474746959 learned_addr learned my addr 172.21.15.162:0/3474746959 (peer_addr_for_me v2:172.21.15.162:0/0)
2024-03-18T00:43:30.879 INFO:teuthology.orchestra.run.smithi162.stdout:/usr/bin/ceph: stderr
2024-03-18T00:43:29.778+0000 7f132960d700 1 -- 172.21.15.162:0/3474746959 --> [v2:172.21.15.162:3300/0,v1:172.21.15.162:6789/0] -- mon_subscribe({config=0+,monmap=0+}) -- 0x7f132419c080 con 0x7f1324105fa0
2024-03-18T00:43:30.879 INFO:teuthology.orchestra.run.smithi162.stdout:/usr/bin/ceph: stderr
2024-03-18T00:43:29.778+0000 7f132960d700 1 --2- 172.21.15.162:0/3474746959 >> [v2:172.21.15.162:3300/0,v1:172.21.15.162:6789/0] conn(0x7f1324105fa0 0x7f132419bb40 secure :-1 s=READY pgs=52 cs=0 l=1 rev1=1 crypto rx=0x7f1314006af0 tx=0x7f1314011b70 comp rx=0 tx=0).ready entity=mon.0 client_cookie=0 server_cookie=0 in_seq=0 out_seq=0
2024-03-18T00:43:30.879 INFO:teuthology.orchestra.run.smithi162.stdout:/usr/bin/ceph: stderr
2024-03-18T00:43:29.778+0000 7f131a7fc700 1 -- 172.21.15.162:0/3474746959 <== mon.0 v2:172.21.15.162:3300/0 1 ==== mon_map magic: 0 ==== 205+0+0 (secure 0 0 0) 0x7f1314003930 con 0x7f1324105fa0
2024-03-18T00:43:30.879 INFO:teuthology.orchestra.run.smithi162.stdout:/usr/bin/ceph: stderr
2024-03-18T00:43:29.778+0000 7f131a7fc700 1 -- 172.21.15.162:0/3474746959 <== mon.0 v2:172.21.15.162:3300/0 2 ==== config(26 keys) ==== 1071+0+0 (secure 0 0 0) 0x7f1314003ad0 con 0x7f1324105fa0
2024-03-18T00:43:30.879 INFO:teuthology.orchestra.run.smithi162.stdout:/usr/bin/ceph: stderr
2024-03-18T00:43:29.778+0000 7f132b871700 1 -- 172.21.15.162:0/3474746959 --> [v2:172.21.15.162:3300/0,v1:172.21.15.162:6789/0] -- mon_subscribe({mgrmap=0+}) -- 0x7f132419c310 con 0x7f1324105fa0
2024-03-18T00:43:30.879 INFO:teuthology.orchestra.run.smithi162.stdout:/usr/bin/ceph: stderr
2024-03-18T00:43:29.779+0000 7f131a7fc700 1 -- 172.21.15.162:0/3474746959 <== mon.0 v2:172.21.15.162:3300/0 3 ==== mon_map magic: 0 ==== 205+0+0 (secure 0 0 0) 0x7f13140195e0 con 0x7f1324105fa0
2024-03-18T00:43:30.879 INFO:teuthology.orchestra.run.smithi162.stdout:/usr/bin/ceph: stderr
2024-03-18T00:43:29.779+0000 7f132b871700 1 -- 172.21.15.162:0/3474746959 --> [v2:172.21.15.162:3300/0,v1:172.21.15.162:6789/0] -- mon_subscribe({osdmap=0}) -- 0x7f132419f000 con 0x7f1324105fa0
2024-03-18T00:43:30.879 INFO:teuthology.orchestra.run.smithi162.stdout:/usr/bin/ceph: stderr
2024-03-18T00:43:29.779+0000 7f131a7fc700 1 -- 172.21.15.162:0/3474746959 <== mon.0 v2:172.21.15.162:3300/0 4 ==== mgrmap(e 8) ==== 46106+0+0 (secure 0 0 0) 0x7f1314019960 con 0x7f1324105fa0
2024-03-18T00:43:30.879 INFO:teuthology.orchestra.run.smithi162.stdout:/usr/bin/ceph: stderr
2024-03-18T00:43:29.779+0000 7f131a7fc700 1 --2- 172.21.15.162:0/3474746959 >> [v2:172.21.15.162:6800/3202009002,v1:172.21.15.162:6801/3202009002] conn(0x7f1310038ed0 0x7f131003b390 unknown :-1 s=NONE pgs=0 cs=0 l=1 rev1=0 crypto rx=0 tx=0 comp rx=0 tx=0).connect
2024-03-18T00:43:30.879 INFO:teuthology.orchestra.run.smithi162.stdout:/usr/bin/ceph: stderr
2024-03-18T00:43:29.779+0000 7f132b871700 1 -- 172.21.15.162:0/3474746959 --> [v2:172.21.15.162:3300/0,v1:172.21.15.162:6789/0] -- mon_command({"prefix": "get_command_descriptions"} v 0) -- 0x7f1324063900 con 0x7f1324105fa0
2024-03-18T00:43:30.880 INFO:teuthology.orchestra.run.smithi162.stdout:/usr/bin/ceph: stderr
2024-03-18T00:43:29.779+0000 7f131a7fc700 1 -- 172.21.15.162:0/3474746959 <== mon.0 v2:172.21.15.162:3300/0 5 ==== osd_map(2..2 src has 1..2) ==== 940+0+0 (secure 0 0 0) 0x7f131404d510 con 0x7f1324105fa0
2024-03-18T00:43:30.880 INFO:teuthology.orchestra.run.smithi162.stdout:/usr/bin/ceph: stderr
2024-03-18T00:43:29.780+0000 7f1328e0c700 1 --2- 172.21.15.162:0/3474746959 >> [v2:172.21.15.162:6800/3202009002,v1:172.21.15.162:6801/3202009002] conn(0x7f1310038ed0 0x7f131003b390 unknown :-1 s=BANNER_CONNECTING pgs=0 cs=0 l=1 rev1=0 crypto rx=0 tx=0 comp rx=0 tx=0)._handle_peer_banner_payload supported=3 required=0
2024-03-18T00:43:30.880 INFO:teuthology.orchestra.run.smithi162.stdout:/usr/bin/ceph: stderr
2024-03-18T00:43:29.780+0000 7f1328e0c700 1 --2- 172.21.15.162:0/3474746959 >> [v2:172.21.15.162:6800/3202009002,v1:172.21.15.162:6801/3202009002] conn(0x7f1310038ed0 0x7f131003b390 secure :-1 s=READY pgs=14 cs=0 l=1 rev1=1 crypto rx=0x7f1320006fd0 tx=0x7f1320006e40 comp rx=0 tx=0).ready entity=mgr.14120 client_cookie=0 server_cookie=0 in_seq=0 out_seq=0
2024-03-18T00:43:30.880 INFO:teuthology.orchestra.run.smithi162.stdout:/usr/bin/ceph: stderr
2024-03-18T00:43:29.788+0000 7f131a7fc700 1 -- 172.21.15.162:0/3474746959 <== mon.0 v2:172.21.15.162:3300/0 6 ==== mon_command_ack([{"prefix": "get_command_descriptions"}]=0 v0) ==== 72+0+186149 (secure 0 0 0) 0x7f1314019ca0 con 0x7f1324105fa0
2024-03-18T00:43:30.880 INFO:teuthology.orchestra.run.smithi162.stdout:/usr/bin/ceph: stderr
2024-03-18T00:43:29.991+0000 7f132b871700 1 -- 172.21.15.162:0/3474746959 --> [v2:172.21.15.162:3300/0,v1:172.21.15.162:6789/0] -- mon_command([{prefix=config set, name=mgr/cephadm/container_init}] v 0) -- 0x7f132419f640 con 0x7f1324105fa0
2024-03-18T00:43:30.880 INFO:teuthology.orchestra.run.smithi162.stdout:/usr/bin/ceph: stderr
2024-03-18T00:43:29.994+0000 7f131a7fc700 1 -- 172.21.15.162:0/3474746959 <== mon.0 v2:172.21.15.162:3300/0 7 ==== mon_command_ack([{prefix=config set, name=mgr/cephadm/container_init}]=0 v6)=0 v6) ==== 142+0+0 (secure 0 0 0) 0x7f1314032020 con 0x7f1324105fa0
2024-03-18T00:43:30.880 INFO:teuthology.orchestra.run.smithi162.stdout:/usr/bin/ceph: stderr
2024-03-18T00:43:29.996+0000 7f132b871700 1 -- 172.21.15.162:0/3474746959 >> [v2:172.21.15.162:6800/3202009002,v1:172.21.15.162:6801/3202009002] conn(0x7f1310038ed0 msgr2=0x7f131003b390 secure :-1 s=STATE_CONNECTION_ESTABLISHED l=1).mark_down
2024-03-18T00:43:30.880 INFO:teuthology.orchestra.run.smithi162.stdout:/usr/bin/ceph: stderr
2024-03-18T00:43:29.996+0000 7f132b871700 1 --2- 172.21.15.162:0/3474746959 >> [v2:172.21.15.162:6800/3202009002,v1:172.21.15.162:6801/3202009002] conn(0x7f1310038ed0 0x7f131003b390 secure :-1 s=READY pgs=14 cs=0 l=1 rev1=1 crypto rx=0x7f1320006fd0 tx=0x7f1320006e40 comp rx=0 tx=0).stop
2024-03-18T00:43:30.880 INFO:teuthology.orchestra.run.smithi162.stdout:/usr/bin/ceph: stderr
2024-03-18T00:43:29.997+0000 7f132b871700 1 -- 172.21.15.162:0/3474746959 >> [v2:172.21.15.162:3300/0,v1:172.21.15.162:6789/0] conn(0x7f1324105fa0 msgr2=0x7f132419bb40 secure :-1 s=STATE_CONNECTION_ESTABLISHED l=1).mark_down
2024-03-18T00:43:30.880 INFO:teuthology.orchestra.run.smithi162.stdout:/usr/bin/ceph: stderr
2024-03-18T00:43:29.997+0000 7f132b871700 1 --2- 172.21.15.162:0/3474746959 >> [v2:172.21.15.162:3300/0,v1:172.21.15.162:6789/0] conn(0x7f1324105fa0 0x7f132419bb40 secure :-1 s=READY pgs=52 cs=0 l=1 rev1=1 crypto rx=0x7f1314006af0 tx=0x7f1314011b70 comp rx=0 tx=0).stop
2024-03-18T00:43:30.880 INFO:teuthology.orchestra.run.smithi162.stdout:/usr/bin/ceph: stderr
2024-03-18T00:43:29.997+0000 7f132b871700 1 -- 172.21.15.162:0/3474746959 shutdown_connections
2024-03-18T00:43:30.880 INFO:teuthology.orchestra.run.smithi162.stdout:/usr/bin/ceph: stderr
2024-03-18T00:43:29.997+0000 7f132b871700 1 --2- 172.21.15.162:0/3474746959 >> [v2:172.21.15.162:6800/3202009002,v1:172.21.15.162:6801/3202009002] conn(0x7f1310038ed0 0x7f131003b390 unknown :-1 s=CLOSED pgs=14 cs=0 l=1 rev1=1 crypto rx=0 tx=0 comp rx=0 tx=0).stop
2024-03-18T00:43:30.880 INFO:teuthology.orchestra.run.smithi162.stdout:/usr/bin/ceph: stderr
2024-03-18T00:43:29.997+0000 7f132b871700 1 --2- 172.21.15.162:0/3474746959 >> [v2:172.21.15.162:3300/0,v1:172.21.15.162:6789/0] conn(0x7f1324105fa0 0x7f132419bb40 unknown :-1 s=CLOSED pgs=52 cs=0 l=1 rev1=1 crypto rx=0 tx=0 comp rx=0 tx=0).stop
2024-03-18T00:43:30.881 INFO:teuthology.orchestra.run.smithi162.stdout:/usr/bin/ceph: stderr
2024-03-18T00:43:29.997+0000 7f132b871700 1 -- 172.21.15.162:0/3474746959 >> 172.21.15.162:0/3474746959 conn(0x7f1324101930 msgr2=0x7f13241024c0 unknown :-1 s=STATE_NONE l=0).mark_down
2024-03-18T00:43:30.881 INFO:teuthology.orchestra.run.smithi162.stdout:/usr/bin/ceph: stderr
2024-03-18T00:43:29.997+0000 7f132b871700 1 -- 172.21.15.162:0/3474746959 shutdown_connections
2024-03-18T00:43:30.881 INFO:teuthology.orchestra.run.smithi162.stdout:/usr/bin/ceph: stderr
2024-03-18T00:43:29.997+0000 7f132b871700 1 -- 172.21.15.162:0/3474746959 wait complete.
2024-03-18T00:43:31.115 INFO:journalctl@ceph.mon.a.smithi162.stdout:Mar 18 00:43:30 smithi162 ceph-mon[32185]: from='client.? 172.21.15.162:0/3474746959' entity='client.admin'
2024-03-18T00:43:31.115 INFO:journalctl@ceph.mon.a.smithi162.stdout:Mar 18 00:43:30 smithi162 ceph-mon[32185]: from='mgr.14120 172.21.15.162:0/403156552' entity='mgr.x'
2024-03-18T00:43:31.115 INFO:journalctl@ceph.mon.a.smithi162.stdout:Mar 18 00:43:30 smithi162 ceph-mon[32185]: from='mgr.14120 172.21.15.162:0/403156552' entity='mgr.x'
2024-03-18T00:43:32.712 INFO:journalctl@ceph.mon.a.smithi162.stdout:Mar 18 00:43:32 smithi162 ceph-mon[32185]: from='client.? 172.21.15.162:0/1893822481' entity='client.admin'
2024-03-18T00:43:32.712 INFO:journalctl@ceph.mon.a.smithi162.stdout:Mar 18 00:43:32 smithi162 ceph-mon[32185]: from='mgr.14120 172.21.15.162:0/403156552' entity='mgr.x'
2024-03-18T00:43:32.720 INFO:teuthology.orchestra.run.smithi162.stdout:/usr/bin/ceph: stderr
2024-03-18T00:43:31.352+0000 7fabeddbb700 1 Processor -- start
2024-03-18T00:43:32.720 INFO:teuthology.orchestra.run.smithi162.stdout:/usr/bin/ceph: stderr
2024-03-18T00:43:31.352+0000 7fabeddbb700 1 -- start start
2024-03-18T00:43:32.720 INFO:teuthology.orchestra.run.smithi162.stdout:/usr/bin/ceph: stderr
2024-03-18T00:43:31.352+0000 7fabeddbb700 1 --2- >> [v2:172.21.15.162:3300/0,v1:172.21.15.162:6789/0] conn(0x7fabe8106bc0 0x7fabe8106fe0 unknown :-1 s=NONE pgs=0 cs=0 l=0 rev1=0 crypto rx=0 tx=0 comp rx=0 tx=0).connect
2024-03-18T00:43:32.720 INFO:teuthology.orchestra.run.smithi162.stdout:/usr/bin/ceph: stderr
2024-03-18T00:43:31.352+0000 7fabeddbb700 1 -- --> [v2:172.21.15.162:3300/0,v1:172.21.15.162:6789/0] -- mon_getmap magic: 0 -- 0x7fabe81075b0 con 0x7fabe8106bc0
2024-03-18T00:43:32.720 INFO:teuthology.orchestra.run.smithi162.stdout:/usr/bin/ceph: stderr
2024-03-18T00:43:31.352+0000 7fabe77fe700 1 --2- >> [v2:172.21.15.162:3300/0,v1:172.21.15.162:6789/0] conn(0x7fabe8106bc0 0x7fabe8106fe0 unknown :-1 s=BANNER_CONNECTING pgs=0 cs=0 l=0 rev1=0 crypto rx=0 tx=0 comp rx=0 tx=0)._handle_peer_banner_payload supported=3 required=0
2024-03-18T00:43:32.720 INFO:teuthology.orchestra.run.smithi162.stdout:/usr/bin/ceph: stderr
2024-03-18T00:43:31.352+0000 7fabe77fe700 1 --2- >> [v2:172.21.15.162:3300/0,v1:172.21.15.162:6789/0] conn(0x7fabe8106bc0 0x7fabe8106fe0 unknown :-1 s=HELLO_CONNECTING pgs=0 cs=0 l=0 rev1=1 crypto rx=0 tx=0 comp rx=0 tx=0).handle_hello peer v2:172.21.15.162:3300/0 says I am v2:172.21.15.162:33502/0 (socket says 172.21.15.162:33502)
2024-03-18T00:43:32.720 INFO:teuthology.orchestra.run.smithi162.stdout:/usr/bin/ceph: stderr
2024-03-18T00:43:31.352+0000 7fabe77fe700 1 -- 172.21.15.162:0/1709845858 learned_addr learned my addr 172.21.15.162:0/1709845858 (peer_addr_for_me v2:172.21.15.162:0/0)
2024-03-18T00:43:32.720 INFO:teuthology.orchestra.run.smithi162.stdout:/usr/bin/ceph: stderr
2024-03-18T00:43:31.353+0000 7fabe77fe700 1 -- 172.21.15.162:0/1709845858 --> [v2:172.21.15.162:3300/0,v1:172.21.15.162:6789/0] -- mon_subscribe({config=0+,monmap=0+}) -- 0x7fabe8107dc0 con 0x7fabe8106bc0
2024-03-18T00:43:32.720 INFO:teuthology.orchestra.run.smithi162.stdout:/usr/bin/ceph: stderr
2024-03-18T00:43:31.353+0000 7fabe77fe700 1 --2- 172.21.15.162:0/1709845858 >> [v2:172.21.15.162:3300/0,v1:172.21.15.162:6789/0] conn(0x7fabe8106bc0 0x7fabe8106fe0 secure :-1 s=READY pgs=53 cs=0 l=1 rev1=1 crypto rx=0x7fabd80098a0 tx=0x7fabd8009bb0 comp rx=0 tx=0).ready entity=mon.0 client_cookie=35f774af3a3e43e3 server_cookie=0 in_seq=0 out_seq=0
2024-03-18T00:43:32.720 INFO:teuthology.orchestra.run.smithi162.stdout:/usr/bin/ceph: stderr
2024-03-18T00:43:31.353+0000 7fabe67fc700 1 -- 172.21.15.162:0/1709845858 <== mon.0 v2:172.21.15.162:3300/0 1 ==== mon_map magic: 0 ==== 205+0+0 (secure 0 0 0) 0x7fabd8004160 con 0x7fabe8106bc0
2024-03-18T00:43:32.721 INFO:teuthology.orchestra.run.smithi162.stdout:/usr/bin/ceph: stderr
2024-03-18T00:43:31.353+0000 7fabe67fc700 1 -- 172.21.15.162:0/1709845858 <== mon.0 v2:172.21.15.162:3300/0 2 ==== config(26 keys) ==== 1102+0+0 (secure 0 0 0) 0x7fabd8004300 con 0x7fabe8106bc0
2024-03-18T00:43:32.721 INFO:teuthology.orchestra.run.smithi162.stdout:/usr/bin/ceph: stderr
2024-03-18T00:43:31.353+0000 7fabe67fc700 1 -- 172.21.15.162:0/1709845858 <== mon.0 v2:172.21.15.162:3300/0 3 ==== mon_map magic: 0 ==== 205+0+0 (secure 0 0 0) 0x7fabd8011a50 con 0x7fabe8106bc0
2024-03-18T00:43:32.721 INFO:teuthology.orchestra.run.smithi162.stdout:/usr/bin/ceph: stderr
2024-03-18T00:43:31.354+0000 7fabeddbb700 1 -- 172.21.15.162:0/1709845858 >> [v2:172.21.15.162:3300/0,v1:172.21.15.162:6789/0] conn(0x7fabe8106bc0 msgr2=0x7fabe8106fe0 secure :-1 s=STATE_CONNECTION_ESTABLISHED l=1).mark_down
2024-03-18T00:43:32.721 INFO:teuthology.orchestra.run.smithi162.stdout:/usr/bin/ceph: stderr
2024-03-18T00:43:31.354+0000 7fabeddbb700 1 --2- 172.21.15.162:0/1709845858 >> [v2:172.21.15.162:3300/0,v1:172.21.15.162:6789/0] conn(0x7fabe8106bc0 0x7fabe8106fe0 secure :-1 s=READY pgs=53 cs=0 l=1 rev1=1 crypto rx=0x7fabd80098a0 tx=0x7fabd8009bb0 comp rx=0 tx=0).stop
2024-03-18T00:43:32.721 INFO:teuthology.orchestra.run.smithi162.stdout:/usr/bin/ceph: stderr
2024-03-18T00:43:31.354+0000 7fabeddbb700 1 -- 172.21.15.162:0/1709845858 shutdown_connections
2024-03-18T00:43:32.721 INFO:teuthology.orchestra.run.smithi162.stdout:/usr/bin/ceph: stderr
2024-03-18T00:43:31.354+0000 7fabeddbb700 1 --2- 172.21.15.162:0/1709845858 >> [v2:172.21.15.162:3300/0,v1:172.21.15.162:6789/0] conn(0x7fabe8106bc0 0x7fabe8106fe0 unknown :-1 s=CLOSED pgs=53 cs=0 l=1 rev1=1 crypto rx=0 tx=0 comp rx=0 tx=0).stop
2024-03-18T00:43:32.721 INFO:teuthology.orchestra.run.smithi162.stdout:/usr/bin/ceph: stderr
2024-03-18T00:43:31.354+0000 7fabeddbb700 1 -- 172.21.15.162:0/1709845858 >> 172.21.15.162:0/1709845858 conn(0x7fabe81021a0 msgr2=0x7fabe81045c0 unknown :-1 s=STATE_NONE l=0).mark_down
2024-03-18T00:43:32.721 INFO:teuthology.orchestra.run.smithi162.stdout:/usr/bin/ceph: stderr
2024-03-18T00:43:31.354+0000 7fabeddbb700 1 -- 172.21.15.162:0/1709845858 shutdown_connections
2024-03-18T00:43:32.721 INFO:teuthology.orchestra.run.smithi162.stdout:/usr/bin/ceph: stderr
2024-03-18T00:43:31.354+0000 7fabeddbb700 1 -- 172.21.15.162:0/1709845858 wait complete.
2024-03-18T00:43:32.721 INFO:teuthology.orchestra.run.smithi162.stdout:/usr/bin/ceph: stderr
2024-03-18T00:43:31.355+0000 7fabeddbb700 1 Processor -- start
2024-03-18T00:43:32.721 INFO:teuthology.orchestra.run.smithi162.stdout:/usr/bin/ceph: stderr
2024-03-18T00:43:31.355+0000 7fabeddbb700 1 -- start start
2024-03-18T00:43:32.721 INFO:teuthology.orchestra.run.smithi162.stdout:/usr/bin/ceph: stderr
2024-03-18T00:43:31.355+0000 7fabeddbb700 1 --2- >> [v2:172.21.15.162:3300/0,v1:172.21.15.162:6789/0] conn(0x7fabe8106bc0 0x7fabe8191c50 unknown :-1 s=NONE pgs=0 cs=0 l=1 rev1=0 crypto rx=0 tx=0 comp rx=0 tx=0).connect
2024-03-18T00:43:32.721 INFO:teuthology.orchestra.run.smithi162.stdout:/usr/bin/ceph: stderr
2024-03-18T00:43:31.355+0000 7fabeddbb700 1 -- --> [v2:172.21.15.162:3300/0,v1:172.21.15.162:6789/0] -- mon_getmap magic: 0 -- 0x7fabe810b170 con 0x7fabe8106bc0
2024-03-18T00:43:32.721 INFO:teuthology.orchestra.run.smithi162.stdout:/usr/bin/ceph: stderr
