2024-03-18T00:40:52.145+0000 7f98aeffd700 1 -- 172.21.15.49:0/1495574689 --> [v2:172.21.15.49:3300/0,v1:172.21.15.49:6789/0] -- mon_subscribe({config=0+,monmap=0+}) -- 0x7f98b0108b50 con 0x7f98b0105e00
2024-03-18T00:40:53.218 INFO:teuthology.orchestra.run.smithi049.stdout:/usr/bin/ceph: stderr
2024-03-18T00:40:52.146+0000 7f98aeffd700 1 --2- 172.21.15.49:0/1495574689 >> [v2:172.21.15.49:3300/0,v1:172.21.15.49:6789/0] conn(0x7f98b0105e00 0x7f98b0108610 secure :-1 s=READY pgs=52 cs=0 l=1 rev1=1 crypto rx=0x7f98a00117e0 tx=0x7f98a0011c10 comp rx=0 tx=0).ready entity=mon.0 client_cookie=0 server_cookie=0 in_seq=0 out_seq=0
2024-03-18T00:40:53.218 INFO:teuthology.orchestra.run.smithi049.stdout:/usr/bin/ceph: stderr
2024-03-18T00:40:52.146+0000 7f98b48c6700 1 -- 172.21.15.49:0/1495574689 <== mon.0 v2:172.21.15.49:3300/0 1 ==== mon_map magic: 0 ==== 205+0+0 (secure 0 0 0) 0x7f98a0003bf0 con 0x7f98b0105e00
2024-03-18T00:40:53.218 INFO:teuthology.orchestra.run.smithi049.stdout:/usr/bin/ceph: stderr
2024-03-18T00:40:52.146+0000 7f98b48c6700 1 -- 172.21.15.49:0/1495574689 <== mon.0 v2:172.21.15.49:3300/0 2 ==== config(27 keys) ==== 1140+0+0 (secure 0 0 0) 0x7f98a001a910 con 0x7f98b0105e00
2024-03-18T00:40:53.218 INFO:teuthology.orchestra.run.smithi049.stdout:/usr/bin/ceph: stderr
2024-03-18T00:40:52.146+0000 7f98b48c6700 1 -- 172.21.15.49:0/1495574689 <== mon.0 v2:172.21.15.49:3300/0 3 ==== mon_map magic: 0 ==== 205+0+0 (secure 0 0 0) 0x7f98a00249a0 con 0x7f98b0105e00
2024-03-18T00:40:53.218 INFO:teuthology.orchestra.run.smithi049.stdout:/usr/bin/ceph: stderr
2024-03-18T00:40:52.146+0000 7f98b58c8700 1 -- 172.21.15.49:0/1495574689 --> [v2:172.21.15.49:3300/0,v1:172.21.15.49:6789/0] -- mon_subscribe({mgrmap=0+}) -- 0x7f98b0106d40 con 0x7f98b0105e00
2024-03-18T00:40:53.219 INFO:teuthology.orchestra.run.smithi049.stdout:/usr/bin/ceph: stderr
2024-03-18T00:40:52.146+0000 7f98b58c8700 1 -- 172.21.15.49:0/1495574689 --> [v2:172.21.15.49:3300/0,v1:172.21.15.49:6789/0] -- mon_subscribe({osdmap=0}) -- 0x7f98b0107200 con 0x7f98b0105e00
2024-03-18T00:40:53.219 INFO:teuthology.orchestra.run.smithi049.stdout:/usr/bin/ceph: stderr
2024-03-18T00:40:52.147+0000 7f98b48c6700 1 -- 172.21.15.49:0/1495574689 <== mon.0 v2:172.21.15.49:3300/0 4 ==== mgrmap(e 8) ==== 46106+0+0 (secure 0 0 0) 0x7f98a0022020 con 0x7f98b0105e00
2024-03-18T00:40:53.219 INFO:teuthology.orchestra.run.smithi049.stdout:/usr/bin/ceph: stderr
2024-03-18T00:40:52.147+0000 7f98b58c8700 1 -- 172.21.15.49:0/1495574689 --> [v2:172.21.15.49:3300/0,v1:172.21.15.49:6789/0] -- mon_command({"prefix": "get_command_descriptions"} v 0) -- 0x7f98b0063900 con 0x7f98b0105e00
2024-03-18T00:40:53.219 INFO:teuthology.orchestra.run.smithi049.stdout:/usr/bin/ceph: stderr
2024-03-18T00:40:52.147+0000 7f98b48c6700 1 --2- 172.21.15.49:0/1495574689 >> [v2:172.21.15.49:6800/1899027445,v1:172.21.15.49:6801/1899027445] conn(0x7f989c038ed0 0x7f989c03b390 unknown :-1 s=NONE pgs=0 cs=0 l=1 rev1=0 crypto rx=0 tx=0 comp rx=0 tx=0).connect
2024-03-18T00:40:53.219 INFO:teuthology.orchestra.run.smithi049.stdout:/usr/bin/ceph: stderr
2024-03-18T00:40:52.147+0000 7f98b48c6700 1 -- 172.21.15.49:0/1495574689 <== mon.0 v2:172.21.15.49:3300/0 5 ==== osd_map(2..2 src has 1..2) ==== 940+0+0 (secure 0 0 0) 0x7f98a004d1a0 con 0x7f98b0105e00
2024-03-18T00:40:53.219 INFO:teuthology.orchestra.run.smithi049.stdout:/usr/bin/ceph: stderr
2024-03-18T00:40:52.147+0000 7f98a7fff700 1 --2- 172.21.15.49:0/1495574689 >> [v2:172.21.15.49:6800/1899027445,v1:172.21.15.49:6801/1899027445] conn(0x7f989c038ed0 0x7f989c03b390 unknown :-1 s=BANNER_CONNECTING pgs=0 cs=0 l=1 rev1=0 crypto rx=0 tx=0 comp rx=0 tx=0)._handle_peer_banner_payload supported=3 required=0
2024-03-18T00:40:53.219 INFO:teuthology.orchestra.run.smithi049.stdout:/usr/bin/ceph: stderr
2024-03-18T00:40:52.147+0000 7f98a7fff700 1 --2- 172.21.15.49:0/1495574689 >> [v2:172.21.15.49:6800/1899027445,v1:172.21.15.49:6801/1899027445] conn(0x7f989c038ed0 0x7f989c03b390 secure :-1 s=READY pgs=15 cs=0 l=1 rev1=1 crypto rx=0x7f9898006fd0 tx=0x7f9898006e40 comp rx=0 tx=0).ready entity=mgr.14118 client_cookie=0 server_cookie=0 in_seq=0 out_seq=0
2024-03-18T00:40:53.219 INFO:teuthology.orchestra.run.smithi049.stdout:/usr/bin/ceph: stderr
2024-03-18T00:40:52.152+0000 7f98b48c6700 1 -- 172.21.15.49:0/1495574689 <== mon.0 v2:172.21.15.49:3300/0 6 ==== mon_command_ack([{"prefix": "get_command_descriptions"}]=0 v0) ==== 72+0+186149 (secure 0 0 0) 0x7f98a0011e20 con 0x7f98b0105e00
2024-03-18T00:40:53.219 INFO:teuthology.orchestra.run.smithi049.stdout:/usr/bin/ceph: stderr
2024-03-18T00:40:52.358+0000 7f98b58c8700 1 -- 172.21.15.49:0/1495574689 --> [v2:172.21.15.49:3300/0,v1:172.21.15.49:6789/0] -- mon_command([{prefix=config set, name=mgr/dashboard/ssl_server_port}] v 0) -- 0x7f98b0107480 con 0x7f98b0105e00
2024-03-18T00:40:53.219 INFO:teuthology.orchestra.run.smithi049.stdout:/usr/bin/ceph: stderr
2024-03-18T00:40:52.360+0000 7f98b48c6700 1 -- 172.21.15.49:0/1495574689 <== mon.0 v2:172.21.15.49:3300/0 7 ==== mon_command_ack([{prefix=config set, name=mgr/dashboard/ssl_server_port}]=0 v8)=0 v8) ==== 130+0+0 (secure 0 0 0) 0x7f98a000b9d0 con 0x7f98b0105e00
2024-03-18T00:40:53.219 INFO:teuthology.orchestra.run.smithi049.stdout:/usr/bin/ceph: stderr
2024-03-18T00:40:52.363+0000 7f98b58c8700 1 -- 172.21.15.49:0/1495574689 >> [v2:172.21.15.49:6800/1899027445,v1:172.21.15.49:6801/1899027445] conn(0x7f989c038ed0 msgr2=0x7f989c03b390 secure :-1 s=STATE_CONNECTION_ESTABLISHED l=1).mark_down
2024-03-18T00:40:53.219 INFO:teuthology.orchestra.run.smithi049.stdout:/usr/bin/ceph: stderr
2024-03-18T00:40:52.363+0000 7f98b58c8700 1 --2- 172.21.15.49:0/1495574689 >> [v2:172.21.15.49:6800/1899027445,v1:172.21.15.49:6801/1899027445] conn(0x7f989c038ed0 0x7f989c03b390 secure :-1 s=READY pgs=15 cs=0 l=1 rev1=1 crypto rx=0x7f9898006fd0 tx=0x7f9898006e40 comp rx=0 tx=0).stop
2024-03-18T00:40:53.220 INFO:teuthology.orchestra.run.smithi049.stdout:/usr/bin/ceph: stderr
2024-03-18T00:40:52.363+0000 7f98b58c8700 1 -- 172.21.15.49:0/1495574689 >> [v2:172.21.15.49:3300/0,v1:172.21.15.49:6789/0] conn(0x7f98b0105e00 msgr2=0x7f98b0108610 secure :-1 s=STATE_CONNECTION_ESTABLISHED l=1).mark_down
2024-03-18T00:40:53.220 INFO:teuthology.orchestra.run.smithi049.stdout:/usr/bin/ceph: stderr
2024-03-18T00:40:52.363+0000 7f98b58c8700 1 --2- 172.21.15.49:0/1495574689 >> [v2:172.21.15.49:3300/0,v1:172.21.15.49:6789/0] conn(0x7f98b0105e00 0x7f98b0108610 secure :-1 s=READY pgs=52 cs=0 l=1 rev1=1 crypto rx=0x7f98a00117e0 tx=0x7f98a0011c10 comp rx=0 tx=0).stop
2024-03-18T00:40:53.220 INFO:teuthology.orchestra.run.smithi049.stdout:/usr/bin/ceph: stderr
2024-03-18T00:40:52.363+0000 7f98b58c8700 1 -- 172.21.15.49:0/1495574689 shutdown_connections
2024-03-18T00:40:53.220 INFO:teuthology.orchestra.run.smithi049.stdout:/usr/bin/ceph: stderr
2024-03-18T00:40:52.363+0000 7f98b58c8700 1 --2- 172.21.15.49:0/1495574689 >> [v2:172.21.15.49:6800/1899027445,v1:172.21.15.49:6801/1899027445] conn(0x7f989c038ed0 0x7f989c03b390 unknown :-1 s=CLOSED pgs=15 cs=0 l=1 rev1=1 crypto rx=0 tx=0 comp rx=0 tx=0).stop
2024-03-18T00:40:53.220 INFO:teuthology.orchestra.run.smithi049.stdout:/usr/bin/ceph: stderr
2024-03-18T00:40:52.363+0000 7f98b58c8700 1 --2- 172.21.15.49:0/1495574689 >> [v2:172.21.15.49:3300/0,v1:172.21.15.49:6789/0] conn(0x7f98b0105e00 0x7f98b0108610 unknown :-1 s=CLOSED pgs=52 cs=0 l=1 rev1=1 crypto rx=0 tx=0 comp rx=0 tx=0).stop
2024-03-18T00:40:53.220 INFO:teuthology.orchestra.run.smithi049.stdout:/usr/bin/ceph: stderr
2024-03-18T00:40:52.363+0000 7f98b58c8700 1 -- 172.21.15.49:0/1495574689 >> 172.21.15.49:0/1495574689 conn(0x7f98b0101710 msgr2=0x7f98b0102220 unknown :-1 s=STATE_NONE l=0).mark_down
2024-03-18T00:40:53.220 INFO:teuthology.orchestra.run.smithi049.stdout:/usr/bin/ceph: stderr
2024-03-18T00:40:52.363+0000 7f98b58c8700 1 -- 172.21.15.49:0/1495574689 shutdown_connections
2024-03-18T00:40:53.220 INFO:teuthology.orchestra.run.smithi049.stdout:/usr/bin/ceph: stderr
2024-03-18T00:40:52.363+0000 7f98b58c8700 1 -- 172.21.15.49:0/1495574689 wait complete.
2024-03-18T00:40:53.220 INFO:teuthology.orchestra.run.smithi049.stdout:Enabling the dashboard module...
2024-03-18T00:40:54.375 INFO:journalctl@ceph.mon.a.smithi049.stdout:Mar 18 00:40:54 smithi049 ceph-mon[32130]: from='mgr.14118 172.21.15.49:0/795676255' entity='mgr.x'
2024-03-18T00:40:54.375 INFO:journalctl@ceph.mon.a.smithi049.stdout:Mar 18 00:40:54 smithi049 ceph-mon[32130]: from='client.? 172.21.15.49:0/463952946' entity='client.admin' cmd=[{"prefix": "mgr module enable", "module": "dashboard"}]: dispatch
2024-03-18T00:40:54.375 INFO:journalctl@ceph.mgr.x.smithi049.stdout:Mar 18 00:40:54 smithi049 ceph-ec390cde-e4bf-11ee-95c9-87774f69a715-mgr-x[32370]: ignoring --setuser ceph since I am not root
2024-03-18T00:40:54.375 INFO:journalctl@ceph.mgr.x.smithi049.stdout:Mar 18 00:40:54 smithi049 ceph-ec390cde-e4bf-11ee-95c9-87774f69a715-mgr-x[32370]: ignoring --setgroup ceph since I am not root
2024-03-18T00:40:54.952 INFO:journalctl@ceph.mgr.x.smithi049.stdout:Mar 18 00:40:54 smithi049 ceph-ec390cde-e4bf-11ee-95c9-87774f69a715-mgr-x[32370]:
2024-03-18T00:40:54.742+0000 7fc7fb5ec200 -1 mgr[py] Module osd_perf_query has missing NOTIFY_TYPES member
2024-03-18T00:40:54.952 INFO:journalctl@ceph.mgr.x.smithi049.stdout:Mar 18 00:40:54 smithi049 ceph-ec390cde-e4bf-11ee-95c9-87774f69a715-mgr-x[32370]:
2024-03-18T00:40:54.839+0000 7fc7fb5ec200 -1 mgr[py] Module snap_schedule has missing NOTIFY_TYPES member
2024-03-18T00:40:55.313 INFO:journalctl@ceph.mon.a.smithi049.stdout:Mar 18 00:40:55 smithi049 ceph-mon[32130]: from='client.? 172.21.15.49:0/463952946' entity='client.admin' cmd='[{"prefix": "mgr module enable", "module": "dashboard"}]': finished
2024-03-18T00:40:55.313 INFO:journalctl@ceph.mon.a.smithi049.stdout:Mar 18 00:40:55 smithi049 ceph-mon[32130]: mgrmap e9: x(active, since 19s)
2024-03-18T00:40:55.320 INFO:teuthology.orchestra.run.smithi049.stdout:/usr/bin/ceph: stderr
2024-03-18T00:40:53.632+0000 7f42a18f9700 1 Processor -- start
2024-03-18T00:40:55.320 INFO:teuthology.orchestra.run.smithi049.stdout:/usr/bin/ceph: stderr
2024-03-18T00:40:53.632+0000 7f42a18f9700 1 -- start start
2024-03-18T00:40:55.320 INFO:teuthology.orchestra.run.smithi049.stdout:/usr/bin/ceph: stderr
2024-03-18T00:40:53.632+0000 7f42a18f9700 1 --2- >> [v2:172.21.15.49:3300/0,v1:172.21.15.49:6789/0] conn(0x7f429c108580 0x7f429c10a970 unknown :-1 s=NONE pgs=0 cs=0 l=0 rev1=0 crypto rx=0 tx=0 comp rx=0 tx=0).connect
2024-03-18T00:40:55.320 INFO:teuthology.orchestra.run.smithi049.stdout:/usr/bin/ceph: stderr
2024-03-18T00:40:53.632+0000 7f42a18f9700 1 -- --> [v2:172.21.15.49:3300/0,v1:172.21.15.49:6789/0] -- mon_getmap magic: 0 -- 0x7f429c07be70 con 0x7f429c108580
2024-03-18T00:40:55.320 INFO:teuthology.orchestra.run.smithi049.stdout:/usr/bin/ceph: stderr
2024-03-18T00:40:53.633+0000 7f429affd700 1 --2- >> [v2:172.21.15.49:3300/0,v1:172.21.15.49:6789/0] conn(0x7f429c108580 0x7f429c10a970 unknown :-1 s=BANNER_CONNECTING pgs=0 cs=0 l=0 rev1=0 crypto rx=0 tx=0 comp rx=0 tx=0)._handle_peer_banner_payload supported=3 required=0
2024-03-18T00:40:55.320 INFO:teuthology.orchestra.run.smithi049.stdout:/usr/bin/ceph: stderr
2024-03-18T00:40:53.633+0000 7f429affd700 1 --2- >> [v2:172.21.15.49:3300/0,v1:172.21.15.49:6789/0] conn(0x7f429c108580 0x7f429c10a970 unknown :-1 s=HELLO_CONNECTING pgs=0 cs=0 l=0 rev1=1 crypto rx=0 tx=0 comp rx=0 tx=0).handle_hello peer v2:172.21.15.49:3300/0 says I am v2:172.21.15.49:53710/0 (socket says 172.21.15.49:53710)
2024-03-18T00:40:55.320 INFO:teuthology.orchestra.run.smithi049.stdout:/usr/bin/ceph: stderr
2024-03-18T00:40:53.633+0000 7f429affd700 1 -- 172.21.15.49:0/1126901152 learned_addr learned my addr 172.21.15.49:0/1126901152 (peer_addr_for_me v2:172.21.15.49:0/0)
2024-03-18T00:40:55.320 INFO:teuthology.orchestra.run.smithi049.stdout:/usr/bin/ceph: stderr
2024-03-18T00:40:53.633+0000 7f429affd700 1 -- 172.21.15.49:0/1126901152 --> [v2:172.21.15.49:3300/0,v1:172.21.15.49:6789/0] -- mon_subscribe({config=0+,monmap=0+}) -- 0x7f429c10aeb0 con 0x7f429c108580
2024-03-18T00:40:55.320 INFO:teuthology.orchestra.run.smithi049.stdout:/usr/bin/ceph: stderr
2024-03-18T00:40:53.633+0000 7f429affd700 1 --2- 172.21.15.49:0/1126901152 >> [v2:172.21.15.49:3300/0,v1:172.21.15.49:6789/0] conn(0x7f429c108580 0x7f429c10a970 secure :-1 s=READY pgs=53 cs=0 l=1 rev1=1 crypto rx=0x7f428c0098a0 tx=0x7f428c009bb0 comp rx=0 tx=0).ready entity=mon.0 client_cookie=9544d3d05e4b506d server_cookie=0 in_seq=0 out_seq=0
2024-03-18T00:40:55.320 INFO:teuthology.orchestra.run.smithi049.stdout:/usr/bin/ceph: stderr
2024-03-18T00:40:53.634+0000 7f4299ffb700 1 -- 172.21.15.49:0/1126901152 <== mon.0 v2:172.21.15.49:3300/0 1 ==== mon_map magic: 0 ==== 205+0+0 (secure 0 0 0) 0x7f428c004160 con 0x7f429c108580
2024-03-18T00:40:55.321 INFO:teuthology.orchestra.run.smithi049.stdout:/usr/bin/ceph: stderr
2024-03-18T00:40:53.634+0000 7f4299ffb700 1 -- 172.21.15.49:0/1126901152 <== mon.0 v2:172.21.15.49:3300/0 2 ==== config(27 keys) ==== 1140+0+0 (secure 0 0 0) 0x7f428c004300 con 0x7f429c108580
2024-03-18T00:40:55.321 INFO:teuthology.orchestra.run.smithi049.stdout:/usr/bin/ceph: stderr
2024-03-18T00:40:53.634+0000 7f4299ffb700 1 -- 172.21.15.49:0/1126901152 <== mon.0 v2:172.21.15.49:3300/0 3 ==== mon_map magic: 0 ==== 205+0+0 (secure 0 0 0) 0x7f428c011b20 con 0x7f429c108580
2024-03-18T00:40:55.321 INFO:teuthology.orchestra.run.smithi049.stdout:/usr/bin/ceph: stderr
2024-03-18T00:40:53.635+0000 7f42a18f9700 1 -- 172.21.15.49:0/1126901152 >> [v2:172.21.15.49:3300/0,v1:172.21.15.49:6789/0] conn(0x7f429c108580 msgr2=0x7f429c10a970 secure :-1 s=STATE_CONNECTION_ESTABLISHED l=1).mark_down
2024-03-18T00:40:55.321 INFO:teuthology.orchestra.run.smithi049.stdout:/usr/bin/ceph: stderr
2024-03-18T00:40:53.635+0000 7f42a18f9700 1 --2- 172.21.15.49:0/1126901152 >> [v2:172.21.15.49:3300/0,v1:172.21.15.49:6789/0] conn(0x7f429c108580 0x7f429c10a970 secure :-1 s=READY pgs=53 cs=0 l=1 rev1=1 crypto rx=0x7f428c0098a0 tx=0x7f428c009bb0 comp rx=0 tx=0).stop
2024-03-18T00:40:55.321 INFO:teuthology.orchestra.run.smithi049.stdout:/usr/bin/ceph: stderr
2024-03-18T00:40:53.635+0000 7f42a18f9700 1 -- 172.21.15.49:0/1126901152 shutdown_connections
2024-03-18T00:40:55.321 INFO:teuthology.orchestra.run.smithi049.stdout:/usr/bin/ceph: stderr
2024-03-18T00:40:53.635+0000 7f42a18f9700 1 --2- 172.21.15.49:0/1126901152 >> [v2:172.21.15.49:3300/0,v1:172.21.15.49:6789/0] conn(0x7f429c108580 0x7f429c10a970 unknown :-1 s=CLOSED pgs=53 cs=0 l=1 rev1=1 crypto rx=0 tx=0 comp rx=0 tx=0).stop
2024-03-18T00:40:55.321 INFO:teuthology.orchestra.run.smithi049.stdout:/usr/bin/ceph: stderr
2024-03-18T00:40:53.635+0000 7f42a18f9700 1 -- 172.21.15.49:0/1126901152 >> 172.21.15.49:0/1126901152 conn(0x7f429c101fd0 msgr2=0x7f429c1043f0 unknown :-1 s=STATE_NONE l=0).mark_down
2024-03-18T00:40:55.321 INFO:teuthology.orchestra.run.smithi049.stdout:/usr/bin/ceph: stderr
2024-03-18T00:40:53.635+0000 7f42a18f9700 1 -- 172.21.15.49:0/1126901152 shutdown_connections
2024-03-18T00:40:55.321 INFO:teuthology.orchestra.run.smithi049.stdout:/usr/bin/ceph: stderr
2024-03-18T00:40:53.635+0000 7f42a18f9700 1 -- 172.21.15.49:0/1126901152 wait complete.
2024-03-18T00:40:55.321 INFO:teuthology.orchestra.run.smithi049.stdout:/usr/bin/ceph: stderr
2024-03-18T00:40:53.635+0000 7f42a18f9700 1 Processor -- start
2024-03-18T00:40:55.321 INFO:teuthology.orchestra.run.smithi049.stdout:/usr/bin/ceph: stderr
2024-03-18T00:40:53.636+0000 7f42a18f9700 1 -- start start
2024-03-18T00:40:55.321 INFO:teuthology.orchestra.run.smithi049.stdout:/usr/bin/ceph: stderr
2024-03-18T00:40:53.636+0000 7f42a18f9700 1 --2- >> [v2:172.21.15.49:3300/0,v1:172.21.15.49:6789/0] conn(0x7f429c108580 0x7f429c107e00 unknown :-1 s=NONE pgs=0 cs=0 l=1 rev1=0 crypto rx=0 tx=0 comp rx=0 tx=0).connect
2024-03-18T00:40:55.321 INFO:teuthology.orchestra.run.smithi049.stdout:/usr/bin/ceph: stderr
2024-03-18T00:40:53.636+0000 7f42a18f9700 1 -- --> [v2:172.21.15.49:3300/0,v1:172.21.15.49:6789/0] -- mon_getmap magic: 0 -- 0x7f429c10bf20 con 0x7f429c108580
2024-03-18T00:40:55.321 INFO:teuthology.orchestra.run.smithi049.stdout:/usr/bin/ceph: stderr
2024-03-18T00:40:53.636+0000 7f429affd700 1 --2- >> [v2:172.21.15.49:3300/0,v1:172.21.15.49:6789/0] conn(0x7f429c108580 0x7f429c107e00 unknown :-1 s=BANNER_CONNECTING pgs=0 cs=0 l=1 rev1=0 crypto rx=0 tx=0 comp rx=0 tx=0)._handle_peer_banner_payload supported=3 required=0
2024-03-18T00:40:55.322 INFO:teuthology.orchestra.run.smithi049.stdout:/usr/bin/ceph: stderr
2024-03-18T00:40:53.636+0000 7f429affd700 1 --2- >> [v2:172.21.15.49:3300/0,v1:172.21.15.49:6789/0] conn(0x7f429c108580 0x7f429c107e00 unknown :-1 s=HELLO_CONNECTING pgs=0 cs=0 l=1 rev1=1 crypto rx=0 tx=0 comp rx=0 tx=0).handle_hello peer v2:172.21.15.49:3300/0 says I am v2:172.21.15.49:53724/0 (socket says 172.21.15.49:53724)
2024-03-18T00:40:55.322 INFO:teuthology.orchestra.run.smithi049.stdout:/usr/bin/ceph: stderr
2024-03-18T00:40:53.636+0000 7f429affd700 1 -- 172.21.15.49:0/463952946 learned_addr learned my addr 172.21.15.49:0/463952946 (peer_addr_for_me v2:172.21.15.49:0/0)
2024-03-18T00:40:55.322 INFO:teuthology.orchestra.run.smithi049.stdout:/usr/bin/ceph: stderr
2024-03-18T00:40:53.636+0000 7f429affd700 1 -- 172.21.15.49:0/463952946 --> [v2:172.21.15.49:3300/0,v1:172.21.15.49:6789/0] -- mon_subscribe({config=0+,monmap=0+}) -- 0x7f429c108340 con 0x7f429c108580
2024-03-18T00:40:55.322 INFO:teuthology.orchestra.run.smithi049.stdout:/usr/bin/ceph: stderr
2024-03-18T00:40:53.637+0000 7f429affd700 1 --2- 172.21.15.49:0/463952946 >> [v2:172.21.15.49:3300/0,v1:172.21.15.49:6789/0] conn(0x7f429c108580 0x7f429c107e00 secure :-1 s=READY pgs=54 cs=0 l=1 rev1=1 crypto rx=0x7f428c0117e0 tx=0x7f428c011c10 comp rx=0 tx=0).ready entity=mon.0 client_cookie=0 server_cookie=0 in_seq=0 out_seq=0
2024-03-18T00:40:55.322 INFO:teuthology.orchestra.run.smithi049.stdout:/usr/bin/ceph: stderr
2024-03-18T00:40:53.637+0000 7f42a08f7700 1 -- 172.21.15.49:0/463952946 <== mon.0 v2:172.21.15.49:3300/0 1 ==== mon_map magic: 0 ==== 205+0+0 (secure 0 0 0) 0x7f428c003bf0 con 0x7f429c108580
2024-03-18T00:40:55.322 INFO:teuthology.orchestra.run.smithi049.stdout:/usr/bin/ceph: stderr
2024-03-18T00:40:53.637+0000 7f42a18f9700 1 -- 172.21.15.49:0/463952946 --> [v2:172.21.15.49:3300/0,v1:172.21.15.49:6789/0] -- mon_subscribe({mgrmap=0+}) -- 0x7f429c106530 con 0x7f429c108580
2024-03-18T00:40:55.322 INFO:teuthology.orchestra.run.smithi049.stdout:/usr/bin/ceph: stderr
2024-03-18T00:40:53.637+0000 7f42a08f7700 1 -- 172.21.15.49:0/463952946 <== mon.0 v2:172.21.15.49:3300/0 2 ==== config(27 keys) ==== 1140+0+0 (secure 0 0 0) 0x7f428c01a910 con 0x7f429c108580
2024-03-18T00:40:55.322 INFO:teuthology.orchestra.run.smithi049.stdout:/usr/bin/ceph: stderr
2024-03-18T00:40:53.637+0000 7f42a08f7700 1 -- 172.21.15.49:0/463952946 <== mon.0 v2:172.21.15.49:3300/0 3 ==== mon_map magic: 0 ==== 205+0+0 (secure 0 0 0) 0x7f428c024970 con 0x7f429c108580
2024-03-18T00:40:55.322 INFO:teuthology.orchestra.run.smithi049.stdout:/usr/bin/ceph: stderr
2024-03-18T00:40:53.637+0000 7f42a18f9700 1 -- 172.21.15.49:0/463952946 --> [v2:172.21.15.49:3300/0,v1:172.21.15.49:6789/0] -- mon_subscribe({osdmap=0}) -- 0x7f429c1069f0 con 0x7f429c108580
2024-03-18T00:40:55.322 INFO:teuthology.orchestra.run.smithi049.stdout:/usr/bin/ceph: stderr
2024-03-18T00:40:53.638+0000 7f42a18f9700 1 -- 172.21.15.49:0/463952946 --> [v2:172.21.15.49:3300/0,v1:172.21.15.49:6789/0] -- mon_command({"prefix": "get_command_descriptions"} v 0) -- 0x7f429c063900 con 0x7f429c108580
2024-03-18T00:40:55.322 INFO:teuthology.orchestra.run.smithi049.stdout:/usr/bin/ceph: stderr
2024-03-18T00:40:53.638+0000 7f42a08f7700 1 -- 172.21.15.49:0/463952946 <== mon.0 v2:172.21.15.49:3300/0 4 ==== mgrmap(e 8) ==== 46106+0+0 (secure 0 0 0) 0x7f428c022020 con 0x7f429c108580
2024-03-18T00:40:55.322 INFO:teuthology.orchestra.run.smithi049.stdout:/usr/bin/ceph: stderr
2024-03-18T00:40:53.638+0000 7f42a08f7700 1 --2- 172.21.15.49:0/463952946 >> [v2:172.21.15.49:6800/1899027445,v1:172.21.15.49:6801/1899027445] conn(0x7f4284038f20 0x7f428403b3e0 unknown :-1 s=NONE pgs=0 cs=0 l=1 rev1=0 crypto rx=0 tx=0 comp rx=0 tx=0).connect
2024-03-18T00:40:55.322 INFO:teuthology.orchestra.run.smithi049.stdout:/usr/bin/ceph: stderr
2024-03-18T00:40:53.638+0000 7f42a08f7700 1 -- 172.21.15.49:0/463952946 <== mon.0 v2:172.21.15.49:3300/0 5 ==== osd_map(2..2 src has 1..2) ==== 940+0+0 (secure 0 0 0) 0x7f428c04d180 con 0x7f429c108580
2024-03-18T00:40:55.323 INFO:teuthology.orchestra.run.smithi049.stdout:/usr/bin/ceph: stderr
2024-03-18T00:40:53.638+0000 7f429a7fc700 1 --2- 172.21.15.49:0/463952946 >> [v2:172.21.15.49:6800/1899027445,v1:172.21.15.49:6801/1899027445] conn(0x7f4284038f20 0x7f428403b3e0 unknown :-1 s=BANNER_CONNECTING pgs=0 cs=0 l=1 rev1=0 crypto rx=0 tx=0 comp rx=0 tx=0)._handle_peer_banner_payload supported=3 required=0
2024-03-18T00:40:55.323 INFO:teuthology.orchestra.run.smithi049.stdout:/usr/bin/ceph: stderr
2024-03-18T00:40:53.639+0000 7f429a7fc700 1 --2- 172.21.15.49:0/463952946 >> [v2:172.21.15.49:6800/1899027445,v1:172.21.15.49:6801/1899027445] conn(0x7f4284038f20 0x7f428403b3e0 secure :-1 s=READY pgs=16 cs=0 l=1 rev1=1 crypto rx=0x7f4290006fd0 tx=0x7f4290006e40 comp rx=0 tx=0).ready entity=mgr.14118 client_cookie=0 server_cookie=0 in_seq=0 out_seq=0
2024-03-18T00:40:55.323 INFO:teuthology.orchestra.run.smithi049.stdout:/usr/bin/ceph: stderr
2024-03-18T00:40:53.648+0000 7f42a08f7700 1 -- 172.21.15.49:0/463952946 <== mon.0 v2:172.21.15.49:3300/0 6 ==== mon_command_ack([{"prefix": "get_command_descriptions"}]=0 v0) ==== 72+0+186149 (secure 0 0 0) 0x7f428c011e20 con 0x7f429c108580
2024-03-18T00:40:55.323 INFO:teuthology.orchestra.run.smithi049.stdout:/usr/bin/ceph: stderr
2024-03-18T00:40:53.920+0000 7f42a18f9700 1 -- 172.21.15.49:0/463952946 --> [v2:172.21.15.49:3300/0,v1:172.21.15.49:6789/0] -- mon_command({"prefix": "mgr module enable", "module": "dashboard"} v 0) -- 0x7f429c106c70 con 0x7f429c108580
2024-03-18T00:40:55.323 INFO:teuthology.orchestra.run.smithi049.stdout:/usr/bin/ceph: stderr
2024-03-18T00:40:54.156+0000 7f42a08f7700 1 -- 172.21.15.49:0/463952946 <== mon.0 v2:172.21.15.49:3300/0 7 ==== mon_command_ack([{"prefix": "mgr module enable", "module": "dashboard"}]=0 v9) ==== 88+0+0 (secure 0 0 0) 0x7f428c00ba30 con 0x7f429c108580
2024-03-18T00:40:55.323 INFO:teuthology.orchestra.run.smithi049.stdout:/usr/bin/ceph: stderr
2024-03-18T00:40:54.157+0000 7f42a08f7700 1 -- 172.21.15.49:0/463952946 <== mon.0 v2:172.21.15.49:3300/0 8 ==== mgrmap(e 9) ==== 46119+0+0 (secure 0 0 0) 0x7f428c02d910 con 0x7f429c108580
2024-03-18T00:40:55.323 INFO:teuthology.orchestra.run.smithi049.stdout:/usr/bin/ceph: stderr
2024-03-18T00:40:54.159+0000 7f42a18f9700 1 -- 172.21.15.49:0/463952946 >> [v2:172.21.15.49:6800/1899027445,v1:172.21.15.49:6801/1899027445] conn(0x7f4284038f20 msgr2=0x7f428403b3e0 secure :-1 s=STATE_CONNECTION_ESTABLISHED l=1).mark_down
2024-03-18T00:40:55.323 INFO:teuthology.orchestra.run.smithi049.stdout:/usr/bin/ceph: stderr
2024-03-18T00:40:54.159+0000 7f42a18f9700 1 --2- 172.21.15.49:0/463952946 >> [v2:172.21.15.49:6800/1899027445,v1:172.21.15.49:6801/1899027445] conn(0x7f4284038f20 0x7f428403b3e0 secure :-1 s=READY pgs=16 cs=0 l=1 rev1=1 crypto rx=0x7f4290006fd0 tx=0x7f4290006e40 comp rx=0 tx=0).stop
2024-03-18T00:40:55.323 INFO:teuthology.orchestra.run.smithi049.stdout:/usr/bin/ceph: stderr
2024-03-18T00:40:54.159+0000 7f42a18f9700 1 -- 172.21.15.49:0/463952946 >> [v2:172.21.15.49:3300/0,v1:172.21.15.49:6789/0] conn(0x7f429c108580 msgr2=0x7f429c107e00 secure :-1 s=STATE_CONNECTION_ESTABLISHED l=1).mark_down
2024-03-18T00:40:55.323 INFO:teuthology.orchestra.run.smithi049.stdout:/usr/bin/ceph: stderr
2024-03-18T00:40:54.159+0000 7f42a18f9700 1 --2- 172.21.15.49:0/463952946 >> [v2:172.21.15.49:3300/0,v1:172.21.15.49:6789/0] conn(0x7f429c108580 0x7f429c107e00 secure :-1 s=READY pgs=54 cs=0 l=1 rev1=1 crypto rx=0x7f428c0117e0 tx=0x7f428c011c10 comp rx=0 tx=0).stop
2024-03-18T00:40:55.323 INFO:teuthology.orchestra.run.smithi049.stdout:/usr/bin/ceph: stderr
2024-03-18T00:40:54.159+0000 7f42a18f9700 1 -- 172.21.15.49:0/463952946 shutdown_connections
2024-03-18T00:40:55.323 INFO:teuthology.orchestra.run.smithi049.stdout:/usr/bin/ceph: stderr
2024-03-18T00:40:54.159+0000 7f42a18f9700 1 --2- 172.21.15.49:0/463952946 >> [v2:172.21.15.49:6800/1899027445,v1:172.21.15.49:6801/1899027445] conn(0x7f4284038f20 0x7f428403b3e0 unknown :-1 s=CLOSED pgs=16 cs=0 l=1 rev1=1 crypto rx=0 tx=0 comp rx=0 tx=0).stop
2024-03-18T00:40:55.323 INFO:teuthology.orchestra.run.smithi049.stdout:/usr/bin/ceph: stderr
2024-03-18T00:40:54.159+0000 7f42a18f9700 1 --2- 172.21.15.49:0/463952946 >> [v2:172.21.15.49:3300/0,v1:172.21.15.49:6789/0] conn(0x7f429c108580 0x7f429c107e00 unknown :-1 s=CLOSED pgs=54 cs=0 l=1 rev1=1 crypto rx=0 tx=0 comp rx=0 tx=0).stop
2024-03-18T00:40:55.323 INFO:teuthology.orchestra.run.smithi049.stdout:/usr/bin/ceph: stderr
2024-03-18T00:40:54.159+0000 7f42a18f9700 1 -- 172.21.15.49:0/463952946 >> 172.21.15.49:0/463952946 conn(0x7f429c101fd0 msgr2=0x7f429c1029d0 unknown :-1 s=STATE_NONE l=0).mark_down
2024-03-18T00:40:55.324 INFO:teuthology.orchestra.run.smithi049.stdout:/usr/bin/ceph: stderr
2024-03-18T00:40:54.159+0000 7f42a18f9700 1 -- 172.21.15.49:0/463952946 shutdown_connections
2024-03-18T00:40:55.324 INFO:teuthology.orchestra.run.smithi049.stdout:/usr/bin/ceph: stderr
2024-03-18T00:40:54.159+0000 7f42a18f9700 1 -- 172.21.15.49:0/463952946 wait complete.
2024-03-18T00:40:55.562 INFO:journalctl@ceph.mgr.x.smithi049.stdout:Mar 18 00:40:55 smithi049 ceph-ec390cde-e4bf-11ee-95c9-87774f69a715-mgr-x[32370]:
2024-03-18T00:40:55.518+0000 7fc7fb5ec200 -1 mgr[py] Module zabbix has missing NOTIFY_TYPES member
2024-03-18T00:40:55.868 INFO:journalctl@ceph.mgr.x.smithi049.stdout:Mar 18 00:40:55 smithi049 ceph-ec390cde-e4bf-11ee-95c9-87774f69a715-mgr-x[32370]:
2024-03-18T00:40:55.618+0000 7fc7fb5ec200 -1 mgr[py] Module balancer has missing NOTIFY_TYPES member
2024-03-18T00:40:55.868 INFO:journalctl@ceph.mgr.x.smithi049.stdout:Mar 18 00:40:55 smithi049 ceph-ec390cde-e4bf-11ee-95c9-87774f69a715-mgr-x[32370]:
2024-03-18T00:40:55.766+0000 7fc7fb5ec200 -1 mgr[py] Module influx has missing NOTIFY_TYPES member
2024-03-18T00:40:55.868 INFO:journalctl@ceph.mgr.x.smithi049.stdout:Mar 18 00:40:55 smithi049 ceph-ec390cde-e4bf-11ee-95c9-87774f69a715-mgr-x[32370]:
2024-03-18T00:40:55.868+0000 7fc7fb5ec200 -1 mgr[py] Module alerts has missing NOTIFY_TYPES member
2024-03-18T00:40:56.125 INFO:journalctl@ceph.mgr.x.smithi049.stdout:Mar 18 00:40:55 smithi049 ceph-ec390cde-e4bf-11ee-95c9-87774f69a715-mgr-x[32370]:
2024-03-18T00:40:55.954+0000 7fc7fb5ec200 -1 mgr[py] Module iostat has missing NOTIFY_TYPES member
2024-03-18T00:40:56.441 INFO:journalctl@ceph.mon.a.smithi049.stdout:Mar 18 00:40:56 smithi049 ceph-mon[32130]: from='client.? 172.21.15.49:0/2742610882' entity='client.admin' cmd=[{"prefix": "mgr stat"}]: dispatch
2024-03-18T00:40:56.441 INFO:journalctl@ceph.mgr.x.smithi049.stdout:Mar 18 00:40:56 smithi049 ceph-ec390cde-e4bf-11ee-95c9-87774f69a715-mgr-x[32370]:
2024-03-18T00:40:56.236+0000 7fc7fb5ec200 -1 mgr[py] Module rgw has missing NOTIFY_TYPES member
2024-03-18T00:40:56.441 INFO:journalctl@ceph.mgr.x.smithi049.stdout:Mar 18 00:40:56 smithi049 ceph-ec390cde-e4bf-11ee-95c9-87774f69a715-mgr-x[32370]:
2024-03-18T00:40:56.352+0000 7fc7fb5ec200 -1 mgr[py] Module rbd_support has missing NOTIFY_TYPES member
2024-03-18T00:40:56.728 INFO:journalctl@ceph.mgr.x.smithi049.stdout:Mar 18 00:40:56 smithi049 ceph-ec390cde-e4bf-11ee-95c9-87774f69a715-mgr-x[32370]:
2024-03-18T00:40:56.448+0000 7fc7fb5ec200 -1 mgr[py] Module progress has missing NOTIFY_TYPES member
2024-03-18T00:40:56.729 INFO:journalctl@ceph.mgr.x.smithi049.stdout:Mar 18 00:40:56 smithi049 ceph-ec390cde-e4bf-11ee-95c9-87774f69a715-mgr-x[32370]:
2024-03-18T00:40:56.554+0000 7fc7fb5ec200 -1 mgr[py] Module pg_autoscaler has missing NOTIFY_TYPES member
2024-03-18T00:40:56.732 INFO:teuthology.orchestra.run.smithi049.stdout:/usr/bin/ceph: stdout {
2024-03-18T00:40:56.738 INFO:teuthology.orchestra.run.smithi049.stdout:/usr/bin/ceph: stdout "epoch": 9,
2024-03-18T00:40:56.738 INFO:teuthology.orchestra.run.smithi049.stdout:/usr/bin/ceph: stdout "available": true,
2024-03-18T00:40:56.738 INFO:teuthology.orchestra.run.smithi049.stdout:/usr/bin/ceph: stdout "active_name": "x",
2024-03-18T00:40:56.738 INFO:teuthology.orchestra.run.smithi049.stdout:/usr/bin/ceph: stdout "num_standby": 0
2024-03-18T00:40:56.738 INFO:teuthology.orchestra.run.smithi049.stdout:/usr/bin/ceph: stdout }
2024-03-18T00:40:56.738 INFO:teuthology.orchestra.run.smithi049.stdout:/usr/bin/ceph: stderr
2024-03-18T00:40:55.779+0000 7f8f8d7dc700 1 Processor -- start
2024-03-18T00:40:56.739 INFO:teuthology.orchestra.run.smithi049.stdout:/usr/bin/ceph: stderr
2024-03-18T00:40:55.779+0000 7f8f8d7dc700 1 -- start start
2024-03-18T00:40:56.739 INFO:teuthology.orchestra.run.smithi049.stdout:/usr/bin/ceph: stderr
2024-03-18T00:40:55.779+0000 7f8f8d7dc700 1 --2- >> [v2:172.21.15.49:3300/0,v1:172.21.15.49:6789/0] conn(0x7f8f88106a10 0x7f8f88106e30 unknown :-1 s=NONE pgs=0 cs=0 l=0 rev1=0 crypto rx=0 tx=0 comp rx=0 tx=0).connect
2024-03-18T00:40:56.739 INFO:teuthology.orchestra.run.smithi049.stdout:/usr/bin/ceph: stderr
2024-03-18T00:40:55.779+0000 7f8f8d7dc700 1 -- --> [v2:172.21.15.49:3300/0,v1:172.21.15.49:6789/0] -- mon_getmap magic: 0 -- 0x7f8f88107400 con 0x7f8f88106a10
2024-03-18T00:40:56.739 INFO:teuthology.orchestra.run.smithi049.stdout:/usr/bin/ceph: stderr
2024-03-18T00:40:55.780+0000 7f8f86ffd700 1 --2- >> [v2:172.21.15.49:3300/0,v1:172.21.15.49:6789/0] conn(0x7f8f88106a10 0x7f8f88106e30 unknown :-1 s=BANNER_CONNECTING pgs=0 cs=0 l=0 rev1=0 crypto rx=0 tx=0 comp rx=0 tx=0)._handle_peer_banner_payload supported=3 required=0
2024-03-18T00:40:56.739 INFO:teuthology.orchestra.run.smithi049.stdout:/usr/bin/ceph: stderr
2024-03-18T00:40:55.780+0000 7f8f86ffd700 1 --2- >> [v2:172.21.15.49:3300/0,v1:172.21.15.49:6789/0] conn(0x7f8f88106a10 0x7f8f88106e30 unknown :-1 s=HELLO_CONNECTING pgs=0 cs=0 l=0 rev1=1 crypto rx=0 tx=0 comp rx=0 tx=0).handle_hello peer v2:172.21.15.49:3300/0 says I am v2:172.21.15.49:53746/0 (socket says 172.21.15.49:53746)
2024-03-18T00:40:56.739 INFO:teuthology.orchestra.run.smithi049.stdout:/usr/bin/ceph: stderr
2024-03-18T00:40:55.780+0000 7f8f86ffd700 1 -- 172.21.15.49:0/934541923 learned_addr learned my addr 172.21.15.49:0/934541923 (peer_addr_for_me v2:172.21.15.49:0/0)
2024-03-18T00:40:56.739 INFO:teuthology.orchestra.run.smithi049.stdout:/usr/bin/ceph: stderr
2024-03-18T00:40:55.780+0000 7f8f86ffd700 1 -- 172.21.15.49:0/934541923 --> [v2:172.21.15.49:3300/0,v1:172.21.15.49:6789/0] -- mon_subscribe({config=0+,monmap=0+}) -- 0x7f8f88107c10 con 0x7f8f88106a10
2024-03-18T00:40:56.739 INFO:teuthology.orchestra.run.smithi049.stdout:/usr/bin/ceph: stderr
2024-03-18T00:40:55.780+0000 7f8f86ffd700 1 --2- 172.21.15.49:0/934541923 >> [v2:172.21.15.49:3300/0,v1:172.21.15.49:6789/0] conn(0x7f8f88106a10 0x7f8f88106e30 secure :-1 s=READY pgs=57 cs=0 l=1 rev1=1 crypto rx=0x7f8f780098a0 tx=0x7f8f78009bb0 comp rx=0 tx=0).ready entity=mon.0 client_cookie=8d50d07eb40f5c90 server_cookie=0 in_seq=0 out_seq=0
2024-03-18T00:40:56.739 INFO:teuthology.orchestra.run.smithi049.stdout:/usr/bin/ceph: stderr
2024-03-18T00:40:55.780+0000 7f8f85ffb700 1 -- 172.21.15.49:0/934541923 <== mon.0 v2:172.21.15.49:3300/0 1 ==== mon_map magic: 0 ==== 205+0+0 (secure 0 0 0) 0x7f8f78004160 con 0x7f8f88106a10
2024-03-18T00:40:56.739 INFO:teuthology.orchestra.run.smithi049.stdout:/usr/bin/ceph: stderr
2024-03-18T00:40:55.780+0000 7f8f85ffb700 1 -- 172.21.15.49:0/934541923 <== mon.0 v2:172.21.15.49:3300/0 2 ==== config(27 keys) ==== 1140+0+0 (secure 0 0 0) 0x7f8f78004300 con 0x7f8f88106a10
2024-03-18T00:40:56.739 INFO:teuthology.orchestra.run.smithi049.stdout:/usr/bin/ceph: stderr
2024-03-18T00:40:55.780+0000 7f8f85ffb700 1 -- 172.21.15.49:0/934541923 <== mon.0 v2:172.21.15.49:3300/0 3 ==== mon_map magic: 0 ==== 205+0+0 (secure 0 0 0) 0x7f8f78011b20 con 0x7f8f88106a10
2024-03-18T00:40:56.739 INFO:teuthology.orchestra.run.smithi049.stdout:/usr/bin/ceph: stderr
2024-03-18T00:40:55.781+0000 7f8f8d7dc700 1 -- 172.21.15.49:0/934541923 >> [v2:172.21.15.49:3300/0,v1:172.21.15.49:6789/0] conn(0x7f8f88106a10 msgr2=0x7f8f88106e30 secure :-1 s=STATE_CONNECTION_ESTABLISHED l=1).mark_down
2024-03-18T00:40:56.739 INFO:teuthology.orchestra.run.smithi049.stdout:/usr/bin/ceph: stderr
2024-03-18T00:40:55.781+0000 7f8f8d7dc700 1 --2- 172.21.15.49:0/934541923 >> [v2:172.21.15.49:3300/0,v1:172.21.15.49:6789/0] conn(0x7f8f88106a10 0x7f8f88106e30 secure :-1 s=READY pgs=57 cs=0 l=1 rev1=1 crypto rx=0x7f8f780098a0 tx=0x7f8f78009bb0 comp rx=0 tx=0).stop
2024-03-18T00:40:56.739 INFO:teuthology.orchestra.run.smithi049.stdout:/usr/bin/ceph: stderr
2024-03-18T00:40:55.781+0000 7f8f8d7dc700 1 -- 172.21.15.49:0/934541923 shutdown_connections
2024-03-18T00:40:56.740 INFO:teuthology.orchestra.run.smithi049.stdout:/usr/bin/ceph: stderr
2024-03-18T00:40:55.781+0000 7f8f8d7dc700 1 --2- 172.21.15.49:0/934541923 >> [v2:172.21.15.49:3300/0,v1:172.21.15.49:6789/0] conn(0x7f8f88106a10 0x7f8f88106e30 unknown :-1 s=CLOSED pgs=57 cs=0 l=1 rev1=1 crypto rx=0 tx=0 comp rx=0 tx=0).stop
2024-03-18T00:40:56.740 INFO:teuthology.orchestra.run.smithi049.stdout:/usr/bin/ceph: stderr
2024-03-18T00:40:55.781+0000 7f8f8d7dc700 1 -- 172.21.15.49:0/934541923 >> 172.21.15.49:0/934541923 conn(0x7f8f88101fd0 msgr2=0x7f8f881043f0 unknown :-1 s=STATE_NONE l=0).mark_down
2024-03-18T00:40:56.740 INFO:teuthology.orchestra.run.smithi049.stdout:/usr/bin/ceph: stderr
2024-03-18T00:40:55.781+0000 7f8f8d7dc700 1 -- 172.21.15.49:0/934541923 shutdown_connections
2024-03-18T00:40:56.740 INFO:teuthology.orchestra.run.smithi049.stdout:/usr/bin/ceph: stderr
2024-03-18T00:40:55.781+0000 7f8f8d7dc700 1 -- 172.21.15.49:0/934541923 wait complete.
2024-03-18T00:40:56.740 INFO:teuthology.orchestra.run.smithi049.stdout:/usr/bin/ceph: stderr
2024-03-18T00:40:55.782+0000 7f8f8d7dc700 1 Processor -- start
2024-03-18T00:40:56.740 INFO:teuthology.orchestra.run.smithi049.stdout:/usr/bin/ceph: stderr
2024-03-18T00:40:55.782+0000 7f8f8d7dc700 1 -- start start
2024-03-18T00:40:56.740 INFO:teuthology.orchestra.run.smithi049.stdout:/usr/bin/ceph: stderr
2024-03-18T00:40:55.782+0000 7f8f8d7dc700 1 --2- >> [v2:172.21.15.49:3300/0,v1:172.21.15.49:6789/0] conn(0x7f8f88106a10 0x7f8f88191bc0 unknown :-1 s=NONE pgs=0 cs=0 l=1 rev1=0 crypto rx=0 tx=0 comp rx=0 tx=0).connect
2024-03-18T00:40:56.740 INFO:teuthology.orchestra.run.smithi049.stdout:/usr/bin/ceph: stderr
2024-03-18T00:40:55.782+0000 7f8f8d7dc700 1 -- --> [v2:172.21.15.49:3300/0,v1:172.21.15.49:6789/0] -- mon_getmap magic: 0 -- 0x7f8f8810afc0 con 0x7f8f88106a10
2024-03-18T00:40:56.740 INFO:teuthology.orchestra.run.smithi049.stdout:/usr/bin/ceph: stderr
2024-03-18T00:40:55.782+0000 7f8f86ffd700 1 --2- >> [v2:172.21.15.49:3300/0,v1:172.21.15.49:6789/0] conn(0x7f8f88106a10 0x7f8f88191bc0 unknown :-1 s=BANNER_CONNECTING pgs=0 cs=0 l=1 rev1=0 crypto rx=0 tx=0 comp rx=0 tx=0)._handle_peer_banner_payload supported=3 required=0
2024-03-18T00:40:56.740 INFO:teuthology.orchestra.run.smithi049.stdout:/usr/bin/ceph: stderr
2024-03-18T00:40:55.782+0000 7f8f86ffd700 1 --2- >> [v2:172.21.15.49:3300/0,v1:172.21.15.49:6789/0] conn(0x7f8f88106a10 0x7f8f88191bc0 unknown :-1 s=HELLO_CONNECTING pgs=0 cs=0 l=1 rev1=1 crypto rx=0 tx=0 comp rx=0 tx=0).handle_hello peer v2:172.21.15.49:3300/0 says I am v2:172.21.15.49:53756/0 (socket says 172.21.15.49:53756)
2024-03-18T00:40:56.740 INFO:teuthology.orchestra.run.smithi049.stdout:/usr/bin/ceph: stderr
2024-03-18T00:40:55.782+0000 7f8f86ffd700 1 -- 172.21.15.49:0/2742610882 learned_addr learned my addr 172.21.15.49:0/2742610882 (peer_addr_for_me v2:172.21.15.49:0/0)
2024-03-18T00:40:56.740 INFO:teuthology.orchestra.run.smithi049.stdout:/usr/bin/ceph: stderr
2024-03-18T00:40:55.782+0000 7f8f86ffd700 1 -- 172.21.15.49:0/2742610882 --> [v2:172.21.15.49:3300/0,v1:172.21.15.49:6789/0] -- mon_subscribe({config=0+,monmap=0+}) -- 0x7f8f88192100 con 0x7f8f88106a10
2024-03-18T00:40:56.740 INFO:teuthology.orchestra.run.smithi049.stdout:/usr/bin/ceph: stderr
2024-03-18T00:40:55.783+0000 7f8f86ffd700 1 --2- 172.21.15.49:0/2742610882 >> [v2:172.21.15.49:3300/0,v1:172.21.15.49:6789/0] conn(0x7f8f88106a10 0x7f8f88191bc0 secure :-1 s=READY pgs=58 cs=0 l=1 rev1=1 crypto rx=0x7f8f780117e0 tx=0x7f8f78011c10 comp rx=0 tx=0).ready entity=mon.0 client_cookie=0 server_cookie=0 in_seq=0 out_seq=0
2024-03-18T00:40:56.740 INFO:teuthology.orchestra.run.smithi049.stdout:/usr/bin/ceph: stderr
2024-03-18T00:40:55.783+0000 7f8f6ffff700 1 -- 172.21.15.49:0/2742610882 <== mon.0 v2:172.21.15.49:3300/0 1 ==== mon_map magic: 0 ==== 205+0+0 (secure 0 0 0) 0x7f8f78003bf0 con 0x7f8f88106a10
2024-03-18T00:40:56.741 INFO:teuthology.orchestra.run.smithi049.stdout:/usr/bin/ceph: stderr
2024-03-18T00:40:55.783+0000 7f8f6ffff700 1 -- 172.21.15.49:0/2742610882 <== mon.0 v2:172.21.15.49:3300/0 2 ==== config(27 keys) ==== 1140+0+0 (secure 0 0 0) 0x7f8f7801a910 con 0x7f8f88106a10
2024-03-18T00:40:56.741 INFO:teuthology.orchestra.run.smithi049.stdout:/usr/bin/ceph: stderr
2024-03-18T00:40:55.783+0000 7f8f8d7dc700 1 -- 172.21.15.49:0/2742610882 --> [v2:172.21.15.49:3300/0,v1:172.21.15.49:6789/0] -- mon_subscribe({mgrmap=0+}) -- 0x7f8f881902f0 con 0x7f8f88106a10
2024-03-18T00:40:56.741 INFO:teuthology.orchestra.run.smithi049.stdout:/usr/bin/ceph: stderr
2024-03-18T00:40:55.783+0000 7f8f6ffff700 1 -- 172.21.15.49:0/2742610882 <== mon.0 v2:172.21.15.49:3300/0 3 ==== mon_map magic: 0 ==== 205+0+0 (secure 0 0 0) 0x7f8f780249a0 con 0x7f8f88106a10
2024-03-18T00:40:56.741 INFO:teuthology.orchestra.run.smithi049.stdout:/usr/bin/ceph: stderr
2024-03-18T00:40:55.783+0000 7f8f8d7dc700 1 -- 172.21.15.49:0/2742610882 --> [v2:172.21.15.49:3300/0,v1:172.21.15.49:6789/0] -- mon_subscribe({osdmap=0}) -- 0x7f8f881907b0 con 0x7f8f88106a10
2024-03-18T00:40:56.741 INFO:teuthology.orchestra.run.smithi049.stdout:/usr/bin/ceph: stderr
2024-03-18T00:40:55.784+0000 7f8f8d7dc700 1 -- 172.21.15.49:0/2742610882 --> [v2:172.21.15.49:3300/0,v1:172.21.15.49:6789/0] -- mon_command({"prefix": "get_command_descriptions"} v 0) -- 0x7f8f88063900 con 0x7f8f88106a10
2024-03-18T00:40:56.741 INFO:teuthology.orchestra.run.smithi049.stdout:/usr/bin/ceph: stderr
2024-03-18T00:40:55.784+0000 7f8f6ffff700 1 -- 172.21.15.49:0/2742610882 <== mon.0 v2:172.21.15.49:3300/0 4 ==== mgrmap(e 9) ==== 46119+0+0 (secure 0 0 0) 0x7f8f78022020 con 0x7f8f88106a10
2024-03-18T00:40:56.741 INFO:teuthology.orchestra.run.smithi049.stdout:/usr/bin/ceph: stderr
2024-03-18T00:40:55.784+0000 7f8f6ffff700 1 --2- 172.21.15.49:0/2742610882 >> [v2:172.21.15.49:6800/1899027445,v1:172.21.15.49:6801/1899027445] conn(0x7f8f70038f80 0x7f8f7003b440 unknown :-1 s=NONE pgs=0 cs=0 l=1 rev1=0 crypto rx=0 tx=0 comp rx=0 tx=0).connect
2024-03-18T00:40:56.741 INFO:teuthology.orchestra.run.smithi049.stdout:/usr/bin/ceph: stderr
2024-03-18T00:40:55.784+0000 7f8f6ffff700 1 -- 172.21.15.49:0/2742610882 <== mon.0 v2:172.21.15.49:3300/0 5 ==== osd_map(2..2 src has 1..2) ==== 940+0+0 (secure 0 0 0) 0x7f8f7804d300 con 0x7f8f88106a10
2024-03-18T00:40:56.741 INFO:teuthology.orchestra.run.smithi049.stdout:/usr/bin/ceph: stderr
2024-03-18T00:40:55.784+0000 7f8f867fc700 1 -- 172.21.15.49:0/2742610882 >> [v2:172.21.15.49:6800/1899027445,v1:172.21.15.49:6801/1899027445] conn(0x7f8f70038f80 msgr2=0x7f8f7003b440 unknown :-1 s=STATE_CONNECTING_RE l=1).process reconnect failed to v2:172.21.15.49:6800/1899027445
2024-03-18T00:40:56.741 INFO:teuthology.orchestra.run.smithi049.stdout:/usr/bin/ceph: stderr
2024-03-18T00:40:55.784+0000 7f8f867fc700 1 --2- 172.21.15.49:0/2742610882 >> [v2:172.21.15.49:6800/1899027445,v1:172.21.15.49:6801/1899027445] conn(0x7f8f70038f80 0x7f8f7003b440 unknown :-1 s=START_CONNECT pgs=0 cs=0 l=1 rev1=0 crypto rx=0 tx=0 comp rx=0 tx=0)._fault waiting 0.200000
2024-03-18T00:40:56.742 INFO:teuthology.orchestra.run.smithi049.stdout:/usr/bin/ceph: stderr
2024-03-18T00:40:55.789+0000 7f8f6ffff700 1 -- 172.21.15.49:0/2742610882 <== mon.0 v2:172.21.15.49:3300/0 6 ==== mon_command_ack([{"prefix": "get_command_descriptions"}]=0 v0) ==== 72+0+186149 (secure 0 0 0) 0x7f8f78011e20 con 0x7f8f88106a10
2024-03-18T00:40:56.742 INFO:teuthology.orchestra.run.smithi049.stdout:/usr/bin/ceph: stderr
2024-03-18T00:40:55.985+0000 7f8f867fc700 1 -- 172.21.15.49:0/2742610882 >> [v2:172.21.15.49:6800/1899027445,v1:172.21.15.49:6801/1899027445] conn(0x7f8f70038f80 msgr2=0x7f8f7003b440 unknown :-1 s=STATE_CONNECTING_RE l=1).process reconnect failed to v2:172.21.15.49:6800/1899027445
2024-03-18T00:40:56.742 INFO:teuthology.orchestra.run.smithi049.stdout:/usr/bin/ceph: stderr
2024-03-18T00:40:55.985+0000 7f8f867fc700 1 --2- 172.21.15.49:0/2742610882 >> [v2:172.21.15.49:6800/1899027445,v1:172.21.15.49:6801/1899027445] conn(0x7f8f70038f80 0x7f8f7003b440 unknown :-1 s=START_CONNECT pgs=0 cs=0 l=1 rev1=0 crypto rx=0 tx=0 comp rx=0 tx=0)._fault waiting 0.400000
2024-03-18T00:40:56.742 INFO:teuthology.orchestra.run.smithi049.stdout:/usr/bin/ceph: stderr
2024-03-18T00:40:56.059+0000 7f8f8d7dc700 1 -- 172.21.15.49:0/2742610882 --> [v2:172.21.15.49:3300/0,v1:172.21.15.49:6789/0] -- mon_command({"prefix": "mgr stat"} v 0) -- 0x7f8f88195910 con 0x7f8f88106a10
2024-03-18T00:40:56.742 INFO:teuthology.orchestra.run.smithi049.stdout:/usr/bin/ceph: stderr
2024-03-18T00:40:56.060+0000 7f8f6ffff700 1 -- 172.21.15.49:0/2742610882 <== mon.0 v2:172.21.15.49:3300/0 7 ==== mon_command_ack([{"prefix": "mgr stat"}]=0 v9) ==== 56+0+88 (secure 0 0 0) 0x7f8f7802c350 con 0x7f8f88106a10
2024-03-18T00:40:56.742 INFO:teuthology.orchestra.run.smithi049.stdout:/usr/bin/ceph: stderr
2024-03-18T00:40:56.062+0000 7f8f8d7dc700 1 -- 172.21.15.49:0/2742610882 >> [v2:172.21.15.49:6800/1899027445,v1:172.21.15.49:6801/1899027445] conn(0x7f8f70038f80 msgr2=0x7f8f7003b440 unknown :-1 s=STATE_CONNECTING l=1).mark_down
2024-03-18T00:40:56.742 INFO:teuthology.orchestra.run.smithi049.stdout:/usr/bin/ceph: stderr
2024-03-18T00:40:56.062+0000 7f8f8d7dc700 1 --2- 172.21.15.49:0/2742610882 >> [v2:172.21.15.49:6800/1899027445,v1:172.21.15.49:6801/1899027445] conn(0x7f8f70038f80 0x7f8f7003b440 unknown :-1 s=START_CONNECT pgs=0 cs=0 l=1 rev1=0 crypto rx=0 tx=0 comp rx=0 tx=0).stop
2024-03-18T00:40:56.742 INFO:teuthology.orchestra.run.smithi049.stdout:/usr/bin/ceph: stderr
2024-03-18T00:40:56.062+0000 7f8f8d7dc700 1 -- 172.21.15.49:0/2742610882 >> [v2:172.21.15.49:3300/0,v1:172.21.15.49:6789/0] conn(0x7f8f88106a10 msgr2=0x7f8f88191bc0 secure :-1 s=STATE_CONNECTION_ESTABLISHED l=1).mark_down
2024-03-18T00:40:56.742 INFO:teuthology.orchestra.run.smithi049.stdout:/usr/bin/ceph: stderr
2024-03-18T00:40:56.062+0000 7f8f8d7dc700 1 --2- 172.21.15.49:0/2742610882 >> [v2:172.21.15.49:3300/0,v1:172.21.15.49:6789/0] conn(0x7f8f88106a10 0x7f8f88191bc0 secure :-1 s=READY pgs=58 cs=0 l=1 rev1=1 crypto rx=0x7f8f780117e0 tx=0x7f8f78011c10 comp rx=0 tx=0).stop
2024-03-18T00:40:56.742 INFO:teuthology.orchestra.run.smithi049.stdout:/usr/bin/ceph: stderr
2024-03-18T00:40:56.062+0000 7f8f8d7dc700 1 -- 172.21.15.49:0/2742610882 shutdown_connections
2024-03-18T00:40:56.742 INFO:teuthology.orchestra.run.smithi049.stdout:/usr/bin/ceph: stderr
2024-03-18T00:40:56.062+0000 7f8f8d7dc700 1 --2- 172.21.15.49:0/2742610882 >> [v2:172.21.15.49:6800/1899027445,v1:172.21.15.49:6801/1899027445] conn(0x7f8f70038f80 0x7f8f7003b440 unknown :-1 s=CLOSED pgs=0 cs=0 l=1 rev1=0 crypto rx=0 tx=0 comp rx=0 tx=0).stop
2024-03-18T00:40:56.742 INFO:teuthology.orchestra.run.smithi049.stdout:/usr/bin/ceph: stderr
2024-03-18T00:40:56.062+0000 7f8f8d7dc700 1 --2- 172.21.15.49:0/2742610882 >> [v2:172.21.15.49:3300/0,v1:172.21.15.49:6789/0] conn(0x7f8f88106a10 0x7f8f88191bc0 unknown :-1 s=CLOSED pgs=58 cs=0 l=1 rev1=1 crypto rx=0 tx=0 comp rx=0 tx=0).stop
2024-03-18T00:40:56.742 INFO:teuthology.orchestra.run.smithi049.stdout:/usr/bin/ceph: stderr
2024-03-18T00:40:56.062+0000 7f8f8d7dc700 1 -- 172.21.15.49:0/2742610882 >> 172.21.15.49:0/2742610882 conn(0x7f8f88101fd0 msgr2=0x7f8f88102e10 unknown :-1 s=STATE_NONE l=0).mark_down
2024-03-18T00:40:56.743 INFO:teuthology.orchestra.run.smithi049.stdout:/usr/bin/ceph: stderr
2024-03-18T00:40:56.062+0000 7f8f8d7dc700 1 -- 172.21.15.49:0/2742610882 shutdown_connections
2024-03-18T00:40:56.743 INFO:teuthology.orchestra.run.smithi049.stdout:/usr/bin/ceph: stderr
2024-03-18T00:40:56.062+0000 7f8f8d7dc700 1 -- 172.21.15.49:0/2742610882 wait complete.
2024-03-18T00:40:56.743 INFO:teuthology.orchestra.run.smithi049.stdout:Waiting for the mgr to restart...
2024-03-18T00:40:56.743 INFO:teuthology.orchestra.run.smithi049.stdout:Waiting for mgr epoch 9...
2024-03-18T00:40:57.039 INFO:journalctl@ceph.mgr.x.smithi049.stdout:Mar 18 00:40:56 smithi049 ceph-ec390cde-e4bf-11ee-95c9-87774f69a715-mgr-x[32370]:
2024-03-18T00:40:56.742+0000 7fc7fb5ec200 -1 mgr[py] Module devicehealth has missing NOTIFY_TYPES member
2024-03-18T00:40:58.125 INFO:journalctl@ceph.mgr.x.smithi049.stdout:Mar 18 00:40:57 smithi049 ceph-ec390cde-e4bf-11ee-95c9-87774f69a715-mgr-x[32370]:
2024-03-18T00:40:57.779+0000 7fc7fb5ec200 -1 mgr[py] Module rook has missing NOTIFY_TYPES member
2024-03-18T00:40:58.125 INFO:journalctl@ceph.mgr.x.smithi049.stdout:Mar 18 00:40:57 smithi049 ceph-ec390cde-e4bf-11ee-95c9-87774f69a715-mgr-x[32370]:
2024-03-18T00:40:57.915+0000 7fc7fb5ec200 -1 mgr[py] Module diskprediction_local has missing NOTIFY_TYPES member
2024-03-18T00:40:58.570 INFO:journalctl@ceph.mgr.x.smithi049.stdout:Mar 18 00:40:58 smithi049 ceph-ec390cde-e4bf-11ee-95c9-87774f69a715-mgr-x[32370]:
2024-03-18T00:40:58.271+0000 7fc7fb5ec200 -1 mgr[py] Module selftest has missing NOTIFY_TYPES member
2024-03-18T00:40:58.570 INFO:journalctl@ceph.mgr.x.smithi049.stdout:Mar 18 00:40:58 smithi049 ceph-ec390cde-e4bf-11ee-95c9-87774f69a715-mgr-x[32370]:
2024-03-18T00:40:58.365+0000 7fc7fb5ec200 -1 mgr[py] Module telegraf has missing NOTIFY_TYPES member
2024-03-18T00:40:58.570 INFO:journalctl@ceph.mgr.x.smithi049.stdout:Mar 18 00:40:58 smithi049 ceph-ec390cde-e4bf-11ee-95c9-87774f69a715-mgr-x[32370]:
2024-03-18T00:40:58.570+0000 7fc7fb5ec200 -1 mgr[py] Module test_orchestrator has missing NOTIFY_TYPES member
2024-03-18T00:40:58.874 INFO:journalctl@ceph.mgr.x.smithi049.stdout:Mar 18 00:40:58 smithi049 ceph-ec390cde-e4bf-11ee-95c9-87774f69a715-mgr-x[32370]:
2024-03-18T00:40:58.763+0000 7fc7fb5ec200 -1 mgr[py] Module crash has missing NOTIFY_TYPES member
2024-03-18T00:40:59.328 INFO:journalctl@ceph.mgr.x.smithi049.stdout:Mar 18 00:40:59 smithi049 ceph-ec390cde-e4bf-11ee-95c9-87774f69a715-mgr-x[32370]:
2024-03-18T00:40:59.060+0000 7fc7fb5ec200 -1 mgr[py] Module orchestrator has missing NOTIFY_TYPES member
2024-03-18T00:40:59.328 INFO:journalctl@ceph.mgr.x.smithi049.stdout:Mar 18 00:40:59 smithi049 ceph-ec390cde-e4bf-11ee-95c9-87774f69a715-mgr-x[32370]:
2024-03-18T00:40:59.328+0000 7fc7fb5ec200 -1 mgr[py] Module osd_support has missing NOTIFY_TYPES member
2024-03-18T00:40:59.624 INFO:journalctl@ceph.mgr.x.smithi049.stdout:Mar 18 00:40:59 smithi049 ceph-ec390cde-e4bf-11ee-95c9-87774f69a715-mgr-x[32370]:
2024-03-18T00:40:59.576+0000 7fc7fb5ec200 -1 mgr[py] Module volumes has missing NOTIFY_TYPES member
2024-03-18T00:41:00.625 INFO:journalctl@ceph.mgr.x.smithi049.stdout:Mar 18 00:41:00 smithi049 ceph-ec390cde-e4bf-11ee-95c9-87774f69a715-mgr-x[32370]:
2024-03-18T00:41:00.421+0000 7fc7fb5ec200 -1 mgr[py] Module telemetry has missing NOTIFY_TYPES member
2024-03-18T00:41:01.362 INFO:journalctl@ceph.mgr.x.smithi049.stdout:Mar 18 00:41:01 smithi049 ceph-ec390cde-e4bf-11ee-95c9-87774f69a715-mgr-x[32370]:
2024-03-18T00:41:01.033+0000 7fc7fb5ec200 -1 mgr[py] Module prometheus has missing NOTIFY_TYPES member
2024-03-18T00:41:01.363 INFO:journalctl@ceph.mgr.x.smithi049.stdout:Mar 18 00:41:01 smithi049 ceph-ec390cde-e4bf-11ee-95c9-87774f69a715-mgr-x[32370]:
2024-03-18T00:41:01.135+0000 7fc7fb5ec200 -1 mgr[py] Module status has missing NOTIFY_TYPES member
2024-03-18T00:41:01.363 INFO:journalctl@ceph.mgr.x.smithi049.stdout:Mar 18 00:41:01 smithi049 ceph-ec390cde-e4bf-11ee-95c9-87774f69a715-mgr-x[32370]:
2024-03-18T00:41:01.361+0000 7fc7fb5ec200 -1 mgr[py] Module nfs has missing NOTIFY_TYPES member
2024-03-18T00:41:01.625 INFO:journalctl@ceph.mon.a.smithi049.stdout:Mar 18 00:41:01 smithi049 ceph-mon[32130]: Active manager daemon x restarted
2024-03-18T00:41:01.625 INFO:journalctl@ceph.mon.a.smithi049.stdout:Mar 18 00:41:01 smithi049 ceph-mon[32130]: Activating manager daemon x
2024-03-18T00:41:01.625 INFO:journalctl@ceph.mon.a.smithi049.stdout:Mar 18 00:41:01 smithi049 ceph-mon[32130]: osdmap e3: 0 total, 0 up, 0 in
2024-03-18T00:41:01.625 INFO:journalctl@ceph.mon.a.smithi049.stdout:Mar 18 00:41:01 smithi049 ceph-mon[32130]: mgrmap e10: x(active, starting, since 0.00321314s)
2024-03-18T00:41:01.625 INFO:journalctl@ceph.mon.a.smithi049.stdout:Mar 18 00:41:01 smithi049 ceph-mon[32130]: from='mgr.14150 172.21.15.49:0/1107003799' entity='mgr.x' cmd=[{"prefix": "mon metadata", "id": "a"}]: dispatch
2024-03-18T00:41:01.625 INFO:journalctl@ceph.mon.a.smithi049.stdout:Mar 18 00:41:01 smithi049 ceph-mon[32130]: from='mgr.14150 172.21.15.49:0/1107003799' entity='mgr.x' cmd=[{"prefix": "mgr metadata", "who": "x", "id": "x"}]: dispatch
2024-03-18T00:41:01.625 INFO:journalctl@ceph.mon.a.smithi049.stdout:Mar 18 00:41:01 smithi049 ceph-mon[32130]: from='mgr.14150 172.21.15.49:0/1107003799' entity='mgr.x' cmd=[{"prefix": "mds metadata"}]: dispatch
2024-03-18T00:41:01.625 INFO:journalctl@ceph.mon.a.smithi049.stdout:Mar 18 00:41:01 smithi049 ceph-mon[32130]: from='mgr.14150 172.21.15.49:0/1107003799' entity='mgr.x' cmd=[{"prefix": "osd metadata"}]: dispatch
