2024-03-18T00:40:33.079+0000 7f4219d9b700 1 --2- 172.21.15.49:0/250001148 >> [v2:172.21.15.49:6800/1672783865,v1:172.21.15.49:6801/1672783865] conn(0x7f4208038f20 0x7f420803b3e0 unknown :-1 s=START_CONNECT pgs=0 cs=0 l=1 rev1=0 crypto rx=0 tx=0 comp rx=0 tx=0)._fault waiting 3.200000
2024-03-18T00:40:35.841 INFO:teuthology.orchestra.run.smithi049.stdout:/usr/bin/ceph: stderr
2024-03-18T00:40:34.219+0000 7f42137fe700 1 -- 172.21.15.49:0/250001148 <== mon.0 v2:172.21.15.49:3300/0 6 ==== mgrmap(e 6) ==== 45873+0+0 (secure 0 0 0) 0x7f420c014950 con 0x7f421c106a10
2024-03-18T00:40:35.841 INFO:teuthology.orchestra.run.smithi049.stdout:/usr/bin/ceph: stderr
2024-03-18T00:40:34.219+0000 7f42137fe700 1 -- 172.21.15.49:0/250001148 >> [v2:172.21.15.49:6800/1672783865,v1:172.21.15.49:6801/1672783865] conn(0x7f4208038f20 msgr2=0x7f420803b3e0 unknown :-1 s=STATE_CONNECTING l=1).mark_down
2024-03-18T00:40:35.841 INFO:teuthology.orchestra.run.smithi049.stdout:/usr/bin/ceph: stderr
2024-03-18T00:40:34.219+0000 7f42137fe700 1 --2- 172.21.15.49:0/250001148 >> [v2:172.21.15.49:6800/1672783865,v1:172.21.15.49:6801/1672783865] conn(0x7f4208038f20 0x7f420803b3e0 unknown :-1 s=START_CONNECT pgs=0 cs=0 l=1 rev1=0 crypto rx=0 tx=0 comp rx=0 tx=0).stop
2024-03-18T00:40:35.841 INFO:teuthology.orchestra.run.smithi049.stdout:/usr/bin/ceph: stderr
2024-03-18T00:40:35.220+0000 7f42137fe700 1 -- 172.21.15.49:0/250001148 <== mon.0 v2:172.21.15.49:3300/0 7 ==== mgrmap(e 7) ==== 46000+0+0 (secure 0 0 0) 0x7f420c04f120 con 0x7f421c106a10
2024-03-18T00:40:35.841 INFO:teuthology.orchestra.run.smithi049.stdout:/usr/bin/ceph: stderr
2024-03-18T00:40:35.220+0000 7f42137fe700 1 --2- 172.21.15.49:0/250001148 >> [v2:172.21.15.49:6800/1899027445,v1:172.21.15.49:6801/1899027445] conn(0x7f420803c810 0x7f420803ec00 unknown :-1 s=NONE pgs=0 cs=0 l=1 rev1=0 crypto rx=0 tx=0 comp rx=0 tx=0).connect
2024-03-18T00:40:35.841 INFO:teuthology.orchestra.run.smithi049.stdout:/usr/bin/ceph: stderr
2024-03-18T00:40:35.220+0000 7f42137fe700 1 -- 172.21.15.49:0/250001148 --> [v2:172.21.15.49:6800/1899027445,v1:172.21.15.49:6801/1899027445] -- command(tid 0: {"prefix": "get_command_descriptions"}) -- 0x7f420c00aea0 con 0x7f420803c810
2024-03-18T00:40:35.841 INFO:teuthology.orchestra.run.smithi049.stdout:/usr/bin/ceph: stderr
2024-03-18T00:40:35.220+0000 7f4219d9b700 1 --2- 172.21.15.49:0/250001148 >> [v2:172.21.15.49:6800/1899027445,v1:172.21.15.49:6801/1899027445] conn(0x7f420803c810 0x7f420803ec00 unknown :-1 s=BANNER_CONNECTING pgs=0 cs=0 l=1 rev1=0 crypto rx=0 tx=0 comp rx=0 tx=0)._handle_peer_banner_payload supported=3 required=0
2024-03-18T00:40:35.841 INFO:teuthology.orchestra.run.smithi049.stdout:/usr/bin/ceph: stderr
2024-03-18T00:40:35.221+0000 7f4219d9b700 1 --2- 172.21.15.49:0/250001148 >> [v2:172.21.15.49:6800/1899027445,v1:172.21.15.49:6801/1899027445] conn(0x7f420803c810 0x7f420803ec00 secure :-1 s=READY pgs=1 cs=0 l=1 rev1=1 crypto rx=0x7f4204003a10 tx=0x7f42040092b0 comp rx=0 tx=0).ready entity=mgr.14118 client_cookie=0 server_cookie=0 in_seq=0 out_seq=0
2024-03-18T00:40:35.841 INFO:teuthology.orchestra.run.smithi049.stdout:/usr/bin/ceph: stderr
2024-03-18T00:40:35.222+0000 7f42137fe700 1 -- 172.21.15.49:0/250001148 <== mgr.14118 v2:172.21.15.49:6800/1899027445 1 ==== command_reply(tid 0: 0 ) ==== 8+0+7774 (secure 0 0 0) 0x7f420c00aea0 con 0x7f420803c810
2024-03-18T00:40:35.841 INFO:teuthology.orchestra.run.smithi049.stdout:/usr/bin/ceph: stderr
2024-03-18T00:40:35.228+0000 7f4220b77700 1 -- 172.21.15.49:0/250001148 --> [v2:172.21.15.49:6800/1899027445,v1:172.21.15.49:6801/1899027445] -- command(tid 1: {"prefix": "mgr_status"}) -- 0x7f421c063900 con 0x7f420803c810
2024-03-18T00:40:35.842 INFO:teuthology.orchestra.run.smithi049.stdout:/usr/bin/ceph: stderr
2024-03-18T00:40:35.228+0000 7f42137fe700 1 -- 172.21.15.49:0/250001148 <== mgr.14118 v2:172.21.15.49:6800/1899027445 2 ==== command_reply(tid 1: 0 ) ==== 8+0+51 (secure 0 0 0) 0x7f421c063900 con 0x7f420803c810
2024-03-18T00:40:35.842 INFO:teuthology.orchestra.run.smithi049.stdout:/usr/bin/ceph: stderr
2024-03-18T00:40:35.229+0000 7f4220b77700 1 -- 172.21.15.49:0/250001148 >> [v2:172.21.15.49:6800/1899027445,v1:172.21.15.49:6801/1899027445] conn(0x7f420803c810 msgr2=0x7f420803ec00 secure :-1 s=STATE_CONNECTION_ESTABLISHED l=1).mark_down
2024-03-18T00:40:35.842 INFO:teuthology.orchestra.run.smithi049.stdout:/usr/bin/ceph: stderr
2024-03-18T00:40:35.229+0000 7f4220b77700 1 --2- 172.21.15.49:0/250001148 >> [v2:172.21.15.49:6800/1899027445,v1:172.21.15.49:6801/1899027445] conn(0x7f420803c810 0x7f420803ec00 secure :-1 s=READY pgs=1 cs=0 l=1 rev1=1 crypto rx=0x7f4204003a10 tx=0x7f42040092b0 comp rx=0 tx=0).stop
2024-03-18T00:40:35.842 INFO:teuthology.orchestra.run.smithi049.stdout:/usr/bin/ceph: stderr
2024-03-18T00:40:35.229+0000 7f4220b77700 1 -- 172.21.15.49:0/250001148 >> [v2:172.21.15.49:3300/0,v1:172.21.15.49:6789/0] conn(0x7f421c106a10 msgr2=0x7f421c19dc60 secure :-1 s=STATE_CONNECTION_ESTABLISHED l=1).mark_down
2024-03-18T00:40:35.842 INFO:teuthology.orchestra.run.smithi049.stdout:/usr/bin/ceph: stderr
2024-03-18T00:40:35.229+0000 7f4220b77700 1 --2- 172.21.15.49:0/250001148 >> [v2:172.21.15.49:3300/0,v1:172.21.15.49:6789/0] conn(0x7f421c106a10 0x7f421c19dc60 secure :-1 s=READY pgs=27 cs=0 l=1 rev1=1 crypto rx=0x7f420c009370 tx=0x7f420c009450 comp rx=0 tx=0).stop
2024-03-18T00:40:35.842 INFO:teuthology.orchestra.run.smithi049.stdout:/usr/bin/ceph: stderr
2024-03-18T00:40:35.229+0000 7f4220b77700 1 -- 172.21.15.49:0/250001148 shutdown_connections
2024-03-18T00:40:35.842 INFO:teuthology.orchestra.run.smithi049.stdout:/usr/bin/ceph: stderr
2024-03-18T00:40:35.229+0000 7f4220b77700 1 --2- 172.21.15.49:0/250001148 >> [v2:172.21.15.49:6800/1899027445,v1:172.21.15.49:6801/1899027445] conn(0x7f420803c810 0x7f420803ec00 unknown :-1 s=CLOSED pgs=1 cs=0 l=1 rev1=1 crypto rx=0 tx=0 comp rx=0 tx=0).stop
2024-03-18T00:40:35.842 INFO:teuthology.orchestra.run.smithi049.stdout:/usr/bin/ceph: stderr
2024-03-18T00:40:35.229+0000 7f4220b77700 1 --2- 172.21.15.49:0/250001148 >> [v2:172.21.15.49:3300/0,v1:172.21.15.49:6789/0] conn(0x7f421c106a10 0x7f421c19dc60 unknown :-1 s=CLOSED pgs=27 cs=0 l=1 rev1=1 crypto rx=0 tx=0 comp rx=0 tx=0).stop
2024-03-18T00:40:35.842 INFO:teuthology.orchestra.run.smithi049.stdout:/usr/bin/ceph: stderr
2024-03-18T00:40:35.229+0000 7f4220b77700 1 --2- 172.21.15.49:0/250001148 >> [v2:172.21.15.49:6800/1672783865,v1:172.21.15.49:6801/1672783865] conn(0x7f4208038f20 0x7f420803b3e0 unknown :-1 s=CLOSED pgs=0 cs=0 l=1 rev1=0 crypto rx=0 tx=0 comp rx=0 tx=0).stop
2024-03-18T00:40:35.842 INFO:teuthology.orchestra.run.smithi049.stdout:/usr/bin/ceph: stderr
2024-03-18T00:40:35.229+0000 7f4220b77700 1 -- 172.21.15.49:0/250001148 >> 172.21.15.49:0/250001148 conn(0x7f421c101fd0 msgr2=0x7f421c18fe90 unknown :-1 s=STATE_NONE l=0).mark_down
2024-03-18T00:40:35.843 INFO:teuthology.orchestra.run.smithi049.stdout:/usr/bin/ceph: stderr
2024-03-18T00:40:35.229+0000 7f4220b77700 1 -- 172.21.15.49:0/250001148 shutdown_connections
2024-03-18T00:40:35.843 INFO:teuthology.orchestra.run.smithi049.stdout:/usr/bin/ceph: stderr
2024-03-18T00:40:35.229+0000 7f4220b77700 1 -- 172.21.15.49:0/250001148 wait complete.
2024-03-18T00:40:35.843 INFO:teuthology.orchestra.run.smithi049.stdout:mgr epoch 5 is available
2024-03-18T00:40:35.843 INFO:teuthology.orchestra.run.smithi049.stdout:Setting orchestrator backend to cephadm...
2024-03-18T00:40:36.492 INFO:journalctl@ceph.mon.a.smithi049.stdout:Mar 18 00:40:36 smithi049 ceph-mon[32130]: from='client.14122 -' entity='client.admin' cmd=[{"prefix": "get_command_descriptions"}]: dispatch
2024-03-18T00:40:36.492 INFO:journalctl@ceph.mon.a.smithi049.stdout:Mar 18 00:40:36 smithi049 ceph-mon[32130]: from='client.14122 -' entity='client.admin' cmd=[{"prefix": "mgr_status"}]: dispatch
2024-03-18T00:40:36.492 INFO:journalctl@ceph.mon.a.smithi049.stdout:Mar 18 00:40:36 smithi049 ceph-mon[32130]: [18/Mar/2024:00:40:35] ENGINE Bus STARTING
2024-03-18T00:40:36.492 INFO:journalctl@ceph.mon.a.smithi049.stdout:Mar 18 00:40:36 smithi049 ceph-mon[32130]: [18/Mar/2024:00:40:35] ENGINE Serving on http://172.21.15.49:8765
2024-03-18T00:40:36.492 INFO:journalctl@ceph.mon.a.smithi049.stdout:Mar 18 00:40:36 smithi049 ceph-mon[32130]: [18/Mar/2024:00:40:35] ENGINE Serving on https://172.21.15.49:7150
2024-03-18T00:40:36.493 INFO:journalctl@ceph.mon.a.smithi049.stdout:Mar 18 00:40:36 smithi049 ceph-mon[32130]: [18/Mar/2024:00:40:35] ENGINE Bus STARTED
2024-03-18T00:40:36.493 INFO:journalctl@ceph.mon.a.smithi049.stdout:Mar 18 00:40:36 smithi049 ceph-mon[32130]: from='mgr.14118 172.21.15.49:0/795676255' entity='mgr.x' cmd=[{"prefix": "config dump", "format": "json"}]: dispatch
2024-03-18T00:40:37.067 INFO:teuthology.orchestra.run.smithi049.stdout:/usr/bin/ceph: stderr
2024-03-18T00:40:36.259+0000 7f7e73c3a700 1 Processor -- start
2024-03-18T00:40:37.067 INFO:teuthology.orchestra.run.smithi049.stdout:/usr/bin/ceph: stderr
2024-03-18T00:40:36.259+0000 7f7e73c3a700 1 -- start start
2024-03-18T00:40:37.067 INFO:teuthology.orchestra.run.smithi049.stdout:/usr/bin/ceph: stderr
2024-03-18T00:40:36.259+0000 7f7e73c3a700 1 --2- >> [v2:172.21.15.49:3300/0,v1:172.21.15.49:6789/0] conn(0x7f7e6c1085a0 0x7f7e6c10a990 unknown :-1 s=NONE pgs=0 cs=0 l=0 rev1=0 crypto rx=0 tx=0 comp rx=0 tx=0).connect
2024-03-18T00:40:37.067 INFO:teuthology.orchestra.run.smithi049.stdout:/usr/bin/ceph: stderr
2024-03-18T00:40:36.259+0000 7f7e73c3a700 1 -- --> [v2:172.21.15.49:3300/0,v1:172.21.15.49:6789/0] -- mon_getmap magic: 0 -- 0x7f7e6c07be50 con 0x7f7e6c1085a0
2024-03-18T00:40:37.067 INFO:teuthology.orchestra.run.smithi049.stdout:/usr/bin/ceph: stderr
2024-03-18T00:40:36.259+0000 7f7e719d6700 1 --2- >> [v2:172.21.15.49:3300/0,v1:172.21.15.49:6789/0] conn(0x7f7e6c1085a0 0x7f7e6c10a990 unknown :-1 s=BANNER_CONNECTING pgs=0 cs=0 l=0 rev1=0 crypto rx=0 tx=0 comp rx=0 tx=0)._handle_peer_banner_payload supported=3 required=0
2024-03-18T00:40:37.067 INFO:teuthology.orchestra.run.smithi049.stdout:/usr/bin/ceph: stderr
2024-03-18T00:40:36.259+0000 7f7e719d6700 1 --2- >> [v2:172.21.15.49:3300/0,v1:172.21.15.49:6789/0] conn(0x7f7e6c1085a0 0x7f7e6c10a990 unknown :-1 s=HELLO_CONNECTING pgs=0 cs=0 l=0 rev1=1 crypto rx=0 tx=0 comp rx=0 tx=0).handle_hello peer v2:172.21.15.49:3300/0 says I am v2:172.21.15.49:35786/0 (socket says 172.21.15.49:35786)
2024-03-18T00:40:37.068 INFO:teuthology.orchestra.run.smithi049.stdout:/usr/bin/ceph: stderr
2024-03-18T00:40:36.259+0000 7f7e719d6700 1 -- 172.21.15.49:0/3095592326 learned_addr learned my addr 172.21.15.49:0/3095592326 (peer_addr_for_me v2:172.21.15.49:0/0)
2024-03-18T00:40:37.068 INFO:teuthology.orchestra.run.smithi049.stdout:/usr/bin/ceph: stderr
2024-03-18T00:40:36.260+0000 7f7e719d6700 1 -- 172.21.15.49:0/3095592326 --> [v2:172.21.15.49:3300/0,v1:172.21.15.49:6789/0] -- mon_subscribe({config=0+,monmap=0+}) -- 0x7f7e6c10aed0 con 0x7f7e6c1085a0
2024-03-18T00:40:37.068 INFO:teuthology.orchestra.run.smithi049.stdout:/usr/bin/ceph: stderr
2024-03-18T00:40:36.260+0000 7f7e719d6700 1 --2- 172.21.15.49:0/3095592326 >> [v2:172.21.15.49:3300/0,v1:172.21.15.49:6789/0] conn(0x7f7e6c1085a0 0x7f7e6c10a990 secure :-1 s=READY pgs=35 cs=0 l=1 rev1=1 crypto rx=0x7f7e680098a0 tx=0x7f7e68009bb0 comp rx=0 tx=0).ready entity=mon.0 client_cookie=b8e805a0adf5ce66 server_cookie=0 in_seq=0 out_seq=0
2024-03-18T00:40:37.068 INFO:teuthology.orchestra.run.smithi049.stdout:/usr/bin/ceph: stderr
2024-03-18T00:40:36.260+0000 7f7e709d4700 1 -- 172.21.15.49:0/3095592326 <== mon.0 v2:172.21.15.49:3300/0 1 ==== mon_map magic: 0 ==== 205+0+0 (secure 0 0 0) 0x7f7e68004160 con 0x7f7e6c1085a0
2024-03-18T00:40:37.068 INFO:teuthology.orchestra.run.smithi049.stdout:/usr/bin/ceph: stderr
2024-03-18T00:40:36.260+0000 7f7e709d4700 1 -- 172.21.15.49:0/3095592326 <== mon.0 v2:172.21.15.49:3300/0 2 ==== config(27 keys) ==== 1109+0+0 (secure 0 0 0) 0x7f7e68004300 con 0x7f7e6c1085a0
2024-03-18T00:40:37.068 INFO:teuthology.orchestra.run.smithi049.stdout:/usr/bin/ceph: stderr
2024-03-18T00:40:36.260+0000 7f7e709d4700 1 -- 172.21.15.49:0/3095592326 <== mon.0 v2:172.21.15.49:3300/0 3 ==== mon_map magic: 0 ==== 205+0+0 (secure 0 0 0) 0x7f7e68011b50 con 0x7f7e6c1085a0
2024-03-18T00:40:37.068 INFO:teuthology.orchestra.run.smithi049.stdout:/usr/bin/ceph: stderr
2024-03-18T00:40:36.261+0000 7f7e73c3a700 1 -- 172.21.15.49:0/3095592326 >> [v2:172.21.15.49:3300/0,v1:172.21.15.49:6789/0] conn(0x7f7e6c1085a0 msgr2=0x7f7e6c10a990 secure :-1 s=STATE_CONNECTION_ESTABLISHED l=1).mark_down
2024-03-18T00:40:37.068 INFO:teuthology.orchestra.run.smithi049.stdout:/usr/bin/ceph: stderr
2024-03-18T00:40:36.261+0000 7f7e73c3a700 1 --2- 172.21.15.49:0/3095592326 >> [v2:172.21.15.49:3300/0,v1:172.21.15.49:6789/0] conn(0x7f7e6c1085a0 0x7f7e6c10a990 secure :-1 s=READY pgs=35 cs=0 l=1 rev1=1 crypto rx=0x7f7e680098a0 tx=0x7f7e68009bb0 comp rx=0 tx=0).stop
2024-03-18T00:40:37.068 INFO:teuthology.orchestra.run.smithi049.stdout:/usr/bin/ceph: stderr
2024-03-18T00:40:36.261+0000 7f7e73c3a700 1 -- 172.21.15.49:0/3095592326 shutdown_connections
2024-03-18T00:40:37.068 INFO:teuthology.orchestra.run.smithi049.stdout:/usr/bin/ceph: stderr
2024-03-18T00:40:36.261+0000 7f7e73c3a700 1 --2- 172.21.15.49:0/3095592326 >> [v2:172.21.15.49:3300/0,v1:172.21.15.49:6789/0] conn(0x7f7e6c1085a0 0x7f7e6c10a990 unknown :-1 s=CLOSED pgs=35 cs=0 l=1 rev1=1 crypto rx=0 tx=0 comp rx=0 tx=0).stop
2024-03-18T00:40:37.068 INFO:teuthology.orchestra.run.smithi049.stdout:/usr/bin/ceph: stderr
2024-03-18T00:40:36.261+0000 7f7e73c3a700 1 -- 172.21.15.49:0/3095592326 >> 172.21.15.49:0/3095592326 conn(0x7f7e6c101fd0 msgr2=0x7f7e6c1043f0 unknown :-1 s=STATE_NONE l=0).mark_down
2024-03-18T00:40:37.068 INFO:teuthology.orchestra.run.smithi049.stdout:/usr/bin/ceph: stderr
2024-03-18T00:40:36.261+0000 7f7e73c3a700 1 -- 172.21.15.49:0/3095592326 shutdown_connections
2024-03-18T00:40:37.069 INFO:teuthology.orchestra.run.smithi049.stdout:/usr/bin/ceph: stderr
2024-03-18T00:40:36.261+0000 7f7e73c3a700 1 -- 172.21.15.49:0/3095592326 wait complete.
2024-03-18T00:40:37.069 INFO:teuthology.orchestra.run.smithi049.stdout:/usr/bin/ceph: stderr
2024-03-18T00:40:36.261+0000 7f7e73c3a700 1 Processor -- start
2024-03-18T00:40:37.069 INFO:teuthology.orchestra.run.smithi049.stdout:/usr/bin/ceph: stderr
2024-03-18T00:40:36.261+0000 7f7e73c3a700 1 -- start start
2024-03-18T00:40:37.069 INFO:teuthology.orchestra.run.smithi049.stdout:/usr/bin/ceph: stderr
2024-03-18T00:40:36.262+0000 7f7e73c3a700 1 --2- >> [v2:172.21.15.49:3300/0,v1:172.21.15.49:6789/0] conn(0x7f7e6c1085a0 0x7f7e6c107e20 unknown :-1 s=NONE pgs=0 cs=0 l=1 rev1=0 crypto rx=0 tx=0 comp rx=0 tx=0).connect
2024-03-18T00:40:37.069 INFO:teuthology.orchestra.run.smithi049.stdout:/usr/bin/ceph: stderr
2024-03-18T00:40:36.262+0000 7f7e73c3a700 1 -- --> [v2:172.21.15.49:3300/0,v1:172.21.15.49:6789/0] -- mon_getmap magic: 0 -- 0x7f7e6c10be80 con 0x7f7e6c1085a0
2024-03-18T00:40:37.069 INFO:teuthology.orchestra.run.smithi049.stdout:/usr/bin/ceph: stderr
2024-03-18T00:40:36.262+0000 7f7e719d6700 1 --2- >> [v2:172.21.15.49:3300/0,v1:172.21.15.49:6789/0] conn(0x7f7e6c1085a0 0x7f7e6c107e20 unknown :-1 s=BANNER_CONNECTING pgs=0 cs=0 l=1 rev1=0 crypto rx=0 tx=0 comp rx=0 tx=0)._handle_peer_banner_payload supported=3 required=0
2024-03-18T00:40:37.069 INFO:teuthology.orchestra.run.smithi049.stdout:/usr/bin/ceph: stderr
2024-03-18T00:40:36.262+0000 7f7e719d6700 1 --2- >> [v2:172.21.15.49:3300/0,v1:172.21.15.49:6789/0] conn(0x7f7e6c1085a0 0x7f7e6c107e20 unknown :-1 s=HELLO_CONNECTING pgs=0 cs=0 l=1 rev1=1 crypto rx=0 tx=0 comp rx=0 tx=0).handle_hello peer v2:172.21.15.49:3300/0 says I am v2:172.21.15.49:35796/0 (socket says 172.21.15.49:35796)
2024-03-18T00:40:37.069 INFO:teuthology.orchestra.run.smithi049.stdout:/usr/bin/ceph: stderr
2024-03-18T00:40:36.262+0000 7f7e719d6700 1 -- 172.21.15.49:0/2777185607 learned_addr learned my addr 172.21.15.49:0/2777185607 (peer_addr_for_me v2:172.21.15.49:0/0)
2024-03-18T00:40:37.069 INFO:teuthology.orchestra.run.smithi049.stdout:/usr/bin/ceph: stderr
2024-03-18T00:40:36.262+0000 7f7e719d6700 1 -- 172.21.15.49:0/2777185607 --> [v2:172.21.15.49:3300/0,v1:172.21.15.49:6789/0] -- mon_subscribe({config=0+,monmap=0+}) -- 0x7f7e6c108360 con 0x7f7e6c1085a0
2024-03-18T00:40:37.069 INFO:teuthology.orchestra.run.smithi049.stdout:/usr/bin/ceph: stderr
2024-03-18T00:40:36.262+0000 7f7e719d6700 1 --2- 172.21.15.49:0/2777185607 >> [v2:172.21.15.49:3300/0,v1:172.21.15.49:6789/0] conn(0x7f7e6c1085a0 0x7f7e6c107e20 secure :-1 s=READY pgs=36 cs=0 l=1 rev1=1 crypto rx=0x7f7e68011670 tx=0x7f7e68011b60 comp rx=0 tx=0).ready entity=mon.0 client_cookie=0 server_cookie=0 in_seq=0 out_seq=0
2024-03-18T00:40:37.069 INFO:teuthology.orchestra.run.smithi049.stdout:/usr/bin/ceph: stderr
2024-03-18T00:40:36.262+0000 7f7e62ffd700 1 -- 172.21.15.49:0/2777185607 <== mon.0 v2:172.21.15.49:3300/0 1 ==== mon_map magic: 0 ==== 205+0+0 (secure 0 0 0) 0x7f7e680039c0 con 0x7f7e6c1085a0
2024-03-18T00:40:37.069 INFO:teuthology.orchestra.run.smithi049.stdout:/usr/bin/ceph: stderr
2024-03-18T00:40:36.262+0000 7f7e62ffd700 1 -- 172.21.15.49:0/2777185607 <== mon.0 v2:172.21.15.49:3300/0 2 ==== config(27 keys) ==== 1109+0+0 (secure 0 0 0) 0x7f7e68011e50 con 0x7f7e6c1085a0
2024-03-18T00:40:37.069 INFO:teuthology.orchestra.run.smithi049.stdout:/usr/bin/ceph: stderr
2024-03-18T00:40:36.262+0000 7f7e73c3a700 1 -- 172.21.15.49:0/2777185607 --> [v2:172.21.15.49:3300/0,v1:172.21.15.49:6789/0] -- mon_subscribe({mgrmap=0+}) -- 0x7f7e6c106550 con 0x7f7e6c1085a0
2024-03-18T00:40:37.069 INFO:teuthology.orchestra.run.smithi049.stdout:/usr/bin/ceph: stderr
2024-03-18T00:40:36.262+0000 7f7e62ffd700 1 -- 172.21.15.49:0/2777185607 <== mon.0 v2:172.21.15.49:3300/0 3 ==== mon_map magic: 0 ==== 205+0+0 (secure 0 0 0) 0x7f7e6801a5c0 con 0x7f7e6c1085a0
2024-03-18T00:40:37.070 INFO:teuthology.orchestra.run.smithi049.stdout:/usr/bin/ceph: stderr
2024-03-18T00:40:36.262+0000 7f7e73c3a700 1 -- 172.21.15.49:0/2777185607 --> [v2:172.21.15.49:3300/0,v1:172.21.15.49:6789/0] -- mon_subscribe({osdmap=0}) -- 0x7f7e6c106a90 con 0x7f7e6c1085a0
2024-03-18T00:40:37.070 INFO:teuthology.orchestra.run.smithi049.stdout:/usr/bin/ceph: stderr
2024-03-18T00:40:36.263+0000 7f7e62ffd700 1 -- 172.21.15.49:0/2777185607 <== mon.0 v2:172.21.15.49:3300/0 4 ==== mgrmap(e 7) ==== 46000+0+0 (secure 0 0 0) 0x7f7e6801a8c0 con 0x7f7e6c1085a0
2024-03-18T00:40:37.070 INFO:teuthology.orchestra.run.smithi049.stdout:/usr/bin/ceph: stderr
2024-03-18T00:40:36.263+0000 7f7e62ffd700 1 --2- 172.21.15.49:0/2777185607 >> [v2:172.21.15.49:6800/1899027445,v1:172.21.15.49:6801/1899027445] conn(0x7f7e58038dc0 0x7f7e5803b280 unknown :-1 s=NONE pgs=0 cs=0 l=1 rev1=0 crypto rx=0 tx=0 comp rx=0 tx=0).connect
2024-03-18T00:40:37.070 INFO:teuthology.orchestra.run.smithi049.stdout:/usr/bin/ceph: stderr
2024-03-18T00:40:36.263+0000 7f7e73c3a700 1 -- 172.21.15.49:0/2777185607 --> [v2:172.21.15.49:3300/0,v1:172.21.15.49:6789/0] -- mon_command({"prefix": "get_command_descriptions"} v 0) -- 0x7f7e6c063900 con 0x7f7e6c1085a0
2024-03-18T00:40:37.070 INFO:teuthology.orchestra.run.smithi049.stdout:/usr/bin/ceph: stderr
2024-03-18T00:40:36.264+0000 7f7e62ffd700 1 -- 172.21.15.49:0/2777185607 <== mon.0 v2:172.21.15.49:3300/0 5 ==== osd_map(2..2 src has 1..2) ==== 940+0+0 (secure 0 0 0) 0x7f7e6804d040 con 0x7f7e6c1085a0
2024-03-18T00:40:37.070 INFO:teuthology.orchestra.run.smithi049.stdout:/usr/bin/ceph: stderr
2024-03-18T00:40:36.264+0000 7f7e711d5700 1 --2- 172.21.15.49:0/2777185607 >> [v2:172.21.15.49:6800/1899027445,v1:172.21.15.49:6801/1899027445] conn(0x7f7e58038dc0 0x7f7e5803b280 unknown :-1 s=BANNER_CONNECTING pgs=0 cs=0 l=1 rev1=0 crypto rx=0 tx=0 comp rx=0 tx=0)._handle_peer_banner_payload supported=3 required=0
2024-03-18T00:40:37.070 INFO:teuthology.orchestra.run.smithi049.stdout:/usr/bin/ceph: stderr
2024-03-18T00:40:36.264+0000 7f7e711d5700 1 --2- 172.21.15.49:0/2777185607 >> [v2:172.21.15.49:6800/1899027445,v1:172.21.15.49:6801/1899027445] conn(0x7f7e58038dc0 0x7f7e5803b280 secure :-1 s=READY pgs=7 cs=0 l=1 rev1=1 crypto rx=0x7f7e5c006fd0 tx=0x7f7e5c006e40 comp rx=0 tx=0).ready entity=mgr.14118 client_cookie=0 server_cookie=0 in_seq=0 out_seq=0
2024-03-18T00:40:37.070 INFO:teuthology.orchestra.run.smithi049.stdout:/usr/bin/ceph: stderr
2024-03-18T00:40:36.269+0000 7f7e62ffd700 1 -- 172.21.15.49:0/2777185607 <== mon.0 v2:172.21.15.49:3300/0 6 ==== mon_command_ack([{"prefix": "get_command_descriptions"}]=0 v0) ==== 72+0+186149 (secure 0 0 0) 0x7f7e68019c70 con 0x7f7e6c1085a0
2024-03-18T00:40:37.070 INFO:teuthology.orchestra.run.smithi049.stdout:/usr/bin/ceph: stderr
2024-03-18T00:40:36.271+0000 7f7e62ffd700 1 -- 172.21.15.49:0/2777185607 <== mon.0 v2:172.21.15.49:3300/0 7 ==== mgrmap(e 8) ==== 46106+0+0 (secure 0 0 0) 0x7f7e6804bc50 con 0x7f7e6c1085a0
2024-03-18T00:40:37.070 INFO:teuthology.orchestra.run.smithi049.stdout:/usr/bin/ceph: stderr
2024-03-18T00:40:36.492+0000 7f7e73c3a700 1 -- 172.21.15.49:0/2777185607 --> [v2:172.21.15.49:6800/1899027445,v1:172.21.15.49:6801/1899027445] -- mgr_command(tid 0: {"prefix": "orch set backend", "module_name": "cephadm", "target": ["mon-mgr", ""]}) -- 0x7f7e6c1031b0 con 0x7f7e58038dc0
2024-03-18T00:40:37.070 INFO:teuthology.orchestra.run.smithi049.stdout:/usr/bin/ceph: stderr
2024-03-18T00:40:36.498+0000 7f7e62ffd700 1 -- 172.21.15.49:0/2777185607 <== mgr.14118 v2:172.21.15.49:6800/1899027445 1 ==== mgr_command_reply(tid 0: 0 ) ==== 8+0+0 (secure 0 0 0) 0x7f7e6c1031b0 con 0x7f7e58038dc0
2024-03-18T00:40:37.070 INFO:teuthology.orchestra.run.smithi049.stdout:/usr/bin/ceph: stderr
2024-03-18T00:40:36.500+0000 7f7e73c3a700 1 -- 172.21.15.49:0/2777185607 >> [v2:172.21.15.49:6800/1899027445,v1:172.21.15.49:6801/1899027445] conn(0x7f7e58038dc0 msgr2=0x7f7e5803b280 secure :-1 s=STATE_CONNECTION_ESTABLISHED l=1).mark_down
2024-03-18T00:40:37.070 INFO:teuthology.orchestra.run.smithi049.stdout:/usr/bin/ceph: stderr
2024-03-18T00:40:36.500+0000 7f7e73c3a700 1 --2- 172.21.15.49:0/2777185607 >> [v2:172.21.15.49:6800/1899027445,v1:172.21.15.49:6801/1899027445] conn(0x7f7e58038dc0 0x7f7e5803b280 secure :-1 s=READY pgs=7 cs=0 l=1 rev1=1 crypto rx=0x7f7e5c006fd0 tx=0x7f7e5c006e40 comp rx=0 tx=0).stop
2024-03-18T00:40:37.070 INFO:teuthology.orchestra.run.smithi049.stdout:/usr/bin/ceph: stderr
2024-03-18T00:40:36.500+0000 7f7e73c3a700 1 -- 172.21.15.49:0/2777185607 >> [v2:172.21.15.49:3300/0,v1:172.21.15.49:6789/0] conn(0x7f7e6c1085a0 msgr2=0x7f7e6c107e20 secure :-1 s=STATE_CONNECTION_ESTABLISHED l=1).mark_down
2024-03-18T00:40:37.071 INFO:teuthology.orchestra.run.smithi049.stdout:/usr/bin/ceph: stderr
2024-03-18T00:40:36.500+0000 7f7e73c3a700 1 --2- 172.21.15.49:0/2777185607 >> [v2:172.21.15.49:3300/0,v1:172.21.15.49:6789/0] conn(0x7f7e6c1085a0 0x7f7e6c107e20 secure :-1 s=READY pgs=36 cs=0 l=1 rev1=1 crypto rx=0x7f7e68011670 tx=0x7f7e68011b60 comp rx=0 tx=0).stop
2024-03-18T00:40:37.071 INFO:teuthology.orchestra.run.smithi049.stdout:/usr/bin/ceph: stderr
2024-03-18T00:40:36.500+0000 7f7e73c3a700 1 -- 172.21.15.49:0/2777185607 shutdown_connections
2024-03-18T00:40:37.071 INFO:teuthology.orchestra.run.smithi049.stdout:/usr/bin/ceph: stderr
2024-03-18T00:40:36.500+0000 7f7e73c3a700 1 --2- 172.21.15.49:0/2777185607 >> [v2:172.21.15.49:6800/1899027445,v1:172.21.15.49:6801/1899027445] conn(0x7f7e58038dc0 0x7f7e5803b280 unknown :-1 s=CLOSED pgs=7 cs=0 l=1 rev1=1 crypto rx=0 tx=0 comp rx=0 tx=0).stop
2024-03-18T00:40:37.071 INFO:teuthology.orchestra.run.smithi049.stdout:/usr/bin/ceph: stderr
2024-03-18T00:40:36.500+0000 7f7e73c3a700 1 --2- 172.21.15.49:0/2777185607 >> [v2:172.21.15.49:3300/0,v1:172.21.15.49:6789/0] conn(0x7f7e6c1085a0 0x7f7e6c107e20 unknown :-1 s=CLOSED pgs=36 cs=0 l=1 rev1=1 crypto rx=0 tx=0 comp rx=0 tx=0).stop
2024-03-18T00:40:37.071 INFO:teuthology.orchestra.run.smithi049.stdout:/usr/bin/ceph: stderr
2024-03-18T00:40:36.500+0000 7f7e73c3a700 1 -- 172.21.15.49:0/2777185607 >> 172.21.15.49:0/2777185607 conn(0x7f7e6c101fd0 msgr2=0x7f7e6c102aa0 unknown :-1 s=STATE_NONE l=0).mark_down
2024-03-18T00:40:37.071 INFO:teuthology.orchestra.run.smithi049.stdout:/usr/bin/ceph: stderr
2024-03-18T00:40:36.501+0000 7f7e73c3a700 1 -- 172.21.15.49:0/2777185607 shutdown_connections
2024-03-18T00:40:37.071 INFO:teuthology.orchestra.run.smithi049.stdout:/usr/bin/ceph: stderr
2024-03-18T00:40:36.501+0000 7f7e73c3a700 1 -- 172.21.15.49:0/2777185607 wait complete.
2024-03-18T00:40:37.375 INFO:journalctl@ceph.mon.a.smithi049.stdout:Mar 18 00:40:37 smithi049 ceph-mon[32130]: mgrmap e8: x(active, since 2s)
2024-03-18T00:40:37.375 INFO:journalctl@ceph.mon.a.smithi049.stdout:Mar 18 00:40:37 smithi049 ceph-mon[32130]: from='client.14130 -' entity='client.admin' cmd=[{"prefix": "orch set backend", "module_name": "cephadm", "target": ["mon-mgr", ""]}]: dispatch
2024-03-18T00:40:37.375 INFO:journalctl@ceph.mon.a.smithi049.stdout:Mar 18 00:40:37 smithi049 ceph-mon[32130]: from='mgr.14118 172.21.15.49:0/795676255' entity='mgr.x'
2024-03-18T00:40:37.375 INFO:journalctl@ceph.mon.a.smithi049.stdout:Mar 18 00:40:37 smithi049 ceph-mon[32130]: from='mgr.14118 172.21.15.49:0/795676255' entity='mgr.x' cmd=[{"prefix": "config dump", "format": "json"}]: dispatch
2024-03-18T00:40:38.232 INFO:teuthology.orchestra.run.smithi049.stdout:/usr/bin/ceph: stdout value unchanged
2024-03-18T00:40:38.233 INFO:teuthology.orchestra.run.smithi049.stdout:/usr/bin/ceph: stderr
2024-03-18T00:40:37.503+0000 7fa25cb19700 1 Processor -- start
2024-03-18T00:40:38.233 INFO:teuthology.orchestra.run.smithi049.stdout:/usr/bin/ceph: stderr
2024-03-18T00:40:37.503+0000 7fa25cb19700 1 -- start start
2024-03-18T00:40:38.233 INFO:teuthology.orchestra.run.smithi049.stdout:/usr/bin/ceph: stderr
2024-03-18T00:40:37.503+0000 7fa25cb19700 1 --2- >> [v2:172.21.15.49:3300/0,v1:172.21.15.49:6789/0] conn(0x7fa25807de60 0x7fa25807c2c0 unknown :-1 s=NONE pgs=0 cs=0 l=0 rev1=0 crypto rx=0 tx=0 comp rx=0 tx=0).connect
2024-03-18T00:40:38.233 INFO:teuthology.orchestra.run.smithi049.stdout:/usr/bin/ceph: stderr
2024-03-18T00:40:37.503+0000 7fa25cb19700 1 -- --> [v2:172.21.15.49:3300/0,v1:172.21.15.49:6789/0] -- mon_getmap magic: 0 -- 0x7fa25807c890 con 0x7fa25807de60
2024-03-18T00:40:38.233 INFO:teuthology.orchestra.run.smithi049.stdout:/usr/bin/ceph: stderr
2024-03-18T00:40:37.504+0000 7fa25659c700 1 --2- >> [v2:172.21.15.49:3300/0,v1:172.21.15.49:6789/0] conn(0x7fa25807de60 0x7fa25807c2c0 unknown :-1 s=BANNER_CONNECTING pgs=0 cs=0 l=0 rev1=0 crypto rx=0 tx=0 comp rx=0 tx=0)._handle_peer_banner_payload supported=3 required=0
2024-03-18T00:40:38.233 INFO:teuthology.orchestra.run.smithi049.stdout:/usr/bin/ceph: stderr
2024-03-18T00:40:37.504+0000 7fa25659c700 1 --2- >> [v2:172.21.15.49:3300/0,v1:172.21.15.49:6789/0] conn(0x7fa25807de60 0x7fa25807c2c0 unknown :-1 s=HELLO_CONNECTING pgs=0 cs=0 l=0 rev1=1 crypto rx=0 tx=0 comp rx=0 tx=0).handle_hello peer v2:172.21.15.49:3300/0 says I am v2:172.21.15.49:35802/0 (socket says 172.21.15.49:35802)
2024-03-18T00:40:38.233 INFO:teuthology.orchestra.run.smithi049.stdout:/usr/bin/ceph: stderr
2024-03-18T00:40:37.504+0000 7fa25659c700 1 -- 172.21.15.49:0/1406865232 learned_addr learned my addr 172.21.15.49:0/1406865232 (peer_addr_for_me v2:172.21.15.49:0/0)
2024-03-18T00:40:38.233 INFO:teuthology.orchestra.run.smithi049.stdout:/usr/bin/ceph: stderr
2024-03-18T00:40:37.504+0000 7fa25659c700 1 -- 172.21.15.49:0/1406865232 --> [v2:172.21.15.49:3300/0,v1:172.21.15.49:6789/0] -- mon_subscribe({config=0+,monmap=0+}) -- 0x7fa25807ca10 con 0x7fa25807de60
2024-03-18T00:40:38.233 INFO:teuthology.orchestra.run.smithi049.stdout:/usr/bin/ceph: stderr
2024-03-18T00:40:37.504+0000 7fa25659c700 1 --2- 172.21.15.49:0/1406865232 >> [v2:172.21.15.49:3300/0,v1:172.21.15.49:6789/0] conn(0x7fa25807de60 0x7fa25807c2c0 secure :-1 s=READY pgs=37 cs=0 l=1 rev1=1 crypto rx=0x7fa250009e80 tx=0x7fa25000b330 comp rx=0 tx=0).ready entity=mon.0 client_cookie=24693ac1df7ca914 server_cookie=0 in_seq=0 out_seq=0
2024-03-18T00:40:38.233 INFO:teuthology.orchestra.run.smithi049.stdout:/usr/bin/ceph: stderr
2024-03-18T00:40:37.504+0000 7fa25559a700 1 -- 172.21.15.49:0/1406865232 <== mon.0 v2:172.21.15.49:3300/0 1 ==== mon_map magic: 0 ==== 205+0+0 (secure 0 0 0) 0x7fa250017070 con 0x7fa25807de60
2024-03-18T00:40:38.233 INFO:teuthology.orchestra.run.smithi049.stdout:/usr/bin/ceph: stderr
2024-03-18T00:40:37.504+0000 7fa25559a700 1 -- 172.21.15.49:0/1406865232 <== mon.0 v2:172.21.15.49:3300/0 2 ==== config(27 keys) ==== 1109+0+0 (secure 0 0 0) 0x7fa25000b8c0 con 0x7fa25807de60
2024-03-18T00:40:38.233 INFO:teuthology.orchestra.run.smithi049.stdout:/usr/bin/ceph: stderr
2024-03-18T00:40:37.504+0000 7fa25559a700 1 -- 172.21.15.49:0/1406865232 <== mon.0 v2:172.21.15.49:3300/0 3 ==== mon_map magic: 0 ==== 205+0+0 (secure 0 0 0) 0x7fa2500045c0 con 0x7fa25807de60
2024-03-18T00:40:38.234 INFO:teuthology.orchestra.run.smithi049.stdout:/usr/bin/ceph: stderr
2024-03-18T00:40:37.505+0000 7fa25cb19700 1 -- 172.21.15.49:0/1406865232 >> [v2:172.21.15.49:3300/0,v1:172.21.15.49:6789/0] conn(0x7fa25807de60 msgr2=0x7fa25807c2c0 secure :-1 s=STATE_CONNECTION_ESTABLISHED l=1).mark_down
2024-03-18T00:40:38.234 INFO:teuthology.orchestra.run.smithi049.stdout:/usr/bin/ceph: stderr
2024-03-18T00:40:37.505+0000 7fa25cb19700 1 --2- 172.21.15.49:0/1406865232 >> [v2:172.21.15.49:3300/0,v1:172.21.15.49:6789/0] conn(0x7fa25807de60 0x7fa25807c2c0 secure :-1 s=READY pgs=37 cs=0 l=1 rev1=1 crypto rx=0x7fa250009e80 tx=0x7fa25000b330 comp rx=0 tx=0).stop
2024-03-18T00:40:38.234 INFO:teuthology.orchestra.run.smithi049.stdout:/usr/bin/ceph: stderr
2024-03-18T00:40:37.505+0000 7fa25cb19700 1 -- 172.21.15.49:0/1406865232 shutdown_connections
2024-03-18T00:40:38.234 INFO:teuthology.orchestra.run.smithi049.stdout:/usr/bin/ceph: stderr
2024-03-18T00:40:37.505+0000 7fa25cb19700 1 --2- 172.21.15.49:0/1406865232 >> [v2:172.21.15.49:3300/0,v1:172.21.15.49:6789/0] conn(0x7fa25807de60 0x7fa25807c2c0 unknown :-1 s=CLOSED pgs=37 cs=0 l=1 rev1=1 crypto rx=0 tx=0 comp rx=0 tx=0).stop
2024-03-18T00:40:38.234 INFO:teuthology.orchestra.run.smithi049.stdout:/usr/bin/ceph: stderr
2024-03-18T00:40:37.505+0000 7fa25cb19700 1 -- 172.21.15.49:0/1406865232 >> 172.21.15.49:0/1406865232 conn(0x7fa258103140 msgr2=0x7fa258105560 unknown :-1 s=STATE_NONE l=0).mark_down
2024-03-18T00:40:38.234 INFO:teuthology.orchestra.run.smithi049.stdout:/usr/bin/ceph: stderr
2024-03-18T00:40:37.505+0000 7fa25cb19700 1 -- 172.21.15.49:0/1406865232 shutdown_connections
2024-03-18T00:40:38.234 INFO:teuthology.orchestra.run.smithi049.stdout:/usr/bin/ceph: stderr
2024-03-18T00:40:37.505+0000 7fa25cb19700 1 -- 172.21.15.49:0/1406865232 wait complete.
2024-03-18T00:40:38.234 INFO:teuthology.orchestra.run.smithi049.stdout:/usr/bin/ceph: stderr
2024-03-18T00:40:37.506+0000 7fa25cb19700 1 Processor -- start
2024-03-18T00:40:38.234 INFO:teuthology.orchestra.run.smithi049.stdout:/usr/bin/ceph: stderr
2024-03-18T00:40:37.506+0000 7fa25cb19700 1 -- start start
2024-03-18T00:40:38.234 INFO:teuthology.orchestra.run.smithi049.stdout:/usr/bin/ceph: stderr
2024-03-18T00:40:37.506+0000 7fa25cb19700 1 --2- >> [v2:172.21.15.49:3300/0,v1:172.21.15.49:6789/0] conn(0x7fa25807de60 0x7fa25819dd10 unknown :-1 s=NONE pgs=0 cs=0 l=1 rev1=0 crypto rx=0 tx=0 comp rx=0 tx=0).connect
2024-03-18T00:40:38.234 INFO:teuthology.orchestra.run.smithi049.stdout:/usr/bin/ceph: stderr
2024-03-18T00:40:37.506+0000 7fa25cb19700 1 -- --> [v2:172.21.15.49:3300/0,v1:172.21.15.49:6789/0] -- mon_getmap magic: 0 -- 0x7fa25810e150 con 0x7fa25807de60
2024-03-18T00:40:38.234 INFO:teuthology.orchestra.run.smithi049.stdout:/usr/bin/ceph: stderr
2024-03-18T00:40:37.506+0000 7fa25659c700 1 --2- >> [v2:172.21.15.49:3300/0,v1:172.21.15.49:6789/0] conn(0x7fa25807de60 0x7fa25819dd10 unknown :-1 s=BANNER_CONNECTING pgs=0 cs=0 l=1 rev1=0 crypto rx=0 tx=0 comp rx=0 tx=0)._handle_peer_banner_payload supported=3 required=0
2024-03-18T00:40:38.235 INFO:teuthology.orchestra.run.smithi049.stdout:/usr/bin/ceph: stderr
2024-03-18T00:40:37.506+0000 7fa25659c700 1 --2- >> [v2:172.21.15.49:3300/0,v1:172.21.15.49:6789/0] conn(0x7fa25807de60 0x7fa25819dd10 unknown :-1 s=HELLO_CONNECTING pgs=0 cs=0 l=1 rev1=1 crypto rx=0 tx=0 comp rx=0 tx=0).handle_hello peer v2:172.21.15.49:3300/0 says I am v2:172.21.15.49:35808/0 (socket says 172.21.15.49:35808)
2024-03-18T00:40:38.235 INFO:teuthology.orchestra.run.smithi049.stdout:/usr/bin/ceph: stderr
2024-03-18T00:40:37.506+0000 7fa25659c700 1 -- 172.21.15.49:0/3446988737 learned_addr learned my addr 172.21.15.49:0/3446988737 (peer_addr_for_me v2:172.21.15.49:0/0)
2024-03-18T00:40:38.235 INFO:teuthology.orchestra.run.smithi049.stdout:/usr/bin/ceph: stderr
2024-03-18T00:40:37.506+0000 7fa25659c700 1 -- 172.21.15.49:0/3446988737 --> [v2:172.21.15.49:3300/0,v1:172.21.15.49:6789/0] -- mon_subscribe({config=0+,monmap=0+}) -- 0x7fa25819e250 con 0x7fa25807de60
2024-03-18T00:40:38.235 INFO:teuthology.orchestra.run.smithi049.stdout:/usr/bin/ceph: stderr
2024-03-18T00:40:37.507+0000 7fa25659c700 1 --2- 172.21.15.49:0/3446988737 >> [v2:172.21.15.49:3300/0,v1:172.21.15.49:6789/0] conn(0x7fa25807de60 0x7fa25819dd10 secure :-1 s=READY pgs=38 cs=0 l=1 rev1=1 crypto rx=0x7fa250004210 tx=0x7fa25000bd50 comp rx=0 tx=0).ready entity=mon.0 client_cookie=0 server_cookie=0 in_seq=0 out_seq=0
2024-03-18T00:40:38.235 INFO:teuthology.orchestra.run.smithi049.stdout:/usr/bin/ceph: stderr
2024-03-18T00:40:37.507+0000 7fa24f7fe700 1 -- 172.21.15.49:0/3446988737 <== mon.0 v2:172.21.15.49:3300/0 1 ==== mon_map magic: 0 ==== 205+0+0 (secure 0 0 0) 0x7fa250020020 con 0x7fa25807de60
2024-03-18T00:40:38.235 INFO:teuthology.orchestra.run.smithi049.stdout:/usr/bin/ceph: stderr
2024-03-18T00:40:37.507+0000 7fa24f7fe700 1 -- 172.21.15.49:0/3446988737 <== mon.0 v2:172.21.15.49:3300/0 2 ==== config(27 keys) ==== 1109+0+0 (secure 0 0 0) 0x7fa250003b50 con 0x7fa25807de60
2024-03-18T00:40:38.235 INFO:teuthology.orchestra.run.smithi049.stdout:/usr/bin/ceph: stderr
2024-03-18T00:40:37.507+0000 7fa25cb19700 1 -- 172.21.15.49:0/3446988737 --> [v2:172.21.15.49:3300/0,v1:172.21.15.49:6789/0] -- mon_subscribe({mgrmap=0+}) -- 0x7fa25819e4e0 con 0x7fa25807de60
2024-03-18T00:40:38.235 INFO:teuthology.orchestra.run.smithi049.stdout:/usr/bin/ceph: stderr
2024-03-18T00:40:37.507+0000 7fa24f7fe700 1 -- 172.21.15.49:0/3446988737 <== mon.0 v2:172.21.15.49:3300/0 3 ==== mon_map magic: 0 ==== 205+0+0 (secure 0 0 0) 0x7fa250017040 con 0x7fa25807de60
2024-03-18T00:40:38.235 INFO:teuthology.orchestra.run.smithi049.stdout:/usr/bin/ceph: stderr
2024-03-18T00:40:37.507+0000 7fa25cb19700 1 -- 172.21.15.49:0/3446988737 --> [v2:172.21.15.49:3300/0,v1:172.21.15.49:6789/0] -- mon_subscribe({osdmap=0}) -- 0x7fa2581a11c0 con 0x7fa25807de60
2024-03-18T00:40:38.235 INFO:teuthology.orchestra.run.smithi049.stdout:/usr/bin/ceph: stderr
2024-03-18T00:40:37.508+0000 7fa24f7fe700 1 -- 172.21.15.49:0/3446988737 <== mon.0 v2:172.21.15.49:3300/0 4 ==== mgrmap(e 8) ==== 46106+0+0 (secure 0 0 0) 0x7fa250023020 con 0x7fa25807de60
2024-03-18T00:40:38.235 INFO:teuthology.orchestra.run.smithi049.stdout:/usr/bin/ceph: stderr
2024-03-18T00:40:37.508+0000 7fa25cb19700 1 -- 172.21.15.49:0/3446988737 --> [v2:172.21.15.49:3300/0,v1:172.21.15.49:6789/0] -- mon_command({"prefix": "get_command_descriptions"} v 0) -- 0x7fa258063900 con 0x7fa25807de60
2024-03-18T00:40:38.235 INFO:teuthology.orchestra.run.smithi049.stdout:/usr/bin/ceph: stderr
2024-03-18T00:40:37.508+0000 7fa24f7fe700 1 --2- 172.21.15.49:0/3446988737 >> [v2:172.21.15.49:6800/1899027445,v1:172.21.15.49:6801/1899027445] conn(0x7fa244038f20 0x7fa24403b3e0 unknown :-1 s=NONE pgs=0 cs=0 l=1 rev1=0 crypto rx=0 tx=0 comp rx=0 tx=0).connect
2024-03-18T00:40:38.235 INFO:teuthology.orchestra.run.smithi049.stdout:/usr/bin/ceph: stderr
2024-03-18T00:40:37.508+0000 7fa24f7fe700 1 -- 172.21.15.49:0/3446988737 <== mon.0 v2:172.21.15.49:3300/0 5 ==== osd_map(2..2 src has 1..2) ==== 940+0+0 (secure 0 0 0) 0x7fa25000f050 con 0x7fa25807de60
2024-03-18T00:40:38.236 INFO:teuthology.orchestra.run.smithi049.stdout:/usr/bin/ceph: stderr
2024-03-18T00:40:37.508+0000 7fa255d9b700 1 --2- 172.21.15.49:0/3446988737 >> [v2:172.21.15.49:6800/1899027445,v1:172.21.15.49:6801/1899027445] conn(0x7fa244038f20 0x7fa24403b3e0 unknown :-1 s=BANNER_CONNECTING pgs=0 cs=0 l=1 rev1=0 crypto rx=0 tx=0 comp rx=0 tx=0)._handle_peer_banner_payload supported=3 required=0
2024-03-18T00:40:38.236 INFO:teuthology.orchestra.run.smithi049.stdout:/usr/bin/ceph: stderr
2024-03-18T00:40:37.508+0000 7fa255d9b700 1 --2- 172.21.15.49:0/3446988737 >> [v2:172.21.15.49:6800/1899027445,v1:172.21.15.49:6801/1899027445] conn(0x7fa244038f20 0x7fa24403b3e0 secure :-1 s=READY pgs=8 cs=0 l=1 rev1=1 crypto rx=0x7fa240006fd0 tx=0x7fa240006e40 comp rx=0 tx=0).ready entity=mgr.14118 client_cookie=0 server_cookie=0 in_seq=0 out_seq=0
2024-03-18T00:40:38.236 INFO:teuthology.orchestra.run.smithi049.stdout:/usr/bin/ceph: stderr
2024-03-18T00:40:37.513+0000 7fa24f7fe700 1 -- 172.21.15.49:0/3446988737 <== mon.0 v2:172.21.15.49:3300/0 6 ==== mon_command_ack([{"prefix": "get_command_descriptions"}]=0 v0) ==== 72+0+186149 (secure 0 0 0) 0x7fa25002a020 con 0x7fa25807de60
2024-03-18T00:40:38.236 INFO:teuthology.orchestra.run.smithi049.stdout:/usr/bin/ceph: stderr
2024-03-18T00:40:37.718+0000 7fa25cb19700 1 -- 172.21.15.49:0/3446988737 --> [v2:172.21.15.49:6800/1899027445,v1:172.21.15.49:6801/1899027445] -- mgr_command(tid 0: {"prefix": "cephadm set-user", "user": "root", "target": ["mon-mgr", ""]}) -- 0x7fa258104380 con 0x7fa244038f20
2024-03-18T00:40:38.236 INFO:teuthology.orchestra.run.smithi049.stdout:/usr/bin/ceph: stderr
2024-03-18T00:40:37.719+0000 7fa24f7fe700 1 -- 172.21.15.49:0/3446988737 <== mgr.14118 v2:172.21.15.49:6800/1899027445 1 ==== mgr_command_reply(tid 0: 0 ) ==== 8+0+16 (secure 0 0 0) 0x7fa258104380 con 0x7fa244038f20
2024-03-18T00:40:38.236 INFO:teuthology.orchestra.run.smithi049.stdout:/usr/bin/ceph: stderr
2024-03-18T00:40:37.721+0000 7fa25cb19700 1 -- 172.21.15.49:0/3446988737 >> [v2:172.21.15.49:6800/1899027445,v1:172.21.15.49:6801/1899027445] conn(0x7fa244038f20 msgr2=0x7fa24403b3e0 secure :-1 s=STATE_CONNECTION_ESTABLISHED l=1).mark_down
2024-03-18T00:40:38.236 INFO:teuthology.orchestra.run.smithi049.stdout:/usr/bin/ceph: stderr
2024-03-18T00:40:37.721+0000 7fa25cb19700 1 --2- 172.21.15.49:0/3446988737 >> [v2:172.21.15.49:6800/1899027445,v1:172.21.15.49:6801/1899027445] conn(0x7fa244038f20 0x7fa24403b3e0 secure :-1 s=READY pgs=8 cs=0 l=1 rev1=1 crypto rx=0x7fa240006fd0 tx=0x7fa240006e40 comp rx=0 tx=0).stop
2024-03-18T00:40:38.236 INFO:teuthology.orchestra.run.smithi049.stdout:/usr/bin/ceph: stderr
2024-03-18T00:40:37.721+0000 7fa25cb19700 1 -- 172.21.15.49:0/3446988737 >> [v2:172.21.15.49:3300/0,v1:172.21.15.49:6789/0] conn(0x7fa25807de60 msgr2=0x7fa25819dd10 secure :-1 s=STATE_CONNECTION_ESTABLISHED l=1).mark_down
2024-03-18T00:40:38.236 INFO:teuthology.orchestra.run.smithi049.stdout:/usr/bin/ceph: stderr
2024-03-18T00:40:37.721+0000 7fa25cb19700 1 --2- 172.21.15.49:0/3446988737 >> [v2:172.21.15.49:3300/0,v1:172.21.15.49:6789/0] conn(0x7fa25807de60 0x7fa25819dd10 secure :-1 s=READY pgs=38 cs=0 l=1 rev1=1 crypto rx=0x7fa250004210 tx=0x7fa25000bd50 comp rx=0 tx=0).stop
2024-03-18T00:40:38.236 INFO:teuthology.orchestra.run.smithi049.stdout:/usr/bin/ceph: stderr
2024-03-18T00:40:37.721+0000 7fa25cb19700 1 -- 172.21.15.49:0/3446988737 shutdown_connections
2024-03-18T00:40:38.236 INFO:teuthology.orchestra.run.smithi049.stdout:/usr/bin/ceph: stderr
2024-03-18T00:40:37.721+0000 7fa25cb19700 1 --2- 172.21.15.49:0/3446988737 >> [v2:172.21.15.49:6800/1899027445,v1:172.21.15.49:6801/1899027445] conn(0x7fa244038f20 0x7fa24403b3e0 unknown :-1 s=CLOSED pgs=8 cs=0 l=1 rev1=1 crypto rx=0 tx=0 comp rx=0 tx=0).stop
2024-03-18T00:40:38.236 INFO:teuthology.orchestra.run.smithi049.stdout:/usr/bin/ceph: stderr
2024-03-18T00:40:37.721+0000 7fa25cb19700 1 --2- 172.21.15.49:0/3446988737 >> [v2:172.21.15.49:3300/0,v1:172.21.15.49:6789/0] conn(0x7fa25807de60 0x7fa25819dd10 unknown :-1 s=CLOSED pgs=38 cs=0 l=1 rev1=1 crypto rx=0 tx=0 comp rx=0 tx=0).stop
2024-03-18T00:40:38.236 INFO:teuthology.orchestra.run.smithi049.stdout:/usr/bin/ceph: stderr
2024-03-18T00:40:37.721+0000 7fa25cb19700 1 -- 172.21.15.49:0/3446988737 >> 172.21.15.49:0/3446988737 conn(0x7fa258103140 msgr2=0x7fa258103c70 unknown :-1 s=STATE_NONE l=0).mark_down
2024-03-18T00:40:38.236 INFO:teuthology.orchestra.run.smithi049.stdout:/usr/bin/ceph: stderr
2024-03-18T00:40:37.721+0000 7fa25cb19700 1 -- 172.21.15.49:0/3446988737 shutdown_connections
2024-03-18T00:40:38.237 INFO:teuthology.orchestra.run.smithi049.stdout:/usr/bin/ceph: stderr
2024-03-18T00:40:37.721+0000 7fa25cb19700 1 -- 172.21.15.49:0/3446988737 wait complete.
2024-03-18T00:40:38.237 INFO:teuthology.orchestra.run.smithi049.stdout:Generating ssh key...
2024-03-18T00:40:38.477 INFO:journalctl@ceph.mon.a.smithi049.stdout:Mar 18 00:40:38 smithi049 ceph-mon[32130]: from='client.14132 -' entity='client.admin' cmd=[{"prefix": "cephadm set-user", "user": "root", "target": ["mon-mgr", ""]}]: dispatch
2024-03-18T00:40:39.355 INFO:journalctl@ceph.mgr.x.smithi049.stdout:Mar 18 00:40:38 smithi049 ceph-ec390cde-e4bf-11ee-95c9-87774f69a715-mgr-x[32370]: Generating public/private rsa key pair.
2024-03-18T00:40:39.355 INFO:journalctl@ceph.mgr.x.smithi049.stdout:Mar 18 00:40:38 smithi049 ceph-ec390cde-e4bf-11ee-95c9-87774f69a715-mgr-x[32370]: Your identification has been saved in /tmp/tmpxlzhhdny/key.
2024-03-18T00:40:39.355 INFO:journalctl@ceph.mgr.x.smithi049.stdout:Mar 18 00:40:38 smithi049 ceph-ec390cde-e4bf-11ee-95c9-87774f69a715-mgr-x[32370]: Your public key has been saved in /tmp/tmpxlzhhdny/key.pub.
2024-03-18T00:40:39.356 INFO:journalctl@ceph.mgr.x.smithi049.stdout:Mar 18 00:40:38 smithi049 ceph-ec390cde-e4bf-11ee-95c9-87774f69a715-mgr-x[32370]: The key fingerprint is:
2024-03-18T00:40:39.356 INFO:journalctl@ceph.mgr.x.smithi049.stdout:Mar 18 00:40:38 smithi049 ceph-ec390cde-e4bf-11ee-95c9-87774f69a715-mgr-x[32370]: SHA256:zvDVa2n2rCOwhENdjsUIlo1brNzPY/ETQlv+Z3e8UjY ceph-ec390cde-e4bf-11ee-95c9-87774f69a715
2024-03-18T00:40:39.356 INFO:journalctl@ceph.mgr.x.smithi049.stdout:Mar 18 00:40:38 smithi049 ceph-ec390cde-e4bf-11ee-95c9-87774f69a715-mgr-x[32370]: The key's randomart image is:
2024-03-18T00:40:39.356 INFO:journalctl@ceph.mgr.x.smithi049.stdout:Mar 18 00:40:38 smithi049 ceph-ec390cde-e4bf-11ee-95c9-87774f69a715-mgr-x[32370]: +---[RSA 3072]----+
2024-03-18T00:40:39.356 INFO:journalctl@ceph.mgr.x.smithi049.stdout:Mar 18 00:40:38 smithi049 ceph-ec390cde-e4bf-11ee-95c9-87774f69a715-mgr-x[32370]: | o* o |
2024-03-18T00:40:39.356 INFO:journalctl@ceph.mgr.x.smithi049.stdout:Mar 18 00:40:38 smithi049 ceph-ec390cde-e4bf-11ee-95c9-87774f69a715-mgr-x[32370]: | .o = = . |
2024-03-18T00:40:39.356 INFO:journalctl@ceph.mgr.x.smithi049.stdout:Mar 18 00:40:38 smithi049 ceph-ec390cde-e4bf-11ee-95c9-87774f69a715-mgr-x[32370]: | . * * + |
2024-03-18T00:40:39.356 INFO:journalctl@ceph.mgr.x.smithi049.stdout:Mar 18 00:40:38 smithi049 ceph-ec390cde-e4bf-11ee-95c9-87774f69a715-mgr-x[32370]: | = + =.o |
2024-03-18T00:40:39.356 INFO:journalctl@ceph.mgr.x.smithi049.stdout:Mar 18 00:40:38 smithi049 ceph-ec390cde-e4bf-11ee-95c9-87774f69a715-mgr-x[32370]: | ...So.+.o . |
2024-03-18T00:40:39.356 INFO:journalctl@ceph.mgr.x.smithi049.stdout:Mar 18 00:40:38 smithi049 ceph-ec390cde-e4bf-11ee-95c9-87774f69a715-mgr-x[32370]: | o=o.= oo.E*|
2024-03-18T00:40:39.356 INFO:journalctl@ceph.mgr.x.smithi049.stdout:Mar 18 00:40:38 smithi049 ceph-ec390cde-e4bf-11ee-95c9-87774f69a715-mgr-x[32370]: | o++ .*.oo=|
2024-03-18T00:40:39.357 INFO:journalctl@ceph.mgr.x.smithi049.stdout:Mar 18 00:40:38 smithi049 ceph-ec390cde-e4bf-11ee-95c9-87774f69a715-mgr-x[32370]: | . .+.+ . |
2024-03-18T00:40:39.357 INFO:journalctl@ceph.mgr.x.smithi049.stdout:Mar 18 00:40:38 smithi049 ceph-ec390cde-e4bf-11ee-95c9-87774f69a715-mgr-x[32370]: | ..o+ |
2024-03-18T00:40:39.357 INFO:journalctl@ceph.mgr.x.smithi049.stdout:Mar 18 00:40:38 smithi049 ceph-ec390cde-e4bf-11ee-95c9-87774f69a715-mgr-x[32370]: +----[SHA256]-----+
2024-03-18T00:40:39.622 INFO:teuthology.orchestra.run.smithi049.stdout:/usr/bin/ceph: stderr
2024-03-18T00:40:38.700+0000 7f88bf5da700 1 Processor -- start
2024-03-18T00:40:39.622 INFO:teuthology.orchestra.run.smithi049.stdout:/usr/bin/ceph: stderr
2024-03-18T00:40:38.700+0000 7f88bf5da700 1 -- start start
2024-03-18T00:40:39.622 INFO:teuthology.orchestra.run.smithi049.stdout:/usr/bin/ceph: stderr
2024-03-18T00:40:38.700+0000 7f88bf5da700 1 --2- >> [v2:172.21.15.49:3300/0,v1:172.21.15.49:6789/0] conn(0x7f88b81063d0 0x7f88b81067f0 unknown :-1 s=NONE pgs=0 cs=0 l=0 rev1=0 crypto rx=0 tx=0 comp rx=0 tx=0).connect
2024-03-18T00:40:39.622 INFO:teuthology.orchestra.run.smithi049.stdout:/usr/bin/ceph: stderr
2024-03-18T00:40:38.700+0000 7f88bf5da700 1 -- --> [v2:172.21.15.49:3300/0,v1:172.21.15.49:6789/0] -- mon_getmap magic: 0 -- 0x7f88b807be10 con 0x7f88b81063d0
2024-03-18T00:40:39.623 INFO:teuthology.orchestra.run.smithi049.stdout:/usr/bin/ceph: stderr
2024-03-18T00:40:38.700+0000 7f88bd376700 1 --2- >> [v2:172.21.15.49:3300/0,v1:172.21.15.49:6789/0] conn(0x7f88b81063d0 0x7f88b81067f0 unknown :-1 s=BANNER_CONNECTING pgs=0 cs=0 l=0 rev1=0 crypto rx=0 tx=0 comp rx=0 tx=0)._handle_peer_banner_payload supported=3 required=0
2024-03-18T00:40:39.623 INFO:teuthology.orchestra.run.smithi049.stdout:/usr/bin/ceph: stderr
2024-03-18T00:40:38.700+0000 7f88bd376700 1 --2- >> [v2:172.21.15.49:3300/0,v1:172.21.15.49:6789/0] conn(0x7f88b81063d0 0x7f88b81067f0 unknown :-1 s=HELLO_CONNECTING pgs=0 cs=0 l=0 rev1=1 crypto rx=0 tx=0 comp rx=0 tx=0).handle_hello peer v2:172.21.15.49:3300/0 says I am v2:172.21.15.49:44110/0 (socket says 172.21.15.49:44110)
2024-03-18T00:40:39.623 INFO:teuthology.orchestra.run.smithi049.stdout:/usr/bin/ceph: stderr
2024-03-18T00:40:38.700+0000 7f88bd376700 1 -- 172.21.15.49:0/3375480775 learned_addr learned my addr 172.21.15.49:0/3375480775 (peer_addr_for_me v2:172.21.15.49:0/0)
2024-03-18T00:40:39.623 INFO:teuthology.orchestra.run.smithi049.stdout:/usr/bin/ceph: stderr
2024-03-18T00:40:38.701+0000 7f88bd376700 1 -- 172.21.15.49:0/3375480775 --> [v2:172.21.15.49:3300/0,v1:172.21.15.49:6789/0] -- mon_subscribe({config=0+,monmap=0+}) -- 0x7f88b8106d30 con 0x7f88b81063d0
2024-03-18T00:40:39.623 INFO:teuthology.orchestra.run.smithi049.stdout:/usr/bin/ceph: stderr
2024-03-18T00:40:38.701+0000 7f88bd376700 1 --2- 172.21.15.49:0/3375480775 >> [v2:172.21.15.49:3300/0,v1:172.21.15.49:6789/0] conn(0x7f88b81063d0 0x7f88b81067f0 secure :-1 s=READY pgs=39 cs=0 l=1 rev1=1 crypto rx=0x7f88b40098a0 tx=0x7f88b4009bb0 comp rx=0 tx=0).ready entity=mon.0 client_cookie=abc102f66a51bc1f server_cookie=0 in_seq=0 out_seq=0
2024-03-18T00:40:39.623 INFO:teuthology.orchestra.run.smithi049.stdout:/usr/bin/ceph: stderr
2024-03-18T00:40:38.701+0000 7f88affff700 1 -- 172.21.15.49:0/3375480775 <== mon.0 v2:172.21.15.49:3300/0 1 ==== mon_map magic: 0 ==== 205+0+0 (secure 0 0 0) 0x7f88b4004160 con 0x7f88b81063d0
2024-03-18T00:40:39.623 INFO:teuthology.orchestra.run.smithi049.stdout:/usr/bin/ceph: stderr
2024-03-18T00:40:38.701+0000 7f88affff700 1 -- 172.21.15.49:0/3375480775 <== mon.0 v2:172.21.15.49:3300/0 2 ==== config(27 keys) ==== 1109+0+0 (secure 0 0 0) 0x7f88b4004300 con 0x7f88b81063d0
2024-03-18T00:40:39.623 INFO:teuthology.orchestra.run.smithi049.stdout:/usr/bin/ceph: stderr
2024-03-18T00:40:38.701+0000 7f88affff700 1 -- 172.21.15.49:0/3375480775 <== mon.0 v2:172.21.15.49:3300/0 3 ==== mon_map magic: 0 ==== 205+0+0 (secure 0 0 0) 0x7f88b4011b50 con 0x7f88b81063d0
2024-03-18T00:40:39.623 INFO:teuthology.orchestra.run.smithi049.stdout:/usr/bin/ceph: stderr
2024-03-18T00:40:38.701+0000 7f88bf5da700 1 -- 172.21.15.49:0/3375480775 >> [v2:172.21.15.49:3300/0,v1:172.21.15.49:6789/0] conn(0x7f88b81063d0 msgr2=0x7f88b81067f0 secure :-1 s=STATE_CONNECTION_ESTABLISHED l=1).mark_down
2024-03-18T00:40:39.623 INFO:teuthology.orchestra.run.smithi049.stdout:/usr/bin/ceph: stderr
2024-03-18T00:40:38.701+0000 7f88bf5da700 1 --2- 172.21.15.49:0/3375480775 >> [v2:172.21.15.49:3300/0,v1:172.21.15.49:6789/0] conn(0x7f88b81063d0 0x7f88b81067f0 secure :-1 s=READY pgs=39 cs=0 l=1 rev1=1 crypto rx=0x7f88b40098a0 tx=0x7f88b4009bb0 comp rx=0 tx=0).stop
2024-03-18T00:40:39.623 INFO:teuthology.orchestra.run.smithi049.stdout:/usr/bin/ceph: stderr
2024-03-18T00:40:38.701+0000 7f88bf5da700 1 -- 172.21.15.49:0/3375480775 shutdown_connections
2024-03-18T00:40:39.623 INFO:teuthology.orchestra.run.smithi049.stdout:/usr/bin/ceph: stderr
2024-03-18T00:40:38.701+0000 7f88bf5da700 1 --2- 172.21.15.49:0/3375480775 >> [v2:172.21.15.49:3300/0,v1:172.21.15.49:6789/0] conn(0x7f88b81063d0 0x7f88b81067f0 unknown :-1 s=CLOSED pgs=39 cs=0 l=1 rev1=1 crypto rx=0 tx=0 comp rx=0 tx=0).stop
2024-03-18T00:40:39.623 INFO:teuthology.orchestra.run.smithi049.stdout:/usr/bin/ceph: stderr
2024-03-18T00:40:38.701+0000 7f88bf5da700 1 -- 172.21.15.49:0/3375480775 >> 172.21.15.49:0/3375480775 conn(0x7f88b8102030 msgr2=0x7f88b8104450 unknown :-1 s=STATE_NONE l=0).mark_down
2024-03-18T00:40:39.623 INFO:teuthology.orchestra.run.smithi049.stdout:/usr/bin/ceph: stderr
2024-03-18T00:40:38.702+0000 7f88bf5da700 1 -- 172.21.15.49:0/3375480775 shutdown_connections
2024-03-18T00:40:39.624 INFO:teuthology.orchestra.run.smithi049.stdout:/usr/bin/ceph: stderr
2024-03-18T00:40:38.702+0000 7f88bf5da700 1 -- 172.21.15.49:0/3375480775 wait complete.
2024-03-18T00:40:39.624 INFO:teuthology.orchestra.run.smithi049.stdout:/usr/bin/ceph: stderr
2024-03-18T00:40:38.702+0000 7f88bf5da700 1 Processor -- start
2024-03-18T00:40:39.624 INFO:teuthology.orchestra.run.smithi049.stdout:/usr/bin/ceph: stderr
2024-03-18T00:40:38.702+0000 7f88bf5da700 1 -- start start
2024-03-18T00:40:39.624 INFO:teuthology.orchestra.run.smithi049.stdout:/usr/bin/ceph: stderr
