2024-03-18T00:54:52.250+0000 7f9df2ffd700 1 -- 172.21.15.17:0/80600118 <== mgr.14152 v2:172.21.15.17:6800/1728369777 1 ==== mgr_command_reply(tid 0: 0 ) ==== 8+0+252 (secure 0 0 0) 0x7f9dfc19f550 con 0x7f9de8038f20
2024-03-18T00:54:52.854 INFO:teuthology.orchestra.run.smithi017.stdout:/usr/bin/ceph: stderr
2024-03-18T00:54:52.252+0000 7f9e03c40700 1 -- 172.21.15.17:0/80600118 >> [v2:172.21.15.17:6800/1728369777,v1:172.21.15.17:6801/1728369777] conn(0x7f9de8038f20 msgr2=0x7f9de803b3e0 secure :-1 s=STATE_CONNECTION_ESTABLISHED l=1).mark_down
2024-03-18T00:54:52.854 INFO:teuthology.orchestra.run.smithi017.stdout:/usr/bin/ceph: stderr
2024-03-18T00:54:52.252+0000 7f9e03c40700 1 --2- 172.21.15.17:0/80600118 >> [v2:172.21.15.17:6800/1728369777,v1:172.21.15.17:6801/1728369777] conn(0x7f9de8038f20 0x7f9de803b3e0 secure :-1 s=READY pgs=8 cs=0 l=1 rev1=1 crypto rx=0x7f9dec006fd0 tx=0x7f9dec006e40 comp rx=0 tx=0).stop
2024-03-18T00:54:52.854 INFO:teuthology.orchestra.run.smithi017.stdout:/usr/bin/ceph: stderr
2024-03-18T00:54:52.252+0000 7f9e03c40700 1 -- 172.21.15.17:0/80600118 >> [v2:172.21.15.17:3300/0,v1:172.21.15.17:6789/0] conn(0x7f9dfc1088d0 msgr2=0x7f9dfc19be00 secure :-1 s=STATE_CONNECTION_ESTABLISHED l=1).mark_down
2024-03-18T00:54:52.854 INFO:teuthology.orchestra.run.smithi017.stdout:/usr/bin/ceph: stderr
2024-03-18T00:54:52.252+0000 7f9e03c40700 1 --2- 172.21.15.17:0/80600118 >> [v2:172.21.15.17:3300/0,v1:172.21.15.17:6789/0] conn(0x7f9dfc1088d0 0x7f9dfc19be00 secure :-1 s=READY pgs=73 cs=0 l=1 rev1=1 crypto rx=0x7f9df8011770 tx=0x7f9df8011bc0 comp rx=0 tx=0).stop
2024-03-18T00:54:52.854 INFO:teuthology.orchestra.run.smithi017.stdout:/usr/bin/ceph: stderr
2024-03-18T00:54:52.252+0000 7f9e03c40700 1 -- 172.21.15.17:0/80600118 shutdown_connections
2024-03-18T00:54:52.854 INFO:teuthology.orchestra.run.smithi017.stdout:/usr/bin/ceph: stderr
2024-03-18T00:54:52.252+0000 7f9e03c40700 1 --2- 172.21.15.17:0/80600118 >> [v2:172.21.15.17:6800/1728369777,v1:172.21.15.17:6801/1728369777] conn(0x7f9de8038f20 0x7f9de803b3e0 unknown :-1 s=CLOSED pgs=8 cs=0 l=1 rev1=1 crypto rx=0 tx=0 comp rx=0 tx=0).stop
2024-03-18T00:54:52.854 INFO:teuthology.orchestra.run.smithi017.stdout:/usr/bin/ceph: stderr
2024-03-18T00:54:52.252+0000 7f9e03c40700 1 --2- 172.21.15.17:0/80600118 >> [v2:172.21.15.17:3300/0,v1:172.21.15.17:6789/0] conn(0x7f9dfc1088d0 0x7f9dfc19be00 unknown :-1 s=CLOSED pgs=73 cs=0 l=1 rev1=1 crypto rx=0 tx=0 comp rx=0 tx=0).stop
2024-03-18T00:54:52.854 INFO:teuthology.orchestra.run.smithi017.stdout:/usr/bin/ceph: stderr
2024-03-18T00:54:52.252+0000 7f9e03c40700 1 -- 172.21.15.17:0/80600118 >> 172.21.15.17:0/80600118 conn(0x7f9dfc102300 msgr2=0x7f9dfc102de0 unknown :-1 s=STATE_NONE l=0).mark_down
2024-03-18T00:54:52.854 INFO:teuthology.orchestra.run.smithi017.stdout:/usr/bin/ceph: stderr
2024-03-18T00:54:52.252+0000 7f9e03c40700 1 -- 172.21.15.17:0/80600118 shutdown_connections
2024-03-18T00:54:52.854 INFO:teuthology.orchestra.run.smithi017.stdout:/usr/bin/ceph: stderr
2024-03-18T00:54:52.252+0000 7f9e03c40700 1 -- 172.21.15.17:0/80600118 wait complete.
2024-03-18T00:54:52.855 INFO:teuthology.orchestra.run.smithi017.stdout:Fetching dashboard port number...
2024-03-18T00:54:54.127 INFO:teuthology.orchestra.run.smithi017.stdout:/usr/bin/ceph: stdout 8443
2024-03-18T00:54:54.127 INFO:teuthology.orchestra.run.smithi017.stdout:/usr/bin/ceph: stderr
2024-03-18T00:54:53.235+0000 7efd9270e700 1 Processor -- start
2024-03-18T00:54:54.127 INFO:teuthology.orchestra.run.smithi017.stdout:/usr/bin/ceph: stderr
2024-03-18T00:54:53.235+0000 7efd9270e700 1 -- start start
2024-03-18T00:54:54.127 INFO:teuthology.orchestra.run.smithi017.stdout:/usr/bin/ceph: stderr
2024-03-18T00:54:53.236+0000 7efd9270e700 1 --2- >> [v2:172.21.15.17:3300/0,v1:172.21.15.17:6789/0] conn(0x7efd8c107de0 0x7efd8c108200 unknown :-1 s=NONE pgs=0 cs=0 l=0 rev1=0 crypto rx=0 tx=0 comp rx=0 tx=0).connect
2024-03-18T00:54:54.127 INFO:teuthology.orchestra.run.smithi017.stdout:/usr/bin/ceph: stderr
2024-03-18T00:54:53.236+0000 7efd9270e700 1 -- --> [v2:172.21.15.17:3300/0,v1:172.21.15.17:6789/0] -- mon_getmap magic: 0 -- 0x7efd8c1087d0 con 0x7efd8c107de0
2024-03-18T00:54:54.127 INFO:teuthology.orchestra.run.smithi017.stdout:/usr/bin/ceph: stderr
2024-03-18T00:54:53.236+0000 7efd8bfff700 1 --2- >> [v2:172.21.15.17:3300/0,v1:172.21.15.17:6789/0] conn(0x7efd8c107de0 0x7efd8c108200 unknown :-1 s=BANNER_CONNECTING pgs=0 cs=0 l=0 rev1=0 crypto rx=0 tx=0 comp rx=0 tx=0)._handle_peer_banner_payload supported=3 required=0
2024-03-18T00:54:54.127 INFO:teuthology.orchestra.run.smithi017.stdout:/usr/bin/ceph: stderr
2024-03-18T00:54:53.236+0000 7efd8bfff700 1 --2- >> [v2:172.21.15.17:3300/0,v1:172.21.15.17:6789/0] conn(0x7efd8c107de0 0x7efd8c108200 unknown :-1 s=HELLO_CONNECTING pgs=0 cs=0 l=0 rev1=1 crypto rx=0 tx=0 comp rx=0 tx=0).handle_hello peer v2:172.21.15.17:3300/0 says I am v2:172.21.15.17:46544/0 (socket says 172.21.15.17:46544)
2024-03-18T00:54:54.127 INFO:teuthology.orchestra.run.smithi017.stdout:/usr/bin/ceph: stderr
2024-03-18T00:54:53.236+0000 7efd8bfff700 1 -- 172.21.15.17:0/1265016638 learned_addr learned my addr 172.21.15.17:0/1265016638 (peer_addr_for_me v2:172.21.15.17:0/0)
2024-03-18T00:54:54.127 INFO:teuthology.orchestra.run.smithi017.stdout:/usr/bin/ceph: stderr
2024-03-18T00:54:53.236+0000 7efd8bfff700 1 -- 172.21.15.17:0/1265016638 --> [v2:172.21.15.17:3300/0,v1:172.21.15.17:6789/0] -- mon_subscribe({config=0+,monmap=0+}) -- 0x7efd8c108fe0 con 0x7efd8c107de0
2024-03-18T00:54:54.127 INFO:teuthology.orchestra.run.smithi017.stdout:/usr/bin/ceph: stderr
2024-03-18T00:54:53.236+0000 7efd8bfff700 1 --2- 172.21.15.17:0/1265016638 >> [v2:172.21.15.17:3300/0,v1:172.21.15.17:6789/0] conn(0x7efd8c107de0 0x7efd8c108200 secure :-1 s=READY pgs=74 cs=0 l=1 rev1=1 crypto rx=0x7efd7c0098a0 tx=0x7efd7c009bb0 comp rx=0 tx=0).ready entity=mon.0 client_cookie=104529d8187c36 server_cookie=0 in_seq=0 out_seq=0
2024-03-18T00:54:54.128 INFO:teuthology.orchestra.run.smithi017.stdout:/usr/bin/ceph: stderr
2024-03-18T00:54:53.237+0000 7efd8affd700 1 -- 172.21.15.17:0/1265016638 <== mon.0 v2:172.21.15.17:3300/0 1 ==== mon_map magic: 0 ==== 205+0+0 (secure 0 0 0) 0x7efd7c004160 con 0x7efd8c107de0
2024-03-18T00:54:54.128 INFO:teuthology.orchestra.run.smithi017.stdout:/usr/bin/ceph: stderr
2024-03-18T00:54:53.237+0000 7efd8affd700 1 -- 172.21.15.17:0/1265016638 <== mon.0 v2:172.21.15.17:3300/0 2 ==== config(28 keys) ==== 1171+0+0 (secure 0 0 0) 0x7efd7c004300 con 0x7efd8c107de0
2024-03-18T00:54:54.128 INFO:teuthology.orchestra.run.smithi017.stdout:/usr/bin/ceph: stderr
2024-03-18T00:54:53.237+0000 7efd8affd700 1 -- 172.21.15.17:0/1265016638 <== mon.0 v2:172.21.15.17:3300/0 3 ==== mon_map magic: 0 ==== 205+0+0 (secure 0 0 0) 0x7efd7c011bb0 con 0x7efd8c107de0
2024-03-18T00:54:54.128 INFO:teuthology.orchestra.run.smithi017.stdout:/usr/bin/ceph: stderr
2024-03-18T00:54:53.237+0000 7efd9270e700 1 -- 172.21.15.17:0/1265016638 >> [v2:172.21.15.17:3300/0,v1:172.21.15.17:6789/0] conn(0x7efd8c107de0 msgr2=0x7efd8c108200 secure :-1 s=STATE_CONNECTION_ESTABLISHED l=1).mark_down
2024-03-18T00:54:54.128 INFO:teuthology.orchestra.run.smithi017.stdout:/usr/bin/ceph: stderr
2024-03-18T00:54:53.237+0000 7efd9270e700 1 --2- 172.21.15.17:0/1265016638 >> [v2:172.21.15.17:3300/0,v1:172.21.15.17:6789/0] conn(0x7efd8c107de0 0x7efd8c108200 secure :-1 s=READY pgs=74 cs=0 l=1 rev1=1 crypto rx=0x7efd7c0098a0 tx=0x7efd7c009bb0 comp rx=0 tx=0).stop
2024-03-18T00:54:54.128 INFO:teuthology.orchestra.run.smithi017.stdout:/usr/bin/ceph: stderr
2024-03-18T00:54:53.237+0000 7efd9270e700 1 -- 172.21.15.17:0/1265016638 shutdown_connections
2024-03-18T00:54:54.128 INFO:teuthology.orchestra.run.smithi017.stdout:/usr/bin/ceph: stderr
2024-03-18T00:54:53.237+0000 7efd9270e700 1 --2- 172.21.15.17:0/1265016638 >> [v2:172.21.15.17:3300/0,v1:172.21.15.17:6789/0] conn(0x7efd8c107de0 0x7efd8c108200 unknown :-1 s=CLOSED pgs=74 cs=0 l=1 rev1=1 crypto rx=0 tx=0 comp rx=0 tx=0).stop
2024-03-18T00:54:54.128 INFO:teuthology.orchestra.run.smithi017.stdout:/usr/bin/ceph: stderr
2024-03-18T00:54:53.237+0000 7efd9270e700 1 -- 172.21.15.17:0/1265016638 >> 172.21.15.17:0/1265016638 conn(0x7efd8c1033c0 msgr2=0x7efd8c1057e0 unknown :-1 s=STATE_NONE l=0).mark_down
2024-03-18T00:54:54.128 INFO:teuthology.orchestra.run.smithi017.stdout:/usr/bin/ceph: stderr
2024-03-18T00:54:53.237+0000 7efd9270e700 1 -- 172.21.15.17:0/1265016638 shutdown_connections
2024-03-18T00:54:54.128 INFO:teuthology.orchestra.run.smithi017.stdout:/usr/bin/ceph: stderr
2024-03-18T00:54:53.237+0000 7efd9270e700 1 -- 172.21.15.17:0/1265016638 wait complete.
2024-03-18T00:54:54.128 INFO:teuthology.orchestra.run.smithi017.stdout:/usr/bin/ceph: stderr
2024-03-18T00:54:53.238+0000 7efd9270e700 1 Processor -- start
2024-03-18T00:54:54.128 INFO:teuthology.orchestra.run.smithi017.stdout:/usr/bin/ceph: stderr
2024-03-18T00:54:53.238+0000 7efd9270e700 1 -- start start
2024-03-18T00:54:54.128 INFO:teuthology.orchestra.run.smithi017.stdout:/usr/bin/ceph: stderr
2024-03-18T00:54:53.238+0000 7efd9270e700 1 --2- >> [v2:172.21.15.17:3300/0,v1:172.21.15.17:6789/0] conn(0x7efd8c107de0 0x7efd8c07db10 unknown :-1 s=NONE pgs=0 cs=0 l=1 rev1=0 crypto rx=0 tx=0 comp rx=0 tx=0).connect
2024-03-18T00:54:54.128 INFO:teuthology.orchestra.run.smithi017.stdout:/usr/bin/ceph: stderr
2024-03-18T00:54:53.238+0000 7efd9270e700 1 -- --> [v2:172.21.15.17:3300/0,v1:172.21.15.17:6789/0] -- mon_getmap magic: 0 -- 0x7efd8c10c390 con 0x7efd8c107de0
2024-03-18T00:54:54.129 INFO:teuthology.orchestra.run.smithi017.stdout:/usr/bin/ceph: stderr
2024-03-18T00:54:53.239+0000 7efd8bfff700 1 --2- >> [v2:172.21.15.17:3300/0,v1:172.21.15.17:6789/0] conn(0x7efd8c107de0 0x7efd8c07db10 unknown :-1 s=BANNER_CONNECTING pgs=0 cs=0 l=1 rev1=0 crypto rx=0 tx=0 comp rx=0 tx=0)._handle_peer_banner_payload supported=3 required=0
2024-03-18T00:54:54.129 INFO:teuthology.orchestra.run.smithi017.stdout:/usr/bin/ceph: stderr
2024-03-18T00:54:53.239+0000 7efd8bfff700 1 --2- >> [v2:172.21.15.17:3300/0,v1:172.21.15.17:6789/0] conn(0x7efd8c107de0 0x7efd8c07db10 unknown :-1 s=HELLO_CONNECTING pgs=0 cs=0 l=1 rev1=1 crypto rx=0 tx=0 comp rx=0 tx=0).handle_hello peer v2:172.21.15.17:3300/0 says I am v2:172.21.15.17:46552/0 (socket says 172.21.15.17:46552)
2024-03-18T00:54:54.129 INFO:teuthology.orchestra.run.smithi017.stdout:/usr/bin/ceph: stderr
2024-03-18T00:54:53.239+0000 7efd8bfff700 1 -- 172.21.15.17:0/104862615 learned_addr learned my addr 172.21.15.17:0/104862615 (peer_addr_for_me v2:172.21.15.17:0/0)
2024-03-18T00:54:54.129 INFO:teuthology.orchestra.run.smithi017.stdout:/usr/bin/ceph: stderr
2024-03-18T00:54:53.239+0000 7efd8bfff700 1 -- 172.21.15.17:0/104862615 --> [v2:172.21.15.17:3300/0,v1:172.21.15.17:6789/0] -- mon_subscribe({config=0+,monmap=0+}) -- 0x7efd8c07e050 con 0x7efd8c107de0
2024-03-18T00:54:54.129 INFO:teuthology.orchestra.run.smithi017.stdout:/usr/bin/ceph: stderr
2024-03-18T00:54:53.239+0000 7efd8bfff700 1 --2- 172.21.15.17:0/104862615 >> [v2:172.21.15.17:3300/0,v1:172.21.15.17:6789/0] conn(0x7efd8c107de0 0x7efd8c07db10 secure :-1 s=READY pgs=75 cs=0 l=1 rev1=1 crypto rx=0x7efd7c011770 tx=0x7efd7c011bc0 comp rx=0 tx=0).ready entity=mon.0 client_cookie=0 server_cookie=0 in_seq=0 out_seq=0
2024-03-18T00:54:54.129 INFO:teuthology.orchestra.run.smithi017.stdout:/usr/bin/ceph: stderr
2024-03-18T00:54:53.239+0000 7efd897fa700 1 -- 172.21.15.17:0/104862615 <== mon.0 v2:172.21.15.17:3300/0 1 ==== mon_map magic: 0 ==== 205+0+0 (secure 0 0 0) 0x7efd7c0039c0 con 0x7efd8c107de0
2024-03-18T00:54:54.129 INFO:teuthology.orchestra.run.smithi017.stdout:/usr/bin/ceph: stderr
2024-03-18T00:54:53.239+0000 7efd9270e700 1 -- 172.21.15.17:0/104862615 --> [v2:172.21.15.17:3300/0,v1:172.21.15.17:6789/0] -- mon_subscribe({mgrmap=0+}) -- 0x7efd8c07c240 con 0x7efd8c107de0
2024-03-18T00:54:54.129 INFO:teuthology.orchestra.run.smithi017.stdout:/usr/bin/ceph: stderr
2024-03-18T00:54:53.239+0000 7efd897fa700 1 -- 172.21.15.17:0/104862615 <== mon.0 v2:172.21.15.17:3300/0 2 ==== config(28 keys) ==== 1171+0+0 (secure 0 0 0) 0x7efd7c003b60 con 0x7efd8c107de0
2024-03-18T00:54:54.129 INFO:teuthology.orchestra.run.smithi017.stdout:/usr/bin/ceph: stderr
2024-03-18T00:54:53.239+0000 7efd897fa700 1 -- 172.21.15.17:0/104862615 <== mon.0 v2:172.21.15.17:3300/0 3 ==== mon_map magic: 0 ==== 205+0+0 (secure 0 0 0) 0x7efd7c01a600 con 0x7efd8c107de0
2024-03-18T00:54:54.129 INFO:teuthology.orchestra.run.smithi017.stdout:/usr/bin/ceph: stderr
2024-03-18T00:54:53.239+0000 7efd9270e700 1 -- 172.21.15.17:0/104862615 --> [v2:172.21.15.17:3300/0,v1:172.21.15.17:6789/0] -- mon_subscribe({osdmap=0}) -- 0x7efd8c07c780 con 0x7efd8c107de0
2024-03-18T00:54:54.129 INFO:teuthology.orchestra.run.smithi017.stdout:/usr/bin/ceph: stderr
2024-03-18T00:54:53.240+0000 7efd897fa700 1 -- 172.21.15.17:0/104862615 <== mon.0 v2:172.21.15.17:3300/0 4 ==== mgrmap(e 12) ==== 46119+0+0 (secure 0 0 0) 0x7efd7c01a930 con 0x7efd8c107de0
2024-03-18T00:54:54.129 INFO:teuthology.orchestra.run.smithi017.stdout:/usr/bin/ceph: stderr
2024-03-18T00:54:53.240+0000 7efd897fa700 1 --2- 172.21.15.17:0/104862615 >> [v2:172.21.15.17:6800/1728369777,v1:172.21.15.17:6801/1728369777] conn(0x7efd78038f80 0x7efd7803b440 unknown :-1 s=NONE pgs=0 cs=0 l=1 rev1=0 crypto rx=0 tx=0 comp rx=0 tx=0).connect
2024-03-18T00:54:54.129 INFO:teuthology.orchestra.run.smithi017.stdout:/usr/bin/ceph: stderr
2024-03-18T00:54:53.240+0000 7efd897fa700 1 -- 172.21.15.17:0/104862615 <== mon.0 v2:172.21.15.17:3300/0 5 ==== osd_map(3..3 src has 1..3) ==== 1155+0+0 (secure 0 0 0) 0x7efd7c04e310 con 0x7efd8c107de0
2024-03-18T00:54:54.130 INFO:teuthology.orchestra.run.smithi017.stdout:/usr/bin/ceph: stderr
2024-03-18T00:54:53.240+0000 7efd8b7fe700 1 --2- 172.21.15.17:0/104862615 >> [v2:172.21.15.17:6800/1728369777,v1:172.21.15.17:6801/1728369777] conn(0x7efd78038f80 0x7efd7803b440 unknown :-1 s=BANNER_CONNECTING pgs=0 cs=0 l=1 rev1=0 crypto rx=0 tx=0 comp rx=0 tx=0)._handle_peer_banner_payload supported=3 required=0
2024-03-18T00:54:54.130 INFO:teuthology.orchestra.run.smithi017.stdout:/usr/bin/ceph: stderr
2024-03-18T00:54:53.240+0000 7efd9270e700 1 -- 172.21.15.17:0/104862615 --> [v2:172.21.15.17:3300/0,v1:172.21.15.17:6789/0] -- mon_command({"prefix": "get_command_descriptions"} v 0) -- 0x7efd8c063900 con 0x7efd8c107de0
2024-03-18T00:54:54.130 INFO:teuthology.orchestra.run.smithi017.stdout:/usr/bin/ceph: stderr
2024-03-18T00:54:53.241+0000 7efd8b7fe700 1 --2- 172.21.15.17:0/104862615 >> [v2:172.21.15.17:6800/1728369777,v1:172.21.15.17:6801/1728369777] conn(0x7efd78038f80 0x7efd7803b440 secure :-1 s=READY pgs=9 cs=0 l=1 rev1=1 crypto rx=0x7efd74006fd0 tx=0x7efd74006e40 comp rx=0 tx=0).ready entity=mgr.14152 client_cookie=0 server_cookie=0 in_seq=0 out_seq=0
2024-03-18T00:54:54.130 INFO:teuthology.orchestra.run.smithi017.stdout:/usr/bin/ceph: stderr
2024-03-18T00:54:53.246+0000 7efd897fa700 1 -- 172.21.15.17:0/104862615 <== mon.0 v2:172.21.15.17:3300/0 6 ==== mon_command_ack([{"prefix": "get_command_descriptions"}]=0 v0) ==== 72+0+186149 (secure 0 0 0) 0x7efd7c019c70 con 0x7efd8c107de0
2024-03-18T00:54:54.130 INFO:teuthology.orchestra.run.smithi017.stdout:/usr/bin/ceph: stderr
2024-03-18T00:54:53.454+0000 7efd9270e700 1 -- 172.21.15.17:0/104862615 --> [v2:172.21.15.17:3300/0,v1:172.21.15.17:6789/0] -- mon_command({"prefix": "config get", "who": "mgr", "key": "mgr/dashboard/ssl_server_port"} v 0) -- 0x7efd8c07cd90 con 0x7efd8c107de0
2024-03-18T00:54:54.130 INFO:teuthology.orchestra.run.smithi017.stdout:/usr/bin/ceph: stderr
2024-03-18T00:54:53.454+0000 7efd897fa700 1 -- 172.21.15.17:0/104862615 <== mon.0 v2:172.21.15.17:3300/0 7 ==== mon_command_ack([{"prefix": "config get", "who": "mgr", "key": "mgr/dashboard/ssl_server_port"}]=0 v8) ==== 112+0+5 (secure 0 0 0) 0x7efd7c003d10 con 0x7efd8c107de0
2024-03-18T00:54:54.130 INFO:teuthology.orchestra.run.smithi017.stdout:/usr/bin/ceph: stderr
2024-03-18T00:54:53.457+0000 7efd9270e700 1 -- 172.21.15.17:0/104862615 >> [v2:172.21.15.17:6800/1728369777,v1:172.21.15.17:6801/1728369777] conn(0x7efd78038f80 msgr2=0x7efd7803b440 secure :-1 s=STATE_CONNECTION_ESTABLISHED l=1).mark_down
2024-03-18T00:54:54.130 INFO:teuthology.orchestra.run.smithi017.stdout:/usr/bin/ceph: stderr
2024-03-18T00:54:53.457+0000 7efd9270e700 1 --2- 172.21.15.17:0/104862615 >> [v2:172.21.15.17:6800/1728369777,v1:172.21.15.17:6801/1728369777] conn(0x7efd78038f80 0x7efd7803b440 secure :-1 s=READY pgs=9 cs=0 l=1 rev1=1 crypto rx=0x7efd74006fd0 tx=0x7efd74006e40 comp rx=0 tx=0).stop
2024-03-18T00:54:54.130 INFO:teuthology.orchestra.run.smithi017.stdout:/usr/bin/ceph: stderr
2024-03-18T00:54:53.457+0000 7efd9270e700 1 -- 172.21.15.17:0/104862615 >> [v2:172.21.15.17:3300/0,v1:172.21.15.17:6789/0] conn(0x7efd8c107de0 msgr2=0x7efd8c07db10 secure :-1 s=STATE_CONNECTION_ESTABLISHED l=1).mark_down
2024-03-18T00:54:54.130 INFO:teuthology.orchestra.run.smithi017.stdout:/usr/bin/ceph: stderr
2024-03-18T00:54:53.457+0000 7efd9270e700 1 --2- 172.21.15.17:0/104862615 >> [v2:172.21.15.17:3300/0,v1:172.21.15.17:6789/0] conn(0x7efd8c107de0 0x7efd8c07db10 secure :-1 s=READY pgs=75 cs=0 l=1 rev1=1 crypto rx=0x7efd7c011770 tx=0x7efd7c011bc0 comp rx=0 tx=0).stop
2024-03-18T00:54:54.130 INFO:teuthology.orchestra.run.smithi017.stdout:/usr/bin/ceph: stderr
2024-03-18T00:54:53.458+0000 7efd9270e700 1 -- 172.21.15.17:0/104862615 shutdown_connections
2024-03-18T00:54:54.130 INFO:teuthology.orchestra.run.smithi017.stdout:/usr/bin/ceph: stderr
2024-03-18T00:54:53.458+0000 7efd9270e700 1 --2- 172.21.15.17:0/104862615 >> [v2:172.21.15.17:6800/1728369777,v1:172.21.15.17:6801/1728369777] conn(0x7efd78038f80 0x7efd7803b440 unknown :-1 s=CLOSED pgs=9 cs=0 l=1 rev1=1 crypto rx=0 tx=0 comp rx=0 tx=0).stop
2024-03-18T00:54:54.131 INFO:teuthology.orchestra.run.smithi017.stdout:/usr/bin/ceph: stderr
2024-03-18T00:54:53.458+0000 7efd9270e700 1 --2- 172.21.15.17:0/104862615 >> [v2:172.21.15.17:3300/0,v1:172.21.15.17:6789/0] conn(0x7efd8c107de0 0x7efd8c07db10 unknown :-1 s=CLOSED pgs=75 cs=0 l=1 rev1=1 crypto rx=0 tx=0 comp rx=0 tx=0).stop
2024-03-18T00:54:54.131 INFO:teuthology.orchestra.run.smithi017.stdout:/usr/bin/ceph: stderr
2024-03-18T00:54:53.458+0000 7efd9270e700 1 -- 172.21.15.17:0/104862615 >> 172.21.15.17:0/104862615 conn(0x7efd8c1033c0 msgr2=0x7efd8c103f70 unknown :-1 s=STATE_NONE l=0).mark_down
2024-03-18T00:54:54.131 INFO:teuthology.orchestra.run.smithi017.stdout:/usr/bin/ceph: stderr
2024-03-18T00:54:53.458+0000 7efd9270e700 1 -- 172.21.15.17:0/104862615 shutdown_connections
2024-03-18T00:54:54.131 INFO:teuthology.orchestra.run.smithi017.stdout:/usr/bin/ceph: stderr
2024-03-18T00:54:53.458+0000 7efd9270e700 1 -- 172.21.15.17:0/104862615 wait complete.
2024-03-18T00:54:54.134 INFO:teuthology.orchestra.run.smithi017.stdout:Non-zero exit code 1 from systemctl is-enabled firewalld.service
2024-03-18T00:54:54.134 INFO:teuthology.orchestra.run.smithi017.stdout:systemctl: stdout disabled
2024-03-18T00:54:54.141 INFO:teuthology.orchestra.run.smithi017.stdout:Non-zero exit code 3 from systemctl is-active firewalld.service
2024-03-18T00:54:54.141 INFO:teuthology.orchestra.run.smithi017.stdout:systemctl: stdout inactive
2024-03-18T00:54:54.141 INFO:teuthology.orchestra.run.smithi017.stdout:firewalld.service is not enabled
2024-03-18T00:54:54.141 INFO:teuthology.orchestra.run.smithi017.stdout:Not possible to open ports <[8443]>. firewalld.service is not available
2024-03-18T00:54:54.143 INFO:teuthology.orchestra.run.smithi017.stdout:Ceph Dashboard is now available at:
2024-03-18T00:54:54.143 INFO:teuthology.orchestra.run.smithi017.stdout:
2024-03-18T00:54:54.143 INFO:teuthology.orchestra.run.smithi017.stdout: URL: https://smithi017.front.sepia.ceph.com:8443/
2024-03-18T00:54:54.143 INFO:teuthology.orchestra.run.smithi017.stdout: User: admin
2024-03-18T00:54:54.143 INFO:teuthology.orchestra.run.smithi017.stdout: Password: qao5ysud8h
2024-03-18T00:54:54.143 INFO:teuthology.orchestra.run.smithi017.stdout:
2024-03-18T00:54:54.144 INFO:teuthology.orchestra.run.smithi017.stdout:Saving cluster configuration to /var/lib/ceph/d4e75f20-e4c1-11ee-95c9-87774f69a715/config directory
2024-03-18T00:54:54.144 INFO:teuthology.orchestra.run.smithi017.stdout:Enabling autotune for osd_memory_target
2024-03-18T00:54:54.393 INFO:journalctl@ceph.mon.a.smithi017.stdout:Mar 18 00:54:54 smithi017 ceph-mon[31915]: from='mgr.14152 172.21.15.17:0/3921155418' entity='mgr.x'
2024-03-18T00:54:54.393 INFO:journalctl@ceph.mon.a.smithi017.stdout:Mar 18 00:54:54 smithi017 ceph-mon[31915]: from='client.? 172.21.15.17:0/104862615' entity='client.admin' cmd=[{"prefix": "config get", "who": "mgr", "key": "mgr/dashboard/ssl_server_port"}]: dispatch
2024-03-18T00:54:55.557 INFO:journalctl@ceph.mon.a.smithi017.stdout:Mar 18 00:54:55 smithi017 ceph-mon[31915]: mgrmap e13: x(active, since 6s)
2024-03-18T00:54:55.878 INFO:teuthology.orchestra.run.smithi017.stdout:/usr/bin/ceph: stderr
2024-03-18T00:54:54.594+0000 7f946a391700 1 Processor -- start
2024-03-18T00:54:55.879 INFO:teuthology.orchestra.run.smithi017.stdout:/usr/bin/ceph: stderr
2024-03-18T00:54:54.594+0000 7f946a391700 1 -- start start
2024-03-18T00:54:55.879 INFO:teuthology.orchestra.run.smithi017.stdout:/usr/bin/ceph: stderr
2024-03-18T00:54:54.595+0000 7f946a391700 1 --2- >> [v2:172.21.15.17:3300/0,v1:172.21.15.17:6789/0] conn(0x7f9464107de0 0x7f9464108200 unknown :-1 s=NONE pgs=0 cs=0 l=0 rev1=0 crypto rx=0 tx=0 comp rx=0 tx=0).connect
2024-03-18T00:54:55.879 INFO:teuthology.orchestra.run.smithi017.stdout:/usr/bin/ceph: stderr
2024-03-18T00:54:54.595+0000 7f946a391700 1 -- --> [v2:172.21.15.17:3300/0,v1:172.21.15.17:6789/0] -- mon_getmap magic: 0 -- 0x7f94641087d0 con 0x7f9464107de0
2024-03-18T00:54:55.879 INFO:teuthology.orchestra.run.smithi017.stdout:/usr/bin/ceph: stderr
2024-03-18T00:54:54.595+0000 7f9463fff700 1 --2- >> [v2:172.21.15.17:3300/0,v1:172.21.15.17:6789/0] conn(0x7f9464107de0 0x7f9464108200 unknown :-1 s=BANNER_CONNECTING pgs=0 cs=0 l=0 rev1=0 crypto rx=0 tx=0 comp rx=0 tx=0)._handle_peer_banner_payload supported=3 required=0
2024-03-18T00:54:55.879 INFO:teuthology.orchestra.run.smithi017.stdout:/usr/bin/ceph: stderr
2024-03-18T00:54:54.595+0000 7f9463fff700 1 --2- >> [v2:172.21.15.17:3300/0,v1:172.21.15.17:6789/0] conn(0x7f9464107de0 0x7f9464108200 unknown :-1 s=HELLO_CONNECTING pgs=0 cs=0 l=0 rev1=1 crypto rx=0 tx=0 comp rx=0 tx=0).handle_hello peer v2:172.21.15.17:3300/0 says I am v2:172.21.15.17:46554/0 (socket says 172.21.15.17:46554)
2024-03-18T00:54:55.879 INFO:teuthology.orchestra.run.smithi017.stdout:/usr/bin/ceph: stderr
2024-03-18T00:54:54.595+0000 7f9463fff700 1 -- 172.21.15.17:0/2424904309 learned_addr learned my addr 172.21.15.17:0/2424904309 (peer_addr_for_me v2:172.21.15.17:0/0)
2024-03-18T00:54:55.879 INFO:teuthology.orchestra.run.smithi017.stdout:/usr/bin/ceph: stderr
2024-03-18T00:54:54.595+0000 7f9463fff700 1 -- 172.21.15.17:0/2424904309 --> [v2:172.21.15.17:3300/0,v1:172.21.15.17:6789/0] -- mon_subscribe({config=0+,monmap=0+}) -- 0x7f9464108fe0 con 0x7f9464107de0
2024-03-18T00:54:55.879 INFO:teuthology.orchestra.run.smithi017.stdout:/usr/bin/ceph: stderr
2024-03-18T00:54:54.595+0000 7f9463fff700 1 --2- 172.21.15.17:0/2424904309 >> [v2:172.21.15.17:3300/0,v1:172.21.15.17:6789/0] conn(0x7f9464107de0 0x7f9464108200 secure :-1 s=READY pgs=76 cs=0 l=1 rev1=1 crypto rx=0x7f94540098a0 tx=0x7f9454009bb0 comp rx=0 tx=0).ready entity=mon.0 client_cookie=6757a055b661cb76 server_cookie=0 in_seq=0 out_seq=0
2024-03-18T00:54:55.879 INFO:teuthology.orchestra.run.smithi017.stdout:/usr/bin/ceph: stderr
2024-03-18T00:54:54.595+0000 7f9462ffd700 1 -- 172.21.15.17:0/2424904309 <== mon.0 v2:172.21.15.17:3300/0 1 ==== mon_map magic: 0 ==== 205+0+0 (secure 0 0 0) 0x7f9454004160 con 0x7f9464107de0
2024-03-18T00:54:55.879 INFO:teuthology.orchestra.run.smithi017.stdout:/usr/bin/ceph: stderr
2024-03-18T00:54:54.595+0000 7f9462ffd700 1 -- 172.21.15.17:0/2424904309 <== mon.0 v2:172.21.15.17:3300/0 2 ==== config(28 keys) ==== 1171+0+0 (secure 0 0 0) 0x7f9454004300 con 0x7f9464107de0
2024-03-18T00:54:55.879 INFO:teuthology.orchestra.run.smithi017.stdout:/usr/bin/ceph: stderr
2024-03-18T00:54:54.595+0000 7f9462ffd700 1 -- 172.21.15.17:0/2424904309 <== mon.0 v2:172.21.15.17:3300/0 3 ==== mon_map magic: 0 ==== 205+0+0 (secure 0 0 0) 0x7f9454011bb0 con 0x7f9464107de0
2024-03-18T00:54:55.879 INFO:teuthology.orchestra.run.smithi017.stdout:/usr/bin/ceph: stderr
2024-03-18T00:54:54.596+0000 7f946a391700 1 -- 172.21.15.17:0/2424904309 >> [v2:172.21.15.17:3300/0,v1:172.21.15.17:6789/0] conn(0x7f9464107de0 msgr2=0x7f9464108200 secure :-1 s=STATE_CONNECTION_ESTABLISHED l=1).mark_down
2024-03-18T00:54:55.879 INFO:teuthology.orchestra.run.smithi017.stdout:/usr/bin/ceph: stderr
2024-03-18T00:54:54.596+0000 7f946a391700 1 --2- 172.21.15.17:0/2424904309 >> [v2:172.21.15.17:3300/0,v1:172.21.15.17:6789/0] conn(0x7f9464107de0 0x7f9464108200 secure :-1 s=READY pgs=76 cs=0 l=1 rev1=1 crypto rx=0x7f94540098a0 tx=0x7f9454009bb0 comp rx=0 tx=0).stop
2024-03-18T00:54:55.879 INFO:teuthology.orchestra.run.smithi017.stdout:/usr/bin/ceph: stderr
2024-03-18T00:54:54.596+0000 7f946a391700 1 -- 172.21.15.17:0/2424904309 shutdown_connections
2024-03-18T00:54:55.880 INFO:teuthology.orchestra.run.smithi017.stdout:/usr/bin/ceph: stderr
2024-03-18T00:54:54.596+0000 7f946a391700 1 --2- 172.21.15.17:0/2424904309 >> [v2:172.21.15.17:3300/0,v1:172.21.15.17:6789/0] conn(0x7f9464107de0 0x7f9464108200 unknown :-1 s=CLOSED pgs=76 cs=0 l=1 rev1=1 crypto rx=0 tx=0 comp rx=0 tx=0).stop
2024-03-18T00:54:55.880 INFO:teuthology.orchestra.run.smithi017.stdout:/usr/bin/ceph: stderr
2024-03-18T00:54:54.596+0000 7f946a391700 1 -- 172.21.15.17:0/2424904309 >> 172.21.15.17:0/2424904309 conn(0x7f94641033c0 msgr2=0x7f94641057e0 unknown :-1 s=STATE_NONE l=0).mark_down
2024-03-18T00:54:55.880 INFO:teuthology.orchestra.run.smithi017.stdout:/usr/bin/ceph: stderr
2024-03-18T00:54:54.596+0000 7f946a391700 1 -- 172.21.15.17:0/2424904309 shutdown_connections
2024-03-18T00:54:55.880 INFO:teuthology.orchestra.run.smithi017.stdout:/usr/bin/ceph: stderr
2024-03-18T00:54:54.596+0000 7f946a391700 1 -- 172.21.15.17:0/2424904309 wait complete.
2024-03-18T00:54:55.880 INFO:teuthology.orchestra.run.smithi017.stdout:/usr/bin/ceph: stderr
2024-03-18T00:54:54.597+0000 7f946a391700 1 Processor -- start
2024-03-18T00:54:55.880 INFO:teuthology.orchestra.run.smithi017.stdout:/usr/bin/ceph: stderr
2024-03-18T00:54:54.597+0000 7f946a391700 1 -- start start
2024-03-18T00:54:55.880 INFO:teuthology.orchestra.run.smithi017.stdout:/usr/bin/ceph: stderr
2024-03-18T00:54:54.597+0000 7f946a391700 1 --2- >> [v2:172.21.15.17:3300/0,v1:172.21.15.17:6789/0] conn(0x7f9464107de0 0x7f946407db10 unknown :-1 s=NONE pgs=0 cs=0 l=1 rev1=0 crypto rx=0 tx=0 comp rx=0 tx=0).connect
2024-03-18T00:54:55.880 INFO:teuthology.orchestra.run.smithi017.stdout:/usr/bin/ceph: stderr
2024-03-18T00:54:54.597+0000 7f946a391700 1 -- --> [v2:172.21.15.17:3300/0,v1:172.21.15.17:6789/0] -- mon_getmap magic: 0 -- 0x7f946410c390 con 0x7f9464107de0
2024-03-18T00:54:55.880 INFO:teuthology.orchestra.run.smithi017.stdout:/usr/bin/ceph: stderr
2024-03-18T00:54:54.597+0000 7f9463fff700 1 --2- >> [v2:172.21.15.17:3300/0,v1:172.21.15.17:6789/0] conn(0x7f9464107de0 0x7f946407db10 unknown :-1 s=BANNER_CONNECTING pgs=0 cs=0 l=1 rev1=0 crypto rx=0 tx=0 comp rx=0 tx=0)._handle_peer_banner_payload supported=3 required=0
2024-03-18T00:54:55.880 INFO:teuthology.orchestra.run.smithi017.stdout:/usr/bin/ceph: stderr
2024-03-18T00:54:54.597+0000 7f9463fff700 1 --2- >> [v2:172.21.15.17:3300/0,v1:172.21.15.17:6789/0] conn(0x7f9464107de0 0x7f946407db10 unknown :-1 s=HELLO_CONNECTING pgs=0 cs=0 l=1 rev1=1 crypto rx=0 tx=0 comp rx=0 tx=0).handle_hello peer v2:172.21.15.17:3300/0 says I am v2:172.21.15.17:46570/0 (socket says 172.21.15.17:46570)
2024-03-18T00:54:55.880 INFO:teuthology.orchestra.run.smithi017.stdout:/usr/bin/ceph: stderr
2024-03-18T00:54:54.597+0000 7f9463fff700 1 -- 172.21.15.17:0/2443871170 learned_addr learned my addr 172.21.15.17:0/2443871170 (peer_addr_for_me v2:172.21.15.17:0/0)
2024-03-18T00:54:55.880 INFO:teuthology.orchestra.run.smithi017.stdout:/usr/bin/ceph: stderr
2024-03-18T00:54:54.597+0000 7f9463fff700 1 -- 172.21.15.17:0/2443871170 --> [v2:172.21.15.17:3300/0,v1:172.21.15.17:6789/0] -- mon_subscribe({config=0+,monmap=0+}) -- 0x7f946407e050 con 0x7f9464107de0
2024-03-18T00:54:55.880 INFO:teuthology.orchestra.run.smithi017.stdout:/usr/bin/ceph: stderr
2024-03-18T00:54:54.597+0000 7f9463fff700 1 --2- 172.21.15.17:0/2443871170 >> [v2:172.21.15.17:3300/0,v1:172.21.15.17:6789/0] conn(0x7f9464107de0 0x7f946407db10 secure :-1 s=READY pgs=77 cs=0 l=1 rev1=1 crypto rx=0x7f9454000c00 tx=0x7f9454011c70 comp rx=0 tx=0).ready entity=mon.0 client_cookie=0 server_cookie=0 in_seq=0 out_seq=0
2024-03-18T00:54:55.880 INFO:teuthology.orchestra.run.smithi017.stdout:/usr/bin/ceph: stderr
2024-03-18T00:54:54.598+0000 7f94617fa700 1 -- 172.21.15.17:0/2443871170 <== mon.0 v2:172.21.15.17:3300/0 1 ==== mon_map magic: 0 ==== 205+0+0 (secure 0 0 0) 0x7f9454011e60 con 0x7f9464107de0
2024-03-18T00:54:55.881 INFO:teuthology.orchestra.run.smithi017.stdout:/usr/bin/ceph: stderr
2024-03-18T00:54:54.598+0000 7f946a391700 1 -- 172.21.15.17:0/2443871170 --> [v2:172.21.15.17:3300/0,v1:172.21.15.17:6789/0] -- mon_subscribe({mgrmap=0+}) -- 0x7f946407c240 con 0x7f9464107de0
2024-03-18T00:54:55.881 INFO:teuthology.orchestra.run.smithi017.stdout:/usr/bin/ceph: stderr
2024-03-18T00:54:54.598+0000 7f94617fa700 1 -- 172.21.15.17:0/2443871170 <== mon.0 v2:172.21.15.17:3300/0 2 ==== config(28 keys) ==== 1171+0+0 (secure 0 0 0) 0x7f9454003b20 con 0x7f9464107de0
2024-03-18T00:54:55.881 INFO:teuthology.orchestra.run.smithi017.stdout:/usr/bin/ceph: stderr
2024-03-18T00:54:54.598+0000 7f94617fa700 1 -- 172.21.15.17:0/2443871170 <== mon.0 v2:172.21.15.17:3300/0 3 ==== mon_map magic: 0 ==== 205+0+0 (secure 0 0 0) 0x7f9454024760 con 0x7f9464107de0
2024-03-18T00:54:55.881 INFO:teuthology.orchestra.run.smithi017.stdout:/usr/bin/ceph: stderr
2024-03-18T00:54:54.598+0000 7f946a391700 1 -- 172.21.15.17:0/2443871170 --> [v2:172.21.15.17:3300/0,v1:172.21.15.17:6789/0] -- mon_subscribe({osdmap=0}) -- 0x7f946407c780 con 0x7f9464107de0
2024-03-18T00:54:55.881 INFO:teuthology.orchestra.run.smithi017.stdout:/usr/bin/ceph: stderr
2024-03-18T00:54:54.599+0000 7f94617fa700 1 -- 172.21.15.17:0/2443871170 <== mon.0 v2:172.21.15.17:3300/0 4 ==== mgrmap(e 13) ==== 46162+0+0 (secure 0 0 0) 0x7f9454022020 con 0x7f9464107de0
2024-03-18T00:54:55.881 INFO:teuthology.orchestra.run.smithi017.stdout:/usr/bin/ceph: stderr
2024-03-18T00:54:54.599+0000 7f946a391700 1 -- 172.21.15.17:0/2443871170 --> [v2:172.21.15.17:3300/0,v1:172.21.15.17:6789/0] -- mon_command({"prefix": "get_command_descriptions"} v 0) -- 0x7f9464063900 con 0x7f9464107de0
2024-03-18T00:54:55.881 INFO:teuthology.orchestra.run.smithi017.stdout:/usr/bin/ceph: stderr
2024-03-18T00:54:54.599+0000 7f94617fa700 1 --2- 172.21.15.17:0/2443871170 >> [v2:172.21.15.17:6800/1728369777,v1:172.21.15.17:6801/1728369777] conn(0x7f944c039010 0x7f944c03b4d0 unknown :-1 s=NONE pgs=0 cs=0 l=1 rev1=0 crypto rx=0 tx=0 comp rx=0 tx=0).connect
2024-03-18T00:54:55.881 INFO:teuthology.orchestra.run.smithi017.stdout:/usr/bin/ceph: stderr
2024-03-18T00:54:54.599+0000 7f94617fa700 1 -- 172.21.15.17:0/2443871170 <== mon.0 v2:172.21.15.17:3300/0 5 ==== osd_map(3..3 src has 1..3) ==== 1155+0+0 (secure 0 0 0) 0x7f945404ced0 con 0x7f9464107de0
2024-03-18T00:54:55.881 INFO:teuthology.orchestra.run.smithi017.stdout:/usr/bin/ceph: stderr
2024-03-18T00:54:54.599+0000 7f94637fe700 1 --2- 172.21.15.17:0/2443871170 >> [v2:172.21.15.17:6800/1728369777,v1:172.21.15.17:6801/1728369777] conn(0x7f944c039010 0x7f944c03b4d0 unknown :-1 s=BANNER_CONNECTING pgs=0 cs=0 l=1 rev1=0 crypto rx=0 tx=0 comp rx=0 tx=0)._handle_peer_banner_payload supported=3 required=0
2024-03-18T00:54:55.881 INFO:teuthology.orchestra.run.smithi017.stdout:/usr/bin/ceph: stderr
2024-03-18T00:54:54.599+0000 7f94637fe700 1 --2- 172.21.15.17:0/2443871170 >> [v2:172.21.15.17:6800/1728369777,v1:172.21.15.17:6801/1728369777] conn(0x7f944c039010 0x7f944c03b4d0 secure :-1 s=READY pgs=10 cs=0 l=1 rev1=1 crypto rx=0x7f9458006fd0 tx=0x7f9458006e40 comp rx=0 tx=0).ready entity=mgr.14152 client_cookie=0 server_cookie=0 in_seq=0 out_seq=0
2024-03-18T00:54:55.882 INFO:teuthology.orchestra.run.smithi017.stdout:/usr/bin/ceph: stderr
2024-03-18T00:54:54.604+0000 7f94617fa700 1 -- 172.21.15.17:0/2443871170 <== mon.0 v2:172.21.15.17:3300/0 6 ==== mon_command_ack([{"prefix": "get_command_descriptions"}]=0 v0) ==== 72+0+186149 (secure 0 0 0) 0x7f945401a7b0 con 0x7f9464107de0
2024-03-18T00:54:55.882 INFO:teuthology.orchestra.run.smithi017.stdout:/usr/bin/ceph: stderr
2024-03-18T00:54:54.814+0000 7f946a391700 1 -- 172.21.15.17:0/2443871170 --> [v2:172.21.15.17:3300/0,v1:172.21.15.17:6789/0] -- mon_command([{prefix=config set, name=osd_memory_target_autotune}] v 0) -- 0x7f946407ca00 con 0x7f9464107de0
2024-03-18T00:54:55.882 INFO:teuthology.orchestra.run.smithi017.stdout:/usr/bin/ceph: stderr
2024-03-18T00:54:54.815+0000 7f94617fa700 1 -- 172.21.15.17:0/2443871170 <== mon.0 v2:172.21.15.17:3300/0 7 ==== mon_command_ack([{prefix=config set, name=osd_memory_target_autotune}]=0 v8)=0 v8) ==== 127+0+0 (secure 0 0 0) 0x7f945401ab50 con 0x7f9464107de0
2024-03-18T00:54:55.882 INFO:teuthology.orchestra.run.smithi017.stdout:/usr/bin/ceph: stderr
2024-03-18T00:54:54.817+0000 7f946a391700 1 -- 172.21.15.17:0/2443871170 >> [v2:172.21.15.17:6800/1728369777,v1:172.21.15.17:6801/1728369777] conn(0x7f944c039010 msgr2=0x7f944c03b4d0 secure :-1 s=STATE_CONNECTION_ESTABLISHED l=1).mark_down
2024-03-18T00:54:55.882 INFO:teuthology.orchestra.run.smithi017.stdout:/usr/bin/ceph: stderr
2024-03-18T00:54:54.817+0000 7f946a391700 1 --2- 172.21.15.17:0/2443871170 >> [v2:172.21.15.17:6800/1728369777,v1:172.21.15.17:6801/1728369777] conn(0x7f944c039010 0x7f944c03b4d0 secure :-1 s=READY pgs=10 cs=0 l=1 rev1=1 crypto rx=0x7f9458006fd0 tx=0x7f9458006e40 comp rx=0 tx=0).stop
2024-03-18T00:54:55.882 INFO:teuthology.orchestra.run.smithi017.stdout:/usr/bin/ceph: stderr
2024-03-18T00:54:54.817+0000 7f946a391700 1 -- 172.21.15.17:0/2443871170 >> [v2:172.21.15.17:3300/0,v1:172.21.15.17:6789/0] conn(0x7f9464107de0 msgr2=0x7f946407db10 secure :-1 s=STATE_CONNECTION_ESTABLISHED l=1).mark_down
2024-03-18T00:54:55.882 INFO:teuthology.orchestra.run.smithi017.stdout:/usr/bin/ceph: stderr
2024-03-18T00:54:54.817+0000 7f946a391700 1 --2- 172.21.15.17:0/2443871170 >> [v2:172.21.15.17:3300/0,v1:172.21.15.17:6789/0] conn(0x7f9464107de0 0x7f946407db10 secure :-1 s=READY pgs=77 cs=0 l=1 rev1=1 crypto rx=0x7f9454000c00 tx=0x7f9454011c70 comp rx=0 tx=0).stop
2024-03-18T00:54:55.882 INFO:teuthology.orchestra.run.smithi017.stdout:/usr/bin/ceph: stderr
2024-03-18T00:54:54.817+0000 7f946a391700 1 -- 172.21.15.17:0/2443871170 shutdown_connections
2024-03-18T00:54:55.882 INFO:teuthology.orchestra.run.smithi017.stdout:/usr/bin/ceph: stderr
2024-03-18T00:54:54.817+0000 7f946a391700 1 --2- 172.21.15.17:0/2443871170 >> [v2:172.21.15.17:6800/1728369777,v1:172.21.15.17:6801/1728369777] conn(0x7f944c039010 0x7f944c03b4d0 unknown :-1 s=CLOSED pgs=10 cs=0 l=1 rev1=1 crypto rx=0 tx=0 comp rx=0 tx=0).stop
2024-03-18T00:54:55.883 INFO:teuthology.orchestra.run.smithi017.stdout:/usr/bin/ceph: stderr
2024-03-18T00:54:54.817+0000 7f946a391700 1 --2- 172.21.15.17:0/2443871170 >> [v2:172.21.15.17:3300/0,v1:172.21.15.17:6789/0] conn(0x7f9464107de0 0x7f946407db10 unknown :-1 s=CLOSED pgs=77 cs=0 l=1 rev1=1 crypto rx=0 tx=0 comp rx=0 tx=0).stop
2024-03-18T00:54:55.883 INFO:teuthology.orchestra.run.smithi017.stdout:/usr/bin/ceph: stderr
2024-03-18T00:54:54.817+0000 7f946a391700 1 -- 172.21.15.17:0/2443871170 >> 172.21.15.17:0/2443871170 conn(0x7f94641033c0 msgr2=0x7f9464103f70 unknown :-1 s=STATE_NONE l=0).mark_down
2024-03-18T00:54:55.883 INFO:teuthology.orchestra.run.smithi017.stdout:/usr/bin/ceph: stderr
2024-03-18T00:54:54.817+0000 7f946a391700 1 -- 172.21.15.17:0/2443871170 shutdown_connections
2024-03-18T00:54:55.883 INFO:teuthology.orchestra.run.smithi017.stdout:/usr/bin/ceph: stderr
2024-03-18T00:54:54.817+0000 7f946a391700 1 -- 172.21.15.17:0/2443871170 wait complete.
2024-03-18T00:54:57.512 INFO:teuthology.orchestra.run.smithi017.stdout:/usr/bin/ceph: stderr
2024-03-18T00:54:56.630+0000 7ff9adc88700 1 Processor -- start
2024-03-18T00:54:57.513 INFO:teuthology.orchestra.run.smithi017.stdout:/usr/bin/ceph: stderr
2024-03-18T00:54:56.630+0000 7ff9adc88700 1 -- start start
2024-03-18T00:54:57.513 INFO:teuthology.orchestra.run.smithi017.stdout:/usr/bin/ceph: stderr
2024-03-18T00:54:56.630+0000 7ff9adc88700 1 --2- >> [v2:172.21.15.17:3300/0,v1:172.21.15.17:6789/0] conn(0x7ff9a807cd30 0x7ff9a807b190 unknown :-1 s=NONE pgs=0 cs=0 l=0 rev1=0 crypto rx=0 tx=0 comp rx=0 tx=0).connect
2024-03-18T00:54:57.513 INFO:teuthology.orchestra.run.smithi017.stdout:/usr/bin/ceph: stderr
2024-03-18T00:54:56.630+0000 7ff9adc88700 1 -- --> [v2:172.21.15.17:3300/0,v1:172.21.15.17:6789/0] -- mon_getmap magic: 0 -- 0x7ff9a807b760 con 0x7ff9a807cd30
2024-03-18T00:54:57.513 INFO:teuthology.orchestra.run.smithi017.stdout:/usr/bin/ceph: stderr
2024-03-18T00:54:56.630+0000 7ff9a77fe700 1 --2- >> [v2:172.21.15.17:3300/0,v1:172.21.15.17:6789/0] conn(0x7ff9a807cd30 0x7ff9a807b190 unknown :-1 s=BANNER_CONNECTING pgs=0 cs=0 l=0 rev1=0 crypto rx=0 tx=0 comp rx=0 tx=0)._handle_peer_banner_payload supported=3 required=0
2024-03-18T00:54:57.513 INFO:teuthology.orchestra.run.smithi017.stdout:/usr/bin/ceph: stderr
2024-03-18T00:54:56.630+0000 7ff9a77fe700 1 --2- >> [v2:172.21.15.17:3300/0,v1:172.21.15.17:6789/0] conn(0x7ff9a807cd30 0x7ff9a807b190 unknown :-1 s=HELLO_CONNECTING pgs=0 cs=0 l=0 rev1=1 crypto rx=0 tx=0 comp rx=0 tx=0).handle_hello peer v2:172.21.15.17:3300/0 says I am v2:172.21.15.17:46580/0 (socket says 172.21.15.17:46580)
2024-03-18T00:54:57.513 INFO:teuthology.orchestra.run.smithi017.stdout:/usr/bin/ceph: stderr
2024-03-18T00:54:56.630+0000 7ff9a77fe700 1 -- 172.21.15.17:0/2126285359 learned_addr learned my addr 172.21.15.17:0/2126285359 (peer_addr_for_me v2:172.21.15.17:0/0)
2024-03-18T00:54:57.513 INFO:teuthology.orchestra.run.smithi017.stdout:/usr/bin/ceph: stderr
2024-03-18T00:54:56.630+0000 7ff9a77fe700 1 -- 172.21.15.17:0/2126285359 --> [v2:172.21.15.17:3300/0,v1:172.21.15.17:6789/0] -- mon_subscribe({config=0+,monmap=0+}) -- 0x7ff9a807b8e0 con 0x7ff9a807cd30
2024-03-18T00:54:57.513 INFO:teuthology.orchestra.run.smithi017.stdout:/usr/bin/ceph: stderr
2024-03-18T00:54:56.630+0000 7ff9a77fe700 1 --2- 172.21.15.17:0/2126285359 >> [v2:172.21.15.17:3300/0,v1:172.21.15.17:6789/0] conn(0x7ff9a807cd30 0x7ff9a807b190 secure :-1 s=READY pgs=78 cs=0 l=1 rev1=1 crypto rx=0x7ff9980098a0 tx=0x7ff998009bb0 comp rx=0 tx=0).ready entity=mon.0 client_cookie=a071a9948aa4b431 server_cookie=0 in_seq=0 out_seq=0
2024-03-18T00:54:57.513 INFO:teuthology.orchestra.run.smithi017.stdout:/usr/bin/ceph: stderr
2024-03-18T00:54:56.631+0000 7ff9a67fc700 1 -- 172.21.15.17:0/2126285359 <== mon.0 v2:172.21.15.17:3300/0 1 ==== mon_map magic: 0 ==== 205+0+0 (secure 0 0 0) 0x7ff998004160 con 0x7ff9a807cd30
2024-03-18T00:54:57.513 INFO:teuthology.orchestra.run.smithi017.stdout:/usr/bin/ceph: stderr
2024-03-18T00:54:56.631+0000 7ff9a67fc700 1 -- 172.21.15.17:0/2126285359 <== mon.0 v2:172.21.15.17:3300/0 2 ==== config(28 keys) ==== 1171+0+0 (secure 0 0 0) 0x7ff998004300 con 0x7ff9a807cd30
2024-03-18T00:54:57.513 INFO:teuthology.orchestra.run.smithi017.stdout:/usr/bin/ceph: stderr
2024-03-18T00:54:56.631+0000 7ff9a67fc700 1 -- 172.21.15.17:0/2126285359 <== mon.0 v2:172.21.15.17:3300/0 3 ==== mon_map magic: 0 ==== 205+0+0 (secure 0 0 0) 0x7ff998011bb0 con 0x7ff9a807cd30
2024-03-18T00:54:57.514 INFO:teuthology.orchestra.run.smithi017.stdout:/usr/bin/ceph: stderr
2024-03-18T00:54:56.631+0000 7ff9adc88700 1 -- 172.21.15.17:0/2126285359 >> [v2:172.21.15.17:3300/0,v1:172.21.15.17:6789/0] conn(0x7ff9a807cd30 msgr2=0x7ff9a807b190 secure :-1 s=STATE_CONNECTION_ESTABLISHED l=1).mark_down
2024-03-18T00:54:57.514 INFO:teuthology.orchestra.run.smithi017.stdout:/usr/bin/ceph: stderr
2024-03-18T00:54:56.631+0000 7ff9adc88700 1 --2- 172.21.15.17:0/2126285359 >> [v2:172.21.15.17:3300/0,v1:172.21.15.17:6789/0] conn(0x7ff9a807cd30 0x7ff9a807b190 secure :-1 s=READY pgs=78 cs=0 l=1 rev1=1 crypto rx=0x7ff9980098a0 tx=0x7ff998009bb0 comp rx=0 tx=0).stop
2024-03-18T00:54:57.514 INFO:teuthology.orchestra.run.smithi017.stdout:/usr/bin/ceph: stderr
2024-03-18T00:54:56.631+0000 7ff9adc88700 1 -- 172.21.15.17:0/2126285359 shutdown_connections
2024-03-18T00:54:57.514 INFO:teuthology.orchestra.run.smithi017.stdout:/usr/bin/ceph: stderr
2024-03-18T00:54:56.631+0000 7ff9adc88700 1 --2- 172.21.15.17:0/2126285359 >> [v2:172.21.15.17:3300/0,v1:172.21.15.17:6789/0] conn(0x7ff9a807cd30 0x7ff9a807b190 unknown :-1 s=CLOSED pgs=78 cs=0 l=1 rev1=1 crypto rx=0 tx=0 comp rx=0 tx=0).stop
2024-03-18T00:54:57.514 INFO:teuthology.orchestra.run.smithi017.stdout:/usr/bin/ceph: stderr
2024-03-18T00:54:56.631+0000 7ff9adc88700 1 -- 172.21.15.17:0/2126285359 >> 172.21.15.17:0/2126285359 conn(0x7ff9a81033e0 msgr2=0x7ff9a8105820 unknown :-1 s=STATE_NONE l=0).mark_down
2024-03-18T00:54:57.514 INFO:teuthology.orchestra.run.smithi017.stdout:/usr/bin/ceph: stderr
2024-03-18T00:54:56.631+0000 7ff9adc88700 1 -- 172.21.15.17:0/2126285359 shutdown_connections
2024-03-18T00:54:57.514 INFO:teuthology.orchestra.run.smithi017.stdout:/usr/bin/ceph: stderr
2024-03-18T00:54:56.631+0000 7ff9adc88700 1 -- 172.21.15.17:0/2126285359 wait complete.
2024-03-18T00:54:57.514 INFO:teuthology.orchestra.run.smithi017.stdout:/usr/bin/ceph: stderr
2024-03-18T00:54:56.632+0000 7ff9adc88700 1 Processor -- start
2024-03-18T00:54:57.514 INFO:teuthology.orchestra.run.smithi017.stdout:/usr/bin/ceph: stderr
2024-03-18T00:54:56.632+0000 7ff9adc88700 1 -- start start
2024-03-18T00:54:57.514 INFO:teuthology.orchestra.run.smithi017.stdout:/usr/bin/ceph: stderr
2024-03-18T00:54:56.632+0000 7ff9adc88700 1 --2- >> [v2:172.21.15.17:3300/0,v1:172.21.15.17:6789/0] conn(0x7ff9a807cd30 0x7ff9a819e050 unknown :-1 s=NONE pgs=0 cs=0 l=1 rev1=0 crypto rx=0 tx=0 comp rx=0 tx=0).connect
2024-03-18T00:54:57.515 INFO:teuthology.orchestra.run.smithi017.stdout:/usr/bin/ceph: stderr
2024-03-18T00:54:56.632+0000 7ff9adc88700 1 -- --> [v2:172.21.15.17:3300/0,v1:172.21.15.17:6789/0] -- mon_getmap magic: 0 -- 0x7ff9a810e500 con 0x7ff9a807cd30
2024-03-18T00:54:57.515 INFO:teuthology.orchestra.run.smithi017.stdout:/usr/bin/ceph: stderr
2024-03-18T00:54:56.632+0000 7ff9a77fe700 1 --2- >> [v2:172.21.15.17:3300/0,v1:172.21.15.17:6789/0] conn(0x7ff9a807cd30 0x7ff9a819e050 unknown :-1 s=BANNER_CONNECTING pgs=0 cs=0 l=1 rev1=0 crypto rx=0 tx=0 comp rx=0 tx=0)._handle_peer_banner_payload supported=3 required=0
2024-03-18T00:54:57.515 INFO:teuthology.orchestra.run.smithi017.stdout:/usr/bin/ceph: stderr
2024-03-18T00:54:56.632+0000 7ff9a77fe700 1 --2- >> [v2:172.21.15.17:3300/0,v1:172.21.15.17:6789/0] conn(0x7ff9a807cd30 0x7ff9a819e050 unknown :-1 s=HELLO_CONNECTING pgs=0 cs=0 l=1 rev1=1 crypto rx=0 tx=0 comp rx=0 tx=0).handle_hello peer v2:172.21.15.17:3300/0 says I am v2:172.21.15.17:46588/0 (socket says 172.21.15.17:46588)
2024-03-18T00:54:57.515 INFO:teuthology.orchestra.run.smithi017.stdout:/usr/bin/ceph: stderr
2024-03-18T00:54:56.632+0000 7ff9a77fe700 1 -- 172.21.15.17:0/3170844742 learned_addr learned my addr 172.21.15.17:0/3170844742 (peer_addr_for_me v2:172.21.15.17:0/0)
2024-03-18T00:54:57.515 INFO:teuthology.orchestra.run.smithi017.stdout:/usr/bin/ceph: stderr
2024-03-18T00:54:56.633+0000 7ff9a77fe700 1 -- 172.21.15.17:0/3170844742 --> [v2:172.21.15.17:3300/0,v1:172.21.15.17:6789/0] -- mon_subscribe({config=0+,monmap=0+}) -- 0x7ff9a819e590 con 0x7ff9a807cd30
2024-03-18T00:54:57.515 INFO:teuthology.orchestra.run.smithi017.stdout:/usr/bin/ceph: stderr
2024-03-18T00:54:56.633+0000 7ff9a77fe700 1 --2- 172.21.15.17:0/3170844742 >> [v2:172.21.15.17:3300/0,v1:172.21.15.17:6789/0] conn(0x7ff9a807cd30 0x7ff9a819e050 secure :-1 s=READY pgs=79 cs=0 l=1 rev1=1 crypto rx=0x7ff998000c00 tx=0x7ff998011c70 comp rx=0 tx=0).ready entity=mon.0 client_cookie=0 server_cookie=0 in_seq=0 out_seq=0
2024-03-18T00:54:57.515 INFO:teuthology.orchestra.run.smithi017.stdout:/usr/bin/ceph: stderr
2024-03-18T00:54:56.633+0000 7ff9a4ff9700 1 -- 172.21.15.17:0/3170844742 <== mon.0 v2:172.21.15.17:3300/0 1 ==== mon_map magic: 0 ==== 205+0+0 (secure 0 0 0) 0x7ff998011e60 con 0x7ff9a807cd30
2024-03-18T00:54:57.515 INFO:teuthology.orchestra.run.smithi017.stdout:/usr/bin/ceph: stderr
2024-03-18T00:54:56.633+0000 7ff9a4ff9700 1 -- 172.21.15.17:0/3170844742 <== mon.0 v2:172.21.15.17:3300/0 2 ==== config(28 keys) ==== 1171+0+0 (secure 0 0 0) 0x7ff998003b20 con 0x7ff9a807cd30
2024-03-18T00:54:57.515 INFO:teuthology.orchestra.run.smithi017.stdout:/usr/bin/ceph: stderr
2024-03-18T00:54:56.633+0000 7ff9adc88700 1 -- 172.21.15.17:0/3170844742 --> [v2:172.21.15.17:3300/0,v1:172.21.15.17:6789/0] -- mon_subscribe({mgrmap=0+}) -- 0x7ff9a819e820 con 0x7ff9a807cd30
2024-03-18T00:54:57.515 INFO:teuthology.orchestra.run.smithi017.stdout:/usr/bin/ceph: stderr
2024-03-18T00:54:56.633+0000 7ff9a4ff9700 1 -- 172.21.15.17:0/3170844742 <== mon.0 v2:172.21.15.17:3300/0 3 ==== mon_map magic: 0 ==== 205+0+0 (secure 0 0 0) 0x7ff9980247d0 con 0x7ff9a807cd30
2024-03-18T00:54:57.515 INFO:teuthology.orchestra.run.smithi017.stdout:/usr/bin/ceph: stderr
2024-03-18T00:54:56.633+0000 7ff9adc88700 1 -- 172.21.15.17:0/3170844742 --> [v2:172.21.15.17:3300/0,v1:172.21.15.17:6789/0] -- mon_subscribe({osdmap=0}) -- 0x7ff9a81a1510 con 0x7ff9a807cd30
2024-03-18T00:54:57.515 INFO:teuthology.orchestra.run.smithi017.stdout:/usr/bin/ceph: stderr
2024-03-18T00:54:56.634+0000 7ff9a4ff9700 1 -- 172.21.15.17:0/3170844742 <== mon.0 v2:172.21.15.17:3300/0 4 ==== mgrmap(e 13) ==== 46162+0+0 (secure 0 0 0) 0x7ff998022020 con 0x7ff9a807cd30
2024-03-18T00:54:57.515 INFO:teuthology.orchestra.run.smithi017.stdout:/usr/bin/ceph: stderr
2024-03-18T00:54:56.634+0000 7ff9adc88700 1 -- 172.21.15.17:0/3170844742 --> [v2:172.21.15.17:3300/0,v1:172.21.15.17:6789/0] -- mon_command({"prefix": "get_command_descriptions"} v 0) -- 0x7ff9a8063900 con 0x7ff9a807cd30
2024-03-18T00:54:57.515 INFO:teuthology.orchestra.run.smithi017.stdout:/usr/bin/ceph: stderr
2024-03-18T00:54:56.634+0000 7ff9a4ff9700 1 --2- 172.21.15.17:0/3170844742 >> [v2:172.21.15.17:6800/1728369777,v1:172.21.15.17:6801/1728369777] conn(0x7ff990039070 0x7ff99003b530 unknown :-1 s=NONE pgs=0 cs=0 l=1 rev1=0 crypto rx=0 tx=0 comp rx=0 tx=0).connect
2024-03-18T00:54:57.515 INFO:teuthology.orchestra.run.smithi017.stdout:/usr/bin/ceph: stderr
2024-03-18T00:54:56.634+0000 7ff9a4ff9700 1 -- 172.21.15.17:0/3170844742 <== mon.0 v2:172.21.15.17:3300/0 5 ==== osd_map(3..3 src has 1..3) ==== 1155+0+0 (secure 0 0 0) 0x7ff99804d120 con 0x7ff9a807cd30
2024-03-18T00:54:57.516 INFO:teuthology.orchestra.run.smithi017.stdout:/usr/bin/ceph: stderr
2024-03-18T00:54:56.634+0000 7ff9a6ffd700 1 --2- 172.21.15.17:0/3170844742 >> [v2:172.21.15.17:6800/1728369777,v1:172.21.15.17:6801/1728369777] conn(0x7ff990039070 0x7ff99003b530 unknown :-1 s=BANNER_CONNECTING pgs=0 cs=0 l=1 rev1=0 crypto rx=0 tx=0 comp rx=0 tx=0)._handle_peer_banner_payload supported=3 required=0
2024-03-18T00:54:57.516 INFO:teuthology.orchestra.run.smithi017.stdout:/usr/bin/ceph: stderr
2024-03-18T00:54:56.635+0000 7ff9a6ffd700 1 --2- 172.21.15.17:0/3170844742 >> [v2:172.21.15.17:6800/1728369777,v1:172.21.15.17:6801/1728369777] conn(0x7ff990039070 0x7ff99003b530 secure :-1 s=READY pgs=11 cs=0 l=1 rev1=1 crypto rx=0x7ff99c006fd0 tx=0x7ff99c006e40 comp rx=0 tx=0).ready entity=mgr.14152 client_cookie=0 server_cookie=0 in_seq=0 out_seq=0
2024-03-18T00:54:57.516 INFO:teuthology.orchestra.run.smithi017.stdout:/usr/bin/ceph: stderr
2024-03-18T00:54:56.640+0000 7ff9a4ff9700 1 -- 172.21.15.17:0/3170844742 <== mon.0 v2:172.21.15.17:3300/0 6 ==== mon_command_ack([{"prefix": "get_command_descriptions"}]=0 v0) ==== 72+0+186149 (secure 0 0 0) 0x7ff99800b5a0 con 0x7ff9a807cd30
2024-03-18T00:54:57.516 INFO:teuthology.orchestra.run.smithi017.stdout:/usr/bin/ceph: stderr
2024-03-18T00:54:56.961+0000 7ff9adc88700 1 -- 172.21.15.17:0/3170844742 --> [v2:172.21.15.17:3300/0,v1:172.21.15.17:6789/0] -- mon_command([{prefix=config-key set, key=mgr/dashboard/cluster/status}] v 0) -- 0x7ff9a81a1ac0 con 0x7ff9a807cd30
2024-03-18T00:54:57.516 INFO:teuthology.orchestra.run.smithi017.stdout:/usr/bin/ceph: stderr
2024-03-18T00:54:56.963+0000 7ff9a4ff9700 1 -- 172.21.15.17:0/3170844742 <== mon.0 v2:172.21.15.17:3300/0 7 ==== mon_command_ack([{prefix=config-key set, key=mgr/dashboard/cluster/status}]=0 set mgr/dashboard/cluster/status v26)=0 set mgr/dashboard/cluster/status v26) ==== 153+0+0 (secure 0 0 0) 0x7ff998029210 con 0x7ff9a807cd30
2024-03-18T00:54:57.516 INFO:teuthology.orchestra.run.smithi017.stdout:/usr/bin/ceph: stderr
2024-03-18T00:54:56.965+0000 7ff9adc88700 1 -- 172.21.15.17:0/3170844742 >> [v2:172.21.15.17:6800/1728369777,v1:172.21.15.17:6801/1728369777] conn(0x7ff990039070 msgr2=0x7ff99003b530 secure :-1 s=STATE_CONNECTION_ESTABLISHED l=1).mark_down
2024-03-18T00:54:57.516 INFO:teuthology.orchestra.run.smithi017.stdout:/usr/bin/ceph: stderr
2024-03-18T00:54:56.965+0000 7ff9adc88700 1 --2- 172.21.15.17:0/3170844742 >> [v2:172.21.15.17:6800/1728369777,v1:172.21.15.17:6801/1728369777] conn(0x7ff990039070 0x7ff99003b530 secure :-1 s=READY pgs=11 cs=0 l=1 rev1=1 crypto rx=0x7ff99c006fd0 tx=0x7ff99c006e40 comp rx=0 tx=0).stop
2024-03-18T00:54:57.516 INFO:teuthology.orchestra.run.smithi017.stdout:/usr/bin/ceph: stderr
2024-03-18T00:54:56.965+0000 7ff9adc88700 1 -- 172.21.15.17:0/3170844742 >> [v2:172.21.15.17:3300/0,v1:172.21.15.17:6789/0] conn(0x7ff9a807cd30 msgr2=0x7ff9a819e050 secure :-1 s=STATE_CONNECTION_ESTABLISHED l=1).mark_down
