2024-03-18T01:11:38.961 INFO:teuthology.orchestra.run.smithi029.stdout:/usr/bin/ceph: stderr
2024-03-18T01:11:37.979+0000 7f8365529700 1 -- 172.21.15.29:0/2262342084 learned_addr learned my addr 172.21.15.29:0/2262342084 (peer_addr_for_me v2:172.21.15.29:0/0)
2024-03-18T01:11:38.961 INFO:teuthology.orchestra.run.smithi029.stdout:/usr/bin/ceph: stderr
2024-03-18T01:11:37.979+0000 7f8365529700 1 -- 172.21.15.29:0/2262342084 --> [v2:172.21.15.29:3300/0,v1:172.21.15.29:6789/0] -- mon_subscribe({config=0+,monmap=0+}) v3 -- 0x7f8360107d70 con 0x7f8360076b30
2024-03-18T01:11:38.961 INFO:teuthology.orchestra.run.smithi029.stdout:/usr/bin/ceph: stderr
2024-03-18T01:11:37.979+0000 7f8365529700 1 --2- 172.21.15.29:0/2262342084 >> [v2:172.21.15.29:3300/0,v1:172.21.15.29:6789/0] conn(0x7f8360076b30 0x7f8360107830 secure :-1 s=READY pgs=43 cs=0 l=1 rev1=1 crypto rx=0x7f83500098e0 tx=0x7f8350009250 comp rx=0 tx=0).ready entity=mon.0 client_cookie=c4e5bf2cfb40a477 server_cookie=0 in_seq=0 out_seq=0
2024-03-18T01:11:38.961 INFO:teuthology.orchestra.run.smithi029.stdout:/usr/bin/ceph: stderr
2024-03-18T01:11:37.980+0000 7f8357fff700 1 -- 172.21.15.29:0/2262342084 <== mon.0 v2:172.21.15.29:3300/0 1 ==== mon_map magic: 0 v1 ==== 229+0+0 (secure 0 0 0) 0x7f835000b860 con 0x7f8360076b30
2024-03-18T01:11:38.961 INFO:teuthology.orchestra.run.smithi029.stdout:/usr/bin/ceph: stderr
2024-03-18T01:11:37.980+0000 7f8357fff700 1 -- 172.21.15.29:0/2262342084 <== mon.0 v2:172.21.15.29:3300/0 2 ==== config(27 keys) v1 ==== 1044+0+0 (secure 0 0 0) 0x7f835000be50 con 0x7f8360076b30
2024-03-18T01:11:38.961 INFO:teuthology.orchestra.run.smithi029.stdout:/usr/bin/ceph: stderr
2024-03-18T01:11:37.980+0000 7f8357fff700 1 -- 172.21.15.29:0/2262342084 <== mon.0 v2:172.21.15.29:3300/0 3 ==== mon_map magic: 0 v1 ==== 229+0+0 (secure 0 0 0) 0x7f8350010380 con 0x7f8360076b30
2024-03-18T01:11:38.961 INFO:teuthology.orchestra.run.smithi029.stdout:/usr/bin/ceph: stderr
2024-03-18T01:11:37.980+0000 7f836778d700 1 -- 172.21.15.29:0/2262342084 >> [v2:172.21.15.29:3300/0,v1:172.21.15.29:6789/0] conn(0x7f8360076b30 msgr2=0x7f8360107830 secure :-1 s=STATE_CONNECTION_ESTABLISHED l=1).mark_down
2024-03-18T01:11:38.961 INFO:teuthology.orchestra.run.smithi029.stdout:/usr/bin/ceph: stderr
2024-03-18T01:11:37.980+0000 7f836778d700 1 --2- 172.21.15.29:0/2262342084 >> [v2:172.21.15.29:3300/0,v1:172.21.15.29:6789/0] conn(0x7f8360076b30 0x7f8360107830 secure :-1 s=READY pgs=43 cs=0 l=1 rev1=1 crypto rx=0x7f83500098e0 tx=0x7f8350009250 comp rx=0 tx=0).stop
2024-03-18T01:11:38.961 INFO:teuthology.orchestra.run.smithi029.stdout:/usr/bin/ceph: stderr
2024-03-18T01:11:37.980+0000 7f836778d700 1 -- 172.21.15.29:0/2262342084 shutdown_connections
2024-03-18T01:11:38.961 INFO:teuthology.orchestra.run.smithi029.stdout:/usr/bin/ceph: stderr
2024-03-18T01:11:37.980+0000 7f836778d700 1 --2- 172.21.15.29:0/2262342084 >> [v2:172.21.15.29:3300/0,v1:172.21.15.29:6789/0] conn(0x7f8360076b30 0x7f8360107830 unknown :-1 s=CLOSED pgs=43 cs=0 l=1 rev1=1 crypto rx=0 tx=0 comp rx=0 tx=0).stop
2024-03-18T01:11:38.961 INFO:teuthology.orchestra.run.smithi029.stdout:/usr/bin/ceph: stderr
2024-03-18T01:11:37.980+0000 7f836778d700 1 -- 172.21.15.29:0/2262342084 >> 172.21.15.29:0/2262342084 conn(0x7f83600fce40 msgr2=0x7f83600ff270 unknown :-1 s=STATE_NONE l=0).mark_down
2024-03-18T01:11:38.961 INFO:teuthology.orchestra.run.smithi029.stdout:/usr/bin/ceph: stderr
2024-03-18T01:11:37.980+0000 7f836778d700 1 -- 172.21.15.29:0/2262342084 shutdown_connections
2024-03-18T01:11:38.962 INFO:teuthology.orchestra.run.smithi029.stdout:/usr/bin/ceph: stderr
2024-03-18T01:11:37.980+0000 7f836778d700 1 -- 172.21.15.29:0/2262342084 wait complete.
2024-03-18T01:11:38.962 INFO:teuthology.orchestra.run.smithi029.stdout:/usr/bin/ceph: stderr
2024-03-18T01:11:37.981+0000 7f836778d700 1 Processor -- start
2024-03-18T01:11:38.962 INFO:teuthology.orchestra.run.smithi029.stdout:/usr/bin/ceph: stderr
2024-03-18T01:11:37.981+0000 7f836778d700 1 -- start start
2024-03-18T01:11:38.962 INFO:teuthology.orchestra.run.smithi029.stdout:/usr/bin/ceph: stderr
2024-03-18T01:11:37.981+0000 7f836778d700 1 --2- >> [v2:172.21.15.29:3300/0,v1:172.21.15.29:6789/0] conn(0x7f8360076b30 0x7f83601137d0 unknown :-1 s=NONE pgs=0 cs=0 l=1 rev1=0 crypto rx=0 tx=0 comp rx=0 tx=0).connect
2024-03-18T01:11:38.962 INFO:teuthology.orchestra.run.smithi029.stdout:/usr/bin/ceph: stderr
2024-03-18T01:11:37.981+0000 7f836778d700 1 -- --> [v2:172.21.15.29:3300/0,v1:172.21.15.29:6789/0] -- mon_getmap magic: 0 v1 -- 0x7f8360113d10 con 0x7f8360076b30
2024-03-18T01:11:38.962 INFO:teuthology.orchestra.run.smithi029.stdout:/usr/bin/ceph: stderr
2024-03-18T01:11:37.981+0000 7f8365529700 1 --2- >> [v2:172.21.15.29:3300/0,v1:172.21.15.29:6789/0] conn(0x7f8360076b30 0x7f83601137d0 unknown :-1 s=BANNER_CONNECTING pgs=0 cs=0 l=1 rev1=0 crypto rx=0 tx=0 comp rx=0 tx=0)._handle_peer_banner_payload supported=3 required=0
2024-03-18T01:11:38.962 INFO:teuthology.orchestra.run.smithi029.stdout:/usr/bin/ceph: stderr
2024-03-18T01:11:37.981+0000 7f8365529700 1 --2- >> [v2:172.21.15.29:3300/0,v1:172.21.15.29:6789/0] conn(0x7f8360076b30 0x7f83601137d0 unknown :-1 s=HELLO_CONNECTING pgs=0 cs=0 l=1 rev1=1 crypto rx=0 tx=0 comp rx=0 tx=0).handle_hello peer v2:172.21.15.29:3300/0 says I am v2:172.21.15.29:60212/0 (socket says 172.21.15.29:60212)
2024-03-18T01:11:38.962 INFO:teuthology.orchestra.run.smithi029.stdout:/usr/bin/ceph: stderr
2024-03-18T01:11:37.981+0000 7f8365529700 1 -- 172.21.15.29:0/1224430661 learned_addr learned my addr 172.21.15.29:0/1224430661 (peer_addr_for_me v2:172.21.15.29:0/0)
2024-03-18T01:11:38.962 INFO:teuthology.orchestra.run.smithi029.stdout:/usr/bin/ceph: stderr
2024-03-18T01:11:37.981+0000 7f8365529700 1 -- 172.21.15.29:0/1224430661 --> [v2:172.21.15.29:3300/0,v1:172.21.15.29:6789/0] -- mon_subscribe({config=0+,monmap=0+}) v3 -- 0x7f83500094f0 con 0x7f8360076b30
2024-03-18T01:11:38.962 INFO:teuthology.orchestra.run.smithi029.stdout:/usr/bin/ceph: stderr
2024-03-18T01:11:37.982+0000 7f8365529700 1 --2- 172.21.15.29:0/1224430661 >> [v2:172.21.15.29:3300/0,v1:172.21.15.29:6789/0] conn(0x7f8360076b30 0x7f83601137d0 secure :-1 s=READY pgs=44 cs=0 l=1 rev1=1 crypto rx=0x7f83500090b0 tx=0x7f8350009250 comp rx=0 tx=0).ready entity=mon.0 client_cookie=0 server_cookie=0 in_seq=0 out_seq=0
2024-03-18T01:11:38.962 INFO:teuthology.orchestra.run.smithi029.stdout:/usr/bin/ceph: stderr
2024-03-18T01:11:37.982+0000 7f8355ffb700 1 -- 172.21.15.29:0/1224430661 <== mon.0 v2:172.21.15.29:3300/0 1 ==== mon_map magic: 0 v1 ==== 229+0+0 (secure 0 0 0) 0x7f8350010760 con 0x7f8360076b30
2024-03-18T01:11:38.962 INFO:teuthology.orchestra.run.smithi029.stdout:/usr/bin/ceph: stderr
2024-03-18T01:11:37.982+0000 7f8355ffb700 1 -- 172.21.15.29:0/1224430661 <== mon.0 v2:172.21.15.29:3300/0 2 ==== config(27 keys) v1 ==== 1044+0+0 (secure 0 0 0) 0x7f8350010d50 con 0x7f8360076b30
2024-03-18T01:11:38.963 INFO:teuthology.orchestra.run.smithi029.stdout:/usr/bin/ceph: stderr
2024-03-18T01:11:37.982+0000 7f836778d700 1 -- 172.21.15.29:0/1224430661 --> [v2:172.21.15.29:3300/0,v1:172.21.15.29:6789/0] -- mon_subscribe({mgrmap=0+}) v3 -- 0x7f8360113f10 con 0x7f8360076b30
2024-03-18T01:11:38.963 INFO:teuthology.orchestra.run.smithi029.stdout:/usr/bin/ceph: stderr
2024-03-18T01:11:37.982+0000 7f8355ffb700 1 -- 172.21.15.29:0/1224430661 <== mon.0 v2:172.21.15.29:3300/0 3 ==== mon_map magic: 0 v1 ==== 229+0+0 (secure 0 0 0) 0x7f835001ace0 con 0x7f8360076b30
2024-03-18T01:11:38.963 INFO:teuthology.orchestra.run.smithi029.stdout:/usr/bin/ceph: stderr
2024-03-18T01:11:37.982+0000 7f836778d700 1 -- 172.21.15.29:0/1224430661 --> [v2:172.21.15.29:3300/0,v1:172.21.15.29:6789/0] -- mon_subscribe({osdmap=0}) v3 -- 0x7f8360114a80 con 0x7f8360076b30
2024-03-18T01:11:38.963 INFO:teuthology.orchestra.run.smithi029.stdout:/usr/bin/ceph: stderr
2024-03-18T01:11:37.983+0000 7f8355ffb700 1 -- 172.21.15.29:0/1224430661 <== mon.0 v2:172.21.15.29:3300/0 4 ==== mgrmap(e 8) v1 ==== 43368+0+0 (secure 0 0 0) 0x7f835002d3f0 con 0x7f8360076b30
2024-03-18T01:11:38.963 INFO:teuthology.orchestra.run.smithi029.stdout:/usr/bin/ceph: stderr
2024-03-18T01:11:37.983+0000 7f8355ffb700 1 --2- 172.21.15.29:0/1224430661 >> [v2:172.21.15.29:6800/950856841,v1:172.21.15.29:6801/950856841] conn(0x7f834c036790 0x7f834c038c40 unknown :-1 s=NONE pgs=0 cs=0 l=1 rev1=0 crypto rx=0 tx=0 comp rx=0 tx=0).connect
2024-03-18T01:11:38.963 INFO:teuthology.orchestra.run.smithi029.stdout:/usr/bin/ceph: stderr
2024-03-18T01:11:37.983+0000 7f8355ffb700 1 -- 172.21.15.29:0/1224430661 <== mon.0 v2:172.21.15.29:3300/0 5 ==== osd_map(2..2 src has 1..2) v4 ==== 936+0+0 (secure 0 0 0) 0x7f835004b110 con 0x7f8360076b30
2024-03-18T01:11:38.963 INFO:teuthology.orchestra.run.smithi029.stdout:/usr/bin/ceph: stderr
2024-03-18T01:11:37.983+0000 7f8364d28700 1 --2- 172.21.15.29:0/1224430661 >> [v2:172.21.15.29:6800/950856841,v1:172.21.15.29:6801/950856841] conn(0x7f834c036790 0x7f834c038c40 unknown :-1 s=BANNER_CONNECTING pgs=0 cs=0 l=1 rev1=0 crypto rx=0 tx=0 comp rx=0 tx=0)._handle_peer_banner_payload supported=3 required=0
2024-03-18T01:11:38.963 INFO:teuthology.orchestra.run.smithi029.stdout:/usr/bin/ceph: stderr
2024-03-18T01:11:37.983+0000 7f836778d700 1 -- 172.21.15.29:0/1224430661 --> [v2:172.21.15.29:3300/0,v1:172.21.15.29:6789/0] -- mon_command({"prefix": "get_command_descriptions"} v 0) v1 -- 0x7f836005f5f0 con 0x7f8360076b30
2024-03-18T01:11:38.963 INFO:teuthology.orchestra.run.smithi029.stdout:/usr/bin/ceph: stderr
2024-03-18T01:11:37.983+0000 7f8364d28700 1 --2- 172.21.15.29:0/1224430661 >> [v2:172.21.15.29:6800/950856841,v1:172.21.15.29:6801/950856841] conn(0x7f834c036790 0x7f834c038c40 secure :-1 s=READY pgs=12 cs=0 l=1 rev1=1 crypto rx=0x7f835c009990 tx=0x7f835c006e40 comp rx=0 tx=0).ready entity=mgr.14116 client_cookie=0 server_cookie=0 in_seq=0 out_seq=0
2024-03-18T01:11:38.963 INFO:teuthology.orchestra.run.smithi029.stdout:/usr/bin/ceph: stderr
2024-03-18T01:11:37.988+0000 7f8355ffb700 1 -- 172.21.15.29:0/1224430661 <== mon.0 v2:172.21.15.29:3300/0 6 ==== mon_command_ack([{"prefix": "get_command_descriptions"}]=0 v0) v1 ==== 72+0+175520 (secure 0 0 0) 0x7f835002b8e0 con 0x7f8360076b30
2024-03-18T01:11:38.963 INFO:teuthology.orchestra.run.smithi029.stdout:/usr/bin/ceph: stderr
2024-03-18T01:11:38.197+0000 7f836778d700 1 -- 172.21.15.29:0/1224430661 --> [v2:172.21.15.29:6800/950856841,v1:172.21.15.29:6801/950856841] -- mgr_command(tid 0: {"prefix": "orch apply", "service_type": "mon", "target": ["mon-mgr", ""]}) v1 -- 0x7f83600fe220 con 0x7f834c036790
2024-03-18T01:11:38.963 INFO:teuthology.orchestra.run.smithi029.stdout:/usr/bin/ceph: stderr
2024-03-18T01:11:38.201+0000 7f8355ffb700 1 -- 172.21.15.29:0/1224430661 <== mgr.14116 v2:172.21.15.29:6800/950856841 1 ==== mgr_command_reply(tid 0: 0 ) v1 ==== 8+0+24 (secure 0 0 0) 0x7f83600fe220 con 0x7f834c036790
2024-03-18T01:11:38.963 INFO:teuthology.orchestra.run.smithi029.stdout:/usr/bin/ceph: stderr
2024-03-18T01:11:38.203+0000 7f836778d700 1 -- 172.21.15.29:0/1224430661 >> [v2:172.21.15.29:6800/950856841,v1:172.21.15.29:6801/950856841] conn(0x7f834c036790 msgr2=0x7f834c038c40 secure :-1 s=STATE_CONNECTION_ESTABLISHED l=1).mark_down
2024-03-18T01:11:38.963 INFO:teuthology.orchestra.run.smithi029.stdout:/usr/bin/ceph: stderr
2024-03-18T01:11:38.203+0000 7f836778d700 1 --2- 172.21.15.29:0/1224430661 >> [v2:172.21.15.29:6800/950856841,v1:172.21.15.29:6801/950856841] conn(0x7f834c036790 0x7f834c038c40 secure :-1 s=READY pgs=12 cs=0 l=1 rev1=1 crypto rx=0x7f835c009990 tx=0x7f835c006e40 comp rx=0 tx=0).stop
2024-03-18T01:11:38.964 INFO:teuthology.orchestra.run.smithi029.stdout:/usr/bin/ceph: stderr
2024-03-18T01:11:38.203+0000 7f836778d700 1 -- 172.21.15.29:0/1224430661 >> [v2:172.21.15.29:3300/0,v1:172.21.15.29:6789/0] conn(0x7f8360076b30 msgr2=0x7f83601137d0 secure :-1 s=STATE_CONNECTION_ESTABLISHED l=1).mark_down
2024-03-18T01:11:38.964 INFO:teuthology.orchestra.run.smithi029.stdout:/usr/bin/ceph: stderr
2024-03-18T01:11:38.203+0000 7f836778d700 1 --2- 172.21.15.29:0/1224430661 >> [v2:172.21.15.29:3300/0,v1:172.21.15.29:6789/0] conn(0x7f8360076b30 0x7f83601137d0 secure :-1 s=READY pgs=44 cs=0 l=1 rev1=1 crypto rx=0x7f83500090b0 tx=0x7f8350009250 comp rx=0 tx=0).stop
2024-03-18T01:11:38.964 INFO:teuthology.orchestra.run.smithi029.stdout:/usr/bin/ceph: stderr
2024-03-18T01:11:38.203+0000 7f836778d700 1 -- 172.21.15.29:0/1224430661 shutdown_connections
2024-03-18T01:11:38.964 INFO:teuthology.orchestra.run.smithi029.stdout:/usr/bin/ceph: stderr
2024-03-18T01:11:38.203+0000 7f836778d700 1 --2- 172.21.15.29:0/1224430661 >> [v2:172.21.15.29:6800/950856841,v1:172.21.15.29:6801/950856841] conn(0x7f834c036790 0x7f834c038c40 unknown :-1 s=CLOSED pgs=12 cs=0 l=1 rev1=1 crypto rx=0 tx=0 comp rx=0 tx=0).stop
2024-03-18T01:11:38.964 INFO:teuthology.orchestra.run.smithi029.stdout:/usr/bin/ceph: stderr
2024-03-18T01:11:38.203+0000 7f836778d700 1 --2- 172.21.15.29:0/1224430661 >> [v2:172.21.15.29:3300/0,v1:172.21.15.29:6789/0] conn(0x7f8360076b30 0x7f83601137d0 unknown :-1 s=CLOSED pgs=44 cs=0 l=1 rev1=1 crypto rx=0 tx=0 comp rx=0 tx=0).stop
2024-03-18T01:11:38.964 INFO:teuthology.orchestra.run.smithi029.stdout:/usr/bin/ceph: stderr
2024-03-18T01:11:38.203+0000 7f836778d700 1 -- 172.21.15.29:0/1224430661 >> 172.21.15.29:0/1224430661 conn(0x7f83600fce40 msgr2=0x7f83600fda50 unknown :-1 s=STATE_NONE l=0).mark_down
2024-03-18T01:11:38.964 INFO:teuthology.orchestra.run.smithi029.stdout:/usr/bin/ceph: stderr
2024-03-18T01:11:38.203+0000 7f836778d700 1 -- 172.21.15.29:0/1224430661 shutdown_connections
2024-03-18T01:11:38.964 INFO:teuthology.orchestra.run.smithi029.stdout:/usr/bin/ceph: stderr
2024-03-18T01:11:38.203+0000 7f836778d700 1 -- 172.21.15.29:0/1224430661 wait complete.
2024-03-18T01:11:38.964 INFO:teuthology.orchestra.run.smithi029.stdout:Deploying mgr service with default placement...
2024-03-18T01:11:39.280 INFO:journalctl@ceph.mon.smithi029.smithi029.stdout:Mar 18 01:11:39 smithi029 ceph-mon[29331]: from='client.14138 -' entity='client.admin' cmd=[{"prefix": "orch apply", "service_type": "mon", "target": ["mon-mgr", ""]}]: dispatch
2024-03-18T01:11:39.281 INFO:journalctl@ceph.mon.smithi029.smithi029.stdout:Mar 18 01:11:39 smithi029 ceph-mon[29331]: Saving service mon spec with placement count:5
2024-03-18T01:11:39.281 INFO:journalctl@ceph.mon.smithi029.smithi029.stdout:Mar 18 01:11:39 smithi029 ceph-mon[29331]: from='mgr.14116 172.21.15.29:0/340264435' entity='mgr.smithi029.qviwhl'
2024-03-18T01:11:40.736 INFO:journalctl@ceph.mon.smithi029.smithi029.stdout:Mar 18 01:11:40 smithi029 ceph-mon[29331]: from='client.14140 -' entity='client.admin' cmd=[{"prefix": "orch apply", "service_type": "mgr", "target": ["mon-mgr", ""]}]: dispatch
2024-03-18T01:11:40.736 INFO:journalctl@ceph.mon.smithi029.smithi029.stdout:Mar 18 01:11:40 smithi029 ceph-mon[29331]: Saving service mgr spec with placement count:2
2024-03-18T01:11:40.737 INFO:journalctl@ceph.mon.smithi029.smithi029.stdout:Mar 18 01:11:40 smithi029 ceph-mon[29331]: from='mgr.14116 172.21.15.29:0/340264435' entity='mgr.smithi029.qviwhl'
2024-03-18T01:11:40.737 INFO:journalctl@ceph.mon.smithi029.smithi029.stdout:Mar 18 01:11:40 smithi029 ceph-mon[29331]: from='mgr.14116 172.21.15.29:0/340264435' entity='mgr.smithi029.qviwhl'
2024-03-18T01:11:41.056 INFO:teuthology.orchestra.run.smithi029.stdout:/usr/bin/ceph: stdout Scheduled mgr update...
2024-03-18T01:11:41.056 INFO:teuthology.orchestra.run.smithi029.stdout:/usr/bin/ceph: stderr
2024-03-18T01:11:39.425+0000 7f53cd8c1700 1 Processor -- start
2024-03-18T01:11:41.056 INFO:teuthology.orchestra.run.smithi029.stdout:/usr/bin/ceph: stderr
2024-03-18T01:11:39.425+0000 7f53cd8c1700 1 -- start start
2024-03-18T01:11:41.056 INFO:teuthology.orchestra.run.smithi029.stdout:/usr/bin/ceph: stderr
2024-03-18T01:11:39.425+0000 7f53cd8c1700 1 --2- >> [v2:172.21.15.29:3300/0,v1:172.21.15.29:6789/0] conn(0x7f53c8102730 0x7f53c8102b40 unknown :-1 s=NONE pgs=0 cs=0 l=0 rev1=0 crypto rx=0 tx=0 comp rx=0 tx=0).connect
2024-03-18T01:11:41.056 INFO:teuthology.orchestra.run.smithi029.stdout:/usr/bin/ceph: stderr
2024-03-18T01:11:39.425+0000 7f53cd8c1700 1 -- --> [v2:172.21.15.29:3300/0,v1:172.21.15.29:6789/0] -- mon_getmap magic: 0 v1 -- 0x7f53c8103080 con 0x7f53c8102730
2024-03-18T01:11:41.056 INFO:teuthology.orchestra.run.smithi029.stdout:/usr/bin/ceph: stderr
2024-03-18T01:11:39.425+0000 7f53c6ffd700 1 --2- >> [v2:172.21.15.29:3300/0,v1:172.21.15.29:6789/0] conn(0x7f53c8102730 0x7f53c8102b40 unknown :-1 s=BANNER_CONNECTING pgs=0 cs=0 l=0 rev1=0 crypto rx=0 tx=0 comp rx=0 tx=0)._handle_peer_banner_payload supported=3 required=0
2024-03-18T01:11:41.056 INFO:teuthology.orchestra.run.smithi029.stdout:/usr/bin/ceph: stderr
2024-03-18T01:11:39.425+0000 7f53c6ffd700 1 --2- >> [v2:172.21.15.29:3300/0,v1:172.21.15.29:6789/0] conn(0x7f53c8102730 0x7f53c8102b40 unknown :-1 s=HELLO_CONNECTING pgs=0 cs=0 l=0 rev1=1 crypto rx=0 tx=0 comp rx=0 tx=0).handle_hello peer v2:172.21.15.29:3300/0 says I am v2:172.21.15.29:60218/0 (socket says 172.21.15.29:60218)
2024-03-18T01:11:41.056 INFO:teuthology.orchestra.run.smithi029.stdout:/usr/bin/ceph: stderr
2024-03-18T01:11:39.425+0000 7f53c6ffd700 1 -- 172.21.15.29:0/2107216043 learned_addr learned my addr 172.21.15.29:0/2107216043 (peer_addr_for_me v2:172.21.15.29:0/0)
2024-03-18T01:11:41.056 INFO:teuthology.orchestra.run.smithi029.stdout:/usr/bin/ceph: stderr
2024-03-18T01:11:39.426+0000 7f53c6ffd700 1 -- 172.21.15.29:0/2107216043 --> [v2:172.21.15.29:3300/0,v1:172.21.15.29:6789/0] -- mon_subscribe({config=0+,monmap=0+}) v3 -- 0x7f53c81031c0 con 0x7f53c8102730
2024-03-18T01:11:41.056 INFO:teuthology.orchestra.run.smithi029.stdout:/usr/bin/ceph: stderr
2024-03-18T01:11:39.426+0000 7f53c6ffd700 1 --2- 172.21.15.29:0/2107216043 >> [v2:172.21.15.29:3300/0,v1:172.21.15.29:6789/0] conn(0x7f53c8102730 0x7f53c8102b40 secure :-1 s=READY pgs=45 cs=0 l=1 rev1=1 crypto rx=0x7f53b80098e0 tx=0x7f53b8009250 comp rx=0 tx=0).ready entity=mon.0 client_cookie=84c3fbeb2a9266a8 server_cookie=0 in_seq=0 out_seq=0
2024-03-18T01:11:41.056 INFO:teuthology.orchestra.run.smithi029.stdout:/usr/bin/ceph: stderr
2024-03-18T01:11:39.426+0000 7f53c5ffb700 1 -- 172.21.15.29:0/2107216043 <== mon.0 v2:172.21.15.29:3300/0 1 ==== mon_map magic: 0 v1 ==== 229+0+0 (secure 0 0 0) 0x7f53b800b860 con 0x7f53c8102730
2024-03-18T01:11:41.057 INFO:teuthology.orchestra.run.smithi029.stdout:/usr/bin/ceph: stderr
2024-03-18T01:11:39.426+0000 7f53c5ffb700 1 -- 172.21.15.29:0/2107216043 <== mon.0 v2:172.21.15.29:3300/0 2 ==== config(27 keys) v1 ==== 1044+0+0 (secure 0 0 0) 0x7f53b800be50 con 0x7f53c8102730
2024-03-18T01:11:41.057 INFO:teuthology.orchestra.run.smithi029.stdout:/usr/bin/ceph: stderr
2024-03-18T01:11:39.426+0000 7f53c5ffb700 1 -- 172.21.15.29:0/2107216043 <== mon.0 v2:172.21.15.29:3300/0 3 ==== mon_map magic: 0 v1 ==== 229+0+0 (secure 0 0 0) 0x7f53b8010380 con 0x7f53c8102730
2024-03-18T01:11:41.057 INFO:teuthology.orchestra.run.smithi029.stdout:/usr/bin/ceph: stderr
2024-03-18T01:11:39.427+0000 7f53cd8c1700 1 -- 172.21.15.29:0/2107216043 >> [v2:172.21.15.29:3300/0,v1:172.21.15.29:6789/0] conn(0x7f53c8102730 msgr2=0x7f53c8102b40 secure :-1 s=STATE_CONNECTION_ESTABLISHED l=1).mark_down
2024-03-18T01:11:41.057 INFO:teuthology.orchestra.run.smithi029.stdout:/usr/bin/ceph: stderr
2024-03-18T01:11:39.427+0000 7f53cd8c1700 1 --2- 172.21.15.29:0/2107216043 >> [v2:172.21.15.29:3300/0,v1:172.21.15.29:6789/0] conn(0x7f53c8102730 0x7f53c8102b40 secure :-1 s=READY pgs=45 cs=0 l=1 rev1=1 crypto rx=0x7f53b80098e0 tx=0x7f53b8009250 comp rx=0 tx=0).stop
2024-03-18T01:11:41.057 INFO:teuthology.orchestra.run.smithi029.stdout:/usr/bin/ceph: stderr
2024-03-18T01:11:39.427+0000 7f53cd8c1700 1 -- 172.21.15.29:0/2107216043 shutdown_connections
2024-03-18T01:11:41.057 INFO:teuthology.orchestra.run.smithi029.stdout:/usr/bin/ceph: stderr
2024-03-18T01:11:39.427+0000 7f53cd8c1700 1 --2- 172.21.15.29:0/2107216043 >> [v2:172.21.15.29:3300/0,v1:172.21.15.29:6789/0] conn(0x7f53c8102730 0x7f53c8102b40 unknown :-1 s=CLOSED pgs=45 cs=0 l=1 rev1=1 crypto rx=0 tx=0 comp rx=0 tx=0).stop
2024-03-18T01:11:41.057 INFO:teuthology.orchestra.run.smithi029.stdout:/usr/bin/ceph: stderr
2024-03-18T01:11:39.427+0000 7f53cd8c1700 1 -- 172.21.15.29:0/2107216043 >> 172.21.15.29:0/2107216043 conn(0x7f53c80fdf10 msgr2=0x7f53c8100320 unknown :-1 s=STATE_NONE l=0).mark_down
2024-03-18T01:11:41.057 INFO:teuthology.orchestra.run.smithi029.stdout:/usr/bin/ceph: stderr
2024-03-18T01:11:39.427+0000 7f53cd8c1700 1 -- 172.21.15.29:0/2107216043 shutdown_connections
2024-03-18T01:11:41.057 INFO:teuthology.orchestra.run.smithi029.stdout:/usr/bin/ceph: stderr
2024-03-18T01:11:39.427+0000 7f53cd8c1700 1 -- 172.21.15.29:0/2107216043 wait complete.
2024-03-18T01:11:41.057 INFO:teuthology.orchestra.run.smithi029.stdout:/usr/bin/ceph: stderr
2024-03-18T01:11:39.428+0000 7f53cd8c1700 1 Processor -- start
2024-03-18T01:11:41.057 INFO:teuthology.orchestra.run.smithi029.stdout:/usr/bin/ceph: stderr
2024-03-18T01:11:39.428+0000 7f53cd8c1700 1 -- start start
2024-03-18T01:11:41.057 INFO:teuthology.orchestra.run.smithi029.stdout:/usr/bin/ceph: stderr
2024-03-18T01:11:39.428+0000 7f53cd8c1700 1 --2- >> [v2:172.21.15.29:3300/0,v1:172.21.15.29:6789/0] conn(0x7f53c8102730 0x7f53c81115f0 unknown :-1 s=NONE pgs=0 cs=0 l=1 rev1=0 crypto rx=0 tx=0 comp rx=0 tx=0).connect
2024-03-18T01:11:41.057 INFO:teuthology.orchestra.run.smithi029.stdout:/usr/bin/ceph: stderr
2024-03-18T01:11:39.428+0000 7f53cd8c1700 1 -- --> [v2:172.21.15.29:3300/0,v1:172.21.15.29:6789/0] -- mon_getmap magic: 0 v1 -- 0x7f53c8111b30 con 0x7f53c8102730
2024-03-18T01:11:41.057 INFO:teuthology.orchestra.run.smithi029.stdout:/usr/bin/ceph: stderr
2024-03-18T01:11:39.428+0000 7f53c6ffd700 1 --2- >> [v2:172.21.15.29:3300/0,v1:172.21.15.29:6789/0] conn(0x7f53c8102730 0x7f53c81115f0 unknown :-1 s=BANNER_CONNECTING pgs=0 cs=0 l=1 rev1=0 crypto rx=0 tx=0 comp rx=0 tx=0)._handle_peer_banner_payload supported=3 required=0
2024-03-18T01:11:41.057 INFO:teuthology.orchestra.run.smithi029.stdout:/usr/bin/ceph: stderr
2024-03-18T01:11:39.428+0000 7f53c6ffd700 1 --2- >> [v2:172.21.15.29:3300/0,v1:172.21.15.29:6789/0] conn(0x7f53c8102730 0x7f53c81115f0 unknown :-1 s=HELLO_CONNECTING pgs=0 cs=0 l=1 rev1=1 crypto rx=0 tx=0 comp rx=0 tx=0).handle_hello peer v2:172.21.15.29:3300/0 says I am v2:172.21.15.29:60232/0 (socket says 172.21.15.29:60232)
2024-03-18T01:11:41.058 INFO:teuthology.orchestra.run.smithi029.stdout:/usr/bin/ceph: stderr
2024-03-18T01:11:39.428+0000 7f53c6ffd700 1 -- 172.21.15.29:0/3852369739 learned_addr learned my addr 172.21.15.29:0/3852369739 (peer_addr_for_me v2:172.21.15.29:0/0)
2024-03-18T01:11:41.058 INFO:teuthology.orchestra.run.smithi029.stdout:/usr/bin/ceph: stderr
2024-03-18T01:11:39.428+0000 7f53c6ffd700 1 -- 172.21.15.29:0/3852369739 --> [v2:172.21.15.29:3300/0,v1:172.21.15.29:6789/0] -- mon_subscribe({config=0+,monmap=0+}) v3 -- 0x7f53b80094f0 con 0x7f53c8102730
2024-03-18T01:11:41.058 INFO:teuthology.orchestra.run.smithi029.stdout:/usr/bin/ceph: stderr
2024-03-18T01:11:39.428+0000 7f53c6ffd700 1 --2- 172.21.15.29:0/3852369739 >> [v2:172.21.15.29:3300/0,v1:172.21.15.29:6789/0] conn(0x7f53c8102730 0x7f53c81115f0 secure :-1 s=READY pgs=46 cs=0 l=1 rev1=1 crypto rx=0x7f53b800b440 tx=0x7f53b8009250 comp rx=0 tx=0).ready entity=mon.0 client_cookie=0 server_cookie=0 in_seq=0 out_seq=0
2024-03-18T01:11:41.058 INFO:teuthology.orchestra.run.smithi029.stdout:/usr/bin/ceph: stderr
2024-03-18T01:11:39.428+0000 7f53af7fe700 1 -- 172.21.15.29:0/3852369739 <== mon.0 v2:172.21.15.29:3300/0 1 ==== mon_map magic: 0 v1 ==== 229+0+0 (secure 0 0 0) 0x7f53b8010760 con 0x7f53c8102730
2024-03-18T01:11:41.058 INFO:teuthology.orchestra.run.smithi029.stdout:/usr/bin/ceph: stderr
2024-03-18T01:11:39.429+0000 7f53af7fe700 1 -- 172.21.15.29:0/3852369739 <== mon.0 v2:172.21.15.29:3300/0 2 ==== config(27 keys) v1 ==== 1044+0+0 (secure 0 0 0) 0x7f53b8010d50 con 0x7f53c8102730
2024-03-18T01:11:41.058 INFO:teuthology.orchestra.run.smithi029.stdout:/usr/bin/ceph: stderr
2024-03-18T01:11:39.429+0000 7f53cd8c1700 1 -- 172.21.15.29:0/3852369739 --> [v2:172.21.15.29:3300/0,v1:172.21.15.29:6789/0] -- mon_subscribe({mgrmap=0+}) v3 -- 0x7f53c8111d30 con 0x7f53c8102730
2024-03-18T01:11:41.058 INFO:teuthology.orchestra.run.smithi029.stdout:/usr/bin/ceph: stderr
2024-03-18T01:11:39.429+0000 7f53af7fe700 1 -- 172.21.15.29:0/3852369739 <== mon.0 v2:172.21.15.29:3300/0 3 ==== mon_map magic: 0 v1 ==== 229+0+0 (secure 0 0 0) 0x7f53b801adc0 con 0x7f53c8102730
2024-03-18T01:11:41.058 INFO:teuthology.orchestra.run.smithi029.stdout:/usr/bin/ceph: stderr
2024-03-18T01:11:39.429+0000 7f53cd8c1700 1 -- 172.21.15.29:0/3852369739 --> [v2:172.21.15.29:3300/0,v1:172.21.15.29:6789/0] -- mon_subscribe({osdmap=0}) v3 -- 0x7f53c81128a0 con 0x7f53c8102730
2024-03-18T01:11:41.058 INFO:teuthology.orchestra.run.smithi029.stdout:/usr/bin/ceph: stderr
2024-03-18T01:11:39.430+0000 7f53af7fe700 1 -- 172.21.15.29:0/3852369739 <== mon.0 v2:172.21.15.29:3300/0 4 ==== mgrmap(e 8) v1 ==== 43368+0+0 (secure 0 0 0) 0x7f53b8019410 con 0x7f53c8102730
2024-03-18T01:11:41.058 INFO:teuthology.orchestra.run.smithi029.stdout:/usr/bin/ceph: stderr
2024-03-18T01:11:39.430+0000 7f53cd8c1700 1 -- 172.21.15.29:0/3852369739 --> [v2:172.21.15.29:3300/0,v1:172.21.15.29:6789/0] -- mon_command({"prefix": "get_command_descriptions"} v 0) v1 -- 0x7f53c81121c0 con 0x7f53c8102730
2024-03-18T01:11:41.058 INFO:teuthology.orchestra.run.smithi029.stdout:/usr/bin/ceph: stderr
2024-03-18T01:11:39.430+0000 7f53af7fe700 1 --2- 172.21.15.29:0/3852369739 >> [v2:172.21.15.29:6800/950856841,v1:172.21.15.29:6801/950856841] conn(0x7f53b0036770 0x7f53b0038c20 unknown :-1 s=NONE pgs=0 cs=0 l=1 rev1=0 crypto rx=0 tx=0 comp rx=0 tx=0).connect
2024-03-18T01:11:41.058 INFO:teuthology.orchestra.run.smithi029.stdout:/usr/bin/ceph: stderr
2024-03-18T01:11:39.430+0000 7f53af7fe700 1 -- 172.21.15.29:0/3852369739 <== mon.0 v2:172.21.15.29:3300/0 5 ==== osd_map(2..2 src has 1..2) v4 ==== 936+0+0 (secure 0 0 0) 0x7f53b804a220 con 0x7f53c8102730
2024-03-18T01:11:41.058 INFO:teuthology.orchestra.run.smithi029.stdout:/usr/bin/ceph: stderr
2024-03-18T01:11:39.430+0000 7f53c67fc700 1 --2- 172.21.15.29:0/3852369739 >> [v2:172.21.15.29:6800/950856841,v1:172.21.15.29:6801/950856841] conn(0x7f53b0036770 0x7f53b0038c20 unknown :-1 s=BANNER_CONNECTING pgs=0 cs=0 l=1 rev1=0 crypto rx=0 tx=0 comp rx=0 tx=0)._handle_peer_banner_payload supported=3 required=0
2024-03-18T01:11:41.058 INFO:teuthology.orchestra.run.smithi029.stdout:/usr/bin/ceph: stderr
2024-03-18T01:11:39.430+0000 7f53c67fc700 1 --2- 172.21.15.29:0/3852369739 >> [v2:172.21.15.29:6800/950856841,v1:172.21.15.29:6801/950856841] conn(0x7f53b0036770 0x7f53b0038c20 secure :-1 s=READY pgs=13 cs=0 l=1 rev1=1 crypto rx=0x7f53bc009990 tx=0x7f53bc006e40 comp rx=0 tx=0).ready entity=mgr.14116 client_cookie=0 server_cookie=0 in_seq=0 out_seq=0
2024-03-18T01:11:41.059 INFO:teuthology.orchestra.run.smithi029.stdout:/usr/bin/ceph: stderr
2024-03-18T01:11:39.435+0000 7f53af7fe700 1 -- 172.21.15.29:0/3852369739 <== mon.0 v2:172.21.15.29:3300/0 6 ==== mon_command_ack([{"prefix": "get_command_descriptions"}]=0 v0) v1 ==== 72+0+175520 (secure 0 0 0) 0x7f53b8023940 con 0x7f53c8102730
2024-03-18T01:11:41.059 INFO:teuthology.orchestra.run.smithi029.stdout:/usr/bin/ceph: stderr
2024-03-18T01:11:39.643+0000 7f53cd8c1700 1 -- 172.21.15.29:0/3852369739 --> [v2:172.21.15.29:6800/950856841,v1:172.21.15.29:6801/950856841] -- mgr_command(tid 0: {"prefix": "orch apply", "service_type": "mgr", "target": ["mon-mgr", ""]}) v1 -- 0x7f53c80ff2d0 con 0x7f53b0036770
2024-03-18T01:11:41.059 INFO:teuthology.orchestra.run.smithi029.stdout:/usr/bin/ceph: stderr
2024-03-18T01:11:39.647+0000 7f53af7fe700 1 -- 172.21.15.29:0/3852369739 <== mgr.14116 v2:172.21.15.29:6800/950856841 1 ==== mgr_command_reply(tid 0: 0 ) v1 ==== 8+0+24 (secure 0 0 0) 0x7f53c80ff2d0 con 0x7f53b0036770
2024-03-18T01:11:41.059 INFO:teuthology.orchestra.run.smithi029.stdout:/usr/bin/ceph: stderr
2024-03-18T01:11:39.650+0000 7f53cd8c1700 1 -- 172.21.15.29:0/3852369739 >> [v2:172.21.15.29:6800/950856841,v1:172.21.15.29:6801/950856841] conn(0x7f53b0036770 msgr2=0x7f53b0038c20 secure :-1 s=STATE_CONNECTION_ESTABLISHED l=1).mark_down
2024-03-18T01:11:41.059 INFO:teuthology.orchestra.run.smithi029.stdout:/usr/bin/ceph: stderr
2024-03-18T01:11:39.650+0000 7f53cd8c1700 1 --2- 172.21.15.29:0/3852369739 >> [v2:172.21.15.29:6800/950856841,v1:172.21.15.29:6801/950856841] conn(0x7f53b0036770 0x7f53b0038c20 secure :-1 s=READY pgs=13 cs=0 l=1 rev1=1 crypto rx=0x7f53bc009990 tx=0x7f53bc006e40 comp rx=0 tx=0).stop
2024-03-18T01:11:41.059 INFO:teuthology.orchestra.run.smithi029.stdout:/usr/bin/ceph: stderr
2024-03-18T01:11:39.650+0000 7f53cd8c1700 1 -- 172.21.15.29:0/3852369739 >> [v2:172.21.15.29:3300/0,v1:172.21.15.29:6789/0] conn(0x7f53c8102730 msgr2=0x7f53c81115f0 secure :-1 s=STATE_CONNECTION_ESTABLISHED l=1).mark_down
2024-03-18T01:11:41.059 INFO:teuthology.orchestra.run.smithi029.stdout:/usr/bin/ceph: stderr
2024-03-18T01:11:39.650+0000 7f53cd8c1700 1 --2- 172.21.15.29:0/3852369739 >> [v2:172.21.15.29:3300/0,v1:172.21.15.29:6789/0] conn(0x7f53c8102730 0x7f53c81115f0 secure :-1 s=READY pgs=46 cs=0 l=1 rev1=1 crypto rx=0x7f53b800b440 tx=0x7f53b8009250 comp rx=0 tx=0).stop
2024-03-18T01:11:41.059 INFO:teuthology.orchestra.run.smithi029.stdout:/usr/bin/ceph: stderr
2024-03-18T01:11:39.650+0000 7f53cd8c1700 1 -- 172.21.15.29:0/3852369739 shutdown_connections
2024-03-18T01:11:41.059 INFO:teuthology.orchestra.run.smithi029.stdout:/usr/bin/ceph: stderr
2024-03-18T01:11:39.650+0000 7f53cd8c1700 1 --2- 172.21.15.29:0/3852369739 >> [v2:172.21.15.29:6800/950856841,v1:172.21.15.29:6801/950856841] conn(0x7f53b0036770 0x7f53b0038c20 unknown :-1 s=CLOSED pgs=13 cs=0 l=1 rev1=1 crypto rx=0 tx=0 comp rx=0 tx=0).stop
2024-03-18T01:11:41.059 INFO:teuthology.orchestra.run.smithi029.stdout:/usr/bin/ceph: stderr
2024-03-18T01:11:39.650+0000 7f53cd8c1700 1 --2- 172.21.15.29:0/3852369739 >> [v2:172.21.15.29:3300/0,v1:172.21.15.29:6789/0] conn(0x7f53c8102730 0x7f53c81115f0 unknown :-1 s=CLOSED pgs=46 cs=0 l=1 rev1=1 crypto rx=0 tx=0 comp rx=0 tx=0).stop
2024-03-18T01:11:41.059 INFO:teuthology.orchestra.run.smithi029.stdout:/usr/bin/ceph: stderr
2024-03-18T01:11:39.650+0000 7f53cd8c1700 1 -- 172.21.15.29:0/3852369739 >> 172.21.15.29:0/3852369739 conn(0x7f53c80fdf10 msgr2=0x7f53c80feb00 unknown :-1 s=STATE_NONE l=0).mark_down
2024-03-18T01:11:41.059 INFO:teuthology.orchestra.run.smithi029.stdout:/usr/bin/ceph: stderr
2024-03-18T01:11:39.650+0000 7f53cd8c1700 1 -- 172.21.15.29:0/3852369739 shutdown_connections
2024-03-18T01:11:41.059 INFO:teuthology.orchestra.run.smithi029.stdout:/usr/bin/ceph: stderr
2024-03-18T01:11:39.650+0000 7f53cd8c1700 1 -- 172.21.15.29:0/3852369739 wait complete.
2024-03-18T01:11:41.059 INFO:teuthology.orchestra.run.smithi029.stdout:Deploying crash service with default placement...
2024-03-18T01:11:42.569 INFO:journalctl@ceph.mon.smithi029.smithi029.stdout:Mar 18 01:11:42 smithi029 ceph-mon[29331]: from='mgr.14116 172.21.15.29:0/340264435' entity='mgr.smithi029.qviwhl'
2024-03-18T01:11:42.569 INFO:journalctl@ceph.mon.smithi029.smithi029.stdout:Mar 18 01:11:42 smithi029 ceph-mon[29331]: from='client.14142 -' entity='client.admin' cmd=[{"prefix": "orch apply", "service_type": "crash", "target": ["mon-mgr", ""]}]: dispatch
2024-03-18T01:11:42.569 INFO:journalctl@ceph.mon.smithi029.smithi029.stdout:Mar 18 01:11:42 smithi029 ceph-mon[29331]: Saving service crash spec with placement *
2024-03-18T01:11:42.569 INFO:journalctl@ceph.mon.smithi029.smithi029.stdout:Mar 18 01:11:42 smithi029 ceph-mon[29331]: from='mgr.14116 172.21.15.29:0/340264435' entity='mgr.smithi029.qviwhl'
2024-03-18T01:11:42.896 INFO:teuthology.orchestra.run.smithi029.stdout:/usr/bin/ceph: stdout Scheduled crash update...
2024-03-18T01:11:42.896 INFO:teuthology.orchestra.run.smithi029.stdout:/usr/bin/ceph: stderr
2024-03-18T01:11:41.521+0000 7fb7d3bb2700 1 Processor -- start
2024-03-18T01:11:42.896 INFO:teuthology.orchestra.run.smithi029.stdout:/usr/bin/ceph: stderr
2024-03-18T01:11:41.521+0000 7fb7d3bb2700 1 -- start start
2024-03-18T01:11:42.896 INFO:teuthology.orchestra.run.smithi029.stdout:/usr/bin/ceph: stderr
2024-03-18T01:11:41.522+0000 7fb7d3bb2700 1 --2- >> [v2:172.21.15.29:3300/0,v1:172.21.15.29:6789/0] conn(0x7fb7cc1016e0 0x7fb7cc101af0 unknown :-1 s=NONE pgs=0 cs=0 l=0 rev1=0 crypto rx=0 tx=0 comp rx=0 tx=0).connect
2024-03-18T01:11:42.896 INFO:teuthology.orchestra.run.smithi029.stdout:/usr/bin/ceph: stderr
2024-03-18T01:11:41.522+0000 7fb7d3bb2700 1 -- --> [v2:172.21.15.29:3300/0,v1:172.21.15.29:6789/0] -- mon_getmap magic: 0 v1 -- 0x7fb7cc102030 con 0x7fb7cc1016e0
2024-03-18T01:11:42.896 INFO:teuthology.orchestra.run.smithi029.stdout:/usr/bin/ceph: stderr
2024-03-18T01:11:41.522+0000 7fb7d194e700 1 --2- >> [v2:172.21.15.29:3300/0,v1:172.21.15.29:6789/0] conn(0x7fb7cc1016e0 0x7fb7cc101af0 unknown :-1 s=BANNER_CONNECTING pgs=0 cs=0 l=0 rev1=0 crypto rx=0 tx=0 comp rx=0 tx=0)._handle_peer_banner_payload supported=3 required=0
2024-03-18T01:11:42.897 INFO:teuthology.orchestra.run.smithi029.stdout:/usr/bin/ceph: stderr
2024-03-18T01:11:41.522+0000 7fb7d194e700 1 --2- >> [v2:172.21.15.29:3300/0,v1:172.21.15.29:6789/0] conn(0x7fb7cc1016e0 0x7fb7cc101af0 unknown :-1 s=HELLO_CONNECTING pgs=0 cs=0 l=0 rev1=1 crypto rx=0 tx=0 comp rx=0 tx=0).handle_hello peer v2:172.21.15.29:3300/0 says I am v2:172.21.15.29:60238/0 (socket says 172.21.15.29:60238)
2024-03-18T01:11:42.897 INFO:teuthology.orchestra.run.smithi029.stdout:/usr/bin/ceph: stderr
2024-03-18T01:11:41.522+0000 7fb7d194e700 1 -- 172.21.15.29:0/517663926 learned_addr learned my addr 172.21.15.29:0/517663926 (peer_addr_for_me v2:172.21.15.29:0/0)
2024-03-18T01:11:42.897 INFO:teuthology.orchestra.run.smithi029.stdout:/usr/bin/ceph: stderr
2024-03-18T01:11:41.522+0000 7fb7d194e700 1 -- 172.21.15.29:0/517663926 --> [v2:172.21.15.29:3300/0,v1:172.21.15.29:6789/0] -- mon_subscribe({config=0+,monmap=0+}) v3 -- 0x7fb7cc102170 con 0x7fb7cc1016e0
2024-03-18T01:11:42.897 INFO:teuthology.orchestra.run.smithi029.stdout:/usr/bin/ceph: stderr
2024-03-18T01:11:41.523+0000 7fb7d194e700 1 --2- 172.21.15.29:0/517663926 >> [v2:172.21.15.29:3300/0,v1:172.21.15.29:6789/0] conn(0x7fb7cc1016e0 0x7fb7cc101af0 secure :-1 s=READY pgs=47 cs=0 l=1 rev1=1 crypto rx=0x7fb7c4009e50 tx=0x7fb7c4009840 comp rx=0 tx=0).ready entity=mon.0 client_cookie=30660592b25848ca server_cookie=0 in_seq=0 out_seq=0
2024-03-18T01:11:42.897 INFO:teuthology.orchestra.run.smithi029.stdout:/usr/bin/ceph: stderr
2024-03-18T01:11:41.523+0000 7fb7d094c700 1 -- 172.21.15.29:0/517663926 <== mon.0 v2:172.21.15.29:3300/0 1 ==== mon_map magic: 0 v1 ==== 229+0+0 (secure 0 0 0) 0x7fb7c40092e0 con 0x7fb7cc1016e0
2024-03-18T01:11:42.897 INFO:teuthology.orchestra.run.smithi029.stdout:/usr/bin/ceph: stderr
2024-03-18T01:11:41.523+0000 7fb7d094c700 1 -- 172.21.15.29:0/517663926 <== mon.0 v2:172.21.15.29:3300/0 2 ==== config(27 keys) v1 ==== 1109+0+0 (secure 0 0 0) 0x7fb7c4012430 con 0x7fb7cc1016e0
2024-03-18T01:11:42.897 INFO:teuthology.orchestra.run.smithi029.stdout:/usr/bin/ceph: stderr
2024-03-18T01:11:41.523+0000 7fb7d094c700 1 -- 172.21.15.29:0/517663926 <== mon.0 v2:172.21.15.29:3300/0 3 ==== mon_map magic: 0 v1 ==== 229+0+0 (secure 0 0 0) 0x7fb7c40075a0 con 0x7fb7cc1016e0
2024-03-18T01:11:42.897 INFO:teuthology.orchestra.run.smithi029.stdout:/usr/bin/ceph: stderr
2024-03-18T01:11:41.524+0000 7fb7d3bb2700 1 -- 172.21.15.29:0/517663926 >> [v2:172.21.15.29:3300/0,v1:172.21.15.29:6789/0] conn(0x7fb7cc1016e0 msgr2=0x7fb7cc101af0 secure :-1 s=STATE_CONNECTION_ESTABLISHED l=1).mark_down
2024-03-18T01:11:42.897 INFO:teuthology.orchestra.run.smithi029.stdout:/usr/bin/ceph: stderr
2024-03-18T01:11:41.524+0000 7fb7d3bb2700 1 --2- 172.21.15.29:0/517663926 >> [v2:172.21.15.29:3300/0,v1:172.21.15.29:6789/0] conn(0x7fb7cc1016e0 0x7fb7cc101af0 secure :-1 s=READY pgs=47 cs=0 l=1 rev1=1 crypto rx=0x7fb7c4009e50 tx=0x7fb7c4009840 comp rx=0 tx=0).stop
2024-03-18T01:11:42.897 INFO:teuthology.orchestra.run.smithi029.stdout:/usr/bin/ceph: stderr
2024-03-18T01:11:41.524+0000 7fb7d3bb2700 1 -- 172.21.15.29:0/517663926 shutdown_connections
2024-03-18T01:11:42.898 INFO:teuthology.orchestra.run.smithi029.stdout:/usr/bin/ceph: stderr
2024-03-18T01:11:41.524+0000 7fb7d3bb2700 1 --2- 172.21.15.29:0/517663926 >> [v2:172.21.15.29:3300/0,v1:172.21.15.29:6789/0] conn(0x7fb7cc1016e0 0x7fb7cc101af0 secure :-1 s=CLOSED pgs=47 cs=0 l=1 rev1=1 crypto rx=0x7fb7c4009e50 tx=0x7fb7c4009840 comp rx=0 tx=0).stop
2024-03-18T01:11:42.898 INFO:teuthology.orchestra.run.smithi029.stdout:/usr/bin/ceph: stderr
2024-03-18T01:11:41.524+0000 7fb7d3bb2700 1 -- 172.21.15.29:0/517663926 >> 172.21.15.29:0/517663926 conn(0x7fb7cc0fce40 msgr2=0x7fb7cc0ff270 unknown :-1 s=STATE_NONE l=0).mark_down
2024-03-18T01:11:42.898 INFO:teuthology.orchestra.run.smithi029.stdout:/usr/bin/ceph: stderr
2024-03-18T01:11:41.524+0000 7fb7d3bb2700 1 -- 172.21.15.29:0/517663926 shutdown_connections
2024-03-18T01:11:42.898 INFO:teuthology.orchestra.run.smithi029.stdout:/usr/bin/ceph: stderr
2024-03-18T01:11:41.524+0000 7fb7d3bb2700 1 -- 172.21.15.29:0/517663926 wait complete.
2024-03-18T01:11:42.898 INFO:teuthology.orchestra.run.smithi029.stdout:/usr/bin/ceph: stderr
2024-03-18T01:11:41.524+0000 7fb7d3bb2700 1 Processor -- start
2024-03-18T01:11:42.898 INFO:teuthology.orchestra.run.smithi029.stdout:/usr/bin/ceph: stderr
2024-03-18T01:11:41.524+0000 7fb7d3bb2700 1 -- start start
2024-03-18T01:11:42.898 INFO:teuthology.orchestra.run.smithi029.stdout:/usr/bin/ceph: stderr
2024-03-18T01:11:41.525+0000 7fb7d3bb2700 1 --2- >> [v2:172.21.15.29:3300/0,v1:172.21.15.29:6789/0] conn(0x7fb7cc10f590 0x7fb7cc10f9a0 unknown :-1 s=NONE pgs=0 cs=0 l=1 rev1=0 crypto rx=0 tx=0 comp rx=0 tx=0).connect
2024-03-18T01:11:42.898 INFO:teuthology.orchestra.run.smithi029.stdout:/usr/bin/ceph: stderr
2024-03-18T01:11:41.525+0000 7fb7d3bb2700 1 -- --> [v2:172.21.15.29:3300/0,v1:172.21.15.29:6789/0] -- mon_getmap magic: 0 v1 -- 0x7fb7cc10fee0 con 0x7fb7cc10f590
2024-03-18T01:11:42.898 INFO:teuthology.orchestra.run.smithi029.stdout:/usr/bin/ceph: stderr
2024-03-18T01:11:41.525+0000 7fb7d194e700 1 --2- >> [v2:172.21.15.29:3300/0,v1:172.21.15.29:6789/0] conn(0x7fb7cc10f590 0x7fb7cc10f9a0 unknown :-1 s=BANNER_CONNECTING pgs=0 cs=0 l=1 rev1=0 crypto rx=0 tx=0 comp rx=0 tx=0)._handle_peer_banner_payload supported=3 required=0
2024-03-18T01:11:42.899 INFO:teuthology.orchestra.run.smithi029.stdout:/usr/bin/ceph: stderr
2024-03-18T01:11:41.525+0000 7fb7d194e700 1 --2- >> [v2:172.21.15.29:3300/0,v1:172.21.15.29:6789/0] conn(0x7fb7cc10f590 0x7fb7cc10f9a0 unknown :-1 s=HELLO_CONNECTING pgs=0 cs=0 l=1 rev1=1 crypto rx=0 tx=0 comp rx=0 tx=0).handle_hello peer v2:172.21.15.29:3300/0 says I am v2:172.21.15.29:60252/0 (socket says 172.21.15.29:60252)
2024-03-18T01:11:42.899 INFO:teuthology.orchestra.run.smithi029.stdout:/usr/bin/ceph: stderr
2024-03-18T01:11:41.525+0000 7fb7d194e700 1 -- 172.21.15.29:0/3899721280 learned_addr learned my addr 172.21.15.29:0/3899721280 (peer_addr_for_me v2:172.21.15.29:0/0)
2024-03-18T01:11:42.899 INFO:teuthology.orchestra.run.smithi029.stdout:/usr/bin/ceph: stderr
2024-03-18T01:11:41.525+0000 7fb7d194e700 1 -- 172.21.15.29:0/3899721280 --> [v2:172.21.15.29:3300/0,v1:172.21.15.29:6789/0] -- mon_subscribe({config=0+,monmap=0+}) v3 -- 0x7fb7c4009ae0 con 0x7fb7cc10f590
2024-03-18T01:11:42.899 INFO:teuthology.orchestra.run.smithi029.stdout:/usr/bin/ceph: stderr
2024-03-18T01:11:41.525+0000 7fb7d194e700 1 --2- 172.21.15.29:0/3899721280 >> [v2:172.21.15.29:3300/0,v1:172.21.15.29:6789/0] conn(0x7fb7cc10f590 0x7fb7cc10f9a0 secure :-1 s=READY pgs=48 cs=0 l=1 rev1=1 crypto rx=0x7fb7c4012f20 tx=0x7fb7c4009840 comp rx=0 tx=0).ready entity=mon.0 client_cookie=0 server_cookie=0 in_seq=0 out_seq=0
2024-03-18T01:11:42.899 INFO:teuthology.orchestra.run.smithi029.stdout:/usr/bin/ceph: stderr
2024-03-18T01:11:41.525+0000 7fb7ca7fc700 1 -- 172.21.15.29:0/3899721280 <== mon.0 v2:172.21.15.29:3300/0 1 ==== mon_map magic: 0 v1 ==== 229+0+0 (secure 0 0 0) 0x7fb7c400bd30 con 0x7fb7cc10f590
2024-03-18T01:11:42.900 INFO:teuthology.orchestra.run.smithi029.stdout:/usr/bin/ceph: stderr
2024-03-18T01:11:41.526+0000 7fb7d3bb2700 1 -- 172.21.15.29:0/3899721280 --> [v2:172.21.15.29:3300/0,v1:172.21.15.29:6789/0] -- mon_subscribe({mgrmap=0+}) v3 -- 0x7fb7cc1100e0 con 0x7fb7cc10f590
2024-03-18T01:11:42.900 INFO:teuthology.orchestra.run.smithi029.stdout:/usr/bin/ceph: stderr
2024-03-18T01:11:41.526+0000 7fb7ca7fc700 1 -- 172.21.15.29:0/3899721280 <== mon.0 v2:172.21.15.29:3300/0 2 ==== config(27 keys) v1 ==== 1109+0+0 (secure 0 0 0) 0x7fb7c400be90 con 0x7fb7cc10f590
2024-03-18T01:11:42.900 INFO:teuthology.orchestra.run.smithi029.stdout:/usr/bin/ceph: stderr
2024-03-18T01:11:41.526+0000 7fb7ca7fc700 1 -- 172.21.15.29:0/3899721280 <== mon.0 v2:172.21.15.29:3300/0 3 ==== mon_map magic: 0 v1 ==== 229+0+0 (secure 0 0 0) 0x7fb7c4026790 con 0x7fb7cc10f590
2024-03-18T01:11:42.900 INFO:teuthology.orchestra.run.smithi029.stdout:/usr/bin/ceph: stderr
2024-03-18T01:11:41.526+0000 7fb7d3bb2700 1 -- 172.21.15.29:0/3899721280 --> [v2:172.21.15.29:3300/0,v1:172.21.15.29:6789/0] -- mon_subscribe({osdmap=0}) v3 -- 0x7fb7cc110a70 con 0x7fb7cc10f590
2024-03-18T01:11:42.900 INFO:teuthology.orchestra.run.smithi029.stdout:/usr/bin/ceph: stderr
2024-03-18T01:11:41.527+0000 7fb7ca7fc700 1 -- 172.21.15.29:0/3899721280 <== mon.0 v2:172.21.15.29:3300/0 4 ==== mgrmap(e 8) v1 ==== 43368+0+0 (secure 0 0 0) 0x7fb7c40268f0 con 0x7fb7cc10f590
2024-03-18T01:11:42.901 INFO:teuthology.orchestra.run.smithi029.stdout:/usr/bin/ceph: stderr
2024-03-18T01:11:41.527+0000 7fb7d3bb2700 1 -- 172.21.15.29:0/3899721280 --> [v2:172.21.15.29:3300/0,v1:172.21.15.29:6789/0] -- mon_command({"prefix": "get_command_descriptions"} v 0) v1 -- 0x7fb7cc04bed0 con 0x7fb7cc10f590
2024-03-18T01:11:42.901 INFO:teuthology.orchestra.run.smithi029.stdout:/usr/bin/ceph: stderr
2024-03-18T01:11:41.527+0000 7fb7ca7fc700 1 --2- 172.21.15.29:0/3899721280 >> [v2:172.21.15.29:6800/950856841,v1:172.21.15.29:6801/950856841] conn(0x7fb7b4038a30 0x7fb7b403aee0 unknown :-1 s=NONE pgs=0 cs=0 l=1 rev1=0 crypto rx=0 tx=0 comp rx=0 tx=0).connect
2024-03-18T01:11:42.901 INFO:teuthology.orchestra.run.smithi029.stdout:/usr/bin/ceph: stderr
2024-03-18T01:11:41.527+0000 7fb7ca7fc700 1 -- 172.21.15.29:0/3899721280 <== mon.0 v2:172.21.15.29:3300/0 5 ==== osd_map(2..2 src has 1..2) v4 ==== 936+0+0 (secure 0 0 0) 0x7fb7c404b2f0 con 0x7fb7cc10f590
2024-03-18T01:11:42.901 INFO:teuthology.orchestra.run.smithi029.stdout:/usr/bin/ceph: stderr
2024-03-18T01:11:41.527+0000 7fb7d114d700 1 --2- 172.21.15.29:0/3899721280 >> [v2:172.21.15.29:6800/950856841,v1:172.21.15.29:6801/950856841] conn(0x7fb7b4038a30 0x7fb7b403aee0 unknown :-1 s=BANNER_CONNECTING pgs=0 cs=0 l=1 rev1=0 crypto rx=0 tx=0 comp rx=0 tx=0)._handle_peer_banner_payload supported=3 required=0
2024-03-18T01:11:42.901 INFO:teuthology.orchestra.run.smithi029.stdout:/usr/bin/ceph: stderr
2024-03-18T01:11:41.528+0000 7fb7d114d700 1 --2- 172.21.15.29:0/3899721280 >> [v2:172.21.15.29:6800/950856841,v1:172.21.15.29:6801/950856841] conn(0x7fb7b4038a30 0x7fb7b403aee0 secure :-1 s=READY pgs=14 cs=0 l=1 rev1=1 crypto rx=0x7fb7c0009990 tx=0x7fb7c0006e40 comp rx=0 tx=0).ready entity=mgr.14116 client_cookie=0 server_cookie=0 in_seq=0 out_seq=0
2024-03-18T01:11:42.901 INFO:teuthology.orchestra.run.smithi029.stdout:/usr/bin/ceph: stderr
2024-03-18T01:11:41.532+0000 7fb7ca7fc700 1 -- 172.21.15.29:0/3899721280 <== mon.0 v2:172.21.15.29:3300/0 6 ==== mon_command_ack([{"prefix": "get_command_descriptions"}]=0 v0) v1 ==== 72+0+175520 (secure 0 0 0) 0x7fb7c4024d60 con 0x7fb7cc10f590
2024-03-18T01:11:42.902 INFO:teuthology.orchestra.run.smithi029.stdout:/usr/bin/ceph: stderr
2024-03-18T01:11:41.768+0000 7fb7d3bb2700 1 -- 172.21.15.29:0/3899721280 --> [v2:172.21.15.29:6800/950856841,v1:172.21.15.29:6801/950856841] -- mgr_command(tid 0: {"prefix": "orch apply", "service_type": "crash", "target": ["mon-mgr", ""]}) v1 -- 0x7fb7cc1112b0 con 0x7fb7b4038a30
2024-03-18T01:11:42.902 INFO:teuthology.orchestra.run.smithi029.stdout:/usr/bin/ceph: stderr
2024-03-18T01:11:41.772+0000 7fb7ca7fc700 1 -- 172.21.15.29:0/3899721280 <== mgr.14116 v2:172.21.15.29:6800/950856841 1 ==== mgr_command_reply(tid 0: 0 ) v1 ==== 8+0+26 (secure 0 0 0) 0x7fb7cc1112b0 con 0x7fb7b4038a30
2024-03-18T01:11:42.902 INFO:teuthology.orchestra.run.smithi029.stdout:/usr/bin/ceph: stderr
2024-03-18T01:11:41.774+0000 7fb7d3bb2700 1 -- 172.21.15.29:0/3899721280 >> [v2:172.21.15.29:6800/950856841,v1:172.21.15.29:6801/950856841] conn(0x7fb7b4038a30 msgr2=0x7fb7b403aee0 secure :-1 s=STATE_CONNECTION_ESTABLISHED l=1).mark_down
2024-03-18T01:11:42.902 INFO:teuthology.orchestra.run.smithi029.stdout:/usr/bin/ceph: stderr
2024-03-18T01:11:41.774+0000 7fb7d3bb2700 1 --2- 172.21.15.29:0/3899721280 >> [v2:172.21.15.29:6800/950856841,v1:172.21.15.29:6801/950856841] conn(0x7fb7b4038a30 0x7fb7b403aee0 secure :-1 s=READY pgs=14 cs=0 l=1 rev1=1 crypto rx=0x7fb7c0009990 tx=0x7fb7c0006e40 comp rx=0 tx=0).stop
2024-03-18T01:11:42.902 INFO:teuthology.orchestra.run.smithi029.stdout:/usr/bin/ceph: stderr
2024-03-18T01:11:41.774+0000 7fb7d3bb2700 1 -- 172.21.15.29:0/3899721280 >> [v2:172.21.15.29:3300/0,v1:172.21.15.29:6789/0] conn(0x7fb7cc10f590 msgr2=0x7fb7cc10f9a0 secure :-1 s=STATE_CONNECTION_ESTABLISHED l=1).mark_down
2024-03-18T01:11:42.903 INFO:teuthology.orchestra.run.smithi029.stdout:/usr/bin/ceph: stderr
2024-03-18T01:11:41.774+0000 7fb7d3bb2700 1 --2- 172.21.15.29:0/3899721280 >> [v2:172.21.15.29:3300/0,v1:172.21.15.29:6789/0] conn(0x7fb7cc10f590 0x7fb7cc10f9a0 secure :-1 s=READY pgs=48 cs=0 l=1 rev1=1 crypto rx=0x7fb7c4012f20 tx=0x7fb7c4009840 comp rx=0 tx=0).stop
2024-03-18T01:11:42.903 INFO:teuthology.orchestra.run.smithi029.stdout:/usr/bin/ceph: stderr
2024-03-18T01:11:41.774+0000 7fb7d3bb2700 1 -- 172.21.15.29:0/3899721280 shutdown_connections
2024-03-18T01:11:42.903 INFO:teuthology.orchestra.run.smithi029.stdout:/usr/bin/ceph: stderr
2024-03-18T01:11:41.774+0000 7fb7d3bb2700 1 --2- 172.21.15.29:0/3899721280 >> [v2:172.21.15.29:6800/950856841,v1:172.21.15.29:6801/950856841] conn(0x7fb7b4038a30 0x7fb7b403aee0 unknown :-1 s=CLOSED pgs=14 cs=0 l=1 rev1=1 crypto rx=0 tx=0 comp rx=0 tx=0).stop
2024-03-18T01:11:42.903 INFO:teuthology.orchestra.run.smithi029.stdout:/usr/bin/ceph: stderr
2024-03-18T01:11:41.774+0000 7fb7d3bb2700 1 --2- 172.21.15.29:0/3899721280 >> [v2:172.21.15.29:3300/0,v1:172.21.15.29:6789/0] conn(0x7fb7cc10f590 0x7fb7cc10f9a0 unknown :-1 s=CLOSED pgs=48 cs=0 l=1 rev1=1 crypto rx=0 tx=0 comp rx=0 tx=0).stop
2024-03-18T01:11:42.903 INFO:teuthology.orchestra.run.smithi029.stdout:/usr/bin/ceph: stderr
2024-03-18T01:11:41.774+0000 7fb7d3bb2700 1 -- 172.21.15.29:0/3899721280 >> 172.21.15.29:0/3899721280 conn(0x7fb7cc0fce40 msgr2=0x7fb7cc105da0 unknown :-1 s=STATE_NONE l=0).mark_down
2024-03-18T01:11:42.904 INFO:teuthology.orchestra.run.smithi029.stdout:/usr/bin/ceph: stderr
2024-03-18T01:11:41.775+0000 7fb7d3bb2700 1 -- 172.21.15.29:0/3899721280 shutdown_connections
2024-03-18T01:11:42.904 INFO:teuthology.orchestra.run.smithi029.stdout:/usr/bin/ceph: stderr
2024-03-18T01:11:41.775+0000 7fb7d3bb2700 1 -- 172.21.15.29:0/3899721280 wait complete.
2024-03-18T01:11:42.904 INFO:teuthology.orchestra.run.smithi029.stdout:Deploying prometheus service with default placement...
2024-03-18T01:11:43.536 INFO:journalctl@ceph.mon.smithi029.smithi029.stdout:Mar 18 01:11:43 smithi029 ceph-mon[29331]: from='mgr.14116 172.21.15.29:0/340264435' entity='mgr.smithi029.qviwhl'
2024-03-18T01:11:43.536 INFO:journalctl@ceph.mon.smithi029.smithi029.stdout:Mar 18 01:11:43 smithi029 ceph-mon[29331]: from='mgr.14116 172.21.15.29:0/340264435' entity='mgr.smithi029.qviwhl'
2024-03-18T01:11:44.135 INFO:teuthology.orchestra.run.smithi029.stdout:/usr/bin/ceph: stdout Scheduled prometheus update...
2024-03-18T01:11:44.135 INFO:teuthology.orchestra.run.smithi029.stdout:/usr/bin/ceph: stderr
2024-03-18T01:11:43.302+0000 7fa4582f4700 1 Processor -- start
2024-03-18T01:11:44.135 INFO:teuthology.orchestra.run.smithi029.stdout:/usr/bin/ceph: stderr
2024-03-18T01:11:43.302+0000 7fa4582f4700 1 -- start start
2024-03-18T01:11:44.135 INFO:teuthology.orchestra.run.smithi029.stdout:/usr/bin/ceph: stderr
2024-03-18T01:11:43.302+0000 7fa4582f4700 1 --2- >> [v2:172.21.15.29:3300/0,v1:172.21.15.29:6789/0] conn(0x7fa450102730 0x7fa450102b40 unknown :-1 s=NONE pgs=0 cs=0 l=0 rev1=0 crypto rx=0 tx=0 comp rx=0 tx=0).connect
2024-03-18T01:11:44.135 INFO:teuthology.orchestra.run.smithi029.stdout:/usr/bin/ceph: stderr
2024-03-18T01:11:43.302+0000 7fa4582f4700 1 -- --> [v2:172.21.15.29:3300/0,v1:172.21.15.29:6789/0] -- mon_getmap magic: 0 v1 -- 0x7fa450103080 con 0x7fa450102730
2024-03-18T01:11:44.136 INFO:teuthology.orchestra.run.smithi029.stdout:/usr/bin/ceph: stderr
2024-03-18T01:11:43.302+0000 7fa456090700 1 --2- >> [v2:172.21.15.29:3300/0,v1:172.21.15.29:6789/0] conn(0x7fa450102730 0x7fa450102b40 unknown :-1 s=BANNER_CONNECTING pgs=0 cs=0 l=0 rev1=0 crypto rx=0 tx=0 comp rx=0 tx=0)._handle_peer_banner_payload supported=3 required=0
2024-03-18T01:11:44.136 INFO:teuthology.orchestra.run.smithi029.stdout:/usr/bin/ceph: stderr
2024-03-18T01:11:43.302+0000 7fa456090700 1 --2- >> [v2:172.21.15.29:3300/0,v1:172.21.15.29:6789/0] conn(0x7fa450102730 0x7fa450102b40 unknown :-1 s=HELLO_CONNECTING pgs=0 cs=0 l=0 rev1=1 crypto rx=0 tx=0 comp rx=0 tx=0).handle_hello peer v2:172.21.15.29:3300/0 says I am v2:172.21.15.29:53982/0 (socket says 172.21.15.29:53982)
2024-03-18T01:11:44.136 INFO:teuthology.orchestra.run.smithi029.stdout:/usr/bin/ceph: stderr
