2024-03-18T01:11:51.496+0000 7f565cfd1700 1 --2- 172.21.15.29:0/4199053206 >> [v2:172.21.15.29:3300/0,v1:172.21.15.29:6789/0] conn(0x7f5658076be0 0x7f5658105310 secure :-1 s=READY pgs=61 cs=0 l=1 rev1=1 crypto rx=0x7f56480098e0 tx=0x7f5648009250 comp rx=0 tx=0).stop
2024-03-18T01:11:53.070 INFO:teuthology.orchestra.run.smithi029.stdout:/usr/bin/ceph: stderr
2024-03-18T01:11:51.496+0000 7f565cfd1700 1 -- 172.21.15.29:0/4199053206 shutdown_connections
2024-03-18T01:11:53.070 INFO:teuthology.orchestra.run.smithi029.stdout:/usr/bin/ceph: stderr
2024-03-18T01:11:51.496+0000 7f565cfd1700 1 --2- 172.21.15.29:0/4199053206 >> [v2:172.21.15.29:3300/0,v1:172.21.15.29:6789/0] conn(0x7f5658076be0 0x7f5658105310 unknown :-1 s=CLOSED pgs=61 cs=0 l=1 rev1=1 crypto rx=0 tx=0 comp rx=0 tx=0).stop
2024-03-18T01:11:53.070 INFO:teuthology.orchestra.run.smithi029.stdout:/usr/bin/ceph: stderr
2024-03-18T01:11:51.496+0000 7f565cfd1700 1 -- 172.21.15.29:0/4199053206 >> 172.21.15.29:0/4199053206 conn(0x7f56580fcdc0 msgr2=0x7f56580ff1d0 unknown :-1 s=STATE_NONE l=0).mark_down
2024-03-18T01:11:53.070 INFO:teuthology.orchestra.run.smithi029.stdout:/usr/bin/ceph: stderr
2024-03-18T01:11:51.496+0000 7f565cfd1700 1 -- 172.21.15.29:0/4199053206 shutdown_connections
2024-03-18T01:11:53.070 INFO:teuthology.orchestra.run.smithi029.stdout:/usr/bin/ceph: stderr
2024-03-18T01:11:51.496+0000 7f565cfd1700 1 -- 172.21.15.29:0/4199053206 wait complete.
2024-03-18T01:11:53.070 INFO:teuthology.orchestra.run.smithi029.stdout:/usr/bin/ceph: stderr
2024-03-18T01:11:51.497+0000 7f565cfd1700 1 Processor -- start
2024-03-18T01:11:53.070 INFO:teuthology.orchestra.run.smithi029.stdout:/usr/bin/ceph: stderr
2024-03-18T01:11:51.497+0000 7f565cfd1700 1 -- start start
2024-03-18T01:11:53.070 INFO:teuthology.orchestra.run.smithi029.stdout:/usr/bin/ceph: stderr
2024-03-18T01:11:51.497+0000 7f565cfd1700 1 --2- >> [v2:172.21.15.29:3300/0,v1:172.21.15.29:6789/0] conn(0x7f5658076be0 0x7f56581115b0 unknown :-1 s=NONE pgs=0 cs=0 l=1 rev1=0 crypto rx=0 tx=0 comp rx=0 tx=0).connect
2024-03-18T01:11:53.070 INFO:teuthology.orchestra.run.smithi029.stdout:/usr/bin/ceph: stderr
2024-03-18T01:11:51.497+0000 7f565cfd1700 1 -- --> [v2:172.21.15.29:3300/0,v1:172.21.15.29:6789/0] -- mon_getmap magic: 0 v1 -- 0x7f5658111af0 con 0x7f5658076be0
2024-03-18T01:11:53.070 INFO:teuthology.orchestra.run.smithi029.stdout:/usr/bin/ceph: stderr
2024-03-18T01:11:51.497+0000 7f565659c700 1 --2- >> [v2:172.21.15.29:3300/0,v1:172.21.15.29:6789/0] conn(0x7f5658076be0 0x7f56581115b0 unknown :-1 s=BANNER_CONNECTING pgs=0 cs=0 l=1 rev1=0 crypto rx=0 tx=0 comp rx=0 tx=0)._handle_peer_banner_payload supported=3 required=0
2024-03-18T01:11:53.070 INFO:teuthology.orchestra.run.smithi029.stdout:/usr/bin/ceph: stderr
2024-03-18T01:11:51.497+0000 7f565659c700 1 --2- >> [v2:172.21.15.29:3300/0,v1:172.21.15.29:6789/0] conn(0x7f5658076be0 0x7f56581115b0 unknown :-1 s=HELLO_CONNECTING pgs=0 cs=0 l=1 rev1=1 crypto rx=0 tx=0 comp rx=0 tx=0).handle_hello peer v2:172.21.15.29:3300/0 says I am v2:172.21.15.29:54108/0 (socket says 172.21.15.29:54108)
2024-03-18T01:11:53.071 INFO:teuthology.orchestra.run.smithi029.stdout:/usr/bin/ceph: stderr
2024-03-18T01:11:51.497+0000 7f565659c700 1 -- 172.21.15.29:0/1681601058 learned_addr learned my addr 172.21.15.29:0/1681601058 (peer_addr_for_me v2:172.21.15.29:0/0)
2024-03-18T01:11:53.071 INFO:teuthology.orchestra.run.smithi029.stdout:/usr/bin/ceph: stderr
2024-03-18T01:11:51.497+0000 7f565659c700 1 -- 172.21.15.29:0/1681601058 --> [v2:172.21.15.29:3300/0,v1:172.21.15.29:6789/0] -- mon_subscribe({config=0+,monmap=0+}) v3 -- 0x7f56480094f0 con 0x7f5658076be0
2024-03-18T01:11:53.071 INFO:teuthology.orchestra.run.smithi029.stdout:/usr/bin/ceph: stderr
2024-03-18T01:11:51.498+0000 7f565659c700 1 --2- 172.21.15.29:0/1681601058 >> [v2:172.21.15.29:3300/0,v1:172.21.15.29:6789/0] conn(0x7f5658076be0 0x7f56581115b0 secure :-1 s=READY pgs=62 cs=0 l=1 rev1=1 crypto rx=0x7f5648006d40 tx=0x7f5648009250 comp rx=0 tx=0).ready entity=mon.0 client_cookie=0 server_cookie=0 in_seq=0 out_seq=0
2024-03-18T01:11:53.071 INFO:teuthology.orchestra.run.smithi029.stdout:/usr/bin/ceph: stderr
2024-03-18T01:11:51.498+0000 7f5646ffd700 1 -- 172.21.15.29:0/1681601058 <== mon.0 v2:172.21.15.29:3300/0 1 ==== mon_map magic: 0 v1 ==== 229+0+0 (secure 0 0 0) 0x7f5648010840 con 0x7f5658076be0
2024-03-18T01:11:53.071 INFO:teuthology.orchestra.run.smithi029.stdout:/usr/bin/ceph: stderr
2024-03-18T01:11:51.498+0000 7f5646ffd700 1 -- 172.21.15.29:0/1681601058 <== mon.0 v2:172.21.15.29:3300/0 2 ==== config(27 keys) v1 ==== 1109+0+0 (secure 0 0 0) 0x7f5648010e70 con 0x7f5658076be0
2024-03-18T01:11:53.071 INFO:teuthology.orchestra.run.smithi029.stdout:/usr/bin/ceph: stderr
2024-03-18T01:11:51.498+0000 7f565cfd1700 1 -- 172.21.15.29:0/1681601058 --> [v2:172.21.15.29:3300/0,v1:172.21.15.29:6789/0] -- mon_subscribe({mgrmap=0+}) v3 -- 0x7f5658111cf0 con 0x7f5658076be0
2024-03-18T01:11:53.071 INFO:teuthology.orchestra.run.smithi029.stdout:/usr/bin/ceph: stderr
2024-03-18T01:11:51.498+0000 7f5646ffd700 1 -- 172.21.15.29:0/1681601058 <== mon.0 v2:172.21.15.29:3300/0 3 ==== mon_map magic: 0 v1 ==== 229+0+0 (secure 0 0 0) 0x7f5648024ea0 con 0x7f5658076be0
2024-03-18T01:11:53.071 INFO:teuthology.orchestra.run.smithi029.stdout:/usr/bin/ceph: stderr
2024-03-18T01:11:51.498+0000 7f565cfd1700 1 -- 172.21.15.29:0/1681601058 --> [v2:172.21.15.29:3300/0,v1:172.21.15.29:6789/0] -- mon_subscribe({osdmap=0}) v3 -- 0x7f5658112860 con 0x7f5658076be0
2024-03-18T01:11:53.071 INFO:teuthology.orchestra.run.smithi029.stdout:/usr/bin/ceph: stderr
2024-03-18T01:11:51.499+0000 7f5646ffd700 1 -- 172.21.15.29:0/1681601058 <== mon.0 v2:172.21.15.29:3300/0 4 ==== mgrmap(e 8) v1 ==== 43368+0+0 (secure 0 0 0) 0x7f5648024780 con 0x7f5658076be0
2024-03-18T01:11:53.071 INFO:teuthology.orchestra.run.smithi029.stdout:/usr/bin/ceph: stderr
2024-03-18T01:11:51.499+0000 7f565cfd1700 1 -- 172.21.15.29:0/1681601058 --> [v2:172.21.15.29:3300/0,v1:172.21.15.29:6789/0] -- mon_command({"prefix": "get_command_descriptions"} v 0) v1 -- 0x7f565805f5f0 con 0x7f5658076be0
2024-03-18T01:11:53.071 INFO:teuthology.orchestra.run.smithi029.stdout:/usr/bin/ceph: stderr
2024-03-18T01:11:51.499+0000 7f5646ffd700 1 --2- 172.21.15.29:0/1681601058 >> [v2:172.21.15.29:6800/950856841,v1:172.21.15.29:6801/950856841] conn(0x7f5640036740 0x7f5640038bf0 unknown :-1 s=NONE pgs=0 cs=0 l=1 rev1=0 crypto rx=0 tx=0 comp rx=0 tx=0).connect
2024-03-18T01:11:53.071 INFO:teuthology.orchestra.run.smithi029.stdout:/usr/bin/ceph: stderr
2024-03-18T01:11:51.499+0000 7f5646ffd700 1 -- 172.21.15.29:0/1681601058 <== mon.0 v2:172.21.15.29:3300/0 5 ==== osd_map(2..2 src has 1..2) v4 ==== 936+0+0 (secure 0 0 0) 0x7f564804a6c0 con 0x7f5658076be0
2024-03-18T01:11:53.071 INFO:teuthology.orchestra.run.smithi029.stdout:/usr/bin/ceph: stderr
2024-03-18T01:11:51.499+0000 7f5655d9b700 1 --2- 172.21.15.29:0/1681601058 >> [v2:172.21.15.29:6800/950856841,v1:172.21.15.29:6801/950856841] conn(0x7f5640036740 0x7f5640038bf0 unknown :-1 s=BANNER_CONNECTING pgs=0 cs=0 l=1 rev1=0 crypto rx=0 tx=0 comp rx=0 tx=0)._handle_peer_banner_payload supported=3 required=0
2024-03-18T01:11:53.071 INFO:teuthology.orchestra.run.smithi029.stdout:/usr/bin/ceph: stderr
2024-03-18T01:11:51.499+0000 7f5655d9b700 1 --2- 172.21.15.29:0/1681601058 >> [v2:172.21.15.29:6800/950856841,v1:172.21.15.29:6801/950856841] conn(0x7f5640036740 0x7f5640038bf0 secure :-1 s=READY pgs=21 cs=0 l=1 rev1=1 crypto rx=0x7f564c009990 tx=0x7f564c006e40 comp rx=0 tx=0).ready entity=mgr.14116 client_cookie=0 server_cookie=0 in_seq=0 out_seq=0
2024-03-18T01:11:53.071 INFO:teuthology.orchestra.run.smithi029.stdout:/usr/bin/ceph: stderr
2024-03-18T01:11:51.504+0000 7f5646ffd700 1 -- 172.21.15.29:0/1681601058 <== mon.0 v2:172.21.15.29:3300/0 6 ==== mon_command_ack([{"prefix": "get_command_descriptions"}]=0 v0) v1 ==== 72+0+175520 (secure 0 0 0) 0x7f564802c930 con 0x7f5658076be0
2024-03-18T01:11:53.072 INFO:teuthology.orchestra.run.smithi029.stdout:/usr/bin/ceph: stderr
2024-03-18T01:11:51.748+0000 7f565cfd1700 1 -- 172.21.15.29:0/1681601058 --> [v2:172.21.15.29:3300/0,v1:172.21.15.29:6789/0] -- mon_command({"prefix": "mgr module enable", "module": "dashboard"} v 0) v1 -- 0x7f565804bed0 con 0x7f5658076be0
2024-03-18T01:11:53.072 INFO:teuthology.orchestra.run.smithi029.stdout:/usr/bin/ceph: stderr
2024-03-18T01:11:52.437+0000 7f5646ffd700 1 -- 172.21.15.29:0/1681601058 <== mon.0 v2:172.21.15.29:3300/0 7 ==== mgrmap(e 9) v1 ==== 43381+0+0 (secure 0 0 0) 0x7f564802e440 con 0x7f5658076be0
2024-03-18T01:11:53.072 INFO:teuthology.orchestra.run.smithi029.stdout:/usr/bin/ceph: stderr
2024-03-18T01:11:52.439+0000 7f5646ffd700 1 -- 172.21.15.29:0/1681601058 <== mon.0 v2:172.21.15.29:3300/0 8 ==== mon_command_ack([{"prefix": "mgr module enable", "module": "dashboard"}]=0 v9) v1 ==== 88+0+0 (secure 0 0 0) 0x7f564800f930 con 0x7f5658076be0
2024-03-18T01:11:53.072 INFO:teuthology.orchestra.run.smithi029.stdout:/usr/bin/ceph: stderr
2024-03-18T01:11:52.441+0000 7f565cfd1700 1 -- 172.21.15.29:0/1681601058 >> [v2:172.21.15.29:6800/950856841,v1:172.21.15.29:6801/950856841] conn(0x7f5640036740 msgr2=0x7f5640038bf0 secure :-1 s=STATE_CONNECTION_ESTABLISHED l=1).mark_down
2024-03-18T01:11:53.072 INFO:teuthology.orchestra.run.smithi029.stdout:/usr/bin/ceph: stderr
2024-03-18T01:11:52.441+0000 7f565cfd1700 1 --2- 172.21.15.29:0/1681601058 >> [v2:172.21.15.29:6800/950856841,v1:172.21.15.29:6801/950856841] conn(0x7f5640036740 0x7f5640038bf0 secure :-1 s=READY pgs=21 cs=0 l=1 rev1=1 crypto rx=0x7f564c009990 tx=0x7f564c006e40 comp rx=0 tx=0).stop
2024-03-18T01:11:53.072 INFO:teuthology.orchestra.run.smithi029.stdout:/usr/bin/ceph: stderr
2024-03-18T01:11:52.441+0000 7f565cfd1700 1 -- 172.21.15.29:0/1681601058 >> [v2:172.21.15.29:3300/0,v1:172.21.15.29:6789/0] conn(0x7f5658076be0 msgr2=0x7f56581115b0 secure :-1 s=STATE_CONNECTION_ESTABLISHED l=1).mark_down
2024-03-18T01:11:53.072 INFO:teuthology.orchestra.run.smithi029.stdout:/usr/bin/ceph: stderr
2024-03-18T01:11:52.441+0000 7f565cfd1700 1 --2- 172.21.15.29:0/1681601058 >> [v2:172.21.15.29:3300/0,v1:172.21.15.29:6789/0] conn(0x7f5658076be0 0x7f56581115b0 secure :-1 s=READY pgs=62 cs=0 l=1 rev1=1 crypto rx=0x7f5648006d40 tx=0x7f5648009250 comp rx=0 tx=0).stop
2024-03-18T01:11:53.072 INFO:teuthology.orchestra.run.smithi029.stdout:/usr/bin/ceph: stderr
2024-03-18T01:11:52.441+0000 7f565cfd1700 1 -- 172.21.15.29:0/1681601058 shutdown_connections
2024-03-18T01:11:53.072 INFO:teuthology.orchestra.run.smithi029.stdout:/usr/bin/ceph: stderr
2024-03-18T01:11:52.441+0000 7f565cfd1700 1 --2- 172.21.15.29:0/1681601058 >> [v2:172.21.15.29:6800/950856841,v1:172.21.15.29:6801/950856841] conn(0x7f5640036740 0x7f5640038bf0 unknown :-1 s=CLOSED pgs=21 cs=0 l=1 rev1=1 crypto rx=0 tx=0 comp rx=0 tx=0).stop
2024-03-18T01:11:53.072 INFO:teuthology.orchestra.run.smithi029.stdout:/usr/bin/ceph: stderr
2024-03-18T01:11:52.441+0000 7f565cfd1700 1 --2- 172.21.15.29:0/1681601058 >> [v2:172.21.15.29:3300/0,v1:172.21.15.29:6789/0] conn(0x7f5658076be0 0x7f56581115b0 unknown :-1 s=CLOSED pgs=62 cs=0 l=1 rev1=1 crypto rx=0 tx=0 comp rx=0 tx=0).stop
2024-03-18T01:11:53.072 INFO:teuthology.orchestra.run.smithi029.stdout:/usr/bin/ceph: stderr
2024-03-18T01:11:52.441+0000 7f565cfd1700 1 -- 172.21.15.29:0/1681601058 >> 172.21.15.29:0/1681601058 conn(0x7f56580fcdc0 msgr2=0x7f56580fd960 unknown :-1 s=STATE_NONE l=0).mark_down
2024-03-18T01:11:53.072 INFO:teuthology.orchestra.run.smithi029.stdout:/usr/bin/ceph: stderr
2024-03-18T01:11:52.441+0000 7f565cfd1700 1 -- 172.21.15.29:0/1681601058 shutdown_connections
2024-03-18T01:11:53.072 INFO:teuthology.orchestra.run.smithi029.stdout:/usr/bin/ceph: stderr
2024-03-18T01:11:52.441+0000 7f565cfd1700 1 -- 172.21.15.29:0/1681601058 wait complete.
2024-03-18T01:11:53.694 INFO:journalctl@ceph.mon.smithi029.smithi029.stdout:Mar 18 01:11:53 smithi029 ceph-mon[29331]: from='client.? 172.21.15.29:0/1681601058' entity='client.admin' cmd='[{"prefix": "mgr module enable", "module": "dashboard"}]': finished
2024-03-18T01:11:53.694 INFO:journalctl@ceph.mon.smithi029.smithi029.stdout:Mar 18 01:11:53 smithi029 ceph-mon[29331]: mgrmap e9: smithi029.qviwhl(active, since 26s)
2024-03-18T01:11:54.358 INFO:teuthology.orchestra.run.smithi029.stdout:/usr/bin/ceph: stdout {
2024-03-18T01:11:54.358 INFO:teuthology.orchestra.run.smithi029.stdout:/usr/bin/ceph: stdout "epoch": 9,
2024-03-18T01:11:54.359 INFO:teuthology.orchestra.run.smithi029.stdout:/usr/bin/ceph: stdout "available": true,
2024-03-18T01:11:54.359 INFO:teuthology.orchestra.run.smithi029.stdout:/usr/bin/ceph: stdout "active_name": "smithi029.qviwhl",
2024-03-18T01:11:54.359 INFO:teuthology.orchestra.run.smithi029.stdout:/usr/bin/ceph: stdout "num_standby": 0
2024-03-18T01:11:54.359 INFO:teuthology.orchestra.run.smithi029.stdout:/usr/bin/ceph: stdout }
2024-03-18T01:11:54.359 INFO:teuthology.orchestra.run.smithi029.stdout:/usr/bin/ceph: stderr
2024-03-18T01:11:53.487+0000 7f710bffd700 1 Processor -- start
2024-03-18T01:11:54.359 INFO:teuthology.orchestra.run.smithi029.stdout:/usr/bin/ceph: stderr
2024-03-18T01:11:53.488+0000 7f710bffd700 1 -- start start
2024-03-18T01:11:54.359 INFO:teuthology.orchestra.run.smithi029.stdout:/usr/bin/ceph: stderr
2024-03-18T01:11:53.488+0000 7f710bffd700 1 --2- >> [v2:172.21.15.29:3300/0,v1:172.21.15.29:6789/0] conn(0x7f7104102710 0x7f7104102b20 unknown :-1 s=NONE pgs=0 cs=0 l=0 rev1=0 crypto rx=0 tx=0 comp rx=0 tx=0).connect
2024-03-18T01:11:54.359 INFO:teuthology.orchestra.run.smithi029.stdout:/usr/bin/ceph: stderr
2024-03-18T01:11:53.488+0000 7f710bffd700 1 -- --> [v2:172.21.15.29:3300/0,v1:172.21.15.29:6789/0] -- mon_getmap magic: 0 v1 -- 0x7f7104103060 con 0x7f7104102710
2024-03-18T01:11:54.359 INFO:teuthology.orchestra.run.smithi029.stdout:/usr/bin/ceph: stderr
2024-03-18T01:11:53.488+0000 7f7109d99700 1 --2- >> [v2:172.21.15.29:3300/0,v1:172.21.15.29:6789/0] conn(0x7f7104102710 0x7f7104102b20 unknown :-1 s=BANNER_CONNECTING pgs=0 cs=0 l=0 rev1=0 crypto rx=0 tx=0 comp rx=0 tx=0)._handle_peer_banner_payload supported=3 required=0
2024-03-18T01:11:54.359 INFO:teuthology.orchestra.run.smithi029.stdout:/usr/bin/ceph: stderr
2024-03-18T01:11:53.488+0000 7f7109d99700 1 --2- >> [v2:172.21.15.29:3300/0,v1:172.21.15.29:6789/0] conn(0x7f7104102710 0x7f7104102b20 unknown :-1 s=HELLO_CONNECTING pgs=0 cs=0 l=0 rev1=1 crypto rx=0 tx=0 comp rx=0 tx=0).handle_hello peer v2:172.21.15.29:3300/0 says I am v2:172.21.15.29:39150/0 (socket says 172.21.15.29:39150)
2024-03-18T01:11:54.359 INFO:teuthology.orchestra.run.smithi029.stdout:/usr/bin/ceph: stderr
2024-03-18T01:11:53.488+0000 7f7109d99700 1 -- 172.21.15.29:0/1095360700 learned_addr learned my addr 172.21.15.29:0/1095360700 (peer_addr_for_me v2:172.21.15.29:0/0)
2024-03-18T01:11:54.359 INFO:teuthology.orchestra.run.smithi029.stdout:/usr/bin/ceph: stderr
2024-03-18T01:11:53.488+0000 7f7109d99700 1 -- 172.21.15.29:0/1095360700 --> [v2:172.21.15.29:3300/0,v1:172.21.15.29:6789/0] -- mon_subscribe({config=0+,monmap=0+}) v3 -- 0x7f71041031a0 con 0x7f7104102710
2024-03-18T01:11:54.360 INFO:teuthology.orchestra.run.smithi029.stdout:/usr/bin/ceph: stderr
2024-03-18T01:11:53.489+0000 7f7109d99700 1 --2- 172.21.15.29:0/1095360700 >> [v2:172.21.15.29:3300/0,v1:172.21.15.29:6789/0] conn(0x7f7104102710 0x7f7104102b20 secure :-1 s=READY pgs=65 cs=0 l=1 rev1=1 crypto rx=0x7f71000098e0 tx=0x7f7100009250 comp rx=0 tx=0).ready entity=mon.0 client_cookie=ea3ede0c61d05787 server_cookie=0 in_seq=0 out_seq=0
2024-03-18T01:11:54.360 INFO:teuthology.orchestra.run.smithi029.stdout:/usr/bin/ceph: stderr
2024-03-18T01:11:53.489+0000 7f7108d97700 1 -- 172.21.15.29:0/1095360700 <== mon.0 v2:172.21.15.29:3300/0 1 ==== mon_map magic: 0 v1 ==== 229+0+0 (secure 0 0 0) 0x7f710000b860 con 0x7f7104102710
2024-03-18T01:11:54.360 INFO:teuthology.orchestra.run.smithi029.stdout:/usr/bin/ceph: stderr
2024-03-18T01:11:53.489+0000 7f7108d97700 1 -- 172.21.15.29:0/1095360700 <== mon.0 v2:172.21.15.29:3300/0 2 ==== config(27 keys) v1 ==== 1109+0+0 (secure 0 0 0) 0x7f710000be90 con 0x7f7104102710
2024-03-18T01:11:54.360 INFO:teuthology.orchestra.run.smithi029.stdout:/usr/bin/ceph: stderr
2024-03-18T01:11:53.489+0000 7f7108d97700 1 -- 172.21.15.29:0/1095360700 <== mon.0 v2:172.21.15.29:3300/0 3 ==== mon_map magic: 0 v1 ==== 229+0+0 (secure 0 0 0) 0x7f71000103c0 con 0x7f7104102710
2024-03-18T01:11:54.360 INFO:teuthology.orchestra.run.smithi029.stdout:/usr/bin/ceph: stderr
2024-03-18T01:11:53.490+0000 7f710bffd700 1 -- 172.21.15.29:0/1095360700 >> [v2:172.21.15.29:3300/0,v1:172.21.15.29:6789/0] conn(0x7f7104102710 msgr2=0x7f7104102b20 secure :-1 s=STATE_CONNECTION_ESTABLISHED l=1).mark_down
2024-03-18T01:11:54.360 INFO:teuthology.orchestra.run.smithi029.stdout:/usr/bin/ceph: stderr
2024-03-18T01:11:53.490+0000 7f710bffd700 1 --2- 172.21.15.29:0/1095360700 >> [v2:172.21.15.29:3300/0,v1:172.21.15.29:6789/0] conn(0x7f7104102710 0x7f7104102b20 secure :-1 s=READY pgs=65 cs=0 l=1 rev1=1 crypto rx=0x7f71000098e0 tx=0x7f7100009250 comp rx=0 tx=0).stop
2024-03-18T01:11:54.360 INFO:teuthology.orchestra.run.smithi029.stdout:/usr/bin/ceph: stderr
2024-03-18T01:11:53.490+0000 7f710bffd700 1 -- 172.21.15.29:0/1095360700 shutdown_connections
2024-03-18T01:11:54.360 INFO:teuthology.orchestra.run.smithi029.stdout:/usr/bin/ceph: stderr
2024-03-18T01:11:53.490+0000 7f710bffd700 1 --2- 172.21.15.29:0/1095360700 >> [v2:172.21.15.29:3300/0,v1:172.21.15.29:6789/0] conn(0x7f7104102710 0x7f7104102b20 unknown :-1 s=CLOSED pgs=65 cs=0 l=1 rev1=1 crypto rx=0 tx=0 comp rx=0 tx=0).stop
2024-03-18T01:11:54.360 INFO:teuthology.orchestra.run.smithi029.stdout:/usr/bin/ceph: stderr
2024-03-18T01:11:53.490+0000 7f710bffd700 1 -- 172.21.15.29:0/1095360700 >> 172.21.15.29:0/1095360700 conn(0x7f71040fde50 msgr2=0x7f71041002a0 unknown :-1 s=STATE_NONE l=0).mark_down
2024-03-18T01:11:54.360 INFO:teuthology.orchestra.run.smithi029.stdout:/usr/bin/ceph: stderr
2024-03-18T01:11:53.490+0000 7f710bffd700 1 -- 172.21.15.29:0/1095360700 shutdown_connections
2024-03-18T01:11:54.360 INFO:teuthology.orchestra.run.smithi029.stdout:/usr/bin/ceph: stderr
2024-03-18T01:11:53.490+0000 7f710bffd700 1 -- 172.21.15.29:0/1095360700 wait complete.
2024-03-18T01:11:54.360 INFO:teuthology.orchestra.run.smithi029.stdout:/usr/bin/ceph: stderr
2024-03-18T01:11:53.490+0000 7f710bffd700 1 Processor -- start
2024-03-18T01:11:54.360 INFO:teuthology.orchestra.run.smithi029.stdout:/usr/bin/ceph: stderr
2024-03-18T01:11:53.491+0000 7f710bffd700 1 -- start start
2024-03-18T01:11:54.360 INFO:teuthology.orchestra.run.smithi029.stdout:/usr/bin/ceph: stderr
2024-03-18T01:11:53.491+0000 7f710bffd700 1 --2- >> [v2:172.21.15.29:3300/0,v1:172.21.15.29:6789/0] conn(0x7f7104102710 0x7f71041115c0 unknown :-1 s=NONE pgs=0 cs=0 l=1 rev1=0 crypto rx=0 tx=0 comp rx=0 tx=0).connect
2024-03-18T01:11:54.361 INFO:teuthology.orchestra.run.smithi029.stdout:/usr/bin/ceph: stderr
2024-03-18T01:11:53.491+0000 7f710bffd700 1 -- --> [v2:172.21.15.29:3300/0,v1:172.21.15.29:6789/0] -- mon_getmap magic: 0 v1 -- 0x7f7104111b00 con 0x7f7104102710
2024-03-18T01:11:54.361 INFO:teuthology.orchestra.run.smithi029.stdout:/usr/bin/ceph: stderr
2024-03-18T01:11:53.491+0000 7f7109d99700 1 --2- >> [v2:172.21.15.29:3300/0,v1:172.21.15.29:6789/0] conn(0x7f7104102710 0x7f71041115c0 unknown :-1 s=BANNER_CONNECTING pgs=0 cs=0 l=1 rev1=0 crypto rx=0 tx=0 comp rx=0 tx=0)._handle_peer_banner_payload supported=3 required=0
2024-03-18T01:11:54.361 INFO:teuthology.orchestra.run.smithi029.stdout:/usr/bin/ceph: stderr
2024-03-18T01:11:53.491+0000 7f7109d99700 1 --2- >> [v2:172.21.15.29:3300/0,v1:172.21.15.29:6789/0] conn(0x7f7104102710 0x7f71041115c0 unknown :-1 s=HELLO_CONNECTING pgs=0 cs=0 l=1 rev1=1 crypto rx=0 tx=0 comp rx=0 tx=0).handle_hello peer v2:172.21.15.29:3300/0 says I am v2:172.21.15.29:39162/0 (socket says 172.21.15.29:39162)
2024-03-18T01:11:54.361 INFO:teuthology.orchestra.run.smithi029.stdout:/usr/bin/ceph: stderr
2024-03-18T01:11:53.491+0000 7f7109d99700 1 -- 172.21.15.29:0/1396118948 learned_addr learned my addr 172.21.15.29:0/1396118948 (peer_addr_for_me v2:172.21.15.29:0/0)
2024-03-18T01:11:54.361 INFO:teuthology.orchestra.run.smithi029.stdout:/usr/bin/ceph: stderr
2024-03-18T01:11:53.491+0000 7f7109d99700 1 -- 172.21.15.29:0/1396118948 --> [v2:172.21.15.29:3300/0,v1:172.21.15.29:6789/0] -- mon_subscribe({config=0+,monmap=0+}) v3 -- 0x7f71000094f0 con 0x7f7104102710
2024-03-18T01:11:54.361 INFO:teuthology.orchestra.run.smithi029.stdout:/usr/bin/ceph: stderr
2024-03-18T01:11:53.491+0000 7f7109d99700 1 --2- 172.21.15.29:0/1396118948 >> [v2:172.21.15.29:3300/0,v1:172.21.15.29:6789/0] conn(0x7f7104102710 0x7f71041115c0 secure :-1 s=READY pgs=66 cs=0 l=1 rev1=1 crypto rx=0x7f71000090b0 tx=0x7f7100009250 comp rx=0 tx=0).ready entity=mon.0 client_cookie=0 server_cookie=0 in_seq=0 out_seq=0
2024-03-18T01:11:54.361 INFO:teuthology.orchestra.run.smithi029.stdout:/usr/bin/ceph: stderr
2024-03-18T01:11:53.491+0000 7f70f67fc700 1 -- 172.21.15.29:0/1396118948 <== mon.0 v2:172.21.15.29:3300/0 1 ==== mon_map magic: 0 v1 ==== 229+0+0 (secure 0 0 0) 0x7f7100010840 con 0x7f7104102710
2024-03-18T01:11:54.361 INFO:teuthology.orchestra.run.smithi029.stdout:/usr/bin/ceph: stderr
2024-03-18T01:11:53.492+0000 7f70f67fc700 1 -- 172.21.15.29:0/1396118948 <== mon.0 v2:172.21.15.29:3300/0 2 ==== config(27 keys) v1 ==== 1109+0+0 (secure 0 0 0) 0x7f7100010e70 con 0x7f7104102710
2024-03-18T01:11:54.361 INFO:teuthology.orchestra.run.smithi029.stdout:/usr/bin/ceph: stderr
2024-03-18T01:11:53.492+0000 7f710bffd700 1 -- 172.21.15.29:0/1396118948 --> [v2:172.21.15.29:3300/0,v1:172.21.15.29:6789/0] -- mon_subscribe({mgrmap=0+}) v3 -- 0x7f7104111d00 con 0x7f7104102710
2024-03-18T01:11:54.361 INFO:teuthology.orchestra.run.smithi029.stdout:/usr/bin/ceph: stderr
2024-03-18T01:11:53.492+0000 7f70f67fc700 1 -- 172.21.15.29:0/1396118948 <== mon.0 v2:172.21.15.29:3300/0 3 ==== mon_map magic: 0 v1 ==== 229+0+0 (secure 0 0 0) 0x7f7100024e40 con 0x7f7104102710
2024-03-18T01:11:54.361 INFO:teuthology.orchestra.run.smithi029.stdout:/usr/bin/ceph: stderr
2024-03-18T01:11:53.492+0000 7f710bffd700 1 -- 172.21.15.29:0/1396118948 --> [v2:172.21.15.29:3300/0,v1:172.21.15.29:6789/0] -- mon_subscribe({osdmap=0}) v3 -- 0x7f7104112870 con 0x7f7104102710
2024-03-18T01:11:54.361 INFO:teuthology.orchestra.run.smithi029.stdout:/usr/bin/ceph: stderr
2024-03-18T01:11:53.492+0000 7f710bffd700 1 -- 172.21.15.29:0/1396118948 --> [v2:172.21.15.29:3300/0,v1:172.21.15.29:6789/0] -- mon_command({"prefix": "get_command_descriptions"} v 0) v1 -- 0x7f710405f5f0 con 0x7f7104102710
2024-03-18T01:11:54.361 INFO:teuthology.orchestra.run.smithi029.stdout:/usr/bin/ceph: stderr
2024-03-18T01:11:53.493+0000 7f70f67fc700 1 -- 172.21.15.29:0/1396118948 <== mon.0 v2:172.21.15.29:3300/0 4 ==== mgrmap(e 9) v1 ==== 43381+0+0 (secure 0 0 0) 0x7f71000109a0 con 0x7f7104102710
2024-03-18T01:11:54.361 INFO:teuthology.orchestra.run.smithi029.stdout:/usr/bin/ceph: stderr
2024-03-18T01:11:53.493+0000 7f70f67fc700 1 --2- 172.21.15.29:0/1396118948 >> [v2:172.21.15.29:6800/950856841,v1:172.21.15.29:6801/950856841] conn(0x7f70f0036790 0x7f70f0038c40 unknown :-1 s=NONE pgs=0 cs=0 l=1 rev1=0 crypto rx=0 tx=0 comp rx=0 tx=0).connect
2024-03-18T01:11:54.361 INFO:teuthology.orchestra.run.smithi029.stdout:/usr/bin/ceph: stderr
2024-03-18T01:11:53.493+0000 7f70f67fc700 1 -- 172.21.15.29:0/1396118948 <== mon.0 v2:172.21.15.29:3300/0 5 ==== osd_map(2..2 src has 1..2) v4 ==== 936+0+0 (secure 0 0 0) 0x7f710004a820 con 0x7f7104102710
2024-03-18T01:11:54.362 INFO:teuthology.orchestra.run.smithi029.stdout:/usr/bin/ceph: stderr
2024-03-18T01:11:53.493+0000 7f7109598700 1 -- 172.21.15.29:0/1396118948 >> [v2:172.21.15.29:6800/950856841,v1:172.21.15.29:6801/950856841] conn(0x7f70f0036790 msgr2=0x7f70f0038c40 unknown :-1 s=STATE_CONNECTING_RE l=1).process reconnect failed to v2:172.21.15.29:6800/950856841
2024-03-18T01:11:54.362 INFO:teuthology.orchestra.run.smithi029.stdout:/usr/bin/ceph: stderr
2024-03-18T01:11:53.493+0000 7f7109598700 1 --2- 172.21.15.29:0/1396118948 >> [v2:172.21.15.29:6800/950856841,v1:172.21.15.29:6801/950856841] conn(0x7f70f0036790 0x7f70f0038c40 unknown :-1 s=START_CONNECT pgs=0 cs=0 l=1 rev1=0 crypto rx=0 tx=0 comp rx=0 tx=0)._fault waiting 0.200000
2024-03-18T01:11:54.362 INFO:teuthology.orchestra.run.smithi029.stdout:/usr/bin/ceph: stderr
2024-03-18T01:11:53.501+0000 7f70f67fc700 1 -- 172.21.15.29:0/1396118948 <== mon.0 v2:172.21.15.29:3300/0 6 ==== mon_command_ack([{"prefix": "get_command_descriptions"}]=0 v0) v1 ==== 72+0+175520 (secure 0 0 0) 0x7f710002c990 con 0x7f7104102710
2024-03-18T01:11:54.362 INFO:teuthology.orchestra.run.smithi029.stdout:/usr/bin/ceph: stderr
2024-03-18T01:11:53.694+0000 7f7109598700 1 -- 172.21.15.29:0/1396118948 >> [v2:172.21.15.29:6800/950856841,v1:172.21.15.29:6801/950856841] conn(0x7f70f0036790 msgr2=0x7f70f0038c40 unknown :-1 s=STATE_CONNECTING_RE l=1).process reconnect failed to v2:172.21.15.29:6800/950856841
2024-03-18T01:11:54.362 INFO:teuthology.orchestra.run.smithi029.stdout:/usr/bin/ceph: stderr
2024-03-18T01:11:53.694+0000 7f7109598700 1 --2- 172.21.15.29:0/1396118948 >> [v2:172.21.15.29:6800/950856841,v1:172.21.15.29:6801/950856841] conn(0x7f70f0036790 0x7f70f0038c40 unknown :-1 s=START_CONNECT pgs=0 cs=0 l=1 rev1=0 crypto rx=0 tx=0 comp rx=0 tx=0)._fault waiting 0.400000
2024-03-18T01:11:54.362 INFO:teuthology.orchestra.run.smithi029.stdout:/usr/bin/ceph: stderr
2024-03-18T01:11:53.751+0000 7f710bffd700 1 -- 172.21.15.29:0/1396118948 --> [v2:172.21.15.29:3300/0,v1:172.21.15.29:6789/0] -- mon_command({"prefix": "mgr stat"} v 0) v1 -- 0x7f7104112bb0 con 0x7f7104102710
2024-03-18T01:11:54.362 INFO:teuthology.orchestra.run.smithi029.stdout:/usr/bin/ceph: stderr
2024-03-18T01:11:53.751+0000 7f70f67fc700 1 -- 172.21.15.29:0/1396118948 <== mon.0 v2:172.21.15.29:3300/0 7 ==== mon_command_ack([{"prefix": "mgr stat"}]=0 v9) v1 ==== 56+0+103 (secure 0 0 0) 0x7f710002c7b0 con 0x7f7104102710
2024-03-18T01:11:54.362 INFO:teuthology.orchestra.run.smithi029.stdout:/usr/bin/ceph: stderr
2024-03-18T01:11:53.754+0000 7f710bffd700 1 -- 172.21.15.29:0/1396118948 >> [v2:172.21.15.29:6800/950856841,v1:172.21.15.29:6801/950856841] conn(0x7f70f0036790 msgr2=0x7f70f0038c40 unknown :-1 s=STATE_CONNECTING l=1).mark_down
2024-03-18T01:11:54.362 INFO:teuthology.orchestra.run.smithi029.stdout:/usr/bin/ceph: stderr
2024-03-18T01:11:53.754+0000 7f710bffd700 1 --2- 172.21.15.29:0/1396118948 >> [v2:172.21.15.29:6800/950856841,v1:172.21.15.29:6801/950856841] conn(0x7f70f0036790 0x7f70f0038c40 unknown :-1 s=START_CONNECT pgs=0 cs=0 l=1 rev1=0 crypto rx=0 tx=0 comp rx=0 tx=0).stop
2024-03-18T01:11:54.362 INFO:teuthology.orchestra.run.smithi029.stdout:/usr/bin/ceph: stderr
2024-03-18T01:11:53.754+0000 7f710bffd700 1 -- 172.21.15.29:0/1396118948 >> [v2:172.21.15.29:3300/0,v1:172.21.15.29:6789/0] conn(0x7f7104102710 msgr2=0x7f71041115c0 secure :-1 s=STATE_CONNECTION_ESTABLISHED l=1).mark_down
2024-03-18T01:11:54.362 INFO:teuthology.orchestra.run.smithi029.stdout:/usr/bin/ceph: stderr
2024-03-18T01:11:53.754+0000 7f710bffd700 1 --2- 172.21.15.29:0/1396118948 >> [v2:172.21.15.29:3300/0,v1:172.21.15.29:6789/0] conn(0x7f7104102710 0x7f71041115c0 secure :-1 s=READY pgs=66 cs=0 l=1 rev1=1 crypto rx=0x7f71000090b0 tx=0x7f7100009250 comp rx=0 tx=0).stop
2024-03-18T01:11:54.362 INFO:teuthology.orchestra.run.smithi029.stdout:/usr/bin/ceph: stderr
2024-03-18T01:11:53.754+0000 7f710bffd700 1 -- 172.21.15.29:0/1396118948 shutdown_connections
2024-03-18T01:11:54.362 INFO:teuthology.orchestra.run.smithi029.stdout:/usr/bin/ceph: stderr
2024-03-18T01:11:53.755+0000 7f710bffd700 1 --2- 172.21.15.29:0/1396118948 >> [v2:172.21.15.29:6800/950856841,v1:172.21.15.29:6801/950856841] conn(0x7f70f0036790 0x7f70f0038c40 unknown :-1 s=CLOSED pgs=0 cs=0 l=1 rev1=0 crypto rx=0 tx=0 comp rx=0 tx=0).stop
2024-03-18T01:11:54.362 INFO:teuthology.orchestra.run.smithi029.stdout:/usr/bin/ceph: stderr
2024-03-18T01:11:53.755+0000 7f710bffd700 1 --2- 172.21.15.29:0/1396118948 >> [v2:172.21.15.29:3300/0,v1:172.21.15.29:6789/0] conn(0x7f7104102710 0x7f71041115c0 unknown :-1 s=CLOSED pgs=66 cs=0 l=1 rev1=1 crypto rx=0 tx=0 comp rx=0 tx=0).stop
2024-03-18T01:11:54.362 INFO:teuthology.orchestra.run.smithi029.stdout:/usr/bin/ceph: stderr
2024-03-18T01:11:53.755+0000 7f710bffd700 1 -- 172.21.15.29:0/1396118948 >> 172.21.15.29:0/1396118948 conn(0x7f71040fde50 msgr2=0x7f71040fea60 unknown :-1 s=STATE_NONE l=0).mark_down
2024-03-18T01:11:54.363 INFO:teuthology.orchestra.run.smithi029.stdout:/usr/bin/ceph: stderr
2024-03-18T01:11:53.755+0000 7f710bffd700 1 -- 172.21.15.29:0/1396118948 shutdown_connections
2024-03-18T01:11:54.363 INFO:teuthology.orchestra.run.smithi029.stdout:/usr/bin/ceph: stderr
2024-03-18T01:11:53.755+0000 7f710bffd700 1 -- 172.21.15.29:0/1396118948 wait complete.
2024-03-18T01:11:54.363 INFO:teuthology.orchestra.run.smithi029.stdout:Waiting for the mgr to restart...
2024-03-18T01:11:54.363 INFO:teuthology.orchestra.run.smithi029.stdout:Waiting for mgr epoch 9...
2024-03-18T01:11:54.617 INFO:journalctl@ceph.mon.smithi029.smithi029.stdout:Mar 18 01:11:54 smithi029 ceph-mon[29331]: from='client.? 172.21.15.29:0/1396118948' entity='client.admin' cmd=[{"prefix": "mgr stat"}]: dispatch
2024-03-18T01:11:59.569 INFO:journalctl@ceph.mon.smithi029.smithi029.stdout:Mar 18 01:11:59 smithi029 ceph-mon[29331]: Active manager daemon smithi029.qviwhl restarted
2024-03-18T01:11:59.569 INFO:journalctl@ceph.mon.smithi029.smithi029.stdout:Mar 18 01:11:59 smithi029 ceph-mon[29331]: Activating manager daemon smithi029.qviwhl
2024-03-18T01:11:59.569 INFO:journalctl@ceph.mon.smithi029.smithi029.stdout:Mar 18 01:11:59 smithi029 ceph-mon[29331]: osdmap e3: 0 total, 0 up, 0 in
2024-03-18T01:11:59.569 INFO:journalctl@ceph.mon.smithi029.smithi029.stdout:Mar 18 01:11:59 smithi029 ceph-mon[29331]: mgrmap e10: smithi029.qviwhl(active, starting, since 0.00320888s)
2024-03-18T01:11:59.569 INFO:journalctl@ceph.mon.smithi029.smithi029.stdout:Mar 18 01:11:59 smithi029 ceph-mon[29331]: from='mgr.14158 172.21.15.29:0/4059439045' entity='mgr.smithi029.qviwhl' cmd=[{"prefix": "mon metadata", "id": "smithi029"}]: dispatch
2024-03-18T01:11:59.569 INFO:journalctl@ceph.mon.smithi029.smithi029.stdout:Mar 18 01:11:59 smithi029 ceph-mon[29331]: from='mgr.14158 172.21.15.29:0/4059439045' entity='mgr.smithi029.qviwhl' cmd=[{"prefix": "mgr metadata", "who": "smithi029.qviwhl", "id": "smithi029.qviwhl"}]: dispatch
2024-03-18T01:11:59.570 INFO:journalctl@ceph.mon.smithi029.smithi029.stdout:Mar 18 01:11:59 smithi029 ceph-mon[29331]: from='mgr.14158 172.21.15.29:0/4059439045' entity='mgr.smithi029.qviwhl' cmd=[{"prefix": "mds metadata"}]: dispatch
2024-03-18T01:11:59.570 INFO:journalctl@ceph.mon.smithi029.smithi029.stdout:Mar 18 01:11:59 smithi029 ceph-mon[29331]: from='mgr.14158 172.21.15.29:0/4059439045' entity='mgr.smithi029.qviwhl' cmd=[{"prefix": "osd metadata"}]: dispatch
2024-03-18T01:11:59.570 INFO:journalctl@ceph.mon.smithi029.smithi029.stdout:Mar 18 01:11:59 smithi029 ceph-mon[29331]: from='mgr.14158 172.21.15.29:0/4059439045' entity='mgr.smithi029.qviwhl' cmd=[{"prefix": "mon metadata"}]: dispatch
2024-03-18T01:11:59.570 INFO:journalctl@ceph.mon.smithi029.smithi029.stdout:Mar 18 01:11:59 smithi029 ceph-mon[29331]: Manager daemon smithi029.qviwhl is now available
2024-03-18T01:11:59.570 INFO:journalctl@ceph.mon.smithi029.smithi029.stdout:Mar 18 01:11:59 smithi029 ceph-mon[29331]: from='mgr.14158 172.21.15.29:0/4059439045' entity='mgr.smithi029.qviwhl' cmd=[{"prefix": "config dump", "format": "json"}]: dispatch
2024-03-18T01:11:59.570 INFO:journalctl@ceph.mon.smithi029.smithi029.stdout:Mar 18 01:11:59 smithi029 ceph-mon[29331]: from='mgr.14158 172.21.15.29:0/4059439045' entity='mgr.smithi029.qviwhl' cmd=[{"prefix": "config dump", "format": "json"}]: dispatch
2024-03-18T01:12:00.502 INFO:journalctl@ceph.mon.smithi029.smithi029.stdout:Mar 18 01:12:00 smithi029 ceph-mon[29331]: from='mgr.14158 172.21.15.29:0/4059439045' entity='mgr.smithi029.qviwhl' cmd=[{"prefix":"config rm","who":"mgr","name":"mgr/rbd_support/smithi029.qviwhl/mirror_snapshot_schedule"}]: dispatch
2024-03-18T01:12:00.502 INFO:journalctl@ceph.mon.smithi029.smithi029.stdout:Mar 18 01:12:00 smithi029 ceph-mon[29331]: from='mgr.14158 172.21.15.29:0/4059439045' entity='mgr.smithi029.qviwhl' cmd=[{"prefix":"config rm","who":"mgr","name":"mgr/rbd_support/smithi029.qviwhl/trash_purge_schedule"}]: dispatch
2024-03-18T01:12:00.502 INFO:journalctl@ceph.mon.smithi029.smithi029.stdout:Mar 18 01:12:00 smithi029 ceph-mon[29331]: [18/Mar/2024:01:11:59] ENGINE Bus STARTING
2024-03-18T01:12:00.502 INFO:journalctl@ceph.mon.smithi029.smithi029.stdout:Mar 18 01:12:00 smithi029 ceph-mon[29331]: from='mgr.14158 172.21.15.29:0/4059439045' entity='mgr.smithi029.qviwhl'
2024-03-18T01:12:00.502 INFO:journalctl@ceph.mon.smithi029.smithi029.stdout:Mar 18 01:12:00 smithi029 ceph-mon[29331]: mgrmap e11: smithi029.qviwhl(active, since 1.00525s)
2024-03-18T01:12:00.790 INFO:teuthology.orchestra.run.smithi029.stdout:/usr/bin/ceph: stdout {
2024-03-18T01:12:00.790 INFO:teuthology.orchestra.run.smithi029.stdout:/usr/bin/ceph: stdout "mgrmap_epoch": 11,
2024-03-18T01:12:00.790 INFO:teuthology.orchestra.run.smithi029.stdout:/usr/bin/ceph: stdout "initialized": true
2024-03-18T01:12:00.790 INFO:teuthology.orchestra.run.smithi029.stdout:/usr/bin/ceph: stdout }
2024-03-18T01:12:00.790 INFO:teuthology.orchestra.run.smithi029.stdout:/usr/bin/ceph: stderr
2024-03-18T01:11:54.771+0000 7fe2b47f3700 1 Processor -- start
2024-03-18T01:12:00.790 INFO:teuthology.orchestra.run.smithi029.stdout:/usr/bin/ceph: stderr
2024-03-18T01:11:54.771+0000 7fe2b47f3700 1 -- start start
2024-03-18T01:12:00.790 INFO:teuthology.orchestra.run.smithi029.stdout:/usr/bin/ceph: stderr
2024-03-18T01:11:54.772+0000 7fe2b47f3700 1 --2- >> [v2:172.21.15.29:3300/0,v1:172.21.15.29:6789/0] conn(0x7fe2ac078cc0 0x7fe2ac0771c0 unknown :-1 s=NONE pgs=0 cs=0 l=0 rev1=0 crypto rx=0 tx=0 comp rx=0 tx=0).connect
2024-03-18T01:12:00.790 INFO:teuthology.orchestra.run.smithi029.stdout:/usr/bin/ceph: stderr
2024-03-18T01:11:54.772+0000 7fe2b47f3700 1 -- --> [v2:172.21.15.29:3300/0,v1:172.21.15.29:6789/0] -- mon_getmap magic: 0 v1 -- 0x7fe2ac0790d0 con 0x7fe2ac078cc0
2024-03-18T01:12:00.790 INFO:teuthology.orchestra.run.smithi029.stdout:/usr/bin/ceph: stderr
2024-03-18T01:11:54.772+0000 7fe2b258f700 1 --2- >> [v2:172.21.15.29:3300/0,v1:172.21.15.29:6789/0] conn(0x7fe2ac078cc0 0x7fe2ac0771c0 unknown :-1 s=BANNER_CONNECTING pgs=0 cs=0 l=0 rev1=0 crypto rx=0 tx=0 comp rx=0 tx=0)._handle_peer_banner_payload supported=3 required=0
2024-03-18T01:12:00.791 INFO:teuthology.orchestra.run.smithi029.stdout:/usr/bin/ceph: stderr
2024-03-18T01:11:54.772+0000 7fe2b258f700 1 --2- >> [v2:172.21.15.29:3300/0,v1:172.21.15.29:6789/0] conn(0x7fe2ac078cc0 0x7fe2ac0771c0 unknown :-1 s=HELLO_CONNECTING pgs=0 cs=0 l=0 rev1=1 crypto rx=0 tx=0 comp rx=0 tx=0).handle_hello peer v2:172.21.15.29:3300/0 says I am v2:172.21.15.29:39168/0 (socket says 172.21.15.29:39168)
2024-03-18T01:12:00.791 INFO:teuthology.orchestra.run.smithi029.stdout:/usr/bin/ceph: stderr
2024-03-18T01:11:54.772+0000 7fe2b258f700 1 -- 172.21.15.29:0/2891221677 learned_addr learned my addr 172.21.15.29:0/2891221677 (peer_addr_for_me v2:172.21.15.29:0/0)
2024-03-18T01:12:00.791 INFO:teuthology.orchestra.run.smithi029.stdout:/usr/bin/ceph: stderr
2024-03-18T01:11:54.772+0000 7fe2b258f700 1 -- 172.21.15.29:0/2891221677 --> [v2:172.21.15.29:3300/0,v1:172.21.15.29:6789/0] -- mon_subscribe({config=0+,monmap=0+}) v3 -- 0x7fe2ac077700 con 0x7fe2ac078cc0
2024-03-18T01:12:00.791 INFO:teuthology.orchestra.run.smithi029.stdout:/usr/bin/ceph: stderr
2024-03-18T01:11:54.772+0000 7fe2b258f700 1 --2- 172.21.15.29:0/2891221677 >> [v2:172.21.15.29:3300/0,v1:172.21.15.29:6789/0] conn(0x7fe2ac078cc0 0x7fe2ac0771c0 secure :-1 s=READY pgs=67 cs=0 l=1 rev1=1 crypto rx=0x7fe2a00098e0 tx=0x7fe2a0009250 comp rx=0 tx=0).ready entity=mon.0 client_cookie=c3579f9dce0514e3 server_cookie=0 in_seq=0 out_seq=0
2024-03-18T01:12:00.791 INFO:teuthology.orchestra.run.smithi029.stdout:/usr/bin/ceph: stderr
2024-03-18T01:11:54.773+0000 7fe2b158d700 1 -- 172.21.15.29:0/2891221677 <== mon.0 v2:172.21.15.29:3300/0 1 ==== mon_map magic: 0 v1 ==== 229+0+0 (secure 0 0 0) 0x7fe2a000b860 con 0x7fe2ac078cc0
2024-03-18T01:12:00.791 INFO:teuthology.orchestra.run.smithi029.stdout:/usr/bin/ceph: stderr
2024-03-18T01:11:54.773+0000 7fe2b158d700 1 -- 172.21.15.29:0/2891221677 <== mon.0 v2:172.21.15.29:3300/0 2 ==== config(27 keys) v1 ==== 1109+0+0 (secure 0 0 0) 0x7fe2a000be90 con 0x7fe2ac078cc0
2024-03-18T01:12:00.791 INFO:teuthology.orchestra.run.smithi029.stdout:/usr/bin/ceph: stderr
2024-03-18T01:11:54.773+0000 7fe2b158d700 1 -- 172.21.15.29:0/2891221677 <== mon.0 v2:172.21.15.29:3300/0 3 ==== mon_map magic: 0 v1 ==== 229+0+0 (secure 0 0 0) 0x7fe2a00103c0 con 0x7fe2ac078cc0
2024-03-18T01:12:00.791 INFO:teuthology.orchestra.run.smithi029.stdout:/usr/bin/ceph: stderr
2024-03-18T01:11:54.773+0000 7fe2b47f3700 1 -- 172.21.15.29:0/2891221677 >> [v2:172.21.15.29:3300/0,v1:172.21.15.29:6789/0] conn(0x7fe2ac078cc0 msgr2=0x7fe2ac0771c0 secure :-1 s=STATE_CONNECTION_ESTABLISHED l=1).mark_down
2024-03-18T01:12:00.791 INFO:teuthology.orchestra.run.smithi029.stdout:/usr/bin/ceph: stderr
2024-03-18T01:11:54.773+0000 7fe2b47f3700 1 --2- 172.21.15.29:0/2891221677 >> [v2:172.21.15.29:3300/0,v1:172.21.15.29:6789/0] conn(0x7fe2ac078cc0 0x7fe2ac0771c0 secure :-1 s=READY pgs=67 cs=0 l=1 rev1=1 crypto rx=0x7fe2a00098e0 tx=0x7fe2a0009250 comp rx=0 tx=0).stop
2024-03-18T01:12:00.791 INFO:teuthology.orchestra.run.smithi029.stdout:/usr/bin/ceph: stderr
2024-03-18T01:11:54.773+0000 7fe2b47f3700 1 -- 172.21.15.29:0/2891221677 shutdown_connections
2024-03-18T01:12:00.791 INFO:teuthology.orchestra.run.smithi029.stdout:/usr/bin/ceph: stderr
2024-03-18T01:11:54.773+0000 7fe2b47f3700 1 --2- 172.21.15.29:0/2891221677 >> [v2:172.21.15.29:3300/0,v1:172.21.15.29:6789/0] conn(0x7fe2ac078cc0 0x7fe2ac0771c0 unknown :-1 s=CLOSED pgs=67 cs=0 l=1 rev1=1 crypto rx=0 tx=0 comp rx=0 tx=0).stop
2024-03-18T01:12:00.791 INFO:teuthology.orchestra.run.smithi029.stdout:/usr/bin/ceph: stderr
2024-03-18T01:11:54.773+0000 7fe2b47f3700 1 -- 172.21.15.29:0/2891221677 >> 172.21.15.29:0/2891221677 conn(0x7fe2ac0fdf10 msgr2=0x7fe2ac100320 unknown :-1 s=STATE_NONE l=0).mark_down
2024-03-18T01:12:00.791 INFO:teuthology.orchestra.run.smithi029.stdout:/usr/bin/ceph: stderr
2024-03-18T01:11:54.773+0000 7fe2b47f3700 1 -- 172.21.15.29:0/2891221677 shutdown_connections
2024-03-18T01:12:00.791 INFO:teuthology.orchestra.run.smithi029.stdout:/usr/bin/ceph: stderr
2024-03-18T01:11:54.774+0000 7fe2b47f3700 1 -- 172.21.15.29:0/2891221677 wait complete.
2024-03-18T01:12:00.791 INFO:teuthology.orchestra.run.smithi029.stdout:/usr/bin/ceph: stderr
2024-03-18T01:11:54.774+0000 7fe2b47f3700 1 Processor -- start
2024-03-18T01:12:00.792 INFO:teuthology.orchestra.run.smithi029.stdout:/usr/bin/ceph: stderr
2024-03-18T01:11:54.774+0000 7fe2b47f3700 1 -- start start
2024-03-18T01:12:00.792 INFO:teuthology.orchestra.run.smithi029.stdout:/usr/bin/ceph: stderr
2024-03-18T01:11:54.774+0000 7fe2b47f3700 1 --2- >> [v2:172.21.15.29:3300/0,v1:172.21.15.29:6789/0] conn(0x7fe2ac078cc0 0x7fe2ac1137f0 unknown :-1 s=NONE pgs=0 cs=0 l=1 rev1=0 crypto rx=0 tx=0 comp rx=0 tx=0).connect
2024-03-18T01:12:00.792 INFO:teuthology.orchestra.run.smithi029.stdout:/usr/bin/ceph: stderr
2024-03-18T01:11:54.774+0000 7fe2b47f3700 1 -- --> [v2:172.21.15.29:3300/0,v1:172.21.15.29:6789/0] -- mon_getmap magic: 0 v1 -- 0x7fe2ac113d30 con 0x7fe2ac078cc0
2024-03-18T01:12:00.792 INFO:teuthology.orchestra.run.smithi029.stdout:/usr/bin/ceph: stderr
2024-03-18T01:11:54.774+0000 7fe2b258f700 1 --2- >> [v2:172.21.15.29:3300/0,v1:172.21.15.29:6789/0] conn(0x7fe2ac078cc0 0x7fe2ac1137f0 unknown :-1 s=BANNER_CONNECTING pgs=0 cs=0 l=1 rev1=0 crypto rx=0 tx=0 comp rx=0 tx=0)._handle_peer_banner_payload supported=3 required=0
2024-03-18T01:12:00.792 INFO:teuthology.orchestra.run.smithi029.stdout:/usr/bin/ceph: stderr
2024-03-18T01:11:54.774+0000 7fe2b258f700 1 --2- >> [v2:172.21.15.29:3300/0,v1:172.21.15.29:6789/0] conn(0x7fe2ac078cc0 0x7fe2ac1137f0 unknown :-1 s=HELLO_CONNECTING pgs=0 cs=0 l=1 rev1=1 crypto rx=0 tx=0 comp rx=0 tx=0).handle_hello peer v2:172.21.15.29:3300/0 says I am v2:172.21.15.29:39172/0 (socket says 172.21.15.29:39172)
2024-03-18T01:12:00.792 INFO:teuthology.orchestra.run.smithi029.stdout:/usr/bin/ceph: stderr
2024-03-18T01:11:54.774+0000 7fe2b258f700 1 -- 172.21.15.29:0/2739413137 learned_addr learned my addr 172.21.15.29:0/2739413137 (peer_addr_for_me v2:172.21.15.29:0/0)
2024-03-18T01:12:00.792 INFO:teuthology.orchestra.run.smithi029.stdout:/usr/bin/ceph: stderr
2024-03-18T01:11:54.775+0000 7fe2b258f700 1 -- 172.21.15.29:0/2739413137 --> [v2:172.21.15.29:3300/0,v1:172.21.15.29:6789/0] -- mon_subscribe({config=0+,monmap=0+}) v3 -- 0x7fe2a00094f0 con 0x7fe2ac078cc0
2024-03-18T01:12:00.792 INFO:teuthology.orchestra.run.smithi029.stdout:/usr/bin/ceph: stderr
2024-03-18T01:11:54.775+0000 7fe2b258f700 1 --2- 172.21.15.29:0/2739413137 >> [v2:172.21.15.29:3300/0,v1:172.21.15.29:6789/0] conn(0x7fe2ac078cc0 0x7fe2ac1137f0 secure :-1 s=READY pgs=68 cs=0 l=1 rev1=1 crypto rx=0x7fe2a00094c0 tx=0x7fe2a0009250 comp rx=0 tx=0).ready entity=mon.0 client_cookie=0 server_cookie=0 in_seq=0 out_seq=0
2024-03-18T01:12:00.792 INFO:teuthology.orchestra.run.smithi029.stdout:/usr/bin/ceph: stderr
2024-03-18T01:11:54.775+0000 7fe29effd700 1 -- 172.21.15.29:0/2739413137 <== mon.0 v2:172.21.15.29:3300/0 1 ==== mon_map magic: 0 v1 ==== 229+0+0 (secure 0 0 0) 0x7fe2a0010890 con 0x7fe2ac078cc0
2024-03-18T01:12:00.792 INFO:teuthology.orchestra.run.smithi029.stdout:/usr/bin/ceph: stderr
2024-03-18T01:11:54.775+0000 7fe29effd700 1 -- 172.21.15.29:0/2739413137 <== mon.0 v2:172.21.15.29:3300/0 2 ==== config(27 keys) v1 ==== 1109+0+0 (secure 0 0 0) 0x7fe2a0010ec0 con 0x7fe2ac078cc0
2024-03-18T01:12:00.792 INFO:teuthology.orchestra.run.smithi029.stdout:/usr/bin/ceph: stderr
2024-03-18T01:11:54.775+0000 7fe2b47f3700 1 -- 172.21.15.29:0/2739413137 --> [v2:172.21.15.29:3300/0,v1:172.21.15.29:6789/0] -- mon_subscribe({mgrmap=0+}) v3 -- 0x7fe2ac113f30 con 0x7fe2ac078cc0
2024-03-18T01:12:00.792 INFO:teuthology.orchestra.run.smithi029.stdout:/usr/bin/ceph: stderr
2024-03-18T01:11:54.775+0000 7fe29effd700 1 -- 172.21.15.29:0/2739413137 <== mon.0 v2:172.21.15.29:3300/0 3 ==== mon_map magic: 0 v1 ==== 229+0+0 (secure 0 0 0) 0x7fe2a00243f0 con 0x7fe2ac078cc0
2024-03-18T01:12:00.792 INFO:teuthology.orchestra.run.smithi029.stdout:/usr/bin/ceph: stderr
2024-03-18T01:11:54.775+0000 7fe2b47f3700 1 -- 172.21.15.29:0/2739413137 --> [v2:172.21.15.29:3300/0,v1:172.21.15.29:6789/0] -- mon_subscribe({osdmap=0}) v3 -- 0x7fe2ac114aa0 con 0x7fe2ac078cc0
2024-03-18T01:12:00.792 INFO:teuthology.orchestra.run.smithi029.stdout:/usr/bin/ceph: stderr
2024-03-18T01:11:54.776+0000 7fe29effd700 1 -- 172.21.15.29:0/2739413137 <== mon.0 v2:172.21.15.29:3300/0 4 ==== mgrmap(e 9) v1 ==== 43381+0+0 (secure 0 0 0) 0x7fe2a002d3f0 con 0x7fe2ac078cc0
2024-03-18T01:12:00.793 INFO:teuthology.orchestra.run.smithi029.stdout:/usr/bin/ceph: stderr
2024-03-18T01:11:54.776+0000 7fe29effd700 1 --2- 172.21.15.29:0/2739413137 >> [v2:172.21.15.29:6800/950856841,v1:172.21.15.29:6801/950856841] conn(0x7fe2980367e0 0x7fe298038c90 unknown :-1 s=NONE pgs=0 cs=0 l=1 rev1=0 crypto rx=0 tx=0 comp rx=0 tx=0).connect
2024-03-18T01:12:00.793 INFO:teuthology.orchestra.run.smithi029.stdout:/usr/bin/ceph: stderr
2024-03-18T01:11:54.776+0000 7fe29effd700 1 -- 172.21.15.29:0/2739413137 --> [v2:172.21.15.29:6800/950856841,v1:172.21.15.29:6801/950856841] -- command(tid 0: {"prefix": "get_command_descriptions"}) v1 -- 0x7fe2980393a0 con 0x7fe2980367e0
2024-03-18T01:12:00.793 INFO:teuthology.orchestra.run.smithi029.stdout:/usr/bin/ceph: stderr
2024-03-18T01:11:54.776+0000 7fe29effd700 1 -- 172.21.15.29:0/2739413137 <== mon.0 v2:172.21.15.29:3300/0 5 ==== osd_map(2..2 src has 1..2) v4 ==== 936+0+0 (secure 0 0 0) 0x7fe2a004a2f0 con 0x7fe2ac078cc0
2024-03-18T01:12:00.793 INFO:teuthology.orchestra.run.smithi029.stdout:/usr/bin/ceph: stderr
2024-03-18T01:11:54.776+0000 7fe2b1d8e700 1 -- 172.21.15.29:0/2739413137 >> [v2:172.21.15.29:6800/950856841,v1:172.21.15.29:6801/950856841] conn(0x7fe2980367e0 msgr2=0x7fe298038c90 unknown :-1 s=STATE_CONNECTING_RE l=1).process reconnect failed to v2:172.21.15.29:6800/950856841
2024-03-18T01:12:00.793 INFO:teuthology.orchestra.run.smithi029.stdout:/usr/bin/ceph: stderr
2024-03-18T01:11:54.776+0000 7fe2b1d8e700 1 --2- 172.21.15.29:0/2739413137 >> [v2:172.21.15.29:6800/950856841,v1:172.21.15.29:6801/950856841] conn(0x7fe2980367e0 0x7fe298038c90 unknown :-1 s=START_CONNECT pgs=0 cs=0 l=1 rev1=0 crypto rx=0 tx=0 comp rx=0 tx=0)._fault waiting 0.200000
2024-03-18T01:12:00.793 INFO:teuthology.orchestra.run.smithi029.stdout:/usr/bin/ceph: stderr
2024-03-18T01:11:54.977+0000 7fe2b1d8e700 1 -- 172.21.15.29:0/2739413137 >> [v2:172.21.15.29:6800/950856841,v1:172.21.15.29:6801/950856841] conn(0x7fe2980367e0 msgr2=0x7fe298038c90 unknown :-1 s=STATE_CONNECTING_RE l=1).process reconnect failed to v2:172.21.15.29:6800/950856841
2024-03-18T01:12:00.793 INFO:teuthology.orchestra.run.smithi029.stdout:/usr/bin/ceph: stderr
2024-03-18T01:11:54.977+0000 7fe2b1d8e700 1 --2- 172.21.15.29:0/2739413137 >> [v2:172.21.15.29:6800/950856841,v1:172.21.15.29:6801/950856841] conn(0x7fe2980367e0 0x7fe298038c90 unknown :-1 s=START_CONNECT pgs=0 cs=0 l=1 rev1=0 crypto rx=0 tx=0 comp rx=0 tx=0)._fault waiting 0.400000
2024-03-18T01:12:00.793 INFO:teuthology.orchestra.run.smithi029.stdout:/usr/bin/ceph: stderr
2024-03-18T01:11:55.378+0000 7fe2b1d8e700 1 -- 172.21.15.29:0/2739413137 >> [v2:172.21.15.29:6800/950856841,v1:172.21.15.29:6801/950856841] conn(0x7fe2980367e0 msgr2=0x7fe298038c90 unknown :-1 s=STATE_CONNECTING_RE l=1).process reconnect failed to v2:172.21.15.29:6800/950856841
2024-03-18T01:12:00.793 INFO:teuthology.orchestra.run.smithi029.stdout:/usr/bin/ceph: stderr
2024-03-18T01:11:55.378+0000 7fe2b1d8e700 1 --2- 172.21.15.29:0/2739413137 >> [v2:172.21.15.29:6800/950856841,v1:172.21.15.29:6801/950856841] conn(0x7fe2980367e0 0x7fe298038c90 unknown :-1 s=START_CONNECT pgs=0 cs=0 l=1 rev1=0 crypto rx=0 tx=0 comp rx=0 tx=0)._fault waiting 0.800000
2024-03-18T01:12:00.793 INFO:teuthology.orchestra.run.smithi029.stdout:/usr/bin/ceph: stderr
2024-03-18T01:11:56.179+0000 7fe2b1d8e700 1 -- 172.21.15.29:0/2739413137 >> [v2:172.21.15.29:6800/950856841,v1:172.21.15.29:6801/950856841] conn(0x7fe2980367e0 msgr2=0x7fe298038c90 unknown :-1 s=STATE_CONNECTING_RE l=1).process reconnect failed to v2:172.21.15.29:6800/950856841
2024-03-18T01:12:00.793 INFO:teuthology.orchestra.run.smithi029.stdout:/usr/bin/ceph: stderr
2024-03-18T01:11:56.179+0000 7fe2b1d8e700 1 --2- 172.21.15.29:0/2739413137 >> [v2:172.21.15.29:6800/950856841,v1:172.21.15.29:6801/950856841] conn(0x7fe2980367e0 0x7fe298038c90 unknown :-1 s=START_CONNECT pgs=0 cs=0 l=1 rev1=0 crypto rx=0 tx=0 comp rx=0 tx=0)._fault waiting 1.600000
2024-03-18T01:12:00.793 INFO:teuthology.orchestra.run.smithi029.stdout:/usr/bin/ceph: stderr
2024-03-18T01:11:57.779+0000 7fe2b1d8e700 1 -- 172.21.15.29:0/2739413137 >> [v2:172.21.15.29:6800/950856841,v1:172.21.15.29:6801/950856841] conn(0x7fe2980367e0 msgr2=0x7fe298038c90 unknown :-1 s=STATE_CONNECTING_RE l=1).process reconnect failed to v2:172.21.15.29:6800/950856841
2024-03-18T01:12:00.793 INFO:teuthology.orchestra.run.smithi029.stdout:/usr/bin/ceph: stderr
2024-03-18T01:11:57.779+0000 7fe2b1d8e700 1 --2- 172.21.15.29:0/2739413137 >> [v2:172.21.15.29:6800/950856841,v1:172.21.15.29:6801/950856841] conn(0x7fe2980367e0 0x7fe298038c90 unknown :-1 s=START_CONNECT pgs=0 cs=0 l=1 rev1=0 crypto rx=0 tx=0 comp rx=0 tx=0)._fault waiting 3.200000
2024-03-18T01:12:00.793 INFO:teuthology.orchestra.run.smithi029.stdout:/usr/bin/ceph: stderr
2024-03-18T01:11:59.170+0000 7fe29effd700 1 -- 172.21.15.29:0/2739413137 <== mon.0 v2:172.21.15.29:3300/0 6 ==== mgrmap(e 10) v1 ==== 43148+0+0 (secure 0 0 0) 0x7fe2a001a7e0 con 0x7fe2ac078cc0
2024-03-18T01:12:00.794 INFO:teuthology.orchestra.run.smithi029.stdout:/usr/bin/ceph: stderr
2024-03-18T01:11:59.170+0000 7fe29effd700 1 -- 172.21.15.29:0/2739413137 >> [v2:172.21.15.29:6800/950856841,v1:172.21.15.29:6801/950856841] conn(0x7fe2980367e0 msgr2=0x7fe298038c90 unknown :-1 s=STATE_CONNECTING l=1).mark_down
2024-03-18T01:12:00.794 INFO:teuthology.orchestra.run.smithi029.stdout:/usr/bin/ceph: stderr
2024-03-18T01:11:59.170+0000 7fe29effd700 1 --2- 172.21.15.29:0/2739413137 >> [v2:172.21.15.29:6800/950856841,v1:172.21.15.29:6801/950856841] conn(0x7fe2980367e0 0x7fe298038c90 unknown :-1 s=START_CONNECT pgs=0 cs=0 l=1 rev1=0 crypto rx=0 tx=0 comp rx=0 tx=0).stop
2024-03-18T01:12:00.794 INFO:teuthology.orchestra.run.smithi029.stdout:/usr/bin/ceph: stderr
2024-03-18T01:12:00.171+0000 7fe29effd700 1 -- 172.21.15.29:0/2739413137 <== mon.0 v2:172.21.15.29:3300/0 7 ==== mgrmap(e 11) v1 ==== 43275+0+0 (secure 0 0 0) 0x7fe2a002dac0 con 0x7fe2ac078cc0
2024-03-18T01:12:00.794 INFO:teuthology.orchestra.run.smithi029.stdout:/usr/bin/ceph: stderr
2024-03-18T01:12:00.171+0000 7fe29effd700 1 --2- 172.21.15.29:0/2739413137 >> [v2:172.21.15.29:6800/2687730237,v1:172.21.15.29:6801/2687730237] conn(0x7fe29803a070 0x7fe29803c450 unknown :-1 s=NONE pgs=0 cs=0 l=1 rev1=0 crypto rx=0 tx=0 comp rx=0 tx=0).connect
2024-03-18T01:12:00.794 INFO:teuthology.orchestra.run.smithi029.stdout:/usr/bin/ceph: stderr
2024-03-18T01:12:00.171+0000 7fe29effd700 1 -- 172.21.15.29:0/2739413137 --> [v2:172.21.15.29:6800/2687730237,v1:172.21.15.29:6801/2687730237] -- command(tid 0: {"prefix": "get_command_descriptions"}) v1 -- 0x7fe2980393a0 con 0x7fe29803a070
2024-03-18T01:12:00.794 INFO:teuthology.orchestra.run.smithi029.stdout:/usr/bin/ceph: stderr
