2024-03-18T01:10:52.091 INFO:teuthology.orchestra.run.smithi055.stdout:/usr/bin/ceph: stderr
2024-03-18T01:10:51.473+0000 7ffaee009700 1 --2- 172.21.15.55:0/2590319862 >> [v2:172.21.15.55:3300/0,v1:172.21.15.55:6789/0] conn(0x7ffae81087b0 0x7ffae819bc80 secure :-1 s=READY pgs=44 cs=0 l=1 rev1=1 crypto rx=0x7ffad8009e50 tx=0x7ffad800bd30 comp rx=0 tx=0).stop
2024-03-18T01:10:52.091 INFO:teuthology.orchestra.run.smithi055.stdout:/usr/bin/ceph: stderr
2024-03-18T01:10:51.473+0000 7ffaee009700 1 -- 172.21.15.55:0/2590319862 shutdown_connections
2024-03-18T01:10:52.091 INFO:teuthology.orchestra.run.smithi055.stdout:/usr/bin/ceph: stderr
2024-03-18T01:10:51.473+0000 7ffaee009700 1 --2- 172.21.15.55:0/2590319862 >> [v2:172.21.15.55:6800/3506899152,v1:172.21.15.55:6801/3506899152] conn(0x7ffad4038f20 0x7ffad403b3e0 unknown :-1 s=CLOSED pgs=10 cs=0 l=1 rev1=1 crypto rx=0 tx=0 comp rx=0 tx=0).stop
2024-03-18T01:10:52.091 INFO:teuthology.orchestra.run.smithi055.stdout:/usr/bin/ceph: stderr
2024-03-18T01:10:51.473+0000 7ffaee009700 1 --2- 172.21.15.55:0/2590319862 >> [v2:172.21.15.55:3300/0,v1:172.21.15.55:6789/0] conn(0x7ffae81087b0 0x7ffae819bc80 unknown :-1 s=CLOSED pgs=44 cs=0 l=1 rev1=1 crypto rx=0 tx=0 comp rx=0 tx=0).stop
2024-03-18T01:10:52.091 INFO:teuthology.orchestra.run.smithi055.stdout:/usr/bin/ceph: stderr
2024-03-18T01:10:51.473+0000 7ffaee009700 1 -- 172.21.15.55:0/2590319862 >> 172.21.15.55:0/2590319862 conn(0x7ffae81021c0 msgr2=0x7ffae8102cb0 unknown :-1 s=STATE_NONE l=0).mark_down
2024-03-18T01:10:52.091 INFO:teuthology.orchestra.run.smithi055.stdout:/usr/bin/ceph: stderr
2024-03-18T01:10:51.473+0000 7ffaee009700 1 -- 172.21.15.55:0/2590319862 shutdown_connections
2024-03-18T01:10:52.091 INFO:teuthology.orchestra.run.smithi055.stdout:/usr/bin/ceph: stderr
2024-03-18T01:10:51.473+0000 7ffaee009700 1 -- 172.21.15.55:0/2590319862 wait complete.
2024-03-18T01:10:52.091 INFO:teuthology.orchestra.run.smithi055.stdout:Wrote public SSH key to /home/ubuntu/cephtest/ceph.pub
2024-03-18T01:10:52.091 INFO:teuthology.orchestra.run.smithi055.stdout:Adding key to root@localhost authorized_keys...
2024-03-18T01:10:52.091 INFO:teuthology.orchestra.run.smithi055.stdout:Adding host smithi055...
2024-03-18T01:10:52.399 INFO:journalctl@ceph.mon.a.smithi055.stdout:Mar 18 01:10:52 smithi055 ceph-mon[32203]: from='client.14138 -' entity='client.admin' cmd=[{"prefix": "cephadm get-pub-key", "target": ["mon-mgr", ""]}]: dispatch
2024-03-18T01:10:53.280 INFO:journalctl@ceph.mon.a.smithi055.stdout:Mar 18 01:10:53 smithi055 ceph-mon[32203]: from='client.14140 -' entity='client.admin' cmd=[{"prefix": "orch host add", "hostname": "smithi055", "addr": "172.21.15.55", "target": ["mon-mgr", ""]}]: dispatch
2024-03-18T01:10:54.661 INFO:journalctl@ceph.mon.a.smithi055.stdout:Mar 18 01:10:54 smithi055 ceph-mon[32203]: Deploying cephadm binary to smithi055
2024-03-18T01:10:57.714 INFO:teuthology.orchestra.run.smithi055.stdout:/usr/bin/ceph: stdout Added host 'smithi055' with addr '172.21.15.55'
2024-03-18T01:10:57.714 INFO:teuthology.orchestra.run.smithi055.stdout:/usr/bin/ceph: stderr
2024-03-18T01:10:52.512+0000 7fb58c906700 1 Processor -- start
2024-03-18T01:10:57.714 INFO:teuthology.orchestra.run.smithi055.stdout:/usr/bin/ceph: stderr
2024-03-18T01:10:52.512+0000 7fb58c906700 1 -- start start
2024-03-18T01:10:57.714 INFO:teuthology.orchestra.run.smithi055.stdout:/usr/bin/ceph: stderr
2024-03-18T01:10:52.512+0000 7fb58c906700 1 --2- >> [v2:172.21.15.55:3300/0,v1:172.21.15.55:6789/0] conn(0x7fb588107d80 0x7fb5881081a0 unknown :-1 s=NONE pgs=0 cs=0 l=0 rev1=0 crypto rx=0 tx=0 comp rx=0 tx=0).connect
2024-03-18T01:10:57.714 INFO:teuthology.orchestra.run.smithi055.stdout:/usr/bin/ceph: stderr
2024-03-18T01:10:52.512+0000 7fb58c906700 1 -- --> [v2:172.21.15.55:3300/0,v1:172.21.15.55:6789/0] -- mon_getmap magic: 0 -- 0x7fb588108770 con 0x7fb588107d80
2024-03-18T01:10:57.714 INFO:teuthology.orchestra.run.smithi055.stdout:/usr/bin/ceph: stderr
2024-03-18T01:10:52.512+0000 7fb58659c700 1 --2- >> [v2:172.21.15.55:3300/0,v1:172.21.15.55:6789/0] conn(0x7fb588107d80 0x7fb5881081a0 unknown :-1 s=BANNER_CONNECTING pgs=0 cs=0 l=0 rev1=0 crypto rx=0 tx=0 comp rx=0 tx=0)._handle_peer_banner_payload supported=3 required=0
2024-03-18T01:10:57.715 INFO:teuthology.orchestra.run.smithi055.stdout:/usr/bin/ceph: stderr
2024-03-18T01:10:52.512+0000 7fb58659c700 1 --2- >> [v2:172.21.15.55:3300/0,v1:172.21.15.55:6789/0] conn(0x7fb588107d80 0x7fb5881081a0 unknown :-1 s=HELLO_CONNECTING pgs=0 cs=0 l=0 rev1=1 crypto rx=0 tx=0 comp rx=0 tx=0).handle_hello peer v2:172.21.15.55:3300/0 says I am v2:172.21.15.55:39598/0 (socket says 172.21.15.55:39598)
2024-03-18T01:10:57.715 INFO:teuthology.orchestra.run.smithi055.stdout:/usr/bin/ceph: stderr
2024-03-18T01:10:52.512+0000 7fb58659c700 1 -- 172.21.15.55:0/4083946019 learned_addr learned my addr 172.21.15.55:0/4083946019 (peer_addr_for_me v2:172.21.15.55:0/0)
2024-03-18T01:10:57.715 INFO:teuthology.orchestra.run.smithi055.stdout:/usr/bin/ceph: stderr
2024-03-18T01:10:52.513+0000 7fb58659c700 1 -- 172.21.15.55:0/4083946019 --> [v2:172.21.15.55:3300/0,v1:172.21.15.55:6789/0] -- mon_subscribe({config=0+,monmap=0+}) -- 0x7fb588108ee0 con 0x7fb588107d80
2024-03-18T01:10:57.715 INFO:teuthology.orchestra.run.smithi055.stdout:/usr/bin/ceph: stderr
2024-03-18T01:10:52.513+0000 7fb58659c700 1 --2- 172.21.15.55:0/4083946019 >> [v2:172.21.15.55:3300/0,v1:172.21.15.55:6789/0] conn(0x7fb588107d80 0x7fb5881081a0 secure :-1 s=READY pgs=45 cs=0 l=1 rev1=1 crypto rx=0x7fb5780098a0 tx=0x7fb578009bb0 comp rx=0 tx=0).ready entity=mon.0 client_cookie=7f53e2d33b53967d server_cookie=0 in_seq=0 out_seq=0
2024-03-18T01:10:57.715 INFO:teuthology.orchestra.run.smithi055.stdout:/usr/bin/ceph: stderr
2024-03-18T01:10:52.513+0000 7fb58559a700 1 -- 172.21.15.55:0/4083946019 <== mon.0 v2:172.21.15.55:3300/0 1 ==== mon_map magic: 0 ==== 205+0+0 (secure 0 0 0) 0x7fb578004160 con 0x7fb588107d80
2024-03-18T01:10:57.715 INFO:teuthology.orchestra.run.smithi055.stdout:/usr/bin/ceph: stderr
2024-03-18T01:10:52.513+0000 7fb58559a700 1 -- 172.21.15.55:0/4083946019 <== mon.0 v2:172.21.15.55:3300/0 2 ==== config(27 keys) ==== 1109+0+0 (secure 0 0 0) 0x7fb578004300 con 0x7fb588107d80
2024-03-18T01:10:57.715 INFO:teuthology.orchestra.run.smithi055.stdout:/usr/bin/ceph: stderr
2024-03-18T01:10:52.513+0000 7fb58559a700 1 -- 172.21.15.55:0/4083946019 <== mon.0 v2:172.21.15.55:3300/0 3 ==== mon_map magic: 0 ==== 205+0+0 (secure 0 0 0) 0x7fb578011b50 con 0x7fb588107d80
2024-03-18T01:10:57.715 INFO:teuthology.orchestra.run.smithi055.stdout:/usr/bin/ceph: stderr
2024-03-18T01:10:52.514+0000 7fb58c906700 1 -- 172.21.15.55:0/4083946019 >> [v2:172.21.15.55:3300/0,v1:172.21.15.55:6789/0] conn(0x7fb588107d80 msgr2=0x7fb5881081a0 secure :-1 s=STATE_CONNECTION_ESTABLISHED l=1).mark_down
2024-03-18T01:10:57.715 INFO:teuthology.orchestra.run.smithi055.stdout:/usr/bin/ceph: stderr
2024-03-18T01:10:52.514+0000 7fb58c906700 1 --2- 172.21.15.55:0/4083946019 >> [v2:172.21.15.55:3300/0,v1:172.21.15.55:6789/0] conn(0x7fb588107d80 0x7fb5881081a0 secure :-1 s=READY pgs=45 cs=0 l=1 rev1=1 crypto rx=0x7fb5780098a0 tx=0x7fb578009bb0 comp rx=0 tx=0).stop
2024-03-18T01:10:57.715 INFO:teuthology.orchestra.run.smithi055.stdout:/usr/bin/ceph: stderr
2024-03-18T01:10:52.514+0000 7fb58c906700 1 -- 172.21.15.55:0/4083946019 shutdown_connections
2024-03-18T01:10:57.715 INFO:teuthology.orchestra.run.smithi055.stdout:/usr/bin/ceph: stderr
2024-03-18T01:10:52.514+0000 7fb58c906700 1 --2- 172.21.15.55:0/4083946019 >> [v2:172.21.15.55:3300/0,v1:172.21.15.55:6789/0] conn(0x7fb588107d80 0x7fb5881081a0 unknown :-1 s=CLOSED pgs=45 cs=0 l=1 rev1=1 crypto rx=0 tx=0 comp rx=0 tx=0).stop
2024-03-18T01:10:57.715 INFO:teuthology.orchestra.run.smithi055.stdout:/usr/bin/ceph: stderr
2024-03-18T01:10:52.514+0000 7fb58c906700 1 -- 172.21.15.55:0/4083946019 >> 172.21.15.55:0/4083946019 conn(0x7fb588103380 msgr2=0x7fb5881057a0 unknown :-1 s=STATE_NONE l=0).mark_down
2024-03-18T01:10:57.715 INFO:teuthology.orchestra.run.smithi055.stdout:/usr/bin/ceph: stderr
2024-03-18T01:10:52.514+0000 7fb58c906700 1 -- 172.21.15.55:0/4083946019 shutdown_connections
2024-03-18T01:10:57.715 INFO:teuthology.orchestra.run.smithi055.stdout:/usr/bin/ceph: stderr
2024-03-18T01:10:52.514+0000 7fb58c906700 1 -- 172.21.15.55:0/4083946019 wait complete.
2024-03-18T01:10:57.716 INFO:teuthology.orchestra.run.smithi055.stdout:/usr/bin/ceph: stderr
2024-03-18T01:10:52.515+0000 7fb58c906700 1 Processor -- start
2024-03-18T01:10:57.716 INFO:teuthology.orchestra.run.smithi055.stdout:/usr/bin/ceph: stderr
2024-03-18T01:10:52.515+0000 7fb58c906700 1 -- start start
2024-03-18T01:10:57.716 INFO:teuthology.orchestra.run.smithi055.stdout:/usr/bin/ceph: stderr
2024-03-18T01:10:52.515+0000 7fb58c906700 1 --2- >> [v2:172.21.15.55:3300/0,v1:172.21.15.55:6789/0] conn(0x7fb588107d80 0x7fb58807db30 unknown :-1 s=NONE pgs=0 cs=0 l=1 rev1=0 crypto rx=0 tx=0 comp rx=0 tx=0).connect
2024-03-18T01:10:57.716 INFO:teuthology.orchestra.run.smithi055.stdout:/usr/bin/ceph: stderr
2024-03-18T01:10:52.515+0000 7fb58c906700 1 -- --> [v2:172.21.15.55:3300/0,v1:172.21.15.55:6789/0] -- mon_getmap magic: 0 -- 0x7fb58810c290 con 0x7fb588107d80
2024-03-18T01:10:57.716 INFO:teuthology.orchestra.run.smithi055.stdout:/usr/bin/ceph: stderr
2024-03-18T01:10:52.515+0000 7fb58659c700 1 --2- >> [v2:172.21.15.55:3300/0,v1:172.21.15.55:6789/0] conn(0x7fb588107d80 0x7fb58807db30 unknown :-1 s=BANNER_CONNECTING pgs=0 cs=0 l=1 rev1=0 crypto rx=0 tx=0 comp rx=0 tx=0)._handle_peer_banner_payload supported=3 required=0
2024-03-18T01:10:57.716 INFO:teuthology.orchestra.run.smithi055.stdout:/usr/bin/ceph: stderr
2024-03-18T01:10:52.515+0000 7fb58659c700 1 --2- >> [v2:172.21.15.55:3300/0,v1:172.21.15.55:6789/0] conn(0x7fb588107d80 0x7fb58807db30 unknown :-1 s=HELLO_CONNECTING pgs=0 cs=0 l=1 rev1=1 crypto rx=0 tx=0 comp rx=0 tx=0).handle_hello peer v2:172.21.15.55:3300/0 says I am v2:172.21.15.55:39600/0 (socket says 172.21.15.55:39600)
2024-03-18T01:10:57.716 INFO:teuthology.orchestra.run.smithi055.stdout:/usr/bin/ceph: stderr
2024-03-18T01:10:52.515+0000 7fb58659c700 1 -- 172.21.15.55:0/910389481 learned_addr learned my addr 172.21.15.55:0/910389481 (peer_addr_for_me v2:172.21.15.55:0/0)
2024-03-18T01:10:57.716 INFO:teuthology.orchestra.run.smithi055.stdout:/usr/bin/ceph: stderr
2024-03-18T01:10:52.515+0000 7fb58659c700 1 -- 172.21.15.55:0/910389481 --> [v2:172.21.15.55:3300/0,v1:172.21.15.55:6789/0] -- mon_subscribe({config=0+,monmap=0+}) -- 0x7fb58807e070 con 0x7fb588107d80
2024-03-18T01:10:57.716 INFO:teuthology.orchestra.run.smithi055.stdout:/usr/bin/ceph: stderr
2024-03-18T01:10:52.515+0000 7fb58659c700 1 --2- 172.21.15.55:0/910389481 >> [v2:172.21.15.55:3300/0,v1:172.21.15.55:6789/0] conn(0x7fb588107d80 0x7fb58807db30 secure :-1 s=READY pgs=46 cs=0 l=1 rev1=1 crypto rx=0x7fb578011850 tx=0x7fb578011c10 comp rx=0 tx=0).ready entity=mon.0 client_cookie=0 server_cookie=0 in_seq=0 out_seq=0
2024-03-18T01:10:57.716 INFO:teuthology.orchestra.run.smithi055.stdout:/usr/bin/ceph: stderr
2024-03-18T01:10:52.516+0000 7fb5777fe700 1 -- 172.21.15.55:0/910389481 <== mon.0 v2:172.21.15.55:3300/0 1 ==== mon_map magic: 0 ==== 205+0+0 (secure 0 0 0) 0x7fb578003af0 con 0x7fb588107d80
2024-03-18T01:10:57.716 INFO:teuthology.orchestra.run.smithi055.stdout:/usr/bin/ceph: stderr
2024-03-18T01:10:52.516+0000 7fb5777fe700 1 -- 172.21.15.55:0/910389481 <== mon.0 v2:172.21.15.55:3300/0 2 ==== config(27 keys) ==== 1109+0+0 (secure 0 0 0) 0x7fb578020070 con 0x7fb588107d80
2024-03-18T01:10:57.716 INFO:teuthology.orchestra.run.smithi055.stdout:/usr/bin/ceph: stderr
2024-03-18T01:10:52.516+0000 7fb58c906700 1 -- 172.21.15.55:0/910389481 --> [v2:172.21.15.55:3300/0,v1:172.21.15.55:6789/0] -- mon_subscribe({mgrmap=0+}) -- 0x7fb58807c260 con 0x7fb588107d80
2024-03-18T01:10:57.716 INFO:teuthology.orchestra.run.smithi055.stdout:/usr/bin/ceph: stderr
2024-03-18T01:10:52.516+0000 7fb5777fe700 1 -- 172.21.15.55:0/910389481 <== mon.0 v2:172.21.15.55:3300/0 3 ==== mon_map magic: 0 ==== 205+0+0 (secure 0 0 0) 0x7fb5780195a0 con 0x7fb588107d80
2024-03-18T01:10:57.716 INFO:teuthology.orchestra.run.smithi055.stdout:/usr/bin/ceph: stderr
2024-03-18T01:10:52.516+0000 7fb58c906700 1 -- 172.21.15.55:0/910389481 --> [v2:172.21.15.55:3300/0,v1:172.21.15.55:6789/0] -- mon_subscribe({osdmap=0}) -- 0x7fb58807c7a0 con 0x7fb588107d80
2024-03-18T01:10:57.716 INFO:teuthology.orchestra.run.smithi055.stdout:/usr/bin/ceph: stderr
2024-03-18T01:10:52.516+0000 7fb5777fe700 1 -- 172.21.15.55:0/910389481 <== mon.0 v2:172.21.15.55:3300/0 4 ==== mgrmap(e 8) ==== 46106+0+0 (secure 0 0 0) 0x7fb578019850 con 0x7fb588107d80
2024-03-18T01:10:57.717 INFO:teuthology.orchestra.run.smithi055.stdout:/usr/bin/ceph: stderr
2024-03-18T01:10:52.517+0000 7fb58c906700 1 -- 172.21.15.55:0/910389481 --> [v2:172.21.15.55:3300/0,v1:172.21.15.55:6789/0] -- mon_command({"prefix": "get_command_descriptions"} v 0) -- 0x7fb588063900 con 0x7fb588107d80
2024-03-18T01:10:57.717 INFO:teuthology.orchestra.run.smithi055.stdout:/usr/bin/ceph: stderr
2024-03-18T01:10:52.517+0000 7fb5777fe700 1 --2- 172.21.15.55:0/910389481 >> [v2:172.21.15.55:6800/3506899152,v1:172.21.15.55:6801/3506899152] conn(0x7fb570038f70 0x7fb57003b430 unknown :-1 s=NONE pgs=0 cs=0 l=1 rev1=0 crypto rx=0 tx=0 comp rx=0 tx=0).connect
2024-03-18T01:10:57.717 INFO:teuthology.orchestra.run.smithi055.stdout:/usr/bin/ceph: stderr
2024-03-18T01:10:52.517+0000 7fb5777fe700 1 -- 172.21.15.55:0/910389481 <== mon.0 v2:172.21.15.55:3300/0 5 ==== osd_map(2..2 src has 1..2) ==== 940+0+0 (secure 0 0 0) 0x7fb578011e00 con 0x7fb588107d80
2024-03-18T01:10:57.717 INFO:teuthology.orchestra.run.smithi055.stdout:/usr/bin/ceph: stderr
2024-03-18T01:10:52.517+0000 7fb585d9b700 1 --2- 172.21.15.55:0/910389481 >> [v2:172.21.15.55:6800/3506899152,v1:172.21.15.55:6801/3506899152] conn(0x7fb570038f70 0x7fb57003b430 unknown :-1 s=BANNER_CONNECTING pgs=0 cs=0 l=1 rev1=0 crypto rx=0 tx=0 comp rx=0 tx=0)._handle_peer_banner_payload supported=3 required=0
2024-03-18T01:10:57.717 INFO:teuthology.orchestra.run.smithi055.stdout:/usr/bin/ceph: stderr
2024-03-18T01:10:52.517+0000 7fb585d9b700 1 --2- 172.21.15.55:0/910389481 >> [v2:172.21.15.55:6800/3506899152,v1:172.21.15.55:6801/3506899152] conn(0x7fb570038f70 0x7fb57003b430 secure :-1 s=READY pgs=11 cs=0 l=1 rev1=1 crypto rx=0x7fb57c006fd0 tx=0x7fb57c006e40 comp rx=0 tx=0).ready entity=mgr.14120 client_cookie=0 server_cookie=0 in_seq=0 out_seq=0
2024-03-18T01:10:57.717 INFO:teuthology.orchestra.run.smithi055.stdout:/usr/bin/ceph: stderr
2024-03-18T01:10:52.522+0000 7fb5777fe700 1 -- 172.21.15.55:0/910389481 <== mon.0 v2:172.21.15.55:3300/0 6 ==== mon_command_ack([{"prefix": "get_command_descriptions"}]=0 v0) ==== 72+0+186149 (secure 0 0 0) 0x7fb578003c90 con 0x7fb588107d80
2024-03-18T01:10:57.717 INFO:teuthology.orchestra.run.smithi055.stdout:/usr/bin/ceph: stderr
2024-03-18T01:10:52.728+0000 7fb58c906700 1 -- 172.21.15.55:0/910389481 --> [v2:172.21.15.55:6800/3506899152,v1:172.21.15.55:6801/3506899152] -- mgr_command(tid 0: {"prefix": "orch host add", "hostname": "smithi055", "addr": "172.21.15.55", "target": ["mon-mgr", ""]}) -- 0x7fb5881045d0 con 0x7fb570038f70
2024-03-18T01:10:57.717 INFO:teuthology.orchestra.run.smithi055.stdout:/usr/bin/ceph: stderr
2024-03-18T01:10:57.138+0000 7fb5777fe700 1 -- 172.21.15.55:0/910389481 <== mgr.14120 v2:172.21.15.55:6800/3506899152 1 ==== mgr_command_reply(tid 0: 0 ) ==== 8+0+48 (secure 0 0 0) 0x7fb5881045d0 con 0x7fb570038f70
2024-03-18T01:10:57.717 INFO:teuthology.orchestra.run.smithi055.stdout:/usr/bin/ceph: stderr
2024-03-18T01:10:57.141+0000 7fb58c906700 1 -- 172.21.15.55:0/910389481 >> [v2:172.21.15.55:6800/3506899152,v1:172.21.15.55:6801/3506899152] conn(0x7fb570038f70 msgr2=0x7fb57003b430 secure :-1 s=STATE_CONNECTION_ESTABLISHED l=1).mark_down
2024-03-18T01:10:57.717 INFO:teuthology.orchestra.run.smithi055.stdout:/usr/bin/ceph: stderr
2024-03-18T01:10:57.141+0000 7fb58c906700 1 --2- 172.21.15.55:0/910389481 >> [v2:172.21.15.55:6800/3506899152,v1:172.21.15.55:6801/3506899152] conn(0x7fb570038f70 0x7fb57003b430 secure :-1 s=READY pgs=11 cs=0 l=1 rev1=1 crypto rx=0x7fb57c006fd0 tx=0x7fb57c006e40 comp rx=0 tx=0).stop
2024-03-18T01:10:57.717 INFO:teuthology.orchestra.run.smithi055.stdout:/usr/bin/ceph: stderr
2024-03-18T01:10:57.141+0000 7fb58c906700 1 -- 172.21.15.55:0/910389481 >> [v2:172.21.15.55:3300/0,v1:172.21.15.55:6789/0] conn(0x7fb588107d80 msgr2=0x7fb58807db30 secure :-1 s=STATE_CONNECTION_ESTABLISHED l=1).mark_down
2024-03-18T01:10:57.717 INFO:teuthology.orchestra.run.smithi055.stdout:/usr/bin/ceph: stderr
2024-03-18T01:10:57.141+0000 7fb58c906700 1 --2- 172.21.15.55:0/910389481 >> [v2:172.21.15.55:3300/0,v1:172.21.15.55:6789/0] conn(0x7fb588107d80 0x7fb58807db30 secure :-1 s=READY pgs=46 cs=0 l=1 rev1=1 crypto rx=0x7fb578011850 tx=0x7fb578011c10 comp rx=0 tx=0).stop
2024-03-18T01:10:57.717 INFO:teuthology.orchestra.run.smithi055.stdout:/usr/bin/ceph: stderr
2024-03-18T01:10:57.141+0000 7fb58c906700 1 -- 172.21.15.55:0/910389481 shutdown_connections
2024-03-18T01:10:57.717 INFO:teuthology.orchestra.run.smithi055.stdout:/usr/bin/ceph: stderr
2024-03-18T01:10:57.141+0000 7fb58c906700 1 --2- 172.21.15.55:0/910389481 >> [v2:172.21.15.55:6800/3506899152,v1:172.21.15.55:6801/3506899152] conn(0x7fb570038f70 0x7fb57003b430 unknown :-1 s=CLOSED pgs=11 cs=0 l=1 rev1=1 crypto rx=0 tx=0 comp rx=0 tx=0).stop
2024-03-18T01:10:57.717 INFO:teuthology.orchestra.run.smithi055.stdout:/usr/bin/ceph: stderr
2024-03-18T01:10:57.141+0000 7fb58c906700 1 --2- 172.21.15.55:0/910389481 >> [v2:172.21.15.55:3300/0,v1:172.21.15.55:6789/0] conn(0x7fb588107d80 0x7fb58807db30 unknown :-1 s=CLOSED pgs=46 cs=0 l=1 rev1=1 crypto rx=0 tx=0 comp rx=0 tx=0).stop
2024-03-18T01:10:57.718 INFO:teuthology.orchestra.run.smithi055.stdout:/usr/bin/ceph: stderr
2024-03-18T01:10:57.141+0000 7fb58c906700 1 -- 172.21.15.55:0/910389481 >> 172.21.15.55:0/910389481 conn(0x7fb588103380 msgr2=0x7fb588103ec0 unknown :-1 s=STATE_NONE l=0).mark_down
2024-03-18T01:10:57.718 INFO:teuthology.orchestra.run.smithi055.stdout:/usr/bin/ceph: stderr
2024-03-18T01:10:57.141+0000 7fb58c906700 1 -- 172.21.15.55:0/910389481 shutdown_connections
2024-03-18T01:10:57.718 INFO:teuthology.orchestra.run.smithi055.stdout:/usr/bin/ceph: stderr
2024-03-18T01:10:57.142+0000 7fb58c906700 1 -- 172.21.15.55:0/910389481 wait complete.
2024-03-18T01:10:57.718 INFO:teuthology.orchestra.run.smithi055.stdout:Deploying unmanaged mon service...
2024-03-18T01:10:58.362 INFO:journalctl@ceph.mon.a.smithi055.stdout:Mar 18 01:10:58 smithi055 ceph-mon[32203]: from='mgr.14120 172.21.15.55:0/2214486505' entity='mgr.x'
2024-03-18T01:10:58.363 INFO:journalctl@ceph.mon.a.smithi055.stdout:Mar 18 01:10:58 smithi055 ceph-mon[32203]: Added host smithi055
2024-03-18T01:10:58.363 INFO:journalctl@ceph.mon.a.smithi055.stdout:Mar 18 01:10:58 smithi055 ceph-mon[32203]: from='mgr.14120 172.21.15.55:0/2214486505' entity='mgr.x' cmd=[{"prefix": "config dump", "format": "json"}]: dispatch
2024-03-18T01:10:59.570 INFO:teuthology.orchestra.run.smithi055.stdout:/usr/bin/ceph: stdout Scheduled mon update...
2024-03-18T01:10:59.570 INFO:teuthology.orchestra.run.smithi055.stdout:/usr/bin/ceph: stderr
2024-03-18T01:10:58.164+0000 7f33da0d0700 1 Processor -- start
2024-03-18T01:10:59.570 INFO:teuthology.orchestra.run.smithi055.stdout:/usr/bin/ceph: stderr
2024-03-18T01:10:58.164+0000 7f33da0d0700 1 -- start start
2024-03-18T01:10:59.570 INFO:teuthology.orchestra.run.smithi055.stdout:/usr/bin/ceph: stderr
2024-03-18T01:10:58.164+0000 7f33da0d0700 1 --2- >> [v2:172.21.15.55:3300/0,v1:172.21.15.55:6789/0] conn(0x7f33d4107d80 0x7f33d41081a0 unknown :-1 s=NONE pgs=0 cs=0 l=0 rev1=0 crypto rx=0 tx=0 comp rx=0 tx=0).connect
2024-03-18T01:10:59.570 INFO:teuthology.orchestra.run.smithi055.stdout:/usr/bin/ceph: stderr
2024-03-18T01:10:58.164+0000 7f33da0d0700 1 -- --> [v2:172.21.15.55:3300/0,v1:172.21.15.55:6789/0] -- mon_getmap magic: 0 -- 0x7f33d4108770 con 0x7f33d4107d80
2024-03-18T01:10:59.570 INFO:teuthology.orchestra.run.smithi055.stdout:/usr/bin/ceph: stderr
2024-03-18T01:10:58.164+0000 7f33d37fe700 1 --2- >> [v2:172.21.15.55:3300/0,v1:172.21.15.55:6789/0] conn(0x7f33d4107d80 0x7f33d41081a0 unknown :-1 s=BANNER_CONNECTING pgs=0 cs=0 l=0 rev1=0 crypto rx=0 tx=0 comp rx=0 tx=0)._handle_peer_banner_payload supported=3 required=0
2024-03-18T01:10:59.570 INFO:teuthology.orchestra.run.smithi055.stdout:/usr/bin/ceph: stderr
2024-03-18T01:10:58.164+0000 7f33d37fe700 1 --2- >> [v2:172.21.15.55:3300/0,v1:172.21.15.55:6789/0] conn(0x7f33d4107d80 0x7f33d41081a0 unknown :-1 s=HELLO_CONNECTING pgs=0 cs=0 l=0 rev1=1 crypto rx=0 tx=0 comp rx=0 tx=0).handle_hello peer v2:172.21.15.55:3300/0 says I am v2:172.21.15.55:39610/0 (socket says 172.21.15.55:39610)
2024-03-18T01:10:59.570 INFO:teuthology.orchestra.run.smithi055.stdout:/usr/bin/ceph: stderr
2024-03-18T01:10:58.164+0000 7f33d37fe700 1 -- 172.21.15.55:0/3655931012 learned_addr learned my addr 172.21.15.55:0/3655931012 (peer_addr_for_me v2:172.21.15.55:0/0)
2024-03-18T01:10:59.570 INFO:teuthology.orchestra.run.smithi055.stdout:/usr/bin/ceph: stderr
2024-03-18T01:10:58.164+0000 7f33d37fe700 1 -- 172.21.15.55:0/3655931012 --> [v2:172.21.15.55:3300/0,v1:172.21.15.55:6789/0] -- mon_subscribe({config=0+,monmap=0+}) -- 0x7f33d4108ee0 con 0x7f33d4107d80
2024-03-18T01:10:59.570 INFO:teuthology.orchestra.run.smithi055.stdout:/usr/bin/ceph: stderr
2024-03-18T01:10:58.164+0000 7f33d37fe700 1 --2- 172.21.15.55:0/3655931012 >> [v2:172.21.15.55:3300/0,v1:172.21.15.55:6789/0] conn(0x7f33d4107d80 0x7f33d41081a0 secure :-1 s=READY pgs=47 cs=0 l=1 rev1=1 crypto rx=0x7f33c40098a0 tx=0x7f33c4009bb0 comp rx=0 tx=0).ready entity=mon.0 client_cookie=22d9adbf76d5dee7 server_cookie=0 in_seq=0 out_seq=0
2024-03-18T01:10:59.571 INFO:teuthology.orchestra.run.smithi055.stdout:/usr/bin/ceph: stderr
2024-03-18T01:10:58.165+0000 7f33d27fc700 1 -- 172.21.15.55:0/3655931012 <== mon.0 v2:172.21.15.55:3300/0 1 ==== mon_map magic: 0 ==== 205+0+0 (secure 0 0 0) 0x7f33c4004160 con 0x7f33d4107d80
2024-03-18T01:10:59.571 INFO:teuthology.orchestra.run.smithi055.stdout:/usr/bin/ceph: stderr
2024-03-18T01:10:58.165+0000 7f33d27fc700 1 -- 172.21.15.55:0/3655931012 <== mon.0 v2:172.21.15.55:3300/0 2 ==== config(27 keys) ==== 1109+0+0 (secure 0 0 0) 0x7f33c4004300 con 0x7f33d4107d80
2024-03-18T01:10:59.571 INFO:teuthology.orchestra.run.smithi055.stdout:/usr/bin/ceph: stderr
2024-03-18T01:10:58.165+0000 7f33d27fc700 1 -- 172.21.15.55:0/3655931012 <== mon.0 v2:172.21.15.55:3300/0 3 ==== mon_map magic: 0 ==== 205+0+0 (secure 0 0 0) 0x7f33c4011b50 con 0x7f33d4107d80
2024-03-18T01:10:59.571 INFO:teuthology.orchestra.run.smithi055.stdout:/usr/bin/ceph: stderr
2024-03-18T01:10:58.165+0000 7f33da0d0700 1 -- 172.21.15.55:0/3655931012 >> [v2:172.21.15.55:3300/0,v1:172.21.15.55:6789/0] conn(0x7f33d4107d80 msgr2=0x7f33d41081a0 secure :-1 s=STATE_CONNECTION_ESTABLISHED l=1).mark_down
2024-03-18T01:10:59.571 INFO:teuthology.orchestra.run.smithi055.stdout:/usr/bin/ceph: stderr
2024-03-18T01:10:58.165+0000 7f33da0d0700 1 --2- 172.21.15.55:0/3655931012 >> [v2:172.21.15.55:3300/0,v1:172.21.15.55:6789/0] conn(0x7f33d4107d80 0x7f33d41081a0 secure :-1 s=READY pgs=47 cs=0 l=1 rev1=1 crypto rx=0x7f33c40098a0 tx=0x7f33c4009bb0 comp rx=0 tx=0).stop
2024-03-18T01:10:59.571 INFO:teuthology.orchestra.run.smithi055.stdout:/usr/bin/ceph: stderr
2024-03-18T01:10:58.165+0000 7f33da0d0700 1 -- 172.21.15.55:0/3655931012 shutdown_connections
2024-03-18T01:10:59.571 INFO:teuthology.orchestra.run.smithi055.stdout:/usr/bin/ceph: stderr
2024-03-18T01:10:58.165+0000 7f33da0d0700 1 --2- 172.21.15.55:0/3655931012 >> [v2:172.21.15.55:3300/0,v1:172.21.15.55:6789/0] conn(0x7f33d4107d80 0x7f33d41081a0 unknown :-1 s=CLOSED pgs=47 cs=0 l=1 rev1=1 crypto rx=0 tx=0 comp rx=0 tx=0).stop
2024-03-18T01:10:59.571 INFO:teuthology.orchestra.run.smithi055.stdout:/usr/bin/ceph: stderr
2024-03-18T01:10:58.165+0000 7f33da0d0700 1 -- 172.21.15.55:0/3655931012 >> 172.21.15.55:0/3655931012 conn(0x7f33d4103380 msgr2=0x7f33d41057a0 unknown :-1 s=STATE_NONE l=0).mark_down
2024-03-18T01:10:59.571 INFO:teuthology.orchestra.run.smithi055.stdout:/usr/bin/ceph: stderr
2024-03-18T01:10:58.165+0000 7f33da0d0700 1 -- 172.21.15.55:0/3655931012 shutdown_connections
2024-03-18T01:10:59.571 INFO:teuthology.orchestra.run.smithi055.stdout:/usr/bin/ceph: stderr
2024-03-18T01:10:58.165+0000 7f33da0d0700 1 -- 172.21.15.55:0/3655931012 wait complete.
2024-03-18T01:10:59.571 INFO:teuthology.orchestra.run.smithi055.stdout:/usr/bin/ceph: stderr
2024-03-18T01:10:58.166+0000 7f33da0d0700 1 Processor -- start
2024-03-18T01:10:59.571 INFO:teuthology.orchestra.run.smithi055.stdout:/usr/bin/ceph: stderr
2024-03-18T01:10:58.166+0000 7f33da0d0700 1 -- start start
2024-03-18T01:10:59.571 INFO:teuthology.orchestra.run.smithi055.stdout:/usr/bin/ceph: stderr
2024-03-18T01:10:58.166+0000 7f33da0d0700 1 --2- >> [v2:172.21.15.55:3300/0,v1:172.21.15.55:6789/0] conn(0x7f33d4107d80 0x7f33d419bd20 unknown :-1 s=NONE pgs=0 cs=0 l=1 rev1=0 crypto rx=0 tx=0 comp rx=0 tx=0).connect
2024-03-18T01:10:59.571 INFO:teuthology.orchestra.run.smithi055.stdout:/usr/bin/ceph: stderr
2024-03-18T01:10:58.166+0000 7f33da0d0700 1 -- --> [v2:172.21.15.55:3300/0,v1:172.21.15.55:6789/0] -- mon_getmap magic: 0 -- 0x7f33d410c290 con 0x7f33d4107d80
2024-03-18T01:10:59.571 INFO:teuthology.orchestra.run.smithi055.stdout:/usr/bin/ceph: stderr
2024-03-18T01:10:58.166+0000 7f33d37fe700 1 --2- >> [v2:172.21.15.55:3300/0,v1:172.21.15.55:6789/0] conn(0x7f33d4107d80 0x7f33d419bd20 unknown :-1 s=BANNER_CONNECTING pgs=0 cs=0 l=1 rev1=0 crypto rx=0 tx=0 comp rx=0 tx=0)._handle_peer_banner_payload supported=3 required=0
2024-03-18T01:10:59.572 INFO:teuthology.orchestra.run.smithi055.stdout:/usr/bin/ceph: stderr
2024-03-18T01:10:58.166+0000 7f33d37fe700 1 --2- >> [v2:172.21.15.55:3300/0,v1:172.21.15.55:6789/0] conn(0x7f33d4107d80 0x7f33d419bd20 unknown :-1 s=HELLO_CONNECTING pgs=0 cs=0 l=1 rev1=1 crypto rx=0 tx=0 comp rx=0 tx=0).handle_hello peer v2:172.21.15.55:3300/0 says I am v2:172.21.15.55:39626/0 (socket says 172.21.15.55:39626)
2024-03-18T01:10:59.572 INFO:teuthology.orchestra.run.smithi055.stdout:/usr/bin/ceph: stderr
2024-03-18T01:10:58.166+0000 7f33d37fe700 1 -- 172.21.15.55:0/3578994911 learned_addr learned my addr 172.21.15.55:0/3578994911 (peer_addr_for_me v2:172.21.15.55:0/0)
2024-03-18T01:10:59.572 INFO:teuthology.orchestra.run.smithi055.stdout:/usr/bin/ceph: stderr
2024-03-18T01:10:58.166+0000 7f33d37fe700 1 -- 172.21.15.55:0/3578994911 --> [v2:172.21.15.55:3300/0,v1:172.21.15.55:6789/0] -- mon_subscribe({config=0+,monmap=0+}) -- 0x7f33d419c260 con 0x7f33d4107d80
2024-03-18T01:10:59.572 INFO:teuthology.orchestra.run.smithi055.stdout:/usr/bin/ceph: stderr
2024-03-18T01:10:58.167+0000 7f33d37fe700 1 --2- 172.21.15.55:0/3578994911 >> [v2:172.21.15.55:3300/0,v1:172.21.15.55:6789/0] conn(0x7f33d4107d80 0x7f33d419bd20 secure :-1 s=READY pgs=48 cs=0 l=1 rev1=1 crypto rx=0x7f33c4011850 tx=0x7f33c4011c10 comp rx=0 tx=0).ready entity=mon.0 client_cookie=0 server_cookie=0 in_seq=0 out_seq=0
2024-03-18T01:10:59.572 INFO:teuthology.orchestra.run.smithi055.stdout:/usr/bin/ceph: stderr
2024-03-18T01:10:58.167+0000 7f33d0ff9700 1 -- 172.21.15.55:0/3578994911 <== mon.0 v2:172.21.15.55:3300/0 1 ==== mon_map magic: 0 ==== 205+0+0 (secure 0 0 0) 0x7f33c4003af0 con 0x7f33d4107d80
2024-03-18T01:10:59.572 INFO:teuthology.orchestra.run.smithi055.stdout:/usr/bin/ceph: stderr
2024-03-18T01:10:58.167+0000 7f33da0d0700 1 -- 172.21.15.55:0/3578994911 --> [v2:172.21.15.55:3300/0,v1:172.21.15.55:6789/0] -- mon_subscribe({mgrmap=0+}) -- 0x7f33d419c4f0 con 0x7f33d4107d80
2024-03-18T01:10:59.572 INFO:teuthology.orchestra.run.smithi055.stdout:/usr/bin/ceph: stderr
2024-03-18T01:10:58.167+0000 7f33d0ff9700 1 -- 172.21.15.55:0/3578994911 <== mon.0 v2:172.21.15.55:3300/0 2 ==== config(27 keys) ==== 1109+0+0 (secure 0 0 0) 0x7f33c4020070 con 0x7f33d4107d80
2024-03-18T01:10:59.572 INFO:teuthology.orchestra.run.smithi055.stdout:/usr/bin/ceph: stderr
2024-03-18T01:10:58.167+0000 7f33d0ff9700 1 -- 172.21.15.55:0/3578994911 <== mon.0 v2:172.21.15.55:3300/0 3 ==== mon_map magic: 0 ==== 205+0+0 (secure 0 0 0) 0x7f33c40195a0 con 0x7f33d4107d80
2024-03-18T01:10:59.572 INFO:teuthology.orchestra.run.smithi055.stdout:/usr/bin/ceph: stderr
2024-03-18T01:10:58.167+0000 7f33da0d0700 1 -- 172.21.15.55:0/3578994911 --> [v2:172.21.15.55:3300/0,v1:172.21.15.55:6789/0] -- mon_subscribe({osdmap=0}) -- 0x7f33d419f1d0 con 0x7f33d4107d80
2024-03-18T01:10:59.572 INFO:teuthology.orchestra.run.smithi055.stdout:/usr/bin/ceph: stderr
2024-03-18T01:10:58.168+0000 7f33d0ff9700 1 -- 172.21.15.55:0/3578994911 <== mon.0 v2:172.21.15.55:3300/0 4 ==== mgrmap(e 8) ==== 46106+0+0 (secure 0 0 0) 0x7f33c40198a0 con 0x7f33d4107d80
2024-03-18T01:10:59.572 INFO:teuthology.orchestra.run.smithi055.stdout:/usr/bin/ceph: stderr
2024-03-18T01:10:58.168+0000 7f33da0d0700 1 -- 172.21.15.55:0/3578994911 --> [v2:172.21.15.55:3300/0,v1:172.21.15.55:6789/0] -- mon_command({"prefix": "get_command_descriptions"} v 0) -- 0x7f33d4063900 con 0x7f33d4107d80
2024-03-18T01:10:59.572 INFO:teuthology.orchestra.run.smithi055.stdout:/usr/bin/ceph: stderr
2024-03-18T01:10:58.168+0000 7f33d0ff9700 1 --2- 172.21.15.55:0/3578994911 >> [v2:172.21.15.55:6800/3506899152,v1:172.21.15.55:6801/3506899152] conn(0x7f33bc038f20 0x7f33bc03b3e0 unknown :-1 s=NONE pgs=0 cs=0 l=1 rev1=0 crypto rx=0 tx=0 comp rx=0 tx=0).connect
2024-03-18T01:10:59.572 INFO:teuthology.orchestra.run.smithi055.stdout:/usr/bin/ceph: stderr
2024-03-18T01:10:58.168+0000 7f33d0ff9700 1 -- 172.21.15.55:0/3578994911 <== mon.0 v2:172.21.15.55:3300/0 5 ==== osd_map(2..2 src has 1..2) ==== 940+0+0 (secure 0 0 0) 0x7f33c4011e00 con 0x7f33d4107d80
2024-03-18T01:10:59.572 INFO:teuthology.orchestra.run.smithi055.stdout:/usr/bin/ceph: stderr
2024-03-18T01:10:58.168+0000 7f33d2ffd700 1 --2- 172.21.15.55:0/3578994911 >> [v2:172.21.15.55:6800/3506899152,v1:172.21.15.55:6801/3506899152] conn(0x7f33bc038f20 0x7f33bc03b3e0 unknown :-1 s=BANNER_CONNECTING pgs=0 cs=0 l=1 rev1=0 crypto rx=0 tx=0 comp rx=0 tx=0)._handle_peer_banner_payload supported=3 required=0
2024-03-18T01:10:59.572 INFO:teuthology.orchestra.run.smithi055.stdout:/usr/bin/ceph: stderr
2024-03-18T01:10:58.168+0000 7f33d2ffd700 1 --2- 172.21.15.55:0/3578994911 >> [v2:172.21.15.55:6800/3506899152,v1:172.21.15.55:6801/3506899152] conn(0x7f33bc038f20 0x7f33bc03b3e0 secure :-1 s=READY pgs=12 cs=0 l=1 rev1=1 crypto rx=0x7f33c8006fd0 tx=0x7f33c8006e40 comp rx=0 tx=0).ready entity=mgr.14120 client_cookie=0 server_cookie=0 in_seq=0 out_seq=0
2024-03-18T01:10:59.573 INFO:teuthology.orchestra.run.smithi055.stdout:/usr/bin/ceph: stderr
2024-03-18T01:10:58.173+0000 7f33d0ff9700 1 -- 172.21.15.55:0/3578994911 <== mon.0 v2:172.21.15.55:3300/0 6 ==== mon_command_ack([{"prefix": "get_command_descriptions"}]=0 v0) ==== 72+0+186149 (secure 0 0 0) 0x7f33c4003c90 con 0x7f33d4107d80
2024-03-18T01:10:59.573 INFO:teuthology.orchestra.run.smithi055.stdout:/usr/bin/ceph: stderr
2024-03-18T01:10:58.401+0000 7f33da0d0700 1 -- 172.21.15.55:0/3578994911 --> [v2:172.21.15.55:6800/3506899152,v1:172.21.15.55:6801/3506899152] -- mgr_command(tid 0: {"prefix": "orch apply", "service_type": "mon", "unmanaged": true, "target": ["mon-mgr", ""]}) -- 0x7f33d41045d0 con 0x7f33bc038f20
2024-03-18T01:10:59.573 INFO:teuthology.orchestra.run.smithi055.stdout:/usr/bin/ceph: stderr
2024-03-18T01:10:58.406+0000 7f33d0ff9700 1 -- 172.21.15.55:0/3578994911 <== mgr.14120 v2:172.21.15.55:6800/3506899152 1 ==== mgr_command_reply(tid 0: 0 ) ==== 8+0+24 (secure 0 0 0) 0x7f33d41045d0 con 0x7f33bc038f20
2024-03-18T01:10:59.573 INFO:teuthology.orchestra.run.smithi055.stdout:/usr/bin/ceph: stderr
2024-03-18T01:10:58.409+0000 7f33da0d0700 1 -- 172.21.15.55:0/3578994911 >> [v2:172.21.15.55:6800/3506899152,v1:172.21.15.55:6801/3506899152] conn(0x7f33bc038f20 msgr2=0x7f33bc03b3e0 secure :-1 s=STATE_CONNECTION_ESTABLISHED l=1).mark_down
2024-03-18T01:10:59.573 INFO:teuthology.orchestra.run.smithi055.stdout:/usr/bin/ceph: stderr
2024-03-18T01:10:58.409+0000 7f33da0d0700 1 --2- 172.21.15.55:0/3578994911 >> [v2:172.21.15.55:6800/3506899152,v1:172.21.15.55:6801/3506899152] conn(0x7f33bc038f20 0x7f33bc03b3e0 secure :-1 s=READY pgs=12 cs=0 l=1 rev1=1 crypto rx=0x7f33c8006fd0 tx=0x7f33c8006e40 comp rx=0 tx=0).stop
2024-03-18T01:10:59.573 INFO:teuthology.orchestra.run.smithi055.stdout:/usr/bin/ceph: stderr
2024-03-18T01:10:58.409+0000 7f33da0d0700 1 -- 172.21.15.55:0/3578994911 >> [v2:172.21.15.55:3300/0,v1:172.21.15.55:6789/0] conn(0x7f33d4107d80 msgr2=0x7f33d419bd20 secure :-1 s=STATE_CONNECTION_ESTABLISHED l=1).mark_down
2024-03-18T01:10:59.573 INFO:teuthology.orchestra.run.smithi055.stdout:/usr/bin/ceph: stderr
2024-03-18T01:10:58.409+0000 7f33da0d0700 1 --2- 172.21.15.55:0/3578994911 >> [v2:172.21.15.55:3300/0,v1:172.21.15.55:6789/0] conn(0x7f33d4107d80 0x7f33d419bd20 secure :-1 s=READY pgs=48 cs=0 l=1 rev1=1 crypto rx=0x7f33c4011850 tx=0x7f33c4011c10 comp rx=0 tx=0).stop
2024-03-18T01:10:59.573 INFO:teuthology.orchestra.run.smithi055.stdout:/usr/bin/ceph: stderr
2024-03-18T01:10:58.409+0000 7f33da0d0700 1 -- 172.21.15.55:0/3578994911 shutdown_connections
2024-03-18T01:10:59.573 INFO:teuthology.orchestra.run.smithi055.stdout:/usr/bin/ceph: stderr
2024-03-18T01:10:58.409+0000 7f33da0d0700 1 --2- 172.21.15.55:0/3578994911 >> [v2:172.21.15.55:6800/3506899152,v1:172.21.15.55:6801/3506899152] conn(0x7f33bc038f20 0x7f33bc03b3e0 unknown :-1 s=CLOSED pgs=12 cs=0 l=1 rev1=1 crypto rx=0 tx=0 comp rx=0 tx=0).stop
2024-03-18T01:10:59.573 INFO:teuthology.orchestra.run.smithi055.stdout:/usr/bin/ceph: stderr
2024-03-18T01:10:58.409+0000 7f33da0d0700 1 --2- 172.21.15.55:0/3578994911 >> [v2:172.21.15.55:3300/0,v1:172.21.15.55:6789/0] conn(0x7f33d4107d80 0x7f33d419bd20 unknown :-1 s=CLOSED pgs=48 cs=0 l=1 rev1=1 crypto rx=0 tx=0 comp rx=0 tx=0).stop
2024-03-18T01:10:59.573 INFO:teuthology.orchestra.run.smithi055.stdout:/usr/bin/ceph: stderr
2024-03-18T01:10:58.409+0000 7f33da0d0700 1 -- 172.21.15.55:0/3578994911 >> 172.21.15.55:0/3578994911 conn(0x7f33d4103380 msgr2=0x7f33d4103ec0 unknown :-1 s=STATE_NONE l=0).mark_down
2024-03-18T01:10:59.573 INFO:teuthology.orchestra.run.smithi055.stdout:/usr/bin/ceph: stderr
2024-03-18T01:10:58.410+0000 7f33da0d0700 1 -- 172.21.15.55:0/3578994911 shutdown_connections
2024-03-18T01:10:59.573 INFO:teuthology.orchestra.run.smithi055.stdout:/usr/bin/ceph: stderr
2024-03-18T01:10:58.410+0000 7f33da0d0700 1 -- 172.21.15.55:0/3578994911 wait complete.
2024-03-18T01:10:59.573 INFO:teuthology.orchestra.run.smithi055.stdout:Deploying unmanaged mgr service...
2024-03-18T01:10:59.661 INFO:journalctl@ceph.mon.a.smithi055.stdout:Mar 18 01:10:59 smithi055 ceph-mon[32203]: from='client.14142 -' entity='client.admin' cmd=[{"prefix": "orch apply", "service_type": "mon", "unmanaged": true, "target": ["mon-mgr", ""]}]: dispatch
2024-03-18T01:10:59.661 INFO:journalctl@ceph.mon.a.smithi055.stdout:Mar 18 01:10:59 smithi055 ceph-mon[32203]: Saving service mon spec with placement count:5
2024-03-18T01:10:59.661 INFO:journalctl@ceph.mon.a.smithi055.stdout:Mar 18 01:10:59 smithi055 ceph-mon[32203]: from='mgr.14120 172.21.15.55:0/2214486505' entity='mgr.x'
2024-03-18T01:11:01.063 INFO:teuthology.orchestra.run.smithi055.stdout:/usr/bin/ceph: stdout Scheduled mgr update...
2024-03-18T01:11:01.064 INFO:teuthology.orchestra.run.smithi055.stdout:/usr/bin/ceph: stderr
2024-03-18T01:11:00.026+0000 7f863fe53700 1 Processor -- start
2024-03-18T01:11:01.064 INFO:teuthology.orchestra.run.smithi055.stdout:/usr/bin/ceph: stderr
2024-03-18T01:11:00.026+0000 7f863fe53700 1 -- start start
2024-03-18T01:11:01.064 INFO:teuthology.orchestra.run.smithi055.stdout:/usr/bin/ceph: stderr
2024-03-18T01:11:00.027+0000 7f863fe53700 1 --2- >> [v2:172.21.15.55:3300/0,v1:172.21.15.55:6789/0] conn(0x7f863807de40 0x7f863807c2a0 unknown :-1 s=NONE pgs=0 cs=0 l=0 rev1=0 crypto rx=0 tx=0 comp rx=0 tx=0).connect
2024-03-18T01:11:01.064 INFO:teuthology.orchestra.run.smithi055.stdout:/usr/bin/ceph: stderr
2024-03-18T01:11:00.027+0000 7f863fe53700 1 -- --> [v2:172.21.15.55:3300/0,v1:172.21.15.55:6789/0] -- mon_getmap magic: 0 -- 0x7f863807c870 con 0x7f863807de40
2024-03-18T01:11:01.064 INFO:teuthology.orchestra.run.smithi055.stdout:/usr/bin/ceph: stderr
2024-03-18T01:11:00.027+0000 7f863dbef700 1 --2- >> [v2:172.21.15.55:3300/0,v1:172.21.15.55:6789/0] conn(0x7f863807de40 0x7f863807c2a0 unknown :-1 s=BANNER_CONNECTING pgs=0 cs=0 l=0 rev1=0 crypto rx=0 tx=0 comp rx=0 tx=0)._handle_peer_banner_payload supported=3 required=0
2024-03-18T01:11:01.064 INFO:teuthology.orchestra.run.smithi055.stdout:/usr/bin/ceph: stderr
2024-03-18T01:11:00.027+0000 7f863dbef700 1 --2- >> [v2:172.21.15.55:3300/0,v1:172.21.15.55:6789/0] conn(0x7f863807de40 0x7f863807c2a0 unknown :-1 s=HELLO_CONNECTING pgs=0 cs=0 l=0 rev1=1 crypto rx=0 tx=0 comp rx=0 tx=0).handle_hello peer v2:172.21.15.55:3300/0 says I am v2:172.21.15.55:41530/0 (socket says 172.21.15.55:41530)
2024-03-18T01:11:01.064 INFO:teuthology.orchestra.run.smithi055.stdout:/usr/bin/ceph: stderr
2024-03-18T01:11:00.027+0000 7f863dbef700 1 -- 172.21.15.55:0/2724498166 learned_addr learned my addr 172.21.15.55:0/2724498166 (peer_addr_for_me v2:172.21.15.55:0/0)
2024-03-18T01:11:01.064 INFO:teuthology.orchestra.run.smithi055.stdout:/usr/bin/ceph: stderr
2024-03-18T01:11:00.027+0000 7f863dbef700 1 -- 172.21.15.55:0/2724498166 --> [v2:172.21.15.55:3300/0,v1:172.21.15.55:6789/0] -- mon_subscribe({config=0+,monmap=0+}) -- 0x7f863807c9f0 con 0x7f863807de40
2024-03-18T01:11:01.064 INFO:teuthology.orchestra.run.smithi055.stdout:/usr/bin/ceph: stderr
2024-03-18T01:11:00.027+0000 7f863dbef700 1 --2- 172.21.15.55:0/2724498166 >> [v2:172.21.15.55:3300/0,v1:172.21.15.55:6789/0] conn(0x7f863807de40 0x7f863807c2a0 secure :-1 s=READY pgs=49 cs=0 l=1 rev1=1 crypto rx=0x7f8630009e80 tx=0x7f863000b330 comp rx=0 tx=0).ready entity=mon.0 client_cookie=e0e476656aa3a103 server_cookie=0 in_seq=0 out_seq=0
2024-03-18T01:11:01.064 INFO:teuthology.orchestra.run.smithi055.stdout:/usr/bin/ceph: stderr
2024-03-18T01:11:00.027+0000 7f863cbed700 1 -- 172.21.15.55:0/2724498166 <== mon.0 v2:172.21.15.55:3300/0 1 ==== mon_map magic: 0 ==== 205+0+0 (secure 0 0 0) 0x7f8630017070 con 0x7f863807de40
2024-03-18T01:11:01.064 INFO:teuthology.orchestra.run.smithi055.stdout:/usr/bin/ceph: stderr
2024-03-18T01:11:00.028+0000 7f863cbed700 1 -- 172.21.15.55:0/2724498166 <== mon.0 v2:172.21.15.55:3300/0 2 ==== config(27 keys) ==== 1109+0+0 (secure 0 0 0) 0x7f863000b8c0 con 0x7f863807de40
2024-03-18T01:11:01.064 INFO:teuthology.orchestra.run.smithi055.stdout:/usr/bin/ceph: stderr
2024-03-18T01:11:00.028+0000 7f863cbed700 1 -- 172.21.15.55:0/2724498166 <== mon.0 v2:172.21.15.55:3300/0 3 ==== mon_map magic: 0 ==== 205+0+0 (secure 0 0 0) 0x7f86300045c0 con 0x7f863807de40
2024-03-18T01:11:01.064 INFO:teuthology.orchestra.run.smithi055.stdout:/usr/bin/ceph: stderr
2024-03-18T01:11:00.028+0000 7f863fe53700 1 -- 172.21.15.55:0/2724498166 >> [v2:172.21.15.55:3300/0,v1:172.21.15.55:6789/0] conn(0x7f863807de40 msgr2=0x7f863807c2a0 secure :-1 s=STATE_CONNECTION_ESTABLISHED l=1).mark_down
2024-03-18T01:11:01.064 INFO:teuthology.orchestra.run.smithi055.stdout:/usr/bin/ceph: stderr
2024-03-18T01:11:00.028+0000 7f863fe53700 1 --2- 172.21.15.55:0/2724498166 >> [v2:172.21.15.55:3300/0,v1:172.21.15.55:6789/0] conn(0x7f863807de40 0x7f863807c2a0 secure :-1 s=READY pgs=49 cs=0 l=1 rev1=1 crypto rx=0x7f8630009e80 tx=0x7f863000b330 comp rx=0 tx=0).stop
2024-03-18T01:11:01.065 INFO:teuthology.orchestra.run.smithi055.stdout:/usr/bin/ceph: stderr
2024-03-18T01:11:00.028+0000 7f863fe53700 1 -- 172.21.15.55:0/2724498166 shutdown_connections
2024-03-18T01:11:01.065 INFO:teuthology.orchestra.run.smithi055.stdout:/usr/bin/ceph: stderr
2024-03-18T01:11:00.028+0000 7f863fe53700 1 --2- 172.21.15.55:0/2724498166 >> [v2:172.21.15.55:3300/0,v1:172.21.15.55:6789/0] conn(0x7f863807de40 0x7f863807c2a0 unknown :-1 s=CLOSED pgs=49 cs=0 l=1 rev1=1 crypto rx=0 tx=0 comp rx=0 tx=0).stop
2024-03-18T01:11:01.065 INFO:teuthology.orchestra.run.smithi055.stdout:/usr/bin/ceph: stderr
2024-03-18T01:11:00.028+0000 7f863fe53700 1 -- 172.21.15.55:0/2724498166 >> 172.21.15.55:0/2724498166 conn(0x7f86381032f0 msgr2=0x7f8638105710 unknown :-1 s=STATE_NONE l=0).mark_down
2024-03-18T01:11:01.065 INFO:teuthology.orchestra.run.smithi055.stdout:/usr/bin/ceph: stderr
2024-03-18T01:11:00.028+0000 7f863fe53700 1 -- 172.21.15.55:0/2724498166 shutdown_connections
2024-03-18T01:11:01.065 INFO:teuthology.orchestra.run.smithi055.stdout:/usr/bin/ceph: stderr
2024-03-18T01:11:00.028+0000 7f863fe53700 1 -- 172.21.15.55:0/2724498166 wait complete.
2024-03-18T01:11:01.065 INFO:teuthology.orchestra.run.smithi055.stdout:/usr/bin/ceph: stderr
2024-03-18T01:11:00.029+0000 7f863fe53700 1 Processor -- start
2024-03-18T01:11:01.065 INFO:teuthology.orchestra.run.smithi055.stdout:/usr/bin/ceph: stderr
2024-03-18T01:11:00.029+0000 7f863fe53700 1 -- start start
2024-03-18T01:11:01.065 INFO:teuthology.orchestra.run.smithi055.stdout:/usr/bin/ceph: stderr
2024-03-18T01:11:00.029+0000 7f863fe53700 1 --2- >> [v2:172.21.15.55:3300/0,v1:172.21.15.55:6789/0] conn(0x7f863807de40 0x7f863819deb0 unknown :-1 s=NONE pgs=0 cs=0 l=1 rev1=0 crypto rx=0 tx=0 comp rx=0 tx=0).connect
2024-03-18T01:11:01.065 INFO:teuthology.orchestra.run.smithi055.stdout:/usr/bin/ceph: stderr
2024-03-18T01:11:00.029+0000 7f863fe53700 1 -- --> [v2:172.21.15.55:3300/0,v1:172.21.15.55:6789/0] -- mon_getmap magic: 0 -- 0x7f863810e360 con 0x7f863807de40
2024-03-18T01:11:01.065 INFO:teuthology.orchestra.run.smithi055.stdout:/usr/bin/ceph: stderr
2024-03-18T01:11:00.029+0000 7f863dbef700 1 --2- >> [v2:172.21.15.55:3300/0,v1:172.21.15.55:6789/0] conn(0x7f863807de40 0x7f863819deb0 unknown :-1 s=BANNER_CONNECTING pgs=0 cs=0 l=1 rev1=0 crypto rx=0 tx=0 comp rx=0 tx=0)._handle_peer_banner_payload supported=3 required=0
2024-03-18T01:11:01.065 INFO:teuthology.orchestra.run.smithi055.stdout:/usr/bin/ceph: stderr
2024-03-18T01:11:00.029+0000 7f863dbef700 1 --2- >> [v2:172.21.15.55:3300/0,v1:172.21.15.55:6789/0] conn(0x7f863807de40 0x7f863819deb0 unknown :-1 s=HELLO_CONNECTING pgs=0 cs=0 l=1 rev1=1 crypto rx=0 tx=0 comp rx=0 tx=0).handle_hello peer v2:172.21.15.55:3300/0 says I am v2:172.21.15.55:41542/0 (socket says 172.21.15.55:41542)
2024-03-18T01:11:01.065 INFO:teuthology.orchestra.run.smithi055.stdout:/usr/bin/ceph: stderr
2024-03-18T01:11:00.029+0000 7f863dbef700 1 -- 172.21.15.55:0/1947057409 learned_addr learned my addr 172.21.15.55:0/1947057409 (peer_addr_for_me v2:172.21.15.55:0/0)
2024-03-18T01:11:01.065 INFO:teuthology.orchestra.run.smithi055.stdout:/usr/bin/ceph: stderr
2024-03-18T01:11:00.029+0000 7f863dbef700 1 -- 172.21.15.55:0/1947057409 --> [v2:172.21.15.55:3300/0,v1:172.21.15.55:6789/0] -- mon_subscribe({config=0+,monmap=0+}) -- 0x7f863819e3f0 con 0x7f863807de40
2024-03-18T01:11:01.065 INFO:teuthology.orchestra.run.smithi055.stdout:/usr/bin/ceph: stderr
2024-03-18T01:11:00.030+0000 7f863dbef700 1 --2- 172.21.15.55:0/1947057409 >> [v2:172.21.15.55:3300/0,v1:172.21.15.55:6789/0] conn(0x7f863807de40 0x7f863819deb0 secure :-1 s=READY pgs=50 cs=0 l=1 rev1=1 crypto rx=0x7f8630009530 tx=0x7f863000bd50 comp rx=0 tx=0).ready entity=mon.0 client_cookie=0 server_cookie=0 in_seq=0 out_seq=0
2024-03-18T01:11:01.065 INFO:teuthology.orchestra.run.smithi055.stdout:/usr/bin/ceph: stderr
2024-03-18T01:11:00.030+0000 7f8636ffd700 1 -- 172.21.15.55:0/1947057409 <== mon.0 v2:172.21.15.55:3300/0 1 ==== mon_map magic: 0 ==== 205+0+0 (secure 0 0 0) 0x7f8630020020 con 0x7f863807de40
2024-03-18T01:11:01.065 INFO:teuthology.orchestra.run.smithi055.stdout:/usr/bin/ceph: stderr
2024-03-18T01:11:00.030+0000 7f863fe53700 1 -- 172.21.15.55:0/1947057409 --> [v2:172.21.15.55:3300/0,v1:172.21.15.55:6789/0] -- mon_subscribe({mgrmap=0+}) -- 0x7f863819e680 con 0x7f863807de40
2024-03-18T01:11:01.066 INFO:teuthology.orchestra.run.smithi055.stdout:/usr/bin/ceph: stderr
2024-03-18T01:11:00.030+0000 7f8636ffd700 1 -- 172.21.15.55:0/1947057409 <== mon.0 v2:172.21.15.55:3300/0 2 ==== config(27 keys) ==== 1109+0+0 (secure 0 0 0) 0x7f8630003b50 con 0x7f863807de40
2024-03-18T01:11:01.066 INFO:teuthology.orchestra.run.smithi055.stdout:/usr/bin/ceph: stderr
2024-03-18T01:11:00.030+0000 7f8636ffd700 1 -- 172.21.15.55:0/1947057409 <== mon.0 v2:172.21.15.55:3300/0 3 ==== mon_map magic: 0 ==== 205+0+0 (secure 0 0 0) 0x7f8630017040 con 0x7f863807de40
2024-03-18T01:11:01.066 INFO:teuthology.orchestra.run.smithi055.stdout:/usr/bin/ceph: stderr
2024-03-18T01:11:00.030+0000 7f863fe53700 1 -- 172.21.15.55:0/1947057409 --> [v2:172.21.15.55:3300/0,v1:172.21.15.55:6789/0] -- mon_subscribe({osdmap=0}) -- 0x7f86381a1370 con 0x7f863807de40
2024-03-18T01:11:01.066 INFO:teuthology.orchestra.run.smithi055.stdout:/usr/bin/ceph: stderr
2024-03-18T01:11:00.031+0000 7f8636ffd700 1 -- 172.21.15.55:0/1947057409 <== mon.0 v2:172.21.15.55:3300/0 4 ==== mgrmap(e 8) ==== 46106+0+0 (secure 0 0 0) 0x7f8630023020 con 0x7f863807de40
2024-03-18T01:11:01.066 INFO:teuthology.orchestra.run.smithi055.stdout:/usr/bin/ceph: stderr
2024-03-18T01:11:00.031+0000 7f863fe53700 1 -- 172.21.15.55:0/1947057409 --> [v2:172.21.15.55:3300/0,v1:172.21.15.55:6789/0] -- mon_command({"prefix": "get_command_descriptions"} v 0) -- 0x7f8638063900 con 0x7f863807de40
2024-03-18T01:11:01.066 INFO:teuthology.orchestra.run.smithi055.stdout:/usr/bin/ceph: stderr
2024-03-18T01:11:00.031+0000 7f8636ffd700 1 --2- 172.21.15.55:0/1947057409 >> [v2:172.21.15.55:6800/3506899152,v1:172.21.15.55:6801/3506899152] conn(0x7f8620038f20 0x7f862003b3e0 unknown :-1 s=NONE pgs=0 cs=0 l=1 rev1=0 crypto rx=0 tx=0 comp rx=0 tx=0).connect
2024-03-18T01:11:01.066 INFO:teuthology.orchestra.run.smithi055.stdout:/usr/bin/ceph: stderr
2024-03-18T01:11:00.031+0000 7f8636ffd700 1 -- 172.21.15.55:0/1947057409 <== mon.0 v2:172.21.15.55:3300/0 5 ==== osd_map(2..2 src has 1..2) ==== 940+0+0 (secure 0 0 0) 0x7f863000f050 con 0x7f863807de40
2024-03-18T01:11:01.066 INFO:teuthology.orchestra.run.smithi055.stdout:/usr/bin/ceph: stderr
2024-03-18T01:11:00.031+0000 7f863d3ee700 1 --2- 172.21.15.55:0/1947057409 >> [v2:172.21.15.55:6800/3506899152,v1:172.21.15.55:6801/3506899152] conn(0x7f8620038f20 0x7f862003b3e0 unknown :-1 s=BANNER_CONNECTING pgs=0 cs=0 l=1 rev1=0 crypto rx=0 tx=0 comp rx=0 tx=0)._handle_peer_banner_payload supported=3 required=0
2024-03-18T01:11:01.066 INFO:teuthology.orchestra.run.smithi055.stdout:/usr/bin/ceph: stderr
2024-03-18T01:11:00.032+0000 7f863d3ee700 1 --2- 172.21.15.55:0/1947057409 >> [v2:172.21.15.55:6800/3506899152,v1:172.21.15.55:6801/3506899152] conn(0x7f8620038f20 0x7f862003b3e0 secure :-1 s=READY pgs=13 cs=0 l=1 rev1=1 crypto rx=0x7f862c006fd0 tx=0x7f862c006e40 comp rx=0 tx=0).ready entity=mgr.14120 client_cookie=0 server_cookie=0 in_seq=0 out_seq=0
2024-03-18T01:11:01.066 INFO:teuthology.orchestra.run.smithi055.stdout:/usr/bin/ceph: stderr
2024-03-18T01:11:00.036+0000 7f8636ffd700 1 -- 172.21.15.55:0/1947057409 <== mon.0 v2:172.21.15.55:3300/0 6 ==== mon_command_ack([{"prefix": "get_command_descriptions"}]=0 v0) ==== 72+0+186149 (secure 0 0 0) 0x7f863002a020 con 0x7f863807de40
2024-03-18T01:11:01.066 INFO:teuthology.orchestra.run.smithi055.stdout:/usr/bin/ceph: stderr
2024-03-18T01:11:00.256+0000 7f863fe53700 1 -- 172.21.15.55:0/1947057409 --> [v2:172.21.15.55:6800/3506899152,v1:172.21.15.55:6801/3506899152] -- mgr_command(tid 0: {"prefix": "orch apply", "service_type": "mgr", "unmanaged": true, "target": ["mon-mgr", ""]}) -- 0x7f8638104540 con 0x7f8620038f20
2024-03-18T01:11:01.066 INFO:teuthology.orchestra.run.smithi055.stdout:/usr/bin/ceph: stderr
2024-03-18T01:11:00.261+0000 7f8636ffd700 1 -- 172.21.15.55:0/1947057409 <== mgr.14120 v2:172.21.15.55:6800/3506899152 1 ==== mgr_command_reply(tid 0: 0 ) ==== 8+0+24 (secure 0 0 0) 0x7f8638104540 con 0x7f8620038f20
2024-03-18T01:11:01.066 INFO:teuthology.orchestra.run.smithi055.stdout:/usr/bin/ceph: stderr
2024-03-18T01:11:00.263+0000 7f863fe53700 1 -- 172.21.15.55:0/1947057409 >> [v2:172.21.15.55:6800/3506899152,v1:172.21.15.55:6801/3506899152] conn(0x7f8620038f20 msgr2=0x7f862003b3e0 secure :-1 s=STATE_CONNECTION_ESTABLISHED l=1).mark_down
2024-03-18T01:11:01.067 INFO:teuthology.orchestra.run.smithi055.stdout:/usr/bin/ceph: stderr
2024-03-18T01:11:00.263+0000 7f863fe53700 1 --2- 172.21.15.55:0/1947057409 >> [v2:172.21.15.55:6800/3506899152,v1:172.21.15.55:6801/3506899152] conn(0x7f8620038f20 0x7f862003b3e0 secure :-1 s=READY pgs=13 cs=0 l=1 rev1=1 crypto rx=0x7f862c006fd0 tx=0x7f862c006e40 comp rx=0 tx=0).stop
2024-03-18T01:11:01.067 INFO:teuthology.orchestra.run.smithi055.stdout:/usr/bin/ceph: stderr
2024-03-18T01:11:00.263+0000 7f863fe53700 1 -- 172.21.15.55:0/1947057409 >> [v2:172.21.15.55:3300/0,v1:172.21.15.55:6789/0] conn(0x7f863807de40 msgr2=0x7f863819deb0 secure :-1 s=STATE_CONNECTION_ESTABLISHED l=1).mark_down
2024-03-18T01:11:01.067 INFO:teuthology.orchestra.run.smithi055.stdout:/usr/bin/ceph: stderr
2024-03-18T01:11:00.263+0000 7f863fe53700 1 --2- 172.21.15.55:0/1947057409 >> [v2:172.21.15.55:3300/0,v1:172.21.15.55:6789/0] conn(0x7f863807de40 0x7f863819deb0 secure :-1 s=READY pgs=50 cs=0 l=1 rev1=1 crypto rx=0x7f8630009530 tx=0x7f863000bd50 comp rx=0 tx=0).stop
2024-03-18T01:11:01.067 INFO:teuthology.orchestra.run.smithi055.stdout:/usr/bin/ceph: stderr
2024-03-18T01:11:00.263+0000 7f863fe53700 1 -- 172.21.15.55:0/1947057409 shutdown_connections
2024-03-18T01:11:01.067 INFO:teuthology.orchestra.run.smithi055.stdout:/usr/bin/ceph: stderr
2024-03-18T01:11:00.263+0000 7f863fe53700 1 --2- 172.21.15.55:0/1947057409 >> [v2:172.21.15.55:6800/3506899152,v1:172.21.15.55:6801/3506899152] conn(0x7f8620038f20 0x7f862003b3e0 unknown :-1 s=CLOSED pgs=13 cs=0 l=1 rev1=1 crypto rx=0 tx=0 comp rx=0 tx=0).stop
