2024-03-18T14:43:42.981+0000 7fe13ad9d700 1 --2- 172.21.15.76:0/3763862890 >> [v2:172.21.15.76:3300/0,v1:172.21.15.76:6789/0] conn(0x7fe13c07de40 0x7fe13c07c2a0 secure :-1 s=READY pgs=39 cs=0 l=1 rev1=1 crypto rx=0x7fe1300098a0 tx=0x7fe130009bb0 comp rx=0 tx=0).ready entity=mon.0 client_cookie=c7f3955371d6423a server_cookie=0 in_seq=0 out_seq=0
2024-03-18T14:43:43.713 INFO:teuthology.orchestra.run.smithi076.stdout:/usr/bin/ceph: stderr
2024-03-18T14:43:42.981+0000 7fe139d9b700 1 -- 172.21.15.76:0/3763862890 <== mon.0 v2:172.21.15.76:3300/0 1 ==== mon_map magic: 0 ==== 205+0+0 (secure 0 0 0) 0x7fe130004160 con 0x7fe13c07de40
2024-03-18T14:43:43.713 INFO:teuthology.orchestra.run.smithi076.stdout:/usr/bin/ceph: stderr
2024-03-18T14:43:42.981+0000 7fe139d9b700 1 -- 172.21.15.76:0/3763862890 <== mon.0 v2:172.21.15.76:3300/0 2 ==== config(27 keys) ==== 1109+0+0 (secure 0 0 0) 0x7fe130004300 con 0x7fe13c07de40
2024-03-18T14:43:43.713 INFO:teuthology.orchestra.run.smithi076.stdout:/usr/bin/ceph: stderr
2024-03-18T14:43:42.981+0000 7fe139d9b700 1 -- 172.21.15.76:0/3763862890 <== mon.0 v2:172.21.15.76:3300/0 3 ==== mon_map magic: 0 ==== 205+0+0 (secure 0 0 0) 0x7fe130011b50 con 0x7fe13c07de40
2024-03-18T14:43:43.713 INFO:teuthology.orchestra.run.smithi076.stdout:/usr/bin/ceph: stderr
2024-03-18T14:43:42.982+0000 7fe1411f5700 1 -- 172.21.15.76:0/3763862890 >> [v2:172.21.15.76:3300/0,v1:172.21.15.76:6789/0] conn(0x7fe13c07de40 msgr2=0x7fe13c07c2a0 secure :-1 s=STATE_CONNECTION_ESTABLISHED l=1).mark_down
2024-03-18T14:43:43.713 INFO:teuthology.orchestra.run.smithi076.stdout:/usr/bin/ceph: stderr
2024-03-18T14:43:42.982+0000 7fe1411f5700 1 --2- 172.21.15.76:0/3763862890 >> [v2:172.21.15.76:3300/0,v1:172.21.15.76:6789/0] conn(0x7fe13c07de40 0x7fe13c07c2a0 secure :-1 s=READY pgs=39 cs=0 l=1 rev1=1 crypto rx=0x7fe1300098a0 tx=0x7fe130009bb0 comp rx=0 tx=0).stop
2024-03-18T14:43:43.713 INFO:teuthology.orchestra.run.smithi076.stdout:/usr/bin/ceph: stderr
2024-03-18T14:43:42.982+0000 7fe1411f5700 1 -- 172.21.15.76:0/3763862890 shutdown_connections
2024-03-18T14:43:43.713 INFO:teuthology.orchestra.run.smithi076.stdout:/usr/bin/ceph: stderr
2024-03-18T14:43:42.982+0000 7fe1411f5700 1 --2- 172.21.15.76:0/3763862890 >> [v2:172.21.15.76:3300/0,v1:172.21.15.76:6789/0] conn(0x7fe13c07de40 0x7fe13c07c2a0 unknown :-1 s=CLOSED pgs=39 cs=0 l=1 rev1=1 crypto rx=0 tx=0 comp rx=0 tx=0).stop
2024-03-18T14:43:43.713 INFO:teuthology.orchestra.run.smithi076.stdout:/usr/bin/ceph: stderr
2024-03-18T14:43:42.982+0000 7fe1411f5700 1 -- 172.21.15.76:0/3763862890 >> 172.21.15.76:0/3763862890 conn(0x7fe13c1030e0 msgr2=0x7fe13c105540 unknown :-1 s=STATE_NONE l=0).mark_down
2024-03-18T14:43:43.713 INFO:teuthology.orchestra.run.smithi076.stdout:/usr/bin/ceph: stderr
2024-03-18T14:43:42.982+0000 7fe1411f5700 1 -- 172.21.15.76:0/3763862890 shutdown_connections
2024-03-18T14:43:43.713 INFO:teuthology.orchestra.run.smithi076.stdout:/usr/bin/ceph: stderr
2024-03-18T14:43:42.982+0000 7fe1411f5700 1 -- 172.21.15.76:0/3763862890 wait complete.
2024-03-18T14:43:43.713 INFO:teuthology.orchestra.run.smithi076.stdout:/usr/bin/ceph: stderr
2024-03-18T14:43:42.982+0000 7fe1411f5700 1 Processor -- start
2024-03-18T14:43:43.714 INFO:teuthology.orchestra.run.smithi076.stdout:/usr/bin/ceph: stderr
2024-03-18T14:43:42.983+0000 7fe1411f5700 1 -- start start
2024-03-18T14:43:43.714 INFO:teuthology.orchestra.run.smithi076.stdout:/usr/bin/ceph: stderr
2024-03-18T14:43:42.983+0000 7fe1411f5700 1 --2- >> [v2:172.21.15.76:3300/0,v1:172.21.15.76:6789/0] conn(0x7fe13c07de40 0x7fe13c19dd90 unknown :-1 s=NONE pgs=0 cs=0 l=1 rev1=0 crypto rx=0 tx=0 comp rx=0 tx=0).connect
2024-03-18T14:43:43.714 INFO:teuthology.orchestra.run.smithi076.stdout:/usr/bin/ceph: stderr
2024-03-18T14:43:42.983+0000 7fe1411f5700 1 -- --> [v2:172.21.15.76:3300/0,v1:172.21.15.76:6789/0] -- mon_getmap magic: 0 -- 0x7fe13c10e190 con 0x7fe13c07de40
2024-03-18T14:43:43.714 INFO:teuthology.orchestra.run.smithi076.stdout:/usr/bin/ceph: stderr
2024-03-18T14:43:42.983+0000 7fe13ad9d700 1 --2- >> [v2:172.21.15.76:3300/0,v1:172.21.15.76:6789/0] conn(0x7fe13c07de40 0x7fe13c19dd90 unknown :-1 s=BANNER_CONNECTING pgs=0 cs=0 l=1 rev1=0 crypto rx=0 tx=0 comp rx=0 tx=0)._handle_peer_banner_payload supported=3 required=0
2024-03-18T14:43:43.714 INFO:teuthology.orchestra.run.smithi076.stdout:/usr/bin/ceph: stderr
2024-03-18T14:43:42.983+0000 7fe13ad9d700 1 --2- >> [v2:172.21.15.76:3300/0,v1:172.21.15.76:6789/0] conn(0x7fe13c07de40 0x7fe13c19dd90 unknown :-1 s=HELLO_CONNECTING pgs=0 cs=0 l=1 rev1=1 crypto rx=0 tx=0 comp rx=0 tx=0).handle_hello peer v2:172.21.15.76:3300/0 says I am v2:172.21.15.76:59360/0 (socket says 172.21.15.76:59360)
2024-03-18T14:43:43.714 INFO:teuthology.orchestra.run.smithi076.stdout:/usr/bin/ceph: stderr
2024-03-18T14:43:42.983+0000 7fe13ad9d700 1 -- 172.21.15.76:0/2973664336 learned_addr learned my addr 172.21.15.76:0/2973664336 (peer_addr_for_me v2:172.21.15.76:0/0)
2024-03-18T14:43:43.714 INFO:teuthology.orchestra.run.smithi076.stdout:/usr/bin/ceph: stderr
2024-03-18T14:43:42.983+0000 7fe13ad9d700 1 -- 172.21.15.76:0/2973664336 --> [v2:172.21.15.76:3300/0,v1:172.21.15.76:6789/0] -- mon_subscribe({config=0+,monmap=0+}) -- 0x7fe13c19e2d0 con 0x7fe13c07de40
2024-03-18T14:43:43.714 INFO:teuthology.orchestra.run.smithi076.stdout:/usr/bin/ceph: stderr
2024-03-18T14:43:42.983+0000 7fe13ad9d700 1 --2- 172.21.15.76:0/2973664336 >> [v2:172.21.15.76:3300/0,v1:172.21.15.76:6789/0] conn(0x7fe13c07de40 0x7fe13c19dd90 secure :-1 s=READY pgs=40 cs=0 l=1 rev1=1 crypto rx=0x7fe130011b60 tx=0x7fe130011c40 comp rx=0 tx=0).ready entity=mon.0 client_cookie=0 server_cookie=0 in_seq=0 out_seq=0
2024-03-18T14:43:43.714 INFO:teuthology.orchestra.run.smithi076.stdout:/usr/bin/ceph: stderr
2024-03-18T14:43:42.984+0000 7fe123fff700 1 -- 172.21.15.76:0/2973664336 <== mon.0 v2:172.21.15.76:3300/0 1 ==== mon_map magic: 0 ==== 205+0+0 (secure 0 0 0) 0x7fe130003970 con 0x7fe13c07de40
2024-03-18T14:43:43.714 INFO:teuthology.orchestra.run.smithi076.stdout:/usr/bin/ceph: stderr
2024-03-18T14:43:42.984+0000 7fe1411f5700 1 -- 172.21.15.76:0/2973664336 --> [v2:172.21.15.76:3300/0,v1:172.21.15.76:6789/0] -- mon_subscribe({mgrmap=0+}) -- 0x7fe13c19e560 con 0x7fe13c07de40
2024-03-18T14:43:43.714 INFO:teuthology.orchestra.run.smithi076.stdout:/usr/bin/ceph: stderr
2024-03-18T14:43:42.984+0000 7fe123fff700 1 -- 172.21.15.76:0/2973664336 <== mon.0 v2:172.21.15.76:3300/0 2 ==== config(27 keys) ==== 1109+0+0 (secure 0 0 0) 0x7fe130003b10 con 0x7fe13c07de40
2024-03-18T14:43:43.714 INFO:teuthology.orchestra.run.smithi076.stdout:/usr/bin/ceph: stderr
2024-03-18T14:43:42.984+0000 7fe123fff700 1 -- 172.21.15.76:0/2973664336 <== mon.0 v2:172.21.15.76:3300/0 3 ==== mon_map magic: 0 ==== 205+0+0 (secure 0 0 0) 0x7fe130024610 con 0x7fe13c07de40
2024-03-18T14:43:43.714 INFO:teuthology.orchestra.run.smithi076.stdout:/usr/bin/ceph: stderr
2024-03-18T14:43:42.984+0000 7fe1411f5700 1 -- 172.21.15.76:0/2973664336 --> [v2:172.21.15.76:3300/0,v1:172.21.15.76:6789/0] -- mon_subscribe({osdmap=0}) -- 0x7fe13c1a1210 con 0x7fe13c07de40
2024-03-18T14:43:43.714 INFO:teuthology.orchestra.run.smithi076.stdout:/usr/bin/ceph: stderr
2024-03-18T14:43:42.985+0000 7fe123fff700 1 -- 172.21.15.76:0/2973664336 <== mon.0 v2:172.21.15.76:3300/0 4 ==== mgrmap(e 8) ==== 46106+0+0 (secure 0 0 0) 0x7fe130024910 con 0x7fe13c07de40
2024-03-18T14:43:43.714 INFO:teuthology.orchestra.run.smithi076.stdout:/usr/bin/ceph: stderr
2024-03-18T14:43:42.985+0000 7fe1411f5700 1 -- 172.21.15.76:0/2973664336 --> [v2:172.21.15.76:3300/0,v1:172.21.15.76:6789/0] -- mon_command({"prefix": "get_command_descriptions"} v 0) -- 0x7fe13c063900 con 0x7fe13c07de40
2024-03-18T14:43:43.715 INFO:teuthology.orchestra.run.smithi076.stdout:/usr/bin/ceph: stderr
2024-03-18T14:43:42.985+0000 7fe123fff700 1 --2- 172.21.15.76:0/2973664336 >> [v2:172.21.15.76:6800/3054039863,v1:172.21.15.76:6801/3054039863] conn(0x7fe124038f20 0x7fe12403b3e0 unknown :-1 s=NONE pgs=0 cs=0 l=1 rev1=0 crypto rx=0 tx=0 comp rx=0 tx=0).connect
2024-03-18T14:43:43.715 INFO:teuthology.orchestra.run.smithi076.stdout:/usr/bin/ceph: stderr
2024-03-18T14:43:42.985+0000 7fe123fff700 1 -- 172.21.15.76:0/2973664336 <== mon.0 v2:172.21.15.76:3300/0 5 ==== osd_map(2..2 src has 1..2) ==== 940+0+0 (secure 0 0 0) 0x7fe130011e00 con 0x7fe13c07de40
2024-03-18T14:43:43.715 INFO:teuthology.orchestra.run.smithi076.stdout:/usr/bin/ceph: stderr
2024-03-18T14:43:42.985+0000 7fe13a59c700 1 --2- 172.21.15.76:0/2973664336 >> [v2:172.21.15.76:6800/3054039863,v1:172.21.15.76:6801/3054039863] conn(0x7fe124038f20 0x7fe12403b3e0 unknown :-1 s=BANNER_CONNECTING pgs=0 cs=0 l=1 rev1=0 crypto rx=0 tx=0 comp rx=0 tx=0)._handle_peer_banner_payload supported=3 required=0
2024-03-18T14:43:43.715 INFO:teuthology.orchestra.run.smithi076.stdout:/usr/bin/ceph: stderr
2024-03-18T14:43:42.985+0000 7fe13a59c700 1 --2- 172.21.15.76:0/2973664336 >> [v2:172.21.15.76:6800/3054039863,v1:172.21.15.76:6801/3054039863] conn(0x7fe124038f20 0x7fe12403b3e0 secure :-1 s=READY pgs=8 cs=0 l=1 rev1=1 crypto rx=0x7fe12c006fd0 tx=0x7fe12c006e40 comp rx=0 tx=0).ready entity=mgr.14120 client_cookie=0 server_cookie=0 in_seq=0 out_seq=0
2024-03-18T14:43:43.715 INFO:teuthology.orchestra.run.smithi076.stdout:/usr/bin/ceph: stderr
2024-03-18T14:43:42.990+0000 7fe123fff700 1 -- 172.21.15.76:0/2973664336 <== mon.0 v2:172.21.15.76:3300/0 6 ==== mon_command_ack([{"prefix": "get_command_descriptions"}]=0 v0) ==== 72+0+186149 (secure 0 0 0) 0x7fe13000ba00 con 0x7fe13c07de40
2024-03-18T14:43:43.715 INFO:teuthology.orchestra.run.smithi076.stdout:/usr/bin/ceph: stderr
2024-03-18T14:43:43.191+0000 7fe1411f5700 1 -- 172.21.15.76:0/2973664336 --> [v2:172.21.15.76:6800/3054039863,v1:172.21.15.76:6801/3054039863] -- mgr_command(tid 0: {"prefix": "cephadm set-user", "user": "root", "target": ["mon-mgr", ""]}) -- 0x7fe13c1043f0 con 0x7fe124038f20
2024-03-18T14:43:43.715 INFO:teuthology.orchestra.run.smithi076.stdout:/usr/bin/ceph: stderr
2024-03-18T14:43:43.192+0000 7fe123fff700 1 -- 172.21.15.76:0/2973664336 <== mgr.14120 v2:172.21.15.76:6800/3054039863 1 ==== mgr_command_reply(tid 0: 0 ) ==== 8+0+16 (secure 0 0 0) 0x7fe13c1043f0 con 0x7fe124038f20
2024-03-18T14:43:43.715 INFO:teuthology.orchestra.run.smithi076.stdout:/usr/bin/ceph: stderr
2024-03-18T14:43:43.194+0000 7fe1411f5700 1 -- 172.21.15.76:0/2973664336 >> [v2:172.21.15.76:6800/3054039863,v1:172.21.15.76:6801/3054039863] conn(0x7fe124038f20 msgr2=0x7fe12403b3e0 secure :-1 s=STATE_CONNECTION_ESTABLISHED l=1).mark_down
2024-03-18T14:43:43.715 INFO:teuthology.orchestra.run.smithi076.stdout:/usr/bin/ceph: stderr
2024-03-18T14:43:43.194+0000 7fe1411f5700 1 --2- 172.21.15.76:0/2973664336 >> [v2:172.21.15.76:6800/3054039863,v1:172.21.15.76:6801/3054039863] conn(0x7fe124038f20 0x7fe12403b3e0 secure :-1 s=READY pgs=8 cs=0 l=1 rev1=1 crypto rx=0x7fe12c006fd0 tx=0x7fe12c006e40 comp rx=0 tx=0).stop
2024-03-18T14:43:43.715 INFO:teuthology.orchestra.run.smithi076.stdout:/usr/bin/ceph: stderr
2024-03-18T14:43:43.194+0000 7fe1411f5700 1 -- 172.21.15.76:0/2973664336 >> [v2:172.21.15.76:3300/0,v1:172.21.15.76:6789/0] conn(0x7fe13c07de40 msgr2=0x7fe13c19dd90 secure :-1 s=STATE_CONNECTION_ESTABLISHED l=1).mark_down
2024-03-18T14:43:43.715 INFO:teuthology.orchestra.run.smithi076.stdout:/usr/bin/ceph: stderr
2024-03-18T14:43:43.194+0000 7fe1411f5700 1 --2- 172.21.15.76:0/2973664336 >> [v2:172.21.15.76:3300/0,v1:172.21.15.76:6789/0] conn(0x7fe13c07de40 0x7fe13c19dd90 secure :-1 s=READY pgs=40 cs=0 l=1 rev1=1 crypto rx=0x7fe130011b60 tx=0x7fe130011c40 comp rx=0 tx=0).stop
2024-03-18T14:43:43.715 INFO:teuthology.orchestra.run.smithi076.stdout:/usr/bin/ceph: stderr
2024-03-18T14:43:43.194+0000 7fe1411f5700 1 -- 172.21.15.76:0/2973664336 shutdown_connections
2024-03-18T14:43:43.715 INFO:teuthology.orchestra.run.smithi076.stdout:/usr/bin/ceph: stderr
2024-03-18T14:43:43.194+0000 7fe1411f5700 1 --2- 172.21.15.76:0/2973664336 >> [v2:172.21.15.76:6800/3054039863,v1:172.21.15.76:6801/3054039863] conn(0x7fe124038f20 0x7fe12403b3e0 unknown :-1 s=CLOSED pgs=8 cs=0 l=1 rev1=1 crypto rx=0 tx=0 comp rx=0 tx=0).stop
2024-03-18T14:43:43.715 INFO:teuthology.orchestra.run.smithi076.stdout:/usr/bin/ceph: stderr
2024-03-18T14:43:43.194+0000 7fe1411f5700 1 --2- 172.21.15.76:0/2973664336 >> [v2:172.21.15.76:3300/0,v1:172.21.15.76:6789/0] conn(0x7fe13c07de40 0x7fe13c19dd90 unknown :-1 s=CLOSED pgs=40 cs=0 l=1 rev1=1 crypto rx=0 tx=0 comp rx=0 tx=0).stop
2024-03-18T14:43:43.715 INFO:teuthology.orchestra.run.smithi076.stdout:/usr/bin/ceph: stderr
2024-03-18T14:43:43.194+0000 7fe1411f5700 1 -- 172.21.15.76:0/2973664336 >> 172.21.15.76:0/2973664336 conn(0x7fe13c1030e0 msgr2=0x7fe13c103ce0 unknown :-1 s=STATE_NONE l=0).mark_down
2024-03-18T14:43:43.716 INFO:teuthology.orchestra.run.smithi076.stdout:/usr/bin/ceph: stderr
2024-03-18T14:43:43.194+0000 7fe1411f5700 1 -- 172.21.15.76:0/2973664336 shutdown_connections
2024-03-18T14:43:43.716 INFO:teuthology.orchestra.run.smithi076.stdout:/usr/bin/ceph: stderr
2024-03-18T14:43:43.194+0000 7fe1411f5700 1 -- 172.21.15.76:0/2973664336 wait complete.
2024-03-18T14:43:43.716 INFO:teuthology.orchestra.run.smithi076.stdout:Generating ssh key...
2024-03-18T14:43:44.116 INFO:journalctl@ceph.mon.a.smithi076.stdout:Mar 18 14:43:43 smithi076 ceph-mon[32205]: from='client.14132 -' entity='client.admin' cmd=[{"prefix": "orch set backend", "module_name": "cephadm", "target": ["mon-mgr", ""]}]: dispatch
2024-03-18T14:43:44.796 INFO:journalctl@ceph.mgr.x.smithi076.stdout:Mar 18 14:43:44 smithi076 ceph-9cc83b72-e535-11ee-95c9-87774f69a715-mgr-x[32435]: Generating public/private rsa key pair.
2024-03-18T14:43:44.796 INFO:journalctl@ceph.mgr.x.smithi076.stdout:Mar 18 14:43:44 smithi076 ceph-9cc83b72-e535-11ee-95c9-87774f69a715-mgr-x[32435]: Your identification has been saved in /tmp/tmp05cqudcj/key.
2024-03-18T14:43:44.797 INFO:journalctl@ceph.mgr.x.smithi076.stdout:Mar 18 14:43:44 smithi076 ceph-9cc83b72-e535-11ee-95c9-87774f69a715-mgr-x[32435]: Your public key has been saved in /tmp/tmp05cqudcj/key.pub.
2024-03-18T14:43:44.797 INFO:journalctl@ceph.mgr.x.smithi076.stdout:Mar 18 14:43:44 smithi076 ceph-9cc83b72-e535-11ee-95c9-87774f69a715-mgr-x[32435]: The key fingerprint is:
2024-03-18T14:43:44.797 INFO:journalctl@ceph.mgr.x.smithi076.stdout:Mar 18 14:43:44 smithi076 ceph-9cc83b72-e535-11ee-95c9-87774f69a715-mgr-x[32435]: SHA256:Qs70vMiWYN1DQJfwyNvCjKuQK38b+oYNOa8oltgPbME ceph-9cc83b72-e535-11ee-95c9-87774f69a715
2024-03-18T14:43:44.797 INFO:journalctl@ceph.mgr.x.smithi076.stdout:Mar 18 14:43:44 smithi076 ceph-9cc83b72-e535-11ee-95c9-87774f69a715-mgr-x[32435]: The key's randomart image is:
2024-03-18T14:43:44.797 INFO:journalctl@ceph.mgr.x.smithi076.stdout:Mar 18 14:43:44 smithi076 ceph-9cc83b72-e535-11ee-95c9-87774f69a715-mgr-x[32435]: +---[RSA 3072]----+
2024-03-18T14:43:44.797 INFO:journalctl@ceph.mgr.x.smithi076.stdout:Mar 18 14:43:44 smithi076 ceph-9cc83b72-e535-11ee-95c9-87774f69a715-mgr-x[32435]: | .+... |
2024-03-18T14:43:44.797 INFO:journalctl@ceph.mgr.x.smithi076.stdout:Mar 18 14:43:44 smithi076 ceph-9cc83b72-e535-11ee-95c9-87774f69a715-mgr-x[32435]: | . =. |
2024-03-18T14:43:44.797 INFO:journalctl@ceph.mgr.x.smithi076.stdout:Mar 18 14:43:44 smithi076 ceph-9cc83b72-e535-11ee-95c9-87774f69a715-mgr-x[32435]: | = o |
2024-03-18T14:43:44.797 INFO:journalctl@ceph.mgr.x.smithi076.stdout:Mar 18 14:43:44 smithi076 ceph-9cc83b72-e535-11ee-95c9-87774f69a715-mgr-x[32435]: | . X B |
2024-03-18T14:43:44.797 INFO:journalctl@ceph.mgr.x.smithi076.stdout:Mar 18 14:43:44 smithi076 ceph-9cc83b72-e535-11ee-95c9-87774f69a715-mgr-x[32435]: | E.+ X S |
2024-03-18T14:43:44.797 INFO:journalctl@ceph.mgr.x.smithi076.stdout:Mar 18 14:43:44 smithi076 ceph-9cc83b72-e535-11ee-95c9-87774f69a715-mgr-x[32435]: | o+o + = o |
2024-03-18T14:43:44.797 INFO:journalctl@ceph.mgr.x.smithi076.stdout:Mar 18 14:43:44 smithi076 ceph-9cc83b72-e535-11ee-95c9-87774f69a715-mgr-x[32435]: |+.=*o = . |
2024-03-18T14:43:44.797 INFO:journalctl@ceph.mgr.x.smithi076.stdout:Mar 18 14:43:44 smithi076 ceph-9cc83b72-e535-11ee-95c9-87774f69a715-mgr-x[32435]: |+Bo+=o |
2024-03-18T14:43:44.797 INFO:journalctl@ceph.mgr.x.smithi076.stdout:Mar 18 14:43:44 smithi076 ceph-9cc83b72-e535-11ee-95c9-87774f69a715-mgr-x[32435]: |*.=*+. |
2024-03-18T14:43:44.797 INFO:journalctl@ceph.mgr.x.smithi076.stdout:Mar 18 14:43:44 smithi076 ceph-9cc83b72-e535-11ee-95c9-87774f69a715-mgr-x[32435]: +----[SHA256]-----+
2024-03-18T14:43:45.086 INFO:journalctl@ceph.mon.a.smithi076.stdout:Mar 18 14:43:44 smithi076 ceph-mon[32205]: from='client.14134 -' entity='client.admin' cmd=[{"prefix": "cephadm set-user", "user": "root", "target": ["mon-mgr", ""]}]: dispatch
2024-03-18T14:43:45.086 INFO:journalctl@ceph.mon.a.smithi076.stdout:Mar 18 14:43:44 smithi076 ceph-mon[32205]: from='mgr.14120 172.21.15.76:0/438893193' entity='mgr.x'
2024-03-18T14:43:45.086 INFO:journalctl@ceph.mon.a.smithi076.stdout:Mar 18 14:43:44 smithi076 ceph-mon[32205]: from='mgr.14120 172.21.15.76:0/438893193' entity='mgr.x'
2024-03-18T14:43:45.094 INFO:teuthology.orchestra.run.smithi076.stdout:/usr/bin/ceph: stderr
2024-03-18T14:43:44.137+0000 7f86ea700700 1 Processor -- start
2024-03-18T14:43:45.094 INFO:teuthology.orchestra.run.smithi076.stdout:/usr/bin/ceph: stderr
2024-03-18T14:43:44.137+0000 7f86ea700700 1 -- start start
2024-03-18T14:43:45.094 INFO:teuthology.orchestra.run.smithi076.stdout:/usr/bin/ceph: stderr
2024-03-18T14:43:44.137+0000 7f86ea700700 1 --2- >> [v2:172.21.15.76:3300/0,v1:172.21.15.76:6789/0] conn(0x7f86e4107ba0 0x7f86e4107fc0 unknown :-1 s=NONE pgs=0 cs=0 l=0 rev1=0 crypto rx=0 tx=0 comp rx=0 tx=0).connect
2024-03-18T14:43:45.094 INFO:teuthology.orchestra.run.smithi076.stdout:/usr/bin/ceph: stderr
2024-03-18T14:43:44.137+0000 7f86ea700700 1 -- --> [v2:172.21.15.76:3300/0,v1:172.21.15.76:6789/0] -- mon_getmap magic: 0 -- 0x7f86e4108590 con 0x7f86e4107ba0
2024-03-18T14:43:45.094 INFO:teuthology.orchestra.run.smithi076.stdout:/usr/bin/ceph: stderr
2024-03-18T14:43:44.137+0000 7f86e3fff700 1 --2- >> [v2:172.21.15.76:3300/0,v1:172.21.15.76:6789/0] conn(0x7f86e4107ba0 0x7f86e4107fc0 unknown :-1 s=BANNER_CONNECTING pgs=0 cs=0 l=0 rev1=0 crypto rx=0 tx=0 comp rx=0 tx=0)._handle_peer_banner_payload supported=3 required=0
2024-03-18T14:43:45.094 INFO:teuthology.orchestra.run.smithi076.stdout:/usr/bin/ceph: stderr
2024-03-18T14:43:44.137+0000 7f86e3fff700 1 --2- >> [v2:172.21.15.76:3300/0,v1:172.21.15.76:6789/0] conn(0x7f86e4107ba0 0x7f86e4107fc0 unknown :-1 s=HELLO_CONNECTING pgs=0 cs=0 l=0 rev1=1 crypto rx=0 tx=0 comp rx=0 tx=0).handle_hello peer v2:172.21.15.76:3300/0 says I am v2:172.21.15.76:59374/0 (socket says 172.21.15.76:59374)
2024-03-18T14:43:45.094 INFO:teuthology.orchestra.run.smithi076.stdout:/usr/bin/ceph: stderr
2024-03-18T14:43:44.137+0000 7f86e3fff700 1 -- 172.21.15.76:0/4219183232 learned_addr learned my addr 172.21.15.76:0/4219183232 (peer_addr_for_me v2:172.21.15.76:0/0)
2024-03-18T14:43:45.094 INFO:teuthology.orchestra.run.smithi076.stdout:/usr/bin/ceph: stderr
2024-03-18T14:43:44.137+0000 7f86e3fff700 1 -- 172.21.15.76:0/4219183232 --> [v2:172.21.15.76:3300/0,v1:172.21.15.76:6789/0] -- mon_subscribe({config=0+,monmap=0+}) -- 0x7f86e4108da0 con 0x7f86e4107ba0
2024-03-18T14:43:45.094 INFO:teuthology.orchestra.run.smithi076.stdout:/usr/bin/ceph: stderr
2024-03-18T14:43:44.138+0000 7f86e3fff700 1 --2- 172.21.15.76:0/4219183232 >> [v2:172.21.15.76:3300/0,v1:172.21.15.76:6789/0] conn(0x7f86e4107ba0 0x7f86e4107fc0 secure :-1 s=READY pgs=41 cs=0 l=1 rev1=1 crypto rx=0x7f86d40098a0 tx=0x7f86d4009bb0 comp rx=0 tx=0).ready entity=mon.0 client_cookie=39f58e7568e20d37 server_cookie=0 in_seq=0 out_seq=0
2024-03-18T14:43:45.094 INFO:teuthology.orchestra.run.smithi076.stdout:/usr/bin/ceph: stderr
2024-03-18T14:43:44.138+0000 7f86e2ffd700 1 -- 172.21.15.76:0/4219183232 <== mon.0 v2:172.21.15.76:3300/0 1 ==== mon_map magic: 0 ==== 205+0+0 (secure 0 0 0) 0x7f86d4004160 con 0x7f86e4107ba0
2024-03-18T14:43:45.094 INFO:teuthology.orchestra.run.smithi076.stdout:/usr/bin/ceph: stderr
2024-03-18T14:43:44.138+0000 7f86e2ffd700 1 -- 172.21.15.76:0/4219183232 <== mon.0 v2:172.21.15.76:3300/0 2 ==== config(27 keys) ==== 1109+0+0 (secure 0 0 0) 0x7f86d4004300 con 0x7f86e4107ba0
2024-03-18T14:43:45.095 INFO:teuthology.orchestra.run.smithi076.stdout:/usr/bin/ceph: stderr
2024-03-18T14:43:44.138+0000 7f86e2ffd700 1 -- 172.21.15.76:0/4219183232 <== mon.0 v2:172.21.15.76:3300/0 3 ==== mon_map magic: 0 ==== 205+0+0 (secure 0 0 0) 0x7f86d4011b50 con 0x7f86e4107ba0
2024-03-18T14:43:45.095 INFO:teuthology.orchestra.run.smithi076.stdout:/usr/bin/ceph: stderr
2024-03-18T14:43:44.138+0000 7f86ea700700 1 -- 172.21.15.76:0/4219183232 >> [v2:172.21.15.76:3300/0,v1:172.21.15.76:6789/0] conn(0x7f86e4107ba0 msgr2=0x7f86e4107fc0 secure :-1 s=STATE_CONNECTION_ESTABLISHED l=1).mark_down
2024-03-18T14:43:45.095 INFO:teuthology.orchestra.run.smithi076.stdout:/usr/bin/ceph: stderr
2024-03-18T14:43:44.138+0000 7f86ea700700 1 --2- 172.21.15.76:0/4219183232 >> [v2:172.21.15.76:3300/0,v1:172.21.15.76:6789/0] conn(0x7f86e4107ba0 0x7f86e4107fc0 secure :-1 s=READY pgs=41 cs=0 l=1 rev1=1 crypto rx=0x7f86d40098a0 tx=0x7f86d4009bb0 comp rx=0 tx=0).stop
2024-03-18T14:43:45.095 INFO:teuthology.orchestra.run.smithi076.stdout:/usr/bin/ceph: stderr
2024-03-18T14:43:44.138+0000 7f86ea700700 1 -- 172.21.15.76:0/4219183232 shutdown_connections
2024-03-18T14:43:45.095 INFO:teuthology.orchestra.run.smithi076.stdout:/usr/bin/ceph: stderr
2024-03-18T14:43:44.138+0000 7f86ea700700 1 --2- 172.21.15.76:0/4219183232 >> [v2:172.21.15.76:3300/0,v1:172.21.15.76:6789/0] conn(0x7f86e4107ba0 0x7f86e4107fc0 unknown :-1 s=CLOSED pgs=41 cs=0 l=1 rev1=1 crypto rx=0 tx=0 comp rx=0 tx=0).stop
2024-03-18T14:43:45.095 INFO:teuthology.orchestra.run.smithi076.stdout:/usr/bin/ceph: stderr
2024-03-18T14:43:44.138+0000 7f86ea700700 1 -- 172.21.15.76:0/4219183232 >> 172.21.15.76:0/4219183232 conn(0x7f86e4103180 msgr2=0x7f86e41055a0 unknown :-1 s=STATE_NONE l=0).mark_down
2024-03-18T14:43:45.095 INFO:teuthology.orchestra.run.smithi076.stdout:/usr/bin/ceph: stderr
2024-03-18T14:43:44.138+0000 7f86ea700700 1 -- 172.21.15.76:0/4219183232 shutdown_connections
2024-03-18T14:43:45.095 INFO:teuthology.orchestra.run.smithi076.stdout:/usr/bin/ceph: stderr
2024-03-18T14:43:44.138+0000 7f86ea700700 1 -- 172.21.15.76:0/4219183232 wait complete.
2024-03-18T14:43:45.095 INFO:teuthology.orchestra.run.smithi076.stdout:/usr/bin/ceph: stderr
2024-03-18T14:43:44.139+0000 7f86ea700700 1 Processor -- start
2024-03-18T14:43:45.095 INFO:teuthology.orchestra.run.smithi076.stdout:/usr/bin/ceph: stderr
2024-03-18T14:43:44.139+0000 7f86ea700700 1 -- start start
2024-03-18T14:43:45.095 INFO:teuthology.orchestra.run.smithi076.stdout:/usr/bin/ceph: stderr
2024-03-18T14:43:44.139+0000 7f86ea700700 1 --2- >> [v2:172.21.15.76:3300/0,v1:172.21.15.76:6789/0] conn(0x7f86e4107ba0 0x7f86e407db30 unknown :-1 s=NONE pgs=0 cs=0 l=1 rev1=0 crypto rx=0 tx=0 comp rx=0 tx=0).connect
2024-03-18T14:43:45.095 INFO:teuthology.orchestra.run.smithi076.stdout:/usr/bin/ceph: stderr
2024-03-18T14:43:44.139+0000 7f86ea700700 1 -- --> [v2:172.21.15.76:3300/0,v1:172.21.15.76:6789/0] -- mon_getmap magic: 0 -- 0x7f86e410c150 con 0x7f86e4107ba0
2024-03-18T14:43:45.095 INFO:teuthology.orchestra.run.smithi076.stdout:/usr/bin/ceph: stderr
2024-03-18T14:43:44.139+0000 7f86e3fff700 1 --2- >> [v2:172.21.15.76:3300/0,v1:172.21.15.76:6789/0] conn(0x7f86e4107ba0 0x7f86e407db30 unknown :-1 s=BANNER_CONNECTING pgs=0 cs=0 l=1 rev1=0 crypto rx=0 tx=0 comp rx=0 tx=0)._handle_peer_banner_payload supported=3 required=0
2024-03-18T14:43:45.095 INFO:teuthology.orchestra.run.smithi076.stdout:/usr/bin/ceph: stderr
2024-03-18T14:43:44.139+0000 7f86e3fff700 1 --2- >> [v2:172.21.15.76:3300/0,v1:172.21.15.76:6789/0] conn(0x7f86e4107ba0 0x7f86e407db30 unknown :-1 s=HELLO_CONNECTING pgs=0 cs=0 l=1 rev1=1 crypto rx=0 tx=0 comp rx=0 tx=0).handle_hello peer v2:172.21.15.76:3300/0 says I am v2:172.21.15.76:59386/0 (socket says 172.21.15.76:59386)
2024-03-18T14:43:45.095 INFO:teuthology.orchestra.run.smithi076.stdout:/usr/bin/ceph: stderr
2024-03-18T14:43:44.139+0000 7f86e3fff700 1 -- 172.21.15.76:0/747276550 learned_addr learned my addr 172.21.15.76:0/747276550 (peer_addr_for_me v2:172.21.15.76:0/0)
2024-03-18T14:43:45.096 INFO:teuthology.orchestra.run.smithi076.stdout:/usr/bin/ceph: stderr
2024-03-18T14:43:44.140+0000 7f86e3fff700 1 -- 172.21.15.76:0/747276550 --> [v2:172.21.15.76:3300/0,v1:172.21.15.76:6789/0] -- mon_subscribe({config=0+,monmap=0+}) -- 0x7f86e407e070 con 0x7f86e4107ba0
2024-03-18T14:43:45.096 INFO:teuthology.orchestra.run.smithi076.stdout:/usr/bin/ceph: stderr
2024-03-18T14:43:44.140+0000 7f86e3fff700 1 --2- 172.21.15.76:0/747276550 >> [v2:172.21.15.76:3300/0,v1:172.21.15.76:6789/0] conn(0x7f86e4107ba0 0x7f86e407db30 secure :-1 s=READY pgs=42 cs=0 l=1 rev1=1 crypto rx=0x7f86d4000c00 tx=0x7f86d4011c10 comp rx=0 tx=0).ready entity=mon.0 client_cookie=0 server_cookie=0 in_seq=0 out_seq=0
2024-03-18T14:43:45.096 INFO:teuthology.orchestra.run.smithi076.stdout:/usr/bin/ceph: stderr
2024-03-18T14:43:44.140+0000 7f86e17fa700 1 -- 172.21.15.76:0/747276550 <== mon.0 v2:172.21.15.76:3300/0 1 ==== mon_map magic: 0 ==== 205+0+0 (secure 0 0 0) 0x7f86d4003b20 con 0x7f86e4107ba0
2024-03-18T14:43:45.096 INFO:teuthology.orchestra.run.smithi076.stdout:/usr/bin/ceph: stderr
2024-03-18T14:43:44.140+0000 7f86ea700700 1 -- 172.21.15.76:0/747276550 --> [v2:172.21.15.76:3300/0,v1:172.21.15.76:6789/0] -- mon_subscribe({mgrmap=0+}) -- 0x7f86e407c260 con 0x7f86e4107ba0
2024-03-18T14:43:45.096 INFO:teuthology.orchestra.run.smithi076.stdout:/usr/bin/ceph: stderr
2024-03-18T14:43:44.140+0000 7f86e17fa700 1 -- 172.21.15.76:0/747276550 <== mon.0 v2:172.21.15.76:3300/0 2 ==== config(27 keys) ==== 1109+0+0 (secure 0 0 0) 0x7f86d4003cc0 con 0x7f86e4107ba0
2024-03-18T14:43:45.096 INFO:teuthology.orchestra.run.smithi076.stdout:/usr/bin/ceph: stderr
2024-03-18T14:43:44.140+0000 7f86e17fa700 1 -- 172.21.15.76:0/747276550 <== mon.0 v2:172.21.15.76:3300/0 3 ==== mon_map magic: 0 ==== 205+0+0 (secure 0 0 0) 0x7f86d4024910 con 0x7f86e4107ba0
2024-03-18T14:43:45.096 INFO:teuthology.orchestra.run.smithi076.stdout:/usr/bin/ceph: stderr
2024-03-18T14:43:44.140+0000 7f86ea700700 1 -- 172.21.15.76:0/747276550 --> [v2:172.21.15.76:3300/0,v1:172.21.15.76:6789/0] -- mon_subscribe({osdmap=0}) -- 0x7f86e407c7a0 con 0x7f86e4107ba0
2024-03-18T14:43:45.096 INFO:teuthology.orchestra.run.smithi076.stdout:/usr/bin/ceph: stderr
2024-03-18T14:43:44.141+0000 7f86e17fa700 1 -- 172.21.15.76:0/747276550 <== mon.0 v2:172.21.15.76:3300/0 4 ==== mgrmap(e 8) ==== 46106+0+0 (secure 0 0 0) 0x7f86d4022020 con 0x7f86e4107ba0
2024-03-18T14:43:45.096 INFO:teuthology.orchestra.run.smithi076.stdout:/usr/bin/ceph: stderr
2024-03-18T14:43:44.141+0000 7f86ea700700 1 -- 172.21.15.76:0/747276550 --> [v2:172.21.15.76:3300/0,v1:172.21.15.76:6789/0] -- mon_command({"prefix": "get_command_descriptions"} v 0) -- 0x7f86e4063900 con 0x7f86e4107ba0
2024-03-18T14:43:45.096 INFO:teuthology.orchestra.run.smithi076.stdout:/usr/bin/ceph: stderr
2024-03-18T14:43:44.141+0000 7f86e17fa700 1 --2- 172.21.15.76:0/747276550 >> [v2:172.21.15.76:6800/3054039863,v1:172.21.15.76:6801/3054039863] conn(0x7f86cc038f20 0x7f86cc03b3e0 unknown :-1 s=NONE pgs=0 cs=0 l=1 rev1=0 crypto rx=0 tx=0 comp rx=0 tx=0).connect
2024-03-18T14:43:45.096 INFO:teuthology.orchestra.run.smithi076.stdout:/usr/bin/ceph: stderr
2024-03-18T14:43:44.141+0000 7f86e17fa700 1 -- 172.21.15.76:0/747276550 <== mon.0 v2:172.21.15.76:3300/0 5 ==== osd_map(2..2 src has 1..2) ==== 940+0+0 (secure 0 0 0) 0x7f86d4011e00 con 0x7f86e4107ba0
2024-03-18T14:43:45.096 INFO:teuthology.orchestra.run.smithi076.stdout:/usr/bin/ceph: stderr
2024-03-18T14:43:44.141+0000 7f86e37fe700 1 --2- 172.21.15.76:0/747276550 >> [v2:172.21.15.76:6800/3054039863,v1:172.21.15.76:6801/3054039863] conn(0x7f86cc038f20 0x7f86cc03b3e0 unknown :-1 s=BANNER_CONNECTING pgs=0 cs=0 l=1 rev1=0 crypto rx=0 tx=0 comp rx=0 tx=0)._handle_peer_banner_payload supported=3 required=0
2024-03-18T14:43:45.096 INFO:teuthology.orchestra.run.smithi076.stdout:/usr/bin/ceph: stderr
2024-03-18T14:43:44.142+0000 7f86e37fe700 1 --2- 172.21.15.76:0/747276550 >> [v2:172.21.15.76:6800/3054039863,v1:172.21.15.76:6801/3054039863] conn(0x7f86cc038f20 0x7f86cc03b3e0 secure :-1 s=READY pgs=9 cs=0 l=1 rev1=1 crypto rx=0x7f86d8006fd0 tx=0x7f86d8006e40 comp rx=0 tx=0).ready entity=mgr.14120 client_cookie=0 server_cookie=0 in_seq=0 out_seq=0
2024-03-18T14:43:45.096 INFO:teuthology.orchestra.run.smithi076.stdout:/usr/bin/ceph: stderr
2024-03-18T14:43:44.146+0000 7f86e17fa700 1 -- 172.21.15.76:0/747276550 <== mon.0 v2:172.21.15.76:3300/0 6 ==== mon_command_ack([{"prefix": "get_command_descriptions"}]=0 v0) ==== 72+0+186149 (secure 0 0 0) 0x7f86d400b5a0 con 0x7f86e4107ba0
2024-03-18T14:43:45.097 INFO:teuthology.orchestra.run.smithi076.stdout:/usr/bin/ceph: stderr
2024-03-18T14:43:44.343+0000 7f86ea700700 1 -- 172.21.15.76:0/747276550 --> [v2:172.21.15.76:6800/3054039863,v1:172.21.15.76:6801/3054039863] -- mgr_command(tid 0: {"prefix": "cephadm generate-key", "target": ["mon-mgr", ""]}) -- 0x7f86e41043f0 con 0x7f86cc038f20
2024-03-18T14:43:45.097 INFO:teuthology.orchestra.run.smithi076.stdout:/usr/bin/ceph: stderr
2024-03-18T14:43:44.507+0000 7f86e17fa700 1 -- 172.21.15.76:0/747276550 <== mgr.14120 v2:172.21.15.76:6800/3054039863 1 ==== mgr_command_reply(tid 0: 0 ) ==== 8+0+0 (secure 0 0 0) 0x7f86e41043f0 con 0x7f86cc038f20
2024-03-18T14:43:45.097 INFO:teuthology.orchestra.run.smithi076.stdout:/usr/bin/ceph: stderr
2024-03-18T14:43:44.509+0000 7f86ea700700 1 -- 172.21.15.76:0/747276550 >> [v2:172.21.15.76:6800/3054039863,v1:172.21.15.76:6801/3054039863] conn(0x7f86cc038f20 msgr2=0x7f86cc03b3e0 secure :-1 s=STATE_CONNECTION_ESTABLISHED l=1).mark_down
2024-03-18T14:43:45.097 INFO:teuthology.orchestra.run.smithi076.stdout:/usr/bin/ceph: stderr
2024-03-18T14:43:44.509+0000 7f86ea700700 1 --2- 172.21.15.76:0/747276550 >> [v2:172.21.15.76:6800/3054039863,v1:172.21.15.76:6801/3054039863] conn(0x7f86cc038f20 0x7f86cc03b3e0 secure :-1 s=READY pgs=9 cs=0 l=1 rev1=1 crypto rx=0x7f86d8006fd0 tx=0x7f86d8006e40 comp rx=0 tx=0).stop
2024-03-18T14:43:45.097 INFO:teuthology.orchestra.run.smithi076.stdout:/usr/bin/ceph: stderr
2024-03-18T14:43:44.509+0000 7f86ea700700 1 -- 172.21.15.76:0/747276550 >> [v2:172.21.15.76:3300/0,v1:172.21.15.76:6789/0] conn(0x7f86e4107ba0 msgr2=0x7f86e407db30 secure :-1 s=STATE_CONNECTION_ESTABLISHED l=1).mark_down
2024-03-18T14:43:45.097 INFO:teuthology.orchestra.run.smithi076.stdout:/usr/bin/ceph: stderr
2024-03-18T14:43:44.509+0000 7f86ea700700 1 --2- 172.21.15.76:0/747276550 >> [v2:172.21.15.76:3300/0,v1:172.21.15.76:6789/0] conn(0x7f86e4107ba0 0x7f86e407db30 secure :-1 s=READY pgs=42 cs=0 l=1 rev1=1 crypto rx=0x7f86d4000c00 tx=0x7f86d4011c10 comp rx=0 tx=0).stop
2024-03-18T14:43:45.097 INFO:teuthology.orchestra.run.smithi076.stdout:/usr/bin/ceph: stderr
2024-03-18T14:43:44.509+0000 7f86ea700700 1 -- 172.21.15.76:0/747276550 shutdown_connections
2024-03-18T14:43:45.097 INFO:teuthology.orchestra.run.smithi076.stdout:/usr/bin/ceph: stderr
2024-03-18T14:43:44.509+0000 7f86ea700700 1 --2- 172.21.15.76:0/747276550 >> [v2:172.21.15.76:6800/3054039863,v1:172.21.15.76:6801/3054039863] conn(0x7f86cc038f20 0x7f86cc03b3e0 unknown :-1 s=CLOSED pgs=9 cs=0 l=1 rev1=1 crypto rx=0 tx=0 comp rx=0 tx=0).stop
2024-03-18T14:43:45.097 INFO:teuthology.orchestra.run.smithi076.stdout:/usr/bin/ceph: stderr
2024-03-18T14:43:44.509+0000 7f86ea700700 1 --2- 172.21.15.76:0/747276550 >> [v2:172.21.15.76:3300/0,v1:172.21.15.76:6789/0] conn(0x7f86e4107ba0 0x7f86e407db30 unknown :-1 s=CLOSED pgs=42 cs=0 l=1 rev1=1 crypto rx=0 tx=0 comp rx=0 tx=0).stop
2024-03-18T14:43:45.097 INFO:teuthology.orchestra.run.smithi076.stdout:/usr/bin/ceph: stderr
2024-03-18T14:43:44.509+0000 7f86ea700700 1 -- 172.21.15.76:0/747276550 >> 172.21.15.76:0/747276550 conn(0x7f86e4103180 msgr2=0x7f86e4103ce0 unknown :-1 s=STATE_NONE l=0).mark_down
2024-03-18T14:43:45.097 INFO:teuthology.orchestra.run.smithi076.stdout:/usr/bin/ceph: stderr
2024-03-18T14:43:44.509+0000 7f86ea700700 1 -- 172.21.15.76:0/747276550 shutdown_connections
2024-03-18T14:43:45.097 INFO:teuthology.orchestra.run.smithi076.stdout:/usr/bin/ceph: stderr
2024-03-18T14:43:44.509+0000 7f86ea700700 1 -- 172.21.15.76:0/747276550 wait complete.
2024-03-18T14:43:46.161 INFO:journalctl@ceph.mon.a.smithi076.stdout:Mar 18 14:43:45 smithi076 ceph-mon[32205]: from='client.14136 -' entity='client.admin' cmd=[{"prefix": "cephadm generate-key", "target": ["mon-mgr", ""]}]: dispatch
2024-03-18T14:43:46.162 INFO:journalctl@ceph.mon.a.smithi076.stdout:Mar 18 14:43:45 smithi076 ceph-mon[32205]: Generating ssh key...
2024-03-18T14:43:46.300 INFO:teuthology.orchestra.run.smithi076.stdout:/usr/bin/ceph: stdout ssh-rsa AAAAB3NzaC1yc2EAAAADAQABAAABgQDRnyV/3Ny3N7Baa21i7Z5gwNkbknoGqURhlqBmX1Q61L/ivn6U9pSk8IDaaqbdLbCw0FQzJAGhWAJC+COQVzWX4BzJbhtDBwHZjcHa06pfXtzBfWinXCXYy3iF6hQ9FXWIWtvraBUBb0akuPiyk2k6sSHTnxwPGhw5661FFbllcefPimf16C02MYx3EYQe6zP2vXJ2h7x1zHe8JT/kmokWBEHBIR8Jmhyytqp/kMAAVE5kg9rIbNSwR7kP30TyZR7TVDxK7o6SnBIwpArHx5K3QcSfetQHBbzlEEaqEjxZI6vZCqzmvzJ+/hnjZGeuPDptQiTZIYC8JubkTNpYE9jt5razrffXsp3EV0lW8kAbLLUcRSyTIKj8Gw7zjPGbpGVfhWtkylcIKYIhiaLBgr4FfCySd05Yux/pHx7Zhbss//m1lPtiRHtauXU1yyrV7wzmGdl7IX42EL0aoLQEaTQSZcCdg1g1IvkHvu1J3gHZ+2Q/fvKf2c2LZpzAZ62kdRU= ceph-9cc83b72-e535-11ee-95c9-87774f69a715
2024-03-18T14:43:46.300 INFO:teuthology.orchestra.run.smithi076.stdout:/usr/bin/ceph: stderr
2024-03-18T14:43:45.528+0000 7f5fb5e35700 1 Processor -- start
2024-03-18T14:43:46.300 INFO:teuthology.orchestra.run.smithi076.stdout:/usr/bin/ceph: stderr
2024-03-18T14:43:45.529+0000 7f5fb5e35700 1 -- start start
2024-03-18T14:43:46.300 INFO:teuthology.orchestra.run.smithi076.stdout:/usr/bin/ceph: stderr
2024-03-18T14:43:45.529+0000 7f5fb5e35700 1 --2- >> [v2:172.21.15.76:3300/0,v1:172.21.15.76:6789/0] conn(0x7f5fb007de80 0x7f5fb007c2e0 unknown :-1 s=NONE pgs=0 cs=0 l=0 rev1=0 crypto rx=0 tx=0 comp rx=0 tx=0).connect
2024-03-18T14:43:46.300 INFO:teuthology.orchestra.run.smithi076.stdout:/usr/bin/ceph: stderr
2024-03-18T14:43:45.529+0000 7f5fb5e35700 1 -- --> [v2:172.21.15.76:3300/0,v1:172.21.15.76:6789/0] -- mon_getmap magic: 0 -- 0x7f5fb007c8b0 con 0x7f5fb007de80
2024-03-18T14:43:46.300 INFO:teuthology.orchestra.run.smithi076.stdout:/usr/bin/ceph: stderr
2024-03-18T14:43:45.529+0000 7f5faf7fe700 1 --2- >> [v2:172.21.15.76:3300/0,v1:172.21.15.76:6789/0] conn(0x7f5fb007de80 0x7f5fb007c2e0 unknown :-1 s=BANNER_CONNECTING pgs=0 cs=0 l=0 rev1=0 crypto rx=0 tx=0 comp rx=0 tx=0)._handle_peer_banner_payload supported=3 required=0
2024-03-18T14:43:46.300 INFO:teuthology.orchestra.run.smithi076.stdout:/usr/bin/ceph: stderr
2024-03-18T14:43:45.529+0000 7f5faf7fe700 1 --2- >> [v2:172.21.15.76:3300/0,v1:172.21.15.76:6789/0] conn(0x7f5fb007de80 0x7f5fb007c2e0 unknown :-1 s=HELLO_CONNECTING pgs=0 cs=0 l=0 rev1=1 crypto rx=0 tx=0 comp rx=0 tx=0).handle_hello peer v2:172.21.15.76:3300/0 says I am v2:172.21.15.76:59400/0 (socket says 172.21.15.76:59400)
2024-03-18T14:43:46.300 INFO:teuthology.orchestra.run.smithi076.stdout:/usr/bin/ceph: stderr
2024-03-18T14:43:45.529+0000 7f5faf7fe700 1 -- 172.21.15.76:0/4106140238 learned_addr learned my addr 172.21.15.76:0/4106140238 (peer_addr_for_me v2:172.21.15.76:0/0)
2024-03-18T14:43:46.301 INFO:teuthology.orchestra.run.smithi076.stdout:/usr/bin/ceph: stderr
2024-03-18T14:43:45.529+0000 7f5faf7fe700 1 -- 172.21.15.76:0/4106140238 --> [v2:172.21.15.76:3300/0,v1:172.21.15.76:6789/0] -- mon_subscribe({config=0+,monmap=0+}) -- 0x7f5fb007ca30 con 0x7f5fb007de80
2024-03-18T14:43:46.301 INFO:teuthology.orchestra.run.smithi076.stdout:/usr/bin/ceph: stderr
2024-03-18T14:43:45.529+0000 7f5faf7fe700 1 --2- 172.21.15.76:0/4106140238 >> [v2:172.21.15.76:3300/0,v1:172.21.15.76:6789/0] conn(0x7f5fb007de80 0x7f5fb007c2e0 secure :-1 s=READY pgs=43 cs=0 l=1 rev1=1 crypto rx=0x7f5fa00098a0 tx=0x7f5fa0009bb0 comp rx=0 tx=0).ready entity=mon.0 client_cookie=35c12317deca2760 server_cookie=0 in_seq=0 out_seq=0
2024-03-18T14:43:46.301 INFO:teuthology.orchestra.run.smithi076.stdout:/usr/bin/ceph: stderr
2024-03-18T14:43:45.530+0000 7f5fae7fc700 1 -- 172.21.15.76:0/4106140238 <== mon.0 v2:172.21.15.76:3300/0 1 ==== mon_map magic: 0 ==== 205+0+0 (secure 0 0 0) 0x7f5fa0004160 con 0x7f5fb007de80
2024-03-18T14:43:46.301 INFO:teuthology.orchestra.run.smithi076.stdout:/usr/bin/ceph: stderr
2024-03-18T14:43:45.530+0000 7f5fae7fc700 1 -- 172.21.15.76:0/4106140238 <== mon.0 v2:172.21.15.76:3300/0 2 ==== config(27 keys) ==== 1109+0+0 (secure 0 0 0) 0x7f5fa0004300 con 0x7f5fb007de80
2024-03-18T14:43:46.301 INFO:teuthology.orchestra.run.smithi076.stdout:/usr/bin/ceph: stderr
2024-03-18T14:43:45.530+0000 7f5fae7fc700 1 -- 172.21.15.76:0/4106140238 <== mon.0 v2:172.21.15.76:3300/0 3 ==== mon_map magic: 0 ==== 205+0+0 (secure 0 0 0) 0x7f5fa0011b50 con 0x7f5fb007de80
2024-03-18T14:43:46.301 INFO:teuthology.orchestra.run.smithi076.stdout:/usr/bin/ceph: stderr
2024-03-18T14:43:45.530+0000 7f5fb5e35700 1 -- 172.21.15.76:0/4106140238 >> [v2:172.21.15.76:3300/0,v1:172.21.15.76:6789/0] conn(0x7f5fb007de80 msgr2=0x7f5fb007c2e0 secure :-1 s=STATE_CONNECTION_ESTABLISHED l=1).mark_down
2024-03-18T14:43:46.301 INFO:teuthology.orchestra.run.smithi076.stdout:/usr/bin/ceph: stderr
2024-03-18T14:43:45.530+0000 7f5fb5e35700 1 --2- 172.21.15.76:0/4106140238 >> [v2:172.21.15.76:3300/0,v1:172.21.15.76:6789/0] conn(0x7f5fb007de80 0x7f5fb007c2e0 secure :-1 s=READY pgs=43 cs=0 l=1 rev1=1 crypto rx=0x7f5fa00098a0 tx=0x7f5fa0009bb0 comp rx=0 tx=0).stop
2024-03-18T14:43:46.301 INFO:teuthology.orchestra.run.smithi076.stdout:/usr/bin/ceph: stderr
2024-03-18T14:43:45.531+0000 7f5fb5e35700 1 -- 172.21.15.76:0/4106140238 shutdown_connections
2024-03-18T14:43:46.301 INFO:teuthology.orchestra.run.smithi076.stdout:/usr/bin/ceph: stderr
2024-03-18T14:43:45.531+0000 7f5fb5e35700 1 --2- 172.21.15.76:0/4106140238 >> [v2:172.21.15.76:3300/0,v1:172.21.15.76:6789/0] conn(0x7f5fb007de80 0x7f5fb007c2e0 unknown :-1 s=CLOSED pgs=43 cs=0 l=1 rev1=1 crypto rx=0 tx=0 comp rx=0 tx=0).stop
2024-03-18T14:43:46.301 INFO:teuthology.orchestra.run.smithi076.stdout:/usr/bin/ceph: stderr
2024-03-18T14:43:45.531+0000 7f5fb5e35700 1 -- 172.21.15.76:0/4106140238 >> 172.21.15.76:0/4106140238 conn(0x7f5fb0103180 msgr2=0x7f5fb01055a0 unknown :-1 s=STATE_NONE l=0).mark_down
2024-03-18T14:43:46.301 INFO:teuthology.orchestra.run.smithi076.stdout:/usr/bin/ceph: stderr
2024-03-18T14:43:45.531+0000 7f5fb5e35700 1 -- 172.21.15.76:0/4106140238 shutdown_connections
2024-03-18T14:43:46.301 INFO:teuthology.orchestra.run.smithi076.stdout:/usr/bin/ceph: stderr
2024-03-18T14:43:45.531+0000 7f5fb5e35700 1 -- 172.21.15.76:0/4106140238 wait complete.
2024-03-18T14:43:46.301 INFO:teuthology.orchestra.run.smithi076.stdout:/usr/bin/ceph: stderr
2024-03-18T14:43:45.531+0000 7f5fb5e35700 1 Processor -- start
2024-03-18T14:43:46.301 INFO:teuthology.orchestra.run.smithi076.stdout:/usr/bin/ceph: stderr
2024-03-18T14:43:45.531+0000 7f5fb5e35700 1 -- start start
2024-03-18T14:43:46.301 INFO:teuthology.orchestra.run.smithi076.stdout:/usr/bin/ceph: stderr
2024-03-18T14:43:45.532+0000 7f5fb5e35700 1 --2- >> [v2:172.21.15.76:3300/0,v1:172.21.15.76:6789/0] conn(0x7f5fb007de80 0x7f5fb019dd30 unknown :-1 s=NONE pgs=0 cs=0 l=1 rev1=0 crypto rx=0 tx=0 comp rx=0 tx=0).connect
2024-03-18T14:43:46.302 INFO:teuthology.orchestra.run.smithi076.stdout:/usr/bin/ceph: stderr
2024-03-18T14:43:45.532+0000 7f5fb5e35700 1 -- --> [v2:172.21.15.76:3300/0,v1:172.21.15.76:6789/0] -- mon_getmap magic: 0 -- 0x7f5fb010e170 con 0x7f5fb007de80
2024-03-18T14:43:46.302 INFO:teuthology.orchestra.run.smithi076.stdout:/usr/bin/ceph: stderr
2024-03-18T14:43:45.532+0000 7f5faf7fe700 1 --2- >> [v2:172.21.15.76:3300/0,v1:172.21.15.76:6789/0] conn(0x7f5fb007de80 0x7f5fb019dd30 unknown :-1 s=BANNER_CONNECTING pgs=0 cs=0 l=1 rev1=0 crypto rx=0 tx=0 comp rx=0 tx=0)._handle_peer_banner_payload supported=3 required=0
2024-03-18T14:43:46.302 INFO:teuthology.orchestra.run.smithi076.stdout:/usr/bin/ceph: stderr
2024-03-18T14:43:45.532+0000 7f5faf7fe700 1 --2- >> [v2:172.21.15.76:3300/0,v1:172.21.15.76:6789/0] conn(0x7f5fb007de80 0x7f5fb019dd30 unknown :-1 s=HELLO_CONNECTING pgs=0 cs=0 l=1 rev1=1 crypto rx=0 tx=0 comp rx=0 tx=0).handle_hello peer v2:172.21.15.76:3300/0 says I am v2:172.21.15.76:59402/0 (socket says 172.21.15.76:59402)
2024-03-18T14:43:46.302 INFO:teuthology.orchestra.run.smithi076.stdout:/usr/bin/ceph: stderr
2024-03-18T14:43:45.532+0000 7f5faf7fe700 1 -- 172.21.15.76:0/2577671610 learned_addr learned my addr 172.21.15.76:0/2577671610 (peer_addr_for_me v2:172.21.15.76:0/0)
2024-03-18T14:43:46.302 INFO:teuthology.orchestra.run.smithi076.stdout:/usr/bin/ceph: stderr
2024-03-18T14:43:45.532+0000 7f5faf7fe700 1 -- 172.21.15.76:0/2577671610 --> [v2:172.21.15.76:3300/0,v1:172.21.15.76:6789/0] -- mon_subscribe({config=0+,monmap=0+}) -- 0x7f5fb019e270 con 0x7f5fb007de80
2024-03-18T14:43:46.302 INFO:teuthology.orchestra.run.smithi076.stdout:/usr/bin/ceph: stderr
2024-03-18T14:43:45.532+0000 7f5faf7fe700 1 --2- 172.21.15.76:0/2577671610 >> [v2:172.21.15.76:3300/0,v1:172.21.15.76:6789/0] conn(0x7f5fb007de80 0x7f5fb019dd30 secure :-1 s=READY pgs=44 cs=0 l=1 rev1=1 crypto rx=0x7f5fa0000c00 tx=0x7f5fa0011c10 comp rx=0 tx=0).ready entity=mon.0 client_cookie=0 server_cookie=0 in_seq=0 out_seq=0
2024-03-18T14:43:46.302 INFO:teuthology.orchestra.run.smithi076.stdout:/usr/bin/ceph: stderr
2024-03-18T14:43:45.532+0000 7f5facff9700 1 -- 172.21.15.76:0/2577671610 <== mon.0 v2:172.21.15.76:3300/0 1 ==== mon_map magic: 0 ==== 205+0+0 (secure 0 0 0) 0x7f5fa0003b20 con 0x7f5fb007de80
2024-03-18T14:43:46.302 INFO:teuthology.orchestra.run.smithi076.stdout:/usr/bin/ceph: stderr
2024-03-18T14:43:45.532+0000 7f5facff9700 1 -- 172.21.15.76:0/2577671610 <== mon.0 v2:172.21.15.76:3300/0 2 ==== config(27 keys) ==== 1109+0+0 (secure 0 0 0) 0x7f5fa0003cc0 con 0x7f5fb007de80
2024-03-18T14:43:46.302 INFO:teuthology.orchestra.run.smithi076.stdout:/usr/bin/ceph: stderr
2024-03-18T14:43:45.532+0000 7f5fb5e35700 1 -- 172.21.15.76:0/2577671610 --> [v2:172.21.15.76:3300/0,v1:172.21.15.76:6789/0] -- mon_subscribe({mgrmap=0+}) -- 0x7f5fb019e500 con 0x7f5fb007de80
2024-03-18T14:43:46.302 INFO:teuthology.orchestra.run.smithi076.stdout:/usr/bin/ceph: stderr
2024-03-18T14:43:45.532+0000 7f5facff9700 1 -- 172.21.15.76:0/2577671610 <== mon.0 v2:172.21.15.76:3300/0 3 ==== mon_map magic: 0 ==== 205+0+0 (secure 0 0 0) 0x7f5fa0024910 con 0x7f5fb007de80
2024-03-18T14:43:46.302 INFO:teuthology.orchestra.run.smithi076.stdout:/usr/bin/ceph: stderr
2024-03-18T14:43:45.532+0000 7f5fb5e35700 1 -- 172.21.15.76:0/2577671610 --> [v2:172.21.15.76:3300/0,v1:172.21.15.76:6789/0] -- mon_subscribe({osdmap=0}) -- 0x7f5fb01a11f0 con 0x7f5fb007de80
2024-03-18T14:43:46.302 INFO:teuthology.orchestra.run.smithi076.stdout:/usr/bin/ceph: stderr
2024-03-18T14:43:45.533+0000 7f5facff9700 1 -- 172.21.15.76:0/2577671610 <== mon.0 v2:172.21.15.76:3300/0 4 ==== mgrmap(e 8) ==== 46106+0+0 (secure 0 0 0) 0x7f5fa0022020 con 0x7f5fb007de80
2024-03-18T14:43:46.302 INFO:teuthology.orchestra.run.smithi076.stdout:/usr/bin/ceph: stderr
2024-03-18T14:43:45.533+0000 7f5fb5e35700 1 -- 172.21.15.76:0/2577671610 --> [v2:172.21.15.76:3300/0,v1:172.21.15.76:6789/0] -- mon_command({"prefix": "get_command_descriptions"} v 0) -- 0x7f5fb0063900 con 0x7f5fb007de80
2024-03-18T14:43:46.302 INFO:teuthology.orchestra.run.smithi076.stdout:/usr/bin/ceph: stderr
2024-03-18T14:43:45.533+0000 7f5facff9700 1 --2- 172.21.15.76:0/2577671610 >> [v2:172.21.15.76:6800/3054039863,v1:172.21.15.76:6801/3054039863] conn(0x7f5f98038f20 0x7f5f9803b3e0 unknown :-1 s=NONE pgs=0 cs=0 l=1 rev1=0 crypto rx=0 tx=0 comp rx=0 tx=0).connect
2024-03-18T14:43:46.303 INFO:teuthology.orchestra.run.smithi076.stdout:/usr/bin/ceph: stderr
2024-03-18T14:43:45.533+0000 7f5facff9700 1 -- 172.21.15.76:0/2577671610 <== mon.0 v2:172.21.15.76:3300/0 5 ==== osd_map(2..2 src has 1..2) ==== 940+0+0 (secure 0 0 0) 0x7f5fa0011e00 con 0x7f5fb007de80
2024-03-18T14:43:46.303 INFO:teuthology.orchestra.run.smithi076.stdout:/usr/bin/ceph: stderr
2024-03-18T14:43:45.534+0000 7f5faeffd700 1 --2- 172.21.15.76:0/2577671610 >> [v2:172.21.15.76:6800/3054039863,v1:172.21.15.76:6801/3054039863] conn(0x7f5f98038f20 0x7f5f9803b3e0 unknown :-1 s=BANNER_CONNECTING pgs=0 cs=0 l=1 rev1=0 crypto rx=0 tx=0 comp rx=0 tx=0)._handle_peer_banner_payload supported=3 required=0
2024-03-18T14:43:46.303 INFO:teuthology.orchestra.run.smithi076.stdout:/usr/bin/ceph: stderr
2024-03-18T14:43:45.534+0000 7f5faeffd700 1 --2- 172.21.15.76:0/2577671610 >> [v2:172.21.15.76:6800/3054039863,v1:172.21.15.76:6801/3054039863] conn(0x7f5f98038f20 0x7f5f9803b3e0 secure :-1 s=READY pgs=10 cs=0 l=1 rev1=1 crypto rx=0x7f5fa4006fd0 tx=0x7f5fa4006e40 comp rx=0 tx=0).ready entity=mgr.14120 client_cookie=0 server_cookie=0 in_seq=0 out_seq=0
2024-03-18T14:43:46.303 INFO:teuthology.orchestra.run.smithi076.stdout:/usr/bin/ceph: stderr
2024-03-18T14:43:45.538+0000 7f5facff9700 1 -- 172.21.15.76:0/2577671610 <== mon.0 v2:172.21.15.76:3300/0 6 ==== mon_command_ack([{"prefix": "get_command_descriptions"}]=0 v0) ==== 72+0+186149 (secure 0 0 0) 0x7f5fa00172b0 con 0x7f5fb007de80
2024-03-18T14:43:46.303 INFO:teuthology.orchestra.run.smithi076.stdout:/usr/bin/ceph: stderr
2024-03-18T14:43:45.744+0000 7f5fb5e35700 1 -- 172.21.15.76:0/2577671610 --> [v2:172.21.15.76:6800/3054039863,v1:172.21.15.76:6801/3054039863] -- mgr_command(tid 0: {"prefix": "cephadm get-pub-key", "target": ["mon-mgr", ""]}) -- 0x7f5fb01043a0 con 0x7f5f98038f20
2024-03-18T14:43:46.303 INFO:teuthology.orchestra.run.smithi076.stdout:/usr/bin/ceph: stderr
2024-03-18T14:43:45.745+0000 7f5facff9700 1 -- 172.21.15.76:0/2577671610 <== mgr.14120 v2:172.21.15.76:6800/3054039863 1 ==== mgr_command_reply(tid 0: 0 ) ==== 8+0+595 (secure 0 0 0) 0x7f5fb01043a0 con 0x7f5f98038f20
2024-03-18T14:43:46.303 INFO:teuthology.orchestra.run.smithi076.stdout:/usr/bin/ceph: stderr
2024-03-18T14:43:45.748+0000 7f5fb5e35700 1 -- 172.21.15.76:0/2577671610 >> [v2:172.21.15.76:6800/3054039863,v1:172.21.15.76:6801/3054039863] conn(0x7f5f98038f20 msgr2=0x7f5f9803b3e0 secure :-1 s=STATE_CONNECTION_ESTABLISHED l=1).mark_down
2024-03-18T14:43:46.303 INFO:teuthology.orchestra.run.smithi076.stdout:/usr/bin/ceph: stderr
2024-03-18T14:43:45.748+0000 7f5fb5e35700 1 --2- 172.21.15.76:0/2577671610 >> [v2:172.21.15.76:6800/3054039863,v1:172.21.15.76:6801/3054039863] conn(0x7f5f98038f20 0x7f5f9803b3e0 secure :-1 s=READY pgs=10 cs=0 l=1 rev1=1 crypto rx=0x7f5fa4006fd0 tx=0x7f5fa4006e40 comp rx=0 tx=0).stop
2024-03-18T14:43:46.303 INFO:teuthology.orchestra.run.smithi076.stdout:/usr/bin/ceph: stderr
2024-03-18T14:43:45.748+0000 7f5fb5e35700 1 -- 172.21.15.76:0/2577671610 >> [v2:172.21.15.76:3300/0,v1:172.21.15.76:6789/0] conn(0x7f5fb007de80 msgr2=0x7f5fb019dd30 secure :-1 s=STATE_CONNECTION_ESTABLISHED l=1).mark_down
2024-03-18T14:43:46.303 INFO:teuthology.orchestra.run.smithi076.stdout:/usr/bin/ceph: stderr
2024-03-18T14:43:45.748+0000 7f5fb5e35700 1 --2- 172.21.15.76:0/2577671610 >> [v2:172.21.15.76:3300/0,v1:172.21.15.76:6789/0] conn(0x7f5fb007de80 0x7f5fb019dd30 secure :-1 s=READY pgs=44 cs=0 l=1 rev1=1 crypto rx=0x7f5fa0000c00 tx=0x7f5fa0011c10 comp rx=0 tx=0).stop
2024-03-18T14:43:46.303 INFO:teuthology.orchestra.run.smithi076.stdout:/usr/bin/ceph: stderr
2024-03-18T14:43:45.748+0000 7f5fb5e35700 1 -- 172.21.15.76:0/2577671610 shutdown_connections
2024-03-18T14:43:46.303 INFO:teuthology.orchestra.run.smithi076.stdout:/usr/bin/ceph: stderr
2024-03-18T14:43:45.748+0000 7f5fb5e35700 1 --2- 172.21.15.76:0/2577671610 >> [v2:172.21.15.76:6800/3054039863,v1:172.21.15.76:6801/3054039863] conn(0x7f5f98038f20 0x7f5f9803b3e0 unknown :-1 s=CLOSED pgs=10 cs=0 l=1 rev1=1 crypto rx=0 tx=0 comp rx=0 tx=0).stop
2024-03-18T14:43:46.303 INFO:teuthology.orchestra.run.smithi076.stdout:/usr/bin/ceph: stderr
2024-03-18T14:43:45.748+0000 7f5fb5e35700 1 --2- 172.21.15.76:0/2577671610 >> [v2:172.21.15.76:3300/0,v1:172.21.15.76:6789/0] conn(0x7f5fb007de80 0x7f5fb019dd30 unknown :-1 s=CLOSED pgs=44 cs=0 l=1 rev1=1 crypto rx=0 tx=0 comp rx=0 tx=0).stop
2024-03-18T14:43:46.303 INFO:teuthology.orchestra.run.smithi076.stdout:/usr/bin/ceph: stderr
2024-03-18T14:43:45.748+0000 7f5fb5e35700 1 -- 172.21.15.76:0/2577671610 >> 172.21.15.76:0/2577671610 conn(0x7f5fb0103180 msgr2=0x7f5fb0103c90 unknown :-1 s=STATE_NONE l=0).mark_down
2024-03-18T14:43:46.303 INFO:teuthology.orchestra.run.smithi076.stdout:/usr/bin/ceph: stderr
2024-03-18T14:43:45.748+0000 7f5fb5e35700 1 -- 172.21.15.76:0/2577671610 shutdown_connections
2024-03-18T14:43:46.304 INFO:teuthology.orchestra.run.smithi076.stdout:/usr/bin/ceph: stderr
2024-03-18T14:43:45.748+0000 7f5fb5e35700 1 -- 172.21.15.76:0/2577671610 wait complete.
2024-03-18T14:43:46.304 INFO:teuthology.orchestra.run.smithi076.stdout:Wrote public SSH key to /home/ubuntu/cephtest/ceph.pub
2024-03-18T14:43:46.304 INFO:teuthology.orchestra.run.smithi076.stdout:Adding key to root@localhost authorized_keys...
2024-03-18T14:43:46.304 INFO:teuthology.orchestra.run.smithi076.stdout:Adding host smithi076...
2024-03-18T14:43:47.053 INFO:journalctl@ceph.mon.a.smithi076.stdout:Mar 18 14:43:46 smithi076 ceph-mon[32205]: from='client.14138 -' entity='client.admin' cmd=[{"prefix": "cephadm get-pub-key", "target": ["mon-mgr", ""]}]: dispatch
2024-03-18T14:43:48.161 INFO:journalctl@ceph.mon.a.smithi076.stdout:Mar 18 14:43:47 smithi076 ceph-mon[32205]: from='client.14140 -' entity='client.admin' cmd=[{"prefix": "orch host add", "hostname": "smithi076", "addr": "172.21.15.76", "target": ["mon-mgr", ""]}]: dispatch
2024-03-18T14:43:48.162 INFO:journalctl@ceph.mon.a.smithi076.stdout:Mar 18 14:43:47 smithi076 ceph-mon[32205]: Deploying cephadm binary to smithi076
