2024-03-18T14:43:31.092+0000 7fc909b0f700 1 -- 172.21.15.76:0/4066410626 learned_addr learned my addr 172.21.15.76:0/4066410626 (peer_addr_for_me v2:172.21.15.76:0/0)
2024-03-18T14:43:31.910 INFO:teuthology.orchestra.run.smithi076.stdout:/usr/bin/ceph: stderr
2024-03-18T14:43:31.092+0000 7fc909b0f700 1 -- 172.21.15.76:0/4066410626 --> [v2:172.21.15.76:3300/0,v1:172.21.15.76:6789/0] -- mon_subscribe({config=0+,monmap=0+}) -- 0x7fc904107cb0 con 0x7fc904106ab0
2024-03-18T14:43:31.910 INFO:teuthology.orchestra.run.smithi076.stdout:/usr/bin/ceph: stderr
2024-03-18T14:43:31.093+0000 7fc909b0f700 1 --2- 172.21.15.76:0/4066410626 >> [v2:172.21.15.76:3300/0,v1:172.21.15.76:6789/0] conn(0x7fc904106ab0 0x7fc904106ed0 secure :-1 s=READY pgs=20 cs=0 l=1 rev1=1 crypto rx=0x7fc9000098a0 tx=0x7fc900009bb0 comp rx=0 tx=0).ready entity=mon.0 client_cookie=8a59ca5e70853446 server_cookie=0 in_seq=0 out_seq=0
2024-03-18T14:43:31.910 INFO:teuthology.orchestra.run.smithi076.stdout:/usr/bin/ceph: stderr
2024-03-18T14:43:31.093+0000 7fc908b0d700 1 -- 172.21.15.76:0/4066410626 <== mon.0 v2:172.21.15.76:3300/0 1 ==== mon_map magic: 0 ==== 205+0+0 (secure 0 0 0) 0x7fc900004160 con 0x7fc904106ab0
2024-03-18T14:43:31.910 INFO:teuthology.orchestra.run.smithi076.stdout:/usr/bin/ceph: stderr
2024-03-18T14:43:31.093+0000 7fc908b0d700 1 -- 172.21.15.76:0/4066410626 <== mon.0 v2:172.21.15.76:3300/0 2 ==== config(27 keys) ==== 1109+0+0 (secure 0 0 0) 0x7fc900004300 con 0x7fc904106ab0
2024-03-18T14:43:31.910 INFO:teuthology.orchestra.run.smithi076.stdout:/usr/bin/ceph: stderr
2024-03-18T14:43:31.093+0000 7fc908b0d700 1 -- 172.21.15.76:0/4066410626 <== mon.0 v2:172.21.15.76:3300/0 3 ==== mon_map magic: 0 ==== 205+0+0 (secure 0 0 0) 0x7fc900011b50 con 0x7fc904106ab0
2024-03-18T14:43:31.910 INFO:teuthology.orchestra.run.smithi076.stdout:/usr/bin/ceph: stderr
2024-03-18T14:43:31.093+0000 7fc90bd73700 1 -- 172.21.15.76:0/4066410626 >> [v2:172.21.15.76:3300/0,v1:172.21.15.76:6789/0] conn(0x7fc904106ab0 msgr2=0x7fc904106ed0 secure :-1 s=STATE_CONNECTION_ESTABLISHED l=1).mark_down
2024-03-18T14:43:31.910 INFO:teuthology.orchestra.run.smithi076.stdout:/usr/bin/ceph: stderr
2024-03-18T14:43:31.093+0000 7fc90bd73700 1 --2- 172.21.15.76:0/4066410626 >> [v2:172.21.15.76:3300/0,v1:172.21.15.76:6789/0] conn(0x7fc904106ab0 0x7fc904106ed0 secure :-1 s=READY pgs=20 cs=0 l=1 rev1=1 crypto rx=0x7fc9000098a0 tx=0x7fc900009bb0 comp rx=0 tx=0).stop
2024-03-18T14:43:31.910 INFO:teuthology.orchestra.run.smithi076.stdout:/usr/bin/ceph: stderr
2024-03-18T14:43:31.093+0000 7fc90bd73700 1 -- 172.21.15.76:0/4066410626 shutdown_connections
2024-03-18T14:43:31.911 INFO:teuthology.orchestra.run.smithi076.stdout:/usr/bin/ceph: stderr
2024-03-18T14:43:31.093+0000 7fc90bd73700 1 --2- 172.21.15.76:0/4066410626 >> [v2:172.21.15.76:3300/0,v1:172.21.15.76:6789/0] conn(0x7fc904106ab0 0x7fc904106ed0 unknown :-1 s=CLOSED pgs=20 cs=0 l=1 rev1=1 crypto rx=0 tx=0 comp rx=0 tx=0).stop
2024-03-18T14:43:31.911 INFO:teuthology.orchestra.run.smithi076.stdout:/usr/bin/ceph: stderr
2024-03-18T14:43:31.093+0000 7fc90bd73700 1 -- 172.21.15.76:0/4066410626 >> 172.21.15.76:0/4066410626 conn(0x7fc904102050 msgr2=0x7fc904104490 unknown :-1 s=STATE_NONE l=0).mark_down
2024-03-18T14:43:31.911 INFO:teuthology.orchestra.run.smithi076.stdout:/usr/bin/ceph: stderr
2024-03-18T14:43:31.093+0000 7fc90bd73700 1 -- 172.21.15.76:0/4066410626 shutdown_connections
2024-03-18T14:43:31.911 INFO:teuthology.orchestra.run.smithi076.stdout:/usr/bin/ceph: stderr
2024-03-18T14:43:31.093+0000 7fc90bd73700 1 -- 172.21.15.76:0/4066410626 wait complete.
2024-03-18T14:43:31.911 INFO:teuthology.orchestra.run.smithi076.stdout:/usr/bin/ceph: stderr
2024-03-18T14:43:31.094+0000 7fc90bd73700 1 Processor -- start
2024-03-18T14:43:31.911 INFO:teuthology.orchestra.run.smithi076.stdout:/usr/bin/ceph: stderr
2024-03-18T14:43:31.094+0000 7fc90bd73700 1 -- start start
2024-03-18T14:43:31.911 INFO:teuthology.orchestra.run.smithi076.stdout:/usr/bin/ceph: stderr
2024-03-18T14:43:31.094+0000 7fc90bd73700 1 --2- >> [v2:172.21.15.76:3300/0,v1:172.21.15.76:6789/0] conn(0x7fc904106ab0 0x7fc904191c60 unknown :-1 s=NONE pgs=0 cs=0 l=1 rev1=0 crypto rx=0 tx=0 comp rx=0 tx=0).connect
2024-03-18T14:43:31.911 INFO:teuthology.orchestra.run.smithi076.stdout:/usr/bin/ceph: stderr
2024-03-18T14:43:31.094+0000 7fc90bd73700 1 -- --> [v2:172.21.15.76:3300/0,v1:172.21.15.76:6789/0] -- mon_getmap magic: 0 -- 0x7fc90410b060 con 0x7fc904106ab0
2024-03-18T14:43:31.911 INFO:teuthology.orchestra.run.smithi076.stdout:/usr/bin/ceph: stderr
2024-03-18T14:43:31.094+0000 7fc909b0f700 1 --2- >> [v2:172.21.15.76:3300/0,v1:172.21.15.76:6789/0] conn(0x7fc904106ab0 0x7fc904191c60 unknown :-1 s=BANNER_CONNECTING pgs=0 cs=0 l=1 rev1=0 crypto rx=0 tx=0 comp rx=0 tx=0)._handle_peer_banner_payload supported=3 required=0
2024-03-18T14:43:31.911 INFO:teuthology.orchestra.run.smithi076.stdout:/usr/bin/ceph: stderr
2024-03-18T14:43:31.094+0000 7fc909b0f700 1 --2- >> [v2:172.21.15.76:3300/0,v1:172.21.15.76:6789/0] conn(0x7fc904106ab0 0x7fc904191c60 unknown :-1 s=HELLO_CONNECTING pgs=0 cs=0 l=1 rev1=1 crypto rx=0 tx=0 comp rx=0 tx=0).handle_hello peer v2:172.21.15.76:3300/0 says I am v2:172.21.15.76:54340/0 (socket says 172.21.15.76:54340)
2024-03-18T14:43:31.911 INFO:teuthology.orchestra.run.smithi076.stdout:/usr/bin/ceph: stderr
2024-03-18T14:43:31.094+0000 7fc909b0f700 1 -- 172.21.15.76:0/1936937765 learned_addr learned my addr 172.21.15.76:0/1936937765 (peer_addr_for_me v2:172.21.15.76:0/0)
2024-03-18T14:43:31.911 INFO:teuthology.orchestra.run.smithi076.stdout:/usr/bin/ceph: stderr
2024-03-18T14:43:31.094+0000 7fc909b0f700 1 -- 172.21.15.76:0/1936937765 --> [v2:172.21.15.76:3300/0,v1:172.21.15.76:6789/0] -- mon_subscribe({config=0+,monmap=0+}) -- 0x7fc9041921a0 con 0x7fc904106ab0
2024-03-18T14:43:31.911 INFO:teuthology.orchestra.run.smithi076.stdout:/usr/bin/ceph: stderr
2024-03-18T14:43:31.095+0000 7fc909b0f700 1 --2- 172.21.15.76:0/1936937765 >> [v2:172.21.15.76:3300/0,v1:172.21.15.76:6789/0] conn(0x7fc904106ab0 0x7fc904191c60 secure :-1 s=READY pgs=21 cs=0 l=1 rev1=1 crypto rx=0x7fc900009fb0 tx=0x7fc900011bf0 comp rx=0 tx=0).ready entity=mon.0 client_cookie=0 server_cookie=0 in_seq=0 out_seq=0
2024-03-18T14:43:31.911 INFO:teuthology.orchestra.run.smithi076.stdout:/usr/bin/ceph: stderr
2024-03-18T14:43:31.095+0000 7fc8faffd700 1 -- 172.21.15.76:0/1936937765 <== mon.0 v2:172.21.15.76:3300/0 1 ==== mon_map magic: 0 ==== 205+0+0 (secure 0 0 0) 0x7fc9000038b0 con 0x7fc904106ab0
2024-03-18T14:43:31.912 INFO:teuthology.orchestra.run.smithi076.stdout:/usr/bin/ceph: stderr
2024-03-18T14:43:31.095+0000 7fc90bd73700 1 -- 172.21.15.76:0/1936937765 --> [v2:172.21.15.76:3300/0,v1:172.21.15.76:6789/0] -- mon_subscribe({mgrmap=0+}) -- 0x7fc904190390 con 0x7fc904106ab0
2024-03-18T14:43:31.912 INFO:teuthology.orchestra.run.smithi076.stdout:/usr/bin/ceph: stderr
2024-03-18T14:43:31.095+0000 7fc8faffd700 1 -- 172.21.15.76:0/1936937765 <== mon.0 v2:172.21.15.76:3300/0 2 ==== config(27 keys) ==== 1109+0+0 (secure 0 0 0) 0x7fc900011e50 con 0x7fc904106ab0
2024-03-18T14:43:31.912 INFO:teuthology.orchestra.run.smithi076.stdout:/usr/bin/ceph: stderr
2024-03-18T14:43:31.095+0000 7fc8faffd700 1 -- 172.21.15.76:0/1936937765 <== mon.0 v2:172.21.15.76:3300/0 3 ==== mon_map magic: 0 ==== 205+0+0 (secure 0 0 0) 0x7fc900019550 con 0x7fc904106ab0
2024-03-18T14:43:31.912 INFO:teuthology.orchestra.run.smithi076.stdout:/usr/bin/ceph: stderr
2024-03-18T14:43:31.095+0000 7fc90bd73700 1 -- 172.21.15.76:0/1936937765 --> [v2:172.21.15.76:3300/0,v1:172.21.15.76:6789/0] -- mon_subscribe({osdmap=0}) -- 0x7fc9041908d0 con 0x7fc904106ab0
2024-03-18T14:43:31.912 INFO:teuthology.orchestra.run.smithi076.stdout:/usr/bin/ceph: stderr
2024-03-18T14:43:31.096+0000 7fc8faffd700 1 -- 172.21.15.76:0/1936937765 <== mon.0 v2:172.21.15.76:3300/0 4 ==== mgrmap(e 4) ==== 46095+0+0 (secure 0 0 0) 0x7fc900019850 con 0x7fc904106ab0
2024-03-18T14:43:31.912 INFO:teuthology.orchestra.run.smithi076.stdout:/usr/bin/ceph: stderr
2024-03-18T14:43:31.096+0000 7fc90bd73700 1 -- 172.21.15.76:0/1936937765 --> [v2:172.21.15.76:3300/0,v1:172.21.15.76:6789/0] -- mon_command({"prefix": "get_command_descriptions"} v 0) -- 0x7fc904063900 con 0x7fc904106ab0
2024-03-18T14:43:31.912 INFO:teuthology.orchestra.run.smithi076.stdout:/usr/bin/ceph: stderr
2024-03-18T14:43:31.096+0000 7fc8faffd700 1 --2- 172.21.15.76:0/1936937765 >> [v2:172.21.15.76:6800/216126402,v1:172.21.15.76:6801/216126402] conn(0x7fc8f0038e80 0x7fc8f003b340 unknown :-1 s=NONE pgs=0 cs=0 l=1 rev1=0 crypto rx=0 tx=0 comp rx=0 tx=0).connect
2024-03-18T14:43:31.912 INFO:teuthology.orchestra.run.smithi076.stdout:/usr/bin/ceph: stderr
2024-03-18T14:43:31.096+0000 7fc8faffd700 1 -- 172.21.15.76:0/1936937765 <== mon.0 v2:172.21.15.76:3300/0 5 ==== osd_map(1..1 src has 1..1) ==== 725+0+0 (secure 0 0 0) 0x7fc90004d150 con 0x7fc904106ab0
2024-03-18T14:43:31.912 INFO:teuthology.orchestra.run.smithi076.stdout:/usr/bin/ceph: stderr
2024-03-18T14:43:31.096+0000 7fc90930e700 1 --2- 172.21.15.76:0/1936937765 >> [v2:172.21.15.76:6800/216126402,v1:172.21.15.76:6801/216126402] conn(0x7fc8f0038e80 0x7fc8f003b340 unknown :-1 s=BANNER_CONNECTING pgs=0 cs=0 l=1 rev1=0 crypto rx=0 tx=0 comp rx=0 tx=0)._handle_peer_banner_payload supported=3 required=0
2024-03-18T14:43:31.912 INFO:teuthology.orchestra.run.smithi076.stdout:/usr/bin/ceph: stderr
2024-03-18T14:43:31.097+0000 7fc90930e700 1 --2- 172.21.15.76:0/1936937765 >> [v2:172.21.15.76:6800/216126402,v1:172.21.15.76:6801/216126402] conn(0x7fc8f0038e80 0x7fc8f003b340 secure :-1 s=READY pgs=7 cs=0 l=1 rev1=1 crypto rx=0x7fc8f4006fd0 tx=0x7fc8f4006e40 comp rx=0 tx=0).ready entity=mgr.14100 client_cookie=0 server_cookie=0 in_seq=0 out_seq=0
2024-03-18T14:43:31.912 INFO:teuthology.orchestra.run.smithi076.stdout:/usr/bin/ceph: stderr
2024-03-18T14:43:31.101+0000 7fc8faffd700 1 -- 172.21.15.76:0/1936937765 <== mon.0 v2:172.21.15.76:3300/0 6 ==== mon_command_ack([{"prefix": "get_command_descriptions"}]=0 v0) ==== 72+0+186149 (secure 0 0 0) 0x7fc900003ac0 con 0x7fc904106ab0
2024-03-18T14:43:31.912 INFO:teuthology.orchestra.run.smithi076.stdout:/usr/bin/ceph: stderr
2024-03-18T14:43:31.292+0000 7fc90bd73700 1 -- 172.21.15.76:0/1936937765 --> [v2:172.21.15.76:3300/0,v1:172.21.15.76:6789/0] -- mon_command({"prefix": "config assimilate-conf"} v 0) -- 0x7fc9041959e0 con 0x7fc904106ab0
2024-03-18T14:43:31.912 INFO:teuthology.orchestra.run.smithi076.stdout:/usr/bin/ceph: stderr
2024-03-18T14:43:31.293+0000 7fc8faffd700 1 -- 172.21.15.76:0/1936937765 <== mon.0 v2:172.21.15.76:3300/0 7 ==== mon_command_ack([{"prefix": "config assimilate-conf"}]=0 v3) ==== 70+0+373 (secure 0 0 0) 0x7fc90002d440 con 0x7fc904106ab0
2024-03-18T14:43:31.912 INFO:teuthology.orchestra.run.smithi076.stdout:/usr/bin/ceph: stderr
2024-03-18T14:43:31.295+0000 7fc90bd73700 1 -- 172.21.15.76:0/1936937765 >> [v2:172.21.15.76:6800/216126402,v1:172.21.15.76:6801/216126402] conn(0x7fc8f0038e80 msgr2=0x7fc8f003b340 secure :-1 s=STATE_CONNECTION_ESTABLISHED l=1).mark_down
2024-03-18T14:43:31.913 INFO:teuthology.orchestra.run.smithi076.stdout:/usr/bin/ceph: stderr
2024-03-18T14:43:31.295+0000 7fc90bd73700 1 --2- 172.21.15.76:0/1936937765 >> [v2:172.21.15.76:6800/216126402,v1:172.21.15.76:6801/216126402] conn(0x7fc8f0038e80 0x7fc8f003b340 secure :-1 s=READY pgs=7 cs=0 l=1 rev1=1 crypto rx=0x7fc8f4006fd0 tx=0x7fc8f4006e40 comp rx=0 tx=0).stop
2024-03-18T14:43:31.913 INFO:teuthology.orchestra.run.smithi076.stdout:/usr/bin/ceph: stderr
2024-03-18T14:43:31.295+0000 7fc90bd73700 1 -- 172.21.15.76:0/1936937765 >> [v2:172.21.15.76:3300/0,v1:172.21.15.76:6789/0] conn(0x7fc904106ab0 msgr2=0x7fc904191c60 secure :-1 s=STATE_CONNECTION_ESTABLISHED l=1).mark_down
2024-03-18T14:43:31.913 INFO:teuthology.orchestra.run.smithi076.stdout:/usr/bin/ceph: stderr
2024-03-18T14:43:31.295+0000 7fc90bd73700 1 --2- 172.21.15.76:0/1936937765 >> [v2:172.21.15.76:3300/0,v1:172.21.15.76:6789/0] conn(0x7fc904106ab0 0x7fc904191c60 secure :-1 s=READY pgs=21 cs=0 l=1 rev1=1 crypto rx=0x7fc900009fb0 tx=0x7fc900011bf0 comp rx=0 tx=0).stop
2024-03-18T14:43:31.913 INFO:teuthology.orchestra.run.smithi076.stdout:/usr/bin/ceph: stderr
2024-03-18T14:43:31.296+0000 7fc90bd73700 1 -- 172.21.15.76:0/1936937765 shutdown_connections
2024-03-18T14:43:31.913 INFO:teuthology.orchestra.run.smithi076.stdout:/usr/bin/ceph: stderr
2024-03-18T14:43:31.296+0000 7fc90bd73700 1 --2- 172.21.15.76:0/1936937765 >> [v2:172.21.15.76:6800/216126402,v1:172.21.15.76:6801/216126402] conn(0x7fc8f0038e80 0x7fc8f003b340 unknown :-1 s=CLOSED pgs=7 cs=0 l=1 rev1=1 crypto rx=0 tx=0 comp rx=0 tx=0).stop
2024-03-18T14:43:31.913 INFO:teuthology.orchestra.run.smithi076.stdout:/usr/bin/ceph: stderr
2024-03-18T14:43:31.296+0000 7fc90bd73700 1 --2- 172.21.15.76:0/1936937765 >> [v2:172.21.15.76:3300/0,v1:172.21.15.76:6789/0] conn(0x7fc904106ab0 0x7fc904191c60 unknown :-1 s=CLOSED pgs=21 cs=0 l=1 rev1=1 crypto rx=0 tx=0 comp rx=0 tx=0).stop
2024-03-18T14:43:31.913 INFO:teuthology.orchestra.run.smithi076.stdout:/usr/bin/ceph: stderr
2024-03-18T14:43:31.296+0000 7fc90bd73700 1 -- 172.21.15.76:0/1936937765 >> 172.21.15.76:0/1936937765 conn(0x7fc904102050 msgr2=0x7fc904102f60 unknown :-1 s=STATE_NONE l=0).mark_down
2024-03-18T14:43:31.913 INFO:teuthology.orchestra.run.smithi076.stdout:/usr/bin/ceph: stderr
2024-03-18T14:43:31.296+0000 7fc90bd73700 1 -- 172.21.15.76:0/1936937765 shutdown_connections
2024-03-18T14:43:31.913 INFO:teuthology.orchestra.run.smithi076.stdout:/usr/bin/ceph: stderr
2024-03-18T14:43:31.296+0000 7fc90bd73700 1 -- 172.21.15.76:0/1936937765 wait complete.
2024-03-18T14:43:31.913 INFO:teuthology.orchestra.run.smithi076.stdout:Enabling cephadm module...
2024-03-18T14:43:32.138 INFO:journalctl@ceph.mon.a.smithi076.stdout:Mar 18 14:43:31 smithi076 ceph-mon[32205]: from='client.? 172.21.15.76:0/1936937765' entity='client.admin' cmd=[{"prefix": "config assimilate-conf"}]: dispatch
2024-03-18T14:43:32.868 INFO:journalctl@ceph.mon.a.smithi076.stdout:Mar 18 14:43:32 smithi076 ceph-mon[32205]: from='client.? 172.21.15.76:0/1817750573' entity='client.admin' cmd=[{"prefix": "mgr module enable", "module": "cephadm"}]: dispatch
2024-03-18T14:43:33.161 INFO:journalctl@ceph.mgr.x.smithi076.stdout:Mar 18 14:43:32 smithi076 ceph-9cc83b72-e535-11ee-95c9-87774f69a715-mgr-x[32435]: ignoring --setuser ceph since I am not root
2024-03-18T14:43:33.161 INFO:journalctl@ceph.mgr.x.smithi076.stdout:Mar 18 14:43:32 smithi076 ceph-9cc83b72-e535-11ee-95c9-87774f69a715-mgr-x[32435]: ignoring --setgroup ceph since I am not root
2024-03-18T14:43:33.387 INFO:teuthology.orchestra.run.smithi076.stdout:/usr/bin/ceph: stderr
2024-03-18T14:43:32.354+0000 7ff2b432b700 1 Processor -- start
2024-03-18T14:43:33.388 INFO:teuthology.orchestra.run.smithi076.stdout:/usr/bin/ceph: stderr
2024-03-18T14:43:32.354+0000 7ff2b432b700 1 -- start start
2024-03-18T14:43:33.388 INFO:teuthology.orchestra.run.smithi076.stdout:/usr/bin/ceph: stderr
2024-03-18T14:43:32.354+0000 7ff2b432b700 1 --2- >> [v2:172.21.15.76:3300/0,v1:172.21.15.76:6789/0] conn(0x7ff2ac106ab0 0x7ff2ac106ed0 unknown :-1 s=NONE pgs=0 cs=0 l=0 rev1=0 crypto rx=0 tx=0 comp rx=0 tx=0).connect
2024-03-18T14:43:33.388 INFO:teuthology.orchestra.run.smithi076.stdout:/usr/bin/ceph: stderr
2024-03-18T14:43:32.354+0000 7ff2b432b700 1 -- --> [v2:172.21.15.76:3300/0,v1:172.21.15.76:6789/0] -- mon_getmap magic: 0 -- 0x7ff2ac1074a0 con 0x7ff2ac106ab0
2024-03-18T14:43:33.388 INFO:teuthology.orchestra.run.smithi076.stdout:/usr/bin/ceph: stderr
2024-03-18T14:43:32.354+0000 7ff2b20c7700 1 --2- >> [v2:172.21.15.76:3300/0,v1:172.21.15.76:6789/0] conn(0x7ff2ac106ab0 0x7ff2ac106ed0 unknown :-1 s=BANNER_CONNECTING pgs=0 cs=0 l=0 rev1=0 crypto rx=0 tx=0 comp rx=0 tx=0)._handle_peer_banner_payload supported=3 required=0
2024-03-18T14:43:33.388 INFO:teuthology.orchestra.run.smithi076.stdout:/usr/bin/ceph: stderr
2024-03-18T14:43:32.354+0000 7ff2b20c7700 1 --2- >> [v2:172.21.15.76:3300/0,v1:172.21.15.76:6789/0] conn(0x7ff2ac106ab0 0x7ff2ac106ed0 unknown :-1 s=HELLO_CONNECTING pgs=0 cs=0 l=0 rev1=1 crypto rx=0 tx=0 comp rx=0 tx=0).handle_hello peer v2:172.21.15.76:3300/0 says I am v2:172.21.15.76:54342/0 (socket says 172.21.15.76:54342)
2024-03-18T14:43:33.388 INFO:teuthology.orchestra.run.smithi076.stdout:/usr/bin/ceph: stderr
2024-03-18T14:43:32.354+0000 7ff2b20c7700 1 -- 172.21.15.76:0/3816989333 learned_addr learned my addr 172.21.15.76:0/3816989333 (peer_addr_for_me v2:172.21.15.76:0/0)
2024-03-18T14:43:33.388 INFO:teuthology.orchestra.run.smithi076.stdout:/usr/bin/ceph: stderr
2024-03-18T14:43:32.355+0000 7ff2b20c7700 1 -- 172.21.15.76:0/3816989333 --> [v2:172.21.15.76:3300/0,v1:172.21.15.76:6789/0] -- mon_subscribe({config=0+,monmap=0+}) -- 0x7ff2ac107cb0 con 0x7ff2ac106ab0
2024-03-18T14:43:33.388 INFO:teuthology.orchestra.run.smithi076.stdout:/usr/bin/ceph: stderr
2024-03-18T14:43:32.355+0000 7ff2b20c7700 1 --2- 172.21.15.76:0/3816989333 >> [v2:172.21.15.76:3300/0,v1:172.21.15.76:6789/0] conn(0x7ff2ac106ab0 0x7ff2ac106ed0 secure :-1 s=READY pgs=22 cs=0 l=1 rev1=1 crypto rx=0x7ff2a80098a0 tx=0x7ff2a8009bb0 comp rx=0 tx=0).ready entity=mon.0 client_cookie=b182f95a557826ef server_cookie=0 in_seq=0 out_seq=0
2024-03-18T14:43:33.388 INFO:teuthology.orchestra.run.smithi076.stdout:/usr/bin/ceph: stderr
2024-03-18T14:43:32.355+0000 7ff2b10c5700 1 -- 172.21.15.76:0/3816989333 <== mon.0 v2:172.21.15.76:3300/0 1 ==== mon_map magic: 0 ==== 205+0+0 (secure 0 0 0) 0x7ff2a8004160 con 0x7ff2ac106ab0
2024-03-18T14:43:33.388 INFO:teuthology.orchestra.run.smithi076.stdout:/usr/bin/ceph: stderr
2024-03-18T14:43:32.355+0000 7ff2b10c5700 1 -- 172.21.15.76:0/3816989333 <== mon.0 v2:172.21.15.76:3300/0 2 ==== config(27 keys) ==== 1109+0+0 (secure 0 0 0) 0x7ff2a8004300 con 0x7ff2ac106ab0
2024-03-18T14:43:33.388 INFO:teuthology.orchestra.run.smithi076.stdout:/usr/bin/ceph: stderr
2024-03-18T14:43:32.355+0000 7ff2b10c5700 1 -- 172.21.15.76:0/3816989333 <== mon.0 v2:172.21.15.76:3300/0 3 ==== mon_map magic: 0 ==== 205+0+0 (secure 0 0 0) 0x7ff2a8011b50 con 0x7ff2ac106ab0
2024-03-18T14:43:33.388 INFO:teuthology.orchestra.run.smithi076.stdout:/usr/bin/ceph: stderr
2024-03-18T14:43:32.355+0000 7ff2b432b700 1 -- 172.21.15.76:0/3816989333 >> [v2:172.21.15.76:3300/0,v1:172.21.15.76:6789/0] conn(0x7ff2ac106ab0 msgr2=0x7ff2ac106ed0 secure :-1 s=STATE_CONNECTION_ESTABLISHED l=1).mark_down
2024-03-18T14:43:33.388 INFO:teuthology.orchestra.run.smithi076.stdout:/usr/bin/ceph: stderr
2024-03-18T14:43:32.355+0000 7ff2b432b700 1 --2- 172.21.15.76:0/3816989333 >> [v2:172.21.15.76:3300/0,v1:172.21.15.76:6789/0] conn(0x7ff2ac106ab0 0x7ff2ac106ed0 secure :-1 s=READY pgs=22 cs=0 l=1 rev1=1 crypto rx=0x7ff2a80098a0 tx=0x7ff2a8009bb0 comp rx=0 tx=0).stop
2024-03-18T14:43:33.388 INFO:teuthology.orchestra.run.smithi076.stdout:/usr/bin/ceph: stderr
2024-03-18T14:43:32.356+0000 7ff2b432b700 1 -- 172.21.15.76:0/3816989333 shutdown_connections
2024-03-18T14:43:33.388 INFO:teuthology.orchestra.run.smithi076.stdout:/usr/bin/ceph: stderr
2024-03-18T14:43:32.356+0000 7ff2b432b700 1 --2- 172.21.15.76:0/3816989333 >> [v2:172.21.15.76:3300/0,v1:172.21.15.76:6789/0] conn(0x7ff2ac106ab0 0x7ff2ac106ed0 unknown :-1 s=CLOSED pgs=22 cs=0 l=1 rev1=1 crypto rx=0 tx=0 comp rx=0 tx=0).stop
2024-03-18T14:43:33.389 INFO:teuthology.orchestra.run.smithi076.stdout:/usr/bin/ceph: stderr
2024-03-18T14:43:32.356+0000 7ff2b432b700 1 -- 172.21.15.76:0/3816989333 >> 172.21.15.76:0/3816989333 conn(0x7ff2ac102050 msgr2=0x7ff2ac104490 unknown :-1 s=STATE_NONE l=0).mark_down
2024-03-18T14:43:33.389 INFO:teuthology.orchestra.run.smithi076.stdout:/usr/bin/ceph: stderr
2024-03-18T14:43:32.356+0000 7ff2b432b700 1 -- 172.21.15.76:0/3816989333 shutdown_connections
2024-03-18T14:43:33.389 INFO:teuthology.orchestra.run.smithi076.stdout:/usr/bin/ceph: stderr
2024-03-18T14:43:32.356+0000 7ff2b432b700 1 -- 172.21.15.76:0/3816989333 wait complete.
2024-03-18T14:43:33.389 INFO:teuthology.orchestra.run.smithi076.stdout:/usr/bin/ceph: stderr
2024-03-18T14:43:32.356+0000 7ff2b432b700 1 Processor -- start
2024-03-18T14:43:33.389 INFO:teuthology.orchestra.run.smithi076.stdout:/usr/bin/ceph: stderr
2024-03-18T14:43:32.356+0000 7ff2b432b700 1 -- start start
2024-03-18T14:43:33.389 INFO:teuthology.orchestra.run.smithi076.stdout:/usr/bin/ceph: stderr
2024-03-18T14:43:32.356+0000 7ff2b432b700 1 --2- >> [v2:172.21.15.76:3300/0,v1:172.21.15.76:6789/0] conn(0x7ff2ac106ab0 0x7ff2ac19aad0 unknown :-1 s=NONE pgs=0 cs=0 l=1 rev1=0 crypto rx=0 tx=0 comp rx=0 tx=0).connect
2024-03-18T14:43:33.389 INFO:teuthology.orchestra.run.smithi076.stdout:/usr/bin/ceph: stderr
2024-03-18T14:43:32.356+0000 7ff2b432b700 1 -- --> [v2:172.21.15.76:3300/0,v1:172.21.15.76:6789/0] -- mon_getmap magic: 0 -- 0x7ff2ac10b060 con 0x7ff2ac106ab0
2024-03-18T14:43:33.389 INFO:teuthology.orchestra.run.smithi076.stdout:/usr/bin/ceph: stderr
2024-03-18T14:43:32.357+0000 7ff2b20c7700 1 --2- >> [v2:172.21.15.76:3300/0,v1:172.21.15.76:6789/0] conn(0x7ff2ac106ab0 0x7ff2ac19aad0 unknown :-1 s=BANNER_CONNECTING pgs=0 cs=0 l=1 rev1=0 crypto rx=0 tx=0 comp rx=0 tx=0)._handle_peer_banner_payload supported=3 required=0
2024-03-18T14:43:33.389 INFO:teuthology.orchestra.run.smithi076.stdout:/usr/bin/ceph: stderr
2024-03-18T14:43:32.357+0000 7ff2b20c7700 1 --2- >> [v2:172.21.15.76:3300/0,v1:172.21.15.76:6789/0] conn(0x7ff2ac106ab0 0x7ff2ac19aad0 unknown :-1 s=HELLO_CONNECTING pgs=0 cs=0 l=1 rev1=1 crypto rx=0 tx=0 comp rx=0 tx=0).handle_hello peer v2:172.21.15.76:3300/0 says I am v2:172.21.15.76:54356/0 (socket says 172.21.15.76:54356)
2024-03-18T14:43:33.389 INFO:teuthology.orchestra.run.smithi076.stdout:/usr/bin/ceph: stderr
2024-03-18T14:43:32.357+0000 7ff2b20c7700 1 -- 172.21.15.76:0/1817750573 learned_addr learned my addr 172.21.15.76:0/1817750573 (peer_addr_for_me v2:172.21.15.76:0/0)
2024-03-18T14:43:33.389 INFO:teuthology.orchestra.run.smithi076.stdout:/usr/bin/ceph: stderr
2024-03-18T14:43:32.357+0000 7ff2b20c7700 1 -- 172.21.15.76:0/1817750573 --> [v2:172.21.15.76:3300/0,v1:172.21.15.76:6789/0] -- mon_subscribe({config=0+,monmap=0+}) -- 0x7ff2ac19b010 con 0x7ff2ac106ab0
2024-03-18T14:43:33.389 INFO:teuthology.orchestra.run.smithi076.stdout:/usr/bin/ceph: stderr
2024-03-18T14:43:32.357+0000 7ff2b20c7700 1 --2- 172.21.15.76:0/1817750573 >> [v2:172.21.15.76:3300/0,v1:172.21.15.76:6789/0] conn(0x7ff2ac106ab0 0x7ff2ac19aad0 secure :-1 s=READY pgs=23 cs=0 l=1 rev1=1 crypto rx=0x7ff2a8011850 tx=0x7ff2a8011c10 comp rx=0 tx=0).ready entity=mon.0 client_cookie=0 server_cookie=0 in_seq=0 out_seq=0
2024-03-18T14:43:33.389 INFO:teuthology.orchestra.run.smithi076.stdout:/usr/bin/ceph: stderr
2024-03-18T14:43:32.357+0000 7ff2a37fe700 1 -- 172.21.15.76:0/1817750573 <== mon.0 v2:172.21.15.76:3300/0 1 ==== mon_map magic: 0 ==== 205+0+0 (secure 0 0 0) 0x7ff2a8003af0 con 0x7ff2ac106ab0
2024-03-18T14:43:33.390 INFO:teuthology.orchestra.run.smithi076.stdout:/usr/bin/ceph: stderr
2024-03-18T14:43:32.357+0000 7ff2a37fe700 1 -- 172.21.15.76:0/1817750573 <== mon.0 v2:172.21.15.76:3300/0 2 ==== config(27 keys) ==== 1109+0+0 (secure 0 0 0) 0x7ff2a8020070 con 0x7ff2ac106ab0
2024-03-18T14:43:33.390 INFO:teuthology.orchestra.run.smithi076.stdout:/usr/bin/ceph: stderr
2024-03-18T14:43:32.357+0000 7ff2b432b700 1 -- 172.21.15.76:0/1817750573 --> [v2:172.21.15.76:3300/0,v1:172.21.15.76:6789/0] -- mon_subscribe({mgrmap=0+}) -- 0x7ff2ac19b2a0 con 0x7ff2ac106ab0
2024-03-18T14:43:33.390 INFO:teuthology.orchestra.run.smithi076.stdout:/usr/bin/ceph: stderr
2024-03-18T14:43:32.357+0000 7ff2a37fe700 1 -- 172.21.15.76:0/1817750573 <== mon.0 v2:172.21.15.76:3300/0 3 ==== mon_map magic: 0 ==== 205+0+0 (secure 0 0 0) 0x7ff2a80195a0 con 0x7ff2ac106ab0
2024-03-18T14:43:33.390 INFO:teuthology.orchestra.run.smithi076.stdout:/usr/bin/ceph: stderr
2024-03-18T14:43:32.357+0000 7ff2b432b700 1 -- 172.21.15.76:0/1817750573 --> [v2:172.21.15.76:3300/0,v1:172.21.15.76:6789/0] -- mon_subscribe({osdmap=0}) -- 0x7ff2ac19df90 con 0x7ff2ac106ab0
2024-03-18T14:43:33.390 INFO:teuthology.orchestra.run.smithi076.stdout:/usr/bin/ceph: stderr
2024-03-18T14:43:32.358+0000 7ff2a37fe700 1 -- 172.21.15.76:0/1817750573 <== mon.0 v2:172.21.15.76:3300/0 4 ==== mgrmap(e 4) ==== 46095+0+0 (secure 0 0 0) 0x7ff2a8019850 con 0x7ff2ac106ab0
2024-03-18T14:43:33.390 INFO:teuthology.orchestra.run.smithi076.stdout:/usr/bin/ceph: stderr
2024-03-18T14:43:32.358+0000 7ff2a37fe700 1 --2- 172.21.15.76:0/1817750573 >> [v2:172.21.15.76:6800/216126402,v1:172.21.15.76:6801/216126402] conn(0x7ff298038f20 0x7ff29803b3e0 unknown :-1 s=NONE pgs=0 cs=0 l=1 rev1=0 crypto rx=0 tx=0 comp rx=0 tx=0).connect
2024-03-18T14:43:33.390 INFO:teuthology.orchestra.run.smithi076.stdout:/usr/bin/ceph: stderr
2024-03-18T14:43:32.358+0000 7ff2b432b700 1 -- 172.21.15.76:0/1817750573 --> [v2:172.21.15.76:3300/0,v1:172.21.15.76:6789/0] -- mon_command({"prefix": "get_command_descriptions"} v 0) -- 0x7ff2ac063900 con 0x7ff2ac106ab0
2024-03-18T14:43:33.390 INFO:teuthology.orchestra.run.smithi076.stdout:/usr/bin/ceph: stderr
2024-03-18T14:43:32.358+0000 7ff2b18c6700 1 --2- 172.21.15.76:0/1817750573 >> [v2:172.21.15.76:6800/216126402,v1:172.21.15.76:6801/216126402] conn(0x7ff298038f20 0x7ff29803b3e0 unknown :-1 s=BANNER_CONNECTING pgs=0 cs=0 l=1 rev1=0 crypto rx=0 tx=0 comp rx=0 tx=0)._handle_peer_banner_payload supported=3 required=0
2024-03-18T14:43:33.390 INFO:teuthology.orchestra.run.smithi076.stdout:/usr/bin/ceph: stderr
2024-03-18T14:43:32.358+0000 7ff2a37fe700 1 -- 172.21.15.76:0/1817750573 <== mon.0 v2:172.21.15.76:3300/0 5 ==== osd_map(1..1 src has 1..1) ==== 725+0+0 (secure 0 0 0) 0x7ff2a8011e00 con 0x7ff2ac106ab0
2024-03-18T14:43:33.390 INFO:teuthology.orchestra.run.smithi076.stdout:/usr/bin/ceph: stderr
2024-03-18T14:43:32.359+0000 7ff2b18c6700 1 --2- 172.21.15.76:0/1817750573 >> [v2:172.21.15.76:6800/216126402,v1:172.21.15.76:6801/216126402] conn(0x7ff298038f20 0x7ff29803b3e0 secure :-1 s=READY pgs=8 cs=0 l=1 rev1=1 crypto rx=0x7ff29c006fd0 tx=0x7ff29c006e40 comp rx=0 tx=0).ready entity=mgr.14100 client_cookie=0 server_cookie=0 in_seq=0 out_seq=0
2024-03-18T14:43:33.390 INFO:teuthology.orchestra.run.smithi076.stdout:/usr/bin/ceph: stderr
2024-03-18T14:43:32.363+0000 7ff2a37fe700 1 -- 172.21.15.76:0/1817750573 <== mon.0 v2:172.21.15.76:3300/0 6 ==== mon_command_ack([{"prefix": "get_command_descriptions"}]=0 v0) ==== 72+0+186149 (secure 0 0 0) 0x7ff2a8003c90 con 0x7ff2ac106ab0
2024-03-18T14:43:33.390 INFO:teuthology.orchestra.run.smithi076.stdout:/usr/bin/ceph: stderr
2024-03-18T14:43:32.615+0000 7ff2b432b700 1 -- 172.21.15.76:0/1817750573 --> [v2:172.21.15.76:3300/0,v1:172.21.15.76:6789/0] -- mon_command({"prefix": "mgr module enable", "module": "cephadm"} v 0) -- 0x7ff2ac19e160 con 0x7ff2ac106ab0
2024-03-18T14:43:33.390 INFO:teuthology.orchestra.run.smithi076.stdout:/usr/bin/ceph: stderr
2024-03-18T14:43:32.863+0000 7ff2a37fe700 1 -- 172.21.15.76:0/1817750573 <== mon.0 v2:172.21.15.76:3300/0 7 ==== mon_command_ack([{"prefix": "mgr module enable", "module": "cephadm"}]=0 v5) ==== 86+0+0 (secure 0 0 0) 0x7ff2ac19e160 con 0x7ff2ac106ab0
2024-03-18T14:43:33.390 INFO:teuthology.orchestra.run.smithi076.stdout:/usr/bin/ceph: stderr
2024-03-18T14:43:32.864+0000 7ff2a37fe700 1 -- 172.21.15.76:0/1817750573 <== mon.0 v2:172.21.15.76:3300/0 8 ==== mgrmap(e 5) ==== 46106+0+0 (secure 0 0 0) 0x7ff2a800b430 con 0x7ff2ac106ab0
2024-03-18T14:43:33.391 INFO:teuthology.orchestra.run.smithi076.stdout:/usr/bin/ceph: stderr
2024-03-18T14:43:32.866+0000 7ff2b432b700 1 -- 172.21.15.76:0/1817750573 >> [v2:172.21.15.76:6800/216126402,v1:172.21.15.76:6801/216126402] conn(0x7ff298038f20 msgr2=0x7ff29803b3e0 secure :-1 s=STATE_CONNECTION_ESTABLISHED l=1).mark_down
2024-03-18T14:43:33.391 INFO:teuthology.orchestra.run.smithi076.stdout:/usr/bin/ceph: stderr
2024-03-18T14:43:32.866+0000 7ff2b432b700 1 --2- 172.21.15.76:0/1817750573 >> [v2:172.21.15.76:6800/216126402,v1:172.21.15.76:6801/216126402] conn(0x7ff298038f20 0x7ff29803b3e0 secure :-1 s=READY pgs=8 cs=0 l=1 rev1=1 crypto rx=0x7ff29c006fd0 tx=0x7ff29c006e40 comp rx=0 tx=0).stop
2024-03-18T14:43:33.391 INFO:teuthology.orchestra.run.smithi076.stdout:/usr/bin/ceph: stderr
2024-03-18T14:43:32.866+0000 7ff2b432b700 1 -- 172.21.15.76:0/1817750573 >> [v2:172.21.15.76:3300/0,v1:172.21.15.76:6789/0] conn(0x7ff2ac106ab0 msgr2=0x7ff2ac19aad0 secure :-1 s=STATE_CONNECTION_ESTABLISHED l=1).mark_down
2024-03-18T14:43:33.391 INFO:teuthology.orchestra.run.smithi076.stdout:/usr/bin/ceph: stderr
2024-03-18T14:43:32.866+0000 7ff2b432b700 1 --2- 172.21.15.76:0/1817750573 >> [v2:172.21.15.76:3300/0,v1:172.21.15.76:6789/0] conn(0x7ff2ac106ab0 0x7ff2ac19aad0 secure :-1 s=READY pgs=23 cs=0 l=1 rev1=1 crypto rx=0x7ff2a8011850 tx=0x7ff2a8011c10 comp rx=0 tx=0).stop
2024-03-18T14:43:33.391 INFO:teuthology.orchestra.run.smithi076.stdout:/usr/bin/ceph: stderr
2024-03-18T14:43:32.866+0000 7ff2b432b700 1 -- 172.21.15.76:0/1817750573 shutdown_connections
2024-03-18T14:43:33.391 INFO:teuthology.orchestra.run.smithi076.stdout:/usr/bin/ceph: stderr
2024-03-18T14:43:32.866+0000 7ff2b432b700 1 --2- 172.21.15.76:0/1817750573 >> [v2:172.21.15.76:6800/216126402,v1:172.21.15.76:6801/216126402] conn(0x7ff298038f20 0x7ff29803b3e0 unknown :-1 s=CLOSED pgs=8 cs=0 l=1 rev1=1 crypto rx=0 tx=0 comp rx=0 tx=0).stop
2024-03-18T14:43:33.391 INFO:teuthology.orchestra.run.smithi076.stdout:/usr/bin/ceph: stderr
2024-03-18T14:43:32.866+0000 7ff2b432b700 1 --2- 172.21.15.76:0/1817750573 >> [v2:172.21.15.76:3300/0,v1:172.21.15.76:6789/0] conn(0x7ff2ac106ab0 0x7ff2ac19aad0 unknown :-1 s=CLOSED pgs=23 cs=0 l=1 rev1=1 crypto rx=0 tx=0 comp rx=0 tx=0).stop
2024-03-18T14:43:33.391 INFO:teuthology.orchestra.run.smithi076.stdout:/usr/bin/ceph: stderr
2024-03-18T14:43:32.866+0000 7ff2b432b700 1 -- 172.21.15.76:0/1817750573 >> 172.21.15.76:0/1817750573 conn(0x7ff2ac102050 msgr2=0x7ff2ac102c00 unknown :-1 s=STATE_NONE l=0).mark_down
2024-03-18T14:43:33.391 INFO:teuthology.orchestra.run.smithi076.stdout:/usr/bin/ceph: stderr
2024-03-18T14:43:32.867+0000 7ff2b432b700 1 -- 172.21.15.76:0/1817750573 shutdown_connections
2024-03-18T14:43:33.391 INFO:teuthology.orchestra.run.smithi076.stdout:/usr/bin/ceph: stderr
2024-03-18T14:43:32.867+0000 7ff2b432b700 1 -- 172.21.15.76:0/1817750573 wait complete.
2024-03-18T14:43:33.692 INFO:journalctl@ceph.mgr.x.smithi076.stdout:Mar 18 14:43:33 smithi076 ceph-9cc83b72-e535-11ee-95c9-87774f69a715-mgr-x[32435]:
2024-03-18T14:43:33.439+0000 7f9b4765c200 -1 mgr[py] Module osd_perf_query has missing NOTIFY_TYPES member
2024-03-18T14:43:33.693 INFO:journalctl@ceph.mgr.x.smithi076.stdout:Mar 18 14:43:33 smithi076 ceph-9cc83b72-e535-11ee-95c9-87774f69a715-mgr-x[32435]:
2024-03-18T14:43:33.534+0000 7f9b4765c200 -1 mgr[py] Module snap_schedule has missing NOTIFY_TYPES member
2024-03-18T14:43:34.088 INFO:journalctl@ceph.mon.a.smithi076.stdout:Mar 18 14:43:33 smithi076 ceph-mon[32205]: from='client.? 172.21.15.76:0/1817750573' entity='client.admin' cmd='[{"prefix": "mgr module enable", "module": "cephadm"}]': finished
2024-03-18T14:43:34.088 INFO:journalctl@ceph.mon.a.smithi076.stdout:Mar 18 14:43:33 smithi076 ceph-mon[32205]: mgrmap e5: x(active, since 6s)
2024-03-18T14:43:34.412 INFO:journalctl@ceph.mgr.x.smithi076.stdout:Mar 18 14:43:34 smithi076 ceph-9cc83b72-e535-11ee-95c9-87774f69a715-mgr-x[32435]:
2024-03-18T14:43:34.205+0000 7f9b4765c200 -1 mgr[py] Module zabbix has missing NOTIFY_TYPES member
2024-03-18T14:43:34.412 INFO:journalctl@ceph.mgr.x.smithi076.stdout:Mar 18 14:43:34 smithi076 ceph-9cc83b72-e535-11ee-95c9-87774f69a715-mgr-x[32435]:
2024-03-18T14:43:34.299+0000 7f9b4765c200 -1 mgr[py] Module balancer has missing NOTIFY_TYPES member
2024-03-18T14:43:34.745 INFO:journalctl@ceph.mgr.x.smithi076.stdout:Mar 18 14:43:34 smithi076 ceph-9cc83b72-e535-11ee-95c9-87774f69a715-mgr-x[32435]:
2024-03-18T14:43:34.442+0000 7f9b4765c200 -1 mgr[py] Module influx has missing NOTIFY_TYPES member
2024-03-18T14:43:34.745 INFO:journalctl@ceph.mgr.x.smithi076.stdout:Mar 18 14:43:34 smithi076 ceph-9cc83b72-e535-11ee-95c9-87774f69a715-mgr-x[32435]:
2024-03-18T14:43:34.539+0000 7f9b4765c200 -1 mgr[py] Module alerts has missing NOTIFY_TYPES member
2024-03-18T14:43:34.745 INFO:journalctl@ceph.mgr.x.smithi076.stdout:Mar 18 14:43:34 smithi076 ceph-9cc83b72-e535-11ee-95c9-87774f69a715-mgr-x[32435]:
2024-03-18T14:43:34.623+0000 7f9b4765c200 -1 mgr[py] Module iostat has missing NOTIFY_TYPES member
2024-03-18T14:43:34.754 INFO:teuthology.orchestra.run.smithi076.stdout:/usr/bin/ceph: stdout {
2024-03-18T14:43:34.754 INFO:teuthology.orchestra.run.smithi076.stdout:/usr/bin/ceph: stdout "epoch": 5,
2024-03-18T14:43:34.754 INFO:teuthology.orchestra.run.smithi076.stdout:/usr/bin/ceph: stdout "available": true,
2024-03-18T14:43:34.754 INFO:teuthology.orchestra.run.smithi076.stdout:/usr/bin/ceph: stdout "active_name": "x",
2024-03-18T14:43:34.754 INFO:teuthology.orchestra.run.smithi076.stdout:/usr/bin/ceph: stdout "num_standby": 0
2024-03-18T14:43:34.754 INFO:teuthology.orchestra.run.smithi076.stdout:/usr/bin/ceph: stdout }
2024-03-18T14:43:34.754 INFO:teuthology.orchestra.run.smithi076.stdout:/usr/bin/ceph: stderr
2024-03-18T14:43:33.881+0000 7f124eb27700 1 Processor -- start
2024-03-18T14:43:34.755 INFO:teuthology.orchestra.run.smithi076.stdout:/usr/bin/ceph: stderr
2024-03-18T14:43:33.881+0000 7f124eb27700 1 -- start start
2024-03-18T14:43:34.755 INFO:teuthology.orchestra.run.smithi076.stdout:/usr/bin/ceph: stderr
2024-03-18T14:43:33.881+0000 7f124eb27700 1 --2- >> [v2:172.21.15.76:3300/0,v1:172.21.15.76:6789/0] conn(0x7f124807de80 0x7f124807c2e0 unknown :-1 s=NONE pgs=0 cs=0 l=0 rev1=0 crypto rx=0 tx=0 comp rx=0 tx=0).connect
2024-03-18T14:43:34.755 INFO:teuthology.orchestra.run.smithi076.stdout:/usr/bin/ceph: stderr
2024-03-18T14:43:33.881+0000 7f124eb27700 1 -- --> [v2:172.21.15.76:3300/0,v1:172.21.15.76:6789/0] -- mon_getmap magic: 0 -- 0x7f124807c8b0 con 0x7f124807de80
2024-03-18T14:43:34.755 INFO:teuthology.orchestra.run.smithi076.stdout:/usr/bin/ceph: stderr
2024-03-18T14:43:33.881+0000 7f124c8c3700 1 --2- >> [v2:172.21.15.76:3300/0,v1:172.21.15.76:6789/0] conn(0x7f124807de80 0x7f124807c2e0 unknown :-1 s=BANNER_CONNECTING pgs=0 cs=0 l=0 rev1=0 crypto rx=0 tx=0 comp rx=0 tx=0)._handle_peer_banner_payload supported=3 required=0
2024-03-18T14:43:34.755 INFO:teuthology.orchestra.run.smithi076.stdout:/usr/bin/ceph: stderr
2024-03-18T14:43:33.881+0000 7f124c8c3700 1 --2- >> [v2:172.21.15.76:3300/0,v1:172.21.15.76:6789/0] conn(0x7f124807de80 0x7f124807c2e0 unknown :-1 s=HELLO_CONNECTING pgs=0 cs=0 l=0 rev1=1 crypto rx=0 tx=0 comp rx=0 tx=0).handle_hello peer v2:172.21.15.76:3300/0 says I am v2:172.21.15.76:54376/0 (socket says 172.21.15.76:54376)
2024-03-18T14:43:34.755 INFO:teuthology.orchestra.run.smithi076.stdout:/usr/bin/ceph: stderr
2024-03-18T14:43:33.881+0000 7f124c8c3700 1 -- 172.21.15.76:0/4161780479 learned_addr learned my addr 172.21.15.76:0/4161780479 (peer_addr_for_me v2:172.21.15.76:0/0)
2024-03-18T14:43:34.755 INFO:teuthology.orchestra.run.smithi076.stdout:/usr/bin/ceph: stderr
2024-03-18T14:43:33.882+0000 7f124c8c3700 1 -- 172.21.15.76:0/4161780479 --> [v2:172.21.15.76:3300/0,v1:172.21.15.76:6789/0] -- mon_subscribe({config=0+,monmap=0+}) -- 0x7f124807ca30 con 0x7f124807de80
2024-03-18T14:43:34.755 INFO:teuthology.orchestra.run.smithi076.stdout:/usr/bin/ceph: stderr
2024-03-18T14:43:33.882+0000 7f124c8c3700 1 --2- 172.21.15.76:0/4161780479 >> [v2:172.21.15.76:3300/0,v1:172.21.15.76:6789/0] conn(0x7f124807de80 0x7f124807c2e0 secure :-1 s=READY pgs=26 cs=0 l=1 rev1=1 crypto rx=0x7f123c0098a0 tx=0x7f123c009bb0 comp rx=0 tx=0).ready entity=mon.0 client_cookie=22c89eeeb752a36b server_cookie=0 in_seq=0 out_seq=0
2024-03-18T14:43:34.755 INFO:teuthology.orchestra.run.smithi076.stdout:/usr/bin/ceph: stderr
2024-03-18T14:43:33.882+0000 7f12477fe700 1 -- 172.21.15.76:0/4161780479 <== mon.0 v2:172.21.15.76:3300/0 1 ==== mon_map magic: 0 ==== 205+0+0 (secure 0 0 0) 0x7f123c004160 con 0x7f124807de80
2024-03-18T14:43:34.755 INFO:teuthology.orchestra.run.smithi076.stdout:/usr/bin/ceph: stderr
2024-03-18T14:43:33.882+0000 7f12477fe700 1 -- 172.21.15.76:0/4161780479 <== mon.0 v2:172.21.15.76:3300/0 2 ==== config(27 keys) ==== 1109+0+0 (secure 0 0 0) 0x7f123c004300 con 0x7f124807de80
2024-03-18T14:43:34.755 INFO:teuthology.orchestra.run.smithi076.stdout:/usr/bin/ceph: stderr
2024-03-18T14:43:33.882+0000 7f12477fe700 1 -- 172.21.15.76:0/4161780479 <== mon.0 v2:172.21.15.76:3300/0 3 ==== mon_map magic: 0 ==== 205+0+0 (secure 0 0 0) 0x7f123c011b50 con 0x7f124807de80
2024-03-18T14:43:34.755 INFO:teuthology.orchestra.run.smithi076.stdout:/usr/bin/ceph: stderr
2024-03-18T14:43:33.883+0000 7f124eb27700 1 -- 172.21.15.76:0/4161780479 >> [v2:172.21.15.76:3300/0,v1:172.21.15.76:6789/0] conn(0x7f124807de80 msgr2=0x7f124807c2e0 secure :-1 s=STATE_CONNECTION_ESTABLISHED l=1).mark_down
2024-03-18T14:43:34.756 INFO:teuthology.orchestra.run.smithi076.stdout:/usr/bin/ceph: stderr
2024-03-18T14:43:33.883+0000 7f124eb27700 1 --2- 172.21.15.76:0/4161780479 >> [v2:172.21.15.76:3300/0,v1:172.21.15.76:6789/0] conn(0x7f124807de80 0x7f124807c2e0 secure :-1 s=READY pgs=26 cs=0 l=1 rev1=1 crypto rx=0x7f123c0098a0 tx=0x7f123c009bb0 comp rx=0 tx=0).stop
2024-03-18T14:43:34.756 INFO:teuthology.orchestra.run.smithi076.stdout:/usr/bin/ceph: stderr
2024-03-18T14:43:33.883+0000 7f124eb27700 1 -- 172.21.15.76:0/4161780479 shutdown_connections
2024-03-18T14:43:34.756 INFO:teuthology.orchestra.run.smithi076.stdout:/usr/bin/ceph: stderr
2024-03-18T14:43:33.883+0000 7f124eb27700 1 --2- 172.21.15.76:0/4161780479 >> [v2:172.21.15.76:3300/0,v1:172.21.15.76:6789/0] conn(0x7f124807de80 0x7f124807c2e0 unknown :-1 s=CLOSED pgs=26 cs=0 l=1 rev1=1 crypto rx=0 tx=0 comp rx=0 tx=0).stop
2024-03-18T14:43:34.756 INFO:teuthology.orchestra.run.smithi076.stdout:/usr/bin/ceph: stderr
2024-03-18T14:43:33.883+0000 7f124eb27700 1 -- 172.21.15.76:0/4161780479 >> 172.21.15.76:0/4161780479 conn(0x7f1248103100 msgr2=0x7f1248105560 unknown :-1 s=STATE_NONE l=0).mark_down
2024-03-18T14:43:34.756 INFO:teuthology.orchestra.run.smithi076.stdout:/usr/bin/ceph: stderr
2024-03-18T14:43:33.883+0000 7f124eb27700 1 -- 172.21.15.76:0/4161780479 shutdown_connections
2024-03-18T14:43:34.756 INFO:teuthology.orchestra.run.smithi076.stdout:/usr/bin/ceph: stderr
2024-03-18T14:43:33.883+0000 7f124eb27700 1 -- 172.21.15.76:0/4161780479 wait complete.
2024-03-18T14:43:34.756 INFO:teuthology.orchestra.run.smithi076.stdout:/usr/bin/ceph: stderr
2024-03-18T14:43:33.884+0000 7f124eb27700 1 Processor -- start
2024-03-18T14:43:34.756 INFO:teuthology.orchestra.run.smithi076.stdout:/usr/bin/ceph: stderr
2024-03-18T14:43:33.884+0000 7f124eb27700 1 -- start start
2024-03-18T14:43:34.756 INFO:teuthology.orchestra.run.smithi076.stdout:/usr/bin/ceph: stderr
2024-03-18T14:43:33.884+0000 7f124eb27700 1 --2- >> [v2:172.21.15.76:3300/0,v1:172.21.15.76:6789/0] conn(0x7f124807de80 0x7f124819dd30 unknown :-1 s=NONE pgs=0 cs=0 l=1 rev1=0 crypto rx=0 tx=0 comp rx=0 tx=0).connect
2024-03-18T14:43:34.756 INFO:teuthology.orchestra.run.smithi076.stdout:/usr/bin/ceph: stderr
2024-03-18T14:43:33.884+0000 7f124eb27700 1 -- --> [v2:172.21.15.76:3300/0,v1:172.21.15.76:6789/0] -- mon_getmap magic: 0 -- 0x7f124810e170 con 0x7f124807de80
2024-03-18T14:43:34.756 INFO:teuthology.orchestra.run.smithi076.stdout:/usr/bin/ceph: stderr
2024-03-18T14:43:33.884+0000 7f124c8c3700 1 --2- >> [v2:172.21.15.76:3300/0,v1:172.21.15.76:6789/0] conn(0x7f124807de80 0x7f124819dd30 unknown :-1 s=BANNER_CONNECTING pgs=0 cs=0 l=1 rev1=0 crypto rx=0 tx=0 comp rx=0 tx=0)._handle_peer_banner_payload supported=3 required=0
2024-03-18T14:43:34.756 INFO:teuthology.orchestra.run.smithi076.stdout:/usr/bin/ceph: stderr
2024-03-18T14:43:33.884+0000 7f124c8c3700 1 --2- >> [v2:172.21.15.76:3300/0,v1:172.21.15.76:6789/0] conn(0x7f124807de80 0x7f124819dd30 unknown :-1 s=HELLO_CONNECTING pgs=0 cs=0 l=1 rev1=1 crypto rx=0 tx=0 comp rx=0 tx=0).handle_hello peer v2:172.21.15.76:3300/0 says I am v2:172.21.15.76:54380/0 (socket says 172.21.15.76:54380)
2024-03-18T14:43:34.756 INFO:teuthology.orchestra.run.smithi076.stdout:/usr/bin/ceph: stderr
2024-03-18T14:43:33.884+0000 7f124c8c3700 1 -- 172.21.15.76:0/1396099656 learned_addr learned my addr 172.21.15.76:0/1396099656 (peer_addr_for_me v2:172.21.15.76:0/0)
2024-03-18T14:43:34.756 INFO:teuthology.orchestra.run.smithi076.stdout:/usr/bin/ceph: stderr
2024-03-18T14:43:33.884+0000 7f124c8c3700 1 -- 172.21.15.76:0/1396099656 --> [v2:172.21.15.76:3300/0,v1:172.21.15.76:6789/0] -- mon_subscribe({config=0+,monmap=0+}) -- 0x7f124819e270 con 0x7f124807de80
2024-03-18T14:43:34.757 INFO:teuthology.orchestra.run.smithi076.stdout:/usr/bin/ceph: stderr
2024-03-18T14:43:33.884+0000 7f124c8c3700 1 --2- 172.21.15.76:0/1396099656 >> [v2:172.21.15.76:3300/0,v1:172.21.15.76:6789/0] conn(0x7f124807de80 0x7f124819dd30 secure :-1 s=READY pgs=27 cs=0 l=1 rev1=1 crypto rx=0x7f123c011670 tx=0x7f123c011b60 comp rx=0 tx=0).ready entity=mon.0 client_cookie=0 server_cookie=0 in_seq=0 out_seq=0
2024-03-18T14:43:34.757 INFO:teuthology.orchestra.run.smithi076.stdout:/usr/bin/ceph: stderr
2024-03-18T14:43:33.885+0000 7f1245ffb700 1 -- 172.21.15.76:0/1396099656 <== mon.0 v2:172.21.15.76:3300/0 1 ==== mon_map magic: 0 ==== 205+0+0 (secure 0 0 0) 0x7f123c0039c0 con 0x7f124807de80
2024-03-18T14:43:34.757 INFO:teuthology.orchestra.run.smithi076.stdout:/usr/bin/ceph: stderr
2024-03-18T14:43:33.885+0000 7f1245ffb700 1 -- 172.21.15.76:0/1396099656 <== mon.0 v2:172.21.15.76:3300/0 2 ==== config(27 keys) ==== 1109+0+0 (secure 0 0 0) 0x7f123c011e50 con 0x7f124807de80
2024-03-18T14:43:34.757 INFO:teuthology.orchestra.run.smithi076.stdout:/usr/bin/ceph: stderr
2024-03-18T14:43:33.885+0000 7f1245ffb700 1 -- 172.21.15.76:0/1396099656 <== mon.0 v2:172.21.15.76:3300/0 3 ==== mon_map magic: 0 ==== 205+0+0 (secure 0 0 0) 0x7f123c01a5c0 con 0x7f124807de80
2024-03-18T14:43:34.757 INFO:teuthology.orchestra.run.smithi076.stdout:/usr/bin/ceph: stderr
2024-03-18T14:43:33.885+0000 7f124eb27700 1 -- 172.21.15.76:0/1396099656 --> [v2:172.21.15.76:3300/0,v1:172.21.15.76:6789/0] -- mon_subscribe({mgrmap=0+}) -- 0x7f124819e500 con 0x7f124807de80
2024-03-18T14:43:34.757 INFO:teuthology.orchestra.run.smithi076.stdout:/usr/bin/ceph: stderr
2024-03-18T14:43:33.885+0000 7f124eb27700 1 -- 172.21.15.76:0/1396099656 --> [v2:172.21.15.76:3300/0,v1:172.21.15.76:6789/0] -- mon_subscribe({osdmap=0}) -- 0x7f12481a11f0 con 0x7f124807de80
2024-03-18T14:43:34.757 INFO:teuthology.orchestra.run.smithi076.stdout:/usr/bin/ceph: stderr
2024-03-18T14:43:33.886+0000 7f124eb27700 1 -- 172.21.15.76:0/1396099656 --> [v2:172.21.15.76:3300/0,v1:172.21.15.76:6789/0] -- mon_command({"prefix": "get_command_descriptions"} v 0) -- 0x7f1248063900 con 0x7f124807de80
2024-03-18T14:43:34.757 INFO:teuthology.orchestra.run.smithi076.stdout:/usr/bin/ceph: stderr
2024-03-18T14:43:33.886+0000 7f1245ffb700 1 -- 172.21.15.76:0/1396099656 <== mon.0 v2:172.21.15.76:3300/0 4 ==== mgrmap(e 5) ==== 46106+0+0 (secure 0 0 0) 0x7f123c024430 con 0x7f124807de80
2024-03-18T14:43:34.757 INFO:teuthology.orchestra.run.smithi076.stdout:/usr/bin/ceph: stderr
2024-03-18T14:43:33.886+0000 7f1245ffb700 1 --2- 172.21.15.76:0/1396099656 >> [v2:172.21.15.76:6800/216126402,v1:172.21.15.76:6801/216126402] conn(0x7f1238038ed0 0x7f123803b390 unknown :-1 s=NONE pgs=0 cs=0 l=1 rev1=0 crypto rx=0 tx=0 comp rx=0 tx=0).connect
2024-03-18T14:43:34.757 INFO:teuthology.orchestra.run.smithi076.stdout:/usr/bin/ceph: stderr
2024-03-18T14:43:33.886+0000 7f1245ffb700 1 -- 172.21.15.76:0/1396099656 <== mon.0 v2:172.21.15.76:3300/0 5 ==== osd_map(1..1 src has 1..1) ==== 725+0+0 (secure 0 0 0) 0x7f123c04d1a0 con 0x7f124807de80
2024-03-18T14:43:34.757 INFO:teuthology.orchestra.run.smithi076.stdout:/usr/bin/ceph: stderr
2024-03-18T14:43:33.886+0000 7f1247fff700 1 -- 172.21.15.76:0/1396099656 >> [v2:172.21.15.76:6800/216126402,v1:172.21.15.76:6801/216126402] conn(0x7f1238038ed0 msgr2=0x7f123803b390 unknown :-1 s=STATE_CONNECTING_RE l=1).process reconnect failed to v2:172.21.15.76:6800/216126402
2024-03-18T14:43:34.757 INFO:teuthology.orchestra.run.smithi076.stdout:/usr/bin/ceph: stderr
2024-03-18T14:43:33.886+0000 7f1247fff700 1 --2- 172.21.15.76:0/1396099656 >> [v2:172.21.15.76:6800/216126402,v1:172.21.15.76:6801/216126402] conn(0x7f1238038ed0 0x7f123803b390 unknown :-1 s=START_CONNECT pgs=0 cs=0 l=1 rev1=0 crypto rx=0 tx=0 comp rx=0 tx=0)._fault waiting 0.200000
2024-03-18T14:43:34.757 INFO:teuthology.orchestra.run.smithi076.stdout:/usr/bin/ceph: stderr
2024-03-18T14:43:33.891+0000 7f1245ffb700 1 -- 172.21.15.76:0/1396099656 <== mon.0 v2:172.21.15.76:3300/0 6 ==== mon_command_ack([{"prefix": "get_command_descriptions"}]=0 v0) ==== 72+0+186149 (secure 0 0 0) 0x7f123c017ca0 con 0x7f124807de80
2024-03-18T14:43:34.757 INFO:teuthology.orchestra.run.smithi076.stdout:/usr/bin/ceph: stderr
2024-03-18T14:43:34.087+0000 7f1247fff700 1 -- 172.21.15.76:0/1396099656 >> [v2:172.21.15.76:6800/216126402,v1:172.21.15.76:6801/216126402] conn(0x7f1238038ed0 msgr2=0x7f123803b390 unknown :-1 s=STATE_CONNECTING_RE l=1).process reconnect failed to v2:172.21.15.76:6800/216126402
2024-03-18T14:43:34.758 INFO:teuthology.orchestra.run.smithi076.stdout:/usr/bin/ceph: stderr
2024-03-18T14:43:34.087+0000 7f1247fff700 1 --2- 172.21.15.76:0/1396099656 >> [v2:172.21.15.76:6800/216126402,v1:172.21.15.76:6801/216126402] conn(0x7f1238038ed0 0x7f123803b390 unknown :-1 s=START_CONNECT pgs=0 cs=0 l=1 rev1=0 crypto rx=0 tx=0 comp rx=0 tx=0)._fault waiting 0.400000
2024-03-18T14:43:34.758 INFO:teuthology.orchestra.run.smithi076.stdout:/usr/bin/ceph: stderr
2024-03-18T14:43:34.149+0000 7f124eb27700 1 -- 172.21.15.76:0/1396099656 --> [v2:172.21.15.76:3300/0,v1:172.21.15.76:6789/0] -- mon_command({"prefix": "mgr stat"} v 0) -- 0x7f12481a13c0 con 0x7f124807de80
2024-03-18T14:43:34.758 INFO:teuthology.orchestra.run.smithi076.stdout:/usr/bin/ceph: stderr
2024-03-18T14:43:34.149+0000 7f1245ffb700 1 -- 172.21.15.76:0/1396099656 <== mon.0 v2:172.21.15.76:3300/0 7 ==== mon_command_ack([{"prefix": "mgr stat"}]=0 v5) ==== 56+0+88 (secure 0 0 0) 0x7f12481a13c0 con 0x7f124807de80
2024-03-18T14:43:34.758 INFO:teuthology.orchestra.run.smithi076.stdout:/usr/bin/ceph: stderr
2024-03-18T14:43:34.151+0000 7f124eb27700 1 -- 172.21.15.76:0/1396099656 >> [v2:172.21.15.76:6800/216126402,v1:172.21.15.76:6801/216126402] conn(0x7f1238038ed0 msgr2=0x7f123803b390 unknown :-1 s=STATE_CONNECTING l=1).mark_down
2024-03-18T14:43:34.758 INFO:teuthology.orchestra.run.smithi076.stdout:/usr/bin/ceph: stderr
2024-03-18T14:43:34.151+0000 7f124eb27700 1 --2- 172.21.15.76:0/1396099656 >> [v2:172.21.15.76:6800/216126402,v1:172.21.15.76:6801/216126402] conn(0x7f1238038ed0 0x7f123803b390 unknown :-1 s=START_CONNECT pgs=0 cs=0 l=1 rev1=0 crypto rx=0 tx=0 comp rx=0 tx=0).stop
2024-03-18T14:43:34.758 INFO:teuthology.orchestra.run.smithi076.stdout:/usr/bin/ceph: stderr
2024-03-18T14:43:34.151+0000 7f124eb27700 1 -- 172.21.15.76:0/1396099656 >> [v2:172.21.15.76:3300/0,v1:172.21.15.76:6789/0] conn(0x7f124807de80 msgr2=0x7f124819dd30 secure :-1 s=STATE_CONNECTION_ESTABLISHED l=1).mark_down
2024-03-18T14:43:34.758 INFO:teuthology.orchestra.run.smithi076.stdout:/usr/bin/ceph: stderr
2024-03-18T14:43:34.151+0000 7f124eb27700 1 --2- 172.21.15.76:0/1396099656 >> [v2:172.21.15.76:3300/0,v1:172.21.15.76:6789/0] conn(0x7f124807de80 0x7f124819dd30 secure :-1 s=READY pgs=27 cs=0 l=1 rev1=1 crypto rx=0x7f123c011670 tx=0x7f123c011b60 comp rx=0 tx=0).stop
2024-03-18T14:43:34.758 INFO:teuthology.orchestra.run.smithi076.stdout:/usr/bin/ceph: stderr
2024-03-18T14:43:34.151+0000 7f124eb27700 1 -- 172.21.15.76:0/1396099656 shutdown_connections
2024-03-18T14:43:34.758 INFO:teuthology.orchestra.run.smithi076.stdout:/usr/bin/ceph: stderr
2024-03-18T14:43:34.151+0000 7f124eb27700 1 --2- 172.21.15.76:0/1396099656 >> [v2:172.21.15.76:6800/216126402,v1:172.21.15.76:6801/216126402] conn(0x7f1238038ed0 0x7f123803b390 unknown :-1 s=CLOSED pgs=0 cs=0 l=1 rev1=0 crypto rx=0 tx=0 comp rx=0 tx=0).stop
2024-03-18T14:43:34.758 INFO:teuthology.orchestra.run.smithi076.stdout:/usr/bin/ceph: stderr
2024-03-18T14:43:34.151+0000 7f124eb27700 1 --2- 172.21.15.76:0/1396099656 >> [v2:172.21.15.76:3300/0,v1:172.21.15.76:6789/0] conn(0x7f124807de80 0x7f124819dd30 unknown :-1 s=CLOSED pgs=27 cs=0 l=1 rev1=1 crypto rx=0 tx=0 comp rx=0 tx=0).stop
2024-03-18T14:43:34.758 INFO:teuthology.orchestra.run.smithi076.stdout:/usr/bin/ceph: stderr
2024-03-18T14:43:34.151+0000 7f124eb27700 1 -- 172.21.15.76:0/1396099656 >> 172.21.15.76:0/1396099656 conn(0x7f1248103100 msgr2=0x7f1248103c10 unknown :-1 s=STATE_NONE l=0).mark_down
2024-03-18T14:43:34.758 INFO:teuthology.orchestra.run.smithi076.stdout:/usr/bin/ceph: stderr
2024-03-18T14:43:34.151+0000 7f124eb27700 1 -- 172.21.15.76:0/1396099656 shutdown_connections
2024-03-18T14:43:34.758 INFO:teuthology.orchestra.run.smithi076.stdout:/usr/bin/ceph: stderr
2024-03-18T14:43:34.151+0000 7f124eb27700 1 -- 172.21.15.76:0/1396099656 wait complete.
2024-03-18T14:43:34.758 INFO:teuthology.orchestra.run.smithi076.stdout:Waiting for the mgr to restart...
2024-03-18T14:43:34.759 INFO:teuthology.orchestra.run.smithi076.stdout:Waiting for mgr epoch 5...
2024-03-18T14:43:34.997 INFO:journalctl@ceph.mon.a.smithi076.stdout:Mar 18 14:43:34 smithi076 ceph-mon[32205]: from='client.? 172.21.15.76:0/1396099656' entity='client.admin' cmd=[{"prefix": "mgr stat"}]: dispatch
2024-03-18T14:43:34.997 INFO:journalctl@ceph.mgr.x.smithi076.stdout:Mar 18 14:43:34 smithi076 ceph-9cc83b72-e535-11ee-95c9-87774f69a715-mgr-x[32435]:
2024-03-18T14:43:34.894+0000 7f9b4765c200 -1 mgr[py] Module rgw has missing NOTIFY_TYPES member
2024-03-18T14:43:35.373 INFO:journalctl@ceph.mgr.x.smithi076.stdout:Mar 18 14:43:35 smithi076 ceph-9cc83b72-e535-11ee-95c9-87774f69a715-mgr-x[32435]:
2024-03-18T14:43:35.007+0000 7f9b4765c200 -1 mgr[py] Module rbd_support has missing NOTIFY_TYPES member
