2024-03-18T14:44:00.389+0000 7f8f2fca7700 1 Processor -- start
2024-03-18T14:44:01.304 INFO:teuthology.orchestra.run.smithi076.stdout:/usr/bin/ceph: stderr
2024-03-18T14:44:00.389+0000 7f8f2fca7700 1 -- start start
2024-03-18T14:44:01.304 INFO:teuthology.orchestra.run.smithi076.stdout:/usr/bin/ceph: stderr
2024-03-18T14:44:00.389+0000 7f8f2fca7700 1 --2- >> [v2:172.21.15.76:3300/0,v1:172.21.15.76:6789/0] conn(0x7f8f28108620 0x7f8f2810aa10 unknown :-1 s=NONE pgs=0 cs=0 l=0 rev1=0 crypto rx=0 tx=0 comp rx=0 tx=0).connect
2024-03-18T14:44:01.304 INFO:teuthology.orchestra.run.smithi076.stdout:/usr/bin/ceph: stderr
2024-03-18T14:44:00.389+0000 7f8f2fca7700 1 -- --> [v2:172.21.15.76:3300/0,v1:172.21.15.76:6789/0] -- mon_getmap magic: 0 -- 0x7f8f2807bf10 con 0x7f8f28108620
2024-03-18T14:44:01.304 INFO:teuthology.orchestra.run.smithi076.stdout:/usr/bin/ceph: stderr
2024-03-18T14:44:00.390+0000 7f8f2da43700 1 --2- >> [v2:172.21.15.76:3300/0,v1:172.21.15.76:6789/0] conn(0x7f8f28108620 0x7f8f2810aa10 unknown :-1 s=BANNER_CONNECTING pgs=0 cs=0 l=0 rev1=0 crypto rx=0 tx=0 comp rx=0 tx=0)._handle_peer_banner_payload supported=3 required=0
2024-03-18T14:44:01.305 INFO:teuthology.orchestra.run.smithi076.stdout:/usr/bin/ceph: stderr
2024-03-18T14:44:00.390+0000 7f8f2da43700 1 --2- >> [v2:172.21.15.76:3300/0,v1:172.21.15.76:6789/0] conn(0x7f8f28108620 0x7f8f2810aa10 unknown :-1 s=HELLO_CONNECTING pgs=0 cs=0 l=0 rev1=1 crypto rx=0 tx=0 comp rx=0 tx=0).handle_hello peer v2:172.21.15.76:3300/0 says I am v2:172.21.15.76:48010/0 (socket says 172.21.15.76:48010)
2024-03-18T14:44:01.305 INFO:teuthology.orchestra.run.smithi076.stdout:/usr/bin/ceph: stderr
2024-03-18T14:44:00.390+0000 7f8f2da43700 1 -- 172.21.15.76:0/3525467245 learned_addr learned my addr 172.21.15.76:0/3525467245 (peer_addr_for_me v2:172.21.15.76:0/0)
2024-03-18T14:44:01.305 INFO:teuthology.orchestra.run.smithi076.stdout:/usr/bin/ceph: stderr
2024-03-18T14:44:00.390+0000 7f8f2da43700 1 -- 172.21.15.76:0/3525467245 --> [v2:172.21.15.76:3300/0,v1:172.21.15.76:6789/0] -- mon_subscribe({config=0+,monmap=0+}) -- 0x7f8f2810af50 con 0x7f8f28108620
2024-03-18T14:44:01.305 INFO:teuthology.orchestra.run.smithi076.stdout:/usr/bin/ceph: stderr
2024-03-18T14:44:00.390+0000 7f8f2da43700 1 --2- 172.21.15.76:0/3525467245 >> [v2:172.21.15.76:3300/0,v1:172.21.15.76:6789/0] conn(0x7f8f28108620 0x7f8f2810aa10 secure :-1 s=READY pgs=59 cs=0 l=1 rev1=1 crypto rx=0x7f8f180098a0 tx=0x7f8f18009bb0 comp rx=0 tx=0).ready entity=mon.0 client_cookie=dcae2d4b6b8a2d2d server_cookie=0 in_seq=0 out_seq=0
2024-03-18T14:44:01.305 INFO:teuthology.orchestra.run.smithi076.stdout:/usr/bin/ceph: stderr
2024-03-18T14:44:00.390+0000 7f8f2ca41700 1 -- 172.21.15.76:0/3525467245 <== mon.0 v2:172.21.15.76:3300/0 1 ==== mon_map magic: 0 ==== 205+0+0 (secure 0 0 0) 0x7f8f18004160 con 0x7f8f28108620
2024-03-18T14:44:01.305 INFO:teuthology.orchestra.run.smithi076.stdout:/usr/bin/ceph: stderr
2024-03-18T14:44:00.390+0000 7f8f2ca41700 1 -- 172.21.15.76:0/3525467245 <== mon.0 v2:172.21.15.76:3300/0 2 ==== config(27 keys) ==== 1140+0+0 (secure 0 0 0) 0x7f8f18004300 con 0x7f8f28108620
2024-03-18T14:44:01.305 INFO:teuthology.orchestra.run.smithi076.stdout:/usr/bin/ceph: stderr
2024-03-18T14:44:00.390+0000 7f8f2ca41700 1 -- 172.21.15.76:0/3525467245 <== mon.0 v2:172.21.15.76:3300/0 3 ==== mon_map magic: 0 ==== 205+0+0 (secure 0 0 0) 0x7f8f18011b20 con 0x7f8f28108620
2024-03-18T14:44:01.305 INFO:teuthology.orchestra.run.smithi076.stdout:/usr/bin/ceph: stderr
2024-03-18T14:44:00.391+0000 7f8f2fca7700 1 -- 172.21.15.76:0/3525467245 >> [v2:172.21.15.76:3300/0,v1:172.21.15.76:6789/0] conn(0x7f8f28108620 msgr2=0x7f8f2810aa10 secure :-1 s=STATE_CONNECTION_ESTABLISHED l=1).mark_down
2024-03-18T14:44:01.305 INFO:teuthology.orchestra.run.smithi076.stdout:/usr/bin/ceph: stderr
2024-03-18T14:44:00.391+0000 7f8f2fca7700 1 --2- 172.21.15.76:0/3525467245 >> [v2:172.21.15.76:3300/0,v1:172.21.15.76:6789/0] conn(0x7f8f28108620 0x7f8f2810aa10 secure :-1 s=READY pgs=59 cs=0 l=1 rev1=1 crypto rx=0x7f8f180098a0 tx=0x7f8f18009bb0 comp rx=0 tx=0).stop
2024-03-18T14:44:01.305 INFO:teuthology.orchestra.run.smithi076.stdout:/usr/bin/ceph: stderr
2024-03-18T14:44:00.391+0000 7f8f2fca7700 1 -- 172.21.15.76:0/3525467245 shutdown_connections
2024-03-18T14:44:01.305 INFO:teuthology.orchestra.run.smithi076.stdout:/usr/bin/ceph: stderr
2024-03-18T14:44:00.391+0000 7f8f2fca7700 1 --2- 172.21.15.76:0/3525467245 >> [v2:172.21.15.76:3300/0,v1:172.21.15.76:6789/0] conn(0x7f8f28108620 0x7f8f2810aa10 unknown :-1 s=CLOSED pgs=59 cs=0 l=1 rev1=1 crypto rx=0 tx=0 comp rx=0 tx=0).stop
2024-03-18T14:44:01.305 INFO:teuthology.orchestra.run.smithi076.stdout:/usr/bin/ceph: stderr
2024-03-18T14:44:00.391+0000 7f8f2fca7700 1 -- 172.21.15.76:0/3525467245 >> 172.21.15.76:0/3525467245 conn(0x7f8f28101ff0 msgr2=0x7f8f28104430 unknown :-1 s=STATE_NONE l=0).mark_down
2024-03-18T14:44:01.305 INFO:teuthology.orchestra.run.smithi076.stdout:/usr/bin/ceph: stderr
2024-03-18T14:44:00.391+0000 7f8f2fca7700 1 -- 172.21.15.76:0/3525467245 shutdown_connections
2024-03-18T14:44:01.306 INFO:teuthology.orchestra.run.smithi076.stdout:/usr/bin/ceph: stderr
2024-03-18T14:44:00.391+0000 7f8f2fca7700 1 -- 172.21.15.76:0/3525467245 wait complete.
2024-03-18T14:44:01.306 INFO:teuthology.orchestra.run.smithi076.stdout:/usr/bin/ceph: stderr
2024-03-18T14:44:00.392+0000 7f8f2fca7700 1 Processor -- start
2024-03-18T14:44:01.306 INFO:teuthology.orchestra.run.smithi076.stdout:/usr/bin/ceph: stderr
2024-03-18T14:44:00.392+0000 7f8f2fca7700 1 -- start start
2024-03-18T14:44:01.306 INFO:teuthology.orchestra.run.smithi076.stdout:/usr/bin/ceph: stderr
2024-03-18T14:44:00.392+0000 7f8f2fca7700 1 --2- >> [v2:172.21.15.76:3300/0,v1:172.21.15.76:6789/0] conn(0x7f8f28108620 0x7f8f2819bbf0 unknown :-1 s=NONE pgs=0 cs=0 l=1 rev1=0 crypto rx=0 tx=0 comp rx=0 tx=0).connect
2024-03-18T14:44:01.306 INFO:teuthology.orchestra.run.smithi076.stdout:/usr/bin/ceph: stderr
2024-03-18T14:44:00.392+0000 7f8f2fca7700 1 -- --> [v2:172.21.15.76:3300/0,v1:172.21.15.76:6789/0] -- mon_getmap magic: 0 -- 0x7f8f2810c070 con 0x7f8f28108620
2024-03-18T14:44:01.306 INFO:teuthology.orchestra.run.smithi076.stdout:/usr/bin/ceph: stderr
2024-03-18T14:44:00.392+0000 7f8f2da43700 1 --2- >> [v2:172.21.15.76:3300/0,v1:172.21.15.76:6789/0] conn(0x7f8f28108620 0x7f8f2819bbf0 unknown :-1 s=BANNER_CONNECTING pgs=0 cs=0 l=1 rev1=0 crypto rx=0 tx=0 comp rx=0 tx=0)._handle_peer_banner_payload supported=3 required=0
2024-03-18T14:44:01.306 INFO:teuthology.orchestra.run.smithi076.stdout:/usr/bin/ceph: stderr
2024-03-18T14:44:00.392+0000 7f8f2da43700 1 --2- >> [v2:172.21.15.76:3300/0,v1:172.21.15.76:6789/0] conn(0x7f8f28108620 0x7f8f2819bbf0 unknown :-1 s=HELLO_CONNECTING pgs=0 cs=0 l=1 rev1=1 crypto rx=0 tx=0 comp rx=0 tx=0).handle_hello peer v2:172.21.15.76:3300/0 says I am v2:172.21.15.76:48024/0 (socket says 172.21.15.76:48024)
2024-03-18T14:44:01.306 INFO:teuthology.orchestra.run.smithi076.stdout:/usr/bin/ceph: stderr
2024-03-18T14:44:00.392+0000 7f8f2da43700 1 -- 172.21.15.76:0/2096739662 learned_addr learned my addr 172.21.15.76:0/2096739662 (peer_addr_for_me v2:172.21.15.76:0/0)
2024-03-18T14:44:01.306 INFO:teuthology.orchestra.run.smithi076.stdout:/usr/bin/ceph: stderr
2024-03-18T14:44:00.392+0000 7f8f2da43700 1 -- 172.21.15.76:0/2096739662 --> [v2:172.21.15.76:3300/0,v1:172.21.15.76:6789/0] -- mon_subscribe({config=0+,monmap=0+}) -- 0x7f8f2819c130 con 0x7f8f28108620
2024-03-18T14:44:01.306 INFO:teuthology.orchestra.run.smithi076.stdout:/usr/bin/ceph: stderr
2024-03-18T14:44:00.393+0000 7f8f2da43700 1 --2- 172.21.15.76:0/2096739662 >> [v2:172.21.15.76:3300/0,v1:172.21.15.76:6789/0] conn(0x7f8f28108620 0x7f8f2819bbf0 secure :-1 s=READY pgs=60 cs=0 l=1 rev1=1 crypto rx=0x7f8f180116a0 tx=0x7f8f18011ba0 comp rx=0 tx=0).ready entity=mon.0 client_cookie=0 server_cookie=0 in_seq=0 out_seq=0
2024-03-18T14:44:01.306 INFO:teuthology.orchestra.run.smithi076.stdout:/usr/bin/ceph: stderr
2024-03-18T14:44:00.393+0000 7f8f1effd700 1 -- 172.21.15.76:0/2096739662 <== mon.0 v2:172.21.15.76:3300/0 1 ==== mon_map magic: 0 ==== 205+0+0 (secure 0 0 0) 0x7f8f18003a40 con 0x7f8f28108620
2024-03-18T14:44:01.306 INFO:teuthology.orchestra.run.smithi076.stdout:/usr/bin/ceph: stderr
2024-03-18T14:44:00.393+0000 7f8f1effd700 1 -- 172.21.15.76:0/2096739662 <== mon.0 v2:172.21.15.76:3300/0 2 ==== config(27 keys) ==== 1140+0+0 (secure 0 0 0) 0x7f8f18003be0 con 0x7f8f28108620
2024-03-18T14:44:01.307 INFO:teuthology.orchestra.run.smithi076.stdout:/usr/bin/ceph: stderr
2024-03-18T14:44:00.393+0000 7f8f1effd700 1 -- 172.21.15.76:0/2096739662 <== mon.0 v2:172.21.15.76:3300/0 3 ==== mon_map magic: 0 ==== 205+0+0 (secure 0 0 0) 0x7f8f1801a750 con 0x7f8f28108620
2024-03-18T14:44:01.307 INFO:teuthology.orchestra.run.smithi076.stdout:/usr/bin/ceph: stderr
2024-03-18T14:44:00.393+0000 7f8f2fca7700 1 -- 172.21.15.76:0/2096739662 --> [v2:172.21.15.76:3300/0,v1:172.21.15.76:6789/0] -- mon_subscribe({mgrmap=0+}) -- 0x7f8f2819c3c0 con 0x7f8f28108620
2024-03-18T14:44:01.307 INFO:teuthology.orchestra.run.smithi076.stdout:/usr/bin/ceph: stderr
2024-03-18T14:44:00.393+0000 7f8f2fca7700 1 -- 172.21.15.76:0/2096739662 --> [v2:172.21.15.76:3300/0,v1:172.21.15.76:6789/0] -- mon_subscribe({osdmap=0}) -- 0x7f8f2819c820 con 0x7f8f28108620
2024-03-18T14:44:01.307 INFO:teuthology.orchestra.run.smithi076.stdout:/usr/bin/ceph: stderr
2024-03-18T14:44:00.394+0000 7f8f1effd700 1 -- 172.21.15.76:0/2096739662 <== mon.0 v2:172.21.15.76:3300/0 4 ==== mgrmap(e 9) ==== 46119+0+0 (secure 0 0 0) 0x7f8f1801aa00 con 0x7f8f28108620
2024-03-18T14:44:01.307 INFO:teuthology.orchestra.run.smithi076.stdout:/usr/bin/ceph: stderr
2024-03-18T14:44:00.394+0000 7f8f2fca7700 1 -- 172.21.15.76:0/2096739662 --> [v2:172.21.15.76:3300/0,v1:172.21.15.76:6789/0] -- mon_command({"prefix": "get_command_descriptions"} v 0) -- 0x7f8f28063900 con 0x7f8f28108620
2024-03-18T14:44:01.307 INFO:teuthology.orchestra.run.smithi076.stdout:/usr/bin/ceph: stderr
2024-03-18T14:44:00.394+0000 7f8f1effd700 1 --2- 172.21.15.76:0/2096739662 >> [v2:172.21.15.76:6800/3054039863,v1:172.21.15.76:6801/3054039863] conn(0x7f8f14038f80 0x7f8f1403b440 unknown :-1 s=NONE pgs=0 cs=0 l=1 rev1=0 crypto rx=0 tx=0 comp rx=0 tx=0).connect
2024-03-18T14:44:01.307 INFO:teuthology.orchestra.run.smithi076.stdout:/usr/bin/ceph: stderr
2024-03-18T14:44:00.394+0000 7f8f1effd700 1 -- 172.21.15.76:0/2096739662 <== mon.0 v2:172.21.15.76:3300/0 5 ==== osd_map(2..2 src has 1..2) ==== 940+0+0 (secure 0 0 0) 0x7f8f1804d6e0 con 0x7f8f28108620
2024-03-18T14:44:01.307 INFO:teuthology.orchestra.run.smithi076.stdout:/usr/bin/ceph: stderr
2024-03-18T14:44:00.394+0000 7f8f2d242700 1 -- 172.21.15.76:0/2096739662 >> [v2:172.21.15.76:6800/3054039863,v1:172.21.15.76:6801/3054039863] conn(0x7f8f14038f80 msgr2=0x7f8f1403b440 unknown :-1 s=STATE_CONNECTING_RE l=1).process reconnect failed to v2:172.21.15.76:6800/3054039863
2024-03-18T14:44:01.307 INFO:teuthology.orchestra.run.smithi076.stdout:/usr/bin/ceph: stderr
2024-03-18T14:44:00.394+0000 7f8f2d242700 1 --2- 172.21.15.76:0/2096739662 >> [v2:172.21.15.76:6800/3054039863,v1:172.21.15.76:6801/3054039863] conn(0x7f8f14038f80 0x7f8f1403b440 unknown :-1 s=START_CONNECT pgs=0 cs=0 l=1 rev1=0 crypto rx=0 tx=0 comp rx=0 tx=0)._fault waiting 0.200000
2024-03-18T14:44:01.307 INFO:teuthology.orchestra.run.smithi076.stdout:/usr/bin/ceph: stderr
2024-03-18T14:44:00.403+0000 7f8f1effd700 1 -- 172.21.15.76:0/2096739662 <== mon.0 v2:172.21.15.76:3300/0 6 ==== mon_command_ack([{"prefix": "get_command_descriptions"}]=0 v0) ==== 72+0+186149 (secure 0 0 0) 0x7f8f18011e20 con 0x7f8f28108620
2024-03-18T14:44:01.307 INFO:teuthology.orchestra.run.smithi076.stdout:/usr/bin/ceph: stderr
2024-03-18T14:44:00.595+0000 7f8f2d242700 1 -- 172.21.15.76:0/2096739662 >> [v2:172.21.15.76:6800/3054039863,v1:172.21.15.76:6801/3054039863] conn(0x7f8f14038f80 msgr2=0x7f8f1403b440 unknown :-1 s=STATE_CONNECTING_RE l=1).process reconnect failed to v2:172.21.15.76:6800/3054039863
2024-03-18T14:44:01.307 INFO:teuthology.orchestra.run.smithi076.stdout:/usr/bin/ceph: stderr
2024-03-18T14:44:00.595+0000 7f8f2d242700 1 --2- 172.21.15.76:0/2096739662 >> [v2:172.21.15.76:6800/3054039863,v1:172.21.15.76:6801/3054039863] conn(0x7f8f14038f80 0x7f8f1403b440 unknown :-1 s=START_CONNECT pgs=0 cs=0 l=1 rev1=0 crypto rx=0 tx=0 comp rx=0 tx=0)._fault waiting 0.400000
2024-03-18T14:44:01.307 INFO:teuthology.orchestra.run.smithi076.stdout:/usr/bin/ceph: stderr
2024-03-18T14:44:00.665+0000 7f8f2fca7700 1 -- 172.21.15.76:0/2096739662 --> [v2:172.21.15.76:3300/0,v1:172.21.15.76:6789/0] -- mon_command({"prefix": "mgr stat"} v 0) -- 0x7f8f2819f0b0 con 0x7f8f28108620
2024-03-18T14:44:01.308 INFO:teuthology.orchestra.run.smithi076.stdout:/usr/bin/ceph: stderr
2024-03-18T14:44:00.665+0000 7f8f1effd700 1 -- 172.21.15.76:0/2096739662 <== mon.0 v2:172.21.15.76:3300/0 7 ==== mon_command_ack([{"prefix": "mgr stat"}]=0 v9) ==== 56+0+88 (secure 0 0 0) 0x7f8f2819f0b0 con 0x7f8f28108620
2024-03-18T14:44:01.308 INFO:teuthology.orchestra.run.smithi076.stdout:/usr/bin/ceph: stderr
2024-03-18T14:44:00.667+0000 7f8f2fca7700 1 -- 172.21.15.76:0/2096739662 >> [v2:172.21.15.76:6800/3054039863,v1:172.21.15.76:6801/3054039863] conn(0x7f8f14038f80 msgr2=0x7f8f1403b440 unknown :-1 s=STATE_CONNECTING l=1).mark_down
2024-03-18T14:44:01.308 INFO:teuthology.orchestra.run.smithi076.stdout:/usr/bin/ceph: stderr
2024-03-18T14:44:00.667+0000 7f8f2fca7700 1 --2- 172.21.15.76:0/2096739662 >> [v2:172.21.15.76:6800/3054039863,v1:172.21.15.76:6801/3054039863] conn(0x7f8f14038f80 0x7f8f1403b440 unknown :-1 s=START_CONNECT pgs=0 cs=0 l=1 rev1=0 crypto rx=0 tx=0 comp rx=0 tx=0).stop
2024-03-18T14:44:01.308 INFO:teuthology.orchestra.run.smithi076.stdout:/usr/bin/ceph: stderr
2024-03-18T14:44:00.667+0000 7f8f2fca7700 1 -- 172.21.15.76:0/2096739662 >> [v2:172.21.15.76:3300/0,v1:172.21.15.76:6789/0] conn(0x7f8f28108620 msgr2=0x7f8f2819bbf0 secure :-1 s=STATE_CONNECTION_ESTABLISHED l=1).mark_down
2024-03-18T14:44:01.308 INFO:teuthology.orchestra.run.smithi076.stdout:/usr/bin/ceph: stderr
2024-03-18T14:44:00.667+0000 7f8f2fca7700 1 --2- 172.21.15.76:0/2096739662 >> [v2:172.21.15.76:3300/0,v1:172.21.15.76:6789/0] conn(0x7f8f28108620 0x7f8f2819bbf0 secure :-1 s=READY pgs=60 cs=0 l=1 rev1=1 crypto rx=0x7f8f180116a0 tx=0x7f8f18011ba0 comp rx=0 tx=0).stop
2024-03-18T14:44:01.308 INFO:teuthology.orchestra.run.smithi076.stdout:/usr/bin/ceph: stderr
2024-03-18T14:44:00.667+0000 7f8f2fca7700 1 -- 172.21.15.76:0/2096739662 shutdown_connections
2024-03-18T14:44:01.308 INFO:teuthology.orchestra.run.smithi076.stdout:/usr/bin/ceph: stderr
2024-03-18T14:44:00.667+0000 7f8f2fca7700 1 --2- 172.21.15.76:0/2096739662 >> [v2:172.21.15.76:6800/3054039863,v1:172.21.15.76:6801/3054039863] conn(0x7f8f14038f80 0x7f8f1403b440 unknown :-1 s=CLOSED pgs=0 cs=0 l=1 rev1=0 crypto rx=0 tx=0 comp rx=0 tx=0).stop
2024-03-18T14:44:01.308 INFO:teuthology.orchestra.run.smithi076.stdout:/usr/bin/ceph: stderr
2024-03-18T14:44:00.667+0000 7f8f2fca7700 1 --2- 172.21.15.76:0/2096739662 >> [v2:172.21.15.76:3300/0,v1:172.21.15.76:6789/0] conn(0x7f8f28108620 0x7f8f2819bbf0 unknown :-1 s=CLOSED pgs=60 cs=0 l=1 rev1=1 crypto rx=0 tx=0 comp rx=0 tx=0).stop
2024-03-18T14:44:01.308 INFO:teuthology.orchestra.run.smithi076.stdout:/usr/bin/ceph: stderr
2024-03-18T14:44:00.667+0000 7f8f2fca7700 1 -- 172.21.15.76:0/2096739662 >> 172.21.15.76:0/2096739662 conn(0x7f8f28101ff0 msgr2=0x7f8f28102b30 unknown :-1 s=STATE_NONE l=0).mark_down
2024-03-18T14:44:01.308 INFO:teuthology.orchestra.run.smithi076.stdout:/usr/bin/ceph: stderr
2024-03-18T14:44:00.667+0000 7f8f2fca7700 1 -- 172.21.15.76:0/2096739662 shutdown_connections
2024-03-18T14:44:01.308 INFO:teuthology.orchestra.run.smithi076.stdout:/usr/bin/ceph: stderr
2024-03-18T14:44:00.667+0000 7f8f2fca7700 1 -- 172.21.15.76:0/2096739662 wait complete.
2024-03-18T14:44:01.308 INFO:teuthology.orchestra.run.smithi076.stdout:Waiting for the mgr to restart...
2024-03-18T14:44:01.308 INFO:teuthology.orchestra.run.smithi076.stdout:Waiting for mgr epoch 9...
2024-03-18T14:44:01.549 INFO:journalctl@ceph.mon.a.smithi076.stdout:Mar 18 14:44:01 smithi076 ceph-mon[32205]: from='client.? 172.21.15.76:0/2096739662' entity='client.admin' cmd=[{"prefix": "mgr stat"}]: dispatch
2024-03-18T14:44:01.550 INFO:journalctl@ceph.mgr.x.smithi076.stdout:Mar 18 14:44:01 smithi076 ceph-9cc83b72-e535-11ee-95c9-87774f69a715-mgr-x[32435]:
2024-03-18T14:44:01.387+0000 7fa6bd21d200 -1 mgr[py] Module rgw has missing NOTIFY_TYPES member
2024-03-18T14:44:01.550 INFO:journalctl@ceph.mgr.x.smithi076.stdout:Mar 18 14:44:01 smithi076 ceph-9cc83b72-e535-11ee-95c9-87774f69a715-mgr-x[32435]:
2024-03-18T14:44:01.499+0000 7fa6bd21d200 -1 mgr[py] Module rbd_support has missing NOTIFY_TYPES member
2024-03-18T14:44:01.867 INFO:journalctl@ceph.mgr.x.smithi076.stdout:Mar 18 14:44:01 smithi076 ceph-9cc83b72-e535-11ee-95c9-87774f69a715-mgr-x[32435]:
2024-03-18T14:44:01.588+0000 7fa6bd21d200 -1 mgr[py] Module progress has missing NOTIFY_TYPES member
2024-03-18T14:44:01.867 INFO:journalctl@ceph.mgr.x.smithi076.stdout:Mar 18 14:44:01 smithi076 ceph-9cc83b72-e535-11ee-95c9-87774f69a715-mgr-x[32435]:
2024-03-18T14:44:01.687+0000 7fa6bd21d200 -1 mgr[py] Module pg_autoscaler has missing NOTIFY_TYPES member
2024-03-18T14:44:01.867 INFO:journalctl@ceph.mgr.x.smithi076.stdout:Mar 18 14:44:01 smithi076 ceph-9cc83b72-e535-11ee-95c9-87774f69a715-mgr-x[32435]:
2024-03-18T14:44:01.865+0000 7fa6bd21d200 -1 mgr[py] Module devicehealth has missing NOTIFY_TYPES member
2024-03-18T14:44:03.155 INFO:journalctl@ceph.mgr.x.smithi076.stdout:Mar 18 14:44:02 smithi076 ceph-9cc83b72-e535-11ee-95c9-87774f69a715-mgr-x[32435]:
2024-03-18T14:44:02.823+0000 7fa6bd21d200 -1 mgr[py] Module rook has missing NOTIFY_TYPES member
2024-03-18T14:44:03.156 INFO:journalctl@ceph.mgr.x.smithi076.stdout:Mar 18 14:44:02 smithi076 ceph-9cc83b72-e535-11ee-95c9-87774f69a715-mgr-x[32435]:
2024-03-18T14:44:02.953+0000 7fa6bd21d200 -1 mgr[py] Module diskprediction_local has missing NOTIFY_TYPES member
2024-03-18T14:44:03.412 INFO:journalctl@ceph.mgr.x.smithi076.stdout:Mar 18 14:44:03 smithi076 ceph-9cc83b72-e535-11ee-95c9-87774f69a715-mgr-x[32435]:
2024-03-18T14:44:03.285+0000 7fa6bd21d200 -1 mgr[py] Module selftest has missing NOTIFY_TYPES member
2024-03-18T14:44:03.412 INFO:journalctl@ceph.mgr.x.smithi076.stdout:Mar 18 14:44:03 smithi076 ceph-9cc83b72-e535-11ee-95c9-87774f69a715-mgr-x[32435]:
2024-03-18T14:44:03.377+0000 7fa6bd21d200 -1 mgr[py] Module telegraf has missing NOTIFY_TYPES member
2024-03-18T14:44:03.911 INFO:journalctl@ceph.mgr.x.smithi076.stdout:Mar 18 14:44:03 smithi076 ceph-9cc83b72-e535-11ee-95c9-87774f69a715-mgr-x[32435]:
2024-03-18T14:44:03.576+0000 7fa6bd21d200 -1 mgr[py] Module test_orchestrator has missing NOTIFY_TYPES member
2024-03-18T14:44:03.912 INFO:journalctl@ceph.mgr.x.smithi076.stdout:Mar 18 14:44:03 smithi076 ceph-9cc83b72-e535-11ee-95c9-87774f69a715-mgr-x[32435]:
2024-03-18T14:44:03.768+0000 7fa6bd21d200 -1 mgr[py] Module crash has missing NOTIFY_TYPES member
2024-03-18T14:44:04.315 INFO:journalctl@ceph.mgr.x.smithi076.stdout:Mar 18 14:44:04 smithi076 ceph-9cc83b72-e535-11ee-95c9-87774f69a715-mgr-x[32435]:
2024-03-18T14:44:04.055+0000 7fa6bd21d200 -1 mgr[py] Module orchestrator has missing NOTIFY_TYPES member
2024-03-18T14:44:04.315 INFO:journalctl@ceph.mgr.x.smithi076.stdout:Mar 18 14:44:04 smithi076 ceph-9cc83b72-e535-11ee-95c9-87774f69a715-mgr-x[32435]:
2024-03-18T14:44:04.313+0000 7fa6bd21d200 -1 mgr[py] Module osd_support has missing NOTIFY_TYPES member
2024-03-18T14:44:04.662 INFO:journalctl@ceph.mgr.x.smithi076.stdout:Mar 18 14:44:04 smithi076 ceph-9cc83b72-e535-11ee-95c9-87774f69a715-mgr-x[32435]:
2024-03-18T14:44:04.550+0000 7fa6bd21d200 -1 mgr[py] Module volumes has missing NOTIFY_TYPES member
2024-03-18T14:44:05.661 INFO:journalctl@ceph.mgr.x.smithi076.stdout:Mar 18 14:44:05 smithi076 ceph-9cc83b72-e535-11ee-95c9-87774f69a715-mgr-x[32435]:
2024-03-18T14:44:05.354+0000 7fa6bd21d200 -1 mgr[py] Module telemetry has missing NOTIFY_TYPES member
2024-03-18T14:44:06.240 INFO:journalctl@ceph.mgr.x.smithi076.stdout:Mar 18 14:44:05 smithi076 ceph-9cc83b72-e535-11ee-95c9-87774f69a715-mgr-x[32435]:
2024-03-18T14:44:05.921+0000 7fa6bd21d200 -1 mgr[py] Module prometheus has missing NOTIFY_TYPES member
2024-03-18T14:44:06.240 INFO:journalctl@ceph.mgr.x.smithi076.stdout:Mar 18 14:44:06 smithi076 ceph-9cc83b72-e535-11ee-95c9-87774f69a715-mgr-x[32435]:
2024-03-18T14:44:06.020+0000 7fa6bd21d200 -1 mgr[py] Module status has missing NOTIFY_TYPES member
2024-03-18T14:44:06.240 INFO:journalctl@ceph.mgr.x.smithi076.stdout:Mar 18 14:44:06 smithi076 ceph-9cc83b72-e535-11ee-95c9-87774f69a715-mgr-x[32435]:
2024-03-18T14:44:06.238+0000 7fa6bd21d200 -1 mgr[py] Module nfs has missing NOTIFY_TYPES member
2024-03-18T14:44:06.662 INFO:journalctl@ceph.mon.a.smithi076.stdout:Mar 18 14:44:06 smithi076 ceph-mon[32205]: Active manager daemon x restarted
2024-03-18T14:44:06.662 INFO:journalctl@ceph.mon.a.smithi076.stdout:Mar 18 14:44:06 smithi076 ceph-mon[32205]: Activating manager daemon x
2024-03-18T14:44:06.662 INFO:journalctl@ceph.mon.a.smithi076.stdout:Mar 18 14:44:06 smithi076 ceph-mon[32205]: osdmap e3: 0 total, 0 up, 0 in
2024-03-18T14:44:06.662 INFO:journalctl@ceph.mon.a.smithi076.stdout:Mar 18 14:44:06 smithi076 ceph-mon[32205]: mgrmap e10: x(active, starting, since 0.0034932s)
2024-03-18T14:44:06.662 INFO:journalctl@ceph.mon.a.smithi076.stdout:Mar 18 14:44:06 smithi076 ceph-mon[32205]: from='mgr.14152 172.21.15.76:0/1689095628' entity='mgr.x' cmd=[{"prefix": "mon metadata", "id": "a"}]: dispatch
2024-03-18T14:44:06.662 INFO:journalctl@ceph.mon.a.smithi076.stdout:Mar 18 14:44:06 smithi076 ceph-mon[32205]: from='mgr.14152 172.21.15.76:0/1689095628' entity='mgr.x' cmd=[{"prefix": "mgr metadata", "who": "x", "id": "x"}]: dispatch
2024-03-18T14:44:06.662 INFO:journalctl@ceph.mon.a.smithi076.stdout:Mar 18 14:44:06 smithi076 ceph-mon[32205]: from='mgr.14152 172.21.15.76:0/1689095628' entity='mgr.x' cmd=[{"prefix": "mds metadata"}]: dispatch
2024-03-18T14:44:06.662 INFO:journalctl@ceph.mon.a.smithi076.stdout:Mar 18 14:44:06 smithi076 ceph-mon[32205]: from='mgr.14152 172.21.15.76:0/1689095628' entity='mgr.x' cmd=[{"prefix": "osd metadata"}]: dispatch
2024-03-18T14:44:06.662 INFO:journalctl@ceph.mon.a.smithi076.stdout:Mar 18 14:44:06 smithi076 ceph-mon[32205]: from='mgr.14152 172.21.15.76:0/1689095628' entity='mgr.x' cmd=[{"prefix": "mon metadata"}]: dispatch
2024-03-18T14:44:06.662 INFO:journalctl@ceph.mon.a.smithi076.stdout:Mar 18 14:44:06 smithi076 ceph-mon[32205]: Manager daemon x is now available
2024-03-18T14:44:06.662 INFO:journalctl@ceph.mon.a.smithi076.stdout:Mar 18 14:44:06 smithi076 ceph-mon[32205]: from='mgr.14152 172.21.15.76:0/1689095628' entity='mgr.x' cmd=[{"prefix": "config dump", "format": "json"}]: dispatch
2024-03-18T14:44:06.663 INFO:journalctl@ceph.mon.a.smithi076.stdout:Mar 18 14:44:06 smithi076 ceph-mon[32205]: from='mgr.14152 172.21.15.76:0/1689095628' entity='mgr.x' cmd=[{"prefix": "config dump", "format": "json"}]: dispatch
2024-03-18T14:44:07.412 INFO:journalctl@ceph.mon.a.smithi076.stdout:Mar 18 14:44:07 smithi076 ceph-mon[32205]: from='mgr.14152 172.21.15.76:0/1689095628' entity='mgr.x' cmd=[{"prefix":"config rm","who":"mgr","name":"mgr/rbd_support/x/mirror_snapshot_schedule"}]: dispatch
2024-03-18T14:44:07.412 INFO:journalctl@ceph.mon.a.smithi076.stdout:Mar 18 14:44:07 smithi076 ceph-mon[32205]: from='mgr.14152 172.21.15.76:0/1689095628' entity='mgr.x' cmd=[{"prefix":"config rm","who":"mgr","name":"mgr/rbd_support/x/trash_purge_schedule"}]: dispatch
2024-03-18T14:44:07.412 INFO:journalctl@ceph.mon.a.smithi076.stdout:Mar 18 14:44:07 smithi076 ceph-mon[32205]: mgrmap e11: x(active, since 1.0067s)
2024-03-18T14:44:08.147 INFO:teuthology.orchestra.run.smithi076.stdout:/usr/bin/ceph: stdout {
2024-03-18T14:44:08.147 INFO:teuthology.orchestra.run.smithi076.stdout:/usr/bin/ceph: stdout "mgrmap_epoch": 11,
2024-03-18T14:44:08.148 INFO:teuthology.orchestra.run.smithi076.stdout:/usr/bin/ceph: stdout "initialized": true
2024-03-18T14:44:08.148 INFO:teuthology.orchestra.run.smithi076.stdout:/usr/bin/ceph: stdout }
2024-03-18T14:44:08.148 INFO:teuthology.orchestra.run.smithi076.stdout:/usr/bin/ceph: stderr
2024-03-18T14:44:01.747+0000 7f10f9a7c700 1 Processor -- start
2024-03-18T14:44:08.148 INFO:teuthology.orchestra.run.smithi076.stdout:/usr/bin/ceph: stderr
2024-03-18T14:44:01.747+0000 7f10f9a7c700 1 -- start start
2024-03-18T14:44:08.148 INFO:teuthology.orchestra.run.smithi076.stdout:/usr/bin/ceph: stderr
2024-03-18T14:44:01.747+0000 7f10f9a7c700 1 --2- >> [v2:172.21.15.76:3300/0,v1:172.21.15.76:6789/0] conn(0x7f10f41064a0 0x7f10f41068c0 unknown :-1 s=NONE pgs=0 cs=0 l=0 rev1=0 crypto rx=0 tx=0 comp rx=0 tx=0).connect
2024-03-18T14:44:08.148 INFO:teuthology.orchestra.run.smithi076.stdout:/usr/bin/ceph: stderr
2024-03-18T14:44:01.747+0000 7f10f9a7c700 1 -- --> [v2:172.21.15.76:3300/0,v1:172.21.15.76:6789/0] -- mon_getmap magic: 0 -- 0x7f10f407bed0 con 0x7f10f41064a0
2024-03-18T14:44:08.148 INFO:teuthology.orchestra.run.smithi076.stdout:/usr/bin/ceph: stderr
2024-03-18T14:44:01.747+0000 7f10f37fe700 1 --2- >> [v2:172.21.15.76:3300/0,v1:172.21.15.76:6789/0] conn(0x7f10f41064a0 0x7f10f41068c0 unknown :-1 s=BANNER_CONNECTING pgs=0 cs=0 l=0 rev1=0 crypto rx=0 tx=0 comp rx=0 tx=0)._handle_peer_banner_payload supported=3 required=0
2024-03-18T14:44:08.148 INFO:teuthology.orchestra.run.smithi076.stdout:/usr/bin/ceph: stderr
2024-03-18T14:44:01.747+0000 7f10f37fe700 1 --2- >> [v2:172.21.15.76:3300/0,v1:172.21.15.76:6789/0] conn(0x7f10f41064a0 0x7f10f41068c0 unknown :-1 s=HELLO_CONNECTING pgs=0 cs=0 l=0 rev1=1 crypto rx=0 tx=0 comp rx=0 tx=0).handle_hello peer v2:172.21.15.76:3300/0 says I am v2:172.21.15.76:48040/0 (socket says 172.21.15.76:48040)
2024-03-18T14:44:08.148 INFO:teuthology.orchestra.run.smithi076.stdout:/usr/bin/ceph: stderr
2024-03-18T14:44:01.747+0000 7f10f37fe700 1 -- 172.21.15.76:0/3051063369 learned_addr learned my addr 172.21.15.76:0/3051063369 (peer_addr_for_me v2:172.21.15.76:0/0)
2024-03-18T14:44:08.148 INFO:teuthology.orchestra.run.smithi076.stdout:/usr/bin/ceph: stderr
2024-03-18T14:44:01.748+0000 7f10f37fe700 1 -- 172.21.15.76:0/3051063369 --> [v2:172.21.15.76:3300/0,v1:172.21.15.76:6789/0] -- mon_subscribe({config=0+,monmap=0+}) -- 0x7f10f4106e00 con 0x7f10f41064a0
2024-03-18T14:44:08.148 INFO:teuthology.orchestra.run.smithi076.stdout:/usr/bin/ceph: stderr
2024-03-18T14:44:01.748+0000 7f10f37fe700 1 --2- 172.21.15.76:0/3051063369 >> [v2:172.21.15.76:3300/0,v1:172.21.15.76:6789/0] conn(0x7f10f41064a0 0x7f10f41068c0 secure :-1 s=READY pgs=61 cs=0 l=1 rev1=1 crypto rx=0x7f10e80098a0 tx=0x7f10e8009bb0 comp rx=0 tx=0).ready entity=mon.0 client_cookie=22afff3096763c66 server_cookie=0 in_seq=0 out_seq=0
2024-03-18T14:44:08.149 INFO:teuthology.orchestra.run.smithi076.stdout:/usr/bin/ceph: stderr
2024-03-18T14:44:01.748+0000 7f10f27fc700 1 -- 172.21.15.76:0/3051063369 <== mon.0 v2:172.21.15.76:3300/0 1 ==== mon_map magic: 0 ==== 205+0+0 (secure 0 0 0) 0x7f10e8004160 con 0x7f10f41064a0
2024-03-18T14:44:08.149 INFO:teuthology.orchestra.run.smithi076.stdout:/usr/bin/ceph: stderr
2024-03-18T14:44:01.748+0000 7f10f27fc700 1 -- 172.21.15.76:0/3051063369 <== mon.0 v2:172.21.15.76:3300/0 2 ==== config(27 keys) ==== 1140+0+0 (secure 0 0 0) 0x7f10e8004300 con 0x7f10f41064a0
2024-03-18T14:44:08.149 INFO:teuthology.orchestra.run.smithi076.stdout:/usr/bin/ceph: stderr
2024-03-18T14:44:01.748+0000 7f10f27fc700 1 -- 172.21.15.76:0/3051063369 <== mon.0 v2:172.21.15.76:3300/0 3 ==== mon_map magic: 0 ==== 205+0+0 (secure 0 0 0) 0x7f10e8011b20 con 0x7f10f41064a0
2024-03-18T14:44:08.149 INFO:teuthology.orchestra.run.smithi076.stdout:/usr/bin/ceph: stderr
2024-03-18T14:44:01.749+0000 7f10f9a7c700 1 -- 172.21.15.76:0/3051063369 >> [v2:172.21.15.76:3300/0,v1:172.21.15.76:6789/0] conn(0x7f10f41064a0 msgr2=0x7f10f41068c0 secure :-1 s=STATE_CONNECTION_ESTABLISHED l=1).mark_down
2024-03-18T14:44:08.149 INFO:teuthology.orchestra.run.smithi076.stdout:/usr/bin/ceph: stderr
2024-03-18T14:44:01.749+0000 7f10f9a7c700 1 --2- 172.21.15.76:0/3051063369 >> [v2:172.21.15.76:3300/0,v1:172.21.15.76:6789/0] conn(0x7f10f41064a0 0x7f10f41068c0 secure :-1 s=READY pgs=61 cs=0 l=1 rev1=1 crypto rx=0x7f10e80098a0 tx=0x7f10e8009bb0 comp rx=0 tx=0).stop
2024-03-18T14:44:08.149 INFO:teuthology.orchestra.run.smithi076.stdout:/usr/bin/ceph: stderr
2024-03-18T14:44:01.749+0000 7f10f9a7c700 1 -- 172.21.15.76:0/3051063369 shutdown_connections
2024-03-18T14:44:08.149 INFO:teuthology.orchestra.run.smithi076.stdout:/usr/bin/ceph: stderr
2024-03-18T14:44:01.749+0000 7f10f9a7c700 1 --2- 172.21.15.76:0/3051063369 >> [v2:172.21.15.76:3300/0,v1:172.21.15.76:6789/0] conn(0x7f10f41064a0 0x7f10f41068c0 unknown :-1 s=CLOSED pgs=61 cs=0 l=1 rev1=1 crypto rx=0 tx=0 comp rx=0 tx=0).stop
2024-03-18T14:44:08.149 INFO:teuthology.orchestra.run.smithi076.stdout:/usr/bin/ceph: stderr
2024-03-18T14:44:01.749+0000 7f10f9a7c700 1 -- 172.21.15.76:0/3051063369 >> 172.21.15.76:0/3051063369 conn(0x7f10f4102000 msgr2=0x7f10f4104480 unknown :-1 s=STATE_NONE l=0).mark_down
2024-03-18T14:44:08.149 INFO:teuthology.orchestra.run.smithi076.stdout:/usr/bin/ceph: stderr
2024-03-18T14:44:01.749+0000 7f10f9a7c700 1 -- 172.21.15.76:0/3051063369 shutdown_connections
2024-03-18T14:44:08.149 INFO:teuthology.orchestra.run.smithi076.stdout:/usr/bin/ceph: stderr
2024-03-18T14:44:01.749+0000 7f10f9a7c700 1 -- 172.21.15.76:0/3051063369 wait complete.
2024-03-18T14:44:08.149 INFO:teuthology.orchestra.run.smithi076.stdout:/usr/bin/ceph: stderr
2024-03-18T14:44:01.749+0000 7f10f9a7c700 1 Processor -- start
2024-03-18T14:44:08.149 INFO:teuthology.orchestra.run.smithi076.stdout:/usr/bin/ceph: stderr
2024-03-18T14:44:01.750+0000 7f10f9a7c700 1 -- start start
2024-03-18T14:44:08.149 INFO:teuthology.orchestra.run.smithi076.stdout:/usr/bin/ceph: stderr
2024-03-18T14:44:01.750+0000 7f10f9a7c700 1 --2- >> [v2:172.21.15.76:3300/0,v1:172.21.15.76:6789/0] conn(0x7f10f41064a0 0x7f10f419de10 unknown :-1 s=NONE pgs=0 cs=0 l=1 rev1=0 crypto rx=0 tx=0 comp rx=0 tx=0).connect
2024-03-18T14:44:08.150 INFO:teuthology.orchestra.run.smithi076.stdout:/usr/bin/ceph: stderr
2024-03-18T14:44:01.750+0000 7f10f9a7c700 1 -- --> [v2:172.21.15.76:3300/0,v1:172.21.15.76:6789/0] -- mon_getmap magic: 0 -- 0x7f10f4107ed0 con 0x7f10f41064a0
2024-03-18T14:44:08.150 INFO:teuthology.orchestra.run.smithi076.stdout:/usr/bin/ceph: stderr
2024-03-18T14:44:01.750+0000 7f10f37fe700 1 --2- >> [v2:172.21.15.76:3300/0,v1:172.21.15.76:6789/0] conn(0x7f10f41064a0 0x7f10f419de10 unknown :-1 s=BANNER_CONNECTING pgs=0 cs=0 l=1 rev1=0 crypto rx=0 tx=0 comp rx=0 tx=0)._handle_peer_banner_payload supported=3 required=0
2024-03-18T14:44:08.150 INFO:teuthology.orchestra.run.smithi076.stdout:/usr/bin/ceph: stderr
2024-03-18T14:44:01.750+0000 7f10f37fe700 1 --2- >> [v2:172.21.15.76:3300/0,v1:172.21.15.76:6789/0] conn(0x7f10f41064a0 0x7f10f419de10 unknown :-1 s=HELLO_CONNECTING pgs=0 cs=0 l=1 rev1=1 crypto rx=0 tx=0 comp rx=0 tx=0).handle_hello peer v2:172.21.15.76:3300/0 says I am v2:172.21.15.76:48056/0 (socket says 172.21.15.76:48056)
2024-03-18T14:44:08.150 INFO:teuthology.orchestra.run.smithi076.stdout:/usr/bin/ceph: stderr
2024-03-18T14:44:01.750+0000 7f10f37fe700 1 -- 172.21.15.76:0/1367149773 learned_addr learned my addr 172.21.15.76:0/1367149773 (peer_addr_for_me v2:172.21.15.76:0/0)
2024-03-18T14:44:08.150 INFO:teuthology.orchestra.run.smithi076.stdout:/usr/bin/ceph: stderr
2024-03-18T14:44:01.750+0000 7f10f37fe700 1 -- 172.21.15.76:0/1367149773 --> [v2:172.21.15.76:3300/0,v1:172.21.15.76:6789/0] -- mon_subscribe({config=0+,monmap=0+}) -- 0x7f10f419e350 con 0x7f10f41064a0
2024-03-18T14:44:08.150 INFO:teuthology.orchestra.run.smithi076.stdout:/usr/bin/ceph: stderr
2024-03-18T14:44:01.750+0000 7f10f37fe700 1 --2- 172.21.15.76:0/1367149773 >> [v2:172.21.15.76:3300/0,v1:172.21.15.76:6789/0] conn(0x7f10f41064a0 0x7f10f419de10 secure :-1 s=READY pgs=62 cs=0 l=1 rev1=1 crypto rx=0x7f10e80116a0 tx=0x7f10e8011ba0 comp rx=0 tx=0).ready entity=mon.0 client_cookie=0 server_cookie=0 in_seq=0 out_seq=0
2024-03-18T14:44:08.150 INFO:teuthology.orchestra.run.smithi076.stdout:/usr/bin/ceph: stderr
2024-03-18T14:44:01.750+0000 7f10f0ff9700 1 -- 172.21.15.76:0/1367149773 <== mon.0 v2:172.21.15.76:3300/0 1 ==== mon_map magic: 0 ==== 205+0+0 (secure 0 0 0) 0x7f10e8003a40 con 0x7f10f41064a0
2024-03-18T14:44:08.150 INFO:teuthology.orchestra.run.smithi076.stdout:/usr/bin/ceph: stderr
2024-03-18T14:44:01.750+0000 7f10f0ff9700 1 -- 172.21.15.76:0/1367149773 <== mon.0 v2:172.21.15.76:3300/0 2 ==== config(27 keys) ==== 1140+0+0 (secure 0 0 0) 0x7f10e8003be0 con 0x7f10f41064a0
2024-03-18T14:44:08.150 INFO:teuthology.orchestra.run.smithi076.stdout:/usr/bin/ceph: stderr
2024-03-18T14:44:01.750+0000 7f10f0ff9700 1 -- 172.21.15.76:0/1367149773 <== mon.0 v2:172.21.15.76:3300/0 3 ==== mon_map magic: 0 ==== 205+0+0 (secure 0 0 0) 0x7f10e801a750 con 0x7f10f41064a0
2024-03-18T14:44:08.150 INFO:teuthology.orchestra.run.smithi076.stdout:/usr/bin/ceph: stderr
2024-03-18T14:44:01.750+0000 7f10f9a7c700 1 -- 172.21.15.76:0/1367149773 --> [v2:172.21.15.76:3300/0,v1:172.21.15.76:6789/0] -- mon_subscribe({mgrmap=0+}) -- 0x7f10f419e5e0 con 0x7f10f41064a0
2024-03-18T14:44:08.150 INFO:teuthology.orchestra.run.smithi076.stdout:/usr/bin/ceph: stderr
2024-03-18T14:44:01.750+0000 7f10f9a7c700 1 -- 172.21.15.76:0/1367149773 --> [v2:172.21.15.76:3300/0,v1:172.21.15.76:6789/0] -- mon_subscribe({osdmap=0}) -- 0x7f10f419ea40 con 0x7f10f41064a0
2024-03-18T14:44:08.150 INFO:teuthology.orchestra.run.smithi076.stdout:/usr/bin/ceph: stderr
2024-03-18T14:44:01.751+0000 7f10f0ff9700 1 -- 172.21.15.76:0/1367149773 <== mon.0 v2:172.21.15.76:3300/0 4 ==== mgrmap(e 9) ==== 46119+0+0 (secure 0 0 0) 0x7f10e801aa00 con 0x7f10f41064a0
2024-03-18T14:44:08.150 INFO:teuthology.orchestra.run.smithi076.stdout:/usr/bin/ceph: stderr
2024-03-18T14:44:01.751+0000 7f10f0ff9700 1 --2- 172.21.15.76:0/1367149773 >> [v2:172.21.15.76:6800/3054039863,v1:172.21.15.76:6801/3054039863] conn(0x7f10dc038f80 0x7f10dc03b440 unknown :-1 s=NONE pgs=0 cs=0 l=1 rev1=0 crypto rx=0 tx=0 comp rx=0 tx=0).connect
2024-03-18T14:44:08.150 INFO:teuthology.orchestra.run.smithi076.stdout:/usr/bin/ceph: stderr
2024-03-18T14:44:01.751+0000 7f10f9a7c700 1 -- 172.21.15.76:0/1367149773 --> [v2:172.21.15.76:6800/3054039863,v1:172.21.15.76:6801/3054039863] -- command(tid 0: {"prefix": "get_command_descriptions"}) -- 0x7f10f4063900 con 0x7f10dc038f80
2024-03-18T14:44:08.151 INFO:teuthology.orchestra.run.smithi076.stdout:/usr/bin/ceph: stderr
2024-03-18T14:44:01.751+0000 7f10f0ff9700 1 -- 172.21.15.76:0/1367149773 <== mon.0 v2:172.21.15.76:3300/0 5 ==== osd_map(2..2 src has 1..2) ==== 940+0+0 (secure 0 0 0) 0x7f10e804e370 con 0x7f10f41064a0
2024-03-18T14:44:08.151 INFO:teuthology.orchestra.run.smithi076.stdout:/usr/bin/ceph: stderr
2024-03-18T14:44:01.751+0000 7f10f2ffd700 1 -- 172.21.15.76:0/1367149773 >> [v2:172.21.15.76:6800/3054039863,v1:172.21.15.76:6801/3054039863] conn(0x7f10dc038f80 msgr2=0x7f10dc03b440 unknown :-1 s=STATE_CONNECTING_RE l=1).process reconnect failed to v2:172.21.15.76:6800/3054039863
2024-03-18T14:44:08.151 INFO:teuthology.orchestra.run.smithi076.stdout:/usr/bin/ceph: stderr
2024-03-18T14:44:01.751+0000 7f10f2ffd700 1 --2- 172.21.15.76:0/1367149773 >> [v2:172.21.15.76:6800/3054039863,v1:172.21.15.76:6801/3054039863] conn(0x7f10dc038f80 0x7f10dc03b440 unknown :-1 s=START_CONNECT pgs=0 cs=0 l=1 rev1=0 crypto rx=0 tx=0 comp rx=0 tx=0)._fault waiting 0.200000
2024-03-18T14:44:08.151 INFO:teuthology.orchestra.run.smithi076.stdout:/usr/bin/ceph: stderr
2024-03-18T14:44:01.952+0000 7f10f2ffd700 1 -- 172.21.15.76:0/1367149773 >> [v2:172.21.15.76:6800/3054039863,v1:172.21.15.76:6801/3054039863] conn(0x7f10dc038f80 msgr2=0x7f10dc03b440 unknown :-1 s=STATE_CONNECTING_RE l=1).process reconnect failed to v2:172.21.15.76:6800/3054039863
2024-03-18T14:44:08.151 INFO:teuthology.orchestra.run.smithi076.stdout:/usr/bin/ceph: stderr
2024-03-18T14:44:01.952+0000 7f10f2ffd700 1 --2- 172.21.15.76:0/1367149773 >> [v2:172.21.15.76:6800/3054039863,v1:172.21.15.76:6801/3054039863] conn(0x7f10dc038f80 0x7f10dc03b440 unknown :-1 s=START_CONNECT pgs=0 cs=0 l=1 rev1=0 crypto rx=0 tx=0 comp rx=0 tx=0)._fault waiting 0.400000
2024-03-18T14:44:08.151 INFO:teuthology.orchestra.run.smithi076.stdout:/usr/bin/ceph: stderr
2024-03-18T14:44:02.353+0000 7f10f2ffd700 1 -- 172.21.15.76:0/1367149773 >> [v2:172.21.15.76:6800/3054039863,v1:172.21.15.76:6801/3054039863] conn(0x7f10dc038f80 msgr2=0x7f10dc03b440 unknown :-1 s=STATE_CONNECTING_RE l=1).process reconnect failed to v2:172.21.15.76:6800/3054039863
2024-03-18T14:44:08.151 INFO:teuthology.orchestra.run.smithi076.stdout:/usr/bin/ceph: stderr
2024-03-18T14:44:02.353+0000 7f10f2ffd700 1 --2- 172.21.15.76:0/1367149773 >> [v2:172.21.15.76:6800/3054039863,v1:172.21.15.76:6801/3054039863] conn(0x7f10dc038f80 0x7f10dc03b440 unknown :-1 s=START_CONNECT pgs=0 cs=0 l=1 rev1=0 crypto rx=0 tx=0 comp rx=0 tx=0)._fault waiting 0.800000
2024-03-18T14:44:08.151 INFO:teuthology.orchestra.run.smithi076.stdout:/usr/bin/ceph: stderr
2024-03-18T14:44:03.154+0000 7f10f2ffd700 1 -- 172.21.15.76:0/1367149773 >> [v2:172.21.15.76:6800/3054039863,v1:172.21.15.76:6801/3054039863] conn(0x7f10dc038f80 msgr2=0x7f10dc03b440 unknown :-1 s=STATE_CONNECTING_RE l=1).process reconnect failed to v2:172.21.15.76:6800/3054039863
2024-03-18T14:44:08.151 INFO:teuthology.orchestra.run.smithi076.stdout:/usr/bin/ceph: stderr
2024-03-18T14:44:03.154+0000 7f10f2ffd700 1 --2- 172.21.15.76:0/1367149773 >> [v2:172.21.15.76:6800/3054039863,v1:172.21.15.76:6801/3054039863] conn(0x7f10dc038f80 0x7f10dc03b440 unknown :-1 s=START_CONNECT pgs=0 cs=0 l=1 rev1=0 crypto rx=0 tx=0 comp rx=0 tx=0)._fault waiting 1.600000
2024-03-18T14:44:08.151 INFO:teuthology.orchestra.run.smithi076.stdout:/usr/bin/ceph: stderr
2024-03-18T14:44:04.755+0000 7f10f2ffd700 1 -- 172.21.15.76:0/1367149773 >> [v2:172.21.15.76:6800/3054039863,v1:172.21.15.76:6801/3054039863] conn(0x7f10dc038f80 msgr2=0x7f10dc03b440 unknown :-1 s=STATE_CONNECTING_RE l=1).process reconnect failed to v2:172.21.15.76:6800/3054039863
2024-03-18T14:44:08.151 INFO:teuthology.orchestra.run.smithi076.stdout:/usr/bin/ceph: stderr
2024-03-18T14:44:04.755+0000 7f10f2ffd700 1 --2- 172.21.15.76:0/1367149773 >> [v2:172.21.15.76:6800/3054039863,v1:172.21.15.76:6801/3054039863] conn(0x7f10dc038f80 0x7f10dc03b440 unknown :-1 s=START_CONNECT pgs=0 cs=0 l=1 rev1=0 crypto rx=0 tx=0 comp rx=0 tx=0)._fault waiting 3.200000
2024-03-18T14:44:08.151 INFO:teuthology.orchestra.run.smithi076.stdout:/usr/bin/ceph: stderr
2024-03-18T14:44:06.253+0000 7f10f0ff9700 1 -- 172.21.15.76:0/1367149773 <== mon.0 v2:172.21.15.76:3300/0 6 ==== mgrmap(e 10) ==== 45886+0+0 (secure 0 0 0) 0x7f10e802d910 con 0x7f10f41064a0
2024-03-18T14:44:08.151 INFO:teuthology.orchestra.run.smithi076.stdout:/usr/bin/ceph: stderr
2024-03-18T14:44:06.253+0000 7f10f0ff9700 1 -- 172.21.15.76:0/1367149773 >> [v2:172.21.15.76:6800/3054039863,v1:172.21.15.76:6801/3054039863] conn(0x7f10dc038f80 msgr2=0x7f10dc03b440 unknown :-1 s=STATE_CONNECTING l=1).mark_down
2024-03-18T14:44:08.151 INFO:teuthology.orchestra.run.smithi076.stdout:/usr/bin/ceph: stderr
2024-03-18T14:44:06.253+0000 7f10f0ff9700 1 --2- 172.21.15.76:0/1367149773 >> [v2:172.21.15.76:6800/3054039863,v1:172.21.15.76:6801/3054039863] conn(0x7f10dc038f80 0x7f10dc03b440 unknown :-1 s=START_CONNECT pgs=0 cs=0 l=1 rev1=0 crypto rx=0 tx=0 comp rx=0 tx=0).stop
2024-03-18T14:44:08.152 INFO:teuthology.orchestra.run.smithi076.stdout:/usr/bin/ceph: stderr
2024-03-18T14:44:07.255+0000 7f10f0ff9700 1 -- 172.21.15.76:0/1367149773 <== mon.0 v2:172.21.15.76:3300/0 7 ==== mgrmap(e 11) ==== 46013+0+0 (secure 0 0 0) 0x7f10e804f5b0 con 0x7f10f41064a0
2024-03-18T14:44:08.152 INFO:teuthology.orchestra.run.smithi076.stdout:/usr/bin/ceph: stderr
2024-03-18T14:44:07.255+0000 7f10f0ff9700 1 --2- 172.21.15.76:0/1367149773 >> [v2:172.21.15.76:6800/3010549595,v1:172.21.15.76:6801/3010549595] conn(0x7f10dc03c840 0x7f10dc03ec30 unknown :-1 s=NONE pgs=0 cs=0 l=1 rev1=0 crypto rx=0 tx=0 comp rx=0 tx=0).connect
2024-03-18T14:44:08.152 INFO:teuthology.orchestra.run.smithi076.stdout:/usr/bin/ceph: stderr
2024-03-18T14:44:07.255+0000 7f10f0ff9700 1 -- 172.21.15.76:0/1367149773 --> [v2:172.21.15.76:6800/3010549595,v1:172.21.15.76:6801/3010549595] -- command(tid 0: {"prefix": "get_command_descriptions"}) -- 0x7f10f4063900 con 0x7f10dc03c840
2024-03-18T14:44:08.152 INFO:teuthology.orchestra.run.smithi076.stdout:/usr/bin/ceph: stderr
2024-03-18T14:44:07.255+0000 7f10f2ffd700 1 --2- 172.21.15.76:0/1367149773 >> [v2:172.21.15.76:6800/3010549595,v1:172.21.15.76:6801/3010549595] conn(0x7f10dc03c840 0x7f10dc03ec30 unknown :-1 s=BANNER_CONNECTING pgs=0 cs=0 l=1 rev1=0 crypto rx=0 tx=0 comp rx=0 tx=0)._handle_peer_banner_payload supported=3 required=0
2024-03-18T14:44:08.152 INFO:teuthology.orchestra.run.smithi076.stdout:/usr/bin/ceph: stderr
2024-03-18T14:44:07.256+0000 7f10f2ffd700 1 --2- 172.21.15.76:0/1367149773 >> [v2:172.21.15.76:6800/3010549595,v1:172.21.15.76:6801/3010549595] conn(0x7f10dc03c840 0x7f10dc03ec30 secure :-1 s=READY pgs=3 cs=0 l=1 rev1=1 crypto rx=0x7f10e4003a10 tx=0x7f10e4009270 comp rx=0 tx=0).ready entity=mgr.14152 client_cookie=0 server_cookie=0 in_seq=0 out_seq=0
2024-03-18T14:44:08.152 INFO:teuthology.orchestra.run.smithi076.stdout:/usr/bin/ceph: stderr
2024-03-18T14:44:07.257+0000 7f10f0ff9700 1 -- 172.21.15.76:0/1367149773 <== mgr.14152 v2:172.21.15.76:6800/3010549595 1 ==== command_reply(tid 0: 0 ) ==== 8+0+7774 (secure 0 0 0) 0x7f10f4063900 con 0x7f10dc03c840
2024-03-18T14:44:08.152 INFO:teuthology.orchestra.run.smithi076.stdout:/usr/bin/ceph: stderr
2024-03-18T14:44:07.264+0000 7f10f9a7c700 1 -- 172.21.15.76:0/1367149773 --> [v2:172.21.15.76:6800/3010549595,v1:172.21.15.76:6801/3010549595] -- command(tid 1: {"prefix": "mgr_status"}) -- 0x7f10f4062710 con 0x7f10dc03c840
2024-03-18T14:44:08.152 INFO:teuthology.orchestra.run.smithi076.stdout:/usr/bin/ceph: stderr
2024-03-18T14:44:07.265+0000 7f10f0ff9700 1 -- 172.21.15.76:0/1367149773 <== mgr.14152 v2:172.21.15.76:6800/3010549595 2 ==== command_reply(tid 1: 0 ) ==== 8+0+52 (secure 0 0 0) 0x7f10f4062710 con 0x7f10dc03c840
2024-03-18T14:44:08.152 INFO:teuthology.orchestra.run.smithi076.stdout:/usr/bin/ceph: stderr
2024-03-18T14:44:07.265+0000 7f10f9a7c700 1 -- 172.21.15.76:0/1367149773 >> [v2:172.21.15.76:6800/3010549595,v1:172.21.15.76:6801/3010549595] conn(0x7f10dc03c840 msgr2=0x7f10dc03ec30 secure :-1 s=STATE_CONNECTION_ESTABLISHED l=1).mark_down
2024-03-18T14:44:08.152 INFO:teuthology.orchestra.run.smithi076.stdout:/usr/bin/ceph: stderr
2024-03-18T14:44:07.265+0000 7f10f9a7c700 1 --2- 172.21.15.76:0/1367149773 >> [v2:172.21.15.76:6800/3010549595,v1:172.21.15.76:6801/3010549595] conn(0x7f10dc03c840 0x7f10dc03ec30 secure :-1 s=READY pgs=3 cs=0 l=1 rev1=1 crypto rx=0x7f10e4003a10 tx=0x7f10e4009270 comp rx=0 tx=0).stop
2024-03-18T14:44:08.152 INFO:teuthology.orchestra.run.smithi076.stdout:/usr/bin/ceph: stderr
2024-03-18T14:44:07.265+0000 7f10f9a7c700 1 -- 172.21.15.76:0/1367149773 >> [v2:172.21.15.76:3300/0,v1:172.21.15.76:6789/0] conn(0x7f10f41064a0 msgr2=0x7f10f419de10 secure :-1 s=STATE_CONNECTION_ESTABLISHED l=1).mark_down
2024-03-18T14:44:08.152 INFO:teuthology.orchestra.run.smithi076.stdout:/usr/bin/ceph: stderr
2024-03-18T14:44:07.265+0000 7f10f9a7c700 1 --2- 172.21.15.76:0/1367149773 >> [v2:172.21.15.76:3300/0,v1:172.21.15.76:6789/0] conn(0x7f10f41064a0 0x7f10f419de10 secure :-1 s=READY pgs=62 cs=0 l=1 rev1=1 crypto rx=0x7f10e80116a0 tx=0x7f10e8011ba0 comp rx=0 tx=0).stop
2024-03-18T14:44:08.152 INFO:teuthology.orchestra.run.smithi076.stdout:/usr/bin/ceph: stderr
2024-03-18T14:44:07.265+0000 7f10f9a7c700 1 -- 172.21.15.76:0/1367149773 shutdown_connections
2024-03-18T14:44:08.152 INFO:teuthology.orchestra.run.smithi076.stdout:/usr/bin/ceph: stderr
2024-03-18T14:44:07.265+0000 7f10f9a7c700 1 --2- 172.21.15.76:0/1367149773 >> [v2:172.21.15.76:6800/3010549595,v1:172.21.15.76:6801/3010549595] conn(0x7f10dc03c840 0x7f10dc03ec30 unknown :-1 s=CLOSED pgs=3 cs=0 l=1 rev1=1 crypto rx=0 tx=0 comp rx=0 tx=0).stop
2024-03-18T14:44:08.153 INFO:teuthology.orchestra.run.smithi076.stdout:/usr/bin/ceph: stderr
2024-03-18T14:44:07.265+0000 7f10f9a7c700 1 --2- 172.21.15.76:0/1367149773 >> [v2:172.21.15.76:3300/0,v1:172.21.15.76:6789/0] conn(0x7f10f41064a0 0x7f10f419de10 unknown :-1 s=CLOSED pgs=62 cs=0 l=1 rev1=1 crypto rx=0 tx=0 comp rx=0 tx=0).stop
2024-03-18T14:44:08.153 INFO:teuthology.orchestra.run.smithi076.stdout:/usr/bin/ceph: stderr
2024-03-18T14:44:07.265+0000 7f10f9a7c700 1 --2- 172.21.15.76:0/1367149773 >> [v2:172.21.15.76:6800/3054039863,v1:172.21.15.76:6801/3054039863] conn(0x7f10dc038f80 0x7f10dc03b440 unknown :-1 s=CLOSED pgs=0 cs=0 l=1 rev1=0 crypto rx=0 tx=0 comp rx=0 tx=0).stop
2024-03-18T14:44:08.153 INFO:teuthology.orchestra.run.smithi076.stdout:/usr/bin/ceph: stderr
2024-03-18T14:44:07.265+0000 7f10f9a7c700 1 -- 172.21.15.76:0/1367149773 >> 172.21.15.76:0/1367149773 conn(0x7f10f4102000 msgr2=0x7f10f4194a50 unknown :-1 s=STATE_NONE l=0).mark_down
2024-03-18T14:44:08.153 INFO:teuthology.orchestra.run.smithi076.stdout:/usr/bin/ceph: stderr
2024-03-18T14:44:07.265+0000 7f10f9a7c700 1 -- 172.21.15.76:0/1367149773 shutdown_connections
2024-03-18T14:44:08.153 INFO:teuthology.orchestra.run.smithi076.stdout:/usr/bin/ceph: stderr
2024-03-18T14:44:07.265+0000 7f10f9a7c700 1 -- 172.21.15.76:0/1367149773 wait complete.
2024-03-18T14:44:08.153 INFO:teuthology.orchestra.run.smithi076.stdout:mgr epoch 9 is available
2024-03-18T14:44:08.153 INFO:teuthology.orchestra.run.smithi076.stdout:Generating a dashboard self-signed certificate...
2024-03-18T14:44:08.584 INFO:journalctl@ceph.mon.a.smithi076.stdout:Mar 18 14:44:08 smithi076 ceph-mon[32205]: [18/Mar/2024:14:44:07] ENGINE Bus STARTING
2024-03-18T14:44:08.584 INFO:journalctl@ceph.mon.a.smithi076.stdout:Mar 18 14:44:08 smithi076 ceph-mon[32205]: from='mgr.14152 172.21.15.76:0/1689095628' entity='mgr.x'
2024-03-18T14:44:09.504 INFO:teuthology.orchestra.run.smithi076.stdout:/usr/bin/ceph: stdout Self-signed certificate created
2024-03-18T14:44:09.504 INFO:teuthology.orchestra.run.smithi076.stdout:/usr/bin/ceph: stderr
2024-03-18T14:44:08.606+0000 7fd415527700 1 Processor -- start
2024-03-18T14:44:09.504 INFO:teuthology.orchestra.run.smithi076.stdout:/usr/bin/ceph: stderr
2024-03-18T14:44:08.606+0000 7fd415527700 1 -- start start
2024-03-18T14:44:09.504 INFO:teuthology.orchestra.run.smithi076.stdout:/usr/bin/ceph: stderr
2024-03-18T14:44:08.606+0000 7fd415527700 1 --2- >> [v2:172.21.15.76:3300/0,v1:172.21.15.76:6789/0] conn(0x7fd410105e70 0x7fd410106290 unknown :-1 s=NONE pgs=0 cs=0 l=0 rev1=0 crypto rx=0 tx=0 comp rx=0 tx=0).connect
2024-03-18T14:44:09.504 INFO:teuthology.orchestra.run.smithi076.stdout:/usr/bin/ceph: stderr
2024-03-18T14:44:08.606+0000 7fd415527700 1 -- --> [v2:172.21.15.76:3300/0,v1:172.21.15.76:6789/0] -- mon_getmap magic: 0 -- 0x7fd410106860 con 0x7fd410105e70
2024-03-18T14:44:09.505 INFO:teuthology.orchestra.run.smithi076.stdout:/usr/bin/ceph: stderr
2024-03-18T14:44:08.606+0000 7fd40effd700 1 --2- >> [v2:172.21.15.76:3300/0,v1:172.21.15.76:6789/0] conn(0x7fd410105e70 0x7fd410106290 unknown :-1 s=BANNER_CONNECTING pgs=0 cs=0 l=0 rev1=0 crypto rx=0 tx=0 comp rx=0 tx=0)._handle_peer_banner_payload supported=3 required=0
2024-03-18T14:44:09.505 INFO:teuthology.orchestra.run.smithi076.stdout:/usr/bin/ceph: stderr
2024-03-18T14:44:08.606+0000 7fd40effd700 1 --2- >> [v2:172.21.15.76:3300/0,v1:172.21.15.76:6789/0] conn(0x7fd410105e70 0x7fd410106290 unknown :-1 s=HELLO_CONNECTING pgs=0 cs=0 l=0 rev1=1 crypto rx=0 tx=0 comp rx=0 tx=0).handle_hello peer v2:172.21.15.76:3300/0 says I am v2:172.21.15.76:47870/0 (socket says 172.21.15.76:47870)
2024-03-18T14:44:09.505 INFO:teuthology.orchestra.run.smithi076.stdout:/usr/bin/ceph: stderr
2024-03-18T14:44:08.606+0000 7fd40effd700 1 -- 172.21.15.76:0/834825481 learned_addr learned my addr 172.21.15.76:0/834825481 (peer_addr_for_me v2:172.21.15.76:0/0)
2024-03-18T14:44:09.505 INFO:teuthology.orchestra.run.smithi076.stdout:/usr/bin/ceph: stderr
2024-03-18T14:44:08.607+0000 7fd40effd700 1 -- 172.21.15.76:0/834825481 --> [v2:172.21.15.76:3300/0,v1:172.21.15.76:6789/0] -- mon_subscribe({config=0+,monmap=0+}) -- 0x7fd410108e00 con 0x7fd410105e70
2024-03-18T14:44:09.505 INFO:teuthology.orchestra.run.smithi076.stdout:/usr/bin/ceph: stderr
2024-03-18T14:44:08.607+0000 7fd40effd700 1 --2- 172.21.15.76:0/834825481 >> [v2:172.21.15.76:3300/0,v1:172.21.15.76:6789/0] conn(0x7fd410105e70 0x7fd410106290 secure :-1 s=READY pgs=70 cs=0 l=1 rev1=1 crypto rx=0x7fd408009e80 tx=0x7fd40800b330 comp rx=0 tx=0).ready entity=mon.0 client_cookie=7b43e7566103e930 server_cookie=0 in_seq=0 out_seq=0
2024-03-18T14:44:09.505 INFO:teuthology.orchestra.run.smithi076.stdout:/usr/bin/ceph: stderr
2024-03-18T14:44:08.607+0000 7fd40dffb700 1 -- 172.21.15.76:0/834825481 <== mon.0 v2:172.21.15.76:3300/0 1 ==== mon_map magic: 0 ==== 205+0+0 (secure 0 0 0) 0x7fd408017070 con 0x7fd410105e70
2024-03-18T14:44:09.505 INFO:teuthology.orchestra.run.smithi076.stdout:/usr/bin/ceph: stderr
2024-03-18T14:44:08.607+0000 7fd40dffb700 1 -- 172.21.15.76:0/834825481 <== mon.0 v2:172.21.15.76:3300/0 2 ==== config(27 keys) ==== 1140+0+0 (secure 0 0 0) 0x7fd40800b8c0 con 0x7fd410105e70
2024-03-18T14:44:09.505 INFO:teuthology.orchestra.run.smithi076.stdout:/usr/bin/ceph: stderr
2024-03-18T14:44:08.607+0000 7fd40dffb700 1 -- 172.21.15.76:0/834825481 <== mon.0 v2:172.21.15.76:3300/0 3 ==== mon_map magic: 0 ==== 205+0+0 (secure 0 0 0) 0x7fd4080045c0 con 0x7fd410105e70
2024-03-18T14:44:09.505 INFO:teuthology.orchestra.run.smithi076.stdout:/usr/bin/ceph: stderr
