2024-03-18T14:47:29.945+0000 7f3b1c800700 1 -- 172.21.15.59:0/2455238818 shutdown_connections
2024-03-18T14:47:30.917 INFO:teuthology.orchestra.run.smithi059.stdout:/usr/bin/ceph: stderr
2024-03-18T14:47:29.945+0000 7f3b1c800700 1 --2- 172.21.15.59:0/2455238818 >> [v2:172.21.15.59:3300/0,v1:172.21.15.59:6789/0] conn(0x7f3b14106d20 0x7f3b14107140 unknown :-1 s=CLOSED pgs=41 cs=0 l=1 rev1=1 crypto rx=0 tx=0 comp rx=0 tx=0).stop
2024-03-18T14:47:30.917 INFO:teuthology.orchestra.run.smithi059.stdout:/usr/bin/ceph: stderr
2024-03-18T14:47:29.945+0000 7f3b1c800700 1 -- 172.21.15.59:0/2455238818 >> 172.21.15.59:0/2455238818 conn(0x7f3b141022c0 msgr2=0x7f3b14104700 unknown :-1 s=STATE_NONE l=0).mark_down
2024-03-18T14:47:30.918 INFO:teuthology.orchestra.run.smithi059.stdout:/usr/bin/ceph: stderr
2024-03-18T14:47:29.946+0000 7f3b1c800700 1 -- 172.21.15.59:0/2455238818 shutdown_connections
2024-03-18T14:47:30.918 INFO:teuthology.orchestra.run.smithi059.stdout:/usr/bin/ceph: stderr
2024-03-18T14:47:29.946+0000 7f3b1c800700 1 -- 172.21.15.59:0/2455238818 wait complete.
2024-03-18T14:47:30.918 INFO:teuthology.orchestra.run.smithi059.stdout:/usr/bin/ceph: stderr
2024-03-18T14:47:29.947+0000 7f3b1c800700 1 Processor -- start
2024-03-18T14:47:30.918 INFO:teuthology.orchestra.run.smithi059.stdout:/usr/bin/ceph: stderr
2024-03-18T14:47:29.947+0000 7f3b1c800700 1 -- start start
2024-03-18T14:47:30.918 INFO:teuthology.orchestra.run.smithi059.stdout:/usr/bin/ceph: stderr
2024-03-18T14:47:29.947+0000 7f3b1c800700 1 --2- >> [v2:172.21.15.59:3300/0,v1:172.21.15.59:6789/0] conn(0x7f3b14106d20 0x7f3b1419e130 unknown :-1 s=NONE pgs=0 cs=0 l=1 rev1=0 crypto rx=0 tx=0 comp rx=0 tx=0).connect
2024-03-18T14:47:30.918 INFO:teuthology.orchestra.run.smithi059.stdout:/usr/bin/ceph: stderr
2024-03-18T14:47:29.947+0000 7f3b1c800700 1 -- --> [v2:172.21.15.59:3300/0,v1:172.21.15.59:6789/0] -- mon_getmap magic: 0 -- 0x7f3b1410b2d0 con 0x7f3b14106d20
2024-03-18T14:47:30.918 INFO:teuthology.orchestra.run.smithi059.stdout:/usr/bin/ceph: stderr
2024-03-18T14:47:29.948+0000 7f3b19e00700 1 --2- >> [v2:172.21.15.59:3300/0,v1:172.21.15.59:6789/0] conn(0x7f3b14106d20 0x7f3b1419e130 unknown :-1 s=BANNER_CONNECTING pgs=0 cs=0 l=1 rev1=0 crypto rx=0 tx=0 comp rx=0 tx=0)._handle_peer_banner_payload supported=3 required=0
2024-03-18T14:47:30.918 INFO:teuthology.orchestra.run.smithi059.stdout:/usr/bin/ceph: stderr
2024-03-18T14:47:29.948+0000 7f3b19e00700 1 --2- >> [v2:172.21.15.59:3300/0,v1:172.21.15.59:6789/0] conn(0x7f3b14106d20 0x7f3b1419e130 unknown :-1 s=HELLO_CONNECTING pgs=0 cs=0 l=1 rev1=1 crypto rx=0 tx=0 comp rx=0 tx=0).handle_hello peer v2:172.21.15.59:3300/0 says I am v2:172.21.15.59:38802/0 (socket says 172.21.15.59:38802)
2024-03-18T14:47:30.918 INFO:teuthology.orchestra.run.smithi059.stdout:/usr/bin/ceph: stderr
2024-03-18T14:47:29.948+0000 7f3b19e00700 1 -- 172.21.15.59:0/2550019294 learned_addr learned my addr 172.21.15.59:0/2550019294 (peer_addr_for_me v2:172.21.15.59:0/0)
2024-03-18T14:47:30.918 INFO:teuthology.orchestra.run.smithi059.stdout:/usr/bin/ceph: stderr
2024-03-18T14:47:29.948+0000 7f3b19e00700 1 -- 172.21.15.59:0/2550019294 --> [v2:172.21.15.59:3300/0,v1:172.21.15.59:6789/0] -- mon_subscribe({config=0+,monmap=0+}) -- 0x7f3b1419e670 con 0x7f3b14106d20
2024-03-18T14:47:30.918 INFO:teuthology.orchestra.run.smithi059.stdout:/usr/bin/ceph: stderr
2024-03-18T14:47:29.948+0000 7f3b19e00700 1 --2- 172.21.15.59:0/2550019294 >> [v2:172.21.15.59:3300/0,v1:172.21.15.59:6789/0] conn(0x7f3b14106d20 0x7f3b1419e130 secure :-1 s=READY pgs=42 cs=0 l=1 rev1=1 crypto rx=0x7f3b08011980 tx=0x7f3b08003980 comp rx=0 tx=0).ready entity=mon.0 client_cookie=0 server_cookie=0 in_seq=0 out_seq=0
2024-03-18T14:47:30.919 INFO:teuthology.orchestra.run.smithi059.stdout:/usr/bin/ceph: stderr
2024-03-18T14:47:29.949+0000 7f3b0ea00700 1 -- 172.21.15.59:0/2550019294 <== mon.0 v2:172.21.15.59:3300/0 1 ==== mon_map magic: 0 ==== 205+0+0 (secure 0 0 0) 0x7f3b08003db0 con 0x7f3b14106d20
2024-03-18T14:47:30.919 INFO:teuthology.orchestra.run.smithi059.stdout:/usr/bin/ceph: stderr
2024-03-18T14:47:29.949+0000 7f3b0ea00700 1 -- 172.21.15.59:0/2550019294 <== mon.0 v2:172.21.15.59:3300/0 2 ==== config(29 keys) ==== 1178+0+0 (secure 0 0 0) 0x7f3b08020070 con 0x7f3b14106d20
2024-03-18T14:47:30.919 INFO:teuthology.orchestra.run.smithi059.stdout:/usr/bin/ceph: stderr
2024-03-18T14:47:29.949+0000 7f3b1c800700 1 -- 172.21.15.59:0/2550019294 --> [v2:172.21.15.59:3300/0,v1:172.21.15.59:6789/0] -- mon_subscribe({mgrmap=0+}) -- 0x7f3b1419e900 con 0x7f3b14106d20
2024-03-18T14:47:30.919 INFO:teuthology.orchestra.run.smithi059.stdout:/usr/bin/ceph: stderr
2024-03-18T14:47:29.949+0000 7f3b0ea00700 1 -- 172.21.15.59:0/2550019294 <== mon.0 v2:172.21.15.59:3300/0 3 ==== mon_map magic: 0 ==== 205+0+0 (secure 0 0 0) 0x7f3b08019630 con 0x7f3b14106d20
2024-03-18T14:47:30.919 INFO:teuthology.orchestra.run.smithi059.stdout:/usr/bin/ceph: stderr
2024-03-18T14:47:29.949+0000 7f3b1c800700 1 -- 172.21.15.59:0/2550019294 --> [v2:172.21.15.59:3300/0,v1:172.21.15.59:6789/0] -- mon_subscribe({osdmap=0}) -- 0x7f3b141a15f0 con 0x7f3b14106d20
2024-03-18T14:47:30.919 INFO:teuthology.orchestra.run.smithi059.stdout:/usr/bin/ceph: stderr
2024-03-18T14:47:29.950+0000 7f3b1c800700 1 -- 172.21.15.59:0/2550019294 --> [v2:172.21.15.59:3300/0,v1:172.21.15.59:6789/0] -- mon_command({"prefix": "get_command_descriptions"} v 0) -- 0x7f3b1410b450 con 0x7f3b14106d20
2024-03-18T14:47:30.919 INFO:teuthology.orchestra.run.smithi059.stdout:/usr/bin/ceph: stderr
2024-03-18T14:47:29.950+0000 7f3b0ea00700 1 -- 172.21.15.59:0/2550019294 <== mon.0 v2:172.21.15.59:3300/0 4 ==== mgrmap(e 8) ==== 46106+0+0 (secure 0 0 0) 0x7f3b08003f50 con 0x7f3b14106d20
2024-03-18T14:47:30.919 INFO:teuthology.orchestra.run.smithi059.stdout:/usr/bin/ceph: stderr
2024-03-18T14:47:29.951+0000 7f3b0ea00700 1 --2- 172.21.15.59:0/2550019294 >> [v2:172.21.15.59:6800/4131012954,v1:172.21.15.59:6801/4131012954] conn(0x7f3afc038f70 0x7f3afc03b430 unknown :-1 s=NONE pgs=0 cs=0 l=1 rev1=0 crypto rx=0 tx=0 comp rx=0 tx=0).connect
2024-03-18T14:47:30.919 INFO:teuthology.orchestra.run.smithi059.stdout:/usr/bin/ceph: stderr
2024-03-18T14:47:29.951+0000 7f3b0ea00700 1 -- 172.21.15.59:0/2550019294 <== mon.0 v2:172.21.15.59:3300/0 5 ==== osd_map(2..2 src has 1..2) ==== 940+0+0 (secure 0 0 0) 0x7f3b0804d110 con 0x7f3b14106d20
2024-03-18T14:47:30.919 INFO:teuthology.orchestra.run.smithi059.stdout:/usr/bin/ceph: stderr
2024-03-18T14:47:29.951+0000 7f3b19400700 1 --2- 172.21.15.59:0/2550019294 >> [v2:172.21.15.59:6800/4131012954,v1:172.21.15.59:6801/4131012954] conn(0x7f3afc038f70 0x7f3afc03b430 unknown :-1 s=BANNER_CONNECTING pgs=0 cs=0 l=1 rev1=0 crypto rx=0 tx=0 comp rx=0 tx=0)._handle_peer_banner_payload supported=3 required=0
2024-03-18T14:47:30.919 INFO:teuthology.orchestra.run.smithi059.stdout:/usr/bin/ceph: stderr
2024-03-18T14:47:29.952+0000 7f3b19400700 1 --2- 172.21.15.59:0/2550019294 >> [v2:172.21.15.59:6800/4131012954,v1:172.21.15.59:6801/4131012954] conn(0x7f3afc038f70 0x7f3afc03b430 secure :-1 s=READY pgs=9 cs=0 l=1 rev1=1 crypto rx=0x7f3b04006fd0 tx=0x7f3b04006e40 comp rx=0 tx=0).ready entity=mgr.14120 client_cookie=0 server_cookie=0 in_seq=0 out_seq=0
2024-03-18T14:47:30.919 INFO:teuthology.orchestra.run.smithi059.stdout:/usr/bin/ceph: stderr
2024-03-18T14:47:29.956+0000 7f3b0ea00700 1 -- 172.21.15.59:0/2550019294 <== mon.0 v2:172.21.15.59:3300/0 6 ==== mon_command_ack([{"prefix": "get_command_descriptions"}]=0 v0) ==== 72+0+186149 (secure 0 0 0) 0x7f3b0801a7b0 con 0x7f3b14106d20
2024-03-18T14:47:30.919 INFO:teuthology.orchestra.run.smithi059.stdout:/usr/bin/ceph: stderr
2024-03-18T14:47:30.183+0000 7f3b1c800700 1 -- 172.21.15.59:0/2550019294 --> [v2:172.21.15.59:6800/4131012954,v1:172.21.15.59:6801/4131012954] -- mgr_command(tid 0: {"prefix": "cephadm generate-key", "target": ["mon-mgr", ""]}) -- 0x7f3b1402dea0 con 0x7f3afc038f70
2024-03-18T14:47:30.920 INFO:teuthology.orchestra.run.smithi059.stdout:/usr/bin/ceph: stderr
2024-03-18T14:47:30.318+0000 7f3b0ea00700 1 -- 172.21.15.59:0/2550019294 <== mgr.14120 v2:172.21.15.59:6800/4131012954 1 ==== mgr_command_reply(tid 0: 0 ) ==== 8+0+0 (secure 0 0 0) 0x7f3b1402dea0 con 0x7f3afc038f70
2024-03-18T14:47:30.920 INFO:teuthology.orchestra.run.smithi059.stdout:/usr/bin/ceph: stderr
2024-03-18T14:47:30.321+0000 7f3b1c800700 1 -- 172.21.15.59:0/2550019294 >> [v2:172.21.15.59:6800/4131012954,v1:172.21.15.59:6801/4131012954] conn(0x7f3afc038f70 msgr2=0x7f3afc03b430 secure :-1 s=STATE_CONNECTION_ESTABLISHED l=1).mark_down
2024-03-18T14:47:30.920 INFO:teuthology.orchestra.run.smithi059.stdout:/usr/bin/ceph: stderr
2024-03-18T14:47:30.321+0000 7f3b1c800700 1 --2- 172.21.15.59:0/2550019294 >> [v2:172.21.15.59:6800/4131012954,v1:172.21.15.59:6801/4131012954] conn(0x7f3afc038f70 0x7f3afc03b430 secure :-1 s=READY pgs=9 cs=0 l=1 rev1=1 crypto rx=0x7f3b04006fd0 tx=0x7f3b04006e40 comp rx=0 tx=0).stop
2024-03-18T14:47:30.920 INFO:teuthology.orchestra.run.smithi059.stdout:/usr/bin/ceph: stderr
2024-03-18T14:47:30.321+0000 7f3b1c800700 1 -- 172.21.15.59:0/2550019294 >> [v2:172.21.15.59:3300/0,v1:172.21.15.59:6789/0] conn(0x7f3b14106d20 msgr2=0x7f3b1419e130 secure :-1 s=STATE_CONNECTION_ESTABLISHED l=1).mark_down
2024-03-18T14:47:30.920 INFO:teuthology.orchestra.run.smithi059.stdout:/usr/bin/ceph: stderr
2024-03-18T14:47:30.321+0000 7f3b1c800700 1 --2- 172.21.15.59:0/2550019294 >> [v2:172.21.15.59:3300/0,v1:172.21.15.59:6789/0] conn(0x7f3b14106d20 0x7f3b1419e130 secure :-1 s=READY pgs=42 cs=0 l=1 rev1=1 crypto rx=0x7f3b08011980 tx=0x7f3b08003980 comp rx=0 tx=0).stop
2024-03-18T14:47:30.920 INFO:teuthology.orchestra.run.smithi059.stdout:/usr/bin/ceph: stderr
2024-03-18T14:47:30.322+0000 7f3b1c800700 1 -- 172.21.15.59:0/2550019294 shutdown_connections
2024-03-18T14:47:30.920 INFO:teuthology.orchestra.run.smithi059.stdout:/usr/bin/ceph: stderr
2024-03-18T14:47:30.322+0000 7f3b1c800700 1 --2- 172.21.15.59:0/2550019294 >> [v2:172.21.15.59:6800/4131012954,v1:172.21.15.59:6801/4131012954] conn(0x7f3afc038f70 0x7f3afc03b430 unknown :-1 s=CLOSED pgs=9 cs=0 l=1 rev1=1 crypto rx=0 tx=0 comp rx=0 tx=0).stop
2024-03-18T14:47:30.920 INFO:teuthology.orchestra.run.smithi059.stdout:/usr/bin/ceph: stderr
2024-03-18T14:47:30.322+0000 7f3b1c800700 1 --2- 172.21.15.59:0/2550019294 >> [v2:172.21.15.59:3300/0,v1:172.21.15.59:6789/0] conn(0x7f3b14106d20 0x7f3b1419e130 secure :-1 s=CLOSED pgs=42 cs=0 l=1 rev1=1 crypto rx=0x7f3b08011980 tx=0x7f3b08003980 comp rx=0 tx=0).stop
2024-03-18T14:47:30.920 INFO:teuthology.orchestra.run.smithi059.stdout:/usr/bin/ceph: stderr
2024-03-18T14:47:30.322+0000 7f3b1c800700 1 -- 172.21.15.59:0/2550019294 >> 172.21.15.59:0/2550019294 conn(0x7f3b141022c0 msgr2=0x7f3b141031c0 unknown :-1 s=STATE_NONE l=0).mark_down
2024-03-18T14:47:30.921 INFO:teuthology.orchestra.run.smithi059.stdout:/usr/bin/ceph: stderr
2024-03-18T14:47:30.322+0000 7f3b1c800700 1 -- 172.21.15.59:0/2550019294 shutdown_connections
2024-03-18T14:47:30.921 INFO:teuthology.orchestra.run.smithi059.stdout:/usr/bin/ceph: stderr
2024-03-18T14:47:30.322+0000 7f3b1c800700 1 -- 172.21.15.59:0/2550019294 wait complete.
2024-03-18T14:47:31.529 INFO:journalctl@ceph.mon.a.smithi059.stdout:Mar 18 14:47:31 smithi059 ceph-mon[31744]: from='client.14136 -' entity='client.admin' cmd=[{"prefix": "cephadm generate-key", "target": ["mon-mgr", ""]}]: dispatch
2024-03-18T14:47:31.530 INFO:journalctl@ceph.mon.a.smithi059.stdout:Mar 18 14:47:31 smithi059 ceph-mon[31744]: Generating ssh key...
2024-03-18T14:47:31.530 INFO:journalctl@ceph.mon.a.smithi059.stdout:Mar 18 14:47:31 smithi059 ceph-mon[31744]: from='mgr.14120 172.21.15.59:0/3767153043' entity='mgr.x'
2024-03-18T14:47:31.530 INFO:journalctl@ceph.mon.a.smithi059.stdout:Mar 18 14:47:31 smithi059 ceph-mon[31744]: from='mgr.14120 172.21.15.59:0/3767153043' entity='mgr.x'
2024-03-18T14:47:32.446 INFO:teuthology.orchestra.run.smithi059.stdout:/usr/bin/ceph: stdout ssh-rsa AAAAB3NzaC1yc2EAAAADAQABAAABgQDEP/dfbbQrFfj3Z2KFEF2jd7ieGjo24P/kRjhtH40oyoBlcsQFvUnQy/RK+HVix/izK1zzy6RoJgjK7rRavrAlnsLW/vxbUveAjkIh46hva1LcWztvSORloHFXvR/sdpmuNBp78Pj9Gdvf+aNk0Xe89ZK970M/exh6K2eqpARNaw+14gOU4Gm8ml94qbBxEdfhm/aqE/Nl4uyAASbcxqy6qSRFmT2WQLXDGpNpx9WD8H3V7VvraprwsEagy0QHVzqu0d3SqNnWDUXSmrZ6MIGl/r6Py0SK2e1nxzIq/wbGzay7qvHFEu8JL6Z5RvFX+mgUDhsXXgwNtvt72K5o17wYax4sVLe69j/+gxv19+kuYOMMqZFDX9xvX4PAegV+WkL701i7zK2F4YPFz1lyf7JwngN+RypxjgzzJnQBruFgdLACXib0JHMdZIxC5E3Zf21O4aUqEcD+Bcb0QMRMxrrj2lrwMtXnFp29kQZ/OLRLHeu8SowlKmRNWAmSGfED3vE= ceph-de9d7d1e-e535-11ee-95c9-87774f69a715
2024-03-18T14:47:32.446 INFO:teuthology.orchestra.run.smithi059.stdout:/usr/bin/ceph: stderr
2024-03-18T14:47:31.528+0000 7f0c4fa00700 1 Processor -- start
2024-03-18T14:47:32.446 INFO:teuthology.orchestra.run.smithi059.stdout:/usr/bin/ceph: stderr
2024-03-18T14:47:31.528+0000 7f0c4fa00700 1 -- start start
2024-03-18T14:47:32.446 INFO:teuthology.orchestra.run.smithi059.stdout:/usr/bin/ceph: stderr
2024-03-18T14:47:31.528+0000 7f0c4fa00700 1 --2- >> [v2:172.21.15.59:3300/0,v1:172.21.15.59:6789/0] conn(0x7f0c48106d20 0x7f0c48107140 unknown :-1 s=NONE pgs=0 cs=0 l=0 rev1=0 crypto rx=0 tx=0 comp rx=0 tx=0).connect
2024-03-18T14:47:32.446 INFO:teuthology.orchestra.run.smithi059.stdout:/usr/bin/ceph: stderr
2024-03-18T14:47:31.528+0000 7f0c4fa00700 1 -- --> [v2:172.21.15.59:3300/0,v1:172.21.15.59:6789/0] -- mon_getmap magic: 0 -- 0x7f0c48107710 con 0x7f0c48106d20
2024-03-18T14:47:32.446 INFO:teuthology.orchestra.run.smithi059.stdout:/usr/bin/ceph: stderr
2024-03-18T14:47:31.529+0000 7f0c4d000700 1 --2- >> [v2:172.21.15.59:3300/0,v1:172.21.15.59:6789/0] conn(0x7f0c48106d20 0x7f0c48107140 unknown :-1 s=BANNER_CONNECTING pgs=0 cs=0 l=0 rev1=0 crypto rx=0 tx=0 comp rx=0 tx=0)._handle_peer_banner_payload supported=3 required=0
2024-03-18T14:47:32.446 INFO:teuthology.orchestra.run.smithi059.stdout:/usr/bin/ceph: stderr
2024-03-18T14:47:31.529+0000 7f0c4d000700 1 --2- >> [v2:172.21.15.59:3300/0,v1:172.21.15.59:6789/0] conn(0x7f0c48106d20 0x7f0c48107140 unknown :-1 s=HELLO_CONNECTING pgs=0 cs=0 l=0 rev1=1 crypto rx=0 tx=0 comp rx=0 tx=0).handle_hello peer v2:172.21.15.59:3300/0 says I am v2:172.21.15.59:48652/0 (socket says 172.21.15.59:48652)
2024-03-18T14:47:32.446 INFO:teuthology.orchestra.run.smithi059.stdout:/usr/bin/ceph: stderr
2024-03-18T14:47:31.529+0000 7f0c4d000700 1 -- 172.21.15.59:0/2821636984 learned_addr learned my addr 172.21.15.59:0/2821636984 (peer_addr_for_me v2:172.21.15.59:0/0)
2024-03-18T14:47:32.446 INFO:teuthology.orchestra.run.smithi059.stdout:/usr/bin/ceph: stderr
2024-03-18T14:47:31.529+0000 7f0c4d000700 1 -- 172.21.15.59:0/2821636984 --> [v2:172.21.15.59:3300/0,v1:172.21.15.59:6789/0] -- mon_subscribe({config=0+,monmap=0+}) -- 0x7f0c48107f20 con 0x7f0c48106d20
2024-03-18T14:47:32.449 INFO:teuthology.orchestra.run.smithi059.stdout:/usr/bin/ceph: stderr
2024-03-18T14:47:31.530+0000 7f0c4d000700 1 --2- 172.21.15.59:0/2821636984 >> [v2:172.21.15.59:3300/0,v1:172.21.15.59:6789/0] conn(0x7f0c48106d20 0x7f0c48107140 secure :-1 s=READY pgs=43 cs=0 l=1 rev1=1 crypto rx=0x7f0c3c0098a0 tx=0x7f0c3c009bb0 comp rx=0 tx=0).ready entity=mon.0 client_cookie=62cde7af6d15332d server_cookie=0 in_seq=0 out_seq=0
2024-03-18T14:47:32.449 INFO:teuthology.orchestra.run.smithi059.stdout:/usr/bin/ceph: stderr
2024-03-18T14:47:31.530+0000 7f0c47400700 1 -- 172.21.15.59:0/2821636984 <== mon.0 v2:172.21.15.59:3300/0 1 ==== mon_map magic: 0 ==== 205+0+0 (secure 0 0 0) 0x7f0c3c004160 con 0x7f0c48106d20
2024-03-18T14:47:32.449 INFO:teuthology.orchestra.run.smithi059.stdout:/usr/bin/ceph: stderr
2024-03-18T14:47:31.530+0000 7f0c47400700 1 -- 172.21.15.59:0/2821636984 <== mon.0 v2:172.21.15.59:3300/0 2 ==== config(29 keys) ==== 1178+0+0 (secure 0 0 0) 0x7f0c3c004300 con 0x7f0c48106d20
2024-03-18T14:47:32.450 INFO:teuthology.orchestra.run.smithi059.stdout:/usr/bin/ceph: stderr
2024-03-18T14:47:31.530+0000 7f0c47400700 1 -- 172.21.15.59:0/2821636984 <== mon.0 v2:172.21.15.59:3300/0 3 ==== mon_map magic: 0 ==== 205+0+0 (secure 0 0 0) 0x7f0c3c011cc0 con 0x7f0c48106d20
2024-03-18T14:47:32.450 INFO:teuthology.orchestra.run.smithi059.stdout:/usr/bin/ceph: stderr
2024-03-18T14:47:31.531+0000 7f0c4fa00700 1 -- 172.21.15.59:0/2821636984 >> [v2:172.21.15.59:3300/0,v1:172.21.15.59:6789/0] conn(0x7f0c48106d20 msgr2=0x7f0c48107140 secure :-1 s=STATE_CONNECTION_ESTABLISHED l=1).mark_down
2024-03-18T14:47:32.450 INFO:teuthology.orchestra.run.smithi059.stdout:/usr/bin/ceph: stderr
2024-03-18T14:47:31.531+0000 7f0c4fa00700 1 --2- 172.21.15.59:0/2821636984 >> [v2:172.21.15.59:3300/0,v1:172.21.15.59:6789/0] conn(0x7f0c48106d20 0x7f0c48107140 secure :-1 s=READY pgs=43 cs=0 l=1 rev1=1 crypto rx=0x7f0c3c0098a0 tx=0x7f0c3c009bb0 comp rx=0 tx=0).stop
2024-03-18T14:47:32.450 INFO:teuthology.orchestra.run.smithi059.stdout:/usr/bin/ceph: stderr
2024-03-18T14:47:31.531+0000 7f0c4fa00700 1 -- 172.21.15.59:0/2821636984 shutdown_connections
2024-03-18T14:47:32.450 INFO:teuthology.orchestra.run.smithi059.stdout:/usr/bin/ceph: stderr
2024-03-18T14:47:31.531+0000 7f0c4fa00700 1 --2- 172.21.15.59:0/2821636984 >> [v2:172.21.15.59:3300/0,v1:172.21.15.59:6789/0] conn(0x7f0c48106d20 0x7f0c48107140 unknown :-1 s=CLOSED pgs=43 cs=0 l=1 rev1=1 crypto rx=0 tx=0 comp rx=0 tx=0).stop
2024-03-18T14:47:32.450 INFO:teuthology.orchestra.run.smithi059.stdout:/usr/bin/ceph: stderr
2024-03-18T14:47:31.531+0000 7f0c4fa00700 1 -- 172.21.15.59:0/2821636984 >> 172.21.15.59:0/2821636984 conn(0x7f0c481022c0 msgr2=0x7f0c48104700 unknown :-1 s=STATE_NONE l=0).mark_down
2024-03-18T14:47:32.450 INFO:teuthology.orchestra.run.smithi059.stdout:/usr/bin/ceph: stderr
2024-03-18T14:47:31.531+0000 7f0c4fa00700 1 -- 172.21.15.59:0/2821636984 shutdown_connections
2024-03-18T14:47:32.450 INFO:teuthology.orchestra.run.smithi059.stdout:/usr/bin/ceph: stderr
2024-03-18T14:47:31.531+0000 7f0c4fa00700 1 -- 172.21.15.59:0/2821636984 wait complete.
2024-03-18T14:47:32.450 INFO:teuthology.orchestra.run.smithi059.stdout:/usr/bin/ceph: stderr
2024-03-18T14:47:31.533+0000 7f0c4fa00700 1 Processor -- start
2024-03-18T14:47:32.450 INFO:teuthology.orchestra.run.smithi059.stdout:/usr/bin/ceph: stderr
2024-03-18T14:47:31.533+0000 7f0c4fa00700 1 -- start start
2024-03-18T14:47:32.450 INFO:teuthology.orchestra.run.smithi059.stdout:/usr/bin/ceph: stderr
2024-03-18T14:47:31.533+0000 7f0c4fa00700 1 --2- >> [v2:172.21.15.59:3300/0,v1:172.21.15.59:6789/0] conn(0x7f0c48106d20 0x7f0c48191f90 unknown :-1 s=NONE pgs=0 cs=0 l=1 rev1=0 crypto rx=0 tx=0 comp rx=0 tx=0).connect
2024-03-18T14:47:32.450 INFO:teuthology.orchestra.run.smithi059.stdout:/usr/bin/ceph: stderr
2024-03-18T14:47:31.533+0000 7f0c4fa00700 1 -- --> [v2:172.21.15.59:3300/0,v1:172.21.15.59:6789/0] -- mon_getmap magic: 0 -- 0x7f0c4810b2d0 con 0x7f0c48106d20
2024-03-18T14:47:32.450 INFO:teuthology.orchestra.run.smithi059.stdout:/usr/bin/ceph: stderr
2024-03-18T14:47:31.533+0000 7f0c4d000700 1 --2- >> [v2:172.21.15.59:3300/0,v1:172.21.15.59:6789/0] conn(0x7f0c48106d20 0x7f0c48191f90 unknown :-1 s=BANNER_CONNECTING pgs=0 cs=0 l=1 rev1=0 crypto rx=0 tx=0 comp rx=0 tx=0)._handle_peer_banner_payload supported=3 required=0
2024-03-18T14:47:32.451 INFO:teuthology.orchestra.run.smithi059.stdout:/usr/bin/ceph: stderr
2024-03-18T14:47:31.533+0000 7f0c4d000700 1 --2- >> [v2:172.21.15.59:3300/0,v1:172.21.15.59:6789/0] conn(0x7f0c48106d20 0x7f0c48191f90 unknown :-1 s=HELLO_CONNECTING pgs=0 cs=0 l=1 rev1=1 crypto rx=0 tx=0 comp rx=0 tx=0).handle_hello peer v2:172.21.15.59:3300/0 says I am v2:172.21.15.59:48664/0 (socket says 172.21.15.59:48664)
2024-03-18T14:47:32.451 INFO:teuthology.orchestra.run.smithi059.stdout:/usr/bin/ceph: stderr
2024-03-18T14:47:31.533+0000 7f0c4d000700 1 -- 172.21.15.59:0/2364558321 learned_addr learned my addr 172.21.15.59:0/2364558321 (peer_addr_for_me v2:172.21.15.59:0/0)
2024-03-18T14:47:32.451 INFO:teuthology.orchestra.run.smithi059.stdout:/usr/bin/ceph: stderr
2024-03-18T14:47:31.534+0000 7f0c4d000700 1 -- 172.21.15.59:0/2364558321 --> [v2:172.21.15.59:3300/0,v1:172.21.15.59:6789/0] -- mon_subscribe({config=0+,monmap=0+}) -- 0x7f0c481924d0 con 0x7f0c48106d20
2024-03-18T14:47:32.451 INFO:teuthology.orchestra.run.smithi059.stdout:/usr/bin/ceph: stderr
2024-03-18T14:47:31.534+0000 7f0c4d000700 1 --2- 172.21.15.59:0/2364558321 >> [v2:172.21.15.59:3300/0,v1:172.21.15.59:6789/0] conn(0x7f0c48106d20 0x7f0c48191f90 secure :-1 s=READY pgs=44 cs=0 l=1 rev1=1 crypto rx=0x7f0c3c011980 tx=0x7f0c3c003980 comp rx=0 tx=0).ready entity=mon.0 client_cookie=0 server_cookie=0 in_seq=0 out_seq=0
2024-03-18T14:47:32.451 INFO:teuthology.orchestra.run.smithi059.stdout:/usr/bin/ceph: stderr
2024-03-18T14:47:31.534+0000 7f0c45600700 1 -- 172.21.15.59:0/2364558321 <== mon.0 v2:172.21.15.59:3300/0 1 ==== mon_map magic: 0 ==== 205+0+0 (secure 0 0 0) 0x7f0c3c003db0 con 0x7f0c48106d20
2024-03-18T14:47:32.451 INFO:teuthology.orchestra.run.smithi059.stdout:/usr/bin/ceph: stderr
2024-03-18T14:47:31.534+0000 7f0c45600700 1 -- 172.21.15.59:0/2364558321 <== mon.0 v2:172.21.15.59:3300/0 2 ==== config(29 keys) ==== 1178+0+0 (secure 0 0 0) 0x7f0c3c020070 con 0x7f0c48106d20
2024-03-18T14:47:32.451 INFO:teuthology.orchestra.run.smithi059.stdout:/usr/bin/ceph: stderr
2024-03-18T14:47:31.535+0000 7f0c4fa00700 1 -- 172.21.15.59:0/2364558321 --> [v2:172.21.15.59:3300/0,v1:172.21.15.59:6789/0] -- mon_subscribe({mgrmap=0+}) -- 0x7f0c481906c0 con 0x7f0c48106d20
2024-03-18T14:47:32.451 INFO:teuthology.orchestra.run.smithi059.stdout:/usr/bin/ceph: stderr
2024-03-18T14:47:31.535+0000 7f0c45600700 1 -- 172.21.15.59:0/2364558321 <== mon.0 v2:172.21.15.59:3300/0 3 ==== mon_map magic: 0 ==== 205+0+0 (secure 0 0 0) 0x7f0c3c019630 con 0x7f0c48106d20
2024-03-18T14:47:32.451 INFO:teuthology.orchestra.run.smithi059.stdout:/usr/bin/ceph: stderr
2024-03-18T14:47:31.535+0000 7f0c4fa00700 1 -- 172.21.15.59:0/2364558321 --> [v2:172.21.15.59:3300/0,v1:172.21.15.59:6789/0] -- mon_subscribe({osdmap=0}) -- 0x7f0c48190c00 con 0x7f0c48106d20
2024-03-18T14:47:32.451 INFO:teuthology.orchestra.run.smithi059.stdout:/usr/bin/ceph: stderr
2024-03-18T14:47:31.536+0000 7f0c45600700 1 -- 172.21.15.59:0/2364558321 <== mon.0 v2:172.21.15.59:3300/0 4 ==== mgrmap(e 8) ==== 46106+0+0 (secure 0 0 0) 0x7f0c3c01a430 con 0x7f0c48106d20
2024-03-18T14:47:32.453 INFO:teuthology.orchestra.run.smithi059.stdout:/usr/bin/ceph: stderr
2024-03-18T14:47:31.536+0000 7f0c4fa00700 1 -- 172.21.15.59:0/2364558321 --> [v2:172.21.15.59:3300/0,v1:172.21.15.59:6789/0] -- mon_command({"prefix": "get_command_descriptions"} v 0) -- 0x7f0c4810b450 con 0x7f0c48106d20
2024-03-18T14:47:32.453 INFO:teuthology.orchestra.run.smithi059.stdout:/usr/bin/ceph: stderr
2024-03-18T14:47:31.536+0000 7f0c45600700 1 --2- 172.21.15.59:0/2364558321 >> [v2:172.21.15.59:6800/4131012954,v1:172.21.15.59:6801/4131012954] conn(0x7f0c30038f20 0x7f0c3003b3e0 unknown :-1 s=NONE pgs=0 cs=0 l=1 rev1=0 crypto rx=0 tx=0 comp rx=0 tx=0).connect
2024-03-18T14:47:32.453 INFO:teuthology.orchestra.run.smithi059.stdout:/usr/bin/ceph: stderr
2024-03-18T14:47:31.536+0000 7f0c45600700 1 -- 172.21.15.59:0/2364558321 <== mon.0 v2:172.21.15.59:3300/0 5 ==== osd_map(2..2 src has 1..2) ==== 940+0+0 (secure 0 0 0) 0x7f0c3c04d1f0 con 0x7f0c48106d20
2024-03-18T14:47:32.454 INFO:teuthology.orchestra.run.smithi059.stdout:/usr/bin/ceph: stderr
2024-03-18T14:47:31.537+0000 7f0c47e00700 1 --2- 172.21.15.59:0/2364558321 >> [v2:172.21.15.59:6800/4131012954,v1:172.21.15.59:6801/4131012954] conn(0x7f0c30038f20 0x7f0c3003b3e0 unknown :-1 s=BANNER_CONNECTING pgs=0 cs=0 l=1 rev1=0 crypto rx=0 tx=0 comp rx=0 tx=0)._handle_peer_banner_payload supported=3 required=0
2024-03-18T14:47:32.454 INFO:teuthology.orchestra.run.smithi059.stdout:/usr/bin/ceph: stderr
2024-03-18T14:47:31.537+0000 7f0c47e00700 1 --2- 172.21.15.59:0/2364558321 >> [v2:172.21.15.59:6800/4131012954,v1:172.21.15.59:6801/4131012954] conn(0x7f0c30038f20 0x7f0c3003b3e0 secure :-1 s=READY pgs=10 cs=0 l=1 rev1=1 crypto rx=0x7f0c34006fd0 tx=0x7f0c34006e40 comp rx=0 tx=0).ready entity=mgr.14120 client_cookie=0 server_cookie=0 in_seq=0 out_seq=0
2024-03-18T14:47:32.454 INFO:teuthology.orchestra.run.smithi059.stdout:/usr/bin/ceph: stderr
2024-03-18T14:47:31.542+0000 7f0c45600700 1 -- 172.21.15.59:0/2364558321 <== mon.0 v2:172.21.15.59:3300/0 6 ==== mon_command_ack([{"prefix": "get_command_descriptions"}]=0 v0) ==== 72+0+186149 (secure 0 0 0) 0x7f0c3c01a720 con 0x7f0c48106d20
2024-03-18T14:47:32.454 INFO:teuthology.orchestra.run.smithi059.stdout:/usr/bin/ceph: stderr
2024-03-18T14:47:31.772+0000 7f0c4fa00700 1 -- 172.21.15.59:0/2364558321 --> [v2:172.21.15.59:6800/4131012954,v1:172.21.15.59:6801/4131012954] -- mgr_command(tid 0: {"prefix": "cephadm get-pub-key", "target": ["mon-mgr", ""]}) -- 0x7f0c480008d0 con 0x7f0c30038f20
2024-03-18T14:47:32.454 INFO:teuthology.orchestra.run.smithi059.stdout:/usr/bin/ceph: stderr
2024-03-18T14:47:31.773+0000 7f0c45600700 1 -- 172.21.15.59:0/2364558321 <== mgr.14120 v2:172.21.15.59:6800/4131012954 1 ==== mgr_command_reply(tid 0: 0 ) ==== 8+0+595 (secure 0 0 0) 0x7f0c480008d0 con 0x7f0c30038f20
2024-03-18T14:47:32.454 INFO:teuthology.orchestra.run.smithi059.stdout:/usr/bin/ceph: stderr
2024-03-18T14:47:31.776+0000 7f0c4fa00700 1 -- 172.21.15.59:0/2364558321 >> [v2:172.21.15.59:6800/4131012954,v1:172.21.15.59:6801/4131012954] conn(0x7f0c30038f20 msgr2=0x7f0c3003b3e0 secure :-1 s=STATE_CONNECTION_ESTABLISHED l=1).mark_down
2024-03-18T14:47:32.454 INFO:teuthology.orchestra.run.smithi059.stdout:/usr/bin/ceph: stderr
2024-03-18T14:47:31.776+0000 7f0c4fa00700 1 --2- 172.21.15.59:0/2364558321 >> [v2:172.21.15.59:6800/4131012954,v1:172.21.15.59:6801/4131012954] conn(0x7f0c30038f20 0x7f0c3003b3e0 secure :-1 s=READY pgs=10 cs=0 l=1 rev1=1 crypto rx=0x7f0c34006fd0 tx=0x7f0c34006e40 comp rx=0 tx=0).stop
2024-03-18T14:47:32.454 INFO:teuthology.orchestra.run.smithi059.stdout:/usr/bin/ceph: stderr
2024-03-18T14:47:31.776+0000 7f0c4fa00700 1 -- 172.21.15.59:0/2364558321 >> [v2:172.21.15.59:3300/0,v1:172.21.15.59:6789/0] conn(0x7f0c48106d20 msgr2=0x7f0c48191f90 secure :-1 s=STATE_CONNECTION_ESTABLISHED l=1).mark_down
2024-03-18T14:47:32.454 INFO:teuthology.orchestra.run.smithi059.stdout:/usr/bin/ceph: stderr
2024-03-18T14:47:31.776+0000 7f0c4fa00700 1 --2- 172.21.15.59:0/2364558321 >> [v2:172.21.15.59:3300/0,v1:172.21.15.59:6789/0] conn(0x7f0c48106d20 0x7f0c48191f90 secure :-1 s=READY pgs=44 cs=0 l=1 rev1=1 crypto rx=0x7f0c3c011980 tx=0x7f0c3c003980 comp rx=0 tx=0).stop
2024-03-18T14:47:32.454 INFO:teuthology.orchestra.run.smithi059.stdout:/usr/bin/ceph: stderr
2024-03-18T14:47:31.776+0000 7f0c4fa00700 1 -- 172.21.15.59:0/2364558321 shutdown_connections
2024-03-18T14:47:32.454 INFO:teuthology.orchestra.run.smithi059.stdout:/usr/bin/ceph: stderr
2024-03-18T14:47:31.776+0000 7f0c4fa00700 1 --2- 172.21.15.59:0/2364558321 >> [v2:172.21.15.59:6800/4131012954,v1:172.21.15.59:6801/4131012954] conn(0x7f0c30038f20 0x7f0c3003b3e0 unknown :-1 s=CLOSED pgs=10 cs=0 l=1 rev1=1 crypto rx=0 tx=0 comp rx=0 tx=0).stop
2024-03-18T14:47:32.454 INFO:teuthology.orchestra.run.smithi059.stdout:/usr/bin/ceph: stderr
2024-03-18T14:47:31.776+0000 7f0c4fa00700 1 --2- 172.21.15.59:0/2364558321 >> [v2:172.21.15.59:3300/0,v1:172.21.15.59:6789/0] conn(0x7f0c48106d20 0x7f0c48191f90 unknown :-1 s=CLOSED pgs=44 cs=0 l=1 rev1=1 crypto rx=0 tx=0 comp rx=0 tx=0).stop
2024-03-18T14:47:32.454 INFO:teuthology.orchestra.run.smithi059.stdout:/usr/bin/ceph: stderr
2024-03-18T14:47:31.776+0000 7f0c4fa00700 1 -- 172.21.15.59:0/2364558321 >> 172.21.15.59:0/2364558321 conn(0x7f0c481022c0 msgr2=0x7f0c481031e0 unknown :-1 s=STATE_NONE l=0).mark_down
2024-03-18T14:47:32.455 INFO:teuthology.orchestra.run.smithi059.stdout:/usr/bin/ceph: stderr
2024-03-18T14:47:31.777+0000 7f0c4fa00700 1 -- 172.21.15.59:0/2364558321 shutdown_connections
2024-03-18T14:47:32.455 INFO:teuthology.orchestra.run.smithi059.stdout:/usr/bin/ceph: stderr
2024-03-18T14:47:31.777+0000 7f0c4fa00700 1 -- 172.21.15.59:0/2364558321 wait complete.
2024-03-18T14:47:32.455 INFO:teuthology.orchestra.run.smithi059.stdout:Wrote public SSH key to /home/ubuntu/cephtest/ceph.pub
2024-03-18T14:47:32.455 INFO:teuthology.orchestra.run.smithi059.stdout:Adding key to root@localhost authorized_keys...
2024-03-18T14:47:32.455 INFO:teuthology.orchestra.run.smithi059.stdout:Adding host smithi059...
2024-03-18T14:47:32.740 INFO:journalctl@ceph.mon.a.smithi059.stdout:Mar 18 14:47:32 smithi059 ceph-mon[31744]: from='client.14138 -' entity='client.admin' cmd=[{"prefix": "cephadm get-pub-key", "target": ["mon-mgr", ""]}]: dispatch
2024-03-18T14:47:33.629 INFO:journalctl@ceph.mon.a.smithi059.stdout:Mar 18 14:47:33 smithi059 ceph-mon[31744]: from='client.14140 -' entity='client.admin' cmd=[{"prefix": "orch host add", "hostname": "smithi059", "addr": "172.21.15.59", "target": ["mon-mgr", ""]}]: dispatch
2024-03-18T14:47:35.899 INFO:journalctl@ceph.mon.a.smithi059.stdout:Mar 18 14:47:35 smithi059 ceph-mon[31744]: Deploying cephadm binary to smithi059
2024-03-18T14:47:40.730 INFO:teuthology.orchestra.run.smithi059.stdout:/usr/bin/ceph: stdout Added host 'smithi059' with addr '172.21.15.59'
2024-03-18T14:47:40.730 INFO:teuthology.orchestra.run.smithi059.stdout:/usr/bin/ceph: stderr
2024-03-18T14:47:33.035+0000 7f2937e00700 1 Processor -- start
2024-03-18T14:47:40.730 INFO:teuthology.orchestra.run.smithi059.stdout:/usr/bin/ceph: stderr
2024-03-18T14:47:33.035+0000 7f2937e00700 1 -- start start
2024-03-18T14:47:40.731 INFO:teuthology.orchestra.run.smithi059.stdout:/usr/bin/ceph: stderr
2024-03-18T14:47:33.036+0000 7f2937e00700 1 --2- >> [v2:172.21.15.59:3300/0,v1:172.21.15.59:6789/0] conn(0x7f2930107e60 0x7f2930108280 unknown :-1 s=NONE pgs=0 cs=0 l=0 rev1=0 crypto rx=0 tx=0 comp rx=0 tx=0).connect
2024-03-18T14:47:40.731 INFO:teuthology.orchestra.run.smithi059.stdout:/usr/bin/ceph: stderr
2024-03-18T14:47:33.036+0000 7f2937e00700 1 -- --> [v2:172.21.15.59:3300/0,v1:172.21.15.59:6789/0] -- mon_getmap magic: 0 -- 0x7f2930108850 con 0x7f2930107e60
2024-03-18T14:47:40.731 INFO:teuthology.orchestra.run.smithi059.stdout:/usr/bin/ceph: stderr
2024-03-18T14:47:33.036+0000 7f2935400700 1 --2- >> [v2:172.21.15.59:3300/0,v1:172.21.15.59:6789/0] conn(0x7f2930107e60 0x7f2930108280 unknown :-1 s=BANNER_CONNECTING pgs=0 cs=0 l=0 rev1=0 crypto rx=0 tx=0 comp rx=0 tx=0)._handle_peer_banner_payload supported=3 required=0
2024-03-18T14:47:40.731 INFO:teuthology.orchestra.run.smithi059.stdout:/usr/bin/ceph: stderr
2024-03-18T14:47:33.036+0000 7f2935400700 1 --2- >> [v2:172.21.15.59:3300/0,v1:172.21.15.59:6789/0] conn(0x7f2930107e60 0x7f2930108280 unknown :-1 s=HELLO_CONNECTING pgs=0 cs=0 l=0 rev1=1 crypto rx=0 tx=0 comp rx=0 tx=0).handle_hello peer v2:172.21.15.59:3300/0 says I am v2:172.21.15.59:48676/0 (socket says 172.21.15.59:48676)
2024-03-18T14:47:40.731 INFO:teuthology.orchestra.run.smithi059.stdout:/usr/bin/ceph: stderr
2024-03-18T14:47:33.036+0000 7f2935400700 1 -- 172.21.15.59:0/2810357890 learned_addr learned my addr 172.21.15.59:0/2810357890 (peer_addr_for_me v2:172.21.15.59:0/0)
2024-03-18T14:47:40.731 INFO:teuthology.orchestra.run.smithi059.stdout:/usr/bin/ceph: stderr
2024-03-18T14:47:33.037+0000 7f2935400700 1 -- 172.21.15.59:0/2810357890 --> [v2:172.21.15.59:3300/0,v1:172.21.15.59:6789/0] -- mon_subscribe({config=0+,monmap=0+}) -- 0x7f2930108fc0 con 0x7f2930107e60
2024-03-18T14:47:40.731 INFO:teuthology.orchestra.run.smithi059.stdout:/usr/bin/ceph: stderr
2024-03-18T14:47:33.037+0000 7f2935400700 1 --2- 172.21.15.59:0/2810357890 >> [v2:172.21.15.59:3300/0,v1:172.21.15.59:6789/0] conn(0x7f2930107e60 0x7f2930108280 secure :-1 s=READY pgs=45 cs=0 l=1 rev1=1 crypto rx=0x7f29240098a0 tx=0x7f2924009bb0 comp rx=0 tx=0).ready entity=mon.0 client_cookie=5f1793ca8d7301d2 server_cookie=0 in_seq=0 out_seq=0
2024-03-18T14:47:40.731 INFO:teuthology.orchestra.run.smithi059.stdout:/usr/bin/ceph: stderr
2024-03-18T14:47:33.037+0000 7f292fe00700 1 -- 172.21.15.59:0/2810357890 <== mon.0 v2:172.21.15.59:3300/0 1 ==== mon_map magic: 0 ==== 205+0+0 (secure 0 0 0) 0x7f2924004160 con 0x7f2930107e60
2024-03-18T14:47:40.731 INFO:teuthology.orchestra.run.smithi059.stdout:/usr/bin/ceph: stderr
2024-03-18T14:47:33.038+0000 7f292fe00700 1 -- 172.21.15.59:0/2810357890 <== mon.0 v2:172.21.15.59:3300/0 2 ==== config(29 keys) ==== 1178+0+0 (secure 0 0 0) 0x7f2924004300 con 0x7f2930107e60
2024-03-18T14:47:40.731 INFO:teuthology.orchestra.run.smithi059.stdout:/usr/bin/ceph: stderr
2024-03-18T14:47:33.038+0000 7f292fe00700 1 -- 172.21.15.59:0/2810357890 <== mon.0 v2:172.21.15.59:3300/0 3 ==== mon_map magic: 0 ==== 205+0+0 (secure 0 0 0) 0x7f2924011cc0 con 0x7f2930107e60
2024-03-18T14:47:40.731 INFO:teuthology.orchestra.run.smithi059.stdout:/usr/bin/ceph: stderr
2024-03-18T14:47:33.038+0000 7f2937e00700 1 -- 172.21.15.59:0/2810357890 >> [v2:172.21.15.59:3300/0,v1:172.21.15.59:6789/0] conn(0x7f2930107e60 msgr2=0x7f2930108280 secure :-1 s=STATE_CONNECTION_ESTABLISHED l=1).mark_down
2024-03-18T14:47:40.731 INFO:teuthology.orchestra.run.smithi059.stdout:/usr/bin/ceph: stderr
2024-03-18T14:47:33.038+0000 7f2937e00700 1 --2- 172.21.15.59:0/2810357890 >> [v2:172.21.15.59:3300/0,v1:172.21.15.59:6789/0] conn(0x7f2930107e60 0x7f2930108280 secure :-1 s=READY pgs=45 cs=0 l=1 rev1=1 crypto rx=0x7f29240098a0 tx=0x7f2924009bb0 comp rx=0 tx=0).stop
2024-03-18T14:47:40.732 INFO:teuthology.orchestra.run.smithi059.stdout:/usr/bin/ceph: stderr
2024-03-18T14:47:33.038+0000 7f2937e00700 1 -- 172.21.15.59:0/2810357890 shutdown_connections
2024-03-18T14:47:40.732 INFO:teuthology.orchestra.run.smithi059.stdout:/usr/bin/ceph: stderr
2024-03-18T14:47:33.038+0000 7f2937e00700 1 --2- 172.21.15.59:0/2810357890 >> [v2:172.21.15.59:3300/0,v1:172.21.15.59:6789/0] conn(0x7f2930107e60 0x7f2930108280 unknown :-1 s=CLOSED pgs=45 cs=0 l=1 rev1=1 crypto rx=0 tx=0 comp rx=0 tx=0).stop
2024-03-18T14:47:40.732 INFO:teuthology.orchestra.run.smithi059.stdout:/usr/bin/ceph: stderr
2024-03-18T14:47:33.038+0000 7f2937e00700 1 -- 172.21.15.59:0/2810357890 >> 172.21.15.59:0/2810357890 conn(0x7f2930103440 msgr2=0x7f2930105860 unknown :-1 s=STATE_NONE l=0).mark_down
2024-03-18T14:47:40.732 INFO:teuthology.orchestra.run.smithi059.stdout:/usr/bin/ceph: stderr
2024-03-18T14:47:33.039+0000 7f2937e00700 1 -- 172.21.15.59:0/2810357890 shutdown_connections
2024-03-18T14:47:40.732 INFO:teuthology.orchestra.run.smithi059.stdout:/usr/bin/ceph: stderr
2024-03-18T14:47:33.039+0000 7f2937e00700 1 -- 172.21.15.59:0/2810357890 wait complete.
2024-03-18T14:47:40.732 INFO:teuthology.orchestra.run.smithi059.stdout:/usr/bin/ceph: stderr
2024-03-18T14:47:33.040+0000 7f2937e00700 1 Processor -- start
2024-03-18T14:47:40.732 INFO:teuthology.orchestra.run.smithi059.stdout:/usr/bin/ceph: stderr
2024-03-18T14:47:33.040+0000 7f2937e00700 1 -- start start
2024-03-18T14:47:40.732 INFO:teuthology.orchestra.run.smithi059.stdout:/usr/bin/ceph: stderr
2024-03-18T14:47:33.040+0000 7f2937e00700 1 --2- >> [v2:172.21.15.59:3300/0,v1:172.21.15.59:6789/0] conn(0x7f2930107e60 0x7f293019e050 unknown :-1 s=NONE pgs=0 cs=0 l=1 rev1=0 crypto rx=0 tx=0 comp rx=0 tx=0).connect
2024-03-18T14:47:40.732 INFO:teuthology.orchestra.run.smithi059.stdout:/usr/bin/ceph: stderr
2024-03-18T14:47:33.040+0000 7f2937e00700 1 -- --> [v2:172.21.15.59:3300/0,v1:172.21.15.59:6789/0] -- mon_getmap magic: 0 -- 0x7f293010c370 con 0x7f2930107e60
2024-03-18T14:47:40.732 INFO:teuthology.orchestra.run.smithi059.stdout:/usr/bin/ceph: stderr
2024-03-18T14:47:33.041+0000 7f2935400700 1 --2- >> [v2:172.21.15.59:3300/0,v1:172.21.15.59:6789/0] conn(0x7f2930107e60 0x7f293019e050 unknown :-1 s=BANNER_CONNECTING pgs=0 cs=0 l=1 rev1=0 crypto rx=0 tx=0 comp rx=0 tx=0)._handle_peer_banner_payload supported=3 required=0
2024-03-18T14:47:40.732 INFO:teuthology.orchestra.run.smithi059.stdout:/usr/bin/ceph: stderr
2024-03-18T14:47:33.041+0000 7f2935400700 1 --2- >> [v2:172.21.15.59:3300/0,v1:172.21.15.59:6789/0] conn(0x7f2930107e60 0x7f293019e050 unknown :-1 s=HELLO_CONNECTING pgs=0 cs=0 l=1 rev1=1 crypto rx=0 tx=0 comp rx=0 tx=0).handle_hello peer v2:172.21.15.59:3300/0 says I am v2:172.21.15.59:48692/0 (socket says 172.21.15.59:48692)
2024-03-18T14:47:40.732 INFO:teuthology.orchestra.run.smithi059.stdout:/usr/bin/ceph: stderr
2024-03-18T14:47:33.041+0000 7f2935400700 1 -- 172.21.15.59:0/2959939506 learned_addr learned my addr 172.21.15.59:0/2959939506 (peer_addr_for_me v2:172.21.15.59:0/0)
2024-03-18T14:47:40.732 INFO:teuthology.orchestra.run.smithi059.stdout:/usr/bin/ceph: stderr
2024-03-18T14:47:33.041+0000 7f2935400700 1 -- 172.21.15.59:0/2959939506 --> [v2:172.21.15.59:3300/0,v1:172.21.15.59:6789/0] -- mon_subscribe({config=0+,monmap=0+}) -- 0x7f293019e590 con 0x7f2930107e60
2024-03-18T14:47:40.732 INFO:teuthology.orchestra.run.smithi059.stdout:/usr/bin/ceph: stderr
2024-03-18T14:47:33.041+0000 7f2935400700 1 --2- 172.21.15.59:0/2959939506 >> [v2:172.21.15.59:3300/0,v1:172.21.15.59:6789/0] conn(0x7f2930107e60 0x7f293019e050 secure :-1 s=READY pgs=46 cs=0 l=1 rev1=1 crypto rx=0x7f2924009fb0 tx=0x7f2924003980 comp rx=0 tx=0).ready entity=mon.0 client_cookie=0 server_cookie=0 in_seq=0 out_seq=0
2024-03-18T14:47:40.733 INFO:teuthology.orchestra.run.smithi059.stdout:/usr/bin/ceph: stderr
2024-03-18T14:47:33.042+0000 7f292e000700 1 -- 172.21.15.59:0/2959939506 <== mon.0 v2:172.21.15.59:3300/0 1 ==== mon_map magic: 0 ==== 205+0+0 (secure 0 0 0) 0x7f2924011dd0 con 0x7f2930107e60
2024-03-18T14:47:40.733 INFO:teuthology.orchestra.run.smithi059.stdout:/usr/bin/ceph: stderr
2024-03-18T14:47:33.042+0000 7f292e000700 1 -- 172.21.15.59:0/2959939506 <== mon.0 v2:172.21.15.59:3300/0 2 ==== config(29 keys) ==== 1178+0+0 (secure 0 0 0) 0x7f292401a430 con 0x7f2930107e60
2024-03-18T14:47:40.733 INFO:teuthology.orchestra.run.smithi059.stdout:/usr/bin/ceph: stderr
2024-03-18T14:47:33.042+0000 7f292e000700 1 -- 172.21.15.59:0/2959939506 <== mon.0 v2:172.21.15.59:3300/0 3 ==== mon_map magic: 0 ==== 205+0+0 (secure 0 0 0) 0x7f2924019610 con 0x7f2930107e60
2024-03-18T14:47:40.733 INFO:teuthology.orchestra.run.smithi059.stdout:/usr/bin/ceph: stderr
2024-03-18T14:47:33.042+0000 7f2937e00700 1 -- 172.21.15.59:0/2959939506 --> [v2:172.21.15.59:3300/0,v1:172.21.15.59:6789/0] -- mon_subscribe({mgrmap=0+}) -- 0x7f293019e820 con 0x7f2930107e60
2024-03-18T14:47:40.733 INFO:teuthology.orchestra.run.smithi059.stdout:/usr/bin/ceph: stderr
2024-03-18T14:47:33.042+0000 7f2937e00700 1 -- 172.21.15.59:0/2959939506 --> [v2:172.21.15.59:3300/0,v1:172.21.15.59:6789/0] -- mon_subscribe({osdmap=0}) -- 0x7f29301a1510 con 0x7f2930107e60
2024-03-18T14:47:40.733 INFO:teuthology.orchestra.run.smithi059.stdout:/usr/bin/ceph: stderr
2024-03-18T14:47:33.043+0000 7f292e000700 1 -- 172.21.15.59:0/2959939506 <== mon.0 v2:172.21.15.59:3300/0 4 ==== mgrmap(e 8) ==== 46106+0+0 (secure 0 0 0) 0x7f292401aac0 con 0x7f2930107e60
2024-03-18T14:47:40.733 INFO:teuthology.orchestra.run.smithi059.stdout:/usr/bin/ceph: stderr
2024-03-18T14:47:33.043+0000 7f2937e00700 1 -- 172.21.15.59:0/2959939506 --> [v2:172.21.15.59:3300/0,v1:172.21.15.59:6789/0] -- mon_command({"prefix": "get_command_descriptions"} v 0) -- 0x7f293010c4f0 con 0x7f2930107e60
2024-03-18T14:47:40.733 INFO:teuthology.orchestra.run.smithi059.stdout:/usr/bin/ceph: stderr
2024-03-18T14:47:33.043+0000 7f292e000700 1 --2- 172.21.15.59:0/2959939506 >> [v2:172.21.15.59:6800/4131012954,v1:172.21.15.59:6801/4131012954] conn(0x7f2918038f20 0x7f291803b3e0 unknown :-1 s=NONE pgs=0 cs=0 l=1 rev1=0 crypto rx=0 tx=0 comp rx=0 tx=0).connect
2024-03-18T14:47:40.733 INFO:teuthology.orchestra.run.smithi059.stdout:/usr/bin/ceph: stderr
2024-03-18T14:47:33.044+0000 7f292e000700 1 -- 172.21.15.59:0/2959939506 <== mon.0 v2:172.21.15.59:3300/0 5 ==== osd_map(2..2 src has 1..2) ==== 940+0+0 (secure 0 0 0) 0x7f292404d0a0 con 0x7f2930107e60
2024-03-18T14:47:40.733 INFO:teuthology.orchestra.run.smithi059.stdout:/usr/bin/ceph: stderr
2024-03-18T14:47:33.044+0000 7f2934a00700 1 --2- 172.21.15.59:0/2959939506 >> [v2:172.21.15.59:6800/4131012954,v1:172.21.15.59:6801/4131012954] conn(0x7f2918038f20 0x7f291803b3e0 unknown :-1 s=BANNER_CONNECTING pgs=0 cs=0 l=1 rev1=0 crypto rx=0 tx=0 comp rx=0 tx=0)._handle_peer_banner_payload supported=3 required=0
2024-03-18T14:47:40.733 INFO:teuthology.orchestra.run.smithi059.stdout:/usr/bin/ceph: stderr
2024-03-18T14:47:33.044+0000 7f2934a00700 1 --2- 172.21.15.59:0/2959939506 >> [v2:172.21.15.59:6800/4131012954,v1:172.21.15.59:6801/4131012954] conn(0x7f2918038f20 0x7f291803b3e0 secure :-1 s=READY pgs=11 cs=0 l=1 rev1=1 crypto rx=0x7f291c006fd0 tx=0x7f291c006e40 comp rx=0 tx=0).ready entity=mgr.14120 client_cookie=0 server_cookie=0 in_seq=0 out_seq=0
2024-03-18T14:47:40.733 INFO:teuthology.orchestra.run.smithi059.stdout:/usr/bin/ceph: stderr
2024-03-18T14:47:33.049+0000 7f292e000700 1 -- 172.21.15.59:0/2959939506 <== mon.0 v2:172.21.15.59:3300/0 6 ==== mon_command_ack([{"prefix": "get_command_descriptions"}]=0 v0) ==== 72+0+186149 (secure 0 0 0) 0x7f292404c9f0 con 0x7f2930107e60
2024-03-18T14:47:40.733 INFO:teuthology.orchestra.run.smithi059.stdout:/usr/bin/ceph: stderr
2024-03-18T14:47:33.280+0000 7f2937e00700 1 -- 172.21.15.59:0/2959939506 --> [v2:172.21.15.59:6800/4131012954,v1:172.21.15.59:6801/4131012954] -- mgr_command(tid 0: {"prefix": "orch host add", "hostname": "smithi059", "addr": "172.21.15.59", "target": ["mon-mgr", ""]}) -- 0x7f29301046b0 con 0x7f2918038f20
2024-03-18T14:47:40.733 INFO:teuthology.orchestra.run.smithi059.stdout:/usr/bin/ceph: stderr
2024-03-18T14:47:40.051+0000 7f292e000700 1 -- 172.21.15.59:0/2959939506 <== mgr.14120 v2:172.21.15.59:6800/4131012954 1 ==== mgr_command_reply(tid 0: 0 ) ==== 8+0+48 (secure 0 0 0) 0x7f29301046b0 con 0x7f2918038f20
2024-03-18T14:47:40.734 INFO:teuthology.orchestra.run.smithi059.stdout:/usr/bin/ceph: stderr
2024-03-18T14:47:40.057+0000 7f2937e00700 1 -- 172.21.15.59:0/2959939506 >> [v2:172.21.15.59:6800/4131012954,v1:172.21.15.59:6801/4131012954] conn(0x7f2918038f20 msgr2=0x7f291803b3e0 secure :-1 s=STATE_CONNECTION_ESTABLISHED l=1).mark_down
2024-03-18T14:47:40.734 INFO:teuthology.orchestra.run.smithi059.stdout:/usr/bin/ceph: stderr
2024-03-18T14:47:40.057+0000 7f2937e00700 1 --2- 172.21.15.59:0/2959939506 >> [v2:172.21.15.59:6800/4131012954,v1:172.21.15.59:6801/4131012954] conn(0x7f2918038f20 0x7f291803b3e0 secure :-1 s=READY pgs=11 cs=0 l=1 rev1=1 crypto rx=0x7f291c006fd0 tx=0x7f291c006e40 comp rx=0 tx=0).stop
2024-03-18T14:47:40.734 INFO:teuthology.orchestra.run.smithi059.stdout:/usr/bin/ceph: stderr
2024-03-18T14:47:40.057+0000 7f2937e00700 1 -- 172.21.15.59:0/2959939506 >> [v2:172.21.15.59:3300/0,v1:172.21.15.59:6789/0] conn(0x7f2930107e60 msgr2=0x7f293019e050 secure :-1 s=STATE_CONNECTION_ESTABLISHED l=1).mark_down
2024-03-18T14:47:40.734 INFO:teuthology.orchestra.run.smithi059.stdout:/usr/bin/ceph: stderr
2024-03-18T14:47:40.057+0000 7f2937e00700 1 --2- 172.21.15.59:0/2959939506 >> [v2:172.21.15.59:3300/0,v1:172.21.15.59:6789/0] conn(0x7f2930107e60 0x7f293019e050 secure :-1 s=READY pgs=46 cs=0 l=1 rev1=1 crypto rx=0x7f2924009fb0 tx=0x7f2924003980 comp rx=0 tx=0).stop
2024-03-18T14:47:40.734 INFO:teuthology.orchestra.run.smithi059.stdout:/usr/bin/ceph: stderr
2024-03-18T14:47:40.057+0000 7f2937e00700 1 -- 172.21.15.59:0/2959939506 shutdown_connections
2024-03-18T14:47:40.734 INFO:teuthology.orchestra.run.smithi059.stdout:/usr/bin/ceph: stderr
2024-03-18T14:47:40.057+0000 7f2937e00700 1 --2- 172.21.15.59:0/2959939506 >> [v2:172.21.15.59:6800/4131012954,v1:172.21.15.59:6801/4131012954] conn(0x7f2918038f20 0x7f291803b3e0 unknown :-1 s=CLOSED pgs=11 cs=0 l=1 rev1=1 crypto rx=0 tx=0 comp rx=0 tx=0).stop
2024-03-18T14:47:40.734 INFO:teuthology.orchestra.run.smithi059.stdout:/usr/bin/ceph: stderr
2024-03-18T14:47:40.057+0000 7f2937e00700 1 --2- 172.21.15.59:0/2959939506 >> [v2:172.21.15.59:3300/0,v1:172.21.15.59:6789/0] conn(0x7f2930107e60 0x7f293019e050 unknown :-1 s=CLOSED pgs=46 cs=0 l=1 rev1=1 crypto rx=0 tx=0 comp rx=0 tx=0).stop
2024-03-18T14:47:40.734 INFO:teuthology.orchestra.run.smithi059.stdout:/usr/bin/ceph: stderr
2024-03-18T14:47:40.057+0000 7f2937e00700 1 -- 172.21.15.59:0/2959939506 >> 172.21.15.59:0/2959939506 conn(0x7f2930103440 msgr2=0x7f2930103fa0 unknown :-1 s=STATE_NONE l=0).mark_down
2024-03-18T14:47:40.734 INFO:teuthology.orchestra.run.smithi059.stdout:/usr/bin/ceph: stderr
2024-03-18T14:47:40.058+0000 7f2937e00700 1 -- 172.21.15.59:0/2959939506 shutdown_connections
2024-03-18T14:47:40.734 INFO:teuthology.orchestra.run.smithi059.stdout:/usr/bin/ceph: stderr
2024-03-18T14:47:40.058+0000 7f2937e00700 1 -- 172.21.15.59:0/2959939506 wait complete.
2024-03-18T14:47:40.734 INFO:teuthology.orchestra.run.smithi059.stdout:Deploying unmanaged mon service...
2024-03-18T14:47:41.330 INFO:journalctl@ceph.mon.a.smithi059.stdout:Mar 18 14:47:41 smithi059 ceph-mon[31744]: from='mgr.14120 172.21.15.59:0/3767153043' entity='mgr.x'
2024-03-18T14:47:41.331 INFO:journalctl@ceph.mon.a.smithi059.stdout:Mar 18 14:47:41 smithi059 ceph-mon[31744]: Added host smithi059
2024-03-18T14:47:41.331 INFO:journalctl@ceph.mon.a.smithi059.stdout:Mar 18 14:47:41 smithi059 ceph-mon[31744]: from='mgr.14120 172.21.15.59:0/3767153043' entity='mgr.x' cmd=[{"prefix": "config dump", "format": "json"}]: dispatch
2024-03-18T14:47:42.245 INFO:teuthology.orchestra.run.smithi059.stdout:/usr/bin/ceph: stdout Scheduled mon update...
2024-03-18T14:47:42.245 INFO:teuthology.orchestra.run.smithi059.stdout:/usr/bin/ceph: stderr
2024-03-18T14:47:41.328+0000 7f924be00700 1 Processor -- start
2024-03-18T14:47:42.246 INFO:teuthology.orchestra.run.smithi059.stdout:/usr/bin/ceph: stderr
2024-03-18T14:47:41.328+0000 7f924be00700 1 -- start start
2024-03-18T14:47:42.246 INFO:teuthology.orchestra.run.smithi059.stdout:/usr/bin/ceph: stderr
2024-03-18T14:47:41.329+0000 7f924be00700 1 --2- >> [v2:172.21.15.59:3300/0,v1:172.21.15.59:6789/0] conn(0x7f924410ec90 0x7f9244111080 unknown :-1 s=NONE pgs=0 cs=0 l=0 rev1=0 crypto rx=0 tx=0 comp rx=0 tx=0).connect
2024-03-18T14:47:42.246 INFO:teuthology.orchestra.run.smithi059.stdout:/usr/bin/ceph: stderr
2024-03-18T14:47:41.329+0000 7f924be00700 1 -- --> [v2:172.21.15.59:3300/0,v1:172.21.15.59:6789/0] -- mon_getmap magic: 0 -- 0x7f92441115c0 con 0x7f924410ec90
2024-03-18T14:47:42.246 INFO:teuthology.orchestra.run.smithi059.stdout:/usr/bin/ceph: stderr
2024-03-18T14:47:41.329+0000 7f9249400700 1 --2- >> [v2:172.21.15.59:3300/0,v1:172.21.15.59:6789/0] conn(0x7f924410ec90 0x7f9244111080 unknown :-1 s=BANNER_CONNECTING pgs=0 cs=0 l=0 rev1=0 crypto rx=0 tx=0 comp rx=0 tx=0)._handle_peer_banner_payload supported=3 required=0
2024-03-18T14:47:42.247 INFO:teuthology.orchestra.run.smithi059.stdout:/usr/bin/ceph: stderr
2024-03-18T14:47:41.329+0000 7f9249400700 1 --2- >> [v2:172.21.15.59:3300/0,v1:172.21.15.59:6789/0] conn(0x7f924410ec90 0x7f9244111080 unknown :-1 s=HELLO_CONNECTING pgs=0 cs=0 l=0 rev1=1 crypto rx=0 tx=0 comp rx=0 tx=0).handle_hello peer v2:172.21.15.59:3300/0 says I am v2:172.21.15.59:43144/0 (socket says 172.21.15.59:43144)
2024-03-18T14:47:42.247 INFO:teuthology.orchestra.run.smithi059.stdout:/usr/bin/ceph: stderr
2024-03-18T14:47:41.329+0000 7f9249400700 1 -- 172.21.15.59:0/369288027 learned_addr learned my addr 172.21.15.59:0/369288027 (peer_addr_for_me v2:172.21.15.59:0/0)
2024-03-18T14:47:42.247 INFO:teuthology.orchestra.run.smithi059.stdout:/usr/bin/ceph: stderr
2024-03-18T14:47:41.330+0000 7f9249400700 1 -- 172.21.15.59:0/369288027 --> [v2:172.21.15.59:3300/0,v1:172.21.15.59:6789/0] -- mon_subscribe({config=0+,monmap=0+}) -- 0x7f9244111740 con 0x7f924410ec90
2024-03-18T14:47:42.247 INFO:teuthology.orchestra.run.smithi059.stdout:/usr/bin/ceph: stderr
2024-03-18T14:47:41.330+0000 7f9249400700 1 --2- 172.21.15.59:0/369288027 >> [v2:172.21.15.59:3300/0,v1:172.21.15.59:6789/0] conn(0x7f924410ec90 0x7f9244111080 secure :-1 s=READY pgs=47 cs=0 l=1 rev1=1 crypto rx=0x7f92380098a0 tx=0x7f9238009bb0 comp rx=0 tx=0).ready entity=mon.0 client_cookie=95c6bbc27d8932e6 server_cookie=0 in_seq=0 out_seq=0
2024-03-18T14:47:42.247 INFO:teuthology.orchestra.run.smithi059.stdout:/usr/bin/ceph: stderr
2024-03-18T14:47:41.331+0000 7f9243e00700 1 -- 172.21.15.59:0/369288027 <== mon.0 v2:172.21.15.59:3300/0 1 ==== mon_map magic: 0 ==== 205+0+0 (secure 0 0 0) 0x7f9238004160 con 0x7f924410ec90
2024-03-18T14:47:42.247 INFO:teuthology.orchestra.run.smithi059.stdout:/usr/bin/ceph: stderr
2024-03-18T14:47:41.331+0000 7f9243e00700 1 -- 172.21.15.59:0/369288027 <== mon.0 v2:172.21.15.59:3300/0 2 ==== config(29 keys) ==== 1178+0+0 (secure 0 0 0) 0x7f9238004300 con 0x7f924410ec90
2024-03-18T14:47:42.247 INFO:teuthology.orchestra.run.smithi059.stdout:/usr/bin/ceph: stderr
2024-03-18T14:47:41.331+0000 7f9243e00700 1 -- 172.21.15.59:0/369288027 <== mon.0 v2:172.21.15.59:3300/0 3 ==== mon_map magic: 0 ==== 205+0+0 (secure 0 0 0) 0x7f9238011cc0 con 0x7f924410ec90
2024-03-18T14:47:42.248 INFO:teuthology.orchestra.run.smithi059.stdout:/usr/bin/ceph: stderr
2024-03-18T14:47:41.331+0000 7f924be00700 1 -- 172.21.15.59:0/369288027 >> [v2:172.21.15.59:3300/0,v1:172.21.15.59:6789/0] conn(0x7f924410ec90 msgr2=0x7f9244111080 secure :-1 s=STATE_CONNECTION_ESTABLISHED l=1).mark_down
2024-03-18T14:47:42.248 INFO:teuthology.orchestra.run.smithi059.stdout:/usr/bin/ceph: stderr
2024-03-18T14:47:41.331+0000 7f924be00700 1 --2- 172.21.15.59:0/369288027 >> [v2:172.21.15.59:3300/0,v1:172.21.15.59:6789/0] conn(0x7f924410ec90 0x7f9244111080 secure :-1 s=READY pgs=47 cs=0 l=1 rev1=1 crypto rx=0x7f92380098a0 tx=0x7f9238009bb0 comp rx=0 tx=0).stop
2024-03-18T14:47:42.248 INFO:teuthology.orchestra.run.smithi059.stdout:/usr/bin/ceph: stderr
2024-03-18T14:47:41.332+0000 7f924be00700 1 -- 172.21.15.59:0/369288027 shutdown_connections
2024-03-18T14:47:42.250 INFO:teuthology.orchestra.run.smithi059.stdout:/usr/bin/ceph: stderr
