2024-03-18T14:47:41.332+0000 7f924be00700 1 --2- 172.21.15.59:0/369288027 >> [v2:172.21.15.59:3300/0,v1:172.21.15.59:6789/0] conn(0x7f924410ec90 0x7f9244111080 unknown :-1 s=CLOSED pgs=47 cs=0 l=1 rev1=1 crypto rx=0 tx=0 comp rx=0 tx=0).stop
2024-03-18T14:47:42.250 INFO:teuthology.orchestra.run.smithi059.stdout:/usr/bin/ceph: stderr
2024-03-18T14:47:41.332+0000 7f924be00700 1 -- 172.21.15.59:0/369288027 >> 172.21.15.59:0/369288027 conn(0x7f924407d4a0 msgr2=0x7f924407f8c0 unknown :-1 s=STATE_NONE l=0).mark_down
2024-03-18T14:47:42.250 INFO:teuthology.orchestra.run.smithi059.stdout:/usr/bin/ceph: stderr
2024-03-18T14:47:41.332+0000 7f924be00700 1 -- 172.21.15.59:0/369288027 shutdown_connections
2024-03-18T14:47:42.250 INFO:teuthology.orchestra.run.smithi059.stdout:/usr/bin/ceph: stderr
2024-03-18T14:47:41.332+0000 7f924be00700 1 -- 172.21.15.59:0/369288027 wait complete.
2024-03-18T14:47:42.250 INFO:teuthology.orchestra.run.smithi059.stdout:/usr/bin/ceph: stderr
2024-03-18T14:47:41.333+0000 7f924be00700 1 Processor -- start
2024-03-18T14:47:42.250 INFO:teuthology.orchestra.run.smithi059.stdout:/usr/bin/ceph: stderr
2024-03-18T14:47:41.333+0000 7f924be00700 1 -- start start
2024-03-18T14:47:42.250 INFO:teuthology.orchestra.run.smithi059.stdout:/usr/bin/ceph: stderr
2024-03-18T14:47:41.334+0000 7f924be00700 1 --2- >> [v2:172.21.15.59:3300/0,v1:172.21.15.59:6789/0] conn(0x7f92441a2600 0x7f92441a2a20 unknown :-1 s=NONE pgs=0 cs=0 l=1 rev1=0 crypto rx=0 tx=0 comp rx=0 tx=0).connect
2024-03-18T14:47:42.250 INFO:teuthology.orchestra.run.smithi059.stdout:/usr/bin/ceph: stderr
2024-03-18T14:47:41.334+0000 7f924be00700 1 -- --> [v2:172.21.15.59:3300/0,v1:172.21.15.59:6789/0] -- mon_getmap magic: 0 -- 0x7f9244112810 con 0x7f92441a2600
2024-03-18T14:47:42.250 INFO:teuthology.orchestra.run.smithi059.stdout:/usr/bin/ceph: stderr
2024-03-18T14:47:41.334+0000 7f9249400700 1 --2- >> [v2:172.21.15.59:3300/0,v1:172.21.15.59:6789/0] conn(0x7f92441a2600 0x7f92441a2a20 unknown :-1 s=BANNER_CONNECTING pgs=0 cs=0 l=1 rev1=0 crypto rx=0 tx=0 comp rx=0 tx=0)._handle_peer_banner_payload supported=3 required=0
2024-03-18T14:47:42.251 INFO:teuthology.orchestra.run.smithi059.stdout:/usr/bin/ceph: stderr
2024-03-18T14:47:41.334+0000 7f9249400700 1 --2- >> [v2:172.21.15.59:3300/0,v1:172.21.15.59:6789/0] conn(0x7f92441a2600 0x7f92441a2a20 unknown :-1 s=HELLO_CONNECTING pgs=0 cs=0 l=1 rev1=1 crypto rx=0 tx=0 comp rx=0 tx=0).handle_hello peer v2:172.21.15.59:3300/0 says I am v2:172.21.15.59:43158/0 (socket says 172.21.15.59:43158)
2024-03-18T14:47:42.251 INFO:teuthology.orchestra.run.smithi059.stdout:/usr/bin/ceph: stderr
2024-03-18T14:47:41.334+0000 7f9249400700 1 -- 172.21.15.59:0/2245470370 learned_addr learned my addr 172.21.15.59:0/2245470370 (peer_addr_for_me v2:172.21.15.59:0/0)
2024-03-18T14:47:42.251 INFO:teuthology.orchestra.run.smithi059.stdout:/usr/bin/ceph: stderr
2024-03-18T14:47:41.334+0000 7f9249400700 1 -- 172.21.15.59:0/2245470370 --> [v2:172.21.15.59:3300/0,v1:172.21.15.59:6789/0] -- mon_subscribe({config=0+,monmap=0+}) -- 0x7f92441a2f60 con 0x7f92441a2600
2024-03-18T14:47:42.251 INFO:teuthology.orchestra.run.smithi059.stdout:/usr/bin/ceph: stderr
2024-03-18T14:47:41.335+0000 7f9249400700 1 --2- 172.21.15.59:0/2245470370 >> [v2:172.21.15.59:3300/0,v1:172.21.15.59:6789/0] conn(0x7f92441a2600 0x7f92441a2a20 secure :-1 s=READY pgs=48 cs=0 l=1 rev1=1 crypto rx=0x7f9238000c00 tx=0x7f923801a6b0 comp rx=0 tx=0).ready entity=mon.0 client_cookie=0 server_cookie=0 in_seq=0 out_seq=0
2024-03-18T14:47:42.251 INFO:teuthology.orchestra.run.smithi059.stdout:/usr/bin/ceph: stderr
2024-03-18T14:47:41.335+0000 7f9242000700 1 -- 172.21.15.59:0/2245470370 <== mon.0 v2:172.21.15.59:3300/0 1 ==== mon_map magic: 0 ==== 205+0+0 (secure 0 0 0) 0x7f9238021070 con 0x7f92441a2600
2024-03-18T14:47:42.251 INFO:teuthology.orchestra.run.smithi059.stdout:/usr/bin/ceph: stderr
2024-03-18T14:47:41.335+0000 7f924be00700 1 -- 172.21.15.59:0/2245470370 --> [v2:172.21.15.59:3300/0,v1:172.21.15.59:6789/0] -- mon_subscribe({mgrmap=0+}) -- 0x7f92441a31f0 con 0x7f92441a2600
2024-03-18T14:47:42.251 INFO:teuthology.orchestra.run.smithi059.stdout:/usr/bin/ceph: stderr
2024-03-18T14:47:41.335+0000 7f9242000700 1 -- 172.21.15.59:0/2245470370 <== mon.0 v2:172.21.15.59:3300/0 2 ==== config(29 keys) ==== 1178+0+0 (secure 0 0 0) 0x7f923801b440 con 0x7f92441a2600
2024-03-18T14:47:42.251 INFO:teuthology.orchestra.run.smithi059.stdout:/usr/bin/ceph: stderr
2024-03-18T14:47:41.335+0000 7f9242000700 1 -- 172.21.15.59:0/2245470370 <== mon.0 v2:172.21.15.59:3300/0 3 ==== mon_map magic: 0 ==== 205+0+0 (secure 0 0 0) 0x7f9238003810 con 0x7f92441a2600
2024-03-18T14:47:42.251 INFO:teuthology.orchestra.run.smithi059.stdout:/usr/bin/ceph: stderr
2024-03-18T14:47:41.335+0000 7f924be00700 1 -- 172.21.15.59:0/2245470370 --> [v2:172.21.15.59:3300/0,v1:172.21.15.59:6789/0] -- mon_subscribe({osdmap=0}) -- 0x7f92441a5cd0 con 0x7f92441a2600
2024-03-18T14:47:42.251 INFO:teuthology.orchestra.run.smithi059.stdout:/usr/bin/ceph: stderr
2024-03-18T14:47:41.336+0000 7f924be00700 1 -- 172.21.15.59:0/2245470370 --> [v2:172.21.15.59:3300/0,v1:172.21.15.59:6789/0] -- mon_command({"prefix": "get_command_descriptions"} v 0) -- 0x7f9244063900 con 0x7f92441a2600
2024-03-18T14:47:42.251 INFO:teuthology.orchestra.run.smithi059.stdout:/usr/bin/ceph: stderr
2024-03-18T14:47:41.336+0000 7f9242000700 1 -- 172.21.15.59:0/2245470370 <== mon.0 v2:172.21.15.59:3300/0 4 ==== mgrmap(e 8) ==== 46106+0+0 (secure 0 0 0) 0x7f923801b5f0 con 0x7f92441a2600
2024-03-18T14:47:42.251 INFO:teuthology.orchestra.run.smithi059.stdout:/usr/bin/ceph: stderr
2024-03-18T14:47:41.337+0000 7f9242000700 1 --2- 172.21.15.59:0/2245470370 >> [v2:172.21.15.59:6800/4131012954,v1:172.21.15.59:6801/4131012954] conn(0x7f922c038f20 0x7f922c03b3e0 unknown :-1 s=NONE pgs=0 cs=0 l=1 rev1=0 crypto rx=0 tx=0 comp rx=0 tx=0).connect
2024-03-18T14:47:42.251 INFO:teuthology.orchestra.run.smithi059.stdout:/usr/bin/ceph: stderr
2024-03-18T14:47:41.337+0000 7f9242000700 1 -- 172.21.15.59:0/2245470370 <== mon.0 v2:172.21.15.59:3300/0 5 ==== osd_map(2..2 src has 1..2) ==== 940+0+0 (secure 0 0 0) 0x7f923804cfe0 con 0x7f92441a2600
2024-03-18T14:47:42.253 INFO:teuthology.orchestra.run.smithi059.stdout:/usr/bin/ceph: stderr
2024-03-18T14:47:41.337+0000 7f9248a00700 1 --2- 172.21.15.59:0/2245470370 >> [v2:172.21.15.59:6800/4131012954,v1:172.21.15.59:6801/4131012954] conn(0x7f922c038f20 0x7f922c03b3e0 unknown :-1 s=BANNER_CONNECTING pgs=0 cs=0 l=1 rev1=0 crypto rx=0 tx=0 comp rx=0 tx=0)._handle_peer_banner_payload supported=3 required=0
2024-03-18T14:47:42.253 INFO:teuthology.orchestra.run.smithi059.stdout:/usr/bin/ceph: stderr
2024-03-18T14:47:41.338+0000 7f9248a00700 1 --2- 172.21.15.59:0/2245470370 >> [v2:172.21.15.59:6800/4131012954,v1:172.21.15.59:6801/4131012954] conn(0x7f922c038f20 0x7f922c03b3e0 secure :-1 s=READY pgs=12 cs=0 l=1 rev1=1 crypto rx=0x7f9230006fd0 tx=0x7f9230006e40 comp rx=0 tx=0).ready entity=mgr.14120 client_cookie=0 server_cookie=0 in_seq=0 out_seq=0
2024-03-18T14:47:42.253 INFO:teuthology.orchestra.run.smithi059.stdout:/usr/bin/ceph: stderr
2024-03-18T14:47:41.343+0000 7f9242000700 1 -- 172.21.15.59:0/2245470370 <== mon.0 v2:172.21.15.59:3300/0 6 ==== mon_command_ack([{"prefix": "get_command_descriptions"}]=0 v0) ==== 72+0+186149 (secure 0 0 0) 0x7f923802ee00 con 0x7f92441a2600
2024-03-18T14:47:42.253 INFO:teuthology.orchestra.run.smithi059.stdout:/usr/bin/ceph: stderr
2024-03-18T14:47:41.592+0000 7f924be00700 1 -- 172.21.15.59:0/2245470370 --> [v2:172.21.15.59:6800/4131012954,v1:172.21.15.59:6801/4131012954] -- mgr_command(tid 0: {"prefix": "orch apply", "service_type": "mon", "unmanaged": true, "target": ["mon-mgr", ""]}) -- 0x7f924407e870 con 0x7f922c038f20
2024-03-18T14:47:42.253 INFO:teuthology.orchestra.run.smithi059.stdout:/usr/bin/ceph: stderr
2024-03-18T14:47:41.602+0000 7f9242000700 1 -- 172.21.15.59:0/2245470370 <== mgr.14120 v2:172.21.15.59:6800/4131012954 1 ==== mgr_command_reply(tid 0: 0 ) ==== 8+0+24 (secure 0 0 0) 0x7f924407e870 con 0x7f922c038f20
2024-03-18T14:47:42.253 INFO:teuthology.orchestra.run.smithi059.stdout:/usr/bin/ceph: stderr
2024-03-18T14:47:41.604+0000 7f924be00700 1 -- 172.21.15.59:0/2245470370 >> [v2:172.21.15.59:6800/4131012954,v1:172.21.15.59:6801/4131012954] conn(0x7f922c038f20 msgr2=0x7f922c03b3e0 secure :-1 s=STATE_CONNECTION_ESTABLISHED l=1).mark_down
2024-03-18T14:47:42.254 INFO:teuthology.orchestra.run.smithi059.stdout:/usr/bin/ceph: stderr
2024-03-18T14:47:41.604+0000 7f924be00700 1 --2- 172.21.15.59:0/2245470370 >> [v2:172.21.15.59:6800/4131012954,v1:172.21.15.59:6801/4131012954] conn(0x7f922c038f20 0x7f922c03b3e0 secure :-1 s=READY pgs=12 cs=0 l=1 rev1=1 crypto rx=0x7f9230006fd0 tx=0x7f9230006e40 comp rx=0 tx=0).stop
2024-03-18T14:47:42.254 INFO:teuthology.orchestra.run.smithi059.stdout:/usr/bin/ceph: stderr
2024-03-18T14:47:41.605+0000 7f924be00700 1 -- 172.21.15.59:0/2245470370 >> [v2:172.21.15.59:3300/0,v1:172.21.15.59:6789/0] conn(0x7f92441a2600 msgr2=0x7f92441a2a20 secure :-1 s=STATE_CONNECTION_ESTABLISHED l=1).mark_down
2024-03-18T14:47:42.254 INFO:teuthology.orchestra.run.smithi059.stdout:/usr/bin/ceph: stderr
2024-03-18T14:47:41.605+0000 7f924be00700 1 --2- 172.21.15.59:0/2245470370 >> [v2:172.21.15.59:3300/0,v1:172.21.15.59:6789/0] conn(0x7f92441a2600 0x7f92441a2a20 secure :-1 s=READY pgs=48 cs=0 l=1 rev1=1 crypto rx=0x7f9238000c00 tx=0x7f923801a6b0 comp rx=0 tx=0).stop
2024-03-18T14:47:42.254 INFO:teuthology.orchestra.run.smithi059.stdout:/usr/bin/ceph: stderr
2024-03-18T14:47:41.605+0000 7f924be00700 1 -- 172.21.15.59:0/2245470370 shutdown_connections
2024-03-18T14:47:42.254 INFO:teuthology.orchestra.run.smithi059.stdout:/usr/bin/ceph: stderr
2024-03-18T14:47:41.605+0000 7f924be00700 1 --2- 172.21.15.59:0/2245470370 >> [v2:172.21.15.59:6800/4131012954,v1:172.21.15.59:6801/4131012954] conn(0x7f922c038f20 0x7f922c03b3e0 unknown :-1 s=CLOSED pgs=12 cs=0 l=1 rev1=1 crypto rx=0 tx=0 comp rx=0 tx=0).stop
2024-03-18T14:47:42.254 INFO:teuthology.orchestra.run.smithi059.stdout:/usr/bin/ceph: stderr
2024-03-18T14:47:41.605+0000 7f924be00700 1 --2- 172.21.15.59:0/2245470370 >> [v2:172.21.15.59:3300/0,v1:172.21.15.59:6789/0] conn(0x7f92441a2600 0x7f92441a2a20 unknown :-1 s=CLOSED pgs=48 cs=0 l=1 rev1=1 crypto rx=0 tx=0 comp rx=0 tx=0).stop
2024-03-18T14:47:42.254 INFO:teuthology.orchestra.run.smithi059.stdout:/usr/bin/ceph: stderr
2024-03-18T14:47:41.605+0000 7f924be00700 1 -- 172.21.15.59:0/2245470370 >> 172.21.15.59:0/2245470370 conn(0x7f924407d4a0 msgr2=0x7f924407e0e0 unknown :-1 s=STATE_NONE l=0).mark_down
2024-03-18T14:47:42.254 INFO:teuthology.orchestra.run.smithi059.stdout:/usr/bin/ceph: stderr
2024-03-18T14:47:41.605+0000 7f924be00700 1 -- 172.21.15.59:0/2245470370 shutdown_connections
2024-03-18T14:47:42.254 INFO:teuthology.orchestra.run.smithi059.stdout:/usr/bin/ceph: stderr
2024-03-18T14:47:41.606+0000 7f924be00700 1 -- 172.21.15.59:0/2245470370 wait complete.
2024-03-18T14:47:42.254 INFO:teuthology.orchestra.run.smithi059.stdout:Deploying unmanaged mgr service...
2024-03-18T14:47:42.768 INFO:journalctl@ceph.mon.a.smithi059.stdout:Mar 18 14:47:42 smithi059 ceph-mon[31744]: from='client.14142 -' entity='client.admin' cmd=[{"prefix": "orch apply", "service_type": "mon", "unmanaged": true, "target": ["mon-mgr", ""]}]: dispatch
2024-03-18T14:47:42.768 INFO:journalctl@ceph.mon.a.smithi059.stdout:Mar 18 14:47:42 smithi059 ceph-mon[31744]: Saving service mon spec with placement count:5
2024-03-18T14:47:42.768 INFO:journalctl@ceph.mon.a.smithi059.stdout:Mar 18 14:47:42 smithi059 ceph-mon[31744]: from='mgr.14120 172.21.15.59:0/3767153043' entity='mgr.x'
2024-03-18T14:47:44.496 INFO:teuthology.orchestra.run.smithi059.stdout:/usr/bin/ceph: stdout Scheduled mgr update...
2024-03-18T14:47:44.497 INFO:teuthology.orchestra.run.smithi059.stdout:/usr/bin/ceph: stderr
2024-03-18T14:47:43.240+0000 7fcccf800700 1 Processor -- start
2024-03-18T14:47:44.497 INFO:teuthology.orchestra.run.smithi059.stdout:/usr/bin/ceph: stderr
2024-03-18T14:47:43.241+0000 7fcccf800700 1 -- start start
2024-03-18T14:47:44.497 INFO:teuthology.orchestra.run.smithi059.stdout:/usr/bin/ceph: stderr
2024-03-18T14:47:43.241+0000 7fcccf800700 1 --2- >> [v2:172.21.15.59:3300/0,v1:172.21.15.59:6789/0] conn(0x7fccc81088f0 0x7fccc810ace0 unknown :-1 s=NONE pgs=0 cs=0 l=0 rev1=0 crypto rx=0 tx=0 comp rx=0 tx=0).connect
2024-03-18T14:47:44.497 INFO:teuthology.orchestra.run.smithi059.stdout:/usr/bin/ceph: stderr
2024-03-18T14:47:43.241+0000 7fcccf800700 1 -- --> [v2:172.21.15.59:3300/0,v1:172.21.15.59:6789/0] -- mon_getmap magic: 0 -- 0x7fccc807be10 con 0x7fccc81088f0
2024-03-18T14:47:44.497 INFO:teuthology.orchestra.run.smithi059.stdout:/usr/bin/ceph: stderr
2024-03-18T14:47:43.242+0000 7fcccce00700 1 --2- >> [v2:172.21.15.59:3300/0,v1:172.21.15.59:6789/0] conn(0x7fccc81088f0 0x7fccc810ace0 unknown :-1 s=BANNER_CONNECTING pgs=0 cs=0 l=0 rev1=0 crypto rx=0 tx=0 comp rx=0 tx=0)._handle_peer_banner_payload supported=3 required=0
2024-03-18T14:47:44.497 INFO:teuthology.orchestra.run.smithi059.stdout:/usr/bin/ceph: stderr
2024-03-18T14:47:43.242+0000 7fcccce00700 1 --2- >> [v2:172.21.15.59:3300/0,v1:172.21.15.59:6789/0] conn(0x7fccc81088f0 0x7fccc810ace0 unknown :-1 s=HELLO_CONNECTING pgs=0 cs=0 l=0 rev1=1 crypto rx=0 tx=0 comp rx=0 tx=0).handle_hello peer v2:172.21.15.59:3300/0 says I am v2:172.21.15.59:43160/0 (socket says 172.21.15.59:43160)
2024-03-18T14:47:44.497 INFO:teuthology.orchestra.run.smithi059.stdout:/usr/bin/ceph: stderr
2024-03-18T14:47:43.242+0000 7fcccce00700 1 -- 172.21.15.59:0/3937410376 learned_addr learned my addr 172.21.15.59:0/3937410376 (peer_addr_for_me v2:172.21.15.59:0/0)
2024-03-18T14:47:44.497 INFO:teuthology.orchestra.run.smithi059.stdout:/usr/bin/ceph: stderr
2024-03-18T14:47:43.242+0000 7fcccce00700 1 -- 172.21.15.59:0/3937410376 --> [v2:172.21.15.59:3300/0,v1:172.21.15.59:6789/0] -- mon_subscribe({config=0+,monmap=0+}) -- 0x7fccc810b220 con 0x7fccc81088f0
2024-03-18T14:47:44.497 INFO:teuthology.orchestra.run.smithi059.stdout:/usr/bin/ceph: stderr
2024-03-18T14:47:43.243+0000 7fcccce00700 1 --2- 172.21.15.59:0/3937410376 >> [v2:172.21.15.59:3300/0,v1:172.21.15.59:6789/0] conn(0x7fccc81088f0 0x7fccc810ace0 secure :-1 s=READY pgs=49 cs=0 l=1 rev1=1 crypto rx=0x7fccbc0098a0 tx=0x7fccbc009bb0 comp rx=0 tx=0).ready entity=mon.0 client_cookie=70a932b225db7942 server_cookie=0 in_seq=0 out_seq=0
2024-03-18T14:47:44.497 INFO:teuthology.orchestra.run.smithi059.stdout:/usr/bin/ceph: stderr
2024-03-18T14:47:43.243+0000 7fccc7400700 1 -- 172.21.15.59:0/3937410376 <== mon.0 v2:172.21.15.59:3300/0 1 ==== mon_map magic: 0 ==== 205+0+0 (secure 0 0 0) 0x7fccbc004160 con 0x7fccc81088f0
2024-03-18T14:47:44.497 INFO:teuthology.orchestra.run.smithi059.stdout:/usr/bin/ceph: stderr
2024-03-18T14:47:43.243+0000 7fccc7400700 1 -- 172.21.15.59:0/3937410376 <== mon.0 v2:172.21.15.59:3300/0 2 ==== config(29 keys) ==== 1178+0+0 (secure 0 0 0) 0x7fccbc004300 con 0x7fccc81088f0
2024-03-18T14:47:44.497 INFO:teuthology.orchestra.run.smithi059.stdout:/usr/bin/ceph: stderr
2024-03-18T14:47:43.243+0000 7fccc7400700 1 -- 172.21.15.59:0/3937410376 <== mon.0 v2:172.21.15.59:3300/0 3 ==== mon_map magic: 0 ==== 205+0+0 (secure 0 0 0) 0x7fccbc011cc0 con 0x7fccc81088f0
2024-03-18T14:47:44.498 INFO:teuthology.orchestra.run.smithi059.stdout:/usr/bin/ceph: stderr
2024-03-18T14:47:43.244+0000 7fcccf800700 1 -- 172.21.15.59:0/3937410376 >> [v2:172.21.15.59:3300/0,v1:172.21.15.59:6789/0] conn(0x7fccc81088f0 msgr2=0x7fccc810ace0 secure :-1 s=STATE_CONNECTION_ESTABLISHED l=1).mark_down
2024-03-18T14:47:44.498 INFO:teuthology.orchestra.run.smithi059.stdout:/usr/bin/ceph: stderr
2024-03-18T14:47:43.244+0000 7fcccf800700 1 --2- 172.21.15.59:0/3937410376 >> [v2:172.21.15.59:3300/0,v1:172.21.15.59:6789/0] conn(0x7fccc81088f0 0x7fccc810ace0 secure :-1 s=READY pgs=49 cs=0 l=1 rev1=1 crypto rx=0x7fccbc0098a0 tx=0x7fccbc009bb0 comp rx=0 tx=0).stop
2024-03-18T14:47:44.498 INFO:teuthology.orchestra.run.smithi059.stdout:/usr/bin/ceph: stderr
2024-03-18T14:47:43.244+0000 7fcccf800700 1 -- 172.21.15.59:0/3937410376 shutdown_connections
2024-03-18T14:47:44.498 INFO:teuthology.orchestra.run.smithi059.stdout:/usr/bin/ceph: stderr
2024-03-18T14:47:43.244+0000 7fcccf800700 1 --2- 172.21.15.59:0/3937410376 >> [v2:172.21.15.59:3300/0,v1:172.21.15.59:6789/0] conn(0x7fccc81088f0 0x7fccc810ace0 unknown :-1 s=CLOSED pgs=49 cs=0 l=1 rev1=1 crypto rx=0 tx=0 comp rx=0 tx=0).stop
2024-03-18T14:47:44.498 INFO:teuthology.orchestra.run.smithi059.stdout:/usr/bin/ceph: stderr
2024-03-18T14:47:43.244+0000 7fcccf800700 1 -- 172.21.15.59:0/3937410376 >> 172.21.15.59:0/3937410376 conn(0x7fccc81022c0 msgr2=0x7fccc8104700 unknown :-1 s=STATE_NONE l=0).mark_down
2024-03-18T14:47:44.498 INFO:teuthology.orchestra.run.smithi059.stdout:/usr/bin/ceph: stderr
2024-03-18T14:47:43.244+0000 7fcccf800700 1 -- 172.21.15.59:0/3937410376 shutdown_connections
2024-03-18T14:47:44.498 INFO:teuthology.orchestra.run.smithi059.stdout:/usr/bin/ceph: stderr
2024-03-18T14:47:43.244+0000 7fcccf800700 1 -- 172.21.15.59:0/3937410376 wait complete.
2024-03-18T14:47:44.498 INFO:teuthology.orchestra.run.smithi059.stdout:/usr/bin/ceph: stderr
2024-03-18T14:47:43.245+0000 7fcccf800700 1 Processor -- start
2024-03-18T14:47:44.498 INFO:teuthology.orchestra.run.smithi059.stdout:/usr/bin/ceph: stderr
2024-03-18T14:47:43.245+0000 7fcccf800700 1 -- start start
2024-03-18T14:47:44.498 INFO:teuthology.orchestra.run.smithi059.stdout:/usr/bin/ceph: stderr
2024-03-18T14:47:43.246+0000 7fcccf800700 1 --2- >> [v2:172.21.15.59:3300/0,v1:172.21.15.59:6789/0] conn(0x7fccc81088f0 0x7fccc819e080 unknown :-1 s=NONE pgs=0 cs=0 l=1 rev1=0 crypto rx=0 tx=0 comp rx=0 tx=0).connect
2024-03-18T14:47:44.498 INFO:teuthology.orchestra.run.smithi059.stdout:/usr/bin/ceph: stderr
2024-03-18T14:47:43.246+0000 7fcccf800700 1 -- --> [v2:172.21.15.59:3300/0,v1:172.21.15.59:6789/0] -- mon_getmap magic: 0 -- 0x7fccc810c240 con 0x7fccc81088f0
2024-03-18T14:47:44.498 INFO:teuthology.orchestra.run.smithi059.stdout:/usr/bin/ceph: stderr
2024-03-18T14:47:43.246+0000 7fcccce00700 1 --2- >> [v2:172.21.15.59:3300/0,v1:172.21.15.59:6789/0] conn(0x7fccc81088f0 0x7fccc819e080 unknown :-1 s=BANNER_CONNECTING pgs=0 cs=0 l=1 rev1=0 crypto rx=0 tx=0 comp rx=0 tx=0)._handle_peer_banner_payload supported=3 required=0
2024-03-18T14:47:44.498 INFO:teuthology.orchestra.run.smithi059.stdout:/usr/bin/ceph: stderr
2024-03-18T14:47:43.246+0000 7fcccce00700 1 --2- >> [v2:172.21.15.59:3300/0,v1:172.21.15.59:6789/0] conn(0x7fccc81088f0 0x7fccc819e080 unknown :-1 s=HELLO_CONNECTING pgs=0 cs=0 l=1 rev1=1 crypto rx=0 tx=0 comp rx=0 tx=0).handle_hello peer v2:172.21.15.59:3300/0 says I am v2:172.21.15.59:43176/0 (socket says 172.21.15.59:43176)
2024-03-18T14:47:44.501 INFO:teuthology.orchestra.run.smithi059.stdout:/usr/bin/ceph: stderr
2024-03-18T14:47:43.246+0000 7fcccce00700 1 -- 172.21.15.59:0/987602786 learned_addr learned my addr 172.21.15.59:0/987602786 (peer_addr_for_me v2:172.21.15.59:0/0)
2024-03-18T14:47:44.501 INFO:teuthology.orchestra.run.smithi059.stdout:/usr/bin/ceph: stderr
2024-03-18T14:47:43.246+0000 7fcccce00700 1 -- 172.21.15.59:0/987602786 --> [v2:172.21.15.59:3300/0,v1:172.21.15.59:6789/0] -- mon_subscribe({config=0+,monmap=0+}) -- 0x7fccc819e5c0 con 0x7fccc81088f0
2024-03-18T14:47:44.501 INFO:teuthology.orchestra.run.smithi059.stdout:/usr/bin/ceph: stderr
2024-03-18T14:47:43.247+0000 7fcccce00700 1 --2- 172.21.15.59:0/987602786 >> [v2:172.21.15.59:3300/0,v1:172.21.15.59:6789/0] conn(0x7fccc81088f0 0x7fccc819e080 secure :-1 s=READY pgs=50 cs=0 l=1 rev1=1 crypto rx=0x7fccbc0038d0 tx=0x7fccbc0039b0 comp rx=0 tx=0).ready entity=mon.0 client_cookie=0 server_cookie=0 in_seq=0 out_seq=0
2024-03-18T14:47:44.501 INFO:teuthology.orchestra.run.smithi059.stdout:/usr/bin/ceph: stderr
2024-03-18T14:47:43.247+0000 7fccc5600700 1 -- 172.21.15.59:0/987602786 <== mon.0 v2:172.21.15.59:3300/0 1 ==== mon_map magic: 0 ==== 205+0+0 (secure 0 0 0) 0x7fccbc003dd0 con 0x7fccc81088f0
2024-03-18T14:47:44.501 INFO:teuthology.orchestra.run.smithi059.stdout:/usr/bin/ceph: stderr
2024-03-18T14:47:43.247+0000 7fccc5600700 1 -- 172.21.15.59:0/987602786 <== mon.0 v2:172.21.15.59:3300/0 2 ==== config(29 keys) ==== 1178+0+0 (secure 0 0 0) 0x7fccbc003f70 con 0x7fccc81088f0
2024-03-18T14:47:44.501 INFO:teuthology.orchestra.run.smithi059.stdout:/usr/bin/ceph: stderr
2024-03-18T14:47:43.247+0000 7fcccf800700 1 -- 172.21.15.59:0/987602786 --> [v2:172.21.15.59:3300/0,v1:172.21.15.59:6789/0] -- mon_subscribe({mgrmap=0+}) -- 0x7fccc819e850 con 0x7fccc81088f0
2024-03-18T14:47:44.501 INFO:teuthology.orchestra.run.smithi059.stdout:/usr/bin/ceph: stderr
2024-03-18T14:47:43.247+0000 7fccc5600700 1 -- 172.21.15.59:0/987602786 <== mon.0 v2:172.21.15.59:3300/0 3 ==== mon_map magic: 0 ==== 205+0+0 (secure 0 0 0) 0x7fccbc024610 con 0x7fccc81088f0
2024-03-18T14:47:44.501 INFO:teuthology.orchestra.run.smithi059.stdout:/usr/bin/ceph: stderr
2024-03-18T14:47:43.247+0000 7fcccf800700 1 -- 172.21.15.59:0/987602786 --> [v2:172.21.15.59:3300/0,v1:172.21.15.59:6789/0] -- mon_subscribe({osdmap=0}) -- 0x7fccc81a1540 con 0x7fccc81088f0
2024-03-18T14:47:44.501 INFO:teuthology.orchestra.run.smithi059.stdout:/usr/bin/ceph: stderr
2024-03-18T14:47:43.248+0000 7fccc5600700 1 -- 172.21.15.59:0/987602786 <== mon.0 v2:172.21.15.59:3300/0 4 ==== mgrmap(e 8) ==== 46106+0+0 (secure 0 0 0) 0x7fccbc01aa50 con 0x7fccc81088f0
2024-03-18T14:47:44.501 INFO:teuthology.orchestra.run.smithi059.stdout:/usr/bin/ceph: stderr
2024-03-18T14:47:43.248+0000 7fcccf800700 1 -- 172.21.15.59:0/987602786 --> [v2:172.21.15.59:3300/0,v1:172.21.15.59:6789/0] -- mon_command({"prefix": "get_command_descriptions"} v 0) -- 0x7fccc8063900 con 0x7fccc81088f0
2024-03-18T14:47:44.502 INFO:teuthology.orchestra.run.smithi059.stdout:/usr/bin/ceph: stderr
2024-03-18T14:47:43.249+0000 7fccc5600700 1 --2- 172.21.15.59:0/987602786 >> [v2:172.21.15.59:6800/4131012954,v1:172.21.15.59:6801/4131012954] conn(0x7fccb0038f70 0x7fccb003b430 unknown :-1 s=NONE pgs=0 cs=0 l=1 rev1=0 crypto rx=0 tx=0 comp rx=0 tx=0).connect
2024-03-18T14:47:44.502 INFO:teuthology.orchestra.run.smithi059.stdout:/usr/bin/ceph: stderr
2024-03-18T14:47:43.249+0000 7fccc5600700 1 -- 172.21.15.59:0/987602786 <== mon.0 v2:172.21.15.59:3300/0 5 ==== osd_map(2..2 src has 1..2) ==== 940+0+0 (secure 0 0 0) 0x7fccbc04cfd0 con 0x7fccc81088f0
2024-03-18T14:47:44.502 INFO:teuthology.orchestra.run.smithi059.stdout:/usr/bin/ceph: stderr
2024-03-18T14:47:43.249+0000 7fccc7e00700 1 --2- 172.21.15.59:0/987602786 >> [v2:172.21.15.59:6800/4131012954,v1:172.21.15.59:6801/4131012954] conn(0x7fccb0038f70 0x7fccb003b430 unknown :-1 s=BANNER_CONNECTING pgs=0 cs=0 l=1 rev1=0 crypto rx=0 tx=0 comp rx=0 tx=0)._handle_peer_banner_payload supported=3 required=0
2024-03-18T14:47:44.502 INFO:teuthology.orchestra.run.smithi059.stdout:/usr/bin/ceph: stderr
2024-03-18T14:47:43.250+0000 7fccc7e00700 1 --2- 172.21.15.59:0/987602786 >> [v2:172.21.15.59:6800/4131012954,v1:172.21.15.59:6801/4131012954] conn(0x7fccb0038f70 0x7fccb003b430 secure :-1 s=READY pgs=13 cs=0 l=1 rev1=1 crypto rx=0x7fccb4006fd0 tx=0x7fccb4006e40 comp rx=0 tx=0).ready entity=mgr.14120 client_cookie=0 server_cookie=0 in_seq=0 out_seq=0
2024-03-18T14:47:44.502 INFO:teuthology.orchestra.run.smithi059.stdout:/usr/bin/ceph: stderr
2024-03-18T14:47:43.255+0000 7fccc5600700 1 -- 172.21.15.59:0/987602786 <== mon.0 v2:172.21.15.59:3300/0 6 ==== mon_command_ack([{"prefix": "get_command_descriptions"}]=0 v0) ==== 72+0+186149 (secure 0 0 0) 0x7fccbc04c920 con 0x7fccc81088f0
2024-03-18T14:47:44.502 INFO:teuthology.orchestra.run.smithi059.stdout:/usr/bin/ceph: stderr
2024-03-18T14:47:43.495+0000 7fcccf800700 1 -- 172.21.15.59:0/987602786 --> [v2:172.21.15.59:6800/4131012954,v1:172.21.15.59:6801/4131012954] -- mgr_command(tid 0: {"prefix": "orch apply", "service_type": "mgr", "unmanaged": true, "target": ["mon-mgr", ""]}) -- 0x7fccc81035b0 con 0x7fccb0038f70
2024-03-18T14:47:44.502 INFO:teuthology.orchestra.run.smithi059.stdout:/usr/bin/ceph: stderr
2024-03-18T14:47:43.506+0000 7fccc5600700 1 -- 172.21.15.59:0/987602786 <== mgr.14120 v2:172.21.15.59:6800/4131012954 1 ==== mgr_command_reply(tid 0: 0 ) ==== 8+0+24 (secure 0 0 0) 0x7fccc81035b0 con 0x7fccb0038f70
2024-03-18T14:47:44.502 INFO:teuthology.orchestra.run.smithi059.stdout:/usr/bin/ceph: stderr
2024-03-18T14:47:43.509+0000 7fcccf800700 1 -- 172.21.15.59:0/987602786 >> [v2:172.21.15.59:6800/4131012954,v1:172.21.15.59:6801/4131012954] conn(0x7fccb0038f70 msgr2=0x7fccb003b430 secure :-1 s=STATE_CONNECTION_ESTABLISHED l=1).mark_down
2024-03-18T14:47:44.502 INFO:teuthology.orchestra.run.smithi059.stdout:/usr/bin/ceph: stderr
2024-03-18T14:47:43.509+0000 7fcccf800700 1 --2- 172.21.15.59:0/987602786 >> [v2:172.21.15.59:6800/4131012954,v1:172.21.15.59:6801/4131012954] conn(0x7fccb0038f70 0x7fccb003b430 secure :-1 s=READY pgs=13 cs=0 l=1 rev1=1 crypto rx=0x7fccb4006fd0 tx=0x7fccb4006e40 comp rx=0 tx=0).stop
2024-03-18T14:47:44.502 INFO:teuthology.orchestra.run.smithi059.stdout:/usr/bin/ceph: stderr
2024-03-18T14:47:43.509+0000 7fcccf800700 1 -- 172.21.15.59:0/987602786 >> [v2:172.21.15.59:3300/0,v1:172.21.15.59:6789/0] conn(0x7fccc81088f0 msgr2=0x7fccc819e080 secure :-1 s=STATE_CONNECTION_ESTABLISHED l=1).mark_down
2024-03-18T14:47:44.502 INFO:teuthology.orchestra.run.smithi059.stdout:/usr/bin/ceph: stderr
2024-03-18T14:47:43.509+0000 7fcccf800700 1 --2- 172.21.15.59:0/987602786 >> [v2:172.21.15.59:3300/0,v1:172.21.15.59:6789/0] conn(0x7fccc81088f0 0x7fccc819e080 secure :-1 s=READY pgs=50 cs=0 l=1 rev1=1 crypto rx=0x7fccbc0038d0 tx=0x7fccbc0039b0 comp rx=0 tx=0).stop
2024-03-18T14:47:44.502 INFO:teuthology.orchestra.run.smithi059.stdout:/usr/bin/ceph: stderr
2024-03-18T14:47:43.509+0000 7fcccf800700 1 -- 172.21.15.59:0/987602786 shutdown_connections
2024-03-18T14:47:44.502 INFO:teuthology.orchestra.run.smithi059.stdout:/usr/bin/ceph: stderr
2024-03-18T14:47:43.509+0000 7fcccf800700 1 --2- 172.21.15.59:0/987602786 >> [v2:172.21.15.59:6800/4131012954,v1:172.21.15.59:6801/4131012954] conn(0x7fccb0038f70 0x7fccb003b430 unknown :-1 s=CLOSED pgs=13 cs=0 l=1 rev1=1 crypto rx=0 tx=0 comp rx=0 tx=0).stop
2024-03-18T14:47:44.502 INFO:teuthology.orchestra.run.smithi059.stdout:/usr/bin/ceph: stderr
2024-03-18T14:47:43.509+0000 7fcccf800700 1 --2- 172.21.15.59:0/987602786 >> [v2:172.21.15.59:3300/0,v1:172.21.15.59:6789/0] conn(0x7fccc81088f0 0x7fccc819e080 unknown :-1 s=CLOSED pgs=50 cs=0 l=1 rev1=1 crypto rx=0 tx=0 comp rx=0 tx=0).stop
2024-03-18T14:47:44.503 INFO:teuthology.orchestra.run.smithi059.stdout:/usr/bin/ceph: stderr
2024-03-18T14:47:43.509+0000 7fcccf800700 1 -- 172.21.15.59:0/987602786 >> 172.21.15.59:0/987602786 conn(0x7fccc81022c0 msgr2=0x7fccc8102ea0 unknown :-1 s=STATE_NONE l=0).mark_down
2024-03-18T14:47:44.503 INFO:teuthology.orchestra.run.smithi059.stdout:/usr/bin/ceph: stderr
2024-03-18T14:47:43.510+0000 7fcccf800700 1 -- 172.21.15.59:0/987602786 shutdown_connections
2024-03-18T14:47:44.503 INFO:teuthology.orchestra.run.smithi059.stdout:/usr/bin/ceph: stderr
2024-03-18T14:47:43.510+0000 7fcccf800700 1 -- 172.21.15.59:0/987602786 wait complete.
2024-03-18T14:47:44.802 INFO:journalctl@ceph.mon.a.smithi059.stdout:Mar 18 14:47:44 smithi059 ceph-mon[31744]: from='client.14144 -' entity='client.admin' cmd=[{"prefix": "orch apply", "service_type": "mgr", "unmanaged": true, "target": ["mon-mgr", ""]}]: dispatch
2024-03-18T14:47:44.802 INFO:journalctl@ceph.mon.a.smithi059.stdout:Mar 18 14:47:44 smithi059 ceph-mon[31744]: Saving service mgr spec with placement count:2
2024-03-18T14:47:44.802 INFO:journalctl@ceph.mon.a.smithi059.stdout:Mar 18 14:47:44 smithi059 ceph-mon[31744]: from='mgr.14120 172.21.15.59:0/3767153043' entity='mgr.x'
2024-03-18T14:47:44.802 INFO:journalctl@ceph.mon.a.smithi059.stdout:Mar 18 14:47:44 smithi059 ceph-mon[31744]: from='mgr.14120 172.21.15.59:0/3767153043' entity='mgr.x'
2024-03-18T14:47:44.802 INFO:journalctl@ceph.mon.a.smithi059.stdout:Mar 18 14:47:44 smithi059 ceph-mon[31744]: pgmap v3: 0 pgs: ; 0 B data, 0 B used, 0 B / 0 B avail
2024-03-18T14:47:46.045 INFO:journalctl@ceph.mon.a.smithi059.stdout:Mar 18 14:47:45 smithi059 ceph-mon[31744]: from='mgr.14120 172.21.15.59:0/3767153043' entity='mgr.x'
2024-03-18T14:47:46.045 INFO:journalctl@ceph.mon.a.smithi059.stdout:Mar 18 14:47:45 smithi059 ceph-mon[31744]: from='client.? 172.21.15.59:0/3278645034' entity='client.admin'
2024-03-18T14:47:46.059 INFO:teuthology.orchestra.run.smithi059.stdout:/usr/bin/ceph: stderr
2024-03-18T14:47:45.147+0000 7ff419a00700 1 Processor -- start
2024-03-18T14:47:46.059 INFO:teuthology.orchestra.run.smithi059.stdout:/usr/bin/ceph: stderr
2024-03-18T14:47:45.148+0000 7ff419a00700 1 -- start start
2024-03-18T14:47:46.059 INFO:teuthology.orchestra.run.smithi059.stdout:/usr/bin/ceph: stderr
2024-03-18T14:47:45.148+0000 7ff419a00700 1 --2- >> [v2:172.21.15.59:3300/0,v1:172.21.15.59:6789/0] conn(0x7ff41407dea0 0x7ff41407c300 unknown :-1 s=NONE pgs=0 cs=0 l=0 rev1=0 crypto rx=0 tx=0 comp rx=0 tx=0).connect
2024-03-18T14:47:46.059 INFO:teuthology.orchestra.run.smithi059.stdout:/usr/bin/ceph: stderr
2024-03-18T14:47:45.148+0000 7ff419a00700 1 -- --> [v2:172.21.15.59:3300/0,v1:172.21.15.59:6789/0] -- mon_getmap magic: 0 -- 0x7ff41407c8d0 con 0x7ff41407dea0
2024-03-18T14:47:46.060 INFO:teuthology.orchestra.run.smithi059.stdout:/usr/bin/ceph: stderr
2024-03-18T14:47:45.148+0000 7ff412a00700 1 --2- >> [v2:172.21.15.59:3300/0,v1:172.21.15.59:6789/0] conn(0x7ff41407dea0 0x7ff41407c300 unknown :-1 s=BANNER_CONNECTING pgs=0 cs=0 l=0 rev1=0 crypto rx=0 tx=0 comp rx=0 tx=0)._handle_peer_banner_payload supported=3 required=0
2024-03-18T14:47:46.060 INFO:teuthology.orchestra.run.smithi059.stdout:/usr/bin/ceph: stderr
2024-03-18T14:47:45.148+0000 7ff412a00700 1 --2- >> [v2:172.21.15.59:3300/0,v1:172.21.15.59:6789/0] conn(0x7ff41407dea0 0x7ff41407c300 unknown :-1 s=HELLO_CONNECTING pgs=0 cs=0 l=0 rev1=1 crypto rx=0 tx=0 comp rx=0 tx=0).handle_hello peer v2:172.21.15.59:3300/0 says I am v2:172.21.15.59:43178/0 (socket says 172.21.15.59:43178)
2024-03-18T14:47:46.060 INFO:teuthology.orchestra.run.smithi059.stdout:/usr/bin/ceph: stderr
2024-03-18T14:47:45.149+0000 7ff412a00700 1 -- 172.21.15.59:0/242388927 learned_addr learned my addr 172.21.15.59:0/242388927 (peer_addr_for_me v2:172.21.15.59:0/0)
2024-03-18T14:47:46.060 INFO:teuthology.orchestra.run.smithi059.stdout:/usr/bin/ceph: stderr
2024-03-18T14:47:45.149+0000 7ff412a00700 1 -- 172.21.15.59:0/242388927 --> [v2:172.21.15.59:3300/0,v1:172.21.15.59:6789/0] -- mon_subscribe({config=0+,monmap=0+}) -- 0x7ff41407ca50 con 0x7ff41407dea0
2024-03-18T14:47:46.060 INFO:teuthology.orchestra.run.smithi059.stdout:/usr/bin/ceph: stderr
2024-03-18T14:47:45.150+0000 7ff412a00700 1 --2- 172.21.15.59:0/242388927 >> [v2:172.21.15.59:3300/0,v1:172.21.15.59:6789/0] conn(0x7ff41407dea0 0x7ff41407c300 secure :-1 s=READY pgs=51 cs=0 l=1 rev1=1 crypto rx=0x7ff4040098a0 tx=0x7ff404009bb0 comp rx=0 tx=0).ready entity=mon.0 client_cookie=551e2f860d0caca4 server_cookie=0 in_seq=0 out_seq=0
2024-03-18T14:47:46.060 INFO:teuthology.orchestra.run.smithi059.stdout:/usr/bin/ceph: stderr
2024-03-18T14:47:45.150+0000 7ff411600700 1 -- 172.21.15.59:0/242388927 <== mon.0 v2:172.21.15.59:3300/0 1 ==== mon_map magic: 0 ==== 205+0+0 (secure 0 0 0) 0x7ff404004160 con 0x7ff41407dea0
2024-03-18T14:47:46.060 INFO:teuthology.orchestra.run.smithi059.stdout:/usr/bin/ceph: stderr
2024-03-18T14:47:45.150+0000 7ff411600700 1 -- 172.21.15.59:0/242388927 <== mon.0 v2:172.21.15.59:3300/0 2 ==== config(29 keys) ==== 1209+0+0 (secure 0 0 0) 0x7ff404004300 con 0x7ff41407dea0
2024-03-18T14:47:46.060 INFO:teuthology.orchestra.run.smithi059.stdout:/usr/bin/ceph: stderr
2024-03-18T14:47:45.150+0000 7ff411600700 1 -- 172.21.15.59:0/242388927 <== mon.0 v2:172.21.15.59:3300/0 3 ==== mon_map magic: 0 ==== 205+0+0 (secure 0 0 0) 0x7ff404011c70 con 0x7ff41407dea0
2024-03-18T14:47:46.060 INFO:teuthology.orchestra.run.smithi059.stdout:/usr/bin/ceph: stderr
2024-03-18T14:47:45.151+0000 7ff419a00700 1 -- 172.21.15.59:0/242388927 >> [v2:172.21.15.59:3300/0,v1:172.21.15.59:6789/0] conn(0x7ff41407dea0 msgr2=0x7ff41407c300 secure :-1 s=STATE_CONNECTION_ESTABLISHED l=1).mark_down
2024-03-18T14:47:46.060 INFO:teuthology.orchestra.run.smithi059.stdout:/usr/bin/ceph: stderr
2024-03-18T14:47:45.151+0000 7ff419a00700 1 --2- 172.21.15.59:0/242388927 >> [v2:172.21.15.59:3300/0,v1:172.21.15.59:6789/0] conn(0x7ff41407dea0 0x7ff41407c300 secure :-1 s=READY pgs=51 cs=0 l=1 rev1=1 crypto rx=0x7ff4040098a0 tx=0x7ff404009bb0 comp rx=0 tx=0).stop
2024-03-18T14:47:46.060 INFO:teuthology.orchestra.run.smithi059.stdout:/usr/bin/ceph: stderr
2024-03-18T14:47:45.151+0000 7ff419a00700 1 -- 172.21.15.59:0/242388927 shutdown_connections
2024-03-18T14:47:46.060 INFO:teuthology.orchestra.run.smithi059.stdout:/usr/bin/ceph: stderr
2024-03-18T14:47:45.151+0000 7ff419a00700 1 --2- 172.21.15.59:0/242388927 >> [v2:172.21.15.59:3300/0,v1:172.21.15.59:6789/0] conn(0x7ff41407dea0 0x7ff41407c300 unknown :-1 s=CLOSED pgs=51 cs=0 l=1 rev1=1 crypto rx=0 tx=0 comp rx=0 tx=0).stop
2024-03-18T14:47:46.060 INFO:teuthology.orchestra.run.smithi059.stdout:/usr/bin/ceph: stderr
2024-03-18T14:47:45.151+0000 7ff419a00700 1 -- 172.21.15.59:0/242388927 >> 172.21.15.59:0/242388927 conn(0x7ff4141033e0 msgr2=0x7ff414105800 unknown :-1 s=STATE_NONE l=0).mark_down
2024-03-18T14:47:46.060 INFO:teuthology.orchestra.run.smithi059.stdout:/usr/bin/ceph: stderr
2024-03-18T14:47:45.151+0000 7ff419a00700 1 -- 172.21.15.59:0/242388927 shutdown_connections
2024-03-18T14:47:46.061 INFO:teuthology.orchestra.run.smithi059.stdout:/usr/bin/ceph: stderr
2024-03-18T14:47:45.151+0000 7ff419a00700 1 -- 172.21.15.59:0/242388927 wait complete.
2024-03-18T14:47:46.061 INFO:teuthology.orchestra.run.smithi059.stdout:/usr/bin/ceph: stderr
2024-03-18T14:47:45.153+0000 7ff419a00700 1 Processor -- start
2024-03-18T14:47:46.061 INFO:teuthology.orchestra.run.smithi059.stdout:/usr/bin/ceph: stderr
2024-03-18T14:47:45.153+0000 7ff419a00700 1 -- start start
2024-03-18T14:47:46.061 INFO:teuthology.orchestra.run.smithi059.stdout:/usr/bin/ceph: stderr
2024-03-18T14:47:45.154+0000 7ff419a00700 1 --2- >> [v2:172.21.15.59:3300/0,v1:172.21.15.59:6789/0] conn(0x7ff41407dea0 0x7ff41419e000 unknown :-1 s=NONE pgs=0 cs=0 l=1 rev1=0 crypto rx=0 tx=0 comp rx=0 tx=0).connect
2024-03-18T14:47:46.061 INFO:teuthology.orchestra.run.smithi059.stdout:/usr/bin/ceph: stderr
2024-03-18T14:47:45.154+0000 7ff419a00700 1 -- --> [v2:172.21.15.59:3300/0,v1:172.21.15.59:6789/0] -- mon_getmap magic: 0 -- 0x7ff41410e470 con 0x7ff41407dea0
2024-03-18T14:47:46.061 INFO:teuthology.orchestra.run.smithi059.stdout:/usr/bin/ceph: stderr
2024-03-18T14:47:45.154+0000 7ff412a00700 1 --2- >> [v2:172.21.15.59:3300/0,v1:172.21.15.59:6789/0] conn(0x7ff41407dea0 0x7ff41419e000 unknown :-1 s=BANNER_CONNECTING pgs=0 cs=0 l=1 rev1=0 crypto rx=0 tx=0 comp rx=0 tx=0)._handle_peer_banner_payload supported=3 required=0
2024-03-18T14:47:46.061 INFO:teuthology.orchestra.run.smithi059.stdout:/usr/bin/ceph: stderr
2024-03-18T14:47:45.154+0000 7ff412a00700 1 --2- >> [v2:172.21.15.59:3300/0,v1:172.21.15.59:6789/0] conn(0x7ff41407dea0 0x7ff41419e000 unknown :-1 s=HELLO_CONNECTING pgs=0 cs=0 l=1 rev1=1 crypto rx=0 tx=0 comp rx=0 tx=0).handle_hello peer v2:172.21.15.59:3300/0 says I am v2:172.21.15.59:43180/0 (socket says 172.21.15.59:43180)
2024-03-18T14:47:46.061 INFO:teuthology.orchestra.run.smithi059.stdout:/usr/bin/ceph: stderr
2024-03-18T14:47:45.154+0000 7ff412a00700 1 -- 172.21.15.59:0/3278645034 learned_addr learned my addr 172.21.15.59:0/3278645034 (peer_addr_for_me v2:172.21.15.59:0/0)
2024-03-18T14:47:46.061 INFO:teuthology.orchestra.run.smithi059.stdout:/usr/bin/ceph: stderr
2024-03-18T14:47:45.155+0000 7ff412a00700 1 -- 172.21.15.59:0/3278645034 --> [v2:172.21.15.59:3300/0,v1:172.21.15.59:6789/0] -- mon_subscribe({config=0+,monmap=0+}) -- 0x7ff41419e540 con 0x7ff41407dea0
2024-03-18T14:47:46.061 INFO:teuthology.orchestra.run.smithi059.stdout:/usr/bin/ceph: stderr
2024-03-18T14:47:45.155+0000 7ff412a00700 1 --2- 172.21.15.59:0/3278645034 >> [v2:172.21.15.59:3300/0,v1:172.21.15.59:6789/0] conn(0x7ff41407dea0 0x7ff41419e000 secure :-1 s=READY pgs=52 cs=0 l=1 rev1=1 crypto rx=0x7ff4040117f0 tx=0x7ff404011cf0 comp rx=0 tx=0).ready entity=mon.0 client_cookie=0 server_cookie=0 in_seq=0 out_seq=0
2024-03-18T14:47:46.061 INFO:teuthology.orchestra.run.smithi059.stdout:/usr/bin/ceph: stderr
2024-03-18T14:47:45.155+0000 7ff40b400700 1 -- 172.21.15.59:0/3278645034 <== mon.0 v2:172.21.15.59:3300/0 1 ==== mon_map magic: 0 ==== 205+0+0 (secure 0 0 0) 0x7ff4040038b0 con 0x7ff41407dea0
2024-03-18T14:47:46.061 INFO:teuthology.orchestra.run.smithi059.stdout:/usr/bin/ceph: stderr
2024-03-18T14:47:45.155+0000 7ff40b400700 1 -- 172.21.15.59:0/3278645034 <== mon.0 v2:172.21.15.59:3300/0 2 ==== config(29 keys) ==== 1209+0+0 (secure 0 0 0) 0x7ff404024430 con 0x7ff41407dea0
2024-03-18T14:47:46.061 INFO:teuthology.orchestra.run.smithi059.stdout:/usr/bin/ceph: stderr
2024-03-18T14:47:45.155+0000 7ff419a00700 1 -- 172.21.15.59:0/3278645034 --> [v2:172.21.15.59:3300/0,v1:172.21.15.59:6789/0] -- mon_subscribe({mgrmap=0+}) -- 0x7ff41419e7d0 con 0x7ff41407dea0
2024-03-18T14:47:46.061 INFO:teuthology.orchestra.run.smithi059.stdout:/usr/bin/ceph: stderr
2024-03-18T14:47:45.155+0000 7ff40b400700 1 -- 172.21.15.59:0/3278645034 <== mon.0 v2:172.21.15.59:3300/0 3 ==== mon_map magic: 0 ==== 205+0+0 (secure 0 0 0) 0x7ff40401a5a0 con 0x7ff41407dea0
2024-03-18T14:47:46.061 INFO:teuthology.orchestra.run.smithi059.stdout:/usr/bin/ceph: stderr
2024-03-18T14:47:45.155+0000 7ff419a00700 1 -- 172.21.15.59:0/3278645034 --> [v2:172.21.15.59:3300/0,v1:172.21.15.59:6789/0] -- mon_subscribe({osdmap=0}) -- 0x7ff4141a14c0 con 0x7ff41407dea0
2024-03-18T14:47:46.062 INFO:teuthology.orchestra.run.smithi059.stdout:/usr/bin/ceph: stderr
2024-03-18T14:47:45.157+0000 7ff419a00700 1 -- 172.21.15.59:0/3278645034 --> [v2:172.21.15.59:3300/0,v1:172.21.15.59:6789/0] -- mon_command({"prefix": "get_command_descriptions"} v 0) -- 0x7ff414063900 con 0x7ff41407dea0
2024-03-18T14:47:46.062 INFO:teuthology.orchestra.run.smithi059.stdout:/usr/bin/ceph: stderr
2024-03-18T14:47:45.157+0000 7ff40b400700 1 -- 172.21.15.59:0/3278645034 <== mon.0 v2:172.21.15.59:3300/0 4 ==== mgrmap(e 8) ==== 46106+0+0 (secure 0 0 0) 0x7ff404003a50 con 0x7ff41407dea0
2024-03-18T14:47:46.062 INFO:teuthology.orchestra.run.smithi059.stdout:/usr/bin/ceph: stderr
2024-03-18T14:47:45.158+0000 7ff40b400700 1 --2- 172.21.15.59:0/3278645034 >> [v2:172.21.15.59:6800/4131012954,v1:172.21.15.59:6801/4131012954] conn(0x7ff3f8038ed0 0x7ff3f803b390 unknown :-1 s=NONE pgs=0 cs=0 l=1 rev1=0 crypto rx=0 tx=0 comp rx=0 tx=0).connect
2024-03-18T14:47:46.062 INFO:teuthology.orchestra.run.smithi059.stdout:/usr/bin/ceph: stderr
2024-03-18T14:47:45.158+0000 7ff40b400700 1 -- 172.21.15.59:0/3278645034 <== mon.0 v2:172.21.15.59:3300/0 5 ==== osd_map(2..2 src has 1..2) ==== 940+0+0 (secure 0 0 0) 0x7ff40404d100 con 0x7ff41407dea0
2024-03-18T14:47:46.062 INFO:teuthology.orchestra.run.smithi059.stdout:/usr/bin/ceph: stderr
2024-03-18T14:47:45.158+0000 7ff412000700 1 --2- 172.21.15.59:0/3278645034 >> [v2:172.21.15.59:6800/4131012954,v1:172.21.15.59:6801/4131012954] conn(0x7ff3f8038ed0 0x7ff3f803b390 unknown :-1 s=BANNER_CONNECTING pgs=0 cs=0 l=1 rev1=0 crypto rx=0 tx=0 comp rx=0 tx=0)._handle_peer_banner_payload supported=3 required=0
2024-03-18T14:47:46.062 INFO:teuthology.orchestra.run.smithi059.stdout:/usr/bin/ceph: stderr
2024-03-18T14:47:45.159+0000 7ff412000700 1 --2- 172.21.15.59:0/3278645034 >> [v2:172.21.15.59:6800/4131012954,v1:172.21.15.59:6801/4131012954] conn(0x7ff3f8038ed0 0x7ff3f803b390 secure :-1 s=READY pgs=14 cs=0 l=1 rev1=1 crypto rx=0x7ff400006fd0 tx=0x7ff400006e40 comp rx=0 tx=0).ready entity=mgr.14120 client_cookie=0 server_cookie=0 in_seq=0 out_seq=0
2024-03-18T14:47:46.062 INFO:teuthology.orchestra.run.smithi059.stdout:/usr/bin/ceph: stderr
2024-03-18T14:47:45.164+0000 7ff40b400700 1 -- 172.21.15.59:0/3278645034 <== mon.0 v2:172.21.15.59:3300/0 6 ==== mon_command_ack([{"prefix": "get_command_descriptions"}]=0 v0) ==== 72+0+186149 (secure 0 0 0) 0x7ff40400b3e0 con 0x7ff41407dea0
2024-03-18T14:47:46.062 INFO:teuthology.orchestra.run.smithi059.stdout:/usr/bin/ceph: stderr
2024-03-18T14:47:45.390+0000 7ff419a00700 1 -- 172.21.15.59:0/3278645034 --> [v2:172.21.15.59:3300/0,v1:172.21.15.59:6789/0] -- mon_command([{prefix=config set, name=mgr/cephadm/container_init}] v 0) -- 0x7ff4141a1a70 con 0x7ff41407dea0
2024-03-18T14:47:46.062 INFO:teuthology.orchestra.run.smithi059.stdout:/usr/bin/ceph: stderr
2024-03-18T14:47:45.393+0000 7ff40b400700 1 -- 172.21.15.59:0/3278645034 <== mon.0 v2:172.21.15.59:3300/0 7 ==== mon_command_ack([{prefix=config set, name=mgr/cephadm/container_init}]=0 v7)=0 v7) ==== 142+0+0 (secure 0 0 0) 0x7ff4040212e0 con 0x7ff41407dea0
2024-03-18T14:47:46.062 INFO:teuthology.orchestra.run.smithi059.stdout:/usr/bin/ceph: stderr
2024-03-18T14:47:45.397+0000 7ff419a00700 1 -- 172.21.15.59:0/3278645034 >> [v2:172.21.15.59:6800/4131012954,v1:172.21.15.59:6801/4131012954] conn(0x7ff3f8038ed0 msgr2=0x7ff3f803b390 secure :-1 s=STATE_CONNECTION_ESTABLISHED l=1).mark_down
2024-03-18T14:47:46.062 INFO:teuthology.orchestra.run.smithi059.stdout:/usr/bin/ceph: stderr
2024-03-18T14:47:45.397+0000 7ff419a00700 1 --2- 172.21.15.59:0/3278645034 >> [v2:172.21.15.59:6800/4131012954,v1:172.21.15.59:6801/4131012954] conn(0x7ff3f8038ed0 0x7ff3f803b390 secure :-1 s=READY pgs=14 cs=0 l=1 rev1=1 crypto rx=0x7ff400006fd0 tx=0x7ff400006e40 comp rx=0 tx=0).stop
2024-03-18T14:47:46.062 INFO:teuthology.orchestra.run.smithi059.stdout:/usr/bin/ceph: stderr
2024-03-18T14:47:45.397+0000 7ff419a00700 1 -- 172.21.15.59:0/3278645034 >> [v2:172.21.15.59:3300/0,v1:172.21.15.59:6789/0] conn(0x7ff41407dea0 msgr2=0x7ff41419e000 secure :-1 s=STATE_CONNECTION_ESTABLISHED l=1).mark_down
2024-03-18T14:47:46.062 INFO:teuthology.orchestra.run.smithi059.stdout:/usr/bin/ceph: stderr
2024-03-18T14:47:45.397+0000 7ff419a00700 1 --2- 172.21.15.59:0/3278645034 >> [v2:172.21.15.59:3300/0,v1:172.21.15.59:6789/0] conn(0x7ff41407dea0 0x7ff41419e000 secure :-1 s=READY pgs=52 cs=0 l=1 rev1=1 crypto rx=0x7ff4040117f0 tx=0x7ff404011cf0 comp rx=0 tx=0).stop
2024-03-18T14:47:46.062 INFO:teuthology.orchestra.run.smithi059.stdout:/usr/bin/ceph: stderr
2024-03-18T14:47:45.398+0000 7ff419a00700 1 -- 172.21.15.59:0/3278645034 shutdown_connections
2024-03-18T14:47:46.063 INFO:teuthology.orchestra.run.smithi059.stdout:/usr/bin/ceph: stderr
2024-03-18T14:47:45.398+0000 7ff419a00700 1 --2- 172.21.15.59:0/3278645034 >> [v2:172.21.15.59:6800/4131012954,v1:172.21.15.59:6801/4131012954] conn(0x7ff3f8038ed0 0x7ff3f803b390 unknown :-1 s=CLOSED pgs=14 cs=0 l=1 rev1=1 crypto rx=0 tx=0 comp rx=0 tx=0).stop
2024-03-18T14:47:46.063 INFO:teuthology.orchestra.run.smithi059.stdout:/usr/bin/ceph: stderr
2024-03-18T14:47:45.398+0000 7ff419a00700 1 --2- 172.21.15.59:0/3278645034 >> [v2:172.21.15.59:3300/0,v1:172.21.15.59:6789/0] conn(0x7ff41407dea0 0x7ff41419e000 unknown :-1 s=CLOSED pgs=52 cs=0 l=1 rev1=1 crypto rx=0 tx=0 comp rx=0 tx=0).stop
2024-03-18T14:47:46.063 INFO:teuthology.orchestra.run.smithi059.stdout:/usr/bin/ceph: stderr
2024-03-18T14:47:45.398+0000 7ff419a00700 1 -- 172.21.15.59:0/3278645034 >> 172.21.15.59:0/3278645034 conn(0x7ff4141033e0 msgr2=0x7ff414103ef0 unknown :-1 s=STATE_NONE l=0).mark_down
2024-03-18T14:47:46.063 INFO:teuthology.orchestra.run.smithi059.stdout:/usr/bin/ceph: stderr
2024-03-18T14:47:45.398+0000 7ff419a00700 1 -- 172.21.15.59:0/3278645034 shutdown_connections
2024-03-18T14:47:46.063 INFO:teuthology.orchestra.run.smithi059.stdout:/usr/bin/ceph: stderr
2024-03-18T14:47:45.398+0000 7ff419a00700 1 -- 172.21.15.59:0/3278645034 wait complete.
2024-03-18T14:47:46.918 INFO:journalctl@ceph.mon.a.smithi059.stdout:Mar 18 14:47:46 smithi059 ceph-mon[31744]: pgmap v4: 0 pgs: ; 0 B data, 0 B used, 0 B / 0 B avail
2024-03-18T14:47:47.792 INFO:teuthology.orchestra.run.smithi059.stdout:/usr/bin/ceph: stderr
2024-03-18T14:47:46.650+0000 7f0914000700 1 Processor -- start
2024-03-18T14:47:47.792 INFO:teuthology.orchestra.run.smithi059.stdout:/usr/bin/ceph: stderr
2024-03-18T14:47:46.651+0000 7f0914000700 1 -- start start
2024-03-18T14:47:47.792 INFO:teuthology.orchestra.run.smithi059.stdout:/usr/bin/ceph: stderr
2024-03-18T14:47:46.651+0000 7f0914000700 1 --2- >> [v2:172.21.15.59:3300/0,v1:172.21.15.59:6789/0] conn(0x7f090c107e60 0x7f090c108280 unknown :-1 s=NONE pgs=0 cs=0 l=0 rev1=0 crypto rx=0 tx=0 comp rx=0 tx=0).connect
2024-03-18T14:47:47.792 INFO:teuthology.orchestra.run.smithi059.stdout:/usr/bin/ceph: stderr
2024-03-18T14:47:46.651+0000 7f0914000700 1 -- --> [v2:172.21.15.59:3300/0,v1:172.21.15.59:6789/0] -- mon_getmap magic: 0 -- 0x7f090c108850 con 0x7f090c107e60
2024-03-18T14:47:47.792 INFO:teuthology.orchestra.run.smithi059.stdout:/usr/bin/ceph: stderr
2024-03-18T14:47:46.651+0000 7f0911600700 1 --2- >> [v2:172.21.15.59:3300/0,v1:172.21.15.59:6789/0] conn(0x7f090c107e60 0x7f090c108280 unknown :-1 s=BANNER_CONNECTING pgs=0 cs=0 l=0 rev1=0 crypto rx=0 tx=0 comp rx=0 tx=0)._handle_peer_banner_payload supported=3 required=0
2024-03-18T14:47:47.796 INFO:teuthology.orchestra.run.smithi059.stdout:/usr/bin/ceph: stderr
2024-03-18T14:47:46.652+0000 7f0911600700 1 --2- >> [v2:172.21.15.59:3300/0,v1:172.21.15.59:6789/0] conn(0x7f090c107e60 0x7f090c108280 unknown :-1 s=HELLO_CONNECTING pgs=0 cs=0 l=0 rev1=1 crypto rx=0 tx=0 comp rx=0 tx=0).handle_hello peer v2:172.21.15.59:3300/0 says I am v2:172.21.15.59:43186/0 (socket says 172.21.15.59:43186)
2024-03-18T14:47:47.796 INFO:teuthology.orchestra.run.smithi059.stdout:/usr/bin/ceph: stderr
2024-03-18T14:47:46.652+0000 7f0911600700 1 -- 172.21.15.59:0/1271554819 learned_addr learned my addr 172.21.15.59:0/1271554819 (peer_addr_for_me v2:172.21.15.59:0/0)
2024-03-18T14:47:47.796 INFO:teuthology.orchestra.run.smithi059.stdout:/usr/bin/ceph: stderr
2024-03-18T14:47:46.652+0000 7f0911600700 1 -- 172.21.15.59:0/1271554819 --> [v2:172.21.15.59:3300/0,v1:172.21.15.59:6789/0] -- mon_subscribe({config=0+,monmap=0+}) -- 0x7f090c108fc0 con 0x7f090c107e60
2024-03-18T14:47:47.796 INFO:teuthology.orchestra.run.smithi059.stdout:/usr/bin/ceph: stderr
2024-03-18T14:47:46.652+0000 7f0911600700 1 --2- 172.21.15.59:0/1271554819 >> [v2:172.21.15.59:3300/0,v1:172.21.15.59:6789/0] conn(0x7f090c107e60 0x7f090c108280 secure :-1 s=READY pgs=53 cs=0 l=1 rev1=1 crypto rx=0x7f09000098a0 tx=0x7f0900009bb0 comp rx=0 tx=0).ready entity=mon.0 client_cookie=3c0d0e6e8a297856 server_cookie=0 in_seq=0 out_seq=0
2024-03-18T14:47:47.796 INFO:teuthology.orchestra.run.smithi059.stdout:/usr/bin/ceph: stderr
2024-03-18T14:47:46.653+0000 7f090be00700 1 -- 172.21.15.59:0/1271554819 <== mon.0 v2:172.21.15.59:3300/0 1 ==== mon_map magic: 0 ==== 205+0+0 (secure 0 0 0) 0x7f0900004160 con 0x7f090c107e60
2024-03-18T14:47:47.796 INFO:teuthology.orchestra.run.smithi059.stdout:/usr/bin/ceph: stderr
2024-03-18T14:47:46.653+0000 7f090be00700 1 -- 172.21.15.59:0/1271554819 <== mon.0 v2:172.21.15.59:3300/0 2 ==== config(29 keys) ==== 1209+0+0 (secure 0 0 0) 0x7f0900004300 con 0x7f090c107e60
2024-03-18T14:47:47.797 INFO:teuthology.orchestra.run.smithi059.stdout:/usr/bin/ceph: stderr
2024-03-18T14:47:46.653+0000 7f090be00700 1 -- 172.21.15.59:0/1271554819 <== mon.0 v2:172.21.15.59:3300/0 3 ==== mon_map magic: 0 ==== 205+0+0 (secure 0 0 0) 0x7f0900011c70 con 0x7f090c107e60
2024-03-18T14:47:47.797 INFO:teuthology.orchestra.run.smithi059.stdout:/usr/bin/ceph: stderr
2024-03-18T14:47:46.653+0000 7f0914000700 1 -- 172.21.15.59:0/1271554819 >> [v2:172.21.15.59:3300/0,v1:172.21.15.59:6789/0] conn(0x7f090c107e60 msgr2=0x7f090c108280 secure :-1 s=STATE_CONNECTION_ESTABLISHED l=1).mark_down
2024-03-18T14:47:47.797 INFO:teuthology.orchestra.run.smithi059.stdout:/usr/bin/ceph: stderr
2024-03-18T14:47:46.653+0000 7f0914000700 1 --2- 172.21.15.59:0/1271554819 >> [v2:172.21.15.59:3300/0,v1:172.21.15.59:6789/0] conn(0x7f090c107e60 0x7f090c108280 secure :-1 s=READY pgs=53 cs=0 l=1 rev1=1 crypto rx=0x7f09000098a0 tx=0x7f0900009bb0 comp rx=0 tx=0).stop
2024-03-18T14:47:47.797 INFO:teuthology.orchestra.run.smithi059.stdout:/usr/bin/ceph: stderr
2024-03-18T14:47:46.653+0000 7f0914000700 1 -- 172.21.15.59:0/1271554819 shutdown_connections
2024-03-18T14:47:47.797 INFO:teuthology.orchestra.run.smithi059.stdout:/usr/bin/ceph: stderr
2024-03-18T14:47:46.653+0000 7f0914000700 1 --2- 172.21.15.59:0/1271554819 >> [v2:172.21.15.59:3300/0,v1:172.21.15.59:6789/0] conn(0x7f090c107e60 0x7f090c108280 unknown :-1 s=CLOSED pgs=53 cs=0 l=1 rev1=1 crypto rx=0 tx=0 comp rx=0 tx=0).stop
2024-03-18T14:47:47.797 INFO:teuthology.orchestra.run.smithi059.stdout:/usr/bin/ceph: stderr
2024-03-18T14:47:46.654+0000 7f0914000700 1 -- 172.21.15.59:0/1271554819 >> 172.21.15.59:0/1271554819 conn(0x7f090c103440 msgr2=0x7f090c105860 unknown :-1 s=STATE_NONE l=0).mark_down
2024-03-18T14:47:47.797 INFO:teuthology.orchestra.run.smithi059.stdout:/usr/bin/ceph: stderr
2024-03-18T14:47:46.654+0000 7f0914000700 1 -- 172.21.15.59:0/1271554819 shutdown_connections
2024-03-18T14:47:47.797 INFO:teuthology.orchestra.run.smithi059.stdout:/usr/bin/ceph: stderr
2024-03-18T14:47:46.654+0000 7f0914000700 1 -- 172.21.15.59:0/1271554819 wait complete.
2024-03-18T14:47:47.797 INFO:teuthology.orchestra.run.smithi059.stdout:/usr/bin/ceph: stderr
2024-03-18T14:47:46.655+0000 7f0914000700 1 Processor -- start
2024-03-18T14:47:47.797 INFO:teuthology.orchestra.run.smithi059.stdout:/usr/bin/ceph: stderr
2024-03-18T14:47:46.655+0000 7f0914000700 1 -- start start
2024-03-18T14:47:47.797 INFO:teuthology.orchestra.run.smithi059.stdout:/usr/bin/ceph: stderr
