2024-03-18T14:42:11.313 INFO:teuthology.orchestra.run.smithi012.stdout:/usr/bin/ceph: stderr
2024-03-18T14:42:09.825+0000 7fbe6286b700 1 -- 172.21.15.12:0/2048209953 shutdown_connections
2024-03-18T14:42:11.313 INFO:teuthology.orchestra.run.smithi012.stdout:/usr/bin/ceph: stderr
2024-03-18T14:42:09.825+0000 7fbe6286b700 1 --2- 172.21.15.12:0/2048209953 >> [v2:172.21.15.12:6800/3609733177,v1:172.21.15.12:6801/3609733177] conn(0x7fbe48036790 0x7fbe48038c40 unknown :-1 s=CLOSED pgs=12 cs=0 l=1 rev1=1 crypto rx=0 tx=0 comp rx=0 tx=0).stop
2024-03-18T14:42:11.314 INFO:teuthology.orchestra.run.smithi012.stdout:/usr/bin/ceph: stderr
2024-03-18T14:42:09.825+0000 7fbe6286b700 1 --2- 172.21.15.12:0/2048209953 >> [v2:172.21.15.12:3300/0,v1:172.21.15.12:6789/0] conn(0x7fbe5c103dc0 0x7fbe5c111570 unknown :-1 s=CLOSED pgs=48 cs=0 l=1 rev1=1 crypto rx=0 tx=0 comp rx=0 tx=0).stop
2024-03-18T14:42:11.314 INFO:teuthology.orchestra.run.smithi012.stdout:/usr/bin/ceph: stderr
2024-03-18T14:42:09.825+0000 7fbe6286b700 1 -- 172.21.15.12:0/2048209953 >> 172.21.15.12:0/2048209953 conn(0x7fbe5c0fc500 msgr2=0x7fbe5c0fd0a0 unknown :-1 s=STATE_NONE l=0).mark_down
2024-03-18T14:42:11.314 INFO:teuthology.orchestra.run.smithi012.stdout:/usr/bin/ceph: stderr
2024-03-18T14:42:09.825+0000 7fbe6286b700 1 -- 172.21.15.12:0/2048209953 shutdown_connections
2024-03-18T14:42:11.314 INFO:teuthology.orchestra.run.smithi012.stdout:/usr/bin/ceph: stderr
2024-03-18T14:42:09.825+0000 7fbe6286b700 1 -- 172.21.15.12:0/2048209953 wait complete.
2024-03-18T14:42:11.314 INFO:teuthology.orchestra.run.smithi012.stdout:Deploying mgr service with default placement...
2024-03-18T14:42:12.220 INFO:journalctl@ceph.mon.smithi012.smithi012.stdout:Mar 18 14:42:11 smithi012 ceph-mon[29182]: from='mgr.14120 172.21.15.12:0/413473860' entity='mgr.smithi012.tmscgt'
2024-03-18T14:42:12.220 INFO:journalctl@ceph.mon.smithi012.smithi012.stdout:Mar 18 14:42:11 smithi012 ceph-mon[29182]: from='mgr.14120 172.21.15.12:0/413473860' entity='mgr.smithi012.tmscgt'
2024-03-18T14:42:13.055 INFO:journalctl@ceph.mon.smithi012.smithi012.stdout:Mar 18 14:42:12 smithi012 ceph-mon[29182]: from='client.14144 -' entity='client.admin' cmd=[{"prefix": "orch apply", "service_type": "mgr", "target": ["mon-mgr", ""]}]: dispatch
2024-03-18T14:42:13.055 INFO:journalctl@ceph.mon.smithi012.smithi012.stdout:Mar 18 14:42:12 smithi012 ceph-mon[29182]: Saving service mgr spec with placement count:2
2024-03-18T14:42:13.055 INFO:journalctl@ceph.mon.smithi012.smithi012.stdout:Mar 18 14:42:12 smithi012 ceph-mon[29182]: from='mgr.14120 172.21.15.12:0/413473860' entity='mgr.smithi012.tmscgt'
2024-03-18T14:42:13.062 INFO:teuthology.orchestra.run.smithi012.stdout:/usr/bin/ceph: stdout Scheduled mgr update...
2024-03-18T14:42:13.062 INFO:teuthology.orchestra.run.smithi012.stdout:/usr/bin/ceph: stderr
2024-03-18T14:42:11.760+0000 7febdbbc2700 1 Processor -- start
2024-03-18T14:42:13.062 INFO:teuthology.orchestra.run.smithi012.stdout:/usr/bin/ceph: stderr
2024-03-18T14:42:11.760+0000 7febdbbc2700 1 -- start start
2024-03-18T14:42:13.062 INFO:teuthology.orchestra.run.smithi012.stdout:/usr/bin/ceph: stderr
2024-03-18T14:42:11.760+0000 7febdbbc2700 1 --2- >> [v2:172.21.15.12:3300/0,v1:172.21.15.12:6789/0] conn(0x7febd4103d60 0x7febd4104170 unknown :-1 s=NONE pgs=0 cs=0 l=0 rev1=0 crypto rx=0 tx=0 comp rx=0 tx=0).connect
2024-03-18T14:42:13.062 INFO:teuthology.orchestra.run.smithi012.stdout:/usr/bin/ceph: stderr
2024-03-18T14:42:11.760+0000 7febdbbc2700 1 -- --> [v2:172.21.15.12:3300/0,v1:172.21.15.12:6789/0] -- mon_getmap magic: 0 v1 -- 0x7febd4070df0 con 0x7febd4103d60
2024-03-18T14:42:13.062 INFO:teuthology.orchestra.run.smithi012.stdout:/usr/bin/ceph: stderr
2024-03-18T14:42:11.760+0000 7febd995e700 1 --2- >> [v2:172.21.15.12:3300/0,v1:172.21.15.12:6789/0] conn(0x7febd4103d60 0x7febd4104170 unknown :-1 s=BANNER_CONNECTING pgs=0 cs=0 l=0 rev1=0 crypto rx=0 tx=0 comp rx=0 tx=0)._handle_peer_banner_payload supported=3 required=0
2024-03-18T14:42:13.062 INFO:teuthology.orchestra.run.smithi012.stdout:/usr/bin/ceph: stderr
2024-03-18T14:42:11.760+0000 7febd995e700 1 --2- >> [v2:172.21.15.12:3300/0,v1:172.21.15.12:6789/0] conn(0x7febd4103d60 0x7febd4104170 unknown :-1 s=HELLO_CONNECTING pgs=0 cs=0 l=0 rev1=1 crypto rx=0 tx=0 comp rx=0 tx=0).handle_hello peer v2:172.21.15.12:3300/0 says I am v2:172.21.15.12:39256/0 (socket says 172.21.15.12:39256)
2024-03-18T14:42:13.062 INFO:teuthology.orchestra.run.smithi012.stdout:/usr/bin/ceph: stderr
2024-03-18T14:42:11.760+0000 7febd995e700 1 -- 172.21.15.12:0/3521102886 learned_addr learned my addr 172.21.15.12:0/3521102886 (peer_addr_for_me v2:172.21.15.12:0/0)
2024-03-18T14:42:13.063 INFO:teuthology.orchestra.run.smithi012.stdout:/usr/bin/ceph: stderr
2024-03-18T14:42:11.760+0000 7febd995e700 1 -- 172.21.15.12:0/3521102886 --> [v2:172.21.15.12:3300/0,v1:172.21.15.12:6789/0] -- mon_subscribe({config=0+,monmap=0+}) v3 -- 0x7febd41046b0 con 0x7febd4103d60
2024-03-18T14:42:13.063 INFO:teuthology.orchestra.run.smithi012.stdout:/usr/bin/ceph: stderr
2024-03-18T14:42:11.761+0000 7febd995e700 1 --2- 172.21.15.12:0/3521102886 >> [v2:172.21.15.12:3300/0,v1:172.21.15.12:6789/0] conn(0x7febd4103d60 0x7febd4104170 secure :-1 s=READY pgs=49 cs=0 l=1 rev1=1 crypto rx=0x7febd00098e0 tx=0x7febd0009250 comp rx=0 tx=0).ready entity=mon.0 client_cookie=b648a804defde89d server_cookie=0 in_seq=0 out_seq=0
2024-03-18T14:42:13.063 INFO:teuthology.orchestra.run.smithi012.stdout:/usr/bin/ceph: stderr
2024-03-18T14:42:11.761+0000 7febd895c700 1 -- 172.21.15.12:0/3521102886 <== mon.0 v2:172.21.15.12:3300/0 1 ==== mon_map magic: 0 v1 ==== 229+0+0 (secure 0 0 0) 0x7febd000b860 con 0x7febd4103d60
2024-03-18T14:42:13.063 INFO:teuthology.orchestra.run.smithi012.stdout:/usr/bin/ceph: stderr
2024-03-18T14:42:11.761+0000 7febd895c700 1 -- 172.21.15.12:0/3521102886 <== mon.0 v2:172.21.15.12:3300/0 2 ==== config(27 keys) v1 ==== 1109+0+0 (secure 0 0 0) 0x7febd000be90 con 0x7febd4103d60
2024-03-18T14:42:13.063 INFO:teuthology.orchestra.run.smithi012.stdout:/usr/bin/ceph: stderr
2024-03-18T14:42:11.761+0000 7febd895c700 1 -- 172.21.15.12:0/3521102886 <== mon.0 v2:172.21.15.12:3300/0 3 ==== mon_map magic: 0 v1 ==== 229+0+0 (secure 0 0 0) 0x7febd00103c0 con 0x7febd4103d60
2024-03-18T14:42:13.063 INFO:teuthology.orchestra.run.smithi012.stdout:/usr/bin/ceph: stderr
2024-03-18T14:42:11.761+0000 7febdbbc2700 1 -- 172.21.15.12:0/3521102886 >> [v2:172.21.15.12:3300/0,v1:172.21.15.12:6789/0] conn(0x7febd4103d60 msgr2=0x7febd4104170 secure :-1 s=STATE_CONNECTION_ESTABLISHED l=1).mark_down
2024-03-18T14:42:13.063 INFO:teuthology.orchestra.run.smithi012.stdout:/usr/bin/ceph: stderr
2024-03-18T14:42:11.761+0000 7febdbbc2700 1 --2- 172.21.15.12:0/3521102886 >> [v2:172.21.15.12:3300/0,v1:172.21.15.12:6789/0] conn(0x7febd4103d60 0x7febd4104170 secure :-1 s=READY pgs=49 cs=0 l=1 rev1=1 crypto rx=0x7febd00098e0 tx=0x7febd0009250 comp rx=0 tx=0).stop
2024-03-18T14:42:13.063 INFO:teuthology.orchestra.run.smithi012.stdout:/usr/bin/ceph: stderr
2024-03-18T14:42:11.761+0000 7febdbbc2700 1 -- 172.21.15.12:0/3521102886 shutdown_connections
2024-03-18T14:42:13.063 INFO:teuthology.orchestra.run.smithi012.stdout:/usr/bin/ceph: stderr
2024-03-18T14:42:11.761+0000 7febdbbc2700 1 --2- 172.21.15.12:0/3521102886 >> [v2:172.21.15.12:3300/0,v1:172.21.15.12:6789/0] conn(0x7febd4103d60 0x7febd4104170 unknown :-1 s=CLOSED pgs=49 cs=0 l=1 rev1=1 crypto rx=0 tx=0 comp rx=0 tx=0).stop
2024-03-18T14:42:13.063 INFO:teuthology.orchestra.run.smithi012.stdout:/usr/bin/ceph: stderr
2024-03-18T14:42:11.761+0000 7febdbbc2700 1 -- 172.21.15.12:0/3521102886 >> 172.21.15.12:0/3521102886 conn(0x7febd40fc4a0 msgr2=0x7febd40fe8b0 unknown :-1 s=STATE_NONE l=0).mark_down
2024-03-18T14:42:13.063 INFO:teuthology.orchestra.run.smithi012.stdout:/usr/bin/ceph: stderr
2024-03-18T14:42:11.761+0000 7febdbbc2700 1 -- 172.21.15.12:0/3521102886 shutdown_connections
2024-03-18T14:42:13.063 INFO:teuthology.orchestra.run.smithi012.stdout:/usr/bin/ceph: stderr
2024-03-18T14:42:11.761+0000 7febdbbc2700 1 -- 172.21.15.12:0/3521102886 wait complete.
2024-03-18T14:42:13.063 INFO:teuthology.orchestra.run.smithi012.stdout:/usr/bin/ceph: stderr
2024-03-18T14:42:11.762+0000 7febdbbc2700 1 Processor -- start
2024-03-18T14:42:13.063 INFO:teuthology.orchestra.run.smithi012.stdout:/usr/bin/ceph: stderr
2024-03-18T14:42:11.762+0000 7febdbbc2700 1 -- start start
2024-03-18T14:42:13.063 INFO:teuthology.orchestra.run.smithi012.stdout:/usr/bin/ceph: stderr
2024-03-18T14:42:11.762+0000 7febdbbc2700 1 --2- >> [v2:172.21.15.12:3300/0,v1:172.21.15.12:6789/0] conn(0x7febd4103d60 0x7febd41115a0 unknown :-1 s=NONE pgs=0 cs=0 l=1 rev1=0 crypto rx=0 tx=0 comp rx=0 tx=0).connect
2024-03-18T14:42:13.064 INFO:teuthology.orchestra.run.smithi012.stdout:/usr/bin/ceph: stderr
2024-03-18T14:42:11.762+0000 7febdbbc2700 1 -- --> [v2:172.21.15.12:3300/0,v1:172.21.15.12:6789/0] -- mon_getmap magic: 0 v1 -- 0x7febd4111ae0 con 0x7febd4103d60
2024-03-18T14:42:13.064 INFO:teuthology.orchestra.run.smithi012.stdout:/usr/bin/ceph: stderr
2024-03-18T14:42:11.762+0000 7febd995e700 1 --2- >> [v2:172.21.15.12:3300/0,v1:172.21.15.12:6789/0] conn(0x7febd4103d60 0x7febd41115a0 unknown :-1 s=BANNER_CONNECTING pgs=0 cs=0 l=1 rev1=0 crypto rx=0 tx=0 comp rx=0 tx=0)._handle_peer_banner_payload supported=3 required=0
2024-03-18T14:42:13.064 INFO:teuthology.orchestra.run.smithi012.stdout:/usr/bin/ceph: stderr
2024-03-18T14:42:11.762+0000 7febd995e700 1 --2- >> [v2:172.21.15.12:3300/0,v1:172.21.15.12:6789/0] conn(0x7febd4103d60 0x7febd41115a0 unknown :-1 s=HELLO_CONNECTING pgs=0 cs=0 l=1 rev1=1 crypto rx=0 tx=0 comp rx=0 tx=0).handle_hello peer v2:172.21.15.12:3300/0 says I am v2:172.21.15.12:39270/0 (socket says 172.21.15.12:39270)
2024-03-18T14:42:13.064 INFO:teuthology.orchestra.run.smithi012.stdout:/usr/bin/ceph: stderr
2024-03-18T14:42:11.762+0000 7febd995e700 1 -- 172.21.15.12:0/839828006 learned_addr learned my addr 172.21.15.12:0/839828006 (peer_addr_for_me v2:172.21.15.12:0/0)
2024-03-18T14:42:13.064 INFO:teuthology.orchestra.run.smithi012.stdout:/usr/bin/ceph: stderr
2024-03-18T14:42:11.762+0000 7febd995e700 1 -- 172.21.15.12:0/839828006 --> [v2:172.21.15.12:3300/0,v1:172.21.15.12:6789/0] -- mon_subscribe({config=0+,monmap=0+}) v3 -- 0x7febd00094f0 con 0x7febd4103d60
2024-03-18T14:42:13.064 INFO:teuthology.orchestra.run.smithi012.stdout:/usr/bin/ceph: stderr
2024-03-18T14:42:11.763+0000 7febd995e700 1 --2- 172.21.15.12:0/839828006 >> [v2:172.21.15.12:3300/0,v1:172.21.15.12:6789/0] conn(0x7febd4103d60 0x7febd41115a0 secure :-1 s=READY pgs=50 cs=0 l=1 rev1=1 crypto rx=0x7febd00090b0 tx=0x7febd0009250 comp rx=0 tx=0).ready entity=mon.0 client_cookie=0 server_cookie=0 in_seq=0 out_seq=0
2024-03-18T14:42:13.064 INFO:teuthology.orchestra.run.smithi012.stdout:/usr/bin/ceph: stderr
2024-03-18T14:42:11.763+0000 7febca7fc700 1 -- 172.21.15.12:0/839828006 <== mon.0 v2:172.21.15.12:3300/0 1 ==== mon_map magic: 0 v1 ==== 229+0+0 (secure 0 0 0) 0x7febd0010840 con 0x7febd4103d60
2024-03-18T14:42:13.064 INFO:teuthology.orchestra.run.smithi012.stdout:/usr/bin/ceph: stderr
2024-03-18T14:42:11.763+0000 7febca7fc700 1 -- 172.21.15.12:0/839828006 <== mon.0 v2:172.21.15.12:3300/0 2 ==== config(27 keys) v1 ==== 1109+0+0 (secure 0 0 0) 0x7febd0010e70 con 0x7febd4103d60
2024-03-18T14:42:13.064 INFO:teuthology.orchestra.run.smithi012.stdout:/usr/bin/ceph: stderr
2024-03-18T14:42:11.763+0000 7febdbbc2700 1 -- 172.21.15.12:0/839828006 --> [v2:172.21.15.12:3300/0,v1:172.21.15.12:6789/0] -- mon_subscribe({mgrmap=0+}) v3 -- 0x7febd4111ce0 con 0x7febd4103d60
2024-03-18T14:42:13.064 INFO:teuthology.orchestra.run.smithi012.stdout:/usr/bin/ceph: stderr
2024-03-18T14:42:11.763+0000 7febca7fc700 1 -- 172.21.15.12:0/839828006 <== mon.0 v2:172.21.15.12:3300/0 3 ==== mon_map magic: 0 v1 ==== 229+0+0 (secure 0 0 0) 0x7febd0024e40 con 0x7febd4103d60
2024-03-18T14:42:13.064 INFO:teuthology.orchestra.run.smithi012.stdout:/usr/bin/ceph: stderr
2024-03-18T14:42:11.763+0000 7febdbbc2700 1 -- 172.21.15.12:0/839828006 --> [v2:172.21.15.12:3300/0,v1:172.21.15.12:6789/0] -- mon_subscribe({osdmap=0}) v3 -- 0x7febd4112850 con 0x7febd4103d60
2024-03-18T14:42:13.064 INFO:teuthology.orchestra.run.smithi012.stdout:/usr/bin/ceph: stderr
2024-03-18T14:42:11.764+0000 7febca7fc700 1 -- 172.21.15.12:0/839828006 <== mon.0 v2:172.21.15.12:3300/0 4 ==== mgrmap(e 8) v1 ==== 43368+0+0 (secure 0 0 0) 0x7febd001a4c0 con 0x7febd4103d60
2024-03-18T14:42:13.064 INFO:teuthology.orchestra.run.smithi012.stdout:/usr/bin/ceph: stderr
2024-03-18T14:42:11.764+0000 7febca7fc700 1 --2- 172.21.15.12:0/839828006 >> [v2:172.21.15.12:6800/3609733177,v1:172.21.15.12:6801/3609733177] conn(0x7febc0036790 0x7febc0038c40 unknown :-1 s=NONE pgs=0 cs=0 l=1 rev1=0 crypto rx=0 tx=0 comp rx=0 tx=0).connect
2024-03-18T14:42:13.065 INFO:teuthology.orchestra.run.smithi012.stdout:/usr/bin/ceph: stderr
2024-03-18T14:42:11.764+0000 7febdbbc2700 1 -- 172.21.15.12:0/839828006 --> [v2:172.21.15.12:3300/0,v1:172.21.15.12:6789/0] -- mon_command({"prefix": "get_command_descriptions"} v 0) v1 -- 0x7febd405f5f0 con 0x7febd4103d60
2024-03-18T14:42:13.065 INFO:teuthology.orchestra.run.smithi012.stdout:/usr/bin/ceph: stderr
2024-03-18T14:42:11.764+0000 7febd915d700 1 --2- 172.21.15.12:0/839828006 >> [v2:172.21.15.12:6800/3609733177,v1:172.21.15.12:6801/3609733177] conn(0x7febc0036790 0x7febc0038c40 unknown :-1 s=BANNER_CONNECTING pgs=0 cs=0 l=1 rev1=0 crypto rx=0 tx=0 comp rx=0 tx=0)._handle_peer_banner_payload supported=3 required=0
2024-03-18T14:42:13.065 INFO:teuthology.orchestra.run.smithi012.stdout:/usr/bin/ceph: stderr
2024-03-18T14:42:11.764+0000 7febca7fc700 1 -- 172.21.15.12:0/839828006 <== mon.0 v2:172.21.15.12:3300/0 5 ==== osd_map(2..2 src has 1..2) v4 ==== 936+0+0 (secure 0 0 0) 0x7febd004a760 con 0x7febd4103d60
2024-03-18T14:42:13.065 INFO:teuthology.orchestra.run.smithi012.stdout:/usr/bin/ceph: stderr
2024-03-18T14:42:11.764+0000 7febd915d700 1 --2- 172.21.15.12:0/839828006 >> [v2:172.21.15.12:6800/3609733177,v1:172.21.15.12:6801/3609733177] conn(0x7febc0036790 0x7febc0038c40 secure :-1 s=READY pgs=13 cs=0 l=1 rev1=1 crypto rx=0x7febc4009990 tx=0x7febc4006e40 comp rx=0 tx=0).ready entity=mgr.14120 client_cookie=0 server_cookie=0 in_seq=0 out_seq=0
2024-03-18T14:42:13.065 INFO:teuthology.orchestra.run.smithi012.stdout:/usr/bin/ceph: stderr
2024-03-18T14:42:11.769+0000 7febca7fc700 1 -- 172.21.15.12:0/839828006 <== mon.0 v2:172.21.15.12:3300/0 6 ==== mon_command_ack([{"prefix": "get_command_descriptions"}]=0 v0) v1 ==== 72+0+175520 (secure 0 0 0) 0x7febd00109a0 con 0x7febd4103d60
2024-03-18T14:42:13.065 INFO:teuthology.orchestra.run.smithi012.stdout:/usr/bin/ceph: stderr
2024-03-18T14:42:11.982+0000 7febdbbc2700 1 -- 172.21.15.12:0/839828006 --> [v2:172.21.15.12:6800/3609733177,v1:172.21.15.12:6801/3609733177] -- mgr_command(tid 0: {"prefix": "orch apply", "service_type": "mgr", "target": ["mon-mgr", ""]}) v1 -- 0x7febd40fd750 con 0x7febc0036790
2024-03-18T14:42:13.065 INFO:teuthology.orchestra.run.smithi012.stdout:/usr/bin/ceph: stderr
2024-03-18T14:42:11.987+0000 7febca7fc700 1 -- 172.21.15.12:0/839828006 <== mgr.14120 v2:172.21.15.12:6800/3609733177 1 ==== mgr_command_reply(tid 0: 0 ) v1 ==== 8+0+24 (secure 0 0 0) 0x7febd40fd750 con 0x7febc0036790
2024-03-18T14:42:13.065 INFO:teuthology.orchestra.run.smithi012.stdout:/usr/bin/ceph: stderr
2024-03-18T14:42:11.989+0000 7febdbbc2700 1 -- 172.21.15.12:0/839828006 >> [v2:172.21.15.12:6800/3609733177,v1:172.21.15.12:6801/3609733177] conn(0x7febc0036790 msgr2=0x7febc0038c40 secure :-1 s=STATE_CONNECTION_ESTABLISHED l=1).mark_down
2024-03-18T14:42:13.065 INFO:teuthology.orchestra.run.smithi012.stdout:/usr/bin/ceph: stderr
2024-03-18T14:42:11.989+0000 7febdbbc2700 1 --2- 172.21.15.12:0/839828006 >> [v2:172.21.15.12:6800/3609733177,v1:172.21.15.12:6801/3609733177] conn(0x7febc0036790 0x7febc0038c40 secure :-1 s=READY pgs=13 cs=0 l=1 rev1=1 crypto rx=0x7febc4009990 tx=0x7febc4006e40 comp rx=0 tx=0).stop
2024-03-18T14:42:13.065 INFO:teuthology.orchestra.run.smithi012.stdout:/usr/bin/ceph: stderr
2024-03-18T14:42:11.989+0000 7febdbbc2700 1 -- 172.21.15.12:0/839828006 >> [v2:172.21.15.12:3300/0,v1:172.21.15.12:6789/0] conn(0x7febd4103d60 msgr2=0x7febd41115a0 secure :-1 s=STATE_CONNECTION_ESTABLISHED l=1).mark_down
2024-03-18T14:42:13.065 INFO:teuthology.orchestra.run.smithi012.stdout:/usr/bin/ceph: stderr
2024-03-18T14:42:11.989+0000 7febdbbc2700 1 --2- 172.21.15.12:0/839828006 >> [v2:172.21.15.12:3300/0,v1:172.21.15.12:6789/0] conn(0x7febd4103d60 0x7febd41115a0 secure :-1 s=READY pgs=50 cs=0 l=1 rev1=1 crypto rx=0x7febd00090b0 tx=0x7febd0009250 comp rx=0 tx=0).stop
2024-03-18T14:42:13.065 INFO:teuthology.orchestra.run.smithi012.stdout:/usr/bin/ceph: stderr
2024-03-18T14:42:11.989+0000 7febdbbc2700 1 -- 172.21.15.12:0/839828006 shutdown_connections
2024-03-18T14:42:13.065 INFO:teuthology.orchestra.run.smithi012.stdout:/usr/bin/ceph: stderr
2024-03-18T14:42:11.989+0000 7febdbbc2700 1 --2- 172.21.15.12:0/839828006 >> [v2:172.21.15.12:6800/3609733177,v1:172.21.15.12:6801/3609733177] conn(0x7febc0036790 0x7febc0038c40 unknown :-1 s=CLOSED pgs=13 cs=0 l=1 rev1=1 crypto rx=0 tx=0 comp rx=0 tx=0).stop
2024-03-18T14:42:13.065 INFO:teuthology.orchestra.run.smithi012.stdout:/usr/bin/ceph: stderr
2024-03-18T14:42:11.989+0000 7febdbbc2700 1 --2- 172.21.15.12:0/839828006 >> [v2:172.21.15.12:3300/0,v1:172.21.15.12:6789/0] conn(0x7febd4103d60 0x7febd41115a0 unknown :-1 s=CLOSED pgs=50 cs=0 l=1 rev1=1 crypto rx=0 tx=0 comp rx=0 tx=0).stop
2024-03-18T14:42:13.065 INFO:teuthology.orchestra.run.smithi012.stdout:/usr/bin/ceph: stderr
2024-03-18T14:42:11.989+0000 7febdbbc2700 1 -- 172.21.15.12:0/839828006 >> 172.21.15.12:0/839828006 conn(0x7febd40fc4a0 msgr2=0x7febd40fd000 unknown :-1 s=STATE_NONE l=0).mark_down
2024-03-18T14:42:13.066 INFO:teuthology.orchestra.run.smithi012.stdout:/usr/bin/ceph: stderr
2024-03-18T14:42:11.989+0000 7febdbbc2700 1 -- 172.21.15.12:0/839828006 shutdown_connections
2024-03-18T14:42:13.066 INFO:teuthology.orchestra.run.smithi012.stdout:/usr/bin/ceph: stderr
2024-03-18T14:42:11.989+0000 7febdbbc2700 1 -- 172.21.15.12:0/839828006 wait complete.
2024-03-18T14:42:13.066 INFO:teuthology.orchestra.run.smithi012.stdout:Deploying crash service with default placement...
2024-03-18T14:42:14.269 INFO:teuthology.orchestra.run.smithi012.stdout:/usr/bin/ceph: stdout Scheduled crash update...
2024-03-18T14:42:14.269 INFO:teuthology.orchestra.run.smithi012.stdout:/usr/bin/ceph: stderr
2024-03-18T14:42:13.503+0000 7f1699a7d700 1 Processor -- start
2024-03-18T14:42:14.269 INFO:teuthology.orchestra.run.smithi012.stdout:/usr/bin/ceph: stderr
2024-03-18T14:42:13.503+0000 7f1699a7d700 1 -- start start
2024-03-18T14:42:14.269 INFO:teuthology.orchestra.run.smithi012.stdout:/usr/bin/ceph: stderr
2024-03-18T14:42:13.503+0000 7f1699a7d700 1 --2- >> [v2:172.21.15.12:3300/0,v1:172.21.15.12:6789/0] conn(0x7f1694077c00 0x7f1694076110 unknown :-1 s=NONE pgs=0 cs=0 l=0 rev1=0 crypto rx=0 tx=0 comp rx=0 tx=0).connect
2024-03-18T14:42:14.269 INFO:teuthology.orchestra.run.smithi012.stdout:/usr/bin/ceph: stderr
2024-03-18T14:42:13.503+0000 7f1699a7d700 1 -- --> [v2:172.21.15.12:3300/0,v1:172.21.15.12:6789/0] -- mon_getmap magic: 0 v1 -- 0x7f1694078010 con 0x7f1694077c00
2024-03-18T14:42:14.269 INFO:teuthology.orchestra.run.smithi012.stdout:/usr/bin/ceph: stderr
2024-03-18T14:42:13.503+0000 7f16937fe700 1 --2- >> [v2:172.21.15.12:3300/0,v1:172.21.15.12:6789/0] conn(0x7f1694077c00 0x7f1694076110 unknown :-1 s=BANNER_CONNECTING pgs=0 cs=0 l=0 rev1=0 crypto rx=0 tx=0 comp rx=0 tx=0)._handle_peer_banner_payload supported=3 required=0
2024-03-18T14:42:14.269 INFO:teuthology.orchestra.run.smithi012.stdout:/usr/bin/ceph: stderr
2024-03-18T14:42:13.503+0000 7f16937fe700 1 --2- >> [v2:172.21.15.12:3300/0,v1:172.21.15.12:6789/0] conn(0x7f1694077c00 0x7f1694076110 unknown :-1 s=HELLO_CONNECTING pgs=0 cs=0 l=0 rev1=1 crypto rx=0 tx=0 comp rx=0 tx=0).handle_hello peer v2:172.21.15.12:3300/0 says I am v2:172.21.15.12:39286/0 (socket says 172.21.15.12:39286)
2024-03-18T14:42:14.269 INFO:teuthology.orchestra.run.smithi012.stdout:/usr/bin/ceph: stderr
2024-03-18T14:42:13.503+0000 7f16937fe700 1 -- 172.21.15.12:0/2209265589 learned_addr learned my addr 172.21.15.12:0/2209265589 (peer_addr_for_me v2:172.21.15.12:0/0)
2024-03-18T14:42:14.269 INFO:teuthology.orchestra.run.smithi012.stdout:/usr/bin/ceph: stderr
2024-03-18T14:42:13.504+0000 7f16937fe700 1 -- 172.21.15.12:0/2209265589 --> [v2:172.21.15.12:3300/0,v1:172.21.15.12:6789/0] -- mon_subscribe({config=0+,monmap=0+}) v3 -- 0x7f1694076650 con 0x7f1694077c00
2024-03-18T14:42:14.270 INFO:teuthology.orchestra.run.smithi012.stdout:/usr/bin/ceph: stderr
2024-03-18T14:42:13.504+0000 7f16937fe700 1 --2- 172.21.15.12:0/2209265589 >> [v2:172.21.15.12:3300/0,v1:172.21.15.12:6789/0] conn(0x7f1694077c00 0x7f1694076110 secure :-1 s=READY pgs=51 cs=0 l=1 rev1=1 crypto rx=0x7f1684009e50 tx=0x7f1684009840 comp rx=0 tx=0).ready entity=mon.0 client_cookie=a12e8f116aadc06f server_cookie=0 in_seq=0 out_seq=0
2024-03-18T14:42:14.270 INFO:teuthology.orchestra.run.smithi012.stdout:/usr/bin/ceph: stderr
2024-03-18T14:42:13.504+0000 7f16927fc700 1 -- 172.21.15.12:0/2209265589 <== mon.0 v2:172.21.15.12:3300/0 1 ==== mon_map magic: 0 v1 ==== 229+0+0 (secure 0 0 0) 0x7f16840092e0 con 0x7f1694077c00
2024-03-18T14:42:14.270 INFO:teuthology.orchestra.run.smithi012.stdout:/usr/bin/ceph: stderr
2024-03-18T14:42:13.504+0000 7f16927fc700 1 -- 172.21.15.12:0/2209265589 <== mon.0 v2:172.21.15.12:3300/0 2 ==== config(27 keys) v1 ==== 1109+0+0 (secure 0 0 0) 0x7f1684012430 con 0x7f1694077c00
2024-03-18T14:42:14.270 INFO:teuthology.orchestra.run.smithi012.stdout:/usr/bin/ceph: stderr
2024-03-18T14:42:13.504+0000 7f16927fc700 1 -- 172.21.15.12:0/2209265589 <== mon.0 v2:172.21.15.12:3300/0 3 ==== mon_map magic: 0 v1 ==== 229+0+0 (secure 0 0 0) 0x7f16840075a0 con 0x7f1694077c00
2024-03-18T14:42:14.270 INFO:teuthology.orchestra.run.smithi012.stdout:/usr/bin/ceph: stderr
2024-03-18T14:42:13.505+0000 7f1699a7d700 1 -- 172.21.15.12:0/2209265589 >> [v2:172.21.15.12:3300/0,v1:172.21.15.12:6789/0] conn(0x7f1694077c00 msgr2=0x7f1694076110 secure :-1 s=STATE_CONNECTION_ESTABLISHED l=1).mark_down
2024-03-18T14:42:14.270 INFO:teuthology.orchestra.run.smithi012.stdout:/usr/bin/ceph: stderr
2024-03-18T14:42:13.505+0000 7f1699a7d700 1 --2- 172.21.15.12:0/2209265589 >> [v2:172.21.15.12:3300/0,v1:172.21.15.12:6789/0] conn(0x7f1694077c00 0x7f1694076110 secure :-1 s=READY pgs=51 cs=0 l=1 rev1=1 crypto rx=0x7f1684009e50 tx=0x7f1684009840 comp rx=0 tx=0).stop
2024-03-18T14:42:14.270 INFO:teuthology.orchestra.run.smithi012.stdout:/usr/bin/ceph: stderr
2024-03-18T14:42:13.505+0000 7f1699a7d700 1 -- 172.21.15.12:0/2209265589 shutdown_connections
2024-03-18T14:42:14.270 INFO:teuthology.orchestra.run.smithi012.stdout:/usr/bin/ceph: stderr
2024-03-18T14:42:13.505+0000 7f1699a7d700 1 --2- 172.21.15.12:0/2209265589 >> [v2:172.21.15.12:3300/0,v1:172.21.15.12:6789/0] conn(0x7f1694077c00 0x7f1694076110 unknown :-1 s=CLOSED pgs=51 cs=0 l=1 rev1=1 crypto rx=0 tx=0 comp rx=0 tx=0).stop
2024-03-18T14:42:14.270 INFO:teuthology.orchestra.run.smithi012.stdout:/usr/bin/ceph: stderr
2024-03-18T14:42:13.505+0000 7f1699a7d700 1 -- 172.21.15.12:0/2209265589 >> 172.21.15.12:0/2209265589 conn(0x7f16940fde70 msgr2=0x7f1694100280 unknown :-1 s=STATE_NONE l=0).mark_down
2024-03-18T14:42:14.270 INFO:teuthology.orchestra.run.smithi012.stdout:/usr/bin/ceph: stderr
2024-03-18T14:42:13.505+0000 7f1699a7d700 1 -- 172.21.15.12:0/2209265589 shutdown_connections
2024-03-18T14:42:14.270 INFO:teuthology.orchestra.run.smithi012.stdout:/usr/bin/ceph: stderr
2024-03-18T14:42:13.505+0000 7f1699a7d700 1 -- 172.21.15.12:0/2209265589 wait complete.
2024-03-18T14:42:14.270 INFO:teuthology.orchestra.run.smithi012.stdout:/usr/bin/ceph: stderr
2024-03-18T14:42:13.506+0000 7f1699a7d700 1 Processor -- start
2024-03-18T14:42:14.270 INFO:teuthology.orchestra.run.smithi012.stdout:/usr/bin/ceph: stderr
2024-03-18T14:42:13.506+0000 7f1699a7d700 1 -- start start
2024-03-18T14:42:14.270 INFO:teuthology.orchestra.run.smithi012.stdout:/usr/bin/ceph: stderr
2024-03-18T14:42:13.506+0000 7f1699a7d700 1 --2- >> [v2:172.21.15.12:3300/0,v1:172.21.15.12:6789/0] conn(0x7f1694077c00 0x7f1694117c70 unknown :-1 s=NONE pgs=0 cs=0 l=1 rev1=0 crypto rx=0 tx=0 comp rx=0 tx=0).connect
2024-03-18T14:42:14.271 INFO:teuthology.orchestra.run.smithi012.stdout:/usr/bin/ceph: stderr
2024-03-18T14:42:13.506+0000 7f1699a7d700 1 -- --> [v2:172.21.15.12:3300/0,v1:172.21.15.12:6789/0] -- mon_getmap magic: 0 v1 -- 0x7f16941181b0 con 0x7f1694077c00
2024-03-18T14:42:14.271 INFO:teuthology.orchestra.run.smithi012.stdout:/usr/bin/ceph: stderr
2024-03-18T14:42:13.506+0000 7f16937fe700 1 --2- >> [v2:172.21.15.12:3300/0,v1:172.21.15.12:6789/0] conn(0x7f1694077c00 0x7f1694117c70 unknown :-1 s=BANNER_CONNECTING pgs=0 cs=0 l=1 rev1=0 crypto rx=0 tx=0 comp rx=0 tx=0)._handle_peer_banner_payload supported=3 required=0
2024-03-18T14:42:14.271 INFO:teuthology.orchestra.run.smithi012.stdout:/usr/bin/ceph: stderr
2024-03-18T14:42:13.506+0000 7f16937fe700 1 --2- >> [v2:172.21.15.12:3300/0,v1:172.21.15.12:6789/0] conn(0x7f1694077c00 0x7f1694117c70 unknown :-1 s=HELLO_CONNECTING pgs=0 cs=0 l=1 rev1=1 crypto rx=0 tx=0 comp rx=0 tx=0).handle_hello peer v2:172.21.15.12:3300/0 says I am v2:172.21.15.12:39292/0 (socket says 172.21.15.12:39292)
2024-03-18T14:42:14.271 INFO:teuthology.orchestra.run.smithi012.stdout:/usr/bin/ceph: stderr
2024-03-18T14:42:13.506+0000 7f16937fe700 1 -- 172.21.15.12:0/1459288609 learned_addr learned my addr 172.21.15.12:0/1459288609 (peer_addr_for_me v2:172.21.15.12:0/0)
2024-03-18T14:42:14.271 INFO:teuthology.orchestra.run.smithi012.stdout:/usr/bin/ceph: stderr
2024-03-18T14:42:13.506+0000 7f16937fe700 1 -- 172.21.15.12:0/1459288609 --> [v2:172.21.15.12:3300/0,v1:172.21.15.12:6789/0] -- mon_subscribe({config=0+,monmap=0+}) v3 -- 0x7f1684009ae0 con 0x7f1694077c00
2024-03-18T14:42:14.271 INFO:teuthology.orchestra.run.smithi012.stdout:/usr/bin/ceph: stderr
2024-03-18T14:42:13.506+0000 7f16937fe700 1 --2- 172.21.15.12:0/1459288609 >> [v2:172.21.15.12:3300/0,v1:172.21.15.12:6789/0] conn(0x7f1694077c00 0x7f1694117c70 secure :-1 s=READY pgs=52 cs=0 l=1 rev1=1 crypto rx=0x7f1684012f20 tx=0x7f1684009840 comp rx=0 tx=0).ready entity=mon.0 client_cookie=0 server_cookie=0 in_seq=0 out_seq=0
2024-03-18T14:42:14.271 INFO:teuthology.orchestra.run.smithi012.stdout:/usr/bin/ceph: stderr
2024-03-18T14:42:13.507+0000 7f168bfff700 1 -- 172.21.15.12:0/1459288609 <== mon.0 v2:172.21.15.12:3300/0 1 ==== mon_map magic: 0 v1 ==== 229+0+0 (secure 0 0 0) 0x7f16840092e0 con 0x7f1694077c00
2024-03-18T14:42:14.271 INFO:teuthology.orchestra.run.smithi012.stdout:/usr/bin/ceph: stderr
2024-03-18T14:42:13.507+0000 7f1699a7d700 1 -- 172.21.15.12:0/1459288609 --> [v2:172.21.15.12:3300/0,v1:172.21.15.12:6789/0] -- mon_subscribe({mgrmap=0+}) v3 -- 0x7f16941183b0 con 0x7f1694077c00
2024-03-18T14:42:14.271 INFO:teuthology.orchestra.run.smithi012.stdout:/usr/bin/ceph: stderr
2024-03-18T14:42:13.507+0000 7f168bfff700 1 -- 172.21.15.12:0/1459288609 <== mon.0 v2:172.21.15.12:3300/0 2 ==== config(27 keys) v1 ==== 1109+0+0 (secure 0 0 0) 0x7f1684007d30 con 0x7f1694077c00
2024-03-18T14:42:14.271 INFO:teuthology.orchestra.run.smithi012.stdout:/usr/bin/ceph: stderr
2024-03-18T14:42:13.507+0000 7f168bfff700 1 -- 172.21.15.12:0/1459288609 <== mon.0 v2:172.21.15.12:3300/0 3 ==== mon_map magic: 0 v1 ==== 229+0+0 (secure 0 0 0) 0x7f1684025930 con 0x7f1694077c00
2024-03-18T14:42:14.271 INFO:teuthology.orchestra.run.smithi012.stdout:/usr/bin/ceph: stderr
2024-03-18T14:42:13.507+0000 7f1699a7d700 1 -- 172.21.15.12:0/1459288609 --> [v2:172.21.15.12:3300/0,v1:172.21.15.12:6789/0] -- mon_subscribe({osdmap=0}) v3 -- 0x7f1694118f20 con 0x7f1694077c00
2024-03-18T14:42:14.271 INFO:teuthology.orchestra.run.smithi012.stdout:/usr/bin/ceph: stderr
2024-03-18T14:42:13.507+0000 7f168bfff700 1 -- 172.21.15.12:0/1459288609 <== mon.0 v2:172.21.15.12:3300/0 4 ==== mgrmap(e 8) v1 ==== 43368+0+0 (secure 0 0 0) 0x7f1684019050 con 0x7f1694077c00
2024-03-18T14:42:14.271 INFO:teuthology.orchestra.run.smithi012.stdout:/usr/bin/ceph: stderr
2024-03-18T14:42:13.508+0000 7f168bfff700 1 --2- 172.21.15.12:0/1459288609 >> [v2:172.21.15.12:6800/3609733177,v1:172.21.15.12:6801/3609733177] conn(0x7f1680036790 0x7f1680038c40 unknown :-1 s=NONE pgs=0 cs=0 l=1 rev1=0 crypto rx=0 tx=0 comp rx=0 tx=0).connect
2024-03-18T14:42:14.271 INFO:teuthology.orchestra.run.smithi012.stdout:/usr/bin/ceph: stderr
2024-03-18T14:42:13.508+0000 7f168bfff700 1 -- 172.21.15.12:0/1459288609 <== mon.0 v2:172.21.15.12:3300/0 5 ==== osd_map(2..2 src has 1..2) v4 ==== 936+0+0 (secure 0 0 0) 0x7f168404a070 con 0x7f1694077c00
2024-03-18T14:42:14.271 INFO:teuthology.orchestra.run.smithi012.stdout:/usr/bin/ceph: stderr
2024-03-18T14:42:13.508+0000 7f1699a7d700 1 -- 172.21.15.12:0/1459288609 --> [v2:172.21.15.12:3300/0,v1:172.21.15.12:6789/0] -- mon_command({"prefix": "get_command_descriptions"} v 0) v1 -- 0x7f169405f5f0 con 0x7f1694077c00
2024-03-18T14:42:14.271 INFO:teuthology.orchestra.run.smithi012.stdout:/usr/bin/ceph: stderr
2024-03-18T14:42:13.508+0000 7f1692ffd700 1 --2- 172.21.15.12:0/1459288609 >> [v2:172.21.15.12:6800/3609733177,v1:172.21.15.12:6801/3609733177] conn(0x7f1680036790 0x7f1680038c40 unknown :-1 s=BANNER_CONNECTING pgs=0 cs=0 l=1 rev1=0 crypto rx=0 tx=0 comp rx=0 tx=0)._handle_peer_banner_payload supported=3 required=0
2024-03-18T14:42:14.272 INFO:teuthology.orchestra.run.smithi012.stdout:/usr/bin/ceph: stderr
2024-03-18T14:42:13.508+0000 7f1692ffd700 1 --2- 172.21.15.12:0/1459288609 >> [v2:172.21.15.12:6800/3609733177,v1:172.21.15.12:6801/3609733177] conn(0x7f1680036790 0x7f1680038c40 secure :-1 s=READY pgs=14 cs=0 l=1 rev1=1 crypto rx=0x7f167c009990 tx=0x7f167c006e40 comp rx=0 tx=0).ready entity=mgr.14120 client_cookie=0 server_cookie=0 in_seq=0 out_seq=0
2024-03-18T14:42:14.272 INFO:teuthology.orchestra.run.smithi012.stdout:/usr/bin/ceph: stderr
2024-03-18T14:42:13.513+0000 7f168bfff700 1 -- 172.21.15.12:0/1459288609 <== mon.0 v2:172.21.15.12:3300/0 6 ==== mon_command_ack([{"prefix": "get_command_descriptions"}]=0 v0) v1 ==== 72+0+175520 (secure 0 0 0) 0x7f1684020080 con 0x7f1694077c00
2024-03-18T14:42:14.272 INFO:teuthology.orchestra.run.smithi012.stdout:/usr/bin/ceph: stderr
2024-03-18T14:42:13.718+0000 7f1699a7d700 1 -- 172.21.15.12:0/1459288609 --> [v2:172.21.15.12:6800/3609733177,v1:172.21.15.12:6801/3609733177] -- mgr_command(tid 0: {"prefix": "orch apply", "service_type": "crash", "target": ["mon-mgr", ""]}) v1 -- 0x7f1694119220 con 0x7f1680036790
2024-03-18T14:42:14.272 INFO:teuthology.orchestra.run.smithi012.stdout:/usr/bin/ceph: stderr
2024-03-18T14:42:13.722+0000 7f168bfff700 1 -- 172.21.15.12:0/1459288609 <== mgr.14120 v2:172.21.15.12:6800/3609733177 1 ==== mgr_command_reply(tid 0: 0 ) v1 ==== 8+0+26 (secure 0 0 0) 0x7f1694119220 con 0x7f1680036790
2024-03-18T14:42:14.272 INFO:teuthology.orchestra.run.smithi012.stdout:/usr/bin/ceph: stderr
2024-03-18T14:42:13.724+0000 7f1699a7d700 1 -- 172.21.15.12:0/1459288609 >> [v2:172.21.15.12:6800/3609733177,v1:172.21.15.12:6801/3609733177] conn(0x7f1680036790 msgr2=0x7f1680038c40 secure :-1 s=STATE_CONNECTION_ESTABLISHED l=1).mark_down
2024-03-18T14:42:14.272 INFO:teuthology.orchestra.run.smithi012.stdout:/usr/bin/ceph: stderr
2024-03-18T14:42:13.724+0000 7f1699a7d700 1 --2- 172.21.15.12:0/1459288609 >> [v2:172.21.15.12:6800/3609733177,v1:172.21.15.12:6801/3609733177] conn(0x7f1680036790 0x7f1680038c40 secure :-1 s=READY pgs=14 cs=0 l=1 rev1=1 crypto rx=0x7f167c009990 tx=0x7f167c006e40 comp rx=0 tx=0).stop
2024-03-18T14:42:14.272 INFO:teuthology.orchestra.run.smithi012.stdout:/usr/bin/ceph: stderr
2024-03-18T14:42:13.724+0000 7f1699a7d700 1 -- 172.21.15.12:0/1459288609 >> [v2:172.21.15.12:3300/0,v1:172.21.15.12:6789/0] conn(0x7f1694077c00 msgr2=0x7f1694117c70 secure :-1 s=STATE_CONNECTION_ESTABLISHED l=1).mark_down
2024-03-18T14:42:14.272 INFO:teuthology.orchestra.run.smithi012.stdout:/usr/bin/ceph: stderr
2024-03-18T14:42:13.724+0000 7f1699a7d700 1 --2- 172.21.15.12:0/1459288609 >> [v2:172.21.15.12:3300/0,v1:172.21.15.12:6789/0] conn(0x7f1694077c00 0x7f1694117c70 secure :-1 s=READY pgs=52 cs=0 l=1 rev1=1 crypto rx=0x7f1684012f20 tx=0x7f1684009840 comp rx=0 tx=0).stop
2024-03-18T14:42:14.272 INFO:teuthology.orchestra.run.smithi012.stdout:/usr/bin/ceph: stderr
2024-03-18T14:42:13.724+0000 7f1699a7d700 1 -- 172.21.15.12:0/1459288609 shutdown_connections
2024-03-18T14:42:14.272 INFO:teuthology.orchestra.run.smithi012.stdout:/usr/bin/ceph: stderr
2024-03-18T14:42:13.724+0000 7f1699a7d700 1 --2- 172.21.15.12:0/1459288609 >> [v2:172.21.15.12:6800/3609733177,v1:172.21.15.12:6801/3609733177] conn(0x7f1680036790 0x7f1680038c40 unknown :-1 s=CLOSED pgs=14 cs=0 l=1 rev1=1 crypto rx=0 tx=0 comp rx=0 tx=0).stop
2024-03-18T14:42:14.272 INFO:teuthology.orchestra.run.smithi012.stdout:/usr/bin/ceph: stderr
2024-03-18T14:42:13.724+0000 7f1699a7d700 1 --2- 172.21.15.12:0/1459288609 >> [v2:172.21.15.12:3300/0,v1:172.21.15.12:6789/0] conn(0x7f1694077c00 0x7f1694117c70 unknown :-1 s=CLOSED pgs=52 cs=0 l=1 rev1=1 crypto rx=0 tx=0 comp rx=0 tx=0).stop
2024-03-18T14:42:14.272 INFO:teuthology.orchestra.run.smithi012.stdout:/usr/bin/ceph: stderr
2024-03-18T14:42:13.724+0000 7f1699a7d700 1 -- 172.21.15.12:0/1459288609 >> 172.21.15.12:0/1459288609 conn(0x7f16940fde70 msgr2=0x7f169410ede0 unknown :-1 s=STATE_NONE l=0).mark_down
2024-03-18T14:42:14.272 INFO:teuthology.orchestra.run.smithi012.stdout:/usr/bin/ceph: stderr
2024-03-18T14:42:13.725+0000 7f1699a7d700 1 -- 172.21.15.12:0/1459288609 shutdown_connections
2024-03-18T14:42:14.272 INFO:teuthology.orchestra.run.smithi012.stdout:/usr/bin/ceph: stderr
2024-03-18T14:42:13.725+0000 7f1699a7d700 1 -- 172.21.15.12:0/1459288609 wait complete.
2024-03-18T14:42:14.272 INFO:teuthology.orchestra.run.smithi012.stdout:Deploying prometheus service with default placement...
2024-03-18T14:42:14.370 INFO:journalctl@ceph.mon.smithi012.smithi012.stdout:Mar 18 14:42:14 smithi012 ceph-mon[29182]: from='mgr.14120 172.21.15.12:0/413473860' entity='mgr.smithi012.tmscgt'
2024-03-18T14:42:14.371 INFO:journalctl@ceph.mon.smithi012.smithi012.stdout:Mar 18 14:42:14 smithi012 ceph-mon[29182]: from='mgr.14120 172.21.15.12:0/413473860' entity='mgr.smithi012.tmscgt'
2024-03-18T14:42:14.371 INFO:journalctl@ceph.mon.smithi012.smithi012.stdout:Mar 18 14:42:14 smithi012 ceph-mon[29182]: from='mgr.14120 172.21.15.12:0/413473860' entity='mgr.smithi012.tmscgt'
2024-03-18T14:42:15.294 INFO:journalctl@ceph.mon.smithi012.smithi012.stdout:Mar 18 14:42:15 smithi012 ceph-mon[29182]: from='client.14146 -' entity='client.admin' cmd=[{"prefix": "orch apply", "service_type": "crash", "target": ["mon-mgr", ""]}]: dispatch
2024-03-18T14:42:15.294 INFO:journalctl@ceph.mon.smithi012.smithi012.stdout:Mar 18 14:42:15 smithi012 ceph-mon[29182]: Saving service crash spec with placement *
2024-03-18T14:42:15.294 INFO:journalctl@ceph.mon.smithi012.smithi012.stdout:Mar 18 14:42:15 smithi012 ceph-mon[29182]: from='mgr.14120 172.21.15.12:0/413473860' entity='mgr.smithi012.tmscgt'
2024-03-18T14:42:15.889 INFO:teuthology.orchestra.run.smithi012.stdout:/usr/bin/ceph: stdout Scheduled prometheus update...
2024-03-18T14:42:15.889 INFO:teuthology.orchestra.run.smithi012.stdout:/usr/bin/ceph: stderr
2024-03-18T14:42:14.645+0000 7fa5d633b700 1 Processor -- start
2024-03-18T14:42:15.889 INFO:teuthology.orchestra.run.smithi012.stdout:/usr/bin/ceph: stderr
2024-03-18T14:42:14.645+0000 7fa5d633b700 1 -- start start
2024-03-18T14:42:15.889 INFO:teuthology.orchestra.run.smithi012.stdout:/usr/bin/ceph: stderr
2024-03-18T14:42:14.645+0000 7fa5d633b700 1 --2- >> [v2:172.21.15.12:3300/0,v1:172.21.15.12:6789/0] conn(0x7fa5d0102720 0x7fa5d0102b30 unknown :-1 s=NONE pgs=0 cs=0 l=0 rev1=0 crypto rx=0 tx=0 comp rx=0 tx=0).connect
2024-03-18T14:42:15.889 INFO:teuthology.orchestra.run.smithi012.stdout:/usr/bin/ceph: stderr
2024-03-18T14:42:14.645+0000 7fa5d633b700 1 -- --> [v2:172.21.15.12:3300/0,v1:172.21.15.12:6789/0] -- mon_getmap magic: 0 v1 -- 0x7fa5d0103070 con 0x7fa5d0102720
2024-03-18T14:42:15.889 INFO:teuthology.orchestra.run.smithi012.stdout:/usr/bin/ceph: stderr
2024-03-18T14:42:14.645+0000 7fa5cffff700 1 --2- >> [v2:172.21.15.12:3300/0,v1:172.21.15.12:6789/0] conn(0x7fa5d0102720 0x7fa5d0102b30 unknown :-1 s=BANNER_CONNECTING pgs=0 cs=0 l=0 rev1=0 crypto rx=0 tx=0 comp rx=0 tx=0)._handle_peer_banner_payload supported=3 required=0
2024-03-18T14:42:15.889 INFO:teuthology.orchestra.run.smithi012.stdout:/usr/bin/ceph: stderr
2024-03-18T14:42:14.645+0000 7fa5cffff700 1 --2- >> [v2:172.21.15.12:3300/0,v1:172.21.15.12:6789/0] conn(0x7fa5d0102720 0x7fa5d0102b30 unknown :-1 s=HELLO_CONNECTING pgs=0 cs=0 l=0 rev1=1 crypto rx=0 tx=0 comp rx=0 tx=0).handle_hello peer v2:172.21.15.12:3300/0 says I am v2:172.21.15.12:39296/0 (socket says 172.21.15.12:39296)
2024-03-18T14:42:15.889 INFO:teuthology.orchestra.run.smithi012.stdout:/usr/bin/ceph: stderr
2024-03-18T14:42:14.645+0000 7fa5cffff700 1 -- 172.21.15.12:0/2013331198 learned_addr learned my addr 172.21.15.12:0/2013331198 (peer_addr_for_me v2:172.21.15.12:0/0)
2024-03-18T14:42:15.889 INFO:teuthology.orchestra.run.smithi012.stdout:/usr/bin/ceph: stderr
2024-03-18T14:42:14.646+0000 7fa5cffff700 1 -- 172.21.15.12:0/2013331198 --> [v2:172.21.15.12:3300/0,v1:172.21.15.12:6789/0] -- mon_subscribe({config=0+,monmap=0+}) v3 -- 0x7fa5d01031b0 con 0x7fa5d0102720
2024-03-18T14:42:15.889 INFO:teuthology.orchestra.run.smithi012.stdout:/usr/bin/ceph: stderr
2024-03-18T14:42:14.646+0000 7fa5cffff700 1 --2- 172.21.15.12:0/2013331198 >> [v2:172.21.15.12:3300/0,v1:172.21.15.12:6789/0] conn(0x7fa5d0102720 0x7fa5d0102b30 secure :-1 s=READY pgs=53 cs=0 l=1 rev1=1 crypto rx=0x7fa5c000fa00 tx=0x7fa5c0009250 comp rx=0 tx=0).ready entity=mon.0 client_cookie=c66e44b14909ca31 server_cookie=0 in_seq=0 out_seq=0
2024-03-18T14:42:15.889 INFO:teuthology.orchestra.run.smithi012.stdout:/usr/bin/ceph: stderr
2024-03-18T14:42:14.646+0000 7fa5ceffd700 1 -- 172.21.15.12:0/2013331198 <== mon.0 v2:172.21.15.12:3300/0 1 ==== mon_map magic: 0 v1 ==== 229+0+0 (secure 0 0 0) 0x7fa5c0009940 con 0x7fa5d0102720
2024-03-18T14:42:15.889 INFO:teuthology.orchestra.run.smithi012.stdout:/usr/bin/ceph: stderr
2024-03-18T14:42:14.646+0000 7fa5ceffd700 1 -- 172.21.15.12:0/2013331198 <== mon.0 v2:172.21.15.12:3300/0 2 ==== config(27 keys) v1 ==== 1109+0+0 (secure 0 0 0) 0x7fa5c000e4e0 con 0x7fa5d0102720
2024-03-18T14:42:15.889 INFO:teuthology.orchestra.run.smithi012.stdout:/usr/bin/ceph: stderr
2024-03-18T14:42:14.646+0000 7fa5ceffd700 1 -- 172.21.15.12:0/2013331198 <== mon.0 v2:172.21.15.12:3300/0 3 ==== mon_map magic: 0 v1 ==== 229+0+0 (secure 0 0 0) 0x7fa5c00175c0 con 0x7fa5d0102720
2024-03-18T14:42:15.889 INFO:teuthology.orchestra.run.smithi012.stdout:/usr/bin/ceph: stderr
2024-03-18T14:42:14.647+0000 7fa5d633b700 1 -- 172.21.15.12:0/2013331198 >> [v2:172.21.15.12:3300/0,v1:172.21.15.12:6789/0] conn(0x7fa5d0102720 msgr2=0x7fa5d0102b30 secure :-1 s=STATE_CONNECTION_ESTABLISHED l=1).mark_down
2024-03-18T14:42:15.890 INFO:teuthology.orchestra.run.smithi012.stdout:/usr/bin/ceph: stderr
2024-03-18T14:42:14.647+0000 7fa5d633b700 1 --2- 172.21.15.12:0/2013331198 >> [v2:172.21.15.12:3300/0,v1:172.21.15.12:6789/0] conn(0x7fa5d0102720 0x7fa5d0102b30 secure :-1 s=READY pgs=53 cs=0 l=1 rev1=1 crypto rx=0x7fa5c000fa00 tx=0x7fa5c0009250 comp rx=0 tx=0).stop
2024-03-18T14:42:15.890 INFO:teuthology.orchestra.run.smithi012.stdout:/usr/bin/ceph: stderr
2024-03-18T14:42:14.647+0000 7fa5d633b700 1 -- 172.21.15.12:0/2013331198 shutdown_connections
2024-03-18T14:42:15.890 INFO:teuthology.orchestra.run.smithi012.stdout:/usr/bin/ceph: stderr
2024-03-18T14:42:14.647+0000 7fa5d633b700 1 --2- 172.21.15.12:0/2013331198 >> [v2:172.21.15.12:3300/0,v1:172.21.15.12:6789/0] conn(0x7fa5d0102720 0x7fa5d0102b30 unknown :-1 s=CLOSED pgs=53 cs=0 l=1 rev1=1 crypto rx=0 tx=0 comp rx=0 tx=0).stop
2024-03-18T14:42:15.890 INFO:teuthology.orchestra.run.smithi012.stdout:/usr/bin/ceph: stderr
2024-03-18T14:42:14.647+0000 7fa5d633b700 1 -- 172.21.15.12:0/2013331198 >> 172.21.15.12:0/2013331198 conn(0x7fa5d00fde40 msgr2=0x7fa5d01002b0 unknown :-1 s=STATE_NONE l=0).mark_down
2024-03-18T14:42:15.890 INFO:teuthology.orchestra.run.smithi012.stdout:/usr/bin/ceph: stderr
2024-03-18T14:42:14.647+0000 7fa5d633b700 1 -- 172.21.15.12:0/2013331198 shutdown_connections
2024-03-18T14:42:15.890 INFO:teuthology.orchestra.run.smithi012.stdout:/usr/bin/ceph: stderr
2024-03-18T14:42:14.647+0000 7fa5d633b700 1 -- 172.21.15.12:0/2013331198 wait complete.
2024-03-18T14:42:15.890 INFO:teuthology.orchestra.run.smithi012.stdout:/usr/bin/ceph: stderr
2024-03-18T14:42:14.648+0000 7fa5d633b700 1 Processor -- start
2024-03-18T14:42:15.890 INFO:teuthology.orchestra.run.smithi012.stdout:/usr/bin/ceph: stderr
2024-03-18T14:42:14.648+0000 7fa5d633b700 1 -- start start
2024-03-18T14:42:15.890 INFO:teuthology.orchestra.run.smithi012.stdout:/usr/bin/ceph: stderr
2024-03-18T14:42:14.648+0000 7fa5d633b700 1 --2- >> [v2:172.21.15.12:3300/0,v1:172.21.15.12:6789/0] conn(0x7fa5d0102720 0x7fa5d010f370 unknown :-1 s=NONE pgs=0 cs=0 l=1 rev1=0 crypto rx=0 tx=0 comp rx=0 tx=0).connect
2024-03-18T14:42:15.890 INFO:teuthology.orchestra.run.smithi012.stdout:/usr/bin/ceph: stderr
2024-03-18T14:42:14.648+0000 7fa5d633b700 1 -- --> [v2:172.21.15.12:3300/0,v1:172.21.15.12:6789/0] -- mon_getmap magic: 0 v1 -- 0x7fa5d010f8b0 con 0x7fa5d0102720
2024-03-18T14:42:15.890 INFO:teuthology.orchestra.run.smithi012.stdout:/usr/bin/ceph: stderr
2024-03-18T14:42:14.648+0000 7fa5cffff700 1 --2- >> [v2:172.21.15.12:3300/0,v1:172.21.15.12:6789/0] conn(0x7fa5d0102720 0x7fa5d010f370 unknown :-1 s=BANNER_CONNECTING pgs=0 cs=0 l=1 rev1=0 crypto rx=0 tx=0 comp rx=0 tx=0)._handle_peer_banner_payload supported=3 required=0
2024-03-18T14:42:15.890 INFO:teuthology.orchestra.run.smithi012.stdout:/usr/bin/ceph: stderr
2024-03-18T14:42:14.648+0000 7fa5cffff700 1 --2- >> [v2:172.21.15.12:3300/0,v1:172.21.15.12:6789/0] conn(0x7fa5d0102720 0x7fa5d010f370 unknown :-1 s=HELLO_CONNECTING pgs=0 cs=0 l=1 rev1=1 crypto rx=0 tx=0 comp rx=0 tx=0).handle_hello peer v2:172.21.15.12:3300/0 says I am v2:172.21.15.12:39302/0 (socket says 172.21.15.12:39302)
2024-03-18T14:42:15.890 INFO:teuthology.orchestra.run.smithi012.stdout:/usr/bin/ceph: stderr
2024-03-18T14:42:14.648+0000 7fa5cffff700 1 -- 172.21.15.12:0/2134704014 learned_addr learned my addr 172.21.15.12:0/2134704014 (peer_addr_for_me v2:172.21.15.12:0/0)
2024-03-18T14:42:15.891 INFO:teuthology.orchestra.run.smithi012.stdout:/usr/bin/ceph: stderr
2024-03-18T14:42:14.648+0000 7fa5cffff700 1 -- 172.21.15.12:0/2134704014 --> [v2:172.21.15.12:3300/0,v1:172.21.15.12:6789/0] -- mon_subscribe({config=0+,monmap=0+}) v3 -- 0x7fa5c000f610 con 0x7fa5d0102720
2024-03-18T14:42:15.891 INFO:teuthology.orchestra.run.smithi012.stdout:/usr/bin/ceph: stderr
2024-03-18T14:42:14.649+0000 7fa5cffff700 1 --2- 172.21.15.12:0/2134704014 >> [v2:172.21.15.12:3300/0,v1:172.21.15.12:6789/0] conn(0x7fa5d0102720 0x7fa5d010f370 secure :-1 s=READY pgs=54 cs=0 l=1 rev1=1 crypto rx=0x7fa5c000edd0 tx=0x7fa5c0009250 comp rx=0 tx=0).ready entity=mon.0 client_cookie=0 server_cookie=0 in_seq=0 out_seq=0
2024-03-18T14:42:15.891 INFO:teuthology.orchestra.run.smithi012.stdout:/usr/bin/ceph: stderr
2024-03-18T14:42:14.649+0000 7fa5ccff9700 1 -- 172.21.15.12:0/2134704014 <== mon.0 v2:172.21.15.12:3300/0 1 ==== mon_map magic: 0 v1 ==== 229+0+0 (secure 0 0 0) 0x7fa5c0017830 con 0x7fa5d0102720
2024-03-18T14:42:15.891 INFO:teuthology.orchestra.run.smithi012.stdout:/usr/bin/ceph: stderr
2024-03-18T14:42:14.649+0000 7fa5d633b700 1 -- 172.21.15.12:0/2134704014 --> [v2:172.21.15.12:3300/0,v1:172.21.15.12:6789/0] -- mon_subscribe({mgrmap=0+}) v3 -- 0x7fa5d010fab0 con 0x7fa5d0102720
2024-03-18T14:42:15.891 INFO:teuthology.orchestra.run.smithi012.stdout:/usr/bin/ceph: stderr
2024-03-18T14:42:14.649+0000 7fa5ccff9700 1 -- 172.21.15.12:0/2134704014 <== mon.0 v2:172.21.15.12:3300/0 2 ==== config(27 keys) v1 ==== 1109+0+0 (secure 0 0 0) 0x7fa5c0017e60 con 0x7fa5d0102720
2024-03-18T14:42:15.891 INFO:teuthology.orchestra.run.smithi012.stdout:/usr/bin/ceph: stderr
2024-03-18T14:42:14.649+0000 7fa5ccff9700 1 -- 172.21.15.12:0/2134704014 <== mon.0 v2:172.21.15.12:3300/0 3 ==== mon_map magic: 0 v1 ==== 229+0+0 (secure 0 0 0) 0x7fa5c001f3e0 con 0x7fa5d0102720
2024-03-18T14:42:15.891 INFO:teuthology.orchestra.run.smithi012.stdout:/usr/bin/ceph: stderr
2024-03-18T14:42:14.649+0000 7fa5d633b700 1 -- 172.21.15.12:0/2134704014 --> [v2:172.21.15.12:3300/0,v1:172.21.15.12:6789/0] -- mon_subscribe({osdmap=0}) v3 -- 0x7fa5d0110620 con 0x7fa5d0102720
2024-03-18T14:42:15.891 INFO:teuthology.orchestra.run.smithi012.stdout:/usr/bin/ceph: stderr
2024-03-18T14:42:14.650+0000 7fa5d633b700 1 -- 172.21.15.12:0/2134704014 --> [v2:172.21.15.12:3300/0,v1:172.21.15.12:6789/0] -- mon_command({"prefix": "get_command_descriptions"} v 0) v1 -- 0x7fa5bc0052e0 con 0x7fa5d0102720
2024-03-18T14:42:15.891 INFO:teuthology.orchestra.run.smithi012.stdout:/usr/bin/ceph: stderr
2024-03-18T14:42:14.650+0000 7fa5ccff9700 1 -- 172.21.15.12:0/2134704014 <== mon.0 v2:172.21.15.12:3300/0 4 ==== mgrmap(e 8) v1 ==== 43368+0+0 (secure 0 0 0) 0x7fa5c001f660 con 0x7fa5d0102720
2024-03-18T14:42:15.891 INFO:teuthology.orchestra.run.smithi012.stdout:/usr/bin/ceph: stderr
2024-03-18T14:42:14.650+0000 7fa5ccff9700 1 --2- 172.21.15.12:0/2134704014 >> [v2:172.21.15.12:6800/3609733177,v1:172.21.15.12:6801/3609733177] conn(0x7fa5b8036810 0x7fa5b8038cc0 unknown :-1 s=NONE pgs=0 cs=0 l=1 rev1=0 crypto rx=0 tx=0 comp rx=0 tx=0).connect
2024-03-18T14:42:15.891 INFO:teuthology.orchestra.run.smithi012.stdout:/usr/bin/ceph: stderr
2024-03-18T14:42:14.650+0000 7fa5ccff9700 1 -- 172.21.15.12:0/2134704014 <== mon.0 v2:172.21.15.12:3300/0 5 ==== osd_map(2..2 src has 1..2) v4 ==== 936+0+0 (secure 0 0 0) 0x7fa5c004e4a0 con 0x7fa5d0102720
2024-03-18T14:42:15.891 INFO:teuthology.orchestra.run.smithi012.stdout:/usr/bin/ceph: stderr
2024-03-18T14:42:14.650+0000 7fa5cf7fe700 1 --2- 172.21.15.12:0/2134704014 >> [v2:172.21.15.12:6800/3609733177,v1:172.21.15.12:6801/3609733177] conn(0x7fa5b8036810 0x7fa5b8038cc0 unknown :-1 s=BANNER_CONNECTING pgs=0 cs=0 l=1 rev1=0 crypto rx=0 tx=0 comp rx=0 tx=0)._handle_peer_banner_payload supported=3 required=0
2024-03-18T14:42:15.891 INFO:teuthology.orchestra.run.smithi012.stdout:/usr/bin/ceph: stderr
2024-03-18T14:42:14.651+0000 7fa5cf7fe700 1 --2- 172.21.15.12:0/2134704014 >> [v2:172.21.15.12:6800/3609733177,v1:172.21.15.12:6801/3609733177] conn(0x7fa5b8036810 0x7fa5b8038cc0 secure :-1 s=READY pgs=15 cs=0 l=1 rev1=1 crypto rx=0x7fa5c4009990 tx=0x7fa5c4006e40 comp rx=0 tx=0).ready entity=mgr.14120 client_cookie=0 server_cookie=0 in_seq=0 out_seq=0
2024-03-18T14:42:15.891 INFO:teuthology.orchestra.run.smithi012.stdout:/usr/bin/ceph: stderr
2024-03-18T14:42:14.655+0000 7fa5ccff9700 1 -- 172.21.15.12:0/2134704014 <== mon.0 v2:172.21.15.12:3300/0 6 ==== mon_command_ack([{"prefix": "get_command_descriptions"}]=0 v0) v1 ==== 72+0+175520 (secure 0 0 0) 0x7fa5c001e930 con 0x7fa5d0102720
2024-03-18T14:42:15.891 INFO:teuthology.orchestra.run.smithi012.stdout:/usr/bin/ceph: stderr
2024-03-18T14:42:14.866+0000 7fa5d633b700 1 -- 172.21.15.12:0/2134704014 --> [v2:172.21.15.12:6800/3609733177,v1:172.21.15.12:6801/3609733177] -- mgr_command(tid 0: {"prefix": "orch apply", "service_type": "prometheus", "target": ["mon-mgr", ""]}) v1 -- 0x7fa5bc000bf0 con 0x7fa5b8036810
2024-03-18T14:42:15.891 INFO:teuthology.orchestra.run.smithi012.stdout:/usr/bin/ceph: stderr
2024-03-18T14:42:14.870+0000 7fa5ccff9700 1 -- 172.21.15.12:0/2134704014 <== mgr.14120 v2:172.21.15.12:6800/3609733177 1 ==== mgr_command_reply(tid 0: 0 ) v1 ==== 8+0+31 (secure 0 0 0) 0x7fa5bc000bf0 con 0x7fa5b8036810
2024-03-18T14:42:15.892 INFO:teuthology.orchestra.run.smithi012.stdout:/usr/bin/ceph: stderr
2024-03-18T14:42:14.872+0000 7fa5d633b700 1 -- 172.21.15.12:0/2134704014 >> [v2:172.21.15.12:6800/3609733177,v1:172.21.15.12:6801/3609733177] conn(0x7fa5b8036810 msgr2=0x7fa5b8038cc0 secure :-1 s=STATE_CONNECTION_ESTABLISHED l=1).mark_down
2024-03-18T14:42:15.892 INFO:teuthology.orchestra.run.smithi012.stdout:/usr/bin/ceph: stderr
2024-03-18T14:42:14.872+0000 7fa5d633b700 1 --2- 172.21.15.12:0/2134704014 >> [v2:172.21.15.12:6800/3609733177,v1:172.21.15.12:6801/3609733177] conn(0x7fa5b8036810 0x7fa5b8038cc0 secure :-1 s=READY pgs=15 cs=0 l=1 rev1=1 crypto rx=0x7fa5c4009990 tx=0x7fa5c4006e40 comp rx=0 tx=0).stop
2024-03-18T14:42:15.892 INFO:teuthology.orchestra.run.smithi012.stdout:/usr/bin/ceph: stderr
2024-03-18T14:42:14.872+0000 7fa5d633b700 1 -- 172.21.15.12:0/2134704014 >> [v2:172.21.15.12:3300/0,v1:172.21.15.12:6789/0] conn(0x7fa5d0102720 msgr2=0x7fa5d010f370 secure :-1 s=STATE_CONNECTION_ESTABLISHED l=1).mark_down
2024-03-18T14:42:15.892 INFO:teuthology.orchestra.run.smithi012.stdout:/usr/bin/ceph: stderr
2024-03-18T14:42:14.872+0000 7fa5d633b700 1 --2- 172.21.15.12:0/2134704014 >> [v2:172.21.15.12:3300/0,v1:172.21.15.12:6789/0] conn(0x7fa5d0102720 0x7fa5d010f370 secure :-1 s=READY pgs=54 cs=0 l=1 rev1=1 crypto rx=0x7fa5c000edd0 tx=0x7fa5c0009250 comp rx=0 tx=0).stop
2024-03-18T14:42:15.892 INFO:teuthology.orchestra.run.smithi012.stdout:/usr/bin/ceph: stderr
2024-03-18T14:42:14.872+0000 7fa5d633b700 1 -- 172.21.15.12:0/2134704014 shutdown_connections
2024-03-18T14:42:15.892 INFO:teuthology.orchestra.run.smithi012.stdout:/usr/bin/ceph: stderr
2024-03-18T14:42:14.872+0000 7fa5d633b700 1 --2- 172.21.15.12:0/2134704014 >> [v2:172.21.15.12:6800/3609733177,v1:172.21.15.12:6801/3609733177] conn(0x7fa5b8036810 0x7fa5b8038cc0 unknown :-1 s=CLOSED pgs=15 cs=0 l=1 rev1=1 crypto rx=0 tx=0 comp rx=0 tx=0).stop
2024-03-18T14:42:15.892 INFO:teuthology.orchestra.run.smithi012.stdout:/usr/bin/ceph: stderr
