2024-03-18T14:42:38.768+0000 7f1f1b000700 1 -- 172.21.15.156:0/1938729830 shutdown_connections
2024-03-18T14:42:39.992 INFO:teuthology.orchestra.run.smithi156.stdout:/usr/bin/ceph: stderr
2024-03-18T14:42:38.768+0000 7f1f1b000700 1 --2- 172.21.15.156:0/1938729830 >> [v2:172.21.15.156:3300/0,v1:172.21.15.156:6789/0] conn(0x7f1f1407dd50 0x7f1f1407c2c0 unknown :-1 s=CLOSED pgs=72 cs=0 l=1 rev1=1 crypto rx=0 tx=0 comp rx=0 tx=0).stop
2024-03-18T14:42:39.992 INFO:teuthology.orchestra.run.smithi156.stdout:/usr/bin/ceph: stderr
2024-03-18T14:42:38.768+0000 7f1f1b000700 1 -- 172.21.15.156:0/1938729830 >> 172.21.15.156:0/1938729830 conn(0x7f1f141034b0 msgr2=0x7f1f141058d0 unknown :-1 s=STATE_NONE l=0).mark_down
2024-03-18T14:42:39.992 INFO:teuthology.orchestra.run.smithi156.stdout:/usr/bin/ceph: stderr
2024-03-18T14:42:38.768+0000 7f1f1b000700 1 -- 172.21.15.156:0/1938729830 shutdown_connections
2024-03-18T14:42:39.992 INFO:teuthology.orchestra.run.smithi156.stdout:/usr/bin/ceph: stderr
2024-03-18T14:42:38.768+0000 7f1f1b000700 1 -- 172.21.15.156:0/1938729830 wait complete.
2024-03-18T14:42:39.993 INFO:teuthology.orchestra.run.smithi156.stdout:/usr/bin/ceph: stderr
2024-03-18T14:42:38.769+0000 7f1f1b000700 1 Processor -- start
2024-03-18T14:42:39.993 INFO:teuthology.orchestra.run.smithi156.stdout:/usr/bin/ceph: stderr
2024-03-18T14:42:38.769+0000 7f1f1b000700 1 -- start start
2024-03-18T14:42:39.993 INFO:teuthology.orchestra.run.smithi156.stdout:/usr/bin/ceph: stderr
2024-03-18T14:42:38.769+0000 7f1f1b000700 1 --2- >> [v2:172.21.15.156:3300/0,v1:172.21.15.156:6789/0] conn(0x7f1f1407dd50 0x7f1f1419df70 unknown :-1 s=NONE pgs=0 cs=0 l=1 rev1=0 crypto rx=0 tx=0 comp rx=0 tx=0).connect
2024-03-18T14:42:39.993 INFO:teuthology.orchestra.run.smithi156.stdout:/usr/bin/ceph: stderr
2024-03-18T14:42:38.769+0000 7f1f1b000700 1 -- --> [v2:172.21.15.156:3300/0,v1:172.21.15.156:6789/0] -- mon_getmap magic: 0 -- 0x7f1f1410e3a0 con 0x7f1f1407dd50
2024-03-18T14:42:39.993 INFO:teuthology.orchestra.run.smithi156.stdout:/usr/bin/ceph: stderr
2024-03-18T14:42:38.770+0000 7f1f13e00700 1 --2- >> [v2:172.21.15.156:3300/0,v1:172.21.15.156:6789/0] conn(0x7f1f1407dd50 0x7f1f1419df70 unknown :-1 s=BANNER_CONNECTING pgs=0 cs=0 l=1 rev1=0 crypto rx=0 tx=0 comp rx=0 tx=0)._handle_peer_banner_payload supported=3 required=0
2024-03-18T14:42:39.993 INFO:teuthology.orchestra.run.smithi156.stdout:/usr/bin/ceph: stderr
2024-03-18T14:42:38.770+0000 7f1f13e00700 1 --2- >> [v2:172.21.15.156:3300/0,v1:172.21.15.156:6789/0] conn(0x7f1f1407dd50 0x7f1f1419df70 unknown :-1 s=HELLO_CONNECTING pgs=0 cs=0 l=1 rev1=1 crypto rx=0 tx=0 comp rx=0 tx=0).handle_hello peer v2:172.21.15.156:3300/0 says I am v2:172.21.15.156:59892/0 (socket says 172.21.15.156:59892)
2024-03-18T14:42:39.993 INFO:teuthology.orchestra.run.smithi156.stdout:/usr/bin/ceph: stderr
2024-03-18T14:42:38.770+0000 7f1f13e00700 1 -- 172.21.15.156:0/623240085 learned_addr learned my addr 172.21.15.156:0/623240085 (peer_addr_for_me v2:172.21.15.156:0/0)
2024-03-18T14:42:39.993 INFO:teuthology.orchestra.run.smithi156.stdout:/usr/bin/ceph: stderr
2024-03-18T14:42:38.770+0000 7f1f13e00700 1 -- 172.21.15.156:0/623240085 --> [v2:172.21.15.156:3300/0,v1:172.21.15.156:6789/0] -- mon_subscribe({config=0+,monmap=0+}) -- 0x7f1f1419e4b0 con 0x7f1f1407dd50
2024-03-18T14:42:39.993 INFO:teuthology.orchestra.run.smithi156.stdout:/usr/bin/ceph: stderr
2024-03-18T14:42:38.771+0000 7f1f13e00700 1 --2- 172.21.15.156:0/623240085 >> [v2:172.21.15.156:3300/0,v1:172.21.15.156:6789/0] conn(0x7f1f1407dd50 0x7f1f1419df70 secure :-1 s=READY pgs=73 cs=0 l=1 rev1=1 crypto rx=0x7f1f04011870 tx=0x7f1f04011d70 comp rx=0 tx=0).ready entity=mon.0 client_cookie=0 server_cookie=0 in_seq=0 out_seq=0
2024-03-18T14:42:39.993 INFO:teuthology.orchestra.run.smithi156.stdout:/usr/bin/ceph: stderr
2024-03-18T14:42:38.771+0000 7f1f10c00700 1 -- 172.21.15.156:0/623240085 <== mon.0 v2:172.21.15.156:3300/0 1 ==== mon_map magic: 0 ==== 205+0+0 (secure 0 0 0) 0x7f1f04003af0 con 0x7f1f1407dd50
2024-03-18T14:42:39.993 INFO:teuthology.orchestra.run.smithi156.stdout:/usr/bin/ceph: stderr
2024-03-18T14:42:38.771+0000 7f1f10c00700 1 -- 172.21.15.156:0/623240085 <== mon.0 v2:172.21.15.156:3300/0 2 ==== config(28 keys) ==== 1174+0+0 (secure 0 0 0) 0x7f1f04003c90 con 0x7f1f1407dd50
2024-03-18T14:42:39.993 INFO:teuthology.orchestra.run.smithi156.stdout:/usr/bin/ceph: stderr
2024-03-18T14:42:38.771+0000 7f1f10c00700 1 -- 172.21.15.156:0/623240085 <== mon.0 v2:172.21.15.156:3300/0 3 ==== mon_map magic: 0 ==== 205+0+0 (secure 0 0 0) 0x7f1f04019960 con 0x7f1f1407dd50
2024-03-18T14:42:39.993 INFO:teuthology.orchestra.run.smithi156.stdout:/usr/bin/ceph: stderr
2024-03-18T14:42:38.771+0000 7f1f1b000700 1 -- 172.21.15.156:0/623240085 --> [v2:172.21.15.156:3300/0,v1:172.21.15.156:6789/0] -- mon_subscribe({mgrmap=0+}) -- 0x7f1f1419e740 con 0x7f1f1407dd50
2024-03-18T14:42:39.994 INFO:teuthology.orchestra.run.smithi156.stdout:/usr/bin/ceph: stderr
2024-03-18T14:42:38.771+0000 7f1f1b000700 1 -- 172.21.15.156:0/623240085 --> [v2:172.21.15.156:3300/0,v1:172.21.15.156:6789/0] -- mon_subscribe({osdmap=0}) -- 0x7f1f1419eba0 con 0x7f1f1407dd50
2024-03-18T14:42:39.994 INFO:teuthology.orchestra.run.smithi156.stdout:/usr/bin/ceph: stderr
2024-03-18T14:42:38.772+0000 7f1f10c00700 1 -- 172.21.15.156:0/623240085 <== mon.0 v2:172.21.15.156:3300/0 4 ==== mgrmap(e 12) ==== 46119+0+0 (secure 0 0 0) 0x7f1f04019c60 con 0x7f1f1407dd50
2024-03-18T14:42:39.994 INFO:teuthology.orchestra.run.smithi156.stdout:/usr/bin/ceph: stderr
2024-03-18T14:42:38.772+0000 7f1f1b000700 1 -- 172.21.15.156:0/623240085 --> [v2:172.21.15.156:3300/0,v1:172.21.15.156:6789/0] -- mon_command({"prefix": "get_command_descriptions"} v 0) -- 0x7f1f14063900 con 0x7f1f1407dd50
2024-03-18T14:42:39.994 INFO:teuthology.orchestra.run.smithi156.stdout:/usr/bin/ceph: stderr
2024-03-18T14:42:38.773+0000 7f1f10c00700 1 --2- 172.21.15.156:0/623240085 >> [v2:172.21.15.156:6800/749893859,v1:172.21.15.156:6801/749893859] conn(0x7f1ef8038f80 0x7f1ef803b440 unknown :-1 s=NONE pgs=0 cs=0 l=1 rev1=0 crypto rx=0 tx=0 comp rx=0 tx=0).connect
2024-03-18T14:42:39.994 INFO:teuthology.orchestra.run.smithi156.stdout:/usr/bin/ceph: stderr
2024-03-18T14:42:38.773+0000 7f1f10c00700 1 -- 172.21.15.156:0/623240085 <== mon.0 v2:172.21.15.156:3300/0 5 ==== osd_map(3..3 src has 1..3) ==== 1155+0+0 (secure 0 0 0) 0x7f1f0404d780 con 0x7f1f1407dd50
2024-03-18T14:42:39.994 INFO:teuthology.orchestra.run.smithi156.stdout:/usr/bin/ceph: stderr
2024-03-18T14:42:38.773+0000 7f1f13400700 1 --2- 172.21.15.156:0/623240085 >> [v2:172.21.15.156:6800/749893859,v1:172.21.15.156:6801/749893859] conn(0x7f1ef8038f80 0x7f1ef803b440 unknown :-1 s=BANNER_CONNECTING pgs=0 cs=0 l=1 rev1=0 crypto rx=0 tx=0 comp rx=0 tx=0)._handle_peer_banner_payload supported=3 required=0
2024-03-18T14:42:39.994 INFO:teuthology.orchestra.run.smithi156.stdout:/usr/bin/ceph: stderr
2024-03-18T14:42:38.774+0000 7f1f13400700 1 --2- 172.21.15.156:0/623240085 >> [v2:172.21.15.156:6800/749893859,v1:172.21.15.156:6801/749893859] conn(0x7f1ef8038f80 0x7f1ef803b440 secure :-1 s=READY pgs=8 cs=0 l=1 rev1=1 crypto rx=0x7f1f00006fd0 tx=0x7f1f00006e40 comp rx=0 tx=0).ready entity=mgr.14152 client_cookie=0 server_cookie=0 in_seq=0 out_seq=0
2024-03-18T14:42:39.994 INFO:teuthology.orchestra.run.smithi156.stdout:/usr/bin/ceph: stderr
2024-03-18T14:42:38.779+0000 7f1f10c00700 1 -- 172.21.15.156:0/623240085 <== mon.0 v2:172.21.15.156:3300/0 6 ==== mon_command_ack([{"prefix": "get_command_descriptions"}]=0 v0) ==== 72+0+186149 (secure 0 0 0) 0x7f1f04023390 con 0x7f1f1407dd50
2024-03-18T14:42:39.994 INFO:teuthology.orchestra.run.smithi156.stdout:/usr/bin/ceph: stderr
2024-03-18T14:42:39.033+0000 7f1f1b000700 1 -- 172.21.15.156:0/623240085 --> [v2:172.21.15.156:6800/749893859,v1:172.21.15.156:6801/749893859] -- mgr_command(tid 0: {"prefix": "dashboard ac-user-create", "username": "admin", "rolename": "administrator", "force_password": true, "pwd_update_required": true, "target": ["mon-mgr", ""]}) -- 0x7f1f141a15b0 con 0x7f1ef8038f80
2024-03-18T14:42:39.994 INFO:teuthology.orchestra.run.smithi156.stdout:/usr/bin/ceph: stderr
2024-03-18T14:42:39.275+0000 7f1f10c00700 1 -- 172.21.15.156:0/623240085 <== mgr.14152 v2:172.21.15.156:6800/749893859 1 ==== mgr_command_reply(tid 0: 0 ) ==== 8+0+252 (secure 0 0 0) 0x7f1f141a15b0 con 0x7f1ef8038f80
2024-03-18T14:42:39.994 INFO:teuthology.orchestra.run.smithi156.stdout:/usr/bin/ceph: stderr
2024-03-18T14:42:39.278+0000 7f1f1b000700 1 -- 172.21.15.156:0/623240085 >> [v2:172.21.15.156:6800/749893859,v1:172.21.15.156:6801/749893859] conn(0x7f1ef8038f80 msgr2=0x7f1ef803b440 secure :-1 s=STATE_CONNECTION_ESTABLISHED l=1).mark_down
2024-03-18T14:42:39.995 INFO:teuthology.orchestra.run.smithi156.stdout:/usr/bin/ceph: stderr
2024-03-18T14:42:39.278+0000 7f1f1b000700 1 --2- 172.21.15.156:0/623240085 >> [v2:172.21.15.156:6800/749893859,v1:172.21.15.156:6801/749893859] conn(0x7f1ef8038f80 0x7f1ef803b440 secure :-1 s=READY pgs=8 cs=0 l=1 rev1=1 crypto rx=0x7f1f00006fd0 tx=0x7f1f00006e40 comp rx=0 tx=0).stop
2024-03-18T14:42:39.995 INFO:teuthology.orchestra.run.smithi156.stdout:/usr/bin/ceph: stderr
2024-03-18T14:42:39.278+0000 7f1f1b000700 1 -- 172.21.15.156:0/623240085 >> [v2:172.21.15.156:3300/0,v1:172.21.15.156:6789/0] conn(0x7f1f1407dd50 msgr2=0x7f1f1419df70 secure :-1 s=STATE_CONNECTION_ESTABLISHED l=1).mark_down
2024-03-18T14:42:39.995 INFO:teuthology.orchestra.run.smithi156.stdout:/usr/bin/ceph: stderr
2024-03-18T14:42:39.278+0000 7f1f1b000700 1 --2- 172.21.15.156:0/623240085 >> [v2:172.21.15.156:3300/0,v1:172.21.15.156:6789/0] conn(0x7f1f1407dd50 0x7f1f1419df70 secure :-1 s=READY pgs=73 cs=0 l=1 rev1=1 crypto rx=0x7f1f04011870 tx=0x7f1f04011d70 comp rx=0 tx=0).stop
2024-03-18T14:42:39.995 INFO:teuthology.orchestra.run.smithi156.stdout:/usr/bin/ceph: stderr
2024-03-18T14:42:39.278+0000 7f1f1b000700 1 -- 172.21.15.156:0/623240085 shutdown_connections
2024-03-18T14:42:39.995 INFO:teuthology.orchestra.run.smithi156.stdout:/usr/bin/ceph: stderr
2024-03-18T14:42:39.279+0000 7f1f1b000700 1 --2- 172.21.15.156:0/623240085 >> [v2:172.21.15.156:6800/749893859,v1:172.21.15.156:6801/749893859] conn(0x7f1ef8038f80 0x7f1ef803b440 unknown :-1 s=CLOSED pgs=8 cs=0 l=1 rev1=1 crypto rx=0 tx=0 comp rx=0 tx=0).stop
2024-03-18T14:42:39.995 INFO:teuthology.orchestra.run.smithi156.stdout:/usr/bin/ceph: stderr
2024-03-18T14:42:39.279+0000 7f1f1b000700 1 --2- 172.21.15.156:0/623240085 >> [v2:172.21.15.156:3300/0,v1:172.21.15.156:6789/0] conn(0x7f1f1407dd50 0x7f1f1419df70 unknown :-1 s=CLOSED pgs=73 cs=0 l=1 rev1=1 crypto rx=0 tx=0 comp rx=0 tx=0).stop
2024-03-18T14:42:39.995 INFO:teuthology.orchestra.run.smithi156.stdout:/usr/bin/ceph: stderr
2024-03-18T14:42:39.279+0000 7f1f1b000700 1 -- 172.21.15.156:0/623240085 >> 172.21.15.156:0/623240085 conn(0x7f1f141034b0 msgr2=0x7f1f14103fa0 unknown :-1 s=STATE_NONE l=0).mark_down
2024-03-18T14:42:39.995 INFO:teuthology.orchestra.run.smithi156.stdout:/usr/bin/ceph: stderr
2024-03-18T14:42:39.279+0000 7f1f1b000700 1 -- 172.21.15.156:0/623240085 shutdown_connections
2024-03-18T14:42:39.995 INFO:teuthology.orchestra.run.smithi156.stdout:/usr/bin/ceph: stderr
2024-03-18T14:42:39.279+0000 7f1f1b000700 1 -- 172.21.15.156:0/623240085 wait complete.
2024-03-18T14:42:39.995 INFO:teuthology.orchestra.run.smithi156.stdout:Fetching dashboard port number...
2024-03-18T14:42:40.261 INFO:journalctl@ceph.mon.a.smithi156.stdout:Mar 18 14:42:39 smithi156 ceph-mon[31855]: from='mgr.14152 172.21.15.156:0/1030119404' entity='mgr.x'
2024-03-18T14:42:40.261 INFO:journalctl@ceph.mon.a.smithi156.stdout:Mar 18 14:42:39 smithi156 ceph-mon[31855]: from='client.14166 -' entity='client.admin' cmd=[{"prefix": "dashboard ac-user-create", "username": "admin", "rolename": "administrator", "force_password": true, "pwd_update_required": true, "target": ["mon-mgr", ""]}]: dispatch
2024-03-18T14:42:40.261 INFO:journalctl@ceph.mon.a.smithi156.stdout:Mar 18 14:42:39 smithi156 ceph-mon[31855]: from='mgr.14152 172.21.15.156:0/1030119404' entity='mgr.x'
2024-03-18T14:42:41.057 INFO:journalctl@ceph.mon.a.smithi156.stdout:Mar 18 14:42:40 smithi156 ceph-mon[31855]: from='client.? 172.21.15.156:0/707995859' entity='client.admin' cmd=[{"prefix": "config get", "who": "mgr", "key": "mgr/dashboard/ssl_server_port"}]: dispatch
2024-03-18T14:42:41.774 INFO:teuthology.orchestra.run.smithi156.stdout:/usr/bin/ceph: stdout 8443
2024-03-18T14:42:41.775 INFO:teuthology.orchestra.run.smithi156.stdout:/usr/bin/ceph: stderr
2024-03-18T14:42:40.606+0000 7f7ce0800700 1 Processor -- start
2024-03-18T14:42:41.775 INFO:teuthology.orchestra.run.smithi156.stdout:/usr/bin/ceph: stderr
2024-03-18T14:42:40.606+0000 7f7ce0800700 1 -- start start
2024-03-18T14:42:41.775 INFO:teuthology.orchestra.run.smithi156.stdout:/usr/bin/ceph: stderr
2024-03-18T14:42:40.607+0000 7f7ce0800700 1 --2- >> [v2:172.21.15.156:3300/0,v1:172.21.15.156:6789/0] conn(0x7f7cd8107da0 0x7f7cd81081c0 unknown :-1 s=NONE pgs=0 cs=0 l=0 rev1=0 crypto rx=0 tx=0 comp rx=0 tx=0).connect
2024-03-18T14:42:41.775 INFO:teuthology.orchestra.run.smithi156.stdout:/usr/bin/ceph: stderr
2024-03-18T14:42:40.607+0000 7f7ce0800700 1 -- --> [v2:172.21.15.156:3300/0,v1:172.21.15.156:6789/0] -- mon_getmap magic: 0 -- 0x7f7cd8108790 con 0x7f7cd8107da0
2024-03-18T14:42:41.775 INFO:teuthology.orchestra.run.smithi156.stdout:/usr/bin/ceph: stderr
2024-03-18T14:42:40.607+0000 7f7cdde00700 1 --2- >> [v2:172.21.15.156:3300/0,v1:172.21.15.156:6789/0] conn(0x7f7cd8107da0 0x7f7cd81081c0 unknown :-1 s=BANNER_CONNECTING pgs=0 cs=0 l=0 rev1=0 crypto rx=0 tx=0 comp rx=0 tx=0)._handle_peer_banner_payload supported=3 required=0
2024-03-18T14:42:41.775 INFO:teuthology.orchestra.run.smithi156.stdout:/usr/bin/ceph: stderr
2024-03-18T14:42:40.607+0000 7f7cdde00700 1 --2- >> [v2:172.21.15.156:3300/0,v1:172.21.15.156:6789/0] conn(0x7f7cd8107da0 0x7f7cd81081c0 unknown :-1 s=HELLO_CONNECTING pgs=0 cs=0 l=0 rev1=1 crypto rx=0 tx=0 comp rx=0 tx=0).handle_hello peer v2:172.21.15.156:3300/0 says I am v2:172.21.15.156:59898/0 (socket says 172.21.15.156:59898)
2024-03-18T14:42:41.775 INFO:teuthology.orchestra.run.smithi156.stdout:/usr/bin/ceph: stderr
2024-03-18T14:42:40.607+0000 7f7cdde00700 1 -- 172.21.15.156:0/3739852255 learned_addr learned my addr 172.21.15.156:0/3739852255 (peer_addr_for_me v2:172.21.15.156:0/0)
2024-03-18T14:42:41.775 INFO:teuthology.orchestra.run.smithi156.stdout:/usr/bin/ceph: stderr
2024-03-18T14:42:40.608+0000 7f7cdde00700 1 -- 172.21.15.156:0/3739852255 --> [v2:172.21.15.156:3300/0,v1:172.21.15.156:6789/0] -- mon_subscribe({config=0+,monmap=0+}) -- 0x7f7cd8108fa0 con 0x7f7cd8107da0
2024-03-18T14:42:41.775 INFO:teuthology.orchestra.run.smithi156.stdout:/usr/bin/ceph: stderr
2024-03-18T14:42:40.608+0000 7f7cdde00700 1 --2- 172.21.15.156:0/3739852255 >> [v2:172.21.15.156:3300/0,v1:172.21.15.156:6789/0] conn(0x7f7cd8107da0 0x7f7cd81081c0 secure :-1 s=READY pgs=74 cs=0 l=1 rev1=1 crypto rx=0x7f7ccc0098a0 tx=0x7f7ccc009bb0 comp rx=0 tx=0).ready entity=mon.0 client_cookie=39bd5bc616b397c2 server_cookie=0 in_seq=0 out_seq=0
2024-03-18T14:42:41.775 INFO:teuthology.orchestra.run.smithi156.stdout:/usr/bin/ceph: stderr
2024-03-18T14:42:40.608+0000 7f7cdca00700 1 -- 172.21.15.156:0/3739852255 <== mon.0 v2:172.21.15.156:3300/0 1 ==== mon_map magic: 0 ==== 205+0+0 (secure 0 0 0) 0x7f7ccc004160 con 0x7f7cd8107da0
2024-03-18T14:42:41.775 INFO:teuthology.orchestra.run.smithi156.stdout:/usr/bin/ceph: stderr
2024-03-18T14:42:40.608+0000 7f7cdca00700 1 -- 172.21.15.156:0/3739852255 <== mon.0 v2:172.21.15.156:3300/0 2 ==== config(28 keys) ==== 1174+0+0 (secure 0 0 0) 0x7f7ccc004300 con 0x7f7cd8107da0
2024-03-18T14:42:41.775 INFO:teuthology.orchestra.run.smithi156.stdout:/usr/bin/ceph: stderr
2024-03-18T14:42:40.608+0000 7f7cdca00700 1 -- 172.21.15.156:0/3739852255 <== mon.0 v2:172.21.15.156:3300/0 3 ==== mon_map magic: 0 ==== 205+0+0 (secure 0 0 0) 0x7f7ccc011bb0 con 0x7f7cd8107da0
2024-03-18T14:42:41.775 INFO:teuthology.orchestra.run.smithi156.stdout:/usr/bin/ceph: stderr
2024-03-18T14:42:40.609+0000 7f7ce0800700 1 -- 172.21.15.156:0/3739852255 >> [v2:172.21.15.156:3300/0,v1:172.21.15.156:6789/0] conn(0x7f7cd8107da0 msgr2=0x7f7cd81081c0 secure :-1 s=STATE_CONNECTION_ESTABLISHED l=1).mark_down
2024-03-18T14:42:41.775 INFO:teuthology.orchestra.run.smithi156.stdout:/usr/bin/ceph: stderr
2024-03-18T14:42:40.609+0000 7f7ce0800700 1 --2- 172.21.15.156:0/3739852255 >> [v2:172.21.15.156:3300/0,v1:172.21.15.156:6789/0] conn(0x7f7cd8107da0 0x7f7cd81081c0 secure :-1 s=READY pgs=74 cs=0 l=1 rev1=1 crypto rx=0x7f7ccc0098a0 tx=0x7f7ccc009bb0 comp rx=0 tx=0).stop
2024-03-18T14:42:41.776 INFO:teuthology.orchestra.run.smithi156.stdout:/usr/bin/ceph: stderr
2024-03-18T14:42:40.609+0000 7f7ce0800700 1 -- 172.21.15.156:0/3739852255 shutdown_connections
2024-03-18T14:42:41.776 INFO:teuthology.orchestra.run.smithi156.stdout:/usr/bin/ceph: stderr
2024-03-18T14:42:40.609+0000 7f7ce0800700 1 --2- 172.21.15.156:0/3739852255 >> [v2:172.21.15.156:3300/0,v1:172.21.15.156:6789/0] conn(0x7f7cd8107da0 0x7f7cd81081c0 unknown :-1 s=CLOSED pgs=74 cs=0 l=1 rev1=1 crypto rx=0 tx=0 comp rx=0 tx=0).stop
2024-03-18T14:42:41.776 INFO:teuthology.orchestra.run.smithi156.stdout:/usr/bin/ceph: stderr
2024-03-18T14:42:40.609+0000 7f7ce0800700 1 -- 172.21.15.156:0/3739852255 >> 172.21.15.156:0/3739852255 conn(0x7f7cd8103360 msgr2=0x7f7cd8105780 unknown :-1 s=STATE_NONE l=0).mark_down
2024-03-18T14:42:41.776 INFO:teuthology.orchestra.run.smithi156.stdout:/usr/bin/ceph: stderr
2024-03-18T14:42:40.609+0000 7f7ce0800700 1 -- 172.21.15.156:0/3739852255 shutdown_connections
2024-03-18T14:42:41.776 INFO:teuthology.orchestra.run.smithi156.stdout:/usr/bin/ceph: stderr
2024-03-18T14:42:40.609+0000 7f7ce0800700 1 -- 172.21.15.156:0/3739852255 wait complete.
2024-03-18T14:42:41.776 INFO:teuthology.orchestra.run.smithi156.stdout:/usr/bin/ceph: stderr
2024-03-18T14:42:40.610+0000 7f7ce0800700 1 Processor -- start
2024-03-18T14:42:41.776 INFO:teuthology.orchestra.run.smithi156.stdout:/usr/bin/ceph: stderr
2024-03-18T14:42:40.610+0000 7f7ce0800700 1 -- start start
2024-03-18T14:42:41.776 INFO:teuthology.orchestra.run.smithi156.stdout:/usr/bin/ceph: stderr
2024-03-18T14:42:40.611+0000 7f7ce0800700 1 --2- >> [v2:172.21.15.156:3300/0,v1:172.21.15.156:6789/0] conn(0x7f7cd8107da0 0x7f7cd819dfd0 unknown :-1 s=NONE pgs=0 cs=0 l=1 rev1=0 crypto rx=0 tx=0 comp rx=0 tx=0).connect
2024-03-18T14:42:41.776 INFO:teuthology.orchestra.run.smithi156.stdout:/usr/bin/ceph: stderr
2024-03-18T14:42:40.611+0000 7f7ce0800700 1 -- --> [v2:172.21.15.156:3300/0,v1:172.21.15.156:6789/0] -- mon_getmap magic: 0 -- 0x7f7cd810c350 con 0x7f7cd8107da0
2024-03-18T14:42:41.776 INFO:teuthology.orchestra.run.smithi156.stdout:/usr/bin/ceph: stderr
2024-03-18T14:42:40.611+0000 7f7cdde00700 1 --2- >> [v2:172.21.15.156:3300/0,v1:172.21.15.156:6789/0] conn(0x7f7cd8107da0 0x7f7cd819dfd0 unknown :-1 s=BANNER_CONNECTING pgs=0 cs=0 l=1 rev1=0 crypto rx=0 tx=0 comp rx=0 tx=0)._handle_peer_banner_payload supported=3 required=0
2024-03-18T14:42:41.776 INFO:teuthology.orchestra.run.smithi156.stdout:/usr/bin/ceph: stderr
2024-03-18T14:42:40.611+0000 7f7cdde00700 1 --2- >> [v2:172.21.15.156:3300/0,v1:172.21.15.156:6789/0] conn(0x7f7cd8107da0 0x7f7cd819dfd0 unknown :-1 s=HELLO_CONNECTING pgs=0 cs=0 l=1 rev1=1 crypto rx=0 tx=0 comp rx=0 tx=0).handle_hello peer v2:172.21.15.156:3300/0 says I am v2:172.21.15.156:59908/0 (socket says 172.21.15.156:59908)
2024-03-18T14:42:41.776 INFO:teuthology.orchestra.run.smithi156.stdout:/usr/bin/ceph: stderr
2024-03-18T14:42:40.611+0000 7f7cdde00700 1 -- 172.21.15.156:0/707995859 learned_addr learned my addr 172.21.15.156:0/707995859 (peer_addr_for_me v2:172.21.15.156:0/0)
2024-03-18T14:42:41.776 INFO:teuthology.orchestra.run.smithi156.stdout:/usr/bin/ceph: stderr
2024-03-18T14:42:40.611+0000 7f7cdde00700 1 -- 172.21.15.156:0/707995859 --> [v2:172.21.15.156:3300/0,v1:172.21.15.156:6789/0] -- mon_subscribe({config=0+,monmap=0+}) -- 0x7f7cd819e510 con 0x7f7cd8107da0
2024-03-18T14:42:41.776 INFO:teuthology.orchestra.run.smithi156.stdout:/usr/bin/ceph: stderr
2024-03-18T14:42:40.612+0000 7f7cdde00700 1 --2- 172.21.15.156:0/707995859 >> [v2:172.21.15.156:3300/0,v1:172.21.15.156:6789/0] conn(0x7f7cd8107da0 0x7f7cd819dfd0 secure :-1 s=READY pgs=75 cs=0 l=1 rev1=1 crypto rx=0x7f7ccc000c00 tx=0x7f7ccc004620 comp rx=0 tx=0).ready entity=mon.0 client_cookie=0 server_cookie=0 in_seq=0 out_seq=0
2024-03-18T14:42:41.777 INFO:teuthology.orchestra.run.smithi156.stdout:/usr/bin/ceph: stderr
2024-03-18T14:42:40.612+0000 7f7cd2a00700 1 -- 172.21.15.156:0/707995859 <== mon.0 v2:172.21.15.156:3300/0 1 ==== mon_map magic: 0 ==== 205+0+0 (secure 0 0 0) 0x7f7ccc011e60 con 0x7f7cd8107da0
2024-03-18T14:42:41.777 INFO:teuthology.orchestra.run.smithi156.stdout:/usr/bin/ceph: stderr
2024-03-18T14:42:40.612+0000 7f7cd2a00700 1 -- 172.21.15.156:0/707995859 <== mon.0 v2:172.21.15.156:3300/0 2 ==== config(28 keys) ==== 1174+0+0 (secure 0 0 0) 0x7f7ccc003af0 con 0x7f7cd8107da0
2024-03-18T14:42:41.777 INFO:teuthology.orchestra.run.smithi156.stdout:/usr/bin/ceph: stderr
2024-03-18T14:42:40.612+0000 7f7cd2a00700 1 -- 172.21.15.156:0/707995859 <== mon.0 v2:172.21.15.156:3300/0 3 ==== mon_map magic: 0 ==== 205+0+0 (secure 0 0 0) 0x7f7ccc0246a0 con 0x7f7cd8107da0
2024-03-18T14:42:41.777 INFO:teuthology.orchestra.run.smithi156.stdout:/usr/bin/ceph: stderr
2024-03-18T14:42:40.612+0000 7f7ce0800700 1 -- 172.21.15.156:0/707995859 --> [v2:172.21.15.156:3300/0,v1:172.21.15.156:6789/0] -- mon_subscribe({mgrmap=0+}) -- 0x7f7cd819e7a0 con 0x7f7cd8107da0
2024-03-18T14:42:41.777 INFO:teuthology.orchestra.run.smithi156.stdout:/usr/bin/ceph: stderr
2024-03-18T14:42:40.612+0000 7f7ce0800700 1 -- 172.21.15.156:0/707995859 --> [v2:172.21.15.156:3300/0,v1:172.21.15.156:6789/0] -- mon_subscribe({osdmap=0}) -- 0x7f7cd819ec00 con 0x7f7cd8107da0
2024-03-18T14:42:41.777 INFO:teuthology.orchestra.run.smithi156.stdout:/usr/bin/ceph: stderr
2024-03-18T14:42:40.613+0000 7f7cd2a00700 1 -- 172.21.15.156:0/707995859 <== mon.0 v2:172.21.15.156:3300/0 4 ==== mgrmap(e 12) ==== 46119+0+0 (secure 0 0 0) 0x7f7ccc022020 con 0x7f7cd8107da0
2024-03-18T14:42:41.777 INFO:teuthology.orchestra.run.smithi156.stdout:/usr/bin/ceph: stderr
2024-03-18T14:42:40.613+0000 7f7ce0800700 1 -- 172.21.15.156:0/707995859 --> [v2:172.21.15.156:3300/0,v1:172.21.15.156:6789/0] -- mon_command({"prefix": "get_command_descriptions"} v 0) -- 0x7f7cd8063900 con 0x7f7cd8107da0
2024-03-18T14:42:41.777 INFO:teuthology.orchestra.run.smithi156.stdout:/usr/bin/ceph: stderr
2024-03-18T14:42:40.614+0000 7f7cd2a00700 1 --2- 172.21.15.156:0/707995859 >> [v2:172.21.15.156:6800/749893859,v1:172.21.15.156:6801/749893859] conn(0x7f7cc0038fd0 0x7f7cc003b490 unknown :-1 s=NONE pgs=0 cs=0 l=1 rev1=0 crypto rx=0 tx=0 comp rx=0 tx=0).connect
2024-03-18T14:42:41.777 INFO:teuthology.orchestra.run.smithi156.stdout:/usr/bin/ceph: stderr
2024-03-18T14:42:40.614+0000 7f7cd2a00700 1 -- 172.21.15.156:0/707995859 <== mon.0 v2:172.21.15.156:3300/0 5 ==== osd_map(3..3 src has 1..3) ==== 1155+0+0 (secure 0 0 0) 0x7f7ccc04d0a0 con 0x7f7cd8107da0
2024-03-18T14:42:41.777 INFO:teuthology.orchestra.run.smithi156.stdout:/usr/bin/ceph: stderr
2024-03-18T14:42:40.614+0000 7f7cdd400700 1 --2- 172.21.15.156:0/707995859 >> [v2:172.21.15.156:6800/749893859,v1:172.21.15.156:6801/749893859] conn(0x7f7cc0038fd0 0x7f7cc003b490 unknown :-1 s=BANNER_CONNECTING pgs=0 cs=0 l=1 rev1=0 crypto rx=0 tx=0 comp rx=0 tx=0)._handle_peer_banner_payload supported=3 required=0
2024-03-18T14:42:41.777 INFO:teuthology.orchestra.run.smithi156.stdout:/usr/bin/ceph: stderr
2024-03-18T14:42:40.615+0000 7f7cdd400700 1 --2- 172.21.15.156:0/707995859 >> [v2:172.21.15.156:6800/749893859,v1:172.21.15.156:6801/749893859] conn(0x7f7cc0038fd0 0x7f7cc003b490 secure :-1 s=READY pgs=9 cs=0 l=1 rev1=1 crypto rx=0x7f7cc8006fd0 tx=0x7f7cc8006e40 comp rx=0 tx=0).ready entity=mgr.14152 client_cookie=0 server_cookie=0 in_seq=0 out_seq=0
2024-03-18T14:42:41.777 INFO:teuthology.orchestra.run.smithi156.stdout:/usr/bin/ceph: stderr
2024-03-18T14:42:40.619+0000 7f7cd2a00700 1 -- 172.21.15.156:0/707995859 <== mon.0 v2:172.21.15.156:3300/0 6 ==== mon_command_ack([{"prefix": "get_command_descriptions"}]=0 v0) ==== 72+0+186149 (secure 0 0 0) 0x7f7ccc01a520 con 0x7f7cd8107da0
2024-03-18T14:42:41.777 INFO:teuthology.orchestra.run.smithi156.stdout:/usr/bin/ceph: stderr
2024-03-18T14:42:40.846+0000 7f7ce0800700 1 -- 172.21.15.156:0/707995859 --> [v2:172.21.15.156:3300/0,v1:172.21.15.156:6789/0] -- mon_command({"prefix": "config get", "who": "mgr", "key": "mgr/dashboard/ssl_server_port"} v 0) -- 0x7f7cd81a15d0 con 0x7f7cd8107da0
2024-03-18T14:42:41.777 INFO:teuthology.orchestra.run.smithi156.stdout:/usr/bin/ceph: stderr
2024-03-18T14:42:40.846+0000 7f7cd2a00700 1 -- 172.21.15.156:0/707995859 <== mon.0 v2:172.21.15.156:3300/0 7 ==== mon_command_ack([{"prefix": "config get", "who": "mgr", "key": "mgr/dashboard/ssl_server_port"}]=0 v8) ==== 112+0+5 (secure 0 0 0) 0x7f7ccc01aaa0 con 0x7f7cd8107da0
2024-03-18T14:42:41.778 INFO:teuthology.orchestra.run.smithi156.stdout:/usr/bin/ceph: stderr
2024-03-18T14:42:40.849+0000 7f7ce0800700 1 -- 172.21.15.156:0/707995859 >> [v2:172.21.15.156:6800/749893859,v1:172.21.15.156:6801/749893859] conn(0x7f7cc0038fd0 msgr2=0x7f7cc003b490 secure :-1 s=STATE_CONNECTION_ESTABLISHED l=1).mark_down
2024-03-18T14:42:41.778 INFO:teuthology.orchestra.run.smithi156.stdout:/usr/bin/ceph: stderr
2024-03-18T14:42:40.849+0000 7f7ce0800700 1 --2- 172.21.15.156:0/707995859 >> [v2:172.21.15.156:6800/749893859,v1:172.21.15.156:6801/749893859] conn(0x7f7cc0038fd0 0x7f7cc003b490 secure :-1 s=READY pgs=9 cs=0 l=1 rev1=1 crypto rx=0x7f7cc8006fd0 tx=0x7f7cc8006e40 comp rx=0 tx=0).stop
2024-03-18T14:42:41.778 INFO:teuthology.orchestra.run.smithi156.stdout:/usr/bin/ceph: stderr
2024-03-18T14:42:40.849+0000 7f7ce0800700 1 -- 172.21.15.156:0/707995859 >> [v2:172.21.15.156:3300/0,v1:172.21.15.156:6789/0] conn(0x7f7cd8107da0 msgr2=0x7f7cd819dfd0 secure :-1 s=STATE_CONNECTION_ESTABLISHED l=1).mark_down
2024-03-18T14:42:41.778 INFO:teuthology.orchestra.run.smithi156.stdout:/usr/bin/ceph: stderr
2024-03-18T14:42:40.849+0000 7f7ce0800700 1 --2- 172.21.15.156:0/707995859 >> [v2:172.21.15.156:3300/0,v1:172.21.15.156:6789/0] conn(0x7f7cd8107da0 0x7f7cd819dfd0 secure :-1 s=READY pgs=75 cs=0 l=1 rev1=1 crypto rx=0x7f7ccc000c00 tx=0x7f7ccc004620 comp rx=0 tx=0).stop
2024-03-18T14:42:41.778 INFO:teuthology.orchestra.run.smithi156.stdout:/usr/bin/ceph: stderr
2024-03-18T14:42:40.849+0000 7f7ce0800700 1 -- 172.21.15.156:0/707995859 shutdown_connections
2024-03-18T14:42:41.778 INFO:teuthology.orchestra.run.smithi156.stdout:/usr/bin/ceph: stderr
2024-03-18T14:42:40.849+0000 7f7ce0800700 1 --2- 172.21.15.156:0/707995859 >> [v2:172.21.15.156:6800/749893859,v1:172.21.15.156:6801/749893859] conn(0x7f7cc0038fd0 0x7f7cc003b490 unknown :-1 s=CLOSED pgs=9 cs=0 l=1 rev1=1 crypto rx=0 tx=0 comp rx=0 tx=0).stop
2024-03-18T14:42:41.778 INFO:teuthology.orchestra.run.smithi156.stdout:/usr/bin/ceph: stderr
2024-03-18T14:42:40.849+0000 7f7ce0800700 1 --2- 172.21.15.156:0/707995859 >> [v2:172.21.15.156:3300/0,v1:172.21.15.156:6789/0] conn(0x7f7cd8107da0 0x7f7cd819dfd0 unknown :-1 s=CLOSED pgs=75 cs=0 l=1 rev1=1 crypto rx=0 tx=0 comp rx=0 tx=0).stop
2024-03-18T14:42:41.778 INFO:teuthology.orchestra.run.smithi156.stdout:/usr/bin/ceph: stderr
2024-03-18T14:42:40.849+0000 7f7ce0800700 1 -- 172.21.15.156:0/707995859 >> 172.21.15.156:0/707995859 conn(0x7f7cd8103360 msgr2=0x7f7cd8103e40 unknown :-1 s=STATE_NONE l=0).mark_down
2024-03-18T14:42:41.778 INFO:teuthology.orchestra.run.smithi156.stdout:/usr/bin/ceph: stderr
2024-03-18T14:42:40.850+0000 7f7ce0800700 1 -- 172.21.15.156:0/707995859 shutdown_connections
2024-03-18T14:42:41.778 INFO:teuthology.orchestra.run.smithi156.stdout:/usr/bin/ceph: stderr
2024-03-18T14:42:40.850+0000 7f7ce0800700 1 -- 172.21.15.156:0/707995859 wait complete.
2024-03-18T14:42:41.800 INFO:teuthology.orchestra.run.smithi156.stdout:Non-zero exit code 1 from systemctl is-enabled firewalld.service
2024-03-18T14:42:41.800 INFO:teuthology.orchestra.run.smithi156.stdout:systemctl: stdout disabled
2024-03-18T14:42:41.820 INFO:teuthology.orchestra.run.smithi156.stdout:Non-zero exit code 3 from systemctl is-active firewalld.service
2024-03-18T14:42:41.820 INFO:teuthology.orchestra.run.smithi156.stdout:systemctl: stdout inactive
2024-03-18T14:42:41.821 INFO:teuthology.orchestra.run.smithi156.stdout:firewalld.service is not enabled
2024-03-18T14:42:41.821 INFO:teuthology.orchestra.run.smithi156.stdout:Not possible to open ports <[8443]>. firewalld.service is not available
2024-03-18T14:42:41.827 INFO:teuthology.orchestra.run.smithi156.stdout:Ceph Dashboard is now available at:
2024-03-18T14:42:41.827 INFO:teuthology.orchestra.run.smithi156.stdout:
2024-03-18T14:42:41.827 INFO:teuthology.orchestra.run.smithi156.stdout: URL: https://smithi156.front.sepia.ceph.com:8443/
2024-03-18T14:42:41.827 INFO:teuthology.orchestra.run.smithi156.stdout: User: admin
2024-03-18T14:42:41.827 INFO:teuthology.orchestra.run.smithi156.stdout: Password: qewihtgjql
2024-03-18T14:42:41.827 INFO:teuthology.orchestra.run.smithi156.stdout:
2024-03-18T14:42:41.829 INFO:teuthology.orchestra.run.smithi156.stdout:Saving cluster configuration to /var/lib/ceph/6eb7bc44-e535-11ee-95c9-87774f69a715/config directory
2024-03-18T14:42:41.831 INFO:teuthology.orchestra.run.smithi156.stdout:Enabling autotune for osd_memory_target
2024-03-18T14:42:42.057 INFO:journalctl@ceph.mon.a.smithi156.stdout:Mar 18 14:42:41 smithi156 ceph-mon[31855]: mgrmap e13: x(active, since 6s)
2024-03-18T14:42:43.701 INFO:teuthology.orchestra.run.smithi156.stdout:/usr/bin/ceph: stderr
2024-03-18T14:42:42.844+0000 7fc502800700 1 Processor -- start
2024-03-18T14:42:43.701 INFO:teuthology.orchestra.run.smithi156.stdout:/usr/bin/ceph: stderr
2024-03-18T14:42:42.844+0000 7fc502800700 1 -- start start
2024-03-18T14:42:43.702 INFO:teuthology.orchestra.run.smithi156.stdout:/usr/bin/ceph: stderr
2024-03-18T14:42:42.845+0000 7fc502800700 1 --2- >> [v2:172.21.15.156:3300/0,v1:172.21.15.156:6789/0] conn(0x7fc4fc1086f0 0x7fc4fc10aae0 unknown :-1 s=NONE pgs=0 cs=0 l=0 rev1=0 crypto rx=0 tx=0 comp rx=0 tx=0).connect
2024-03-18T14:42:43.702 INFO:teuthology.orchestra.run.smithi156.stdout:/usr/bin/ceph: stderr
2024-03-18T14:42:42.845+0000 7fc502800700 1 -- --> [v2:172.21.15.156:3300/0,v1:172.21.15.156:6789/0] -- mon_getmap magic: 0 -- 0x7fc4fc07be90 con 0x7fc4fc1086f0
2024-03-18T14:42:43.702 INFO:teuthology.orchestra.run.smithi156.stdout:/usr/bin/ceph: stderr
2024-03-18T14:42:42.845+0000 7fc501400700 1 --2- >> [v2:172.21.15.156:3300/0,v1:172.21.15.156:6789/0] conn(0x7fc4fc1086f0 0x7fc4fc10aae0 unknown :-1 s=BANNER_CONNECTING pgs=0 cs=0 l=0 rev1=0 crypto rx=0 tx=0 comp rx=0 tx=0)._handle_peer_banner_payload supported=3 required=0
2024-03-18T14:42:43.702 INFO:teuthology.orchestra.run.smithi156.stdout:/usr/bin/ceph: stderr
2024-03-18T14:42:42.845+0000 7fc501400700 1 --2- >> [v2:172.21.15.156:3300/0,v1:172.21.15.156:6789/0] conn(0x7fc4fc1086f0 0x7fc4fc10aae0 unknown :-1 s=HELLO_CONNECTING pgs=0 cs=0 l=0 rev1=1 crypto rx=0 tx=0 comp rx=0 tx=0).handle_hello peer v2:172.21.15.156:3300/0 says I am v2:172.21.15.156:59910/0 (socket says 172.21.15.156:59910)
2024-03-18T14:42:43.702 INFO:teuthology.orchestra.run.smithi156.stdout:/usr/bin/ceph: stderr
2024-03-18T14:42:42.845+0000 7fc501400700 1 -- 172.21.15.156:0/3589103240 learned_addr learned my addr 172.21.15.156:0/3589103240 (peer_addr_for_me v2:172.21.15.156:0/0)
2024-03-18T14:42:43.703 INFO:teuthology.orchestra.run.smithi156.stdout:/usr/bin/ceph: stderr
2024-03-18T14:42:42.846+0000 7fc501400700 1 -- 172.21.15.156:0/3589103240 --> [v2:172.21.15.156:3300/0,v1:172.21.15.156:6789/0] -- mon_subscribe({config=0+,monmap=0+}) -- 0x7fc4fc10b020 con 0x7fc4fc1086f0
2024-03-18T14:42:43.704 INFO:teuthology.orchestra.run.smithi156.stdout:/usr/bin/ceph: stderr
2024-03-18T14:42:42.846+0000 7fc501400700 1 --2- 172.21.15.156:0/3589103240 >> [v2:172.21.15.156:3300/0,v1:172.21.15.156:6789/0] conn(0x7fc4fc1086f0 0x7fc4fc10aae0 secure :-1 s=READY pgs=76 cs=0 l=1 rev1=1 crypto rx=0x7fc4f00098a0 tx=0x7fc4f0009bb0 comp rx=0 tx=0).ready entity=mon.0 client_cookie=4b9c03db31138275 server_cookie=0 in_seq=0 out_seq=0
2024-03-18T14:42:43.704 INFO:teuthology.orchestra.run.smithi156.stdout:/usr/bin/ceph: stderr
2024-03-18T14:42:42.847+0000 7fc4fbe00700 1 -- 172.21.15.156:0/3589103240 <== mon.0 v2:172.21.15.156:3300/0 1 ==== mon_map magic: 0 ==== 205+0+0 (secure 0 0 0) 0x7fc4f0004160 con 0x7fc4fc1086f0
2024-03-18T14:42:43.704 INFO:teuthology.orchestra.run.smithi156.stdout:/usr/bin/ceph: stderr
2024-03-18T14:42:42.847+0000 7fc4fbe00700 1 -- 172.21.15.156:0/3589103240 <== mon.0 v2:172.21.15.156:3300/0 2 ==== config(28 keys) ==== 1174+0+0 (secure 0 0 0) 0x7fc4f0004300 con 0x7fc4fc1086f0
2024-03-18T14:42:43.704 INFO:teuthology.orchestra.run.smithi156.stdout:/usr/bin/ceph: stderr
2024-03-18T14:42:42.847+0000 7fc4fbe00700 1 -- 172.21.15.156:0/3589103240 <== mon.0 v2:172.21.15.156:3300/0 3 ==== mon_map magic: 0 ==== 205+0+0 (secure 0 0 0) 0x7fc4f0011bb0 con 0x7fc4fc1086f0
2024-03-18T14:42:43.704 INFO:teuthology.orchestra.run.smithi156.stdout:/usr/bin/ceph: stderr
2024-03-18T14:42:42.847+0000 7fc502800700 1 -- 172.21.15.156:0/3589103240 >> [v2:172.21.15.156:3300/0,v1:172.21.15.156:6789/0] conn(0x7fc4fc1086f0 msgr2=0x7fc4fc10aae0 secure :-1 s=STATE_CONNECTION_ESTABLISHED l=1).mark_down
2024-03-18T14:42:43.704 INFO:teuthology.orchestra.run.smithi156.stdout:/usr/bin/ceph: stderr
2024-03-18T14:42:42.847+0000 7fc502800700 1 --2- 172.21.15.156:0/3589103240 >> [v2:172.21.15.156:3300/0,v1:172.21.15.156:6789/0] conn(0x7fc4fc1086f0 0x7fc4fc10aae0 secure :-1 s=READY pgs=76 cs=0 l=1 rev1=1 crypto rx=0x7fc4f00098a0 tx=0x7fc4f0009bb0 comp rx=0 tx=0).stop
2024-03-18T14:42:43.704 INFO:teuthology.orchestra.run.smithi156.stdout:/usr/bin/ceph: stderr
2024-03-18T14:42:42.848+0000 7fc502800700 1 -- 172.21.15.156:0/3589103240 shutdown_connections
2024-03-18T14:42:43.704 INFO:teuthology.orchestra.run.smithi156.stdout:/usr/bin/ceph: stderr
2024-03-18T14:42:42.848+0000 7fc502800700 1 --2- 172.21.15.156:0/3589103240 >> [v2:172.21.15.156:3300/0,v1:172.21.15.156:6789/0] conn(0x7fc4fc1086f0 0x7fc4fc10aae0 unknown :-1 s=CLOSED pgs=76 cs=0 l=1 rev1=1 crypto rx=0 tx=0 comp rx=0 tx=0).stop
2024-03-18T14:42:43.706 INFO:teuthology.orchestra.run.smithi156.stdout:/usr/bin/ceph: stderr
2024-03-18T14:42:42.848+0000 7fc502800700 1 -- 172.21.15.156:0/3589103240 >> 172.21.15.156:0/3589103240 conn(0x7fc4fc102140 msgr2=0x7fc4fc104560 unknown :-1 s=STATE_NONE l=0).mark_down
2024-03-18T14:42:43.707 INFO:teuthology.orchestra.run.smithi156.stdout:/usr/bin/ceph: stderr
2024-03-18T14:42:42.848+0000 7fc502800700 1 -- 172.21.15.156:0/3589103240 shutdown_connections
2024-03-18T14:42:43.707 INFO:teuthology.orchestra.run.smithi156.stdout:/usr/bin/ceph: stderr
2024-03-18T14:42:42.848+0000 7fc502800700 1 -- 172.21.15.156:0/3589103240 wait complete.
2024-03-18T14:42:43.707 INFO:teuthology.orchestra.run.smithi156.stdout:/usr/bin/ceph: stderr
2024-03-18T14:42:42.849+0000 7fc502800700 1 Processor -- start
2024-03-18T14:42:43.707 INFO:teuthology.orchestra.run.smithi156.stdout:/usr/bin/ceph: stderr
2024-03-18T14:42:42.849+0000 7fc502800700 1 -- start start
2024-03-18T14:42:43.707 INFO:teuthology.orchestra.run.smithi156.stdout:/usr/bin/ceph: stderr
2024-03-18T14:42:42.850+0000 7fc502800700 1 --2- >> [v2:172.21.15.156:3300/0,v1:172.21.15.156:6789/0] conn(0x7fc4fc1086f0 0x7fc4fc19de20 unknown :-1 s=NONE pgs=0 cs=0 l=1 rev1=0 crypto rx=0 tx=0 comp rx=0 tx=0).connect
2024-03-18T14:42:43.707 INFO:teuthology.orchestra.run.smithi156.stdout:/usr/bin/ceph: stderr
2024-03-18T14:42:42.850+0000 7fc502800700 1 -- --> [v2:172.21.15.156:3300/0,v1:172.21.15.156:6789/0] -- mon_getmap magic: 0 -- 0x7fc4fc10c0f0 con 0x7fc4fc1086f0
2024-03-18T14:42:43.707 INFO:teuthology.orchestra.run.smithi156.stdout:/usr/bin/ceph: stderr
2024-03-18T14:42:42.850+0000 7fc501400700 1 --2- >> [v2:172.21.15.156:3300/0,v1:172.21.15.156:6789/0] conn(0x7fc4fc1086f0 0x7fc4fc19de20 unknown :-1 s=BANNER_CONNECTING pgs=0 cs=0 l=1 rev1=0 crypto rx=0 tx=0 comp rx=0 tx=0)._handle_peer_banner_payload supported=3 required=0
2024-03-18T14:42:43.707 INFO:teuthology.orchestra.run.smithi156.stdout:/usr/bin/ceph: stderr
2024-03-18T14:42:42.850+0000 7fc501400700 1 --2- >> [v2:172.21.15.156:3300/0,v1:172.21.15.156:6789/0] conn(0x7fc4fc1086f0 0x7fc4fc19de20 unknown :-1 s=HELLO_CONNECTING pgs=0 cs=0 l=1 rev1=1 crypto rx=0 tx=0 comp rx=0 tx=0).handle_hello peer v2:172.21.15.156:3300/0 says I am v2:172.21.15.156:59918/0 (socket says 172.21.15.156:59918)
2024-03-18T14:42:43.707 INFO:teuthology.orchestra.run.smithi156.stdout:/usr/bin/ceph: stderr
2024-03-18T14:42:42.850+0000 7fc501400700 1 -- 172.21.15.156:0/4260980806 learned_addr learned my addr 172.21.15.156:0/4260980806 (peer_addr_for_me v2:172.21.15.156:0/0)
2024-03-18T14:42:43.707 INFO:teuthology.orchestra.run.smithi156.stdout:/usr/bin/ceph: stderr
2024-03-18T14:42:42.850+0000 7fc501400700 1 -- 172.21.15.156:0/4260980806 --> [v2:172.21.15.156:3300/0,v1:172.21.15.156:6789/0] -- mon_subscribe({config=0+,monmap=0+}) -- 0x7fc4fc19e360 con 0x7fc4fc1086f0
2024-03-18T14:42:43.707 INFO:teuthology.orchestra.run.smithi156.stdout:/usr/bin/ceph: stderr
2024-03-18T14:42:42.851+0000 7fc501400700 1 --2- 172.21.15.156:0/4260980806 >> [v2:172.21.15.156:3300/0,v1:172.21.15.156:6789/0] conn(0x7fc4fc1086f0 0x7fc4fc19de20 secure :-1 s=READY pgs=77 cs=0 l=1 rev1=1 crypto rx=0x7fc4f0000c00 tx=0x7fc4f0011c30 comp rx=0 tx=0).ready entity=mon.0 client_cookie=0 server_cookie=0 in_seq=0 out_seq=0
2024-03-18T14:42:43.707 INFO:teuthology.orchestra.run.smithi156.stdout:/usr/bin/ceph: stderr
2024-03-18T14:42:42.851+0000 7fc4fa000700 1 -- 172.21.15.156:0/4260980806 <== mon.0 v2:172.21.15.156:3300/0 1 ==== mon_map magic: 0 ==== 205+0+0 (secure 0 0 0) 0x7fc4f0011e60 con 0x7fc4fc1086f0
2024-03-18T14:42:43.707 INFO:teuthology.orchestra.run.smithi156.stdout:/usr/bin/ceph: stderr
2024-03-18T14:42:42.851+0000 7fc4fa000700 1 -- 172.21.15.156:0/4260980806 <== mon.0 v2:172.21.15.156:3300/0 2 ==== config(28 keys) ==== 1174+0+0 (secure 0 0 0) 0x7fc4f0020070 con 0x7fc4fc1086f0
2024-03-18T14:42:43.708 INFO:teuthology.orchestra.run.smithi156.stdout:/usr/bin/ceph: stderr
2024-03-18T14:42:42.851+0000 7fc502800700 1 -- 172.21.15.156:0/4260980806 --> [v2:172.21.15.156:3300/0,v1:172.21.15.156:6789/0] -- mon_subscribe({mgrmap=0+}) -- 0x7fc4fc19e5f0 con 0x7fc4fc1086f0
2024-03-18T14:42:43.708 INFO:teuthology.orchestra.run.smithi156.stdout:/usr/bin/ceph: stderr
2024-03-18T14:42:42.851+0000 7fc4fa000700 1 -- 172.21.15.156:0/4260980806 <== mon.0 v2:172.21.15.156:3300/0 3 ==== mon_map magic: 0 ==== 205+0+0 (secure 0 0 0) 0x7fc4f0019550 con 0x7fc4fc1086f0
2024-03-18T14:42:43.708 INFO:teuthology.orchestra.run.smithi156.stdout:/usr/bin/ceph: stderr
2024-03-18T14:42:42.851+0000 7fc502800700 1 -- 172.21.15.156:0/4260980806 --> [v2:172.21.15.156:3300/0,v1:172.21.15.156:6789/0] -- mon_subscribe({osdmap=0}) -- 0x7fc4fc19ea50 con 0x7fc4fc1086f0
2024-03-18T14:42:43.708 INFO:teuthology.orchestra.run.smithi156.stdout:/usr/bin/ceph: stderr
2024-03-18T14:42:42.852+0000 7fc4fa000700 1 -- 172.21.15.156:0/4260980806 <== mon.0 v2:172.21.15.156:3300/0 4 ==== mgrmap(e 13) ==== 46163+0+0 (secure 0 0 0) 0x7fc4f0003aa0 con 0x7fc4fc1086f0
2024-03-18T14:42:43.708 INFO:teuthology.orchestra.run.smithi156.stdout:/usr/bin/ceph: stderr
2024-03-18T14:42:42.852+0000 7fc502800700 1 -- 172.21.15.156:0/4260980806 --> [v2:172.21.15.156:3300/0,v1:172.21.15.156:6789/0] -- mon_command({"prefix": "get_command_descriptions"} v 0) -- 0x7fc4fc063900 con 0x7fc4fc1086f0
2024-03-18T14:42:43.708 INFO:teuthology.orchestra.run.smithi156.stdout:/usr/bin/ceph: stderr
2024-03-18T14:42:42.853+0000 7fc4fa000700 1 --2- 172.21.15.156:0/4260980806 >> [v2:172.21.15.156:6800/749893859,v1:172.21.15.156:6801/749893859] conn(0x7fc4e4039070 0x7fc4e403b530 unknown :-1 s=NONE pgs=0 cs=0 l=1 rev1=0 crypto rx=0 tx=0 comp rx=0 tx=0).connect
2024-03-18T14:42:43.708 INFO:teuthology.orchestra.run.smithi156.stdout:/usr/bin/ceph: stderr
2024-03-18T14:42:42.853+0000 7fc4fa000700 1 -- 172.21.15.156:0/4260980806 <== mon.0 v2:172.21.15.156:3300/0 5 ==== osd_map(3..3 src has 1..3) ==== 1155+0+0 (secure 0 0 0) 0x7fc4f004d3d0 con 0x7fc4fc1086f0
2024-03-18T14:42:43.708 INFO:teuthology.orchestra.run.smithi156.stdout:/usr/bin/ceph: stderr
2024-03-18T14:42:42.853+0000 7fc500a00700 1 --2- 172.21.15.156:0/4260980806 >> [v2:172.21.15.156:6800/749893859,v1:172.21.15.156:6801/749893859] conn(0x7fc4e4039070 0x7fc4e403b530 unknown :-1 s=BANNER_CONNECTING pgs=0 cs=0 l=1 rev1=0 crypto rx=0 tx=0 comp rx=0 tx=0)._handle_peer_banner_payload supported=3 required=0
2024-03-18T14:42:43.710 INFO:teuthology.orchestra.run.smithi156.stdout:/usr/bin/ceph: stderr
2024-03-18T14:42:42.854+0000 7fc500a00700 1 --2- 172.21.15.156:0/4260980806 >> [v2:172.21.15.156:6800/749893859,v1:172.21.15.156:6801/749893859] conn(0x7fc4e4039070 0x7fc4e403b530 secure :-1 s=READY pgs=10 cs=0 l=1 rev1=1 crypto rx=0x7fc4e8006fd0 tx=0x7fc4e8006e40 comp rx=0 tx=0).ready entity=mgr.14152 client_cookie=0 server_cookie=0 in_seq=0 out_seq=0
2024-03-18T14:42:43.710 INFO:teuthology.orchestra.run.smithi156.stdout:/usr/bin/ceph: stderr
2024-03-18T14:42:42.858+0000 7fc4fa000700 1 -- 172.21.15.156:0/4260980806 <== mon.0 v2:172.21.15.156:3300/0 6 ==== mon_command_ack([{"prefix": "get_command_descriptions"}]=0 v0) ==== 72+0+186149 (secure 0 0 0) 0x7fc4f0018350 con 0x7fc4fc1086f0
2024-03-18T14:42:43.710 INFO:teuthology.orchestra.run.smithi156.stdout:/usr/bin/ceph: stderr
2024-03-18T14:42:43.082+0000 7fc502800700 1 -- 172.21.15.156:0/4260980806 --> [v2:172.21.15.156:3300/0,v1:172.21.15.156:6789/0] -- mon_command([{prefix=config set, name=osd_memory_target_autotune}] v 0) -- 0x7fc4fc1a1420 con 0x7fc4fc1086f0
2024-03-18T14:42:43.710 INFO:teuthology.orchestra.run.smithi156.stdout:/usr/bin/ceph: stderr
2024-03-18T14:42:43.083+0000 7fc4fa000700 1 -- 172.21.15.156:0/4260980806 <== mon.0 v2:172.21.15.156:3300/0 7 ==== mon_command_ack([{prefix=config set, name=osd_memory_target_autotune}]=0 v8)=0 v8) ==== 127+0+0 (secure 0 0 0) 0x7fc4f0021270 con 0x7fc4fc1086f0
2024-03-18T14:42:43.710 INFO:teuthology.orchestra.run.smithi156.stdout:/usr/bin/ceph: stderr
2024-03-18T14:42:43.085+0000 7fc502800700 1 -- 172.21.15.156:0/4260980806 >> [v2:172.21.15.156:6800/749893859,v1:172.21.15.156:6801/749893859] conn(0x7fc4e4039070 msgr2=0x7fc4e403b530 secure :-1 s=STATE_CONNECTION_ESTABLISHED l=1).mark_down
2024-03-18T14:42:43.710 INFO:teuthology.orchestra.run.smithi156.stdout:/usr/bin/ceph: stderr
2024-03-18T14:42:43.085+0000 7fc502800700 1 --2- 172.21.15.156:0/4260980806 >> [v2:172.21.15.156:6800/749893859,v1:172.21.15.156:6801/749893859] conn(0x7fc4e4039070 0x7fc4e403b530 secure :-1 s=READY pgs=10 cs=0 l=1 rev1=1 crypto rx=0x7fc4e8006fd0 tx=0x7fc4e8006e40 comp rx=0 tx=0).stop
2024-03-18T14:42:43.710 INFO:teuthology.orchestra.run.smithi156.stdout:/usr/bin/ceph: stderr
2024-03-18T14:42:43.086+0000 7fc502800700 1 -- 172.21.15.156:0/4260980806 >> [v2:172.21.15.156:3300/0,v1:172.21.15.156:6789/0] conn(0x7fc4fc1086f0 msgr2=0x7fc4fc19de20 secure :-1 s=STATE_CONNECTION_ESTABLISHED l=1).mark_down
2024-03-18T14:42:43.710 INFO:teuthology.orchestra.run.smithi156.stdout:/usr/bin/ceph: stderr
2024-03-18T14:42:43.086+0000 7fc502800700 1 --2- 172.21.15.156:0/4260980806 >> [v2:172.21.15.156:3300/0,v1:172.21.15.156:6789/0] conn(0x7fc4fc1086f0 0x7fc4fc19de20 secure :-1 s=READY pgs=77 cs=0 l=1 rev1=1 crypto rx=0x7fc4f0000c00 tx=0x7fc4f0011c30 comp rx=0 tx=0).stop
2024-03-18T14:42:43.710 INFO:teuthology.orchestra.run.smithi156.stdout:/usr/bin/ceph: stderr
2024-03-18T14:42:43.086+0000 7fc502800700 1 -- 172.21.15.156:0/4260980806 shutdown_connections
2024-03-18T14:42:43.710 INFO:teuthology.orchestra.run.smithi156.stdout:/usr/bin/ceph: stderr
2024-03-18T14:42:43.086+0000 7fc502800700 1 --2- 172.21.15.156:0/4260980806 >> [v2:172.21.15.156:6800/749893859,v1:172.21.15.156:6801/749893859] conn(0x7fc4e4039070 0x7fc4e403b530 unknown :-1 s=CLOSED pgs=10 cs=0 l=1 rev1=1 crypto rx=0 tx=0 comp rx=0 tx=0).stop
2024-03-18T14:42:43.710 INFO:teuthology.orchestra.run.smithi156.stdout:/usr/bin/ceph: stderr
2024-03-18T14:42:43.086+0000 7fc502800700 1 --2- 172.21.15.156:0/4260980806 >> [v2:172.21.15.156:3300/0,v1:172.21.15.156:6789/0] conn(0x7fc4fc1086f0 0x7fc4fc19de20 unknown :-1 s=CLOSED pgs=77 cs=0 l=1 rev1=1 crypto rx=0 tx=0 comp rx=0 tx=0).stop
2024-03-18T14:42:43.710 INFO:teuthology.orchestra.run.smithi156.stdout:/usr/bin/ceph: stderr
2024-03-18T14:42:43.086+0000 7fc502800700 1 -- 172.21.15.156:0/4260980806 >> 172.21.15.156:0/4260980806 conn(0x7fc4fc102140 msgr2=0x7fc4fc102b80 unknown :-1 s=STATE_NONE l=0).mark_down
2024-03-18T14:42:43.711 INFO:teuthology.orchestra.run.smithi156.stdout:/usr/bin/ceph: stderr
2024-03-18T14:42:43.086+0000 7fc502800700 1 -- 172.21.15.156:0/4260980806 shutdown_connections
2024-03-18T14:42:43.711 INFO:teuthology.orchestra.run.smithi156.stdout:/usr/bin/ceph: stderr
2024-03-18T14:42:43.086+0000 7fc502800700 1 -- 172.21.15.156:0/4260980806 wait complete.
2024-03-18T14:42:45.383 INFO:teuthology.orchestra.run.smithi156.stdout:/usr/bin/ceph: stderr
2024-03-18T14:42:44.299+0000 7fbcb4c00700 1 Processor -- start
2024-03-18T14:42:45.383 INFO:teuthology.orchestra.run.smithi156.stdout:/usr/bin/ceph: stderr
2024-03-18T14:42:44.299+0000 7fbcb4c00700 1 -- start start
2024-03-18T14:42:45.383 INFO:teuthology.orchestra.run.smithi156.stdout:/usr/bin/ceph: stderr
2024-03-18T14:42:44.300+0000 7fbcb4c00700 1 --2- >> [v2:172.21.15.156:3300/0,v1:172.21.15.156:6789/0] conn(0x7fbcb010a020 0x7fbcb010a440 unknown :-1 s=NONE pgs=0 cs=0 l=0 rev1=0 crypto rx=0 tx=0 comp rx=0 tx=0).connect
2024-03-18T14:42:45.383 INFO:teuthology.orchestra.run.smithi156.stdout:/usr/bin/ceph: stderr
2024-03-18T14:42:44.300+0000 7fbcb4c00700 1 -- --> [v2:172.21.15.156:3300/0,v1:172.21.15.156:6789/0] -- mon_getmap magic: 0 -- 0x7fbcb010aa10 con 0x7fbcb010a020
2024-03-18T14:42:45.383 INFO:teuthology.orchestra.run.smithi156.stdout:/usr/bin/ceph: stderr
2024-03-18T14:42:44.300+0000 7fbcade00700 1 --2- >> [v2:172.21.15.156:3300/0,v1:172.21.15.156:6789/0] conn(0x7fbcb010a020 0x7fbcb010a440 unknown :-1 s=BANNER_CONNECTING pgs=0 cs=0 l=0 rev1=0 crypto rx=0 tx=0 comp rx=0 tx=0)._handle_peer_banner_payload supported=3 required=0
2024-03-18T14:42:45.384 INFO:teuthology.orchestra.run.smithi156.stdout:/usr/bin/ceph: stderr
2024-03-18T14:42:44.300+0000 7fbcade00700 1 --2- >> [v2:172.21.15.156:3300/0,v1:172.21.15.156:6789/0] conn(0x7fbcb010a020 0x7fbcb010a440 unknown :-1 s=HELLO_CONNECTING pgs=0 cs=0 l=0 rev1=1 crypto rx=0 tx=0 comp rx=0 tx=0).handle_hello peer v2:172.21.15.156:3300/0 says I am v2:172.21.15.156:56218/0 (socket says 172.21.15.156:56218)
2024-03-18T14:42:45.384 INFO:teuthology.orchestra.run.smithi156.stdout:/usr/bin/ceph: stderr
2024-03-18T14:42:44.300+0000 7fbcade00700 1 -- 172.21.15.156:0/4195447095 learned_addr learned my addr 172.21.15.156:0/4195447095 (peer_addr_for_me v2:172.21.15.156:0/0)
2024-03-18T14:42:45.384 INFO:teuthology.orchestra.run.smithi156.stdout:/usr/bin/ceph: stderr
2024-03-18T14:42:44.301+0000 7fbcade00700 1 -- 172.21.15.156:0/4195447095 --> [v2:172.21.15.156:3300/0,v1:172.21.15.156:6789/0] -- mon_subscribe({config=0+,monmap=0+}) -- 0x7fbcb010b1d0 con 0x7fbcb010a020
2024-03-18T14:42:45.387 INFO:teuthology.orchestra.run.smithi156.stdout:/usr/bin/ceph: stderr
2024-03-18T14:42:44.301+0000 7fbcade00700 1 --2- 172.21.15.156:0/4195447095 >> [v2:172.21.15.156:3300/0,v1:172.21.15.156:6789/0] conn(0x7fbcb010a020 0x7fbcb010a440 secure :-1 s=READY pgs=78 cs=0 l=1 rev1=1 crypto rx=0x7fbca00098a0 tx=0x7fbca0009bb0 comp rx=0 tx=0).ready entity=mon.0 client_cookie=fdf647f67007c764 server_cookie=0 in_seq=0 out_seq=0
2024-03-18T14:42:45.387 INFO:teuthology.orchestra.run.smithi156.stdout:/usr/bin/ceph: stderr
2024-03-18T14:42:44.301+0000 7fbcaca00700 1 -- 172.21.15.156:0/4195447095 <== mon.0 v2:172.21.15.156:3300/0 1 ==== mon_map magic: 0 ==== 205+0+0 (secure 0 0 0) 0x7fbca0004160 con 0x7fbcb010a020
2024-03-18T14:42:45.387 INFO:teuthology.orchestra.run.smithi156.stdout:/usr/bin/ceph: stderr
2024-03-18T14:42:44.301+0000 7fbcaca00700 1 -- 172.21.15.156:0/4195447095 <== mon.0 v2:172.21.15.156:3300/0 2 ==== config(28 keys) ==== 1174+0+0 (secure 0 0 0) 0x7fbca0004300 con 0x7fbcb010a020
2024-03-18T14:42:45.388 INFO:teuthology.orchestra.run.smithi156.stdout:/usr/bin/ceph: stderr
2024-03-18T14:42:44.301+0000 7fbcaca00700 1 -- 172.21.15.156:0/4195447095 <== mon.0 v2:172.21.15.156:3300/0 3 ==== mon_map magic: 0 ==== 205+0+0 (secure 0 0 0) 0x7fbca0011bb0 con 0x7fbcb010a020
2024-03-18T14:42:45.388 INFO:teuthology.orchestra.run.smithi156.stdout:/usr/bin/ceph: stderr
2024-03-18T14:42:44.302+0000 7fbcb4c00700 1 -- 172.21.15.156:0/4195447095 >> [v2:172.21.15.156:3300/0,v1:172.21.15.156:6789/0] conn(0x7fbcb010a020 msgr2=0x7fbcb010a440 secure :-1 s=STATE_CONNECTION_ESTABLISHED l=1).mark_down
2024-03-18T14:42:45.388 INFO:teuthology.orchestra.run.smithi156.stdout:/usr/bin/ceph: stderr
2024-03-18T14:42:44.302+0000 7fbcb4c00700 1 --2- 172.21.15.156:0/4195447095 >> [v2:172.21.15.156:3300/0,v1:172.21.15.156:6789/0] conn(0x7fbcb010a020 0x7fbcb010a440 secure :-1 s=READY pgs=78 cs=0 l=1 rev1=1 crypto rx=0x7fbca00098a0 tx=0x7fbca0009bb0 comp rx=0 tx=0).stop
2024-03-18T14:42:45.388 INFO:teuthology.orchestra.run.smithi156.stdout:/usr/bin/ceph: stderr
2024-03-18T14:42:44.302+0000 7fbcb4c00700 1 -- 172.21.15.156:0/4195447095 shutdown_connections
2024-03-18T14:42:45.388 INFO:teuthology.orchestra.run.smithi156.stdout:/usr/bin/ceph: stderr
2024-03-18T14:42:44.302+0000 7fbcb4c00700 1 --2- 172.21.15.156:0/4195447095 >> [v2:172.21.15.156:3300/0,v1:172.21.15.156:6789/0] conn(0x7fbcb010a020 0x7fbcb010a440 unknown :-1 s=CLOSED pgs=78 cs=0 l=1 rev1=1 crypto rx=0 tx=0 comp rx=0 tx=0).stop
