2024-03-18T14:42:22.546+0000 7fa0be200700 1 -- 172.21.15.156:0/975547869 >> [v2:172.21.15.156:3300/0,v1:172.21.15.156:6789/0] conn(0x7fa0b807de30 msgr2=0x7fa0b807c2e0 secure :-1 s=STATE_CONNECTION_ESTABLISHED l=1).mark_down
2024-03-18T14:42:23.527 INFO:teuthology.orchestra.run.smithi156.stdout:/usr/bin/ceph: stderr
2024-03-18T14:42:22.546+0000 7fa0be200700 1 --2- 172.21.15.156:0/975547869 >> [v2:172.21.15.156:3300/0,v1:172.21.15.156:6789/0] conn(0x7fa0b807de30 0x7fa0b807c2e0 secure :-1 s=READY pgs=53 cs=0 l=1 rev1=1 crypto rx=0x7fa0a80098a0 tx=0x7fa0a8009bb0 comp rx=0 tx=0).stop
2024-03-18T14:42:23.527 INFO:teuthology.orchestra.run.smithi156.stdout:/usr/bin/ceph: stderr
2024-03-18T14:42:22.546+0000 7fa0be200700 1 -- 172.21.15.156:0/975547869 shutdown_connections
2024-03-18T14:42:23.527 INFO:teuthology.orchestra.run.smithi156.stdout:/usr/bin/ceph: stderr
2024-03-18T14:42:22.546+0000 7fa0be200700 1 --2- 172.21.15.156:0/975547869 >> [v2:172.21.15.156:3300/0,v1:172.21.15.156:6789/0] conn(0x7fa0b807de30 0x7fa0b807c2e0 unknown :-1 s=CLOSED pgs=53 cs=0 l=1 rev1=1 crypto rx=0 tx=0 comp rx=0 tx=0).stop
2024-03-18T14:42:23.527 INFO:teuthology.orchestra.run.smithi156.stdout:/usr/bin/ceph: stderr
2024-03-18T14:42:22.546+0000 7fa0be200700 1 -- 172.21.15.156:0/975547869 >> 172.21.15.156:0/975547869 conn(0x7fa0b81033c0 msgr2=0x7fa0b81057e0 unknown :-1 s=STATE_NONE l=0).mark_down
2024-03-18T14:42:23.527 INFO:teuthology.orchestra.run.smithi156.stdout:/usr/bin/ceph: stderr
2024-03-18T14:42:22.546+0000 7fa0be200700 1 -- 172.21.15.156:0/975547869 shutdown_connections
2024-03-18T14:42:23.527 INFO:teuthology.orchestra.run.smithi156.stdout:/usr/bin/ceph: stderr
2024-03-18T14:42:22.546+0000 7fa0be200700 1 -- 172.21.15.156:0/975547869 wait complete.
2024-03-18T14:42:23.529 INFO:teuthology.orchestra.run.smithi156.stdout:/usr/bin/ceph: stderr
2024-03-18T14:42:22.547+0000 7fa0be200700 1 Processor -- start
2024-03-18T14:42:23.529 INFO:teuthology.orchestra.run.smithi156.stdout:/usr/bin/ceph: stderr
2024-03-18T14:42:22.547+0000 7fa0be200700 1 -- start start
2024-03-18T14:42:23.529 INFO:teuthology.orchestra.run.smithi156.stdout:/usr/bin/ceph: stderr
2024-03-18T14:42:22.548+0000 7fa0be200700 1 --2- >> [v2:172.21.15.156:3300/0,v1:172.21.15.156:6789/0] conn(0x7fa0b807de30 0x7fa0b819dfd0 unknown :-1 s=NONE pgs=0 cs=0 l=1 rev1=0 crypto rx=0 tx=0 comp rx=0 tx=0).connect
2024-03-18T14:42:23.530 INFO:teuthology.orchestra.run.smithi156.stdout:/usr/bin/ceph: stderr
2024-03-18T14:42:22.548+0000 7fa0be200700 1 -- --> [v2:172.21.15.156:3300/0,v1:172.21.15.156:6789/0] -- mon_getmap magic: 0 -- 0x7fa0b810e460 con 0x7fa0b807de30
2024-03-18T14:42:23.530 INFO:teuthology.orchestra.run.smithi156.stdout:/usr/bin/ceph: stderr
2024-03-18T14:42:22.548+0000 7fa0b7400700 1 --2- >> [v2:172.21.15.156:3300/0,v1:172.21.15.156:6789/0] conn(0x7fa0b807de30 0x7fa0b819dfd0 unknown :-1 s=BANNER_CONNECTING pgs=0 cs=0 l=1 rev1=0 crypto rx=0 tx=0 comp rx=0 tx=0)._handle_peer_banner_payload supported=3 required=0
2024-03-18T14:42:23.530 INFO:teuthology.orchestra.run.smithi156.stdout:/usr/bin/ceph: stderr
2024-03-18T14:42:22.548+0000 7fa0b7400700 1 --2- >> [v2:172.21.15.156:3300/0,v1:172.21.15.156:6789/0] conn(0x7fa0b807de30 0x7fa0b819dfd0 unknown :-1 s=HELLO_CONNECTING pgs=0 cs=0 l=1 rev1=1 crypto rx=0 tx=0 comp rx=0 tx=0).handle_hello peer v2:172.21.15.156:3300/0 says I am v2:172.21.15.156:41838/0 (socket says 172.21.15.156:41838)
2024-03-18T14:42:23.530 INFO:teuthology.orchestra.run.smithi156.stdout:/usr/bin/ceph: stderr
2024-03-18T14:42:22.548+0000 7fa0b7400700 1 -- 172.21.15.156:0/1300531360 learned_addr learned my addr 172.21.15.156:0/1300531360 (peer_addr_for_me v2:172.21.15.156:0/0)
2024-03-18T14:42:23.530 INFO:teuthology.orchestra.run.smithi156.stdout:/usr/bin/ceph: stderr
2024-03-18T14:42:22.548+0000 7fa0b7400700 1 -- 172.21.15.156:0/1300531360 --> [v2:172.21.15.156:3300/0,v1:172.21.15.156:6789/0] -- mon_subscribe({config=0+,monmap=0+}) -- 0x7fa0b819e510 con 0x7fa0b807de30
2024-03-18T14:42:23.530 INFO:teuthology.orchestra.run.smithi156.stdout:/usr/bin/ceph: stderr
2024-03-18T14:42:22.549+0000 7fa0b7400700 1 --2- 172.21.15.156:0/1300531360 >> [v2:172.21.15.156:3300/0,v1:172.21.15.156:6789/0] conn(0x7fa0b807de30 0x7fa0b819dfd0 secure :-1 s=READY pgs=54 cs=0 l=1 rev1=1 crypto rx=0x7fa0a8000c00 tx=0x7fa0a8011ca0 comp rx=0 tx=0).ready entity=mon.0 client_cookie=0 server_cookie=0 in_seq=0 out_seq=0
2024-03-18T14:42:23.530 INFO:teuthology.orchestra.run.smithi156.stdout:/usr/bin/ceph: stderr
2024-03-18T14:42:22.549+0000 7fa0afe00700 1 -- 172.21.15.156:0/1300531360 <== mon.0 v2:172.21.15.156:3300/0 1 ==== mon_map magic: 0 ==== 205+0+0 (secure 0 0 0) 0x7fa0a8011e60 con 0x7fa0b807de30
2024-03-18T14:42:23.530 INFO:teuthology.orchestra.run.smithi156.stdout:/usr/bin/ceph: stderr
2024-03-18T14:42:22.549+0000 7fa0afe00700 1 -- 172.21.15.156:0/1300531360 <== mon.0 v2:172.21.15.156:3300/0 2 ==== config(28 keys) ==== 1174+0+0 (secure 0 0 0) 0x7fa0a8003b20 con 0x7fa0b807de30
2024-03-18T14:42:23.530 INFO:teuthology.orchestra.run.smithi156.stdout:/usr/bin/ceph: stderr
2024-03-18T14:42:22.549+0000 7fa0be200700 1 -- 172.21.15.156:0/1300531360 --> [v2:172.21.15.156:3300/0,v1:172.21.15.156:6789/0] -- mon_subscribe({mgrmap=0+}) -- 0x7fa0b819e7a0 con 0x7fa0b807de30
2024-03-18T14:42:23.530 INFO:teuthology.orchestra.run.smithi156.stdout:/usr/bin/ceph: stderr
2024-03-18T14:42:22.549+0000 7fa0afe00700 1 -- 172.21.15.156:0/1300531360 <== mon.0 v2:172.21.15.156:3300/0 3 ==== mon_map magic: 0 ==== 205+0+0 (secure 0 0 0) 0x7fa0a80247a0 con 0x7fa0b807de30
2024-03-18T14:42:23.530 INFO:teuthology.orchestra.run.smithi156.stdout:/usr/bin/ceph: stderr
2024-03-18T14:42:22.549+0000 7fa0be200700 1 -- 172.21.15.156:0/1300531360 --> [v2:172.21.15.156:3300/0,v1:172.21.15.156:6789/0] -- mon_subscribe({osdmap=0}) -- 0x7fa0b819ec00 con 0x7fa0b807de30
2024-03-18T14:42:23.530 INFO:teuthology.orchestra.run.smithi156.stdout:/usr/bin/ceph: stderr
2024-03-18T14:42:22.550+0000 7fa0be200700 1 -- 172.21.15.156:0/1300531360 --> [v2:172.21.15.156:3300/0,v1:172.21.15.156:6789/0] -- mon_command({"prefix": "get_command_descriptions"} v 0) -- 0x7fa0b8063900 con 0x7fa0b807de30
2024-03-18T14:42:23.530 INFO:teuthology.orchestra.run.smithi156.stdout:/usr/bin/ceph: stderr
2024-03-18T14:42:22.551+0000 7fa0afe00700 1 -- 172.21.15.156:0/1300531360 <== mon.0 v2:172.21.15.156:3300/0 4 ==== mgrmap(e 8) ==== 46106+0+0 (secure 0 0 0) 0x7fa0a8022020 con 0x7fa0b807de30
2024-03-18T14:42:23.530 INFO:teuthology.orchestra.run.smithi156.stdout:/usr/bin/ceph: stderr
2024-03-18T14:42:22.551+0000 7fa0afe00700 1 --2- 172.21.15.156:0/1300531360 >> [v2:172.21.15.156:6800/986176102,v1:172.21.15.156:6801/986176102] conn(0x7fa09c038f20 0x7fa09c03b3e0 unknown :-1 s=NONE pgs=0 cs=0 l=1 rev1=0 crypto rx=0 tx=0 comp rx=0 tx=0).connect
2024-03-18T14:42:23.532 INFO:teuthology.orchestra.run.smithi156.stdout:/usr/bin/ceph: stderr
2024-03-18T14:42:22.551+0000 7fa0afe00700 1 -- 172.21.15.156:0/1300531360 <== mon.0 v2:172.21.15.156:3300/0 5 ==== osd_map(2..2 src has 1..2) ==== 940+0+0 (secure 0 0 0) 0x7fa0a804cde0 con 0x7fa0b807de30
2024-03-18T14:42:23.532 INFO:teuthology.orchestra.run.smithi156.stdout:/usr/bin/ceph: stderr
2024-03-18T14:42:22.551+0000 7fa0b6a00700 1 --2- 172.21.15.156:0/1300531360 >> [v2:172.21.15.156:6800/986176102,v1:172.21.15.156:6801/986176102] conn(0x7fa09c038f20 0x7fa09c03b3e0 unknown :-1 s=BANNER_CONNECTING pgs=0 cs=0 l=1 rev1=0 crypto rx=0 tx=0 comp rx=0 tx=0)._handle_peer_banner_payload supported=3 required=0
2024-03-18T14:42:23.532 INFO:teuthology.orchestra.run.smithi156.stdout:/usr/bin/ceph: stderr
2024-03-18T14:42:22.552+0000 7fa0b6a00700 1 --2- 172.21.15.156:0/1300531360 >> [v2:172.21.15.156:6800/986176102,v1:172.21.15.156:6801/986176102] conn(0x7fa09c038f20 0x7fa09c03b3e0 secure :-1 s=READY pgs=15 cs=0 l=1 rev1=1 crypto rx=0x7fa0a4006fd0 tx=0x7fa0a4006e40 comp rx=0 tx=0).ready entity=mgr.14120 client_cookie=0 server_cookie=0 in_seq=0 out_seq=0
2024-03-18T14:42:23.533 INFO:teuthology.orchestra.run.smithi156.stdout:/usr/bin/ceph: stderr
2024-03-18T14:42:22.556+0000 7fa0afe00700 1 -- 172.21.15.156:0/1300531360 <== mon.0 v2:172.21.15.156:3300/0 6 ==== mon_command_ack([{"prefix": "get_command_descriptions"}]=0 v0) ==== 72+0+186149 (secure 0 0 0) 0x7fa0a8016260 con 0x7fa0b807de30
2024-03-18T14:42:23.533 INFO:teuthology.orchestra.run.smithi156.stdout:/usr/bin/ceph: stderr
2024-03-18T14:42:22.779+0000 7fa0be200700 1 -- 172.21.15.156:0/1300531360 --> [v2:172.21.15.156:3300/0,v1:172.21.15.156:6789/0] -- mon_command([{prefix=config set, name=mgr/dashboard/ssl_server_port}] v 0) -- 0x7fa0b81a1580 con 0x7fa0b807de30
2024-03-18T14:42:23.533 INFO:teuthology.orchestra.run.smithi156.stdout:/usr/bin/ceph: stderr
2024-03-18T14:42:22.783+0000 7fa0afe00700 1 -- 172.21.15.156:0/1300531360 <== mon.0 v2:172.21.15.156:3300/0 7 ==== mon_command_ack([{prefix=config set, name=mgr/dashboard/ssl_server_port}]=0 v8)=0 v8) ==== 130+0+0 (secure 0 0 0) 0x7fa0a801a430 con 0x7fa0b807de30
2024-03-18T14:42:23.533 INFO:teuthology.orchestra.run.smithi156.stdout:/usr/bin/ceph: stderr
2024-03-18T14:42:22.787+0000 7fa0be200700 1 -- 172.21.15.156:0/1300531360 >> [v2:172.21.15.156:6800/986176102,v1:172.21.15.156:6801/986176102] conn(0x7fa09c038f20 msgr2=0x7fa09c03b3e0 secure :-1 s=STATE_CONNECTION_ESTABLISHED l=1).mark_down
2024-03-18T14:42:23.533 INFO:teuthology.orchestra.run.smithi156.stdout:/usr/bin/ceph: stderr
2024-03-18T14:42:22.787+0000 7fa0be200700 1 --2- 172.21.15.156:0/1300531360 >> [v2:172.21.15.156:6800/986176102,v1:172.21.15.156:6801/986176102] conn(0x7fa09c038f20 0x7fa09c03b3e0 secure :-1 s=READY pgs=15 cs=0 l=1 rev1=1 crypto rx=0x7fa0a4006fd0 tx=0x7fa0a4006e40 comp rx=0 tx=0).stop
2024-03-18T14:42:23.533 INFO:teuthology.orchestra.run.smithi156.stdout:/usr/bin/ceph: stderr
2024-03-18T14:42:22.787+0000 7fa0be200700 1 -- 172.21.15.156:0/1300531360 >> [v2:172.21.15.156:3300/0,v1:172.21.15.156:6789/0] conn(0x7fa0b807de30 msgr2=0x7fa0b819dfd0 secure :-1 s=STATE_CONNECTION_ESTABLISHED l=1).mark_down
2024-03-18T14:42:23.533 INFO:teuthology.orchestra.run.smithi156.stdout:/usr/bin/ceph: stderr
2024-03-18T14:42:22.787+0000 7fa0be200700 1 --2- 172.21.15.156:0/1300531360 >> [v2:172.21.15.156:3300/0,v1:172.21.15.156:6789/0] conn(0x7fa0b807de30 0x7fa0b819dfd0 secure :-1 s=READY pgs=54 cs=0 l=1 rev1=1 crypto rx=0x7fa0a8000c00 tx=0x7fa0a8011ca0 comp rx=0 tx=0).stop
2024-03-18T14:42:23.533 INFO:teuthology.orchestra.run.smithi156.stdout:/usr/bin/ceph: stderr
2024-03-18T14:42:22.787+0000 7fa0be200700 1 -- 172.21.15.156:0/1300531360 shutdown_connections
2024-03-18T14:42:23.533 INFO:teuthology.orchestra.run.smithi156.stdout:/usr/bin/ceph: stderr
2024-03-18T14:42:22.787+0000 7fa0be200700 1 --2- 172.21.15.156:0/1300531360 >> [v2:172.21.15.156:6800/986176102,v1:172.21.15.156:6801/986176102] conn(0x7fa09c038f20 0x7fa09c03b3e0 unknown :-1 s=CLOSED pgs=15 cs=0 l=1 rev1=1 crypto rx=0 tx=0 comp rx=0 tx=0).stop
2024-03-18T14:42:23.533 INFO:teuthology.orchestra.run.smithi156.stdout:/usr/bin/ceph: stderr
2024-03-18T14:42:22.787+0000 7fa0be200700 1 --2- 172.21.15.156:0/1300531360 >> [v2:172.21.15.156:3300/0,v1:172.21.15.156:6789/0] conn(0x7fa0b807de30 0x7fa0b819dfd0 unknown :-1 s=CLOSED pgs=54 cs=0 l=1 rev1=1 crypto rx=0 tx=0 comp rx=0 tx=0).stop
2024-03-18T14:42:23.533 INFO:teuthology.orchestra.run.smithi156.stdout:/usr/bin/ceph: stderr
2024-03-18T14:42:22.787+0000 7fa0be200700 1 -- 172.21.15.156:0/1300531360 >> 172.21.15.156:0/1300531360 conn(0x7fa0b81033c0 msgr2=0x7fa0b8103ef0 unknown :-1 s=STATE_NONE l=0).mark_down
2024-03-18T14:42:23.533 INFO:teuthology.orchestra.run.smithi156.stdout:/usr/bin/ceph: stderr
2024-03-18T14:42:22.788+0000 7fa0be200700 1 -- 172.21.15.156:0/1300531360 shutdown_connections
2024-03-18T14:42:23.533 INFO:teuthology.orchestra.run.smithi156.stdout:/usr/bin/ceph: stderr
2024-03-18T14:42:22.788+0000 7fa0be200700 1 -- 172.21.15.156:0/1300531360 wait complete.
2024-03-18T14:42:23.533 INFO:teuthology.orchestra.run.smithi156.stdout:Enabling the dashboard module...
2024-03-18T14:42:25.282 INFO:journalctl@ceph.mon.a.smithi156.stdout:Mar 18 14:42:25 smithi156 ceph-mon[31855]: pgmap v5: 0 pgs: ; 0 B data, 0 B used, 0 B / 0 B avail
2024-03-18T14:42:25.282 INFO:journalctl@ceph.mon.a.smithi156.stdout:Mar 18 14:42:25 smithi156 ceph-mon[31855]: from='mgr.14120 172.21.15.156:0/648821181' entity='mgr.x'
2024-03-18T14:42:25.282 INFO:journalctl@ceph.mon.a.smithi156.stdout:Mar 18 14:42:25 smithi156 ceph-mon[31855]: from='client.? 172.21.15.156:0/1330298557' entity='client.admin' cmd=[{"prefix": "mgr module enable", "module": "dashboard"}]: dispatch
2024-03-18T14:42:25.557 INFO:journalctl@ceph.mgr.x.smithi156.stdout:Mar 18 14:42:25 smithi156 ceph-6eb7bc44-e535-11ee-95c9-87774f69a715-mgr-x[32096]: ignoring --setuser ceph since I am not root
2024-03-18T14:42:25.557 INFO:journalctl@ceph.mgr.x.smithi156.stdout:Mar 18 14:42:25 smithi156 ceph-6eb7bc44-e535-11ee-95c9-87774f69a715-mgr-x[32096]: ignoring --setgroup ceph since I am not root
2024-03-18T14:42:26.490 INFO:journalctl@ceph.mon.a.smithi156.stdout:Mar 18 14:42:26 smithi156 ceph-mon[31855]: from='client.? 172.21.15.156:0/1330298557' entity='client.admin' cmd='[{"prefix": "mgr module enable", "module": "dashboard"}]': finished
2024-03-18T14:42:26.490 INFO:journalctl@ceph.mon.a.smithi156.stdout:Mar 18 14:42:26 smithi156 ceph-mon[31855]: mgrmap e9: x(active, since 25s)
2024-03-18T14:42:26.491 INFO:journalctl@ceph.mgr.x.smithi156.stdout:Mar 18 14:42:26 smithi156 ceph-6eb7bc44-e535-11ee-95c9-87774f69a715-mgr-x[32096]:
2024-03-18T14:42:26.127+0000 7f054b7f2200 -1 mgr[py] Module osd_perf_query has missing NOTIFY_TYPES member
2024-03-18T14:42:26.491 INFO:journalctl@ceph.mgr.x.smithi156.stdout:Mar 18 14:42:26 smithi156 ceph-6eb7bc44-e535-11ee-95c9-87774f69a715-mgr-x[32096]:
2024-03-18T14:42:26.250+0000 7f054b7f2200 -1 mgr[py] Module snap_schedule has missing NOTIFY_TYPES member
2024-03-18T14:42:26.503 INFO:teuthology.orchestra.run.smithi156.stdout:/usr/bin/ceph: stderr
2024-03-18T14:42:24.138+0000 7f1f2fe00700 1 Processor -- start
2024-03-18T14:42:26.503 INFO:teuthology.orchestra.run.smithi156.stdout:/usr/bin/ceph: stderr
2024-03-18T14:42:24.139+0000 7f1f2fe00700 1 -- start start
2024-03-18T14:42:26.503 INFO:teuthology.orchestra.run.smithi156.stdout:/usr/bin/ceph: stderr
2024-03-18T14:42:24.139+0000 7f1f2fe00700 1 --2- >> [v2:172.21.15.156:3300/0,v1:172.21.15.156:6789/0] conn(0x7f1f281066a0 0x7f1f28106ac0 unknown :-1 s=NONE pgs=0 cs=0 l=0 rev1=0 crypto rx=0 tx=0 comp rx=0 tx=0).connect
2024-03-18T14:42:26.503 INFO:teuthology.orchestra.run.smithi156.stdout:/usr/bin/ceph: stderr
2024-03-18T14:42:24.139+0000 7f1f2fe00700 1 -- --> [v2:172.21.15.156:3300/0,v1:172.21.15.156:6789/0] -- mon_getmap magic: 0 -- 0x7f1f2807be10 con 0x7f1f281066a0
2024-03-18T14:42:26.504 INFO:teuthology.orchestra.run.smithi156.stdout:/usr/bin/ceph: stderr
2024-03-18T14:42:24.139+0000 7f1f2d400700 1 --2- >> [v2:172.21.15.156:3300/0,v1:172.21.15.156:6789/0] conn(0x7f1f281066a0 0x7f1f28106ac0 unknown :-1 s=BANNER_CONNECTING pgs=0 cs=0 l=0 rev1=0 crypto rx=0 tx=0 comp rx=0 tx=0)._handle_peer_banner_payload supported=3 required=0
2024-03-18T14:42:26.504 INFO:teuthology.orchestra.run.smithi156.stdout:/usr/bin/ceph: stderr
2024-03-18T14:42:24.140+0000 7f1f2d400700 1 --2- >> [v2:172.21.15.156:3300/0,v1:172.21.15.156:6789/0] conn(0x7f1f281066a0 0x7f1f28106ac0 unknown :-1 s=HELLO_CONNECTING pgs=0 cs=0 l=0 rev1=1 crypto rx=0 tx=0 comp rx=0 tx=0).handle_hello peer v2:172.21.15.156:3300/0 says I am v2:172.21.15.156:56178/0 (socket says 172.21.15.156:56178)
2024-03-18T14:42:26.504 INFO:teuthology.orchestra.run.smithi156.stdout:/usr/bin/ceph: stderr
2024-03-18T14:42:24.140+0000 7f1f2d400700 1 -- 172.21.15.156:0/215190070 learned_addr learned my addr 172.21.15.156:0/215190070 (peer_addr_for_me v2:172.21.15.156:0/0)
2024-03-18T14:42:26.504 INFO:teuthology.orchestra.run.smithi156.stdout:/usr/bin/ceph: stderr
2024-03-18T14:42:24.140+0000 7f1f2d400700 1 -- 172.21.15.156:0/215190070 --> [v2:172.21.15.156:3300/0,v1:172.21.15.156:6789/0] -- mon_subscribe({config=0+,monmap=0+}) -- 0x7f1f28107000 con 0x7f1f281066a0
2024-03-18T14:42:26.504 INFO:teuthology.orchestra.run.smithi156.stdout:/usr/bin/ceph: stderr
2024-03-18T14:42:24.140+0000 7f1f2d400700 1 --2- 172.21.15.156:0/215190070 >> [v2:172.21.15.156:3300/0,v1:172.21.15.156:6789/0] conn(0x7f1f281066a0 0x7f1f28106ac0 secure :-1 s=READY pgs=55 cs=0 l=1 rev1=1 crypto rx=0x7f1f1c0098a0 tx=0x7f1f1c009bb0 comp rx=0 tx=0).ready entity=mon.0 client_cookie=cd2bb9d32ebe12ef server_cookie=0 in_seq=0 out_seq=0
2024-03-18T14:42:26.504 INFO:teuthology.orchestra.run.smithi156.stdout:/usr/bin/ceph: stderr
2024-03-18T14:42:24.140+0000 7f1f27e00700 1 -- 172.21.15.156:0/215190070 <== mon.0 v2:172.21.15.156:3300/0 1 ==== mon_map magic: 0 ==== 205+0+0 (secure 0 0 0) 0x7f1f1c004160 con 0x7f1f281066a0
2024-03-18T14:42:26.504 INFO:teuthology.orchestra.run.smithi156.stdout:/usr/bin/ceph: stderr
2024-03-18T14:42:24.141+0000 7f1f27e00700 1 -- 172.21.15.156:0/215190070 <== mon.0 v2:172.21.15.156:3300/0 2 ==== config(28 keys) ==== 1174+0+0 (secure 0 0 0) 0x7f1f1c004300 con 0x7f1f281066a0
2024-03-18T14:42:26.504 INFO:teuthology.orchestra.run.smithi156.stdout:/usr/bin/ceph: stderr
2024-03-18T14:42:24.141+0000 7f1f27e00700 1 -- 172.21.15.156:0/215190070 <== mon.0 v2:172.21.15.156:3300/0 3 ==== mon_map magic: 0 ==== 205+0+0 (secure 0 0 0) 0x7f1f1c011bb0 con 0x7f1f281066a0
2024-03-18T14:42:26.504 INFO:teuthology.orchestra.run.smithi156.stdout:/usr/bin/ceph: stderr
2024-03-18T14:42:24.141+0000 7f1f2fe00700 1 -- 172.21.15.156:0/215190070 >> [v2:172.21.15.156:3300/0,v1:172.21.15.156:6789/0] conn(0x7f1f281066a0 msgr2=0x7f1f28106ac0 secure :-1 s=STATE_CONNECTION_ESTABLISHED l=1).mark_down
2024-03-18T14:42:26.504 INFO:teuthology.orchestra.run.smithi156.stdout:/usr/bin/ceph: stderr
2024-03-18T14:42:24.141+0000 7f1f2fe00700 1 --2- 172.21.15.156:0/215190070 >> [v2:172.21.15.156:3300/0,v1:172.21.15.156:6789/0] conn(0x7f1f281066a0 0x7f1f28106ac0 secure :-1 s=READY pgs=55 cs=0 l=1 rev1=1 crypto rx=0x7f1f1c0098a0 tx=0x7f1f1c009bb0 comp rx=0 tx=0).stop
2024-03-18T14:42:26.504 INFO:teuthology.orchestra.run.smithi156.stdout:/usr/bin/ceph: stderr
2024-03-18T14:42:24.141+0000 7f1f2fe00700 1 -- 172.21.15.156:0/215190070 shutdown_connections
2024-03-18T14:42:26.504 INFO:teuthology.orchestra.run.smithi156.stdout:/usr/bin/ceph: stderr
2024-03-18T14:42:24.141+0000 7f1f2fe00700 1 --2- 172.21.15.156:0/215190070 >> [v2:172.21.15.156:3300/0,v1:172.21.15.156:6789/0] conn(0x7f1f281066a0 0x7f1f28106ac0 unknown :-1 s=CLOSED pgs=55 cs=0 l=1 rev1=1 crypto rx=0 tx=0 comp rx=0 tx=0).stop
2024-03-18T14:42:26.504 INFO:teuthology.orchestra.run.smithi156.stdout:/usr/bin/ceph: stderr
2024-03-18T14:42:24.141+0000 7f1f2fe00700 1 -- 172.21.15.156:0/215190070 >> 172.21.15.156:0/215190070 conn(0x7f1f28102260 msgr2=0x7f1f281046a0 unknown :-1 s=STATE_NONE l=0).mark_down
2024-03-18T14:42:26.504 INFO:teuthology.orchestra.run.smithi156.stdout:/usr/bin/ceph: stderr
2024-03-18T14:42:24.142+0000 7f1f2fe00700 1 -- 172.21.15.156:0/215190070 shutdown_connections
2024-03-18T14:42:26.504 INFO:teuthology.orchestra.run.smithi156.stdout:/usr/bin/ceph: stderr
2024-03-18T14:42:24.142+0000 7f1f2fe00700 1 -- 172.21.15.156:0/215190070 wait complete.
2024-03-18T14:42:26.505 INFO:teuthology.orchestra.run.smithi156.stdout:/usr/bin/ceph: stderr
2024-03-18T14:42:24.143+0000 7f1f2fe00700 1 Processor -- start
2024-03-18T14:42:26.505 INFO:teuthology.orchestra.run.smithi156.stdout:/usr/bin/ceph: stderr
2024-03-18T14:42:24.143+0000 7f1f2fe00700 1 -- start start
2024-03-18T14:42:26.505 INFO:teuthology.orchestra.run.smithi156.stdout:/usr/bin/ceph: stderr
2024-03-18T14:42:24.143+0000 7f1f2fe00700 1 --2- >> [v2:172.21.15.156:3300/0,v1:172.21.15.156:6789/0] conn(0x7f1f281066a0 0x7f1f2819dfc0 unknown :-1 s=NONE pgs=0 cs=0 l=1 rev1=0 crypto rx=0 tx=0 comp rx=0 tx=0).connect
2024-03-18T14:42:26.505 INFO:teuthology.orchestra.run.smithi156.stdout:/usr/bin/ceph: stderr
2024-03-18T14:42:24.143+0000 7f1f2fe00700 1 -- --> [v2:172.21.15.156:3300/0,v1:172.21.15.156:6789/0] -- mon_getmap magic: 0 -- 0x7f1f28108130 con 0x7f1f281066a0
2024-03-18T14:42:26.505 INFO:teuthology.orchestra.run.smithi156.stdout:/usr/bin/ceph: stderr
2024-03-18T14:42:24.143+0000 7f1f2d400700 1 --2- >> [v2:172.21.15.156:3300/0,v1:172.21.15.156:6789/0] conn(0x7f1f281066a0 0x7f1f2819dfc0 unknown :-1 s=BANNER_CONNECTING pgs=0 cs=0 l=1 rev1=0 crypto rx=0 tx=0 comp rx=0 tx=0)._handle_peer_banner_payload supported=3 required=0
2024-03-18T14:42:26.505 INFO:teuthology.orchestra.run.smithi156.stdout:/usr/bin/ceph: stderr
2024-03-18T14:42:24.143+0000 7f1f2d400700 1 --2- >> [v2:172.21.15.156:3300/0,v1:172.21.15.156:6789/0] conn(0x7f1f281066a0 0x7f1f2819dfc0 unknown :-1 s=HELLO_CONNECTING pgs=0 cs=0 l=1 rev1=1 crypto rx=0 tx=0 comp rx=0 tx=0).handle_hello peer v2:172.21.15.156:3300/0 says I am v2:172.21.15.156:56186/0 (socket says 172.21.15.156:56186)
2024-03-18T14:42:26.505 INFO:teuthology.orchestra.run.smithi156.stdout:/usr/bin/ceph: stderr
2024-03-18T14:42:24.143+0000 7f1f2d400700 1 -- 172.21.15.156:0/1330298557 learned_addr learned my addr 172.21.15.156:0/1330298557 (peer_addr_for_me v2:172.21.15.156:0/0)
2024-03-18T14:42:26.505 INFO:teuthology.orchestra.run.smithi156.stdout:/usr/bin/ceph: stderr
2024-03-18T14:42:24.144+0000 7f1f2d400700 1 -- 172.21.15.156:0/1330298557 --> [v2:172.21.15.156:3300/0,v1:172.21.15.156:6789/0] -- mon_subscribe({config=0+,monmap=0+}) -- 0x7f1f2819e500 con 0x7f1f281066a0
2024-03-18T14:42:26.505 INFO:teuthology.orchestra.run.smithi156.stdout:/usr/bin/ceph: stderr
2024-03-18T14:42:24.144+0000 7f1f2d400700 1 --2- 172.21.15.156:0/1330298557 >> [v2:172.21.15.156:3300/0,v1:172.21.15.156:6789/0] conn(0x7f1f281066a0 0x7f1f2819dfc0 secure :-1 s=READY pgs=56 cs=0 l=1 rev1=1 crypto rx=0x7f1f1c011690 tx=0x7f1f1c011ca0 comp rx=0 tx=0).ready entity=mon.0 client_cookie=0 server_cookie=0 in_seq=0 out_seq=0
2024-03-18T14:42:26.505 INFO:teuthology.orchestra.run.smithi156.stdout:/usr/bin/ceph: stderr
2024-03-18T14:42:24.144+0000 7f1f26000700 1 -- 172.21.15.156:0/1330298557 <== mon.0 v2:172.21.15.156:3300/0 1 ==== mon_map magic: 0 ==== 205+0+0 (secure 0 0 0) 0x7f1f1c003930 con 0x7f1f281066a0
2024-03-18T14:42:26.505 INFO:teuthology.orchestra.run.smithi156.stdout:/usr/bin/ceph: stderr
2024-03-18T14:42:24.144+0000 7f1f2fe00700 1 -- 172.21.15.156:0/1330298557 --> [v2:172.21.15.156:3300/0,v1:172.21.15.156:6789/0] -- mon_subscribe({mgrmap=0+}) -- 0x7f1f2819e790 con 0x7f1f281066a0
2024-03-18T14:42:26.505 INFO:teuthology.orchestra.run.smithi156.stdout:/usr/bin/ceph: stderr
2024-03-18T14:42:24.144+0000 7f1f26000700 1 -- 172.21.15.156:0/1330298557 <== mon.0 v2:172.21.15.156:3300/0 2 ==== config(28 keys) ==== 1174+0+0 (secure 0 0 0) 0x7f1f1c003ad0 con 0x7f1f281066a0
2024-03-18T14:42:26.505 INFO:teuthology.orchestra.run.smithi156.stdout:/usr/bin/ceph: stderr
2024-03-18T14:42:24.145+0000 7f1f2fe00700 1 -- 172.21.15.156:0/1330298557 --> [v2:172.21.15.156:3300/0,v1:172.21.15.156:6789/0] -- mon_subscribe({osdmap=0}) -- 0x7f1f2819ebf0 con 0x7f1f281066a0
2024-03-18T14:42:26.505 INFO:teuthology.orchestra.run.smithi156.stdout:/usr/bin/ceph: stderr
2024-03-18T14:42:24.145+0000 7f1f26000700 1 -- 172.21.15.156:0/1330298557 <== mon.0 v2:172.21.15.156:3300/0 3 ==== mon_map magic: 0 ==== 205+0+0 (secure 0 0 0) 0x7f1f1c0197a0 con 0x7f1f281066a0
2024-03-18T14:42:26.505 INFO:teuthology.orchestra.run.smithi156.stdout:/usr/bin/ceph: stderr
2024-03-18T14:42:24.146+0000 7f1f26000700 1 -- 172.21.15.156:0/1330298557 <== mon.0 v2:172.21.15.156:3300/0 4 ==== mgrmap(e 8) ==== 46106+0+0 (secure 0 0 0) 0x7f1f1c019940 con 0x7f1f281066a0
2024-03-18T14:42:26.506 INFO:teuthology.orchestra.run.smithi156.stdout:/usr/bin/ceph: stderr
2024-03-18T14:42:24.146+0000 7f1f2fe00700 1 -- 172.21.15.156:0/1330298557 --> [v2:172.21.15.156:3300/0,v1:172.21.15.156:6789/0] -- mon_command({"prefix": "get_command_descriptions"} v 0) -- 0x7f1f28063900 con 0x7f1f281066a0
2024-03-18T14:42:26.506 INFO:teuthology.orchestra.run.smithi156.stdout:/usr/bin/ceph: stderr
2024-03-18T14:42:24.146+0000 7f1f26000700 1 --2- 172.21.15.156:0/1330298557 >> [v2:172.21.15.156:6800/986176102,v1:172.21.15.156:6801/986176102] conn(0x7f1f10038ed0 0x7f1f1003b390 unknown :-1 s=NONE pgs=0 cs=0 l=1 rev1=0 crypto rx=0 tx=0 comp rx=0 tx=0).connect
2024-03-18T14:42:26.506 INFO:teuthology.orchestra.run.smithi156.stdout:/usr/bin/ceph: stderr
2024-03-18T14:42:24.146+0000 7f1f26000700 1 -- 172.21.15.156:0/1330298557 <== mon.0 v2:172.21.15.156:3300/0 5 ==== osd_map(2..2 src has 1..2) ==== 940+0+0 (secure 0 0 0) 0x7f1f1c04d430 con 0x7f1f281066a0
2024-03-18T14:42:26.506 INFO:teuthology.orchestra.run.smithi156.stdout:/usr/bin/ceph: stderr
2024-03-18T14:42:24.147+0000 7f1f2ca00700 1 --2- 172.21.15.156:0/1330298557 >> [v2:172.21.15.156:6800/986176102,v1:172.21.15.156:6801/986176102] conn(0x7f1f10038ed0 0x7f1f1003b390 unknown :-1 s=BANNER_CONNECTING pgs=0 cs=0 l=1 rev1=0 crypto rx=0 tx=0 comp rx=0 tx=0)._handle_peer_banner_payload supported=3 required=0
2024-03-18T14:42:26.506 INFO:teuthology.orchestra.run.smithi156.stdout:/usr/bin/ceph: stderr
2024-03-18T14:42:24.147+0000 7f1f2ca00700 1 --2- 172.21.15.156:0/1330298557 >> [v2:172.21.15.156:6800/986176102,v1:172.21.15.156:6801/986176102] conn(0x7f1f10038ed0 0x7f1f1003b390 secure :-1 s=READY pgs=16 cs=0 l=1 rev1=1 crypto rx=0x7f1f18006fd0 tx=0x7f1f18006e40 comp rx=0 tx=0).ready entity=mgr.14120 client_cookie=0 server_cookie=0 in_seq=0 out_seq=0
2024-03-18T14:42:26.506 INFO:teuthology.orchestra.run.smithi156.stdout:/usr/bin/ceph: stderr
2024-03-18T14:42:24.152+0000 7f1f26000700 1 -- 172.21.15.156:0/1330298557 <== mon.0 v2:172.21.15.156:3300/0 6 ==== mon_command_ack([{"prefix": "get_command_descriptions"}]=0 v0) ==== 72+0+186149 (secure 0 0 0) 0x7f1f1c00b3e0 con 0x7f1f281066a0
2024-03-18T14:42:26.506 INFO:teuthology.orchestra.run.smithi156.stdout:/usr/bin/ceph: stderr
2024-03-18T14:42:24.440+0000 7f1f2fe00700 1 -- 172.21.15.156:0/1330298557 --> [v2:172.21.15.156:3300/0,v1:172.21.15.156:6789/0] -- mon_command({"prefix": "mgr module enable", "module": "dashboard"} v 0) -- 0x7f1f28062ee0 con 0x7f1f281066a0
2024-03-18T14:42:26.506 INFO:teuthology.orchestra.run.smithi156.stdout:/usr/bin/ceph: stderr
2024-03-18T14:42:25.300+0000 7f1f26000700 1 -- 172.21.15.156:0/1330298557 <== mon.0 v2:172.21.15.156:3300/0 7 ==== mon_command_ack([{"prefix": "mgr module enable", "module": "dashboard"}]=0 v9) ==== 88+0+0 (secure 0 0 0) 0x7f1f1c02cc10 con 0x7f1f281066a0
2024-03-18T14:42:26.506 INFO:teuthology.orchestra.run.smithi156.stdout:/usr/bin/ceph: stderr
2024-03-18T14:42:25.303+0000 7f1f26000700 1 -- 172.21.15.156:0/1330298557 <== mon.0 v2:172.21.15.156:3300/0 8 ==== mgrmap(e 9) ==== 46119+0+0 (secure 0 0 0) 0x7f1f1c02d910 con 0x7f1f281066a0
2024-03-18T14:42:26.506 INFO:teuthology.orchestra.run.smithi156.stdout:/usr/bin/ceph: stderr
2024-03-18T14:42:25.305+0000 7f1f2fe00700 1 -- 172.21.15.156:0/1330298557 >> [v2:172.21.15.156:6800/986176102,v1:172.21.15.156:6801/986176102] conn(0x7f1f10038ed0 msgr2=0x7f1f1003b390 secure :-1 s=STATE_CONNECTION_ESTABLISHED l=1).mark_down
2024-03-18T14:42:26.506 INFO:teuthology.orchestra.run.smithi156.stdout:/usr/bin/ceph: stderr
2024-03-18T14:42:25.305+0000 7f1f2fe00700 1 --2- 172.21.15.156:0/1330298557 >> [v2:172.21.15.156:6800/986176102,v1:172.21.15.156:6801/986176102] conn(0x7f1f10038ed0 0x7f1f1003b390 secure :-1 s=READY pgs=16 cs=0 l=1 rev1=1 crypto rx=0x7f1f18006fd0 tx=0x7f1f18006e40 comp rx=0 tx=0).stop
2024-03-18T14:42:26.506 INFO:teuthology.orchestra.run.smithi156.stdout:/usr/bin/ceph: stderr
2024-03-18T14:42:25.305+0000 7f1f2fe00700 1 -- 172.21.15.156:0/1330298557 >> [v2:172.21.15.156:3300/0,v1:172.21.15.156:6789/0] conn(0x7f1f281066a0 msgr2=0x7f1f2819dfc0 secure :-1 s=STATE_CONNECTION_ESTABLISHED l=1).mark_down
2024-03-18T14:42:26.506 INFO:teuthology.orchestra.run.smithi156.stdout:/usr/bin/ceph: stderr
2024-03-18T14:42:25.305+0000 7f1f2fe00700 1 --2- 172.21.15.156:0/1330298557 >> [v2:172.21.15.156:3300/0,v1:172.21.15.156:6789/0] conn(0x7f1f281066a0 0x7f1f2819dfc0 secure :-1 s=READY pgs=56 cs=0 l=1 rev1=1 crypto rx=0x7f1f1c011690 tx=0x7f1f1c011ca0 comp rx=0 tx=0).stop
2024-03-18T14:42:26.506 INFO:teuthology.orchestra.run.smithi156.stdout:/usr/bin/ceph: stderr
2024-03-18T14:42:25.306+0000 7f1f2fe00700 1 -- 172.21.15.156:0/1330298557 shutdown_connections
2024-03-18T14:42:26.507 INFO:teuthology.orchestra.run.smithi156.stdout:/usr/bin/ceph: stderr
2024-03-18T14:42:25.306+0000 7f1f2fe00700 1 --2- 172.21.15.156:0/1330298557 >> [v2:172.21.15.156:6800/986176102,v1:172.21.15.156:6801/986176102] conn(0x7f1f10038ed0 0x7f1f1003b390 unknown :-1 s=CLOSED pgs=16 cs=0 l=1 rev1=1 crypto rx=0 tx=0 comp rx=0 tx=0).stop
2024-03-18T14:42:26.507 INFO:teuthology.orchestra.run.smithi156.stdout:/usr/bin/ceph: stderr
2024-03-18T14:42:25.306+0000 7f1f2fe00700 1 --2- 172.21.15.156:0/1330298557 >> [v2:172.21.15.156:3300/0,v1:172.21.15.156:6789/0] conn(0x7f1f281066a0 0x7f1f2819dfc0 secure :-1 s=CLOSED pgs=56 cs=0 l=1 rev1=1 crypto rx=0x7f1f1c011690 tx=0x7f1f1c011ca0 comp rx=0 tx=0).stop
2024-03-18T14:42:26.507 INFO:teuthology.orchestra.run.smithi156.stdout:/usr/bin/ceph: stderr
2024-03-18T14:42:25.306+0000 7f1f2fe00700 1 -- 172.21.15.156:0/1330298557 >> 172.21.15.156:0/1330298557 conn(0x7f1f28102260 msgr2=0x7f1f28194c50 unknown :-1 s=STATE_NONE l=0).mark_down
2024-03-18T14:42:26.507 INFO:teuthology.orchestra.run.smithi156.stdout:/usr/bin/ceph: stderr
2024-03-18T14:42:25.306+0000 7f1f2fe00700 1 -- 172.21.15.156:0/1330298557 shutdown_connections
2024-03-18T14:42:26.507 INFO:teuthology.orchestra.run.smithi156.stdout:/usr/bin/ceph: stderr
2024-03-18T14:42:25.306+0000 7f1f2fe00700 1 -- 172.21.15.156:0/1330298557 wait complete.
2024-03-18T14:42:27.181 INFO:journalctl@ceph.mgr.x.smithi156.stdout:Mar 18 14:42:27 smithi156 ceph-6eb7bc44-e535-11ee-95c9-87774f69a715-mgr-x[32096]:
2024-03-18T14:42:27.054+0000 7f054b7f2200 -1 mgr[py] Module zabbix has missing NOTIFY_TYPES member
2024-03-18T14:42:27.182 INFO:journalctl@ceph.mgr.x.smithi156.stdout:Mar 18 14:42:27 smithi156 ceph-6eb7bc44-e535-11ee-95c9-87774f69a715-mgr-x[32096]:
2024-03-18T14:42:27.178+0000 7f054b7f2200 -1 mgr[py] Module balancer has missing NOTIFY_TYPES member
2024-03-18T14:42:27.487 INFO:journalctl@ceph.mgr.x.smithi156.stdout:Mar 18 14:42:27 smithi156 ceph-6eb7bc44-e535-11ee-95c9-87774f69a715-mgr-x[32096]:
2024-03-18T14:42:27.369+0000 7f054b7f2200 -1 mgr[py] Module influx has missing NOTIFY_TYPES member
2024-03-18T14:42:27.744 INFO:journalctl@ceph.mgr.x.smithi156.stdout:Mar 18 14:42:27 smithi156 ceph-6eb7bc44-e535-11ee-95c9-87774f69a715-mgr-x[32096]:
2024-03-18T14:42:27.498+0000 7f054b7f2200 -1 mgr[py] Module alerts has missing NOTIFY_TYPES member
2024-03-18T14:42:27.744 INFO:journalctl@ceph.mgr.x.smithi156.stdout:Mar 18 14:42:27 smithi156 ceph-6eb7bc44-e535-11ee-95c9-87774f69a715-mgr-x[32096]:
2024-03-18T14:42:27.611+0000 7f054b7f2200 -1 mgr[py] Module iostat has missing NOTIFY_TYPES member
2024-03-18T14:42:28.057 INFO:journalctl@ceph.mon.a.smithi156.stdout:Mar 18 14:42:27 smithi156 ceph-mon[31855]: from='client.? 172.21.15.156:0/4253156924' entity='client.admin' cmd=[{"prefix": "mgr stat"}]: dispatch
2024-03-18T14:42:28.057 INFO:journalctl@ceph.mgr.x.smithi156.stdout:Mar 18 14:42:27 smithi156 ceph-6eb7bc44-e535-11ee-95c9-87774f69a715-mgr-x[32096]:
2024-03-18T14:42:27.960+0000 7f054b7f2200 -1 mgr[py] Module rgw has missing NOTIFY_TYPES member
2024-03-18T14:42:28.524 INFO:journalctl@ceph.mgr.x.smithi156.stdout:Mar 18 14:42:28 smithi156 ceph-6eb7bc44-e535-11ee-95c9-87774f69a715-mgr-x[32096]:
2024-03-18T14:42:28.103+0000 7f054b7f2200 -1 mgr[py] Module rbd_support has missing NOTIFY_TYPES member
2024-03-18T14:42:28.524 INFO:journalctl@ceph.mgr.x.smithi156.stdout:Mar 18 14:42:28 smithi156 ceph-6eb7bc44-e535-11ee-95c9-87774f69a715-mgr-x[32096]:
2024-03-18T14:42:28.218+0000 7f054b7f2200 -1 mgr[py] Module progress has missing NOTIFY_TYPES member
2024-03-18T14:42:28.524 INFO:journalctl@ceph.mgr.x.smithi156.stdout:Mar 18 14:42:28 smithi156 ceph-6eb7bc44-e535-11ee-95c9-87774f69a715-mgr-x[32096]:
2024-03-18T14:42:28.342+0000 7f054b7f2200 -1 mgr[py] Module pg_autoscaler has missing NOTIFY_TYPES member
2024-03-18T14:42:28.539 INFO:teuthology.orchestra.run.smithi156.stdout:/usr/bin/ceph: stdout {
2024-03-18T14:42:28.539 INFO:teuthology.orchestra.run.smithi156.stdout:/usr/bin/ceph: stdout "epoch": 9,
2024-03-18T14:42:28.539 INFO:teuthology.orchestra.run.smithi156.stdout:/usr/bin/ceph: stdout "available": true,
2024-03-18T14:42:28.539 INFO:teuthology.orchestra.run.smithi156.stdout:/usr/bin/ceph: stdout "active_name": "x",
2024-03-18T14:42:28.539 INFO:teuthology.orchestra.run.smithi156.stdout:/usr/bin/ceph: stdout "num_standby": 0
2024-03-18T14:42:28.539 INFO:teuthology.orchestra.run.smithi156.stdout:/usr/bin/ceph: stdout }
2024-03-18T14:42:28.539 INFO:teuthology.orchestra.run.smithi156.stdout:/usr/bin/ceph: stderr
2024-03-18T14:42:27.532+0000 7f223f200700 1 Processor -- start
2024-03-18T14:42:28.539 INFO:teuthology.orchestra.run.smithi156.stdout:/usr/bin/ceph: stderr
2024-03-18T14:42:27.532+0000 7f223f200700 1 -- start start
2024-03-18T14:42:28.539 INFO:teuthology.orchestra.run.smithi156.stdout:/usr/bin/ceph: stderr
2024-03-18T14:42:27.533+0000 7f223f200700 1 --2- >> [v2:172.21.15.156:3300/0,v1:172.21.15.156:6789/0] conn(0x7f2238107e00 0x7f2238108220 unknown :-1 s=NONE pgs=0 cs=0 l=0 rev1=0 crypto rx=0 tx=0 comp rx=0 tx=0).connect
2024-03-18T14:42:28.539 INFO:teuthology.orchestra.run.smithi156.stdout:/usr/bin/ceph: stderr
2024-03-18T14:42:27.533+0000 7f223f200700 1 -- --> [v2:172.21.15.156:3300/0,v1:172.21.15.156:6789/0] -- mon_getmap magic: 0 -- 0x7f22381087f0 con 0x7f2238107e00
2024-03-18T14:42:28.539 INFO:teuthology.orchestra.run.smithi156.stdout:/usr/bin/ceph: stderr
2024-03-18T14:42:27.533+0000 7f2237e00700 1 --2- >> [v2:172.21.15.156:3300/0,v1:172.21.15.156:6789/0] conn(0x7f2238107e00 0x7f2238108220 unknown :-1 s=BANNER_CONNECTING pgs=0 cs=0 l=0 rev1=0 crypto rx=0 tx=0 comp rx=0 tx=0)._handle_peer_banner_payload supported=3 required=0
2024-03-18T14:42:28.540 INFO:teuthology.orchestra.run.smithi156.stdout:/usr/bin/ceph: stderr
2024-03-18T14:42:27.533+0000 7f2237e00700 1 --2- >> [v2:172.21.15.156:3300/0,v1:172.21.15.156:6789/0] conn(0x7f2238107e00 0x7f2238108220 unknown :-1 s=HELLO_CONNECTING pgs=0 cs=0 l=0 rev1=1 crypto rx=0 tx=0 comp rx=0 tx=0).handle_hello peer v2:172.21.15.156:3300/0 says I am v2:172.21.15.156:56212/0 (socket says 172.21.15.156:56212)
2024-03-18T14:42:28.540 INFO:teuthology.orchestra.run.smithi156.stdout:/usr/bin/ceph: stderr
2024-03-18T14:42:27.533+0000 7f2237e00700 1 -- 172.21.15.156:0/663270346 learned_addr learned my addr 172.21.15.156:0/663270346 (peer_addr_for_me v2:172.21.15.156:0/0)
2024-03-18T14:42:28.540 INFO:teuthology.orchestra.run.smithi156.stdout:/usr/bin/ceph: stderr
2024-03-18T14:42:27.534+0000 7f2237e00700 1 -- 172.21.15.156:0/663270346 --> [v2:172.21.15.156:3300/0,v1:172.21.15.156:6789/0] -- mon_subscribe({config=0+,monmap=0+}) -- 0x7f2238108fb0 con 0x7f2238107e00
2024-03-18T14:42:28.540 INFO:teuthology.orchestra.run.smithi156.stdout:/usr/bin/ceph: stderr
2024-03-18T14:42:27.534+0000 7f2237e00700 1 --2- 172.21.15.156:0/663270346 >> [v2:172.21.15.156:3300/0,v1:172.21.15.156:6789/0] conn(0x7f2238107e00 0x7f2238108220 secure :-1 s=READY pgs=59 cs=0 l=1 rev1=1 crypto rx=0x7f22280098a0 tx=0x7f2228009bb0 comp rx=0 tx=0).ready entity=mon.0 client_cookie=fc549fabbe2f00af server_cookie=0 in_seq=0 out_seq=0
2024-03-18T14:42:28.540 INFO:teuthology.orchestra.run.smithi156.stdout:/usr/bin/ceph: stderr
2024-03-18T14:42:27.534+0000 7f2236a00700 1 -- 172.21.15.156:0/663270346 <== mon.0 v2:172.21.15.156:3300/0 1 ==== mon_map magic: 0 ==== 205+0+0 (secure 0 0 0) 0x7f2228004160 con 0x7f2238107e00
2024-03-18T14:42:28.540 INFO:teuthology.orchestra.run.smithi156.stdout:/usr/bin/ceph: stderr
2024-03-18T14:42:27.535+0000 7f2236a00700 1 -- 172.21.15.156:0/663270346 <== mon.0 v2:172.21.15.156:3300/0 2 ==== config(28 keys) ==== 1174+0+0 (secure 0 0 0) 0x7f2228004300 con 0x7f2238107e00
2024-03-18T14:42:28.540 INFO:teuthology.orchestra.run.smithi156.stdout:/usr/bin/ceph: stderr
2024-03-18T14:42:27.535+0000 7f2236a00700 1 -- 172.21.15.156:0/663270346 <== mon.0 v2:172.21.15.156:3300/0 3 ==== mon_map magic: 0 ==== 205+0+0 (secure 0 0 0) 0x7f2228011bb0 con 0x7f2238107e00
2024-03-18T14:42:28.540 INFO:teuthology.orchestra.run.smithi156.stdout:/usr/bin/ceph: stderr
2024-03-18T14:42:27.535+0000 7f223f200700 1 -- 172.21.15.156:0/663270346 >> [v2:172.21.15.156:3300/0,v1:172.21.15.156:6789/0] conn(0x7f2238107e00 msgr2=0x7f2238108220 secure :-1 s=STATE_CONNECTION_ESTABLISHED l=1).mark_down
2024-03-18T14:42:28.540 INFO:teuthology.orchestra.run.smithi156.stdout:/usr/bin/ceph: stderr
2024-03-18T14:42:27.535+0000 7f223f200700 1 --2- 172.21.15.156:0/663270346 >> [v2:172.21.15.156:3300/0,v1:172.21.15.156:6789/0] conn(0x7f2238107e00 0x7f2238108220 secure :-1 s=READY pgs=59 cs=0 l=1 rev1=1 crypto rx=0x7f22280098a0 tx=0x7f2228009bb0 comp rx=0 tx=0).stop
2024-03-18T14:42:28.540 INFO:teuthology.orchestra.run.smithi156.stdout:/usr/bin/ceph: stderr
2024-03-18T14:42:27.535+0000 7f223f200700 1 -- 172.21.15.156:0/663270346 shutdown_connections
2024-03-18T14:42:28.540 INFO:teuthology.orchestra.run.smithi156.stdout:/usr/bin/ceph: stderr
2024-03-18T14:42:27.535+0000 7f223f200700 1 --2- 172.21.15.156:0/663270346 >> [v2:172.21.15.156:3300/0,v1:172.21.15.156:6789/0] conn(0x7f2238107e00 0x7f2238108220 unknown :-1 s=CLOSED pgs=59 cs=0 l=1 rev1=1 crypto rx=0 tx=0 comp rx=0 tx=0).stop
2024-03-18T14:42:28.540 INFO:teuthology.orchestra.run.smithi156.stdout:/usr/bin/ceph: stderr
2024-03-18T14:42:27.535+0000 7f223f200700 1 -- 172.21.15.156:0/663270346 >> 172.21.15.156:0/663270346 conn(0x7f22381033a0 msgr2=0x7f22381057e0 unknown :-1 s=STATE_NONE l=0).mark_down
2024-03-18T14:42:28.540 INFO:teuthology.orchestra.run.smithi156.stdout:/usr/bin/ceph: stderr
2024-03-18T14:42:27.536+0000 7f223f200700 1 -- 172.21.15.156:0/663270346 shutdown_connections
2024-03-18T14:42:28.540 INFO:teuthology.orchestra.run.smithi156.stdout:/usr/bin/ceph: stderr
2024-03-18T14:42:27.536+0000 7f223f200700 1 -- 172.21.15.156:0/663270346 wait complete.
2024-03-18T14:42:28.540 INFO:teuthology.orchestra.run.smithi156.stdout:/usr/bin/ceph: stderr
2024-03-18T14:42:27.537+0000 7f223f200700 1 Processor -- start
2024-03-18T14:42:28.541 INFO:teuthology.orchestra.run.smithi156.stdout:/usr/bin/ceph: stderr
2024-03-18T14:42:27.537+0000 7f223f200700 1 -- start start
2024-03-18T14:42:28.541 INFO:teuthology.orchestra.run.smithi156.stdout:/usr/bin/ceph: stderr
2024-03-18T14:42:27.537+0000 7f223f200700 1 --2- >> [v2:172.21.15.156:3300/0,v1:172.21.15.156:6789/0] conn(0x7f2238107e00 0x7f223807db50 unknown :-1 s=NONE pgs=0 cs=0 l=1 rev1=0 crypto rx=0 tx=0 comp rx=0 tx=0).connect
2024-03-18T14:42:28.541 INFO:teuthology.orchestra.run.smithi156.stdout:/usr/bin/ceph: stderr
2024-03-18T14:42:27.537+0000 7f223f200700 1 -- --> [v2:172.21.15.156:3300/0,v1:172.21.15.156:6789/0] -- mon_getmap magic: 0 -- 0x7f223810c360 con 0x7f2238107e00
2024-03-18T14:42:28.541 INFO:teuthology.orchestra.run.smithi156.stdout:/usr/bin/ceph: stderr
2024-03-18T14:42:27.537+0000 7f2237e00700 1 --2- >> [v2:172.21.15.156:3300/0,v1:172.21.15.156:6789/0] conn(0x7f2238107e00 0x7f223807db50 unknown :-1 s=BANNER_CONNECTING pgs=0 cs=0 l=1 rev1=0 crypto rx=0 tx=0 comp rx=0 tx=0)._handle_peer_banner_payload supported=3 required=0
2024-03-18T14:42:28.541 INFO:teuthology.orchestra.run.smithi156.stdout:/usr/bin/ceph: stderr
2024-03-18T14:42:27.537+0000 7f2237e00700 1 --2- >> [v2:172.21.15.156:3300/0,v1:172.21.15.156:6789/0] conn(0x7f2238107e00 0x7f223807db50 unknown :-1 s=HELLO_CONNECTING pgs=0 cs=0 l=1 rev1=1 crypto rx=0 tx=0 comp rx=0 tx=0).handle_hello peer v2:172.21.15.156:3300/0 says I am v2:172.21.15.156:56222/0 (socket says 172.21.15.156:56222)
2024-03-18T14:42:28.541 INFO:teuthology.orchestra.run.smithi156.stdout:/usr/bin/ceph: stderr
2024-03-18T14:42:27.537+0000 7f2237e00700 1 -- 172.21.15.156:0/4253156924 learned_addr learned my addr 172.21.15.156:0/4253156924 (peer_addr_for_me v2:172.21.15.156:0/0)
2024-03-18T14:42:28.541 INFO:teuthology.orchestra.run.smithi156.stdout:/usr/bin/ceph: stderr
2024-03-18T14:42:27.538+0000 7f2237e00700 1 -- 172.21.15.156:0/4253156924 --> [v2:172.21.15.156:3300/0,v1:172.21.15.156:6789/0] -- mon_subscribe({config=0+,monmap=0+}) -- 0x7f223807e090 con 0x7f2238107e00
2024-03-18T14:42:28.541 INFO:teuthology.orchestra.run.smithi156.stdout:/usr/bin/ceph: stderr
2024-03-18T14:42:27.538+0000 7f2237e00700 1 --2- 172.21.15.156:0/4253156924 >> [v2:172.21.15.156:3300/0,v1:172.21.15.156:6789/0] conn(0x7f2238107e00 0x7f223807db50 secure :-1 s=READY pgs=60 cs=0 l=1 rev1=1 crypto rx=0x7f2228011690 tx=0x7f2228011c30 comp rx=0 tx=0).ready entity=mon.0 client_cookie=0 server_cookie=0 in_seq=0 out_seq=0
2024-03-18T14:42:28.541 INFO:teuthology.orchestra.run.smithi156.stdout:/usr/bin/ceph: stderr
2024-03-18T14:42:27.538+0000 7f2234c00700 1 -- 172.21.15.156:0/4253156924 <== mon.0 v2:172.21.15.156:3300/0 1 ==== mon_map magic: 0 ==== 205+0+0 (secure 0 0 0) 0x7f22280039c0 con 0x7f2238107e00
2024-03-18T14:42:28.541 INFO:teuthology.orchestra.run.smithi156.stdout:/usr/bin/ceph: stderr
2024-03-18T14:42:27.538+0000 7f2234c00700 1 -- 172.21.15.156:0/4253156924 <== mon.0 v2:172.21.15.156:3300/0 2 ==== config(28 keys) ==== 1174+0+0 (secure 0 0 0) 0x7f2228003b60 con 0x7f2238107e00
2024-03-18T14:42:28.541 INFO:teuthology.orchestra.run.smithi156.stdout:/usr/bin/ceph: stderr
2024-03-18T14:42:27.538+0000 7f223f200700 1 -- 172.21.15.156:0/4253156924 --> [v2:172.21.15.156:3300/0,v1:172.21.15.156:6789/0] -- mon_subscribe({mgrmap=0+}) -- 0x7f223807c280 con 0x7f2238107e00
2024-03-18T14:42:28.541 INFO:teuthology.orchestra.run.smithi156.stdout:/usr/bin/ceph: stderr
2024-03-18T14:42:27.538+0000 7f2234c00700 1 -- 172.21.15.156:0/4253156924 <== mon.0 v2:172.21.15.156:3300/0 3 ==== mon_map magic: 0 ==== 205+0+0 (secure 0 0 0) 0x7f22280197d0 con 0x7f2238107e00
2024-03-18T14:42:28.541 INFO:teuthology.orchestra.run.smithi156.stdout:/usr/bin/ceph: stderr
2024-03-18T14:42:27.538+0000 7f223f200700 1 -- 172.21.15.156:0/4253156924 --> [v2:172.21.15.156:3300/0,v1:172.21.15.156:6789/0] -- mon_subscribe({osdmap=0}) -- 0x7f223807c740 con 0x7f2238107e00
2024-03-18T14:42:28.541 INFO:teuthology.orchestra.run.smithi156.stdout:/usr/bin/ceph: stderr
2024-03-18T14:42:27.539+0000 7f223f200700 1 -- 172.21.15.156:0/4253156924 --> [v2:172.21.15.156:3300/0,v1:172.21.15.156:6789/0] -- mon_command({"prefix": "get_command_descriptions"} v 0) -- 0x7f223810c4e0 con 0x7f2238107e00
2024-03-18T14:42:28.541 INFO:teuthology.orchestra.run.smithi156.stdout:/usr/bin/ceph: stderr
2024-03-18T14:42:27.540+0000 7f2234c00700 1 -- 172.21.15.156:0/4253156924 <== mon.0 v2:172.21.15.156:3300/0 4 ==== mgrmap(e 9) ==== 46119+0+0 (secure 0 0 0) 0x7f222801abe0 con 0x7f2238107e00
2024-03-18T14:42:28.541 INFO:teuthology.orchestra.run.smithi156.stdout:/usr/bin/ceph: stderr
2024-03-18T14:42:27.540+0000 7f2234c00700 1 --2- 172.21.15.156:0/4253156924 >> [v2:172.21.15.156:6800/986176102,v1:172.21.15.156:6801/986176102] conn(0x7f221c038f20 0x7f221c03b3e0 unknown :-1 s=NONE pgs=0 cs=0 l=1 rev1=0 crypto rx=0 tx=0 comp rx=0 tx=0).connect
2024-03-18T14:42:28.542 INFO:teuthology.orchestra.run.smithi156.stdout:/usr/bin/ceph: stderr
2024-03-18T14:42:27.540+0000 7f2234c00700 1 -- 172.21.15.156:0/4253156924 <== mon.0 v2:172.21.15.156:3300/0 5 ==== osd_map(2..2 src has 1..2) ==== 940+0+0 (secure 0 0 0) 0x7f222804d500 con 0x7f2238107e00
2024-03-18T14:42:28.542 INFO:teuthology.orchestra.run.smithi156.stdout:/usr/bin/ceph: stderr
2024-03-18T14:42:27.540+0000 7f2237400700 1 -- 172.21.15.156:0/4253156924 >> [v2:172.21.15.156:6800/986176102,v1:172.21.15.156:6801/986176102] conn(0x7f221c038f20 msgr2=0x7f221c03b3e0 unknown :-1 s=STATE_CONNECTING_RE l=1).process reconnect failed to v2:172.21.15.156:6800/986176102
2024-03-18T14:42:28.542 INFO:teuthology.orchestra.run.smithi156.stdout:/usr/bin/ceph: stderr
2024-03-18T14:42:27.540+0000 7f2237400700 1 --2- 172.21.15.156:0/4253156924 >> [v2:172.21.15.156:6800/986176102,v1:172.21.15.156:6801/986176102] conn(0x7f221c038f20 0x7f221c03b3e0 unknown :-1 s=START_CONNECT pgs=0 cs=0 l=1 rev1=0 crypto rx=0 tx=0 comp rx=0 tx=0)._fault waiting 0.200000
2024-03-18T14:42:28.542 INFO:teuthology.orchestra.run.smithi156.stdout:/usr/bin/ceph: stderr
2024-03-18T14:42:27.545+0000 7f2234c00700 1 -- 172.21.15.156:0/4253156924 <== mon.0 v2:172.21.15.156:3300/0 6 ==== mon_command_ack([{"prefix": "get_command_descriptions"}]=0 v0) ==== 72+0+186149 (secure 0 0 0) 0x7f222800b3e0 con 0x7f2238107e00
2024-03-18T14:42:28.542 INFO:teuthology.orchestra.run.smithi156.stdout:/usr/bin/ceph: stderr
2024-03-18T14:42:27.741+0000 7f2237400700 1 -- 172.21.15.156:0/4253156924 >> [v2:172.21.15.156:6800/986176102,v1:172.21.15.156:6801/986176102] conn(0x7f221c038f20 msgr2=0x7f221c03b3e0 unknown :-1 s=STATE_CONNECTING_RE l=1).process reconnect failed to v2:172.21.15.156:6800/986176102
2024-03-18T14:42:28.542 INFO:teuthology.orchestra.run.smithi156.stdout:/usr/bin/ceph: stderr
2024-03-18T14:42:27.741+0000 7f2237400700 1 --2- 172.21.15.156:0/4253156924 >> [v2:172.21.15.156:6800/986176102,v1:172.21.15.156:6801/986176102] conn(0x7f221c038f20 0x7f221c03b3e0 unknown :-1 s=START_CONNECT pgs=0 cs=0 l=1 rev1=0 crypto rx=0 tx=0 comp rx=0 tx=0)._fault waiting 0.400000
2024-03-18T14:42:28.542 INFO:teuthology.orchestra.run.smithi156.stdout:/usr/bin/ceph: stderr
2024-03-18T14:42:27.824+0000 7f223f200700 1 -- 172.21.15.156:0/4253156924 --> [v2:172.21.15.156:3300/0,v1:172.21.15.156:6789/0] -- mon_command({"prefix": "mgr stat"} v 0) -- 0x7f223807cdf0 con 0x7f2238107e00
2024-03-18T14:42:28.542 INFO:teuthology.orchestra.run.smithi156.stdout:/usr/bin/ceph: stderr
2024-03-18T14:42:27.824+0000 7f2234c00700 1 -- 172.21.15.156:0/4253156924 <== mon.0 v2:172.21.15.156:3300/0 7 ==== mon_command_ack([{"prefix": "mgr stat"}]=0 v9) ==== 56+0+88 (secure 0 0 0) 0x7f222804cdd0 con 0x7f2238107e00
2024-03-18T14:42:28.542 INFO:teuthology.orchestra.run.smithi156.stdout:/usr/bin/ceph: stderr
2024-03-18T14:42:27.827+0000 7f223f200700 1 -- 172.21.15.156:0/4253156924 >> [v2:172.21.15.156:6800/986176102,v1:172.21.15.156:6801/986176102] conn(0x7f221c038f20 msgr2=0x7f221c03b3e0 unknown :-1 s=STATE_CONNECTING l=1).mark_down
2024-03-18T14:42:28.542 INFO:teuthology.orchestra.run.smithi156.stdout:/usr/bin/ceph: stderr
2024-03-18T14:42:27.827+0000 7f223f200700 1 --2- 172.21.15.156:0/4253156924 >> [v2:172.21.15.156:6800/986176102,v1:172.21.15.156:6801/986176102] conn(0x7f221c038f20 0x7f221c03b3e0 unknown :-1 s=START_CONNECT pgs=0 cs=0 l=1 rev1=0 crypto rx=0 tx=0 comp rx=0 tx=0).stop
2024-03-18T14:42:28.542 INFO:teuthology.orchestra.run.smithi156.stdout:/usr/bin/ceph: stderr
2024-03-18T14:42:27.827+0000 7f223f200700 1 -- 172.21.15.156:0/4253156924 >> [v2:172.21.15.156:3300/0,v1:172.21.15.156:6789/0] conn(0x7f2238107e00 msgr2=0x7f223807db50 secure :-1 s=STATE_CONNECTION_ESTABLISHED l=1).mark_down
2024-03-18T14:42:28.542 INFO:teuthology.orchestra.run.smithi156.stdout:/usr/bin/ceph: stderr
2024-03-18T14:42:27.827+0000 7f223f200700 1 --2- 172.21.15.156:0/4253156924 >> [v2:172.21.15.156:3300/0,v1:172.21.15.156:6789/0] conn(0x7f2238107e00 0x7f223807db50 secure :-1 s=READY pgs=60 cs=0 l=1 rev1=1 crypto rx=0x7f2228011690 tx=0x7f2228011c30 comp rx=0 tx=0).stop
2024-03-18T14:42:28.542 INFO:teuthology.orchestra.run.smithi156.stdout:/usr/bin/ceph: stderr
2024-03-18T14:42:27.827+0000 7f223f200700 1 -- 172.21.15.156:0/4253156924 shutdown_connections
2024-03-18T14:42:28.542 INFO:teuthology.orchestra.run.smithi156.stdout:/usr/bin/ceph: stderr
2024-03-18T14:42:27.827+0000 7f223f200700 1 --2- 172.21.15.156:0/4253156924 >> [v2:172.21.15.156:6800/986176102,v1:172.21.15.156:6801/986176102] conn(0x7f221c038f20 0x7f221c03b3e0 unknown :-1 s=CLOSED pgs=0 cs=0 l=1 rev1=0 crypto rx=0 tx=0 comp rx=0 tx=0).stop
2024-03-18T14:42:28.543 INFO:teuthology.orchestra.run.smithi156.stdout:/usr/bin/ceph: stderr
2024-03-18T14:42:27.827+0000 7f223f200700 1 --2- 172.21.15.156:0/4253156924 >> [v2:172.21.15.156:3300/0,v1:172.21.15.156:6789/0] conn(0x7f2238107e00 0x7f223807db50 unknown :-1 s=CLOSED pgs=60 cs=0 l=1 rev1=1 crypto rx=0 tx=0 comp rx=0 tx=0).stop
2024-03-18T14:42:28.543 INFO:teuthology.orchestra.run.smithi156.stdout:/usr/bin/ceph: stderr
2024-03-18T14:42:27.827+0000 7f223f200700 1 -- 172.21.15.156:0/4253156924 >> 172.21.15.156:0/4253156924 conn(0x7f22381033a0 msgr2=0x7f2238103f80 unknown :-1 s=STATE_NONE l=0).mark_down
2024-03-18T14:42:28.543 INFO:teuthology.orchestra.run.smithi156.stdout:/usr/bin/ceph: stderr
2024-03-18T14:42:27.827+0000 7f223f200700 1 -- 172.21.15.156:0/4253156924 shutdown_connections
2024-03-18T14:42:28.543 INFO:teuthology.orchestra.run.smithi156.stdout:/usr/bin/ceph: stderr
2024-03-18T14:42:27.827+0000 7f223f200700 1 -- 172.21.15.156:0/4253156924 wait complete.
2024-03-18T14:42:28.543 INFO:teuthology.orchestra.run.smithi156.stdout:Waiting for the mgr to restart...
2024-03-18T14:42:28.543 INFO:teuthology.orchestra.run.smithi156.stdout:Waiting for mgr epoch 9...
2024-03-18T14:42:28.793 INFO:journalctl@ceph.mgr.x.smithi156.stdout:Mar 18 14:42:28 smithi156 ceph-6eb7bc44-e535-11ee-95c9-87774f69a715-mgr-x[32096]:
2024-03-18T14:42:28.567+0000 7f054b7f2200 -1 mgr[py] Module devicehealth has missing NOTIFY_TYPES member
2024-03-18T14:42:30.057 INFO:journalctl@ceph.mgr.x.smithi156.stdout:Mar 18 14:42:29 smithi156 ceph-6eb7bc44-e535-11ee-95c9-87774f69a715-mgr-x[32096]:
2024-03-18T14:42:29.897+0000 7f054b7f2200 -1 mgr[py] Module rook has missing NOTIFY_TYPES member
2024-03-18T14:42:30.491 INFO:journalctl@ceph.mgr.x.smithi156.stdout:Mar 18 14:42:30 smithi156 ceph-6eb7bc44-e535-11ee-95c9-87774f69a715-mgr-x[32096]:
2024-03-18T14:42:30.069+0000 7f054b7f2200 -1 mgr[py] Module diskprediction_local has missing NOTIFY_TYPES member
