2024-03-18T15:07:19.958 INFO:teuthology.orchestra.run.smithi019.stdout:/usr/bin/ceph: stderr
2024-03-18T15:07:18.701+0000 7f2bfca00700 1 -- 172.21.15.19:0/3425111643 >> 172.21.15.19:0/3425111643 conn(0x7f2bf807d2d0 msgr2=0x7f2bf807d6e0 unknown :-1 s=STATE_NONE l=0).mark_down
2024-03-18T15:07:19.958 INFO:teuthology.orchestra.run.smithi019.stdout:/usr/bin/ceph: stderr
2024-03-18T15:07:18.701+0000 7f2bfca00700 1 -- 172.21.15.19:0/3425111643 shutdown_connections
2024-03-18T15:07:19.958 INFO:teuthology.orchestra.run.smithi019.stdout:/usr/bin/ceph: stderr
2024-03-18T15:07:18.701+0000 7f2bfca00700 1 -- 172.21.15.19:0/3425111643 wait complete.
2024-03-18T15:07:19.958 INFO:teuthology.orchestra.run.smithi019.stdout:/usr/bin/ceph: stderr
2024-03-18T15:07:18.702+0000 7f2bfca00700 1 Processor -- start
2024-03-18T15:07:19.958 INFO:teuthology.orchestra.run.smithi019.stdout:/usr/bin/ceph: stderr
2024-03-18T15:07:18.702+0000 7f2bfca00700 1 -- start start
2024-03-18T15:07:19.958 INFO:teuthology.orchestra.run.smithi019.stdout:/usr/bin/ceph: stderr
2024-03-18T15:07:18.703+0000 7f2bfca00700 1 --2- >> [v2:172.21.15.19:3300/0,v1:172.21.15.19:6789/0] conn(0x7f2bf810a0f0 0x7f2bf819df30 unknown :-1 s=NONE pgs=0 cs=0 l=1 rev1=0 crypto rx=0 tx=0 comp rx=0 tx=0).connect
2024-03-18T15:07:19.958 INFO:teuthology.orchestra.run.smithi019.stdout:/usr/bin/ceph: stderr
2024-03-18T15:07:18.703+0000 7f2bfca00700 1 -- --> [v2:172.21.15.19:3300/0,v1:172.21.15.19:6789/0] -- mon_getmap magic: 0 -- 0x7f2bf810e340 con 0x7f2bf810a0f0
2024-03-18T15:07:19.958 INFO:teuthology.orchestra.run.smithi019.stdout:/usr/bin/ceph: stderr
2024-03-18T15:07:18.703+0000 7f2bf5e00700 1 --2- >> [v2:172.21.15.19:3300/0,v1:172.21.15.19:6789/0] conn(0x7f2bf810a0f0 0x7f2bf819df30 unknown :-1 s=BANNER_CONNECTING pgs=0 cs=0 l=1 rev1=0 crypto rx=0 tx=0 comp rx=0 tx=0)._handle_peer_banner_payload supported=3 required=0
2024-03-18T15:07:19.959 INFO:teuthology.orchestra.run.smithi019.stdout:/usr/bin/ceph: stderr
2024-03-18T15:07:18.703+0000 7f2bf5e00700 1 --2- >> [v2:172.21.15.19:3300/0,v1:172.21.15.19:6789/0] conn(0x7f2bf810a0f0 0x7f2bf819df30 unknown :-1 s=HELLO_CONNECTING pgs=0 cs=0 l=1 rev1=1 crypto rx=0 tx=0 comp rx=0 tx=0).handle_hello peer v2:172.21.15.19:3300/0 says I am v2:172.21.15.19:42458/0 (socket says 172.21.15.19:42458)
2024-03-18T15:07:19.959 INFO:teuthology.orchestra.run.smithi019.stdout:/usr/bin/ceph: stderr
2024-03-18T15:07:18.703+0000 7f2bf5e00700 1 -- 172.21.15.19:0/1022543973 learned_addr learned my addr 172.21.15.19:0/1022543973 (peer_addr_for_me v2:172.21.15.19:0/0)
2024-03-18T15:07:19.959 INFO:teuthology.orchestra.run.smithi019.stdout:/usr/bin/ceph: stderr
2024-03-18T15:07:18.703+0000 7f2bf5e00700 1 -- 172.21.15.19:0/1022543973 --> [v2:172.21.15.19:3300/0,v1:172.21.15.19:6789/0] -- mon_subscribe({config=0+,monmap=0+}) -- 0x7f2bf819e470 con 0x7f2bf810a0f0
2024-03-18T15:07:19.959 INFO:teuthology.orchestra.run.smithi019.stdout:/usr/bin/ceph: stderr
2024-03-18T15:07:18.704+0000 7f2bf5e00700 1 --2- 172.21.15.19:0/1022543973 >> [v2:172.21.15.19:3300/0,v1:172.21.15.19:6789/0] conn(0x7f2bf810a0f0 0x7f2bf819df30 secure :-1 s=READY pgs=73 cs=0 l=1 rev1=1 crypto rx=0x7f2be800ba10 tx=0x7f2be800baf0 comp rx=0 tx=0).ready entity=mon.0 client_cookie=0 server_cookie=0 in_seq=0 out_seq=0
2024-03-18T15:07:19.959 INFO:teuthology.orchestra.run.smithi019.stdout:/usr/bin/ceph: stderr
2024-03-18T15:07:18.704+0000 7f2bef400700 1 -- 172.21.15.19:0/1022543973 <== mon.0 v2:172.21.15.19:3300/0 1 ==== mon_map magic: 0 ==== 205+0+0 (secure 0 0 0) 0x7f2be800be70 con 0x7f2bf810a0f0
2024-03-18T15:07:19.959 INFO:teuthology.orchestra.run.smithi019.stdout:/usr/bin/ceph: stderr
2024-03-18T15:07:18.704+0000 7f2bef400700 1 -- 172.21.15.19:0/1022543973 <== mon.0 v2:172.21.15.19:3300/0 2 ==== config(27 keys) ==== 1140+0+0 (secure 0 0 0) 0x7f2be801a430 con 0x7f2bf810a0f0
2024-03-18T15:07:19.959 INFO:teuthology.orchestra.run.smithi019.stdout:/usr/bin/ceph: stderr
2024-03-18T15:07:18.704+0000 7f2bef400700 1 -- 172.21.15.19:0/1022543973 <== mon.0 v2:172.21.15.19:3300/0 3 ==== mon_map magic: 0 ==== 205+0+0 (secure 0 0 0) 0x7f2be80115b0 con 0x7f2bf810a0f0
2024-03-18T15:07:19.961 INFO:teuthology.orchestra.run.smithi019.stdout:/usr/bin/ceph: stderr
2024-03-18T15:07:18.704+0000 7f2bfca00700 1 -- 172.21.15.19:0/1022543973 --> [v2:172.21.15.19:3300/0,v1:172.21.15.19:6789/0] -- mon_subscribe({mgrmap=0+}) -- 0x7f2bf819e700 con 0x7f2bf810a0f0
2024-03-18T15:07:19.961 INFO:teuthology.orchestra.run.smithi019.stdout:/usr/bin/ceph: stderr
2024-03-18T15:07:18.704+0000 7f2bfca00700 1 -- 172.21.15.19:0/1022543973 --> [v2:172.21.15.19:3300/0,v1:172.21.15.19:6789/0] -- mon_subscribe({osdmap=0}) -- 0x7f2bf81a13f0 con 0x7f2bf810a0f0
2024-03-18T15:07:19.961 INFO:teuthology.orchestra.run.smithi019.stdout:/usr/bin/ceph: stderr
2024-03-18T15:07:18.706+0000 7f2bfca00700 1 -- 172.21.15.19:0/1022543973 --> [v2:172.21.15.19:3300/0,v1:172.21.15.19:6789/0] -- mon_command({"prefix": "get_command_descriptions"} v 0) -- 0x7f2bf80693d0 con 0x7f2bf810a0f0
2024-03-18T15:07:19.962 INFO:teuthology.orchestra.run.smithi019.stdout:/usr/bin/ceph: stderr
2024-03-18T15:07:18.706+0000 7f2bef400700 1 -- 172.21.15.19:0/1022543973 <== mon.0 v2:172.21.15.19:3300/0 4 ==== mgrmap(e 12) ==== 46119+0+0 (secure 0 0 0) 0x7f2be801a5e0 con 0x7f2bf810a0f0
2024-03-18T15:07:19.962 INFO:teuthology.orchestra.run.smithi019.stdout:/usr/bin/ceph: stderr
2024-03-18T15:07:18.706+0000 7f2bef400700 1 --2- 172.21.15.19:0/1022543973 >> [v2:172.21.15.19:6800/2017714236,v1:172.21.15.19:6801/2017714236] conn(0x7f2bdc038fc0 0x7f2bdc03b480 unknown :-1 s=NONE pgs=0 cs=0 l=1 rev1=0 crypto rx=0 tx=0 comp rx=0 tx=0).connect
2024-03-18T15:07:19.962 INFO:teuthology.orchestra.run.smithi019.stdout:/usr/bin/ceph: stderr
2024-03-18T15:07:18.706+0000 7f2bef400700 1 -- 172.21.15.19:0/1022543973 <== mon.0 v2:172.21.15.19:3300/0 5 ==== osd_map(3..3 src has 1..3) ==== 1155+0+0 (secure 0 0 0) 0x7f2be804d1a0 con 0x7f2bf810a0f0
2024-03-18T15:07:19.962 INFO:teuthology.orchestra.run.smithi019.stdout:/usr/bin/ceph: stderr
2024-03-18T15:07:18.707+0000 7f2bed400700 1 --2- 172.21.15.19:0/1022543973 >> [v2:172.21.15.19:6800/2017714236,v1:172.21.15.19:6801/2017714236] conn(0x7f2bdc038fc0 0x7f2bdc03b480 unknown :-1 s=BANNER_CONNECTING pgs=0 cs=0 l=1 rev1=0 crypto rx=0 tx=0 comp rx=0 tx=0)._handle_peer_banner_payload supported=3 required=0
2024-03-18T15:07:19.962 INFO:teuthology.orchestra.run.smithi019.stdout:/usr/bin/ceph: stderr
2024-03-18T15:07:18.707+0000 7f2bed400700 1 --2- 172.21.15.19:0/1022543973 >> [v2:172.21.15.19:6800/2017714236,v1:172.21.15.19:6801/2017714236] conn(0x7f2bdc038fc0 0x7f2bdc03b480 secure :-1 s=READY pgs=8 cs=0 l=1 rev1=1 crypto rx=0x7f2be0006fd0 tx=0x7f2be0006e40 comp rx=0 tx=0).ready entity=mgr.14152 client_cookie=0 server_cookie=0 in_seq=0 out_seq=0
2024-03-18T15:07:19.962 INFO:teuthology.orchestra.run.smithi019.stdout:/usr/bin/ceph: stderr
2024-03-18T15:07:18.711+0000 7f2bef400700 1 -- 172.21.15.19:0/1022543973 <== mon.0 v2:172.21.15.19:3300/0 6 ==== mon_command_ack([{"prefix": "get_command_descriptions"}]=0 v0) ==== 72+0+186149 (secure 0 0 0) 0x7f2be8004500 con 0x7f2bf810a0f0
2024-03-18T15:07:19.962 INFO:teuthology.orchestra.run.smithi019.stdout:/usr/bin/ceph: stderr
2024-03-18T15:07:18.967+0000 7f2bfca00700 1 -- 172.21.15.19:0/1022543973 --> [v2:172.21.15.19:6800/2017714236,v1:172.21.15.19:6801/2017714236] -- mgr_command(tid 0: {"prefix": "dashboard ac-user-create", "username": "admin", "rolename": "administrator", "force_password": true, "pwd_update_required": true, "target": ["mon-mgr", ""]}) -- 0x7f2bf819ebe0 con 0x7f2bdc038fc0
2024-03-18T15:07:19.962 INFO:teuthology.orchestra.run.smithi019.stdout:/usr/bin/ceph: stderr
2024-03-18T15:07:19.229+0000 7f2bef400700 1 -- 172.21.15.19:0/1022543973 <== mgr.14152 v2:172.21.15.19:6800/2017714236 1 ==== mgr_command_reply(tid 0: 0 ) ==== 8+0+252 (secure 0 0 0) 0x7f2bf819ebe0 con 0x7f2bdc038fc0
2024-03-18T15:07:19.962 INFO:teuthology.orchestra.run.smithi019.stdout:/usr/bin/ceph: stderr
2024-03-18T15:07:19.233+0000 7f2bfca00700 1 -- 172.21.15.19:0/1022543973 >> [v2:172.21.15.19:6800/2017714236,v1:172.21.15.19:6801/2017714236] conn(0x7f2bdc038fc0 msgr2=0x7f2bdc03b480 secure :-1 s=STATE_CONNECTION_ESTABLISHED l=1).mark_down
2024-03-18T15:07:19.962 INFO:teuthology.orchestra.run.smithi019.stdout:/usr/bin/ceph: stderr
2024-03-18T15:07:19.233+0000 7f2bfca00700 1 --2- 172.21.15.19:0/1022543973 >> [v2:172.21.15.19:6800/2017714236,v1:172.21.15.19:6801/2017714236] conn(0x7f2bdc038fc0 0x7f2bdc03b480 secure :-1 s=READY pgs=8 cs=0 l=1 rev1=1 crypto rx=0x7f2be0006fd0 tx=0x7f2be0006e40 comp rx=0 tx=0).stop
2024-03-18T15:07:19.962 INFO:teuthology.orchestra.run.smithi019.stdout:/usr/bin/ceph: stderr
2024-03-18T15:07:19.233+0000 7f2bfca00700 1 -- 172.21.15.19:0/1022543973 >> [v2:172.21.15.19:3300/0,v1:172.21.15.19:6789/0] conn(0x7f2bf810a0f0 msgr2=0x7f2bf819df30 secure :-1 s=STATE_CONNECTION_ESTABLISHED l=1).mark_down
2024-03-18T15:07:19.962 INFO:teuthology.orchestra.run.smithi019.stdout:/usr/bin/ceph: stderr
2024-03-18T15:07:19.233+0000 7f2bfca00700 1 --2- 172.21.15.19:0/1022543973 >> [v2:172.21.15.19:3300/0,v1:172.21.15.19:6789/0] conn(0x7f2bf810a0f0 0x7f2bf819df30 secure :-1 s=READY pgs=73 cs=0 l=1 rev1=1 crypto rx=0x7f2be800ba10 tx=0x7f2be800baf0 comp rx=0 tx=0).stop
2024-03-18T15:07:19.963 INFO:teuthology.orchestra.run.smithi019.stdout:/usr/bin/ceph: stderr
2024-03-18T15:07:19.233+0000 7f2bfca00700 1 -- 172.21.15.19:0/1022543973 shutdown_connections
2024-03-18T15:07:19.963 INFO:teuthology.orchestra.run.smithi019.stdout:/usr/bin/ceph: stderr
2024-03-18T15:07:19.233+0000 7f2bfca00700 1 --2- 172.21.15.19:0/1022543973 >> [v2:172.21.15.19:6800/2017714236,v1:172.21.15.19:6801/2017714236] conn(0x7f2bdc038fc0 0x7f2bdc03b480 unknown :-1 s=CLOSED pgs=8 cs=0 l=1 rev1=1 crypto rx=0 tx=0 comp rx=0 tx=0).stop
2024-03-18T15:07:19.963 INFO:teuthology.orchestra.run.smithi019.stdout:/usr/bin/ceph: stderr
2024-03-18T15:07:19.233+0000 7f2bfca00700 1 --2- 172.21.15.19:0/1022543973 >> [v2:172.21.15.19:3300/0,v1:172.21.15.19:6789/0] conn(0x7f2bf810a0f0 0x7f2bf819df30 unknown :-1 s=CLOSED pgs=73 cs=0 l=1 rev1=1 crypto rx=0 tx=0 comp rx=0 tx=0).stop
2024-03-18T15:07:19.963 INFO:teuthology.orchestra.run.smithi019.stdout:/usr/bin/ceph: stderr
2024-03-18T15:07:19.233+0000 7f2bfca00700 1 -- 172.21.15.19:0/1022543973 >> 172.21.15.19:0/1022543973 conn(0x7f2bf807d2d0 msgr2=0x7f2bf8107d80 unknown :-1 s=STATE_NONE l=0).mark_down
2024-03-18T15:07:19.963 INFO:teuthology.orchestra.run.smithi019.stdout:/usr/bin/ceph: stderr
2024-03-18T15:07:19.233+0000 7f2bfca00700 1 -- 172.21.15.19:0/1022543973 shutdown_connections
2024-03-18T15:07:19.963 INFO:teuthology.orchestra.run.smithi019.stdout:/usr/bin/ceph: stderr
2024-03-18T15:07:19.233+0000 7f2bfca00700 1 -- 172.21.15.19:0/1022543973 wait complete.
2024-03-18T15:07:19.963 INFO:teuthology.orchestra.run.smithi019.stdout:Fetching dashboard port number...
2024-03-18T15:07:20.156 INFO:journalctl@ceph.mon.a.smithi019.stdout:Mar 18 15:07:19 smithi019 ceph-mon[31522]: from='mgr.14152 172.21.15.19:0/2077330457' entity='mgr.x'
2024-03-18T15:07:20.156 INFO:journalctl@ceph.mon.a.smithi019.stdout:Mar 18 15:07:19 smithi019 ceph-mon[31522]: from='client.14166 -' entity='client.admin' cmd=[{"prefix": "dashboard ac-user-create", "username": "admin", "rolename": "administrator", "force_password": true, "pwd_update_required": true, "target": ["mon-mgr", ""]}]: dispatch
2024-03-18T15:07:20.157 INFO:journalctl@ceph.mon.a.smithi019.stdout:Mar 18 15:07:19 smithi019 ceph-mon[31522]: from='mgr.14152 172.21.15.19:0/2077330457' entity='mgr.x'
2024-03-18T15:07:20.965 INFO:journalctl@ceph.mon.a.smithi019.stdout:Mar 18 15:07:20 smithi019 ceph-mon[31522]: from='client.? 172.21.15.19:0/1842135812' entity='client.admin' cmd=[{"prefix": "config get", "who": "mgr", "key": "mgr/dashboard/ssl_server_port"}]: dispatch
2024-03-18T15:07:21.965 INFO:journalctl@ceph.mon.a.smithi019.stdout:Mar 18 15:07:21 smithi019 ceph-mon[31522]: mgrmap e13: x(active, since 6s)
2024-03-18T15:07:22.270 INFO:teuthology.orchestra.run.smithi019.stdout:/usr/bin/ceph: stdout 8443
2024-03-18T15:07:22.271 INFO:teuthology.orchestra.run.smithi019.stdout:/usr/bin/ceph: stderr
2024-03-18T15:07:20.615+0000 7fe9f8200700 1 Processor -- start
2024-03-18T15:07:22.271 INFO:teuthology.orchestra.run.smithi019.stdout:/usr/bin/ceph: stderr
2024-03-18T15:07:20.615+0000 7fe9f8200700 1 -- start start
2024-03-18T15:07:22.271 INFO:teuthology.orchestra.run.smithi019.stdout:/usr/bin/ceph: stderr
2024-03-18T15:07:20.616+0000 7fe9f8200700 1 --2- >> [v2:172.21.15.19:3300/0,v1:172.21.15.19:6789/0] conn(0x7fe9f007deb0 0x7fe9f007c310 unknown :-1 s=NONE pgs=0 cs=0 l=0 rev1=0 crypto rx=0 tx=0 comp rx=0 tx=0).connect
2024-03-18T15:07:22.271 INFO:teuthology.orchestra.run.smithi019.stdout:/usr/bin/ceph: stderr
2024-03-18T15:07:20.616+0000 7fe9f8200700 1 -- --> [v2:172.21.15.19:3300/0,v1:172.21.15.19:6789/0] -- mon_getmap magic: 0 -- 0x7fe9f007c8e0 con 0x7fe9f007deb0
2024-03-18T15:07:22.271 INFO:teuthology.orchestra.run.smithi019.stdout:/usr/bin/ceph: stderr
2024-03-18T15:07:20.616+0000 7fe9f5800700 1 --2- >> [v2:172.21.15.19:3300/0,v1:172.21.15.19:6789/0] conn(0x7fe9f007deb0 0x7fe9f007c310 unknown :-1 s=BANNER_CONNECTING pgs=0 cs=0 l=0 rev1=0 crypto rx=0 tx=0 comp rx=0 tx=0)._handle_peer_banner_payload supported=3 required=0
2024-03-18T15:07:22.279 INFO:teuthology.orchestra.run.smithi019.stdout:/usr/bin/ceph: stderr
2024-03-18T15:07:20.616+0000 7fe9f5800700 1 --2- >> [v2:172.21.15.19:3300/0,v1:172.21.15.19:6789/0] conn(0x7fe9f007deb0 0x7fe9f007c310 unknown :-1 s=HELLO_CONNECTING pgs=0 cs=0 l=0 rev1=1 crypto rx=0 tx=0 comp rx=0 tx=0).handle_hello peer v2:172.21.15.19:3300/0 says I am v2:172.21.15.19:42466/0 (socket says 172.21.15.19:42466)
2024-03-18T15:07:22.279 INFO:teuthology.orchestra.run.smithi019.stdout:/usr/bin/ceph: stderr
2024-03-18T15:07:20.616+0000 7fe9f5800700 1 -- 172.21.15.19:0/1848499611 learned_addr learned my addr 172.21.15.19:0/1848499611 (peer_addr_for_me v2:172.21.15.19:0/0)
2024-03-18T15:07:22.279 INFO:teuthology.orchestra.run.smithi019.stdout:/usr/bin/ceph: stderr
2024-03-18T15:07:20.617+0000 7fe9f5800700 1 -- 172.21.15.19:0/1848499611 --> [v2:172.21.15.19:3300/0,v1:172.21.15.19:6789/0] -- mon_subscribe({config=0+,monmap=0+}) -- 0x7fe9f007ca60 con 0x7fe9f007deb0
2024-03-18T15:07:22.279 INFO:teuthology.orchestra.run.smithi019.stdout:/usr/bin/ceph: stderr
2024-03-18T15:07:20.617+0000 7fe9f5800700 1 --2- 172.21.15.19:0/1848499611 >> [v2:172.21.15.19:3300/0,v1:172.21.15.19:6789/0] conn(0x7fe9f007deb0 0x7fe9f007c310 secure :-1 s=READY pgs=74 cs=0 l=1 rev1=1 crypto rx=0x7fe9e40098a0 tx=0x7fe9e4009bb0 comp rx=0 tx=0).ready entity=mon.0 client_cookie=9e3298871eafdb7c server_cookie=0 in_seq=0 out_seq=0
2024-03-18T15:07:22.279 INFO:teuthology.orchestra.run.smithi019.stdout:/usr/bin/ceph: stderr
2024-03-18T15:07:20.617+0000 7fe9efe00700 1 -- 172.21.15.19:0/1848499611 <== mon.0 v2:172.21.15.19:3300/0 1 ==== mon_map magic: 0 ==== 205+0+0 (secure 0 0 0) 0x7fe9e4004160 con 0x7fe9f007deb0
2024-03-18T15:07:22.279 INFO:teuthology.orchestra.run.smithi019.stdout:/usr/bin/ceph: stderr
2024-03-18T15:07:20.617+0000 7fe9efe00700 1 -- 172.21.15.19:0/1848499611 <== mon.0 v2:172.21.15.19:3300/0 2 ==== config(27 keys) ==== 1140+0+0 (secure 0 0 0) 0x7fe9e4004300 con 0x7fe9f007deb0
2024-03-18T15:07:22.279 INFO:teuthology.orchestra.run.smithi019.stdout:/usr/bin/ceph: stderr
2024-03-18T15:07:20.617+0000 7fe9efe00700 1 -- 172.21.15.19:0/1848499611 <== mon.0 v2:172.21.15.19:3300/0 3 ==== mon_map magic: 0 ==== 205+0+0 (secure 0 0 0) 0x7fe9e4011b20 con 0x7fe9f007deb0
2024-03-18T15:07:22.279 INFO:teuthology.orchestra.run.smithi019.stdout:/usr/bin/ceph: stderr
2024-03-18T15:07:20.618+0000 7fe9f8200700 1 -- 172.21.15.19:0/1848499611 >> [v2:172.21.15.19:3300/0,v1:172.21.15.19:6789/0] conn(0x7fe9f007deb0 msgr2=0x7fe9f007c310 secure :-1 s=STATE_CONNECTION_ESTABLISHED l=1).mark_down
2024-03-18T15:07:22.279 INFO:teuthology.orchestra.run.smithi019.stdout:/usr/bin/ceph: stderr
2024-03-18T15:07:20.618+0000 7fe9f8200700 1 --2- 172.21.15.19:0/1848499611 >> [v2:172.21.15.19:3300/0,v1:172.21.15.19:6789/0] conn(0x7fe9f007deb0 0x7fe9f007c310 secure :-1 s=READY pgs=74 cs=0 l=1 rev1=1 crypto rx=0x7fe9e40098a0 tx=0x7fe9e4009bb0 comp rx=0 tx=0).stop
2024-03-18T15:07:22.279 INFO:teuthology.orchestra.run.smithi019.stdout:/usr/bin/ceph: stderr
2024-03-18T15:07:20.618+0000 7fe9f8200700 1 -- 172.21.15.19:0/1848499611 shutdown_connections
2024-03-18T15:07:22.279 INFO:teuthology.orchestra.run.smithi019.stdout:/usr/bin/ceph: stderr
2024-03-18T15:07:20.618+0000 7fe9f8200700 1 --2- 172.21.15.19:0/1848499611 >> [v2:172.21.15.19:3300/0,v1:172.21.15.19:6789/0] conn(0x7fe9f007deb0 0x7fe9f007c310 unknown :-1 s=CLOSED pgs=74 cs=0 l=1 rev1=1 crypto rx=0 tx=0 comp rx=0 tx=0).stop
2024-03-18T15:07:22.279 INFO:teuthology.orchestra.run.smithi019.stdout:/usr/bin/ceph: stderr
2024-03-18T15:07:20.618+0000 7fe9f8200700 1 -- 172.21.15.19:0/1848499611 >> 172.21.15.19:0/1848499611 conn(0x7fe9f0103250 msgr2=0x7fe9f01056b0 unknown :-1 s=STATE_NONE l=0).mark_down
2024-03-18T15:07:22.280 INFO:teuthology.orchestra.run.smithi019.stdout:/usr/bin/ceph: stderr
2024-03-18T15:07:20.618+0000 7fe9f8200700 1 -- 172.21.15.19:0/1848499611 shutdown_connections
2024-03-18T15:07:22.280 INFO:teuthology.orchestra.run.smithi019.stdout:/usr/bin/ceph: stderr
2024-03-18T15:07:20.618+0000 7fe9f8200700 1 -- 172.21.15.19:0/1848499611 wait complete.
2024-03-18T15:07:22.280 INFO:teuthology.orchestra.run.smithi019.stdout:/usr/bin/ceph: stderr
2024-03-18T15:07:20.619+0000 7fe9f8200700 1 Processor -- start
2024-03-18T15:07:22.280 INFO:teuthology.orchestra.run.smithi019.stdout:/usr/bin/ceph: stderr
2024-03-18T15:07:20.619+0000 7fe9f8200700 1 -- start start
2024-03-18T15:07:22.280 INFO:teuthology.orchestra.run.smithi019.stdout:/usr/bin/ceph: stderr
2024-03-18T15:07:20.620+0000 7fe9f8200700 1 --2- >> [v2:172.21.15.19:3300/0,v1:172.21.15.19:6789/0] conn(0x7fe9f007deb0 0x7fe9f019de90 unknown :-1 s=NONE pgs=0 cs=0 l=1 rev1=0 crypto rx=0 tx=0 comp rx=0 tx=0).connect
2024-03-18T15:07:22.280 INFO:teuthology.orchestra.run.smithi019.stdout:/usr/bin/ceph: stderr
2024-03-18T15:07:20.620+0000 7fe9f8200700 1 -- --> [v2:172.21.15.19:3300/0,v1:172.21.15.19:6789/0] -- mon_getmap magic: 0 -- 0x7fe9f010e310 con 0x7fe9f007deb0
2024-03-18T15:07:22.280 INFO:teuthology.orchestra.run.smithi019.stdout:/usr/bin/ceph: stderr
2024-03-18T15:07:20.620+0000 7fe9f5800700 1 --2- >> [v2:172.21.15.19:3300/0,v1:172.21.15.19:6789/0] conn(0x7fe9f007deb0 0x7fe9f019de90 unknown :-1 s=BANNER_CONNECTING pgs=0 cs=0 l=1 rev1=0 crypto rx=0 tx=0 comp rx=0 tx=0)._handle_peer_banner_payload supported=3 required=0
2024-03-18T15:07:22.280 INFO:teuthology.orchestra.run.smithi019.stdout:/usr/bin/ceph: stderr
2024-03-18T15:07:20.620+0000 7fe9f5800700 1 --2- >> [v2:172.21.15.19:3300/0,v1:172.21.15.19:6789/0] conn(0x7fe9f007deb0 0x7fe9f019de90 unknown :-1 s=HELLO_CONNECTING pgs=0 cs=0 l=1 rev1=1 crypto rx=0 tx=0 comp rx=0 tx=0).handle_hello peer v2:172.21.15.19:3300/0 says I am v2:172.21.15.19:42470/0 (socket says 172.21.15.19:42470)
2024-03-18T15:07:22.280 INFO:teuthology.orchestra.run.smithi019.stdout:/usr/bin/ceph: stderr
2024-03-18T15:07:20.620+0000 7fe9f5800700 1 -- 172.21.15.19:0/1842135812 learned_addr learned my addr 172.21.15.19:0/1842135812 (peer_addr_for_me v2:172.21.15.19:0/0)
2024-03-18T15:07:22.280 INFO:teuthology.orchestra.run.smithi019.stdout:/usr/bin/ceph: stderr
2024-03-18T15:07:20.620+0000 7fe9f5800700 1 -- 172.21.15.19:0/1842135812 --> [v2:172.21.15.19:3300/0,v1:172.21.15.19:6789/0] -- mon_subscribe({config=0+,monmap=0+}) -- 0x7fe9f019e3d0 con 0x7fe9f007deb0
2024-03-18T15:07:22.280 INFO:teuthology.orchestra.run.smithi019.stdout:/usr/bin/ceph: stderr
2024-03-18T15:07:20.621+0000 7fe9f5800700 1 --2- 172.21.15.19:0/1842135812 >> [v2:172.21.15.19:3300/0,v1:172.21.15.19:6789/0] conn(0x7fe9f007deb0 0x7fe9f019de90 secure :-1 s=READY pgs=75 cs=0 l=1 rev1=1 crypto rx=0x7fe9e4000c00 tx=0x7fe9e4011c10 comp rx=0 tx=0).ready entity=mon.0 client_cookie=0 server_cookie=0 in_seq=0 out_seq=0
2024-03-18T15:07:22.280 INFO:teuthology.orchestra.run.smithi019.stdout:/usr/bin/ceph: stderr
2024-03-18T15:07:20.621+0000 7fe9ee000700 1 -- 172.21.15.19:0/1842135812 <== mon.0 v2:172.21.15.19:3300/0 1 ==== mon_map magic: 0 ==== 205+0+0 (secure 0 0 0) 0x7fe9e4003b60 con 0x7fe9f007deb0
2024-03-18T15:07:22.280 INFO:teuthology.orchestra.run.smithi019.stdout:/usr/bin/ceph: stderr
2024-03-18T15:07:20.621+0000 7fe9ee000700 1 -- 172.21.15.19:0/1842135812 <== mon.0 v2:172.21.15.19:3300/0 2 ==== config(27 keys) ==== 1140+0+0 (secure 0 0 0) 0x7fe9e401a910 con 0x7fe9f007deb0
2024-03-18T15:07:22.280 INFO:teuthology.orchestra.run.smithi019.stdout:/usr/bin/ceph: stderr
2024-03-18T15:07:20.621+0000 7fe9ee000700 1 -- 172.21.15.19:0/1842135812 <== mon.0 v2:172.21.15.19:3300/0 3 ==== mon_map magic: 0 ==== 205+0+0 (secure 0 0 0) 0x7fe9e4024930 con 0x7fe9f007deb0
2024-03-18T15:07:22.280 INFO:teuthology.orchestra.run.smithi019.stdout:/usr/bin/ceph: stderr
2024-03-18T15:07:20.621+0000 7fe9f8200700 1 -- 172.21.15.19:0/1842135812 --> [v2:172.21.15.19:3300/0,v1:172.21.15.19:6789/0] -- mon_subscribe({mgrmap=0+}) -- 0x7fe9f019e660 con 0x7fe9f007deb0
2024-03-18T15:07:22.281 INFO:teuthology.orchestra.run.smithi019.stdout:/usr/bin/ceph: stderr
2024-03-18T15:07:20.621+0000 7fe9f8200700 1 -- 172.21.15.19:0/1842135812 --> [v2:172.21.15.19:3300/0,v1:172.21.15.19:6789/0] -- mon_subscribe({osdmap=0}) -- 0x7fe9f019eac0 con 0x7fe9f007deb0
2024-03-18T15:07:22.281 INFO:teuthology.orchestra.run.smithi019.stdout:/usr/bin/ceph: stderr
2024-03-18T15:07:20.622+0000 7fe9ee000700 1 -- 172.21.15.19:0/1842135812 <== mon.0 v2:172.21.15.19:3300/0 4 ==== mgrmap(e 12) ==== 46119+0+0 (secure 0 0 0) 0x7fe9e4022020 con 0x7fe9f007deb0
2024-03-18T15:07:22.281 INFO:teuthology.orchestra.run.smithi019.stdout:/usr/bin/ceph: stderr
2024-03-18T15:07:20.622+0000 7fe9f8200700 1 -- 172.21.15.19:0/1842135812 --> [v2:172.21.15.19:3300/0,v1:172.21.15.19:6789/0] -- mon_command({"prefix": "get_command_descriptions"} v 0) -- 0x7fe9f0063900 con 0x7fe9f007deb0
2024-03-18T15:07:22.281 INFO:teuthology.orchestra.run.smithi019.stdout:/usr/bin/ceph: stderr
2024-03-18T15:07:20.623+0000 7fe9ee000700 1 --2- 172.21.15.19:0/1842135812 >> [v2:172.21.15.19:6800/2017714236,v1:172.21.15.19:6801/2017714236] conn(0x7fe9d8038fd0 0x7fe9d803b490 unknown :-1 s=NONE pgs=0 cs=0 l=1 rev1=0 crypto rx=0 tx=0 comp rx=0 tx=0).connect
2024-03-18T15:07:22.281 INFO:teuthology.orchestra.run.smithi019.stdout:/usr/bin/ceph: stderr
2024-03-18T15:07:20.623+0000 7fe9ee000700 1 -- 172.21.15.19:0/1842135812 <== mon.0 v2:172.21.15.19:3300/0 5 ==== osd_map(3..3 src has 1..3) ==== 1155+0+0 (secure 0 0 0) 0x7fe9e404d120 con 0x7fe9f007deb0
2024-03-18T15:07:22.281 INFO:teuthology.orchestra.run.smithi019.stdout:/usr/bin/ceph: stderr
2024-03-18T15:07:20.623+0000 7fe9f4e00700 1 --2- 172.21.15.19:0/1842135812 >> [v2:172.21.15.19:6800/2017714236,v1:172.21.15.19:6801/2017714236] conn(0x7fe9d8038fd0 0x7fe9d803b490 unknown :-1 s=BANNER_CONNECTING pgs=0 cs=0 l=1 rev1=0 crypto rx=0 tx=0 comp rx=0 tx=0)._handle_peer_banner_payload supported=3 required=0
2024-03-18T15:07:22.281 INFO:teuthology.orchestra.run.smithi019.stdout:/usr/bin/ceph: stderr
2024-03-18T15:07:20.624+0000 7fe9f4e00700 1 --2- 172.21.15.19:0/1842135812 >> [v2:172.21.15.19:6800/2017714236,v1:172.21.15.19:6801/2017714236] conn(0x7fe9d8038fd0 0x7fe9d803b490 secure :-1 s=READY pgs=9 cs=0 l=1 rev1=1 crypto rx=0x7fe9dc006fd0 tx=0x7fe9dc006e40 comp rx=0 tx=0).ready entity=mgr.14152 client_cookie=0 server_cookie=0 in_seq=0 out_seq=0
2024-03-18T15:07:22.281 INFO:teuthology.orchestra.run.smithi019.stdout:/usr/bin/ceph: stderr
2024-03-18T15:07:20.628+0000 7fe9ee000700 1 -- 172.21.15.19:0/1842135812 <== mon.0 v2:172.21.15.19:3300/0 6 ==== mon_command_ack([{"prefix": "get_command_descriptions"}]=0 v0) ==== 72+0+186149 (secure 0 0 0) 0x7fe9e400b3e0 con 0x7fe9f007deb0
2024-03-18T15:07:22.281 INFO:teuthology.orchestra.run.smithi019.stdout:/usr/bin/ceph: stderr
2024-03-18T15:07:20.866+0000 7fe9f8200700 1 -- 172.21.15.19:0/1842135812 --> [v2:172.21.15.19:3300/0,v1:172.21.15.19:6789/0] -- mon_command({"prefix": "config get", "who": "mgr", "key": "mgr/dashboard/ssl_server_port"} v 0) -- 0x7fe9f01a1550 con 0x7fe9f007deb0
2024-03-18T15:07:22.281 INFO:teuthology.orchestra.run.smithi019.stdout:/usr/bin/ceph: stderr
2024-03-18T15:07:20.866+0000 7fe9ee000700 1 -- 172.21.15.19:0/1842135812 <== mon.0 v2:172.21.15.19:3300/0 7 ==== mon_command_ack([{"prefix": "config get", "who": "mgr", "key": "mgr/dashboard/ssl_server_port"}]=0 v8) ==== 112+0+5 (secure 0 0 0) 0x7fe9e4016260 con 0x7fe9f007deb0
2024-03-18T15:07:22.281 INFO:teuthology.orchestra.run.smithi019.stdout:/usr/bin/ceph: stderr
2024-03-18T15:07:20.869+0000 7fe9f8200700 1 -- 172.21.15.19:0/1842135812 >> [v2:172.21.15.19:6800/2017714236,v1:172.21.15.19:6801/2017714236] conn(0x7fe9d8038fd0 msgr2=0x7fe9d803b490 secure :-1 s=STATE_CONNECTION_ESTABLISHED l=1).mark_down
2024-03-18T15:07:22.281 INFO:teuthology.orchestra.run.smithi019.stdout:/usr/bin/ceph: stderr
2024-03-18T15:07:20.869+0000 7fe9f8200700 1 --2- 172.21.15.19:0/1842135812 >> [v2:172.21.15.19:6800/2017714236,v1:172.21.15.19:6801/2017714236] conn(0x7fe9d8038fd0 0x7fe9d803b490 secure :-1 s=READY pgs=9 cs=0 l=1 rev1=1 crypto rx=0x7fe9dc006fd0 tx=0x7fe9dc006e40 comp rx=0 tx=0).stop
2024-03-18T15:07:22.281 INFO:teuthology.orchestra.run.smithi019.stdout:/usr/bin/ceph: stderr
2024-03-18T15:07:20.869+0000 7fe9f8200700 1 -- 172.21.15.19:0/1842135812 >> [v2:172.21.15.19:3300/0,v1:172.21.15.19:6789/0] conn(0x7fe9f007deb0 msgr2=0x7fe9f019de90 secure :-1 s=STATE_CONNECTION_ESTABLISHED l=1).mark_down
2024-03-18T15:07:22.281 INFO:teuthology.orchestra.run.smithi019.stdout:/usr/bin/ceph: stderr
2024-03-18T15:07:20.869+0000 7fe9f8200700 1 --2- 172.21.15.19:0/1842135812 >> [v2:172.21.15.19:3300/0,v1:172.21.15.19:6789/0] conn(0x7fe9f007deb0 0x7fe9f019de90 secure :-1 s=READY pgs=75 cs=0 l=1 rev1=1 crypto rx=0x7fe9e4000c00 tx=0x7fe9e4011c10 comp rx=0 tx=0).stop
2024-03-18T15:07:22.281 INFO:teuthology.orchestra.run.smithi019.stdout:/usr/bin/ceph: stderr
2024-03-18T15:07:20.869+0000 7fe9f8200700 1 -- 172.21.15.19:0/1842135812 shutdown_connections
2024-03-18T15:07:22.282 INFO:teuthology.orchestra.run.smithi019.stdout:/usr/bin/ceph: stderr
2024-03-18T15:07:20.869+0000 7fe9f8200700 1 --2- 172.21.15.19:0/1842135812 >> [v2:172.21.15.19:6800/2017714236,v1:172.21.15.19:6801/2017714236] conn(0x7fe9d8038fd0 0x7fe9d803b490 unknown :-1 s=CLOSED pgs=9 cs=0 l=1 rev1=1 crypto rx=0 tx=0 comp rx=0 tx=0).stop
2024-03-18T15:07:22.282 INFO:teuthology.orchestra.run.smithi019.stdout:/usr/bin/ceph: stderr
2024-03-18T15:07:20.869+0000 7fe9f8200700 1 --2- 172.21.15.19:0/1842135812 >> [v2:172.21.15.19:3300/0,v1:172.21.15.19:6789/0] conn(0x7fe9f007deb0 0x7fe9f019de90 unknown :-1 s=CLOSED pgs=75 cs=0 l=1 rev1=1 crypto rx=0 tx=0 comp rx=0 tx=0).stop
2024-03-18T15:07:22.282 INFO:teuthology.orchestra.run.smithi019.stdout:/usr/bin/ceph: stderr
2024-03-18T15:07:20.869+0000 7fe9f8200700 1 -- 172.21.15.19:0/1842135812 >> 172.21.15.19:0/1842135812 conn(0x7fe9f0103250 msgr2=0x7fe9f0103dd0 unknown :-1 s=STATE_NONE l=0).mark_down
2024-03-18T15:07:22.282 INFO:teuthology.orchestra.run.smithi019.stdout:/usr/bin/ceph: stderr
2024-03-18T15:07:20.869+0000 7fe9f8200700 1 -- 172.21.15.19:0/1842135812 shutdown_connections
2024-03-18T15:07:22.282 INFO:teuthology.orchestra.run.smithi019.stdout:/usr/bin/ceph: stderr
2024-03-18T15:07:20.869+0000 7fe9f8200700 1 -- 172.21.15.19:0/1842135812 wait complete.
2024-03-18T15:07:22.305 INFO:teuthology.orchestra.run.smithi019.stdout:Non-zero exit code 1 from systemctl is-enabled firewalld.service
2024-03-18T15:07:22.306 INFO:teuthology.orchestra.run.smithi019.stdout:systemctl: stdout disabled
2024-03-18T15:07:22.329 INFO:teuthology.orchestra.run.smithi019.stdout:Non-zero exit code 3 from systemctl is-active firewalld.service
2024-03-18T15:07:22.330 INFO:teuthology.orchestra.run.smithi019.stdout:systemctl: stdout inactive
2024-03-18T15:07:22.330 INFO:teuthology.orchestra.run.smithi019.stdout:firewalld.service is not enabled
2024-03-18T15:07:22.330 INFO:teuthology.orchestra.run.smithi019.stdout:Not possible to open ports <[8443]>. firewalld.service is not available
2024-03-18T15:07:22.337 INFO:teuthology.orchestra.run.smithi019.stdout:Ceph Dashboard is now available at:
2024-03-18T15:07:22.337 INFO:teuthology.orchestra.run.smithi019.stdout:
2024-03-18T15:07:22.337 INFO:teuthology.orchestra.run.smithi019.stdout: URL: https://smithi019.front.sepia.ceph.com:8443/
2024-03-18T15:07:22.337 INFO:teuthology.orchestra.run.smithi019.stdout: User: admin
2024-03-18T15:07:22.337 INFO:teuthology.orchestra.run.smithi019.stdout: Password: 74lgql0kwu
2024-03-18T15:07:22.337 INFO:teuthology.orchestra.run.smithi019.stdout:
2024-03-18T15:07:22.338 INFO:teuthology.orchestra.run.smithi019.stdout:Saving cluster configuration to /var/lib/ceph/d4dc2ba6-e538-11ee-95c9-87774f69a715/config directory
2024-03-18T15:07:22.340 INFO:teuthology.orchestra.run.smithi019.stdout:Enabling autotune for osd_memory_target
2024-03-18T15:07:23.810 INFO:teuthology.orchestra.run.smithi019.stdout:/usr/bin/ceph: stderr
2024-03-18T15:07:22.918+0000 7f7aaaa00700 1 Processor -- start
2024-03-18T15:07:23.810 INFO:teuthology.orchestra.run.smithi019.stdout:/usr/bin/ceph: stderr
2024-03-18T15:07:22.918+0000 7f7aaaa00700 1 -- start start
2024-03-18T15:07:23.810 INFO:teuthology.orchestra.run.smithi019.stdout:/usr/bin/ceph: stderr
2024-03-18T15:07:22.918+0000 7f7aaaa00700 1 --2- >> [v2:172.21.15.19:3300/0,v1:172.21.15.19:6789/0] conn(0x7f7aa410a0f0 0x7f7aa410a510 unknown :-1 s=NONE pgs=0 cs=0 l=0 rev1=0 crypto rx=0 tx=0 comp rx=0 tx=0).connect
2024-03-18T15:07:23.810 INFO:teuthology.orchestra.run.smithi019.stdout:/usr/bin/ceph: stderr
2024-03-18T15:07:22.919+0000 7f7aaaa00700 1 -- --> [v2:172.21.15.19:3300/0,v1:172.21.15.19:6789/0] -- mon_getmap magic: 0 -- 0x7f7aa410aae0 con 0x7f7aa410a0f0
2024-03-18T15:07:23.810 INFO:teuthology.orchestra.run.smithi019.stdout:/usr/bin/ceph: stderr
2024-03-18T15:07:22.919+0000 7f7aa3e00700 1 --2- >> [v2:172.21.15.19:3300/0,v1:172.21.15.19:6789/0] conn(0x7f7aa410a0f0 0x7f7aa410a510 unknown :-1 s=BANNER_CONNECTING pgs=0 cs=0 l=0 rev1=0 crypto rx=0 tx=0 comp rx=0 tx=0)._handle_peer_banner_payload supported=3 required=0
2024-03-18T15:07:23.810 INFO:teuthology.orchestra.run.smithi019.stdout:/usr/bin/ceph: stderr
2024-03-18T15:07:22.919+0000 7f7aa3e00700 1 --2- >> [v2:172.21.15.19:3300/0,v1:172.21.15.19:6789/0] conn(0x7f7aa410a0f0 0x7f7aa410a510 unknown :-1 s=HELLO_CONNECTING pgs=0 cs=0 l=0 rev1=1 crypto rx=0 tx=0 comp rx=0 tx=0).handle_hello peer v2:172.21.15.19:3300/0 says I am v2:172.21.15.19:36666/0 (socket says 172.21.15.19:36666)
2024-03-18T15:07:23.810 INFO:teuthology.orchestra.run.smithi019.stdout:/usr/bin/ceph: stderr
2024-03-18T15:07:22.919+0000 7f7aa3e00700 1 -- 172.21.15.19:0/663758475 learned_addr learned my addr 172.21.15.19:0/663758475 (peer_addr_for_me v2:172.21.15.19:0/0)
2024-03-18T15:07:23.810 INFO:teuthology.orchestra.run.smithi019.stdout:/usr/bin/ceph: stderr
2024-03-18T15:07:22.920+0000 7f7aa3e00700 1 -- 172.21.15.19:0/663758475 --> [v2:172.21.15.19:3300/0,v1:172.21.15.19:6789/0] -- mon_subscribe({config=0+,monmap=0+}) -- 0x7f7aa410ac60 con 0x7f7aa410a0f0
2024-03-18T15:07:23.810 INFO:teuthology.orchestra.run.smithi019.stdout:/usr/bin/ceph: stderr
2024-03-18T15:07:22.920+0000 7f7aa3e00700 1 --2- 172.21.15.19:0/663758475 >> [v2:172.21.15.19:3300/0,v1:172.21.15.19:6789/0] conn(0x7f7aa410a0f0 0x7f7aa410a510 secure :-1 s=READY pgs=76 cs=0 l=1 rev1=1 crypto rx=0x7f7a940098a0 tx=0x7f7a94009bb0 comp rx=0 tx=0).ready entity=mon.0 client_cookie=38b6c145e9bbf11 server_cookie=0 in_seq=0 out_seq=0
2024-03-18T15:07:23.810 INFO:teuthology.orchestra.run.smithi019.stdout:/usr/bin/ceph: stderr
2024-03-18T15:07:22.921+0000 7f7aa3400700 1 -- 172.21.15.19:0/663758475 <== mon.0 v2:172.21.15.19:3300/0 1 ==== mon_map magic: 0 ==== 205+0+0 (secure 0 0 0) 0x7f7a94004160 con 0x7f7aa410a0f0
2024-03-18T15:07:23.810 INFO:teuthology.orchestra.run.smithi019.stdout:/usr/bin/ceph: stderr
2024-03-18T15:07:22.921+0000 7f7aa3400700 1 -- 172.21.15.19:0/663758475 <== mon.0 v2:172.21.15.19:3300/0 2 ==== config(27 keys) ==== 1140+0+0 (secure 0 0 0) 0x7f7a94004300 con 0x7f7aa410a0f0
2024-03-18T15:07:23.811 INFO:teuthology.orchestra.run.smithi019.stdout:/usr/bin/ceph: stderr
2024-03-18T15:07:22.921+0000 7f7aa3400700 1 -- 172.21.15.19:0/663758475 <== mon.0 v2:172.21.15.19:3300/0 3 ==== mon_map magic: 0 ==== 205+0+0 (secure 0 0 0) 0x7f7a94011b20 con 0x7f7aa410a0f0
2024-03-18T15:07:23.811 INFO:teuthology.orchestra.run.smithi019.stdout:/usr/bin/ceph: stderr
2024-03-18T15:07:22.921+0000 7f7aaaa00700 1 -- 172.21.15.19:0/663758475 >> [v2:172.21.15.19:3300/0,v1:172.21.15.19:6789/0] conn(0x7f7aa410a0f0 msgr2=0x7f7aa410a510 secure :-1 s=STATE_CONNECTION_ESTABLISHED l=1).mark_down
2024-03-18T15:07:23.811 INFO:teuthology.orchestra.run.smithi019.stdout:/usr/bin/ceph: stderr
2024-03-18T15:07:22.921+0000 7f7aaaa00700 1 --2- 172.21.15.19:0/663758475 >> [v2:172.21.15.19:3300/0,v1:172.21.15.19:6789/0] conn(0x7f7aa410a0f0 0x7f7aa410a510 secure :-1 s=READY pgs=76 cs=0 l=1 rev1=1 crypto rx=0x7f7a940098a0 tx=0x7f7a94009bb0 comp rx=0 tx=0).stop
2024-03-18T15:07:23.811 INFO:teuthology.orchestra.run.smithi019.stdout:/usr/bin/ceph: stderr
2024-03-18T15:07:22.922+0000 7f7aaaa00700 1 -- 172.21.15.19:0/663758475 shutdown_connections
2024-03-18T15:07:23.811 INFO:teuthology.orchestra.run.smithi019.stdout:/usr/bin/ceph: stderr
2024-03-18T15:07:22.922+0000 7f7aaaa00700 1 --2- 172.21.15.19:0/663758475 >> [v2:172.21.15.19:3300/0,v1:172.21.15.19:6789/0] conn(0x7f7aa410a0f0 0x7f7aa410a510 unknown :-1 s=CLOSED pgs=76 cs=0 l=1 rev1=1 crypto rx=0 tx=0 comp rx=0 tx=0).stop
2024-03-18T15:07:23.811 INFO:teuthology.orchestra.run.smithi019.stdout:/usr/bin/ceph: stderr
2024-03-18T15:07:22.922+0000 7f7aaaa00700 1 -- 172.21.15.19:0/663758475 >> 172.21.15.19:0/663758475 conn(0x7f7aa407d2c0 msgr2=0x7f7aa407d6d0 unknown :-1 s=STATE_NONE l=0).mark_down
2024-03-18T15:07:23.811 INFO:teuthology.orchestra.run.smithi019.stdout:/usr/bin/ceph: stderr
2024-03-18T15:07:22.922+0000 7f7aaaa00700 1 -- 172.21.15.19:0/663758475 shutdown_connections
2024-03-18T15:07:23.811 INFO:teuthology.orchestra.run.smithi019.stdout:/usr/bin/ceph: stderr
2024-03-18T15:07:22.922+0000 7f7aaaa00700 1 -- 172.21.15.19:0/663758475 wait complete.
2024-03-18T15:07:23.811 INFO:teuthology.orchestra.run.smithi019.stdout:/usr/bin/ceph: stderr
2024-03-18T15:07:22.923+0000 7f7aaaa00700 1 Processor -- start
2024-03-18T15:07:23.811 INFO:teuthology.orchestra.run.smithi019.stdout:/usr/bin/ceph: stderr
2024-03-18T15:07:22.923+0000 7f7aaaa00700 1 -- start start
2024-03-18T15:07:23.811 INFO:teuthology.orchestra.run.smithi019.stdout:/usr/bin/ceph: stderr
2024-03-18T15:07:22.923+0000 7f7aaaa00700 1 --2- >> [v2:172.21.15.19:3300/0,v1:172.21.15.19:6789/0] conn(0x7f7aa410a0f0 0x7f7aa419de50 unknown :-1 s=NONE pgs=0 cs=0 l=1 rev1=0 crypto rx=0 tx=0 comp rx=0 tx=0).connect
2024-03-18T15:07:23.811 INFO:teuthology.orchestra.run.smithi019.stdout:/usr/bin/ceph: stderr
2024-03-18T15:07:22.923+0000 7f7aaaa00700 1 -- --> [v2:172.21.15.19:3300/0,v1:172.21.15.19:6789/0] -- mon_getmap magic: 0 -- 0x7f7aa410e300 con 0x7f7aa410a0f0
2024-03-18T15:07:23.811 INFO:teuthology.orchestra.run.smithi019.stdout:/usr/bin/ceph: stderr
2024-03-18T15:07:22.924+0000 7f7aa3e00700 1 --2- >> [v2:172.21.15.19:3300/0,v1:172.21.15.19:6789/0] conn(0x7f7aa410a0f0 0x7f7aa419de50 unknown :-1 s=BANNER_CONNECTING pgs=0 cs=0 l=1 rev1=0 crypto rx=0 tx=0 comp rx=0 tx=0)._handle_peer_banner_payload supported=3 required=0
2024-03-18T15:07:23.812 INFO:teuthology.orchestra.run.smithi019.stdout:/usr/bin/ceph: stderr
2024-03-18T15:07:22.924+0000 7f7aa3e00700 1 --2- >> [v2:172.21.15.19:3300/0,v1:172.21.15.19:6789/0] conn(0x7f7aa410a0f0 0x7f7aa419de50 unknown :-1 s=HELLO_CONNECTING pgs=0 cs=0 l=1 rev1=1 crypto rx=0 tx=0 comp rx=0 tx=0).handle_hello peer v2:172.21.15.19:3300/0 says I am v2:172.21.15.19:36672/0 (socket says 172.21.15.19:36672)
2024-03-18T15:07:23.812 INFO:teuthology.orchestra.run.smithi019.stdout:/usr/bin/ceph: stderr
2024-03-18T15:07:22.924+0000 7f7aa3e00700 1 -- 172.21.15.19:0/2207568258 learned_addr learned my addr 172.21.15.19:0/2207568258 (peer_addr_for_me v2:172.21.15.19:0/0)
2024-03-18T15:07:23.812 INFO:teuthology.orchestra.run.smithi019.stdout:/usr/bin/ceph: stderr
2024-03-18T15:07:22.924+0000 7f7aa3e00700 1 -- 172.21.15.19:0/2207568258 --> [v2:172.21.15.19:3300/0,v1:172.21.15.19:6789/0] -- mon_subscribe({config=0+,monmap=0+}) -- 0x7f7aa419e390 con 0x7f7aa410a0f0
2024-03-18T15:07:23.812 INFO:teuthology.orchestra.run.smithi019.stdout:/usr/bin/ceph: stderr
2024-03-18T15:07:22.924+0000 7f7aa3e00700 1 --2- 172.21.15.19:0/2207568258 >> [v2:172.21.15.19:3300/0,v1:172.21.15.19:6789/0] conn(0x7f7aa410a0f0 0x7f7aa419de50 secure :-1 s=READY pgs=77 cs=0 l=1 rev1=1 crypto rx=0x7f7a94011b60 tx=0x7f7a94011c40 comp rx=0 tx=0).ready entity=mon.0 client_cookie=0 server_cookie=0 in_seq=0 out_seq=0
2024-03-18T15:07:23.812 INFO:teuthology.orchestra.run.smithi019.stdout:/usr/bin/ceph: stderr
2024-03-18T15:07:22.925+0000 7f7aa1600700 1 -- 172.21.15.19:0/2207568258 <== mon.0 v2:172.21.15.19:3300/0 1 ==== mon_map magic: 0 ==== 205+0+0 (secure 0 0 0) 0x7f7a94003b60 con 0x7f7aa410a0f0
2024-03-18T15:07:23.812 INFO:teuthology.orchestra.run.smithi019.stdout:/usr/bin/ceph: stderr
2024-03-18T15:07:22.925+0000 7f7aa1600700 1 -- 172.21.15.19:0/2207568258 <== mon.0 v2:172.21.15.19:3300/0 2 ==== config(27 keys) ==== 1140+0+0 (secure 0 0 0) 0x7f7a9401a910 con 0x7f7aa410a0f0
2024-03-18T15:07:23.812 INFO:teuthology.orchestra.run.smithi019.stdout:/usr/bin/ceph: stderr
2024-03-18T15:07:22.925+0000 7f7aa1600700 1 -- 172.21.15.19:0/2207568258 <== mon.0 v2:172.21.15.19:3300/0 3 ==== mon_map magic: 0 ==== 205+0+0 (secure 0 0 0) 0x7f7a94024930 con 0x7f7aa410a0f0
2024-03-18T15:07:23.812 INFO:teuthology.orchestra.run.smithi019.stdout:/usr/bin/ceph: stderr
2024-03-18T15:07:22.925+0000 7f7aaaa00700 1 -- 172.21.15.19:0/2207568258 --> [v2:172.21.15.19:3300/0,v1:172.21.15.19:6789/0] -- mon_subscribe({mgrmap=0+}) -- 0x7f7aa419e620 con 0x7f7aa410a0f0
2024-03-18T15:07:23.812 INFO:teuthology.orchestra.run.smithi019.stdout:/usr/bin/ceph: stderr
2024-03-18T15:07:22.925+0000 7f7aaaa00700 1 -- 172.21.15.19:0/2207568258 --> [v2:172.21.15.19:3300/0,v1:172.21.15.19:6789/0] -- mon_subscribe({osdmap=0}) -- 0x7f7aa419ea80 con 0x7f7aa410a0f0
2024-03-18T15:07:23.812 INFO:teuthology.orchestra.run.smithi019.stdout:/usr/bin/ceph: stderr
2024-03-18T15:07:22.926+0000 7f7aaaa00700 1 -- 172.21.15.19:0/2207568258 --> [v2:172.21.15.19:3300/0,v1:172.21.15.19:6789/0] -- mon_command({"prefix": "get_command_descriptions"} v 0) -- 0x7f7aa4063900 con 0x7f7aa410a0f0
2024-03-18T15:07:23.812 INFO:teuthology.orchestra.run.smithi019.stdout:/usr/bin/ceph: stderr
2024-03-18T15:07:22.926+0000 7f7aa1600700 1 -- 172.21.15.19:0/2207568258 <== mon.0 v2:172.21.15.19:3300/0 4 ==== mgrmap(e 13) ==== 46162+0+0 (secure 0 0 0) 0x7f7a94022020 con 0x7f7aa410a0f0
2024-03-18T15:07:23.812 INFO:teuthology.orchestra.run.smithi019.stdout:/usr/bin/ceph: stderr
2024-03-18T15:07:22.926+0000 7f7aa1600700 1 --2- 172.21.15.19:0/2207568258 >> [v2:172.21.15.19:6800/2017714236,v1:172.21.15.19:6801/2017714236] conn(0x7f7a88039070 0x7f7a8803b530 unknown :-1 s=NONE pgs=0 cs=0 l=1 rev1=0 crypto rx=0 tx=0 comp rx=0 tx=0).connect
2024-03-18T15:07:23.812 INFO:teuthology.orchestra.run.smithi019.stdout:/usr/bin/ceph: stderr
2024-03-18T15:07:22.926+0000 7f7aa1600700 1 -- 172.21.15.19:0/2207568258 <== mon.0 v2:172.21.15.19:3300/0 5 ==== osd_map(3..3 src has 1..3) ==== 1155+0+0 (secure 0 0 0) 0x7f7a9404d200 con 0x7f7aa410a0f0
2024-03-18T15:07:23.813 INFO:teuthology.orchestra.run.smithi019.stdout:/usr/bin/ceph: stderr
2024-03-18T15:07:22.927+0000 7f7a9be00700 1 --2- 172.21.15.19:0/2207568258 >> [v2:172.21.15.19:6800/2017714236,v1:172.21.15.19:6801/2017714236] conn(0x7f7a88039070 0x7f7a8803b530 unknown :-1 s=BANNER_CONNECTING pgs=0 cs=0 l=1 rev1=0 crypto rx=0 tx=0 comp rx=0 tx=0)._handle_peer_banner_payload supported=3 required=0
2024-03-18T15:07:23.813 INFO:teuthology.orchestra.run.smithi019.stdout:/usr/bin/ceph: stderr
2024-03-18T15:07:22.927+0000 7f7a9be00700 1 --2- 172.21.15.19:0/2207568258 >> [v2:172.21.15.19:6800/2017714236,v1:172.21.15.19:6801/2017714236] conn(0x7f7a88039070 0x7f7a8803b530 secure :-1 s=READY pgs=10 cs=0 l=1 rev1=1 crypto rx=0x7f7a8c006fd0 tx=0x7f7a8c006e40 comp rx=0 tx=0).ready entity=mgr.14152 client_cookie=0 server_cookie=0 in_seq=0 out_seq=0
2024-03-18T15:07:23.813 INFO:teuthology.orchestra.run.smithi019.stdout:/usr/bin/ceph: stderr
2024-03-18T15:07:22.932+0000 7f7aa1600700 1 -- 172.21.15.19:0/2207568258 <== mon.0 v2:172.21.15.19:3300/0 6 ==== mon_command_ack([{"prefix": "get_command_descriptions"}]=0 v0) ==== 72+0+186149 (secure 0 0 0) 0x7f7a9400b3e0 con 0x7f7aa410a0f0
2024-03-18T15:07:23.813 INFO:teuthology.orchestra.run.smithi019.stdout:/usr/bin/ceph: stderr
2024-03-18T15:07:23.160+0000 7f7aaaa00700 1 -- 172.21.15.19:0/2207568258 --> [v2:172.21.15.19:3300/0,v1:172.21.15.19:6789/0] -- mon_command([{prefix=config set, name=osd_memory_target_autotune}] v 0) -- 0x7f7aa41a1450 con 0x7f7aa410a0f0
2024-03-18T15:07:23.813 INFO:teuthology.orchestra.run.smithi019.stdout:/usr/bin/ceph: stderr
2024-03-18T15:07:23.161+0000 7f7aa1600700 1 -- 172.21.15.19:0/2207568258 <== mon.0 v2:172.21.15.19:3300/0 7 ==== mon_command_ack([{prefix=config set, name=osd_memory_target_autotune}]=0 v8)=0 v8) ==== 127+0+0 (secure 0 0 0) 0x7f7a9402de10 con 0x7f7aa410a0f0
2024-03-18T15:07:23.813 INFO:teuthology.orchestra.run.smithi019.stdout:/usr/bin/ceph: stderr
2024-03-18T15:07:23.164+0000 7f7aaaa00700 1 -- 172.21.15.19:0/2207568258 >> [v2:172.21.15.19:6800/2017714236,v1:172.21.15.19:6801/2017714236] conn(0x7f7a88039070 msgr2=0x7f7a8803b530 secure :-1 s=STATE_CONNECTION_ESTABLISHED l=1).mark_down
2024-03-18T15:07:23.813 INFO:teuthology.orchestra.run.smithi019.stdout:/usr/bin/ceph: stderr
2024-03-18T15:07:23.164+0000 7f7aaaa00700 1 --2- 172.21.15.19:0/2207568258 >> [v2:172.21.15.19:6800/2017714236,v1:172.21.15.19:6801/2017714236] conn(0x7f7a88039070 0x7f7a8803b530 secure :-1 s=READY pgs=10 cs=0 l=1 rev1=1 crypto rx=0x7f7a8c006fd0 tx=0x7f7a8c006e40 comp rx=0 tx=0).stop
2024-03-18T15:07:23.813 INFO:teuthology.orchestra.run.smithi019.stdout:/usr/bin/ceph: stderr
2024-03-18T15:07:23.164+0000 7f7aaaa00700 1 -- 172.21.15.19:0/2207568258 >> [v2:172.21.15.19:3300/0,v1:172.21.15.19:6789/0] conn(0x7f7aa410a0f0 msgr2=0x7f7aa419de50 secure :-1 s=STATE_CONNECTION_ESTABLISHED l=1).mark_down
2024-03-18T15:07:23.813 INFO:teuthology.orchestra.run.smithi019.stdout:/usr/bin/ceph: stderr
2024-03-18T15:07:23.164+0000 7f7aaaa00700 1 --2- 172.21.15.19:0/2207568258 >> [v2:172.21.15.19:3300/0,v1:172.21.15.19:6789/0] conn(0x7f7aa410a0f0 0x7f7aa419de50 secure :-1 s=READY pgs=77 cs=0 l=1 rev1=1 crypto rx=0x7f7a94011b60 tx=0x7f7a94011c40 comp rx=0 tx=0).stop
2024-03-18T15:07:23.813 INFO:teuthology.orchestra.run.smithi019.stdout:/usr/bin/ceph: stderr
2024-03-18T15:07:23.164+0000 7f7aaaa00700 1 -- 172.21.15.19:0/2207568258 shutdown_connections
2024-03-18T15:07:23.813 INFO:teuthology.orchestra.run.smithi019.stdout:/usr/bin/ceph: stderr
2024-03-18T15:07:23.164+0000 7f7aaaa00700 1 --2- 172.21.15.19:0/2207568258 >> [v2:172.21.15.19:6800/2017714236,v1:172.21.15.19:6801/2017714236] conn(0x7f7a88039070 0x7f7a8803b530 unknown :-1 s=CLOSED pgs=10 cs=0 l=1 rev1=1 crypto rx=0 tx=0 comp rx=0 tx=0).stop
2024-03-18T15:07:23.813 INFO:teuthology.orchestra.run.smithi019.stdout:/usr/bin/ceph: stderr
2024-03-18T15:07:23.164+0000 7f7aaaa00700 1 --2- 172.21.15.19:0/2207568258 >> [v2:172.21.15.19:3300/0,v1:172.21.15.19:6789/0] conn(0x7f7aa410a0f0 0x7f7aa419de50 unknown :-1 s=CLOSED pgs=77 cs=0 l=1 rev1=1 crypto rx=0 tx=0 comp rx=0 tx=0).stop
2024-03-18T15:07:23.813 INFO:teuthology.orchestra.run.smithi019.stdout:/usr/bin/ceph: stderr
2024-03-18T15:07:23.164+0000 7f7aaaa00700 1 -- 172.21.15.19:0/2207568258 >> 172.21.15.19:0/2207568258 conn(0x7f7aa407d2c0 msgr2=0x7f7aa4107d30 unknown :-1 s=STATE_NONE l=0).mark_down
2024-03-18T15:07:23.813 INFO:teuthology.orchestra.run.smithi019.stdout:/usr/bin/ceph: stderr
2024-03-18T15:07:23.165+0000 7f7aaaa00700 1 -- 172.21.15.19:0/2207568258 shutdown_connections
2024-03-18T15:07:23.814 INFO:teuthology.orchestra.run.smithi019.stdout:/usr/bin/ceph: stderr
2024-03-18T15:07:23.165+0000 7f7aaaa00700 1 -- 172.21.15.19:0/2207568258 wait complete.
2024-03-18T15:07:25.444 INFO:teuthology.orchestra.run.smithi019.stdout:/usr/bin/ceph: stderr
2024-03-18T15:07:24.429+0000 7fc312400700 1 Processor -- start
2024-03-18T15:07:25.444 INFO:teuthology.orchestra.run.smithi019.stdout:/usr/bin/ceph: stderr
2024-03-18T15:07:24.429+0000 7fc312400700 1 -- start start
2024-03-18T15:07:25.445 INFO:teuthology.orchestra.run.smithi019.stdout:/usr/bin/ceph: stderr
2024-03-18T15:07:24.430+0000 7fc312400700 1 --2- >> [v2:172.21.15.19:3300/0,v1:172.21.15.19:6789/0] conn(0x7fc30c10a0f0 0x7fc30c10a510 unknown :-1 s=NONE pgs=0 cs=0 l=0 rev1=0 crypto rx=0 tx=0 comp rx=0 tx=0).connect
2024-03-18T15:07:25.446 INFO:teuthology.orchestra.run.smithi019.stdout:/usr/bin/ceph: stderr
2024-03-18T15:07:24.430+0000 7fc312400700 1 -- --> [v2:172.21.15.19:3300/0,v1:172.21.15.19:6789/0] -- mon_getmap magic: 0 -- 0x7fc30c10aae0 con 0x7fc30c10a0f0
2024-03-18T15:07:25.446 INFO:teuthology.orchestra.run.smithi019.stdout:/usr/bin/ceph: stderr
2024-03-18T15:07:24.430+0000 7fc30b400700 1 --2- >> [v2:172.21.15.19:3300/0,v1:172.21.15.19:6789/0] conn(0x7fc30c10a0f0 0x7fc30c10a510 unknown :-1 s=BANNER_CONNECTING pgs=0 cs=0 l=0 rev1=0 crypto rx=0 tx=0 comp rx=0 tx=0)._handle_peer_banner_payload supported=3 required=0
2024-03-18T15:07:25.446 INFO:teuthology.orchestra.run.smithi019.stdout:/usr/bin/ceph: stderr
2024-03-18T15:07:24.430+0000 7fc30b400700 1 --2- >> [v2:172.21.15.19:3300/0,v1:172.21.15.19:6789/0] conn(0x7fc30c10a0f0 0x7fc30c10a510 unknown :-1 s=HELLO_CONNECTING pgs=0 cs=0 l=0 rev1=1 crypto rx=0 tx=0 comp rx=0 tx=0).handle_hello peer v2:172.21.15.19:3300/0 says I am v2:172.21.15.19:36688/0 (socket says 172.21.15.19:36688)
2024-03-18T15:07:25.446 INFO:teuthology.orchestra.run.smithi019.stdout:/usr/bin/ceph: stderr
2024-03-18T15:07:24.430+0000 7fc30b400700 1 -- 172.21.15.19:0/600068722 learned_addr learned my addr 172.21.15.19:0/600068722 (peer_addr_for_me v2:172.21.15.19:0/0)
2024-03-18T15:07:25.446 INFO:teuthology.orchestra.run.smithi019.stdout:/usr/bin/ceph: stderr
2024-03-18T15:07:24.430+0000 7fc30b400700 1 -- 172.21.15.19:0/600068722 --> [v2:172.21.15.19:3300/0,v1:172.21.15.19:6789/0] -- mon_subscribe({config=0+,monmap=0+}) -- 0x7fc30c10ac60 con 0x7fc30c10a0f0
2024-03-18T15:07:25.446 INFO:teuthology.orchestra.run.smithi019.stdout:/usr/bin/ceph: stderr
2024-03-18T15:07:24.431+0000 7fc30b400700 1 --2- 172.21.15.19:0/600068722 >> [v2:172.21.15.19:3300/0,v1:172.21.15.19:6789/0] conn(0x7fc30c10a0f0 0x7fc30c10a510 secure :-1 s=READY pgs=78 cs=0 l=1 rev1=1 crypto rx=0x7fc2fc0098a0 tx=0x7fc2fc009bb0 comp rx=0 tx=0).ready entity=mon.0 client_cookie=15638e202085a5a server_cookie=0 in_seq=0 out_seq=0
2024-03-18T15:07:25.446 INFO:teuthology.orchestra.run.smithi019.stdout:/usr/bin/ceph: stderr
2024-03-18T15:07:24.431+0000 7fc30aa00700 1 -- 172.21.15.19:0/600068722 <== mon.0 v2:172.21.15.19:3300/0 1 ==== mon_map magic: 0 ==== 205+0+0 (secure 0 0 0) 0x7fc2fc004160 con 0x7fc30c10a0f0
2024-03-18T15:07:25.448 INFO:teuthology.orchestra.run.smithi019.stdout:/usr/bin/ceph: stderr
2024-03-18T15:07:24.431+0000 7fc30aa00700 1 -- 172.21.15.19:0/600068722 <== mon.0 v2:172.21.15.19:3300/0 2 ==== config(27 keys) ==== 1140+0+0 (secure 0 0 0) 0x7fc2fc004300 con 0x7fc30c10a0f0
2024-03-18T15:07:25.449 INFO:teuthology.orchestra.run.smithi019.stdout:/usr/bin/ceph: stderr
2024-03-18T15:07:24.431+0000 7fc30aa00700 1 -- 172.21.15.19:0/600068722 <== mon.0 v2:172.21.15.19:3300/0 3 ==== mon_map magic: 0 ==== 205+0+0 (secure 0 0 0) 0x7fc2fc011b20 con 0x7fc30c10a0f0
2024-03-18T15:07:25.449 INFO:teuthology.orchestra.run.smithi019.stdout:/usr/bin/ceph: stderr
2024-03-18T15:07:24.432+0000 7fc312400700 1 -- 172.21.15.19:0/600068722 >> [v2:172.21.15.19:3300/0,v1:172.21.15.19:6789/0] conn(0x7fc30c10a0f0 msgr2=0x7fc30c10a510 secure :-1 s=STATE_CONNECTION_ESTABLISHED l=1).mark_down
2024-03-18T15:07:25.449 INFO:teuthology.orchestra.run.smithi019.stdout:/usr/bin/ceph: stderr
2024-03-18T15:07:24.432+0000 7fc312400700 1 --2- 172.21.15.19:0/600068722 >> [v2:172.21.15.19:3300/0,v1:172.21.15.19:6789/0] conn(0x7fc30c10a0f0 0x7fc30c10a510 secure :-1 s=READY pgs=78 cs=0 l=1 rev1=1 crypto rx=0x7fc2fc0098a0 tx=0x7fc2fc009bb0 comp rx=0 tx=0).stop
2024-03-18T15:07:25.449 INFO:teuthology.orchestra.run.smithi019.stdout:/usr/bin/ceph: stderr
2024-03-18T15:07:24.432+0000 7fc312400700 1 -- 172.21.15.19:0/600068722 shutdown_connections
2024-03-18T15:07:25.449 INFO:teuthology.orchestra.run.smithi019.stdout:/usr/bin/ceph: stderr
2024-03-18T15:07:24.432+0000 7fc312400700 1 --2- 172.21.15.19:0/600068722 >> [v2:172.21.15.19:3300/0,v1:172.21.15.19:6789/0] conn(0x7fc30c10a0f0 0x7fc30c10a510 unknown :-1 s=CLOSED pgs=78 cs=0 l=1 rev1=1 crypto rx=0 tx=0 comp rx=0 tx=0).stop
2024-03-18T15:07:25.449 INFO:teuthology.orchestra.run.smithi019.stdout:/usr/bin/ceph: stderr
2024-03-18T15:07:24.432+0000 7fc312400700 1 -- 172.21.15.19:0/600068722 >> 172.21.15.19:0/600068722 conn(0x7fc30c07d2c0 msgr2=0x7fc30c07d6d0 unknown :-1 s=STATE_NONE l=0).mark_down
2024-03-18T15:07:25.449 INFO:teuthology.orchestra.run.smithi019.stdout:/usr/bin/ceph: stderr
2024-03-18T15:07:24.432+0000 7fc312400700 1 -- 172.21.15.19:0/600068722 shutdown_connections
2024-03-18T15:07:25.449 INFO:teuthology.orchestra.run.smithi019.stdout:/usr/bin/ceph: stderr
2024-03-18T15:07:24.432+0000 7fc312400700 1 -- 172.21.15.19:0/600068722 wait complete.
2024-03-18T15:07:25.449 INFO:teuthology.orchestra.run.smithi019.stdout:/usr/bin/ceph: stderr
