2024-03-18T15:21:33.860+0000 7f8a13e00700 1 --2- 172.21.15.3:0/1295969704 >> [v2:172.21.15.3:6800/2768228173,v1:172.21.15.3:6801/2768228173] conn(0x7f89fc038f20 0x7f89fc03b3e0 unknown :-1 s=START_CONNECT pgs=0 cs=0 l=1 rev1=0 crypto rx=0 tx=0 comp rx=0 tx=0)._fault waiting 0.800000
2024-03-18T15:21:41.088 INFO:teuthology.orchestra.run.smithi003.stdout:/usr/bin/ceph: stderr
2024-03-18T15:21:34.661+0000 7f8a13e00700 1 -- 172.21.15.3:0/1295969704 >> [v2:172.21.15.3:6800/2768228173,v1:172.21.15.3:6801/2768228173] conn(0x7f89fc038f20 msgr2=0x7f89fc03b3e0 unknown :-1 s=STATE_CONNECTING_RE l=1).process reconnect failed to v2:172.21.15.3:6800/2768228173
2024-03-18T15:21:41.088 INFO:teuthology.orchestra.run.smithi003.stdout:/usr/bin/ceph: stderr
2024-03-18T15:21:34.661+0000 7f8a13e00700 1 --2- 172.21.15.3:0/1295969704 >> [v2:172.21.15.3:6800/2768228173,v1:172.21.15.3:6801/2768228173] conn(0x7f89fc038f20 0x7f89fc03b3e0 unknown :-1 s=START_CONNECT pgs=0 cs=0 l=1 rev1=0 crypto rx=0 tx=0 comp rx=0 tx=0)._fault waiting 1.600000
2024-03-18T15:21:41.088 INFO:teuthology.orchestra.run.smithi003.stdout:/usr/bin/ceph: stderr
2024-03-18T15:21:36.263+0000 7f8a13e00700 1 -- 172.21.15.3:0/1295969704 >> [v2:172.21.15.3:6800/2768228173,v1:172.21.15.3:6801/2768228173] conn(0x7f89fc038f20 msgr2=0x7f89fc03b3e0 unknown :-1 s=STATE_CONNECTING_RE l=1).process reconnect failed to v2:172.21.15.3:6800/2768228173
2024-03-18T15:21:41.088 INFO:teuthology.orchestra.run.smithi003.stdout:/usr/bin/ceph: stderr
2024-03-18T15:21:36.263+0000 7f8a13e00700 1 --2- 172.21.15.3:0/1295969704 >> [v2:172.21.15.3:6800/2768228173,v1:172.21.15.3:6801/2768228173] conn(0x7f89fc038f20 0x7f89fc03b3e0 unknown :-1 s=START_CONNECT pgs=0 cs=0 l=1 rev1=0 crypto rx=0 tx=0 comp rx=0 tx=0)._fault waiting 3.200000
2024-03-18T15:21:41.088 INFO:teuthology.orchestra.run.smithi003.stdout:/usr/bin/ceph: stderr
2024-03-18T15:21:39.418+0000 7f8a11600700 1 -- 172.21.15.3:0/1295969704 <== mon.0 v2:172.21.15.3:3300/0 6 ==== mgrmap(e 6) ==== 45873+0+0 (secure 0 0 0) 0x7f8a0801a5e0 con 0x7f8a14107f70
2024-03-18T15:21:41.088 INFO:teuthology.orchestra.run.smithi003.stdout:/usr/bin/ceph: stderr
2024-03-18T15:21:39.418+0000 7f8a11600700 1 -- 172.21.15.3:0/1295969704 >> [v2:172.21.15.3:6800/2768228173,v1:172.21.15.3:6801/2768228173] conn(0x7f89fc038f20 msgr2=0x7f89fc03b3e0 unknown :-1 s=STATE_CONNECTING l=1).mark_down
2024-03-18T15:21:41.088 INFO:teuthology.orchestra.run.smithi003.stdout:/usr/bin/ceph: stderr
2024-03-18T15:21:39.418+0000 7f8a11600700 1 --2- 172.21.15.3:0/1295969704 >> [v2:172.21.15.3:6800/2768228173,v1:172.21.15.3:6801/2768228173] conn(0x7f89fc038f20 0x7f89fc03b3e0 unknown :-1 s=START_CONNECT pgs=0 cs=0 l=1 rev1=0 crypto rx=0 tx=0 comp rx=0 tx=0).stop
2024-03-18T15:21:41.088 INFO:teuthology.orchestra.run.smithi003.stdout:/usr/bin/ceph: stderr
2024-03-18T15:21:40.423+0000 7f8a11600700 1 -- 172.21.15.3:0/1295969704 <== mon.0 v2:172.21.15.3:3300/0 7 ==== mgrmap(e 7) ==== 46000+0+0 (secure 0 0 0) 0x7f8a08029d20 con 0x7f8a14107f70
2024-03-18T15:21:41.088 INFO:teuthology.orchestra.run.smithi003.stdout:/usr/bin/ceph: stderr
2024-03-18T15:21:40.423+0000 7f8a11600700 1 --2- 172.21.15.3:0/1295969704 >> [v2:172.21.15.3:6800/1755254092,v1:172.21.15.3:6801/1755254092] conn(0x7f89fc03c810 0x7f89fc03ec00 unknown :-1 s=NONE pgs=0 cs=0 l=1 rev1=0 crypto rx=0 tx=0 comp rx=0 tx=0).connect
2024-03-18T15:21:41.088 INFO:teuthology.orchestra.run.smithi003.stdout:/usr/bin/ceph: stderr
2024-03-18T15:21:40.423+0000 7f8a11600700 1 -- 172.21.15.3:0/1295969704 --> [v2:172.21.15.3:6800/1755254092,v1:172.21.15.3:6801/1755254092] -- command(tid 0: {"prefix": "get_command_descriptions"}) -- 0x7f8a08012ea0 con 0x7f89fc03c810
2024-03-18T15:21:41.088 INFO:teuthology.orchestra.run.smithi003.stdout:/usr/bin/ceph: stderr
2024-03-18T15:21:40.426+0000 7f8a13e00700 1 --2- 172.21.15.3:0/1295969704 >> [v2:172.21.15.3:6800/1755254092,v1:172.21.15.3:6801/1755254092] conn(0x7f89fc03c810 0x7f89fc03ec00 unknown :-1 s=BANNER_CONNECTING pgs=0 cs=0 l=1 rev1=0 crypto rx=0 tx=0 comp rx=0 tx=0)._handle_peer_banner_payload supported=3 required=0
2024-03-18T15:21:41.088 INFO:teuthology.orchestra.run.smithi003.stdout:/usr/bin/ceph: stderr
2024-03-18T15:21:40.428+0000 7f8a13e00700 1 --2- 172.21.15.3:0/1295969704 >> [v2:172.21.15.3:6800/1755254092,v1:172.21.15.3:6801/1755254092] conn(0x7f89fc03c810 0x7f89fc03ec00 secure :-1 s=READY pgs=2 cs=0 l=1 rev1=1 crypto rx=0x7f8a00003a10 tx=0x7f8a000092b0 comp rx=0 tx=0).ready entity=mgr.14120 client_cookie=0 server_cookie=0 in_seq=0 out_seq=0
2024-03-18T15:21:41.088 INFO:teuthology.orchestra.run.smithi003.stdout:/usr/bin/ceph: stderr
2024-03-18T15:21:40.430+0000 7f8a11600700 1 -- 172.21.15.3:0/1295969704 <== mgr.14120 v2:172.21.15.3:6800/1755254092 1 ==== command_reply(tid 0: 0 ) ==== 8+0+7774 (secure 0 0 0) 0x7f8a08012ea0 con 0x7f89fc03c810
2024-03-18T15:21:41.089 INFO:teuthology.orchestra.run.smithi003.stdout:/usr/bin/ceph: stderr
2024-03-18T15:21:40.438+0000 7f8a1b400700 1 -- 172.21.15.3:0/1295969704 --> [v2:172.21.15.3:6800/1755254092,v1:172.21.15.3:6801/1755254092] -- command(tid 1: {"prefix": "mgr_status"}) -- 0x7f8a14063900 con 0x7f89fc03c810
2024-03-18T15:21:41.089 INFO:teuthology.orchestra.run.smithi003.stdout:/usr/bin/ceph: stderr
2024-03-18T15:21:40.438+0000 7f8a11600700 1 -- 172.21.15.3:0/1295969704 <== mgr.14120 v2:172.21.15.3:6800/1755254092 2 ==== command_reply(tid 1: 0 ) ==== 8+0+51 (secure 0 0 0) 0x7f8a14063900 con 0x7f89fc03c810
2024-03-18T15:21:41.089 INFO:teuthology.orchestra.run.smithi003.stdout:/usr/bin/ceph: stderr
2024-03-18T15:21:40.439+0000 7f8a1b400700 1 -- 172.21.15.3:0/1295969704 >> [v2:172.21.15.3:6800/1755254092,v1:172.21.15.3:6801/1755254092] conn(0x7f89fc03c810 msgr2=0x7f89fc03ec00 secure :-1 s=STATE_CONNECTION_ESTABLISHED l=1).mark_down
2024-03-18T15:21:41.089 INFO:teuthology.orchestra.run.smithi003.stdout:/usr/bin/ceph: stderr
2024-03-18T15:21:40.439+0000 7f8a1b400700 1 --2- 172.21.15.3:0/1295969704 >> [v2:172.21.15.3:6800/1755254092,v1:172.21.15.3:6801/1755254092] conn(0x7f89fc03c810 0x7f89fc03ec00 secure :-1 s=READY pgs=2 cs=0 l=1 rev1=1 crypto rx=0x7f8a00003a10 tx=0x7f8a000092b0 comp rx=0 tx=0).stop
2024-03-18T15:21:41.089 INFO:teuthology.orchestra.run.smithi003.stdout:/usr/bin/ceph: stderr
2024-03-18T15:21:40.439+0000 7f8a1b400700 1 -- 172.21.15.3:0/1295969704 >> [v2:172.21.15.3:3300/0,v1:172.21.15.3:6789/0] conn(0x7f8a14107f70 msgr2=0x7f8a1419e1f0 secure :-1 s=STATE_CONNECTION_ESTABLISHED l=1).mark_down
2024-03-18T15:21:41.089 INFO:teuthology.orchestra.run.smithi003.stdout:/usr/bin/ceph: stderr
2024-03-18T15:21:40.439+0000 7f8a1b400700 1 --2- 172.21.15.3:0/1295969704 >> [v2:172.21.15.3:3300/0,v1:172.21.15.3:6789/0] conn(0x7f8a14107f70 0x7f8a1419e1f0 secure :-1 s=READY pgs=29 cs=0 l=1 rev1=1 crypto rx=0x7f8a08009fb0 tx=0x7f8a08003980 comp rx=0 tx=0).stop
2024-03-18T15:21:41.089 INFO:teuthology.orchestra.run.smithi003.stdout:/usr/bin/ceph: stderr
2024-03-18T15:21:40.439+0000 7f8a1b400700 1 -- 172.21.15.3:0/1295969704 shutdown_connections
2024-03-18T15:21:41.089 INFO:teuthology.orchestra.run.smithi003.stdout:/usr/bin/ceph: stderr
2024-03-18T15:21:40.439+0000 7f8a1b400700 1 --2- 172.21.15.3:0/1295969704 >> [v2:172.21.15.3:6800/1755254092,v1:172.21.15.3:6801/1755254092] conn(0x7f89fc03c810 0x7f89fc03ec00 unknown :-1 s=CLOSED pgs=2 cs=0 l=1 rev1=1 crypto rx=0 tx=0 comp rx=0 tx=0).stop
2024-03-18T15:21:41.089 INFO:teuthology.orchestra.run.smithi003.stdout:/usr/bin/ceph: stderr
2024-03-18T15:21:40.439+0000 7f8a1b400700 1 --2- 172.21.15.3:0/1295969704 >> [v2:172.21.15.3:3300/0,v1:172.21.15.3:6789/0] conn(0x7f8a14107f70 0x7f8a1419e1f0 unknown :-1 s=CLOSED pgs=29 cs=0 l=1 rev1=1 crypto rx=0 tx=0 comp rx=0 tx=0).stop
2024-03-18T15:21:41.089 INFO:teuthology.orchestra.run.smithi003.stdout:/usr/bin/ceph: stderr
2024-03-18T15:21:40.439+0000 7f8a1b400700 1 --2- 172.21.15.3:0/1295969704 >> [v2:172.21.15.3:6800/2768228173,v1:172.21.15.3:6801/2768228173] conn(0x7f89fc038f20 0x7f89fc03b3e0 unknown :-1 s=CLOSED pgs=0 cs=0 l=1 rev1=0 crypto rx=0 tx=0 comp rx=0 tx=0).stop
2024-03-18T15:21:41.089 INFO:teuthology.orchestra.run.smithi003.stdout:/usr/bin/ceph: stderr
2024-03-18T15:21:40.439+0000 7f8a1b400700 1 -- 172.21.15.3:0/1295969704 >> 172.21.15.3:0/1295969704 conn(0x7f8a14103570 msgr2=0x7f8a14103fe0 unknown :-1 s=STATE_NONE l=0).mark_down
2024-03-18T15:21:41.089 INFO:teuthology.orchestra.run.smithi003.stdout:/usr/bin/ceph: stderr
2024-03-18T15:21:40.439+0000 7f8a1b400700 1 -- 172.21.15.3:0/1295969704 shutdown_connections
2024-03-18T15:21:41.089 INFO:teuthology.orchestra.run.smithi003.stdout:/usr/bin/ceph: stderr
2024-03-18T15:21:40.439+0000 7f8a1b400700 1 -- 172.21.15.3:0/1295969704 wait complete.
2024-03-18T15:21:41.089 INFO:teuthology.orchestra.run.smithi003.stdout:mgr epoch 5 is available
2024-03-18T15:21:41.090 INFO:teuthology.orchestra.run.smithi003.stdout:Setting orchestrator backend to cephadm...
2024-03-18T15:21:41.680 INFO:journalctl@ceph.mon.a.smithi003.stdout:Mar 18 15:21:41 smithi003 ceph-mon[31791]: from='client.14124 -' entity='client.admin' cmd=[{"prefix": "mgr_status"}]: dispatch
2024-03-18T15:21:41.680 INFO:journalctl@ceph.mon.a.smithi003.stdout:Mar 18 15:21:41 smithi003 ceph-mon[31791]: [18/Mar/2024:15:21:41] ENGINE Bus STARTING
2024-03-18T15:21:41.680 INFO:journalctl@ceph.mon.a.smithi003.stdout:Mar 18 15:21:41 smithi003 ceph-mon[31791]: [18/Mar/2024:15:21:41] ENGINE Serving on https://172.21.15.3:7150
2024-03-18T15:21:41.680 INFO:journalctl@ceph.mon.a.smithi003.stdout:Mar 18 15:21:41 smithi003 ceph-mon[31791]: from='mgr.14120 172.21.15.3:0/7352828' entity='mgr.x' cmd=[{"prefix": "config dump", "format": "json"}]: dispatch
2024-03-18T15:21:42.608 INFO:journalctl@ceph.mon.a.smithi003.stdout:Mar 18 15:21:42 smithi003 ceph-mon[31791]: [18/Mar/2024:15:21:41] ENGINE Serving on http://172.21.15.3:8765
2024-03-18T15:21:42.608 INFO:journalctl@ceph.mon.a.smithi003.stdout:Mar 18 15:21:42 smithi003 ceph-mon[31791]: [18/Mar/2024:15:21:41] ENGINE Bus STARTED
2024-03-18T15:21:42.608 INFO:journalctl@ceph.mon.a.smithi003.stdout:Mar 18 15:21:42 smithi003 ceph-mon[31791]: mgrmap e8: x(active, since 2s)
2024-03-18T15:21:42.609 INFO:journalctl@ceph.mon.a.smithi003.stdout:Mar 18 15:21:42 smithi003 ceph-mon[31791]: from='client.14132 -' entity='client.admin' cmd=[{"prefix": "orch set backend", "module_name": "cephadm", "target": ["mon-mgr", ""]}]: dispatch
2024-03-18T15:21:42.609 INFO:journalctl@ceph.mon.a.smithi003.stdout:Mar 18 15:21:42 smithi003 ceph-mon[31791]: from='mgr.14120 172.21.15.3:0/7352828' entity='mgr.x'
2024-03-18T15:21:42.609 INFO:journalctl@ceph.mon.a.smithi003.stdout:Mar 18 15:21:42 smithi003 ceph-mon[31791]: from='mgr.14120 172.21.15.3:0/7352828' entity='mgr.x' cmd=[{"prefix": "config dump", "format": "json"}]: dispatch
2024-03-18T15:21:42.615 INFO:teuthology.orchestra.run.smithi003.stdout:/usr/bin/ceph: stderr
2024-03-18T15:21:41.678+0000 7f9a06c00700 1 Processor -- start
2024-03-18T15:21:42.622 INFO:teuthology.orchestra.run.smithi003.stdout:/usr/bin/ceph: stderr
2024-03-18T15:21:41.679+0000 7f9a06c00700 1 -- start start
2024-03-18T15:21:42.622 INFO:teuthology.orchestra.run.smithi003.stdout:/usr/bin/ceph: stderr
2024-03-18T15:21:41.679+0000 7f9a06c00700 1 --2- >> [v2:172.21.15.3:3300/0,v1:172.21.15.3:6789/0] conn(0x7f9a00107f70 0x7f9a00108390 unknown :-1 s=NONE pgs=0 cs=0 l=0 rev1=0 crypto rx=0 tx=0 comp rx=0 tx=0).connect
2024-03-18T15:21:42.622 INFO:teuthology.orchestra.run.smithi003.stdout:/usr/bin/ceph: stderr
2024-03-18T15:21:41.679+0000 7f9a06c00700 1 -- --> [v2:172.21.15.3:3300/0,v1:172.21.15.3:6789/0] -- mon_getmap magic: 0 -- 0x7f9a001088d0 con 0x7f9a00107f70
2024-03-18T15:21:42.622 INFO:teuthology.orchestra.run.smithi003.stdout:/usr/bin/ceph: stderr
2024-03-18T15:21:41.679+0000 7f99ffe00700 1 --2- >> [v2:172.21.15.3:3300/0,v1:172.21.15.3:6789/0] conn(0x7f9a00107f70 0x7f9a00108390 unknown :-1 s=BANNER_CONNECTING pgs=0 cs=0 l=0 rev1=0 crypto rx=0 tx=0 comp rx=0 tx=0)._handle_peer_banner_payload supported=3 required=0
2024-03-18T15:21:42.622 INFO:teuthology.orchestra.run.smithi003.stdout:/usr/bin/ceph: stderr
2024-03-18T15:21:41.679+0000 7f99ffe00700 1 --2- >> [v2:172.21.15.3:3300/0,v1:172.21.15.3:6789/0] conn(0x7f9a00107f70 0x7f9a00108390 unknown :-1 s=HELLO_CONNECTING pgs=0 cs=0 l=0 rev1=1 crypto rx=0 tx=0 comp rx=0 tx=0).handle_hello peer v2:172.21.15.3:3300/0 says I am v2:172.21.15.3:40988/0 (socket says 172.21.15.3:40988)
2024-03-18T15:21:42.623 INFO:teuthology.orchestra.run.smithi003.stdout:/usr/bin/ceph: stderr
2024-03-18T15:21:41.679+0000 7f99ffe00700 1 -- 172.21.15.3:0/2512966102 learned_addr learned my addr 172.21.15.3:0/2512966102 (peer_addr_for_me v2:172.21.15.3:0/0)
2024-03-18T15:21:42.623 INFO:teuthology.orchestra.run.smithi003.stdout:/usr/bin/ceph: stderr
2024-03-18T15:21:41.680+0000 7f99ffe00700 1 -- 172.21.15.3:0/2512966102 --> [v2:172.21.15.3:3300/0,v1:172.21.15.3:6789/0] -- mon_subscribe({config=0+,monmap=0+}) -- 0x7f9a00109080 con 0x7f9a00107f70
2024-03-18T15:21:42.623 INFO:teuthology.orchestra.run.smithi003.stdout:/usr/bin/ceph: stderr
2024-03-18T15:21:41.680+0000 7f99ffe00700 1 --2- 172.21.15.3:0/2512966102 >> [v2:172.21.15.3:3300/0,v1:172.21.15.3:6789/0] conn(0x7f9a00107f70 0x7f9a00108390 secure :-1 s=READY pgs=37 cs=0 l=1 rev1=1 crypto rx=0x7f99f00098a0 tx=0x7f99f0009bb0 comp rx=0 tx=0).ready entity=mon.0 client_cookie=5f41fd444daeab9c server_cookie=0 in_seq=0 out_seq=0
2024-03-18T15:21:42.623 INFO:teuthology.orchestra.run.smithi003.stdout:/usr/bin/ceph: stderr
2024-03-18T15:21:41.681+0000 7f99ff400700 1 -- 172.21.15.3:0/2512966102 <== mon.0 v2:172.21.15.3:3300/0 1 ==== mon_map magic: 0 ==== 205+0+0 (secure 0 0 0) 0x7f99f0004160 con 0x7f9a00107f70
2024-03-18T15:21:42.623 INFO:teuthology.orchestra.run.smithi003.stdout:/usr/bin/ceph: stderr
2024-03-18T15:21:41.681+0000 7f99ff400700 1 -- 172.21.15.3:0/2512966102 <== mon.0 v2:172.21.15.3:3300/0 2 ==== config(29 keys) ==== 1178+0+0 (secure 0 0 0) 0x7f99f0004300 con 0x7f9a00107f70
2024-03-18T15:21:42.623 INFO:teuthology.orchestra.run.smithi003.stdout:/usr/bin/ceph: stderr
2024-03-18T15:21:41.681+0000 7f99ff400700 1 -- 172.21.15.3:0/2512966102 <== mon.0 v2:172.21.15.3:3300/0 3 ==== mon_map magic: 0 ==== 205+0+0 (secure 0 0 0) 0x7f99f0011cc0 con 0x7f9a00107f70
2024-03-18T15:21:42.623 INFO:teuthology.orchestra.run.smithi003.stdout:/usr/bin/ceph: stderr
2024-03-18T15:21:41.681+0000 7f9a06c00700 1 -- 172.21.15.3:0/2512966102 >> [v2:172.21.15.3:3300/0,v1:172.21.15.3:6789/0] conn(0x7f9a00107f70 msgr2=0x7f9a00108390 secure :-1 s=STATE_CONNECTION_ESTABLISHED l=1).mark_down
2024-03-18T15:21:42.623 INFO:teuthology.orchestra.run.smithi003.stdout:/usr/bin/ceph: stderr
2024-03-18T15:21:41.681+0000 7f9a06c00700 1 --2- 172.21.15.3:0/2512966102 >> [v2:172.21.15.3:3300/0,v1:172.21.15.3:6789/0] conn(0x7f9a00107f70 0x7f9a00108390 secure :-1 s=READY pgs=37 cs=0 l=1 rev1=1 crypto rx=0x7f99f00098a0 tx=0x7f99f0009bb0 comp rx=0 tx=0).stop
2024-03-18T15:21:42.623 INFO:teuthology.orchestra.run.smithi003.stdout:/usr/bin/ceph: stderr
2024-03-18T15:21:41.681+0000 7f9a06c00700 1 -- 172.21.15.3:0/2512966102 shutdown_connections
2024-03-18T15:21:42.623 INFO:teuthology.orchestra.run.smithi003.stdout:/usr/bin/ceph: stderr
2024-03-18T15:21:41.681+0000 7f9a06c00700 1 --2- 172.21.15.3:0/2512966102 >> [v2:172.21.15.3:3300/0,v1:172.21.15.3:6789/0] conn(0x7f9a00107f70 0x7f9a00108390 unknown :-1 s=CLOSED pgs=37 cs=0 l=1 rev1=1 crypto rx=0 tx=0 comp rx=0 tx=0).stop
2024-03-18T15:21:42.623 INFO:teuthology.orchestra.run.smithi003.stdout:/usr/bin/ceph: stderr
2024-03-18T15:21:41.682+0000 7f9a06c00700 1 -- 172.21.15.3:0/2512966102 >> 172.21.15.3:0/2512966102 conn(0x7f9a00103570 msgr2=0x7f9a00105990 unknown :-1 s=STATE_NONE l=0).mark_down
2024-03-18T15:21:42.623 INFO:teuthology.orchestra.run.smithi003.stdout:/usr/bin/ceph: stderr
2024-03-18T15:21:41.682+0000 7f9a06c00700 1 -- 172.21.15.3:0/2512966102 shutdown_connections
2024-03-18T15:21:42.623 INFO:teuthology.orchestra.run.smithi003.stdout:/usr/bin/ceph: stderr
2024-03-18T15:21:41.682+0000 7f9a06c00700 1 -- 172.21.15.3:0/2512966102 wait complete.
2024-03-18T15:21:42.623 INFO:teuthology.orchestra.run.smithi003.stdout:/usr/bin/ceph: stderr
2024-03-18T15:21:41.683+0000 7f9a06c00700 1 Processor -- start
2024-03-18T15:21:42.624 INFO:teuthology.orchestra.run.smithi003.stdout:/usr/bin/ceph: stderr
2024-03-18T15:21:41.683+0000 7f9a06c00700 1 -- start start
2024-03-18T15:21:42.624 INFO:teuthology.orchestra.run.smithi003.stdout:/usr/bin/ceph: stderr
2024-03-18T15:21:41.684+0000 7f9a06c00700 1 --2- >> [v2:172.21.15.3:3300/0,v1:172.21.15.3:6789/0] conn(0x7f9a00107f70 0x7f9a0007db80 unknown :-1 s=NONE pgs=0 cs=0 l=1 rev1=0 crypto rx=0 tx=0 comp rx=0 tx=0).connect
2024-03-18T15:21:42.624 INFO:teuthology.orchestra.run.smithi003.stdout:/usr/bin/ceph: stderr
2024-03-18T15:21:41.684+0000 7f9a06c00700 1 -- --> [v2:172.21.15.3:3300/0,v1:172.21.15.3:6789/0] -- mon_getmap magic: 0 -- 0x7f9a0010c4c0 con 0x7f9a00107f70
2024-03-18T15:21:42.624 INFO:teuthology.orchestra.run.smithi003.stdout:/usr/bin/ceph: stderr
2024-03-18T15:21:41.684+0000 7f99ffe00700 1 --2- >> [v2:172.21.15.3:3300/0,v1:172.21.15.3:6789/0] conn(0x7f9a00107f70 0x7f9a0007db80 unknown :-1 s=BANNER_CONNECTING pgs=0 cs=0 l=1 rev1=0 crypto rx=0 tx=0 comp rx=0 tx=0)._handle_peer_banner_payload supported=3 required=0
2024-03-18T15:21:42.624 INFO:teuthology.orchestra.run.smithi003.stdout:/usr/bin/ceph: stderr
2024-03-18T15:21:41.684+0000 7f99ffe00700 1 --2- >> [v2:172.21.15.3:3300/0,v1:172.21.15.3:6789/0] conn(0x7f9a00107f70 0x7f9a0007db80 unknown :-1 s=HELLO_CONNECTING pgs=0 cs=0 l=1 rev1=1 crypto rx=0 tx=0 comp rx=0 tx=0).handle_hello peer v2:172.21.15.3:3300/0 says I am v2:172.21.15.3:41004/0 (socket says 172.21.15.3:41004)
2024-03-18T15:21:42.624 INFO:teuthology.orchestra.run.smithi003.stdout:/usr/bin/ceph: stderr
2024-03-18T15:21:41.684+0000 7f99ffe00700 1 -- 172.21.15.3:0/1408096629 learned_addr learned my addr 172.21.15.3:0/1408096629 (peer_addr_for_me v2:172.21.15.3:0/0)
2024-03-18T15:21:42.624 INFO:teuthology.orchestra.run.smithi003.stdout:/usr/bin/ceph: stderr
2024-03-18T15:21:41.684+0000 7f99ffe00700 1 -- 172.21.15.3:0/1408096629 --> [v2:172.21.15.3:3300/0,v1:172.21.15.3:6789/0] -- mon_subscribe({config=0+,monmap=0+}) -- 0x7f9a0007e0c0 con 0x7f9a00107f70
2024-03-18T15:21:42.624 INFO:teuthology.orchestra.run.smithi003.stdout:/usr/bin/ceph: stderr
2024-03-18T15:21:41.685+0000 7f99ffe00700 1 --2- 172.21.15.3:0/1408096629 >> [v2:172.21.15.3:3300/0,v1:172.21.15.3:6789/0] conn(0x7f9a00107f70 0x7f9a0007db80 secure :-1 s=READY pgs=38 cs=0 l=1 rev1=1 crypto rx=0x7f99f00038d0 tx=0x7f99f00039b0 comp rx=0 tx=0).ready entity=mon.0 client_cookie=0 server_cookie=0 in_seq=0 out_seq=0
2024-03-18T15:21:42.624 INFO:teuthology.orchestra.run.smithi003.stdout:/usr/bin/ceph: stderr
2024-03-18T15:21:41.685+0000 7f99fd600700 1 -- 172.21.15.3:0/1408096629 <== mon.0 v2:172.21.15.3:3300/0 1 ==== mon_map magic: 0 ==== 205+0+0 (secure 0 0 0) 0x7f99f0003e10 con 0x7f9a00107f70
2024-03-18T15:21:42.624 INFO:teuthology.orchestra.run.smithi003.stdout:/usr/bin/ceph: stderr
2024-03-18T15:21:41.685+0000 7f99fd600700 1 -- 172.21.15.3:0/1408096629 <== mon.0 v2:172.21.15.3:3300/0 2 ==== config(29 keys) ==== 1178+0+0 (secure 0 0 0) 0x7f99f0003fb0 con 0x7f9a00107f70
2024-03-18T15:21:42.624 INFO:teuthology.orchestra.run.smithi003.stdout:/usr/bin/ceph: stderr
2024-03-18T15:21:41.685+0000 7f9a06c00700 1 -- 172.21.15.3:0/1408096629 --> [v2:172.21.15.3:3300/0,v1:172.21.15.3:6789/0] -- mon_subscribe({mgrmap=0+}) -- 0x7f9a0007c2b0 con 0x7f9a00107f70
2024-03-18T15:21:42.624 INFO:teuthology.orchestra.run.smithi003.stdout:/usr/bin/ceph: stderr
2024-03-18T15:21:41.685+0000 7f99fd600700 1 -- 172.21.15.3:0/1408096629 <== mon.0 v2:172.21.15.3:3300/0 3 ==== mon_map magic: 0 ==== 205+0+0 (secure 0 0 0) 0x7f99f0024840 con 0x7f9a00107f70
2024-03-18T15:21:42.624 INFO:teuthology.orchestra.run.smithi003.stdout:/usr/bin/ceph: stderr
2024-03-18T15:21:41.685+0000 7f9a06c00700 1 -- 172.21.15.3:0/1408096629 --> [v2:172.21.15.3:3300/0,v1:172.21.15.3:6789/0] -- mon_subscribe({osdmap=0}) -- 0x7f9a0007c7f0 con 0x7f9a00107f70
2024-03-18T15:21:42.624 INFO:teuthology.orchestra.run.smithi003.stdout:/usr/bin/ceph: stderr
2024-03-18T15:21:41.687+0000 7f9a06c00700 1 -- 172.21.15.3:0/1408096629 --> [v2:172.21.15.3:3300/0,v1:172.21.15.3:6789/0] -- mon_command({"prefix": "get_command_descriptions"} v 0) -- 0x7f9a00063900 con 0x7f9a00107f70
2024-03-18T15:21:42.625 INFO:teuthology.orchestra.run.smithi003.stdout:/usr/bin/ceph: stderr
2024-03-18T15:21:41.687+0000 7f99fd600700 1 -- 172.21.15.3:0/1408096629 <== mon.0 v2:172.21.15.3:3300/0 4 ==== mgrmap(e 8) ==== 46106+0+0 (secure 0 0 0) 0x7f99f0022020 con 0x7f9a00107f70
2024-03-18T15:21:42.625 INFO:teuthology.orchestra.run.smithi003.stdout:/usr/bin/ceph: stderr
2024-03-18T15:21:41.687+0000 7f99fd600700 1 --2- 172.21.15.3:0/1408096629 >> [v2:172.21.15.3:6800/1755254092,v1:172.21.15.3:6801/1755254092] conn(0x7f99e0038f70 0x7f99e003b430 unknown :-1 s=NONE pgs=0 cs=0 l=1 rev1=0 crypto rx=0 tx=0 comp rx=0 tx=0).connect
2024-03-18T15:21:42.625 INFO:teuthology.orchestra.run.smithi003.stdout:/usr/bin/ceph: stderr
2024-03-18T15:21:41.687+0000 7f99fd600700 1 -- 172.21.15.3:0/1408096629 <== mon.0 v2:172.21.15.3:3300/0 5 ==== osd_map(2..2 src has 1..2) ==== 940+0+0 (secure 0 0 0) 0x7f99f004cea0 con 0x7f9a00107f70
2024-03-18T15:21:42.625 INFO:teuthology.orchestra.run.smithi003.stdout:/usr/bin/ceph: stderr
2024-03-18T15:21:41.687+0000 7f99f7400700 1 --2- 172.21.15.3:0/1408096629 >> [v2:172.21.15.3:6800/1755254092,v1:172.21.15.3:6801/1755254092] conn(0x7f99e0038f70 0x7f99e003b430 unknown :-1 s=BANNER_CONNECTING pgs=0 cs=0 l=1 rev1=0 crypto rx=0 tx=0 comp rx=0 tx=0)._handle_peer_banner_payload supported=3 required=0
2024-03-18T15:21:42.625 INFO:teuthology.orchestra.run.smithi003.stdout:/usr/bin/ceph: stderr
2024-03-18T15:21:41.688+0000 7f99f7400700 1 --2- 172.21.15.3:0/1408096629 >> [v2:172.21.15.3:6800/1755254092,v1:172.21.15.3:6801/1755254092] conn(0x7f99e0038f70 0x7f99e003b430 secure :-1 s=READY pgs=7 cs=0 l=1 rev1=1 crypto rx=0x7f99e8006fd0 tx=0x7f99e8006e40 comp rx=0 tx=0).ready entity=mgr.14120 client_cookie=0 server_cookie=0 in_seq=0 out_seq=0
2024-03-18T15:21:42.625 INFO:teuthology.orchestra.run.smithi003.stdout:/usr/bin/ceph: stderr
2024-03-18T15:21:41.693+0000 7f99fd600700 1 -- 172.21.15.3:0/1408096629 <== mon.0 v2:172.21.15.3:3300/0 6 ==== mon_command_ack([{"prefix": "get_command_descriptions"}]=0 v0) ==== 72+0+186149 (secure 0 0 0) 0x7f99f002a2a0 con 0x7f9a00107f70
2024-03-18T15:21:42.625 INFO:teuthology.orchestra.run.smithi003.stdout:/usr/bin/ceph: stderr
2024-03-18T15:21:41.934+0000 7f9a06c00700 1 -- 172.21.15.3:0/1408096629 --> [v2:172.21.15.3:6800/1755254092,v1:172.21.15.3:6801/1755254092] -- mgr_command(tid 0: {"prefix": "orch set backend", "module_name": "cephadm", "target": ["mon-mgr", ""]}) -- 0x7f9a001047e0 con 0x7f99e0038f70
2024-03-18T15:21:42.625 INFO:teuthology.orchestra.run.smithi003.stdout:/usr/bin/ceph: stderr
2024-03-18T15:21:41.949+0000 7f99fd600700 1 -- 172.21.15.3:0/1408096629 <== mgr.14120 v2:172.21.15.3:6800/1755254092 1 ==== mgr_command_reply(tid 0: 0 ) ==== 8+0+0 (secure 0 0 0) 0x7f9a001047e0 con 0x7f99e0038f70
2024-03-18T15:21:42.625 INFO:teuthology.orchestra.run.smithi003.stdout:/usr/bin/ceph: stderr
2024-03-18T15:21:41.952+0000 7f9a06c00700 1 -- 172.21.15.3:0/1408096629 >> [v2:172.21.15.3:6800/1755254092,v1:172.21.15.3:6801/1755254092] conn(0x7f99e0038f70 msgr2=0x7f99e003b430 secure :-1 s=STATE_CONNECTION_ESTABLISHED l=1).mark_down
2024-03-18T15:21:42.625 INFO:teuthology.orchestra.run.smithi003.stdout:/usr/bin/ceph: stderr
2024-03-18T15:21:41.952+0000 7f9a06c00700 1 --2- 172.21.15.3:0/1408096629 >> [v2:172.21.15.3:6800/1755254092,v1:172.21.15.3:6801/1755254092] conn(0x7f99e0038f70 0x7f99e003b430 secure :-1 s=READY pgs=7 cs=0 l=1 rev1=1 crypto rx=0x7f99e8006fd0 tx=0x7f99e8006e40 comp rx=0 tx=0).stop
2024-03-18T15:21:42.625 INFO:teuthology.orchestra.run.smithi003.stdout:/usr/bin/ceph: stderr
2024-03-18T15:21:41.952+0000 7f9a06c00700 1 -- 172.21.15.3:0/1408096629 >> [v2:172.21.15.3:3300/0,v1:172.21.15.3:6789/0] conn(0x7f9a00107f70 msgr2=0x7f9a0007db80 secure :-1 s=STATE_CONNECTION_ESTABLISHED l=1).mark_down
2024-03-18T15:21:42.625 INFO:teuthology.orchestra.run.smithi003.stdout:/usr/bin/ceph: stderr
2024-03-18T15:21:41.952+0000 7f9a06c00700 1 --2- 172.21.15.3:0/1408096629 >> [v2:172.21.15.3:3300/0,v1:172.21.15.3:6789/0] conn(0x7f9a00107f70 0x7f9a0007db80 secure :-1 s=READY pgs=38 cs=0 l=1 rev1=1 crypto rx=0x7f99f00038d0 tx=0x7f99f00039b0 comp rx=0 tx=0).stop
2024-03-18T15:21:42.625 INFO:teuthology.orchestra.run.smithi003.stdout:/usr/bin/ceph: stderr
2024-03-18T15:21:41.952+0000 7f9a06c00700 1 -- 172.21.15.3:0/1408096629 shutdown_connections
2024-03-18T15:21:42.625 INFO:teuthology.orchestra.run.smithi003.stdout:/usr/bin/ceph: stderr
2024-03-18T15:21:41.952+0000 7f9a06c00700 1 --2- 172.21.15.3:0/1408096629 >> [v2:172.21.15.3:6800/1755254092,v1:172.21.15.3:6801/1755254092] conn(0x7f99e0038f70 0x7f99e003b430 unknown :-1 s=CLOSED pgs=7 cs=0 l=1 rev1=1 crypto rx=0 tx=0 comp rx=0 tx=0).stop
2024-03-18T15:21:42.625 INFO:teuthology.orchestra.run.smithi003.stdout:/usr/bin/ceph: stderr
2024-03-18T15:21:41.952+0000 7f9a06c00700 1 --2- 172.21.15.3:0/1408096629 >> [v2:172.21.15.3:3300/0,v1:172.21.15.3:6789/0] conn(0x7f9a00107f70 0x7f9a0007db80 unknown :-1 s=CLOSED pgs=38 cs=0 l=1 rev1=1 crypto rx=0 tx=0 comp rx=0 tx=0).stop
2024-03-18T15:21:42.626 INFO:teuthology.orchestra.run.smithi003.stdout:/usr/bin/ceph: stderr
2024-03-18T15:21:41.952+0000 7f9a06c00700 1 -- 172.21.15.3:0/1408096629 >> 172.21.15.3:0/1408096629 conn(0x7f9a00103570 msgr2=0x7f9a001040d0 unknown :-1 s=STATE_NONE l=0).mark_down
2024-03-18T15:21:42.626 INFO:teuthology.orchestra.run.smithi003.stdout:/usr/bin/ceph: stderr
2024-03-18T15:21:41.953+0000 7f9a06c00700 1 -- 172.21.15.3:0/1408096629 shutdown_connections
2024-03-18T15:21:42.626 INFO:teuthology.orchestra.run.smithi003.stdout:/usr/bin/ceph: stderr
2024-03-18T15:21:41.953+0000 7f9a06c00700 1 -- 172.21.15.3:0/1408096629 wait complete.
2024-03-18T15:21:43.692 INFO:journalctl@ceph.mon.a.smithi003.stdout:Mar 18 15:21:43 smithi003 ceph-mon[31791]: from='client.14134 -' entity='client.admin' cmd=[{"prefix": "cephadm set-user", "user": "root", "target": ["mon-mgr", ""]}]: dispatch
2024-03-18T15:21:44.134 INFO:teuthology.orchestra.run.smithi003.stdout:/usr/bin/ceph: stdout value unchanged
2024-03-18T15:21:44.134 INFO:teuthology.orchestra.run.smithi003.stdout:/usr/bin/ceph: stderr
2024-03-18T15:21:43.177+0000 7f3d45000700 1 Processor -- start
2024-03-18T15:21:44.134 INFO:teuthology.orchestra.run.smithi003.stdout:/usr/bin/ceph: stderr
2024-03-18T15:21:43.177+0000 7f3d45000700 1 -- start start
2024-03-18T15:21:44.135 INFO:teuthology.orchestra.run.smithi003.stdout:/usr/bin/ceph: stderr
2024-03-18T15:21:43.178+0000 7f3d45000700 1 --2- >> [v2:172.21.15.3:3300/0,v1:172.21.15.3:6789/0] conn(0x7f3d4010a260 0x7f3d4010a680 unknown :-1 s=NONE pgs=0 cs=0 l=0 rev1=0 crypto rx=0 tx=0 comp rx=0 tx=0).connect
2024-03-18T15:21:44.135 INFO:teuthology.orchestra.run.smithi003.stdout:/usr/bin/ceph: stderr
2024-03-18T15:21:43.178+0000 7f3d45000700 1 -- --> [v2:172.21.15.3:3300/0,v1:172.21.15.3:6789/0] -- mon_getmap magic: 0 -- 0x7f3d4010ac50 con 0x7f3d4010a260
2024-03-18T15:21:44.135 INFO:teuthology.orchestra.run.smithi003.stdout:/usr/bin/ceph: stderr
2024-03-18T15:21:43.178+0000 7f3d3de00700 1 --2- >> [v2:172.21.15.3:3300/0,v1:172.21.15.3:6789/0] conn(0x7f3d4010a260 0x7f3d4010a680 unknown :-1 s=BANNER_CONNECTING pgs=0 cs=0 l=0 rev1=0 crypto rx=0 tx=0 comp rx=0 tx=0)._handle_peer_banner_payload supported=3 required=0
2024-03-18T15:21:44.135 INFO:teuthology.orchestra.run.smithi003.stdout:/usr/bin/ceph: stderr
2024-03-18T15:21:43.178+0000 7f3d3de00700 1 --2- >> [v2:172.21.15.3:3300/0,v1:172.21.15.3:6789/0] conn(0x7f3d4010a260 0x7f3d4010a680 unknown :-1 s=HELLO_CONNECTING pgs=0 cs=0 l=0 rev1=1 crypto rx=0 tx=0 comp rx=0 tx=0).handle_hello peer v2:172.21.15.3:3300/0 says I am v2:172.21.15.3:48246/0 (socket says 172.21.15.3:48246)
2024-03-18T15:21:44.136 INFO:teuthology.orchestra.run.smithi003.stdout:/usr/bin/ceph: stderr
2024-03-18T15:21:43.178+0000 7f3d3de00700 1 -- 172.21.15.3:0/4198022707 learned_addr learned my addr 172.21.15.3:0/4198022707 (peer_addr_for_me v2:172.21.15.3:0/0)
2024-03-18T15:21:44.137 INFO:teuthology.orchestra.run.smithi003.stdout:/usr/bin/ceph: stderr
2024-03-18T15:21:43.179+0000 7f3d3de00700 1 -- 172.21.15.3:0/4198022707 --> [v2:172.21.15.3:3300/0,v1:172.21.15.3:6789/0] -- mon_subscribe({config=0+,monmap=0+}) -- 0x7f3d4010b350 con 0x7f3d4010a260
2024-03-18T15:21:44.137 INFO:teuthology.orchestra.run.smithi003.stdout:/usr/bin/ceph: stderr
2024-03-18T15:21:43.179+0000 7f3d3de00700 1 --2- 172.21.15.3:0/4198022707 >> [v2:172.21.15.3:3300/0,v1:172.21.15.3:6789/0] conn(0x7f3d4010a260 0x7f3d4010a680 secure :-1 s=READY pgs=39 cs=0 l=1 rev1=1 crypto rx=0x7f3d300098a0 tx=0x7f3d30009bb0 comp rx=0 tx=0).ready entity=mon.0 client_cookie=b827c5b095ab409b server_cookie=0 in_seq=0 out_seq=0
2024-03-18T15:21:44.137 INFO:teuthology.orchestra.run.smithi003.stdout:/usr/bin/ceph: stderr
2024-03-18T15:21:43.179+0000 7f3d3ca00700 1 -- 172.21.15.3:0/4198022707 <== mon.0 v2:172.21.15.3:3300/0 1 ==== mon_map magic: 0 ==== 205+0+0 (secure 0 0 0) 0x7f3d30004160 con 0x7f3d4010a260
2024-03-18T15:21:44.137 INFO:teuthology.orchestra.run.smithi003.stdout:/usr/bin/ceph: stderr
2024-03-18T15:21:43.180+0000 7f3d3ca00700 1 -- 172.21.15.3:0/4198022707 <== mon.0 v2:172.21.15.3:3300/0 2 ==== config(29 keys) ==== 1178+0+0 (secure 0 0 0) 0x7f3d30004300 con 0x7f3d4010a260
2024-03-18T15:21:44.137 INFO:teuthology.orchestra.run.smithi003.stdout:/usr/bin/ceph: stderr
2024-03-18T15:21:43.180+0000 7f3d3ca00700 1 -- 172.21.15.3:0/4198022707 <== mon.0 v2:172.21.15.3:3300/0 3 ==== mon_map magic: 0 ==== 205+0+0 (secure 0 0 0) 0x7f3d30011cc0 con 0x7f3d4010a260
2024-03-18T15:21:44.137 INFO:teuthology.orchestra.run.smithi003.stdout:/usr/bin/ceph: stderr
2024-03-18T15:21:43.180+0000 7f3d45000700 1 -- 172.21.15.3:0/4198022707 >> [v2:172.21.15.3:3300/0,v1:172.21.15.3:6789/0] conn(0x7f3d4010a260 msgr2=0x7f3d4010a680 secure :-1 s=STATE_CONNECTION_ESTABLISHED l=1).mark_down
2024-03-18T15:21:44.137 INFO:teuthology.orchestra.run.smithi003.stdout:/usr/bin/ceph: stderr
2024-03-18T15:21:43.180+0000 7f3d45000700 1 --2- 172.21.15.3:0/4198022707 >> [v2:172.21.15.3:3300/0,v1:172.21.15.3:6789/0] conn(0x7f3d4010a260 0x7f3d4010a680 secure :-1 s=READY pgs=39 cs=0 l=1 rev1=1 crypto rx=0x7f3d300098a0 tx=0x7f3d30009bb0 comp rx=0 tx=0).stop
2024-03-18T15:21:44.137 INFO:teuthology.orchestra.run.smithi003.stdout:/usr/bin/ceph: stderr
2024-03-18T15:21:43.180+0000 7f3d45000700 1 -- 172.21.15.3:0/4198022707 shutdown_connections
2024-03-18T15:21:44.139 INFO:teuthology.orchestra.run.smithi003.stdout:/usr/bin/ceph: stderr
2024-03-18T15:21:43.180+0000 7f3d45000700 1 --2- 172.21.15.3:0/4198022707 >> [v2:172.21.15.3:3300/0,v1:172.21.15.3:6789/0] conn(0x7f3d4010a260 0x7f3d4010a680 unknown :-1 s=CLOSED pgs=39 cs=0 l=1 rev1=1 crypto rx=0 tx=0 comp rx=0 tx=0).stop
2024-03-18T15:21:44.139 INFO:teuthology.orchestra.run.smithi003.stdout:/usr/bin/ceph: stderr
2024-03-18T15:21:43.180+0000 7f3d45000700 1 -- 172.21.15.3:0/4198022707 >> 172.21.15.3:0/4198022707 conn(0x7f3d4007d6d0 msgr2=0x7f3d4007db20 unknown :-1 s=STATE_NONE l=0).mark_down
2024-03-18T15:21:44.139 INFO:teuthology.orchestra.run.smithi003.stdout:/usr/bin/ceph: stderr
2024-03-18T15:21:43.181+0000 7f3d45000700 1 -- 172.21.15.3:0/4198022707 shutdown_connections
2024-03-18T15:21:44.139 INFO:teuthology.orchestra.run.smithi003.stdout:/usr/bin/ceph: stderr
2024-03-18T15:21:43.181+0000 7f3d45000700 1 -- 172.21.15.3:0/4198022707 wait complete.
2024-03-18T15:21:44.139 INFO:teuthology.orchestra.run.smithi003.stdout:/usr/bin/ceph: stderr
2024-03-18T15:21:43.182+0000 7f3d45000700 1 Processor -- start
2024-03-18T15:21:44.139 INFO:teuthology.orchestra.run.smithi003.stdout:/usr/bin/ceph: stderr
2024-03-18T15:21:43.182+0000 7f3d45000700 1 -- start start
2024-03-18T15:21:44.140 INFO:teuthology.orchestra.run.smithi003.stdout:/usr/bin/ceph: stderr
2024-03-18T15:21:43.182+0000 7f3d45000700 1 --2- >> [v2:172.21.15.3:3300/0,v1:172.21.15.3:6789/0] conn(0x7f3d4010a260 0x7f3d4019e1c0 unknown :-1 s=NONE pgs=0 cs=0 l=1 rev1=0 crypto rx=0 tx=0 comp rx=0 tx=0).connect
2024-03-18T15:21:44.140 INFO:teuthology.orchestra.run.smithi003.stdout:/usr/bin/ceph: stderr
2024-03-18T15:21:43.182+0000 7f3d45000700 1 -- --> [v2:172.21.15.3:3300/0,v1:172.21.15.3:6789/0] -- mon_getmap magic: 0 -- 0x7f3d4010e700 con 0x7f3d4010a260
2024-03-18T15:21:44.140 INFO:teuthology.orchestra.run.smithi003.stdout:/usr/bin/ceph: stderr
2024-03-18T15:21:43.182+0000 7f3d3de00700 1 --2- >> [v2:172.21.15.3:3300/0,v1:172.21.15.3:6789/0] conn(0x7f3d4010a260 0x7f3d4019e1c0 unknown :-1 s=BANNER_CONNECTING pgs=0 cs=0 l=1 rev1=0 crypto rx=0 tx=0 comp rx=0 tx=0)._handle_peer_banner_payload supported=3 required=0
2024-03-18T15:21:44.140 INFO:teuthology.orchestra.run.smithi003.stdout:/usr/bin/ceph: stderr
2024-03-18T15:21:43.183+0000 7f3d3de00700 1 --2- >> [v2:172.21.15.3:3300/0,v1:172.21.15.3:6789/0] conn(0x7f3d4010a260 0x7f3d4019e1c0 unknown :-1 s=HELLO_CONNECTING pgs=0 cs=0 l=1 rev1=1 crypto rx=0 tx=0 comp rx=0 tx=0).handle_hello peer v2:172.21.15.3:3300/0 says I am v2:172.21.15.3:48262/0 (socket says 172.21.15.3:48262)
2024-03-18T15:21:44.140 INFO:teuthology.orchestra.run.smithi003.stdout:/usr/bin/ceph: stderr
2024-03-18T15:21:43.183+0000 7f3d3de00700 1 -- 172.21.15.3:0/176908170 learned_addr learned my addr 172.21.15.3:0/176908170 (peer_addr_for_me v2:172.21.15.3:0/0)
2024-03-18T15:21:44.141 INFO:teuthology.orchestra.run.smithi003.stdout:/usr/bin/ceph: stderr
2024-03-18T15:21:43.183+0000 7f3d3de00700 1 -- 172.21.15.3:0/176908170 --> [v2:172.21.15.3:3300/0,v1:172.21.15.3:6789/0] -- mon_subscribe({config=0+,monmap=0+}) -- 0x7f3d4019e700 con 0x7f3d4010a260
2024-03-18T15:21:44.141 INFO:teuthology.orchestra.run.smithi003.stdout:/usr/bin/ceph: stderr
2024-03-18T15:21:43.183+0000 7f3d3de00700 1 --2- 172.21.15.3:0/176908170 >> [v2:172.21.15.3:3300/0,v1:172.21.15.3:6789/0] conn(0x7f3d4010a260 0x7f3d4019e1c0 secure :-1 s=READY pgs=40 cs=0 l=1 rev1=1 crypto rx=0x7f3d30011980 tx=0x7f3d30003980 comp rx=0 tx=0).ready entity=mon.0 client_cookie=0 server_cookie=0 in_seq=0 out_seq=0
2024-03-18T15:21:44.142 INFO:teuthology.orchestra.run.smithi003.stdout:/usr/bin/ceph: stderr
2024-03-18T15:21:43.183+0000 7f3d36a00700 1 -- 172.21.15.3:0/176908170 <== mon.0 v2:172.21.15.3:3300/0 1 ==== mon_map magic: 0 ==== 205+0+0 (secure 0 0 0) 0x7f3d30003db0 con 0x7f3d4010a260
2024-03-18T15:21:44.142 INFO:teuthology.orchestra.run.smithi003.stdout:/usr/bin/ceph: stderr
2024-03-18T15:21:43.184+0000 7f3d36a00700 1 -- 172.21.15.3:0/176908170 <== mon.0 v2:172.21.15.3:3300/0 2 ==== config(29 keys) ==== 1178+0+0 (secure 0 0 0) 0x7f3d30020070 con 0x7f3d4010a260
2024-03-18T15:21:44.142 INFO:teuthology.orchestra.run.smithi003.stdout:/usr/bin/ceph: stderr
2024-03-18T15:21:43.184+0000 7f3d36a00700 1 -- 172.21.15.3:0/176908170 <== mon.0 v2:172.21.15.3:3300/0 3 ==== mon_map magic: 0 ==== 205+0+0 (secure 0 0 0) 0x7f3d30019630 con 0x7f3d4010a260
2024-03-18T15:21:44.142 INFO:teuthology.orchestra.run.smithi003.stdout:/usr/bin/ceph: stderr
2024-03-18T15:21:43.184+0000 7f3d45000700 1 -- 172.21.15.3:0/176908170 --> [v2:172.21.15.3:3300/0,v1:172.21.15.3:6789/0] -- mon_subscribe({mgrmap=0+}) -- 0x7f3d4019e990 con 0x7f3d4010a260
2024-03-18T15:21:44.142 INFO:teuthology.orchestra.run.smithi003.stdout:/usr/bin/ceph: stderr
2024-03-18T15:21:43.184+0000 7f3d45000700 1 -- 172.21.15.3:0/176908170 --> [v2:172.21.15.3:3300/0,v1:172.21.15.3:6789/0] -- mon_subscribe({osdmap=0}) -- 0x7f3d401a1680 con 0x7f3d4010a260
2024-03-18T15:21:44.142 INFO:teuthology.orchestra.run.smithi003.stdout:/usr/bin/ceph: stderr
2024-03-18T15:21:43.185+0000 7f3d36a00700 1 -- 172.21.15.3:0/176908170 <== mon.0 v2:172.21.15.3:3300/0 4 ==== mgrmap(e 8) ==== 46106+0+0 (secure 0 0 0) 0x7f3d30003f50 con 0x7f3d4010a260
2024-03-18T15:21:44.142 INFO:teuthology.orchestra.run.smithi003.stdout:/usr/bin/ceph: stderr
2024-03-18T15:21:43.185+0000 7f3d2be00700 1 -- 172.21.15.3:0/176908170 --> [v2:172.21.15.3:3300/0,v1:172.21.15.3:6789/0] -- mon_command({"prefix": "get_command_descriptions"} v 0) -- 0x7f3d18005330 con 0x7f3d4010a260
2024-03-18T15:21:44.142 INFO:teuthology.orchestra.run.smithi003.stdout:/usr/bin/ceph: stderr
2024-03-18T15:21:43.185+0000 7f3d36a00700 1 --2- 172.21.15.3:0/176908170 >> [v2:172.21.15.3:6800/1755254092,v1:172.21.15.3:6801/1755254092] conn(0x7f3d24038f70 0x7f3d2403b430 unknown :-1 s=NONE pgs=0 cs=0 l=1 rev1=0 crypto rx=0 tx=0 comp rx=0 tx=0).connect
2024-03-18T15:21:44.142 INFO:teuthology.orchestra.run.smithi003.stdout:/usr/bin/ceph: stderr
2024-03-18T15:21:43.186+0000 7f3d36a00700 1 -- 172.21.15.3:0/176908170 <== mon.0 v2:172.21.15.3:3300/0 5 ==== osd_map(2..2 src has 1..2) ==== 940+0+0 (secure 0 0 0) 0x7f3d3004d560 con 0x7f3d4010a260
2024-03-18T15:21:44.144 INFO:teuthology.orchestra.run.smithi003.stdout:/usr/bin/ceph: stderr
2024-03-18T15:21:43.186+0000 7f3d3d400700 1 --2- 172.21.15.3:0/176908170 >> [v2:172.21.15.3:6800/1755254092,v1:172.21.15.3:6801/1755254092] conn(0x7f3d24038f70 0x7f3d2403b430 unknown :-1 s=BANNER_CONNECTING pgs=0 cs=0 l=1 rev1=0 crypto rx=0 tx=0 comp rx=0 tx=0)._handle_peer_banner_payload supported=3 required=0
2024-03-18T15:21:44.144 INFO:teuthology.orchestra.run.smithi003.stdout:/usr/bin/ceph: stderr
2024-03-18T15:21:43.187+0000 7f3d3d400700 1 --2- 172.21.15.3:0/176908170 >> [v2:172.21.15.3:6800/1755254092,v1:172.21.15.3:6801/1755254092] conn(0x7f3d24038f70 0x7f3d2403b430 secure :-1 s=READY pgs=8 cs=0 l=1 rev1=1 crypto rx=0x7f3d2c006fd0 tx=0x7f3d2c006e40 comp rx=0 tx=0).ready entity=mgr.14120 client_cookie=0 server_cookie=0 in_seq=0 out_seq=0
2024-03-18T15:21:44.144 INFO:teuthology.orchestra.run.smithi003.stdout:/usr/bin/ceph: stderr
2024-03-18T15:21:43.192+0000 7f3d36a00700 1 -- 172.21.15.3:0/176908170 <== mon.0 v2:172.21.15.3:3300/0 6 ==== mon_command_ack([{"prefix": "get_command_descriptions"}]=0 v0) ==== 72+0+186149 (secure 0 0 0) 0x7f3d3001a9c0 con 0x7f3d4010a260
2024-03-18T15:21:44.144 INFO:teuthology.orchestra.run.smithi003.stdout:/usr/bin/ceph: stderr
2024-03-18T15:21:43.425+0000 7f3d2be00700 1 -- 172.21.15.3:0/176908170 --> [v2:172.21.15.3:6800/1755254092,v1:172.21.15.3:6801/1755254092] -- mgr_command(tid 0: {"prefix": "cephadm set-user", "user": "root", "target": ["mon-mgr", ""]}) -- 0x7f3d18000bc0 con 0x7f3d24038f70
2024-03-18T15:21:44.144 INFO:teuthology.orchestra.run.smithi003.stdout:/usr/bin/ceph: stderr
2024-03-18T15:21:43.427+0000 7f3d36a00700 1 -- 172.21.15.3:0/176908170 <== mgr.14120 v2:172.21.15.3:6800/1755254092 1 ==== mgr_command_reply(tid 0: 0 ) ==== 8+0+16 (secure 0 0 0) 0x7f3d18000bc0 con 0x7f3d24038f70
2024-03-18T15:21:44.144 INFO:teuthology.orchestra.run.smithi003.stdout:/usr/bin/ceph: stderr
2024-03-18T15:21:43.430+0000 7f3d2be00700 1 -- 172.21.15.3:0/176908170 >> [v2:172.21.15.3:6800/1755254092,v1:172.21.15.3:6801/1755254092] conn(0x7f3d24038f70 msgr2=0x7f3d2403b430 secure :-1 s=STATE_CONNECTION_ESTABLISHED l=1).mark_down
2024-03-18T15:21:44.145 INFO:teuthology.orchestra.run.smithi003.stdout:/usr/bin/ceph: stderr
2024-03-18T15:21:43.430+0000 7f3d2be00700 1 --2- 172.21.15.3:0/176908170 >> [v2:172.21.15.3:6800/1755254092,v1:172.21.15.3:6801/1755254092] conn(0x7f3d24038f70 0x7f3d2403b430 secure :-1 s=READY pgs=8 cs=0 l=1 rev1=1 crypto rx=0x7f3d2c006fd0 tx=0x7f3d2c006e40 comp rx=0 tx=0).stop
2024-03-18T15:21:44.145 INFO:teuthology.orchestra.run.smithi003.stdout:/usr/bin/ceph: stderr
2024-03-18T15:21:43.430+0000 7f3d2be00700 1 -- 172.21.15.3:0/176908170 >> [v2:172.21.15.3:3300/0,v1:172.21.15.3:6789/0] conn(0x7f3d4010a260 msgr2=0x7f3d4019e1c0 secure :-1 s=STATE_CONNECTION_ESTABLISHED l=1).mark_down
2024-03-18T15:21:44.145 INFO:teuthology.orchestra.run.smithi003.stdout:/usr/bin/ceph: stderr
2024-03-18T15:21:43.430+0000 7f3d2be00700 1 --2- 172.21.15.3:0/176908170 >> [v2:172.21.15.3:3300/0,v1:172.21.15.3:6789/0] conn(0x7f3d4010a260 0x7f3d4019e1c0 secure :-1 s=READY pgs=40 cs=0 l=1 rev1=1 crypto rx=0x7f3d30011980 tx=0x7f3d30003980 comp rx=0 tx=0).stop
2024-03-18T15:21:44.145 INFO:teuthology.orchestra.run.smithi003.stdout:/usr/bin/ceph: stderr
2024-03-18T15:21:43.430+0000 7f3d2be00700 1 -- 172.21.15.3:0/176908170 shutdown_connections
2024-03-18T15:21:44.145 INFO:teuthology.orchestra.run.smithi003.stdout:/usr/bin/ceph: stderr
2024-03-18T15:21:43.430+0000 7f3d2be00700 1 --2- 172.21.15.3:0/176908170 >> [v2:172.21.15.3:6800/1755254092,v1:172.21.15.3:6801/1755254092] conn(0x7f3d24038f70 0x7f3d2403b430 unknown :-1 s=CLOSED pgs=8 cs=0 l=1 rev1=1 crypto rx=0 tx=0 comp rx=0 tx=0).stop
2024-03-18T15:21:44.146 INFO:teuthology.orchestra.run.smithi003.stdout:/usr/bin/ceph: stderr
2024-03-18T15:21:43.430+0000 7f3d2be00700 1 --2- 172.21.15.3:0/176908170 >> [v2:172.21.15.3:3300/0,v1:172.21.15.3:6789/0] conn(0x7f3d4010a260 0x7f3d4019e1c0 unknown :-1 s=CLOSED pgs=40 cs=0 l=1 rev1=1 crypto rx=0 tx=0 comp rx=0 tx=0).stop
2024-03-18T15:21:44.146 INFO:teuthology.orchestra.run.smithi003.stdout:/usr/bin/ceph: stderr
2024-03-18T15:21:43.430+0000 7f3d2be00700 1 -- 172.21.15.3:0/176908170 >> 172.21.15.3:0/176908170 conn(0x7f3d4007d6d0 msgr2=0x7f3d40107d50 unknown :-1 s=STATE_NONE l=0).mark_down
2024-03-18T15:21:44.146 INFO:teuthology.orchestra.run.smithi003.stdout:/usr/bin/ceph: stderr
2024-03-18T15:21:43.430+0000 7f3d2be00700 1 -- 172.21.15.3:0/176908170 shutdown_connections
2024-03-18T15:21:44.146 INFO:teuthology.orchestra.run.smithi003.stdout:/usr/bin/ceph: stderr
2024-03-18T15:21:43.430+0000 7f3d2be00700 1 -- 172.21.15.3:0/176908170 wait complete.
2024-03-18T15:21:44.146 INFO:teuthology.orchestra.run.smithi003.stdout:Generating ssh key...
2024-03-18T15:21:45.619 INFO:journalctl@ceph.mgr.x.smithi003.stdout:Mar 18 15:21:45 smithi003 ceph-fe437baa-e53a-11ee-95c9-87774f69a715-mgr-x[32030]: Generating public/private rsa key pair.
2024-03-18T15:21:45.619 INFO:journalctl@ceph.mgr.x.smithi003.stdout:Mar 18 15:21:45 smithi003 ceph-fe437baa-e53a-11ee-95c9-87774f69a715-mgr-x[32030]: Your identification has been saved in /tmp/tmp9untn39c/key.
2024-03-18T15:21:45.619 INFO:journalctl@ceph.mgr.x.smithi003.stdout:Mar 18 15:21:45 smithi003 ceph-fe437baa-e53a-11ee-95c9-87774f69a715-mgr-x[32030]: Your public key has been saved in /tmp/tmp9untn39c/key.pub.
2024-03-18T15:21:45.619 INFO:journalctl@ceph.mgr.x.smithi003.stdout:Mar 18 15:21:45 smithi003 ceph-fe437baa-e53a-11ee-95c9-87774f69a715-mgr-x[32030]: The key fingerprint is:
2024-03-18T15:21:45.619 INFO:journalctl@ceph.mgr.x.smithi003.stdout:Mar 18 15:21:45 smithi003 ceph-fe437baa-e53a-11ee-95c9-87774f69a715-mgr-x[32030]: SHA256:Pm2X+hMNvlft4GrcsY5xoeO/gEN9tpNLAmbCZBP0okU ceph-fe437baa-e53a-11ee-95c9-87774f69a715
2024-03-18T15:21:45.619 INFO:journalctl@ceph.mgr.x.smithi003.stdout:Mar 18 15:21:45 smithi003 ceph-fe437baa-e53a-11ee-95c9-87774f69a715-mgr-x[32030]: The key's randomart image is:
2024-03-18T15:21:45.619 INFO:journalctl@ceph.mgr.x.smithi003.stdout:Mar 18 15:21:45 smithi003 ceph-fe437baa-e53a-11ee-95c9-87774f69a715-mgr-x[32030]: +---[RSA 3072]----+
2024-03-18T15:21:45.619 INFO:journalctl@ceph.mgr.x.smithi003.stdout:Mar 18 15:21:45 smithi003 ceph-fe437baa-e53a-11ee-95c9-87774f69a715-mgr-x[32030]: | .E |
2024-03-18T15:21:45.619 INFO:journalctl@ceph.mgr.x.smithi003.stdout:Mar 18 15:21:45 smithi003 ceph-fe437baa-e53a-11ee-95c9-87774f69a715-mgr-x[32030]: | . o |
2024-03-18T15:21:45.619 INFO:journalctl@ceph.mgr.x.smithi003.stdout:Mar 18 15:21:45 smithi003 ceph-fe437baa-e53a-11ee-95c9-87774f69a715-mgr-x[32030]: | * . |
2024-03-18T15:21:45.619 INFO:journalctl@ceph.mgr.x.smithi003.stdout:Mar 18 15:21:45 smithi003 ceph-fe437baa-e53a-11ee-95c9-87774f69a715-mgr-x[32030]: | * o .. |
2024-03-18T15:21:45.619 INFO:journalctl@ceph.mgr.x.smithi003.stdout:Mar 18 15:21:45 smithi003 ceph-fe437baa-e53a-11ee-95c9-87774f69a715-mgr-x[32030]: | . S =..o+ .|
2024-03-18T15:21:45.620 INFO:journalctl@ceph.mgr.x.smithi003.stdout:Mar 18 15:21:45 smithi003 ceph-fe437baa-e53a-11ee-95c9-87774f69a715-mgr-x[32030]: | . * oo=++o|
2024-03-18T15:21:45.620 INFO:journalctl@ceph.mgr.x.smithi003.stdout:Mar 18 15:21:45 smithi003 ceph-fe437baa-e53a-11ee-95c9-87774f69a715-mgr-x[32030]: | o =.O=** |
2024-03-18T15:21:45.620 INFO:journalctl@ceph.mgr.x.smithi003.stdout:Mar 18 15:21:45 smithi003 ceph-fe437baa-e53a-11ee-95c9-87774f69a715-mgr-x[32030]: | o ==O=o.|
2024-03-18T15:21:45.620 INFO:journalctl@ceph.mgr.x.smithi003.stdout:Mar 18 15:21:45 smithi003 ceph-fe437baa-e53a-11ee-95c9-87774f69a715-mgr-x[32030]: | .o=*=. |
2024-03-18T15:21:45.620 INFO:journalctl@ceph.mgr.x.smithi003.stdout:Mar 18 15:21:45 smithi003 ceph-fe437baa-e53a-11ee-95c9-87774f69a715-mgr-x[32030]: +----[SHA256]-----+
2024-03-18T15:21:45.940 INFO:teuthology.orchestra.run.smithi003.stdout:/usr/bin/ceph: stderr
2024-03-18T15:21:44.694+0000 7f49e3600700 1 Processor -- start
2024-03-18T15:21:45.940 INFO:teuthology.orchestra.run.smithi003.stdout:/usr/bin/ceph: stderr
2024-03-18T15:21:44.694+0000 7f49e3600700 1 -- start start
2024-03-18T15:21:45.940 INFO:teuthology.orchestra.run.smithi003.stdout:/usr/bin/ceph: stderr
2024-03-18T15:21:44.694+0000 7f49e3600700 1 --2- >> [v2:172.21.15.3:3300/0,v1:172.21.15.3:6789/0] conn(0x7f49dc108a40 0x7f49dc10ae30 unknown :-1 s=NONE pgs=0 cs=0 l=0 rev1=0 crypto rx=0 tx=0 comp rx=0 tx=0).connect
2024-03-18T15:21:45.940 INFO:teuthology.orchestra.run.smithi003.stdout:/usr/bin/ceph: stderr
2024-03-18T15:21:44.694+0000 7f49e3600700 1 -- --> [v2:172.21.15.3:3300/0,v1:172.21.15.3:6789/0] -- mon_getmap magic: 0 -- 0x7f49dc07be60 con 0x7f49dc108a40
2024-03-18T15:21:45.940 INFO:teuthology.orchestra.run.smithi003.stdout:/usr/bin/ceph: stderr
2024-03-18T15:21:44.695+0000 7f49e0c00700 1 --2- >> [v2:172.21.15.3:3300/0,v1:172.21.15.3:6789/0] conn(0x7f49dc108a40 0x7f49dc10ae30 unknown :-1 s=BANNER_CONNECTING pgs=0 cs=0 l=0 rev1=0 crypto rx=0 tx=0 comp rx=0 tx=0)._handle_peer_banner_payload supported=3 required=0
2024-03-18T15:21:45.940 INFO:teuthology.orchestra.run.smithi003.stdout:/usr/bin/ceph: stderr
2024-03-18T15:21:44.695+0000 7f49e0c00700 1 --2- >> [v2:172.21.15.3:3300/0,v1:172.21.15.3:6789/0] conn(0x7f49dc108a40 0x7f49dc10ae30 unknown :-1 s=HELLO_CONNECTING pgs=0 cs=0 l=0 rev1=1 crypto rx=0 tx=0 comp rx=0 tx=0).handle_hello peer v2:172.21.15.3:3300/0 says I am v2:172.21.15.3:48266/0 (socket says 172.21.15.3:48266)
2024-03-18T15:21:45.940 INFO:teuthology.orchestra.run.smithi003.stdout:/usr/bin/ceph: stderr
2024-03-18T15:21:44.695+0000 7f49e0c00700 1 -- 172.21.15.3:0/645301721 learned_addr learned my addr 172.21.15.3:0/645301721 (peer_addr_for_me v2:172.21.15.3:0/0)
2024-03-18T15:21:45.940 INFO:teuthology.orchestra.run.smithi003.stdout:/usr/bin/ceph: stderr
2024-03-18T15:21:44.695+0000 7f49e0c00700 1 -- 172.21.15.3:0/645301721 --> [v2:172.21.15.3:3300/0,v1:172.21.15.3:6789/0] -- mon_subscribe({config=0+,monmap=0+}) -- 0x7f49dc10b370 con 0x7f49dc108a40
2024-03-18T15:21:45.941 INFO:teuthology.orchestra.run.smithi003.stdout:/usr/bin/ceph: stderr
2024-03-18T15:21:44.696+0000 7f49e0c00700 1 --2- 172.21.15.3:0/645301721 >> [v2:172.21.15.3:3300/0,v1:172.21.15.3:6789/0] conn(0x7f49dc108a40 0x7f49dc10ae30 secure :-1 s=READY pgs=41 cs=0 l=1 rev1=1 crypto rx=0x7f49d00098a0 tx=0x7f49d0009bb0 comp rx=0 tx=0).ready entity=mon.0 client_cookie=2f5ef382c80f20c2 server_cookie=0 in_seq=0 out_seq=0
2024-03-18T15:21:45.941 INFO:teuthology.orchestra.run.smithi003.stdout:/usr/bin/ceph: stderr
2024-03-18T15:21:44.696+0000 7f49db400700 1 -- 172.21.15.3:0/645301721 <== mon.0 v2:172.21.15.3:3300/0 1 ==== mon_map magic: 0 ==== 205+0+0 (secure 0 0 0) 0x7f49d0004160 con 0x7f49dc108a40
2024-03-18T15:21:45.941 INFO:teuthology.orchestra.run.smithi003.stdout:/usr/bin/ceph: stderr
2024-03-18T15:21:44.696+0000 7f49db400700 1 -- 172.21.15.3:0/645301721 <== mon.0 v2:172.21.15.3:3300/0 2 ==== config(29 keys) ==== 1178+0+0 (secure 0 0 0) 0x7f49d0004300 con 0x7f49dc108a40
2024-03-18T15:21:45.941 INFO:teuthology.orchestra.run.smithi003.stdout:/usr/bin/ceph: stderr
2024-03-18T15:21:44.696+0000 7f49db400700 1 -- 172.21.15.3:0/645301721 <== mon.0 v2:172.21.15.3:3300/0 3 ==== mon_map magic: 0 ==== 205+0+0 (secure 0 0 0) 0x7f49d0011cc0 con 0x7f49dc108a40
2024-03-18T15:21:45.941 INFO:teuthology.orchestra.run.smithi003.stdout:/usr/bin/ceph: stderr
2024-03-18T15:21:44.697+0000 7f49e3600700 1 -- 172.21.15.3:0/645301721 >> [v2:172.21.15.3:3300/0,v1:172.21.15.3:6789/0] conn(0x7f49dc108a40 msgr2=0x7f49dc10ae30 secure :-1 s=STATE_CONNECTION_ESTABLISHED l=1).mark_down
2024-03-18T15:21:45.941 INFO:teuthology.orchestra.run.smithi003.stdout:/usr/bin/ceph: stderr
2024-03-18T15:21:44.697+0000 7f49e3600700 1 --2- 172.21.15.3:0/645301721 >> [v2:172.21.15.3:3300/0,v1:172.21.15.3:6789/0] conn(0x7f49dc108a40 0x7f49dc10ae30 secure :-1 s=READY pgs=41 cs=0 l=1 rev1=1 crypto rx=0x7f49d00098a0 tx=0x7f49d0009bb0 comp rx=0 tx=0).stop
2024-03-18T15:21:45.941 INFO:teuthology.orchestra.run.smithi003.stdout:/usr/bin/ceph: stderr
2024-03-18T15:21:44.697+0000 7f49e3600700 1 -- 172.21.15.3:0/645301721 shutdown_connections
2024-03-18T15:21:45.941 INFO:teuthology.orchestra.run.smithi003.stdout:/usr/bin/ceph: stderr
2024-03-18T15:21:44.697+0000 7f49e3600700 1 --2- 172.21.15.3:0/645301721 >> [v2:172.21.15.3:3300/0,v1:172.21.15.3:6789/0] conn(0x7f49dc108a40 0x7f49dc10ae30 unknown :-1 s=CLOSED pgs=41 cs=0 l=1 rev1=1 crypto rx=0 tx=0 comp rx=0 tx=0).stop
2024-03-18T15:21:45.941 INFO:teuthology.orchestra.run.smithi003.stdout:/usr/bin/ceph: stderr
2024-03-18T15:21:44.697+0000 7f49e3600700 1 -- 172.21.15.3:0/645301721 >> 172.21.15.3:0/645301721 conn(0x7f49dc102430 msgr2=0x7f49dc104850 unknown :-1 s=STATE_NONE l=0).mark_down
2024-03-18T15:21:45.941 INFO:teuthology.orchestra.run.smithi003.stdout:/usr/bin/ceph: stderr
2024-03-18T15:21:44.697+0000 7f49e3600700 1 -- 172.21.15.3:0/645301721 shutdown_connections
