2024-03-18T15:30:55.666+0000 7f04cd3b2700 1 -- 172.21.15.96:0/1957424178 <== mon.0 v2:172.21.15.96:3300/0 3 ==== mon_map magic: 0 ==== 205+0+0 (secure 0 0 0) 0x7f04c4010470 con 0x7f04c8106b50
2024-03-18T15:30:56.461 INFO:teuthology.orchestra.run.smithi096.stdout:/usr/bin/ceph: stderr
2024-03-18T15:30:55.666+0000 7f04d0618700 1 -- 172.21.15.96:0/1957424178 >> [v2:172.21.15.96:3300/0,v1:172.21.15.96:6789/0] conn(0x7f04c8106b50 msgr2=0x7f04c8106f70 secure :-1 s=STATE_CONNECTION_ESTABLISHED l=1).mark_down
2024-03-18T15:30:56.462 INFO:teuthology.orchestra.run.smithi096.stdout:/usr/bin/ceph: stderr
2024-03-18T15:30:55.666+0000 7f04d0618700 1 --2- 172.21.15.96:0/1957424178 >> [v2:172.21.15.96:3300/0,v1:172.21.15.96:6789/0] conn(0x7f04c8106b50 0x7f04c8106f70 secure :-1 s=READY pgs=59 cs=0 l=1 rev1=1 crypto rx=0x7f04c400bb40 tx=0x7f04c400be50 comp rx=0 tx=0).stop
2024-03-18T15:30:56.462 INFO:teuthology.orchestra.run.smithi096.stdout:/usr/bin/ceph: stderr
2024-03-18T15:30:55.667+0000 7f04d0618700 1 -- 172.21.15.96:0/1957424178 shutdown_connections
2024-03-18T15:30:56.462 INFO:teuthology.orchestra.run.smithi096.stdout:/usr/bin/ceph: stderr
2024-03-18T15:30:55.667+0000 7f04d0618700 1 --2- 172.21.15.96:0/1957424178 >> [v2:172.21.15.96:3300/0,v1:172.21.15.96:6789/0] conn(0x7f04c8106b50 0x7f04c8106f70 unknown :-1 s=CLOSED pgs=59 cs=0 l=1 rev1=1 crypto rx=0 tx=0 comp rx=0 tx=0).stop
2024-03-18T15:30:56.462 INFO:teuthology.orchestra.run.smithi096.stdout:/usr/bin/ceph: stderr
2024-03-18T15:30:55.667+0000 7f04d0618700 1 -- 172.21.15.96:0/1957424178 >> 172.21.15.96:0/1957424178 conn(0x7f04c8102130 msgr2=0x7f04c8104550 unknown :-1 s=STATE_NONE l=0).mark_down
2024-03-18T15:30:56.462 INFO:teuthology.orchestra.run.smithi096.stdout:/usr/bin/ceph: stderr
2024-03-18T15:30:55.667+0000 7f04d0618700 1 -- 172.21.15.96:0/1957424178 shutdown_connections
2024-03-18T15:30:56.462 INFO:teuthology.orchestra.run.smithi096.stdout:/usr/bin/ceph: stderr
2024-03-18T15:30:55.667+0000 7f04d0618700 1 -- 172.21.15.96:0/1957424178 wait complete.
2024-03-18T15:30:56.462 INFO:teuthology.orchestra.run.smithi096.stdout:/usr/bin/ceph: stderr
2024-03-18T15:30:55.667+0000 7f04d0618700 1 Processor -- start
2024-03-18T15:30:56.462 INFO:teuthology.orchestra.run.smithi096.stdout:/usr/bin/ceph: stderr
2024-03-18T15:30:55.667+0000 7f04d0618700 1 -- start start
2024-03-18T15:30:56.462 INFO:teuthology.orchestra.run.smithi096.stdout:/usr/bin/ceph: stderr
2024-03-18T15:30:55.667+0000 7f04d0618700 1 --2- >> [v2:172.21.15.96:3300/0,v1:172.21.15.96:6789/0] conn(0x7f04c8106b50 0x7f04c819de40 unknown :-1 s=NONE pgs=0 cs=0 l=1 rev1=0 crypto rx=0 tx=0 comp rx=0 tx=0).connect
2024-03-18T15:30:56.462 INFO:teuthology.orchestra.run.smithi096.stdout:/usr/bin/ceph: stderr
2024-03-18T15:30:55.667+0000 7f04d0618700 1 -- --> [v2:172.21.15.96:3300/0,v1:172.21.15.96:6789/0] -- mon_getmap magic: 0 -- 0x7f04c8074b60 con 0x7f04c8106b50
2024-03-18T15:30:56.463 INFO:teuthology.orchestra.run.smithi096.stdout:/usr/bin/ceph: stderr
2024-03-18T15:30:55.667+0000 7f04ce3b4700 1 --2- >> [v2:172.21.15.96:3300/0,v1:172.21.15.96:6789/0] conn(0x7f04c8106b50 0x7f04c819de40 unknown :-1 s=BANNER_CONNECTING pgs=0 cs=0 l=1 rev1=0 crypto rx=0 tx=0 comp rx=0 tx=0)._handle_peer_banner_payload supported=3 required=0
2024-03-18T15:30:56.463 INFO:teuthology.orchestra.run.smithi096.stdout:/usr/bin/ceph: stderr
2024-03-18T15:30:55.667+0000 7f04ce3b4700 1 --2- >> [v2:172.21.15.96:3300/0,v1:172.21.15.96:6789/0] conn(0x7f04c8106b50 0x7f04c819de40 unknown :-1 s=HELLO_CONNECTING pgs=0 cs=0 l=1 rev1=1 crypto rx=0 tx=0 comp rx=0 tx=0).handle_hello peer v2:172.21.15.96:3300/0 says I am v2:172.21.15.96:47012/0 (socket says 172.21.15.96:47012)
2024-03-18T15:30:56.463 INFO:teuthology.orchestra.run.smithi096.stdout:/usr/bin/ceph: stderr
2024-03-18T15:30:55.667+0000 7f04ce3b4700 1 -- 172.21.15.96:0/1211913826 learned_addr learned my addr 172.21.15.96:0/1211913826 (peer_addr_for_me v2:172.21.15.96:0/0)
2024-03-18T15:30:56.463 INFO:teuthology.orchestra.run.smithi096.stdout:/usr/bin/ceph: stderr
2024-03-18T15:30:55.668+0000 7f04ce3b4700 1 -- 172.21.15.96:0/1211913826 --> [v2:172.21.15.96:3300/0,v1:172.21.15.96:6789/0] -- mon_subscribe({config=0+,monmap=0+}) -- 0x7f04c819e380 con 0x7f04c8106b50
2024-03-18T15:30:56.463 INFO:teuthology.orchestra.run.smithi096.stdout:/usr/bin/ceph: stderr
2024-03-18T15:30:55.668+0000 7f04ce3b4700 1 --2- 172.21.15.96:0/1211913826 >> [v2:172.21.15.96:3300/0,v1:172.21.15.96:6789/0] conn(0x7f04c8106b50 0x7f04c819de40 secure :-1 s=READY pgs=60 cs=0 l=1 rev1=1 crypto rx=0x7f04c400b340 tx=0x7f04c40040b0 comp rx=0 tx=0).ready entity=mon.0 client_cookie=0 server_cookie=0 in_seq=0 out_seq=0
2024-03-18T15:30:56.463 INFO:teuthology.orchestra.run.smithi096.stdout:/usr/bin/ceph: stderr
2024-03-18T15:30:55.668+0000 7f04bf7fe700 1 -- 172.21.15.96:0/1211913826 <== mon.0 v2:172.21.15.96:3300/0 1 ==== mon_map magic: 0 ==== 205+0+0 (secure 0 0 0) 0x7f04c4010770 con 0x7f04c8106b50
2024-03-18T15:30:56.463 INFO:teuthology.orchestra.run.smithi096.stdout:/usr/bin/ceph: stderr
2024-03-18T15:30:55.668+0000 7f04bf7fe700 1 -- 172.21.15.96:0/1211913826 <== mon.0 v2:172.21.15.96:3300/0 2 ==== config(27 keys) ==== 1140+0+0 (secure 0 0 0) 0x7f04c401d070 con 0x7f04c8106b50
2024-03-18T15:30:56.463 INFO:teuthology.orchestra.run.smithi096.stdout:/usr/bin/ceph: stderr
2024-03-18T15:30:55.668+0000 7f04d0618700 1 -- 172.21.15.96:0/1211913826 --> [v2:172.21.15.96:3300/0,v1:172.21.15.96:6789/0] -- mon_subscribe({mgrmap=0+}) -- 0x7f04c819e610 con 0x7f04c8106b50
2024-03-18T15:30:56.463 INFO:teuthology.orchestra.run.smithi096.stdout:/usr/bin/ceph: stderr
2024-03-18T15:30:55.668+0000 7f04bf7fe700 1 -- 172.21.15.96:0/1211913826 <== mon.0 v2:172.21.15.96:3300/0 3 ==== mon_map magic: 0 ==== 205+0+0 (secure 0 0 0) 0x7f04c4021c30 con 0x7f04c8106b50
2024-03-18T15:30:56.463 INFO:teuthology.orchestra.run.smithi096.stdout:/usr/bin/ceph: stderr
2024-03-18T15:30:55.668+0000 7f04d0618700 1 -- 172.21.15.96:0/1211913826 --> [v2:172.21.15.96:3300/0,v1:172.21.15.96:6789/0] -- mon_subscribe({osdmap=0}) -- 0x7f04c81a1300 con 0x7f04c8106b50
2024-03-18T15:30:56.463 INFO:teuthology.orchestra.run.smithi096.stdout:/usr/bin/ceph: stderr
2024-03-18T15:30:55.669+0000 7f04bf7fe700 1 -- 172.21.15.96:0/1211913826 <== mon.0 v2:172.21.15.96:3300/0 4 ==== mgrmap(e 9) ==== 46119+0+0 (secure 0 0 0) 0x7f04c401f030 con 0x7f04c8106b50
2024-03-18T15:30:56.463 INFO:teuthology.orchestra.run.smithi096.stdout:/usr/bin/ceph: stderr
2024-03-18T15:30:55.669+0000 7f04d0618700 1 -- 172.21.15.96:0/1211913826 --> [v2:172.21.15.96:3300/0,v1:172.21.15.96:6789/0] -- mon_command({"prefix": "get_command_descriptions"} v 0) -- 0x7f04c8063900 con 0x7f04c8106b50
2024-03-18T15:30:56.463 INFO:teuthology.orchestra.run.smithi096.stdout:/usr/bin/ceph: stderr
2024-03-18T15:30:55.669+0000 7f04bf7fe700 1 --2- 172.21.15.96:0/1211913826 >> [v2:172.21.15.96:6800/2602375712,v1:172.21.15.96:6801/2602375712] conn(0x7f04b4038f20 0x7f04b403b3e0 unknown :-1 s=NONE pgs=0 cs=0 l=1 rev1=0 crypto rx=0 tx=0 comp rx=0 tx=0).connect
2024-03-18T15:30:56.463 INFO:teuthology.orchestra.run.smithi096.stdout:/usr/bin/ceph: stderr
2024-03-18T15:30:55.669+0000 7f04bf7fe700 1 -- 172.21.15.96:0/1211913826 <== mon.0 v2:172.21.15.96:3300/0 5 ==== osd_map(2..2 src has 1..2) ==== 940+0+0 (secure 0 0 0) 0x7f04c404d1e0 con 0x7f04c8106b50
2024-03-18T15:30:56.464 INFO:teuthology.orchestra.run.smithi096.stdout:/usr/bin/ceph: stderr
2024-03-18T15:30:55.669+0000 7f04cdbb3700 1 -- 172.21.15.96:0/1211913826 >> [v2:172.21.15.96:6800/2602375712,v1:172.21.15.96:6801/2602375712] conn(0x7f04b4038f20 msgr2=0x7f04b403b3e0 unknown :-1 s=STATE_CONNECTING_RE l=1).process reconnect failed to v2:172.21.15.96:6800/2602375712
2024-03-18T15:30:56.464 INFO:teuthology.orchestra.run.smithi096.stdout:/usr/bin/ceph: stderr
2024-03-18T15:30:55.669+0000 7f04cdbb3700 1 --2- 172.21.15.96:0/1211913826 >> [v2:172.21.15.96:6800/2602375712,v1:172.21.15.96:6801/2602375712] conn(0x7f04b4038f20 0x7f04b403b3e0 unknown :-1 s=START_CONNECT pgs=0 cs=0 l=1 rev1=0 crypto rx=0 tx=0 comp rx=0 tx=0)._fault waiting 0.200000
2024-03-18T15:30:56.464 INFO:teuthology.orchestra.run.smithi096.stdout:/usr/bin/ceph: stderr
2024-03-18T15:30:55.674+0000 7f04bf7fe700 1 -- 172.21.15.96:0/1211913826 <== mon.0 v2:172.21.15.96:3300/0 6 ==== mon_command_ack([{"prefix": "get_command_descriptions"}]=0 v0) ==== 72+0+186149 (secure 0 0 0) 0x7f04c4015070 con 0x7f04c8106b50
2024-03-18T15:30:56.464 INFO:teuthology.orchestra.run.smithi096.stdout:/usr/bin/ceph: stderr
2024-03-18T15:30:55.870+0000 7f04cdbb3700 1 -- 172.21.15.96:0/1211913826 >> [v2:172.21.15.96:6800/2602375712,v1:172.21.15.96:6801/2602375712] conn(0x7f04b4038f20 msgr2=0x7f04b403b3e0 unknown :-1 s=STATE_CONNECTING_RE l=1).process reconnect failed to v2:172.21.15.96:6800/2602375712
2024-03-18T15:30:56.464 INFO:teuthology.orchestra.run.smithi096.stdout:/usr/bin/ceph: stderr
2024-03-18T15:30:55.870+0000 7f04cdbb3700 1 --2- 172.21.15.96:0/1211913826 >> [v2:172.21.15.96:6800/2602375712,v1:172.21.15.96:6801/2602375712] conn(0x7f04b4038f20 0x7f04b403b3e0 unknown :-1 s=START_CONNECT pgs=0 cs=0 l=1 rev1=0 crypto rx=0 tx=0 comp rx=0 tx=0)._fault waiting 0.400000
2024-03-18T15:30:56.464 INFO:teuthology.orchestra.run.smithi096.stdout:/usr/bin/ceph: stderr
2024-03-18T15:30:55.935+0000 7f04d0618700 1 -- 172.21.15.96:0/1211913826 --> [v2:172.21.15.96:3300/0,v1:172.21.15.96:6789/0] -- mon_command({"prefix": "mgr stat"} v 0) -- 0x7f04c8192f90 con 0x7f04c8106b50
2024-03-18T15:30:56.464 INFO:teuthology.orchestra.run.smithi096.stdout:/usr/bin/ceph: stderr
2024-03-18T15:30:55.936+0000 7f04bf7fe700 1 -- 172.21.15.96:0/1211913826 <== mon.0 v2:172.21.15.96:3300/0 7 ==== mon_command_ack([{"prefix": "mgr stat"}]=0 v9) ==== 56+0+88 (secure 0 0 0) 0x7f04c8192f90 con 0x7f04c8106b50
2024-03-18T15:30:56.464 INFO:teuthology.orchestra.run.smithi096.stdout:/usr/bin/ceph: stderr
2024-03-18T15:30:55.938+0000 7f04d0618700 1 -- 172.21.15.96:0/1211913826 >> [v2:172.21.15.96:6800/2602375712,v1:172.21.15.96:6801/2602375712] conn(0x7f04b4038f20 msgr2=0x7f04b403b3e0 unknown :-1 s=STATE_CONNECTING l=1).mark_down
2024-03-18T15:30:56.464 INFO:teuthology.orchestra.run.smithi096.stdout:/usr/bin/ceph: stderr
2024-03-18T15:30:55.938+0000 7f04d0618700 1 --2- 172.21.15.96:0/1211913826 >> [v2:172.21.15.96:6800/2602375712,v1:172.21.15.96:6801/2602375712] conn(0x7f04b4038f20 0x7f04b403b3e0 unknown :-1 s=START_CONNECT pgs=0 cs=0 l=1 rev1=0 crypto rx=0 tx=0 comp rx=0 tx=0).stop
2024-03-18T15:30:56.464 INFO:teuthology.orchestra.run.smithi096.stdout:/usr/bin/ceph: stderr
2024-03-18T15:30:55.938+0000 7f04d0618700 1 -- 172.21.15.96:0/1211913826 >> [v2:172.21.15.96:3300/0,v1:172.21.15.96:6789/0] conn(0x7f04c8106b50 msgr2=0x7f04c819de40 secure :-1 s=STATE_CONNECTION_ESTABLISHED l=1).mark_down
2024-03-18T15:30:56.464 INFO:teuthology.orchestra.run.smithi096.stdout:/usr/bin/ceph: stderr
2024-03-18T15:30:55.938+0000 7f04d0618700 1 --2- 172.21.15.96:0/1211913826 >> [v2:172.21.15.96:3300/0,v1:172.21.15.96:6789/0] conn(0x7f04c8106b50 0x7f04c819de40 secure :-1 s=READY pgs=60 cs=0 l=1 rev1=1 crypto rx=0x7f04c400b340 tx=0x7f04c40040b0 comp rx=0 tx=0).stop
2024-03-18T15:30:56.465 INFO:teuthology.orchestra.run.smithi096.stdout:/usr/bin/ceph: stderr
2024-03-18T15:30:55.938+0000 7f04d0618700 1 -- 172.21.15.96:0/1211913826 shutdown_connections
2024-03-18T15:30:56.465 INFO:teuthology.orchestra.run.smithi096.stdout:/usr/bin/ceph: stderr
2024-03-18T15:30:55.938+0000 7f04d0618700 1 --2- 172.21.15.96:0/1211913826 >> [v2:172.21.15.96:6800/2602375712,v1:172.21.15.96:6801/2602375712] conn(0x7f04b4038f20 0x7f04b403b3e0 unknown :-1 s=CLOSED pgs=0 cs=0 l=1 rev1=0 crypto rx=0 tx=0 comp rx=0 tx=0).stop
2024-03-18T15:30:56.465 INFO:teuthology.orchestra.run.smithi096.stdout:/usr/bin/ceph: stderr
2024-03-18T15:30:55.938+0000 7f04d0618700 1 --2- 172.21.15.96:0/1211913826 >> [v2:172.21.15.96:3300/0,v1:172.21.15.96:6789/0] conn(0x7f04c8106b50 0x7f04c819de40 unknown :-1 s=CLOSED pgs=60 cs=0 l=1 rev1=1 crypto rx=0 tx=0 comp rx=0 tx=0).stop
2024-03-18T15:30:56.465 INFO:teuthology.orchestra.run.smithi096.stdout:/usr/bin/ceph: stderr
2024-03-18T15:30:55.938+0000 7f04d0618700 1 -- 172.21.15.96:0/1211913826 >> 172.21.15.96:0/1211913826 conn(0x7f04c8102130 msgr2=0x7f04c8190050 unknown :-1 s=STATE_NONE l=0).mark_down
2024-03-18T15:30:56.466 INFO:teuthology.orchestra.run.smithi096.stdout:/usr/bin/ceph: stderr
2024-03-18T15:30:55.938+0000 7f04d0618700 1 -- 172.21.15.96:0/1211913826 shutdown_connections
2024-03-18T15:30:56.466 INFO:teuthology.orchestra.run.smithi096.stdout:/usr/bin/ceph: stderr
2024-03-18T15:30:55.938+0000 7f04d0618700 1 -- 172.21.15.96:0/1211913826 wait complete.
2024-03-18T15:30:56.466 INFO:teuthology.orchestra.run.smithi096.stdout:Waiting for the mgr to restart...
2024-03-18T15:30:56.466 INFO:teuthology.orchestra.run.smithi096.stdout:Waiting for mgr epoch 9...
2024-03-18T15:30:56.506 INFO:journalctl@ceph.mon.a.smithi096.stdout:Mar 18 15:30:56 smithi096 ceph-mon[31930]: from='client.? 172.21.15.96:0/1211913826' entity='client.admin' cmd=[{"prefix": "mgr stat"}]: dispatch
2024-03-18T15:30:56.506 INFO:journalctl@ceph.mgr.x.smithi096.stdout:Mar 18 15:30:56 smithi096 ceph-419c928c-e53c-11ee-95c9-87774f69a715-mgr-x[32163]:
2024-03-18T15:30:56.233+0000 7faef9ba8200 -1 mgr[py] Module iostat has missing NOTIFY_TYPES member
2024-03-18T15:30:56.788 INFO:journalctl@ceph.mgr.x.smithi096.stdout:Mar 18 15:30:56 smithi096 ceph-419c928c-e53c-11ee-95c9-87774f69a715-mgr-x[32163]:
2024-03-18T15:30:56.505+0000 7faef9ba8200 -1 mgr[py] Module rgw has missing NOTIFY_TYPES member
2024-03-18T15:30:56.788 INFO:journalctl@ceph.mgr.x.smithi096.stdout:Mar 18 15:30:56 smithi096 ceph-419c928c-e53c-11ee-95c9-87774f69a715-mgr-x[32163]:
2024-03-18T15:30:56.617+0000 7faef9ba8200 -1 mgr[py] Module rbd_support has missing NOTIFY_TYPES member
2024-03-18T15:30:56.788 INFO:journalctl@ceph.mgr.x.smithi096.stdout:Mar 18 15:30:56 smithi096 ceph-419c928c-e53c-11ee-95c9-87774f69a715-mgr-x[32163]:
2024-03-18T15:30:56.707+0000 7faef9ba8200 -1 mgr[py] Module progress has missing NOTIFY_TYPES member
2024-03-18T15:30:57.093 INFO:journalctl@ceph.mgr.x.smithi096.stdout:Mar 18 15:30:56 smithi096 ceph-419c928c-e53c-11ee-95c9-87774f69a715-mgr-x[32163]:
2024-03-18T15:30:56.803+0000 7faef9ba8200 -1 mgr[py] Module pg_autoscaler has missing NOTIFY_TYPES member
2024-03-18T15:30:57.093 INFO:journalctl@ceph.mgr.x.smithi096.stdout:Mar 18 15:30:56 smithi096 ceph-419c928c-e53c-11ee-95c9-87774f69a715-mgr-x[32163]:
2024-03-18T15:30:56.981+0000 7faef9ba8200 -1 mgr[py] Module devicehealth has missing NOTIFY_TYPES member
2024-03-18T15:30:58.186 INFO:journalctl@ceph.mgr.x.smithi096.stdout:Mar 18 15:30:57 smithi096 ceph-419c928c-e53c-11ee-95c9-87774f69a715-mgr-x[32163]:
2024-03-18T15:30:57.932+0000 7faef9ba8200 -1 mgr[py] Module rook has missing NOTIFY_TYPES member
2024-03-18T15:30:58.186 INFO:journalctl@ceph.mgr.x.smithi096.stdout:Mar 18 15:30:58 smithi096 ceph-419c928c-e53c-11ee-95c9-87774f69a715-mgr-x[32163]:
2024-03-18T15:30:58.063+0000 7faef9ba8200 -1 mgr[py] Module diskprediction_local has missing NOTIFY_TYPES member
2024-03-18T15:30:58.682 INFO:journalctl@ceph.mgr.x.smithi096.stdout:Mar 18 15:30:58 smithi096 ceph-419c928c-e53c-11ee-95c9-87774f69a715-mgr-x[32163]:
2024-03-18T15:30:58.394+0000 7faef9ba8200 -1 mgr[py] Module selftest has missing NOTIFY_TYPES member
2024-03-18T15:30:58.682 INFO:journalctl@ceph.mgr.x.smithi096.stdout:Mar 18 15:30:58 smithi096 ceph-419c928c-e53c-11ee-95c9-87774f69a715-mgr-x[32163]:
2024-03-18T15:30:58.484+0000 7faef9ba8200 -1 mgr[py] Module telegraf has missing NOTIFY_TYPES member
2024-03-18T15:30:58.682 INFO:journalctl@ceph.mgr.x.smithi096.stdout:Mar 18 15:30:58 smithi096 ceph-419c928c-e53c-11ee-95c9-87774f69a715-mgr-x[32163]:
2024-03-18T15:30:58.681+0000 7faef9ba8200 -1 mgr[py] Module test_orchestrator has missing NOTIFY_TYPES member
2024-03-18T15:30:58.936 INFO:journalctl@ceph.mgr.x.smithi096.stdout:Mar 18 15:30:58 smithi096 ceph-419c928c-e53c-11ee-95c9-87774f69a715-mgr-x[32163]:
2024-03-18T15:30:58.869+0000 7faef9ba8200 -1 mgr[py] Module crash has missing NOTIFY_TYPES member
2024-03-18T15:30:59.423 INFO:journalctl@ceph.mgr.x.smithi096.stdout:Mar 18 15:30:59 smithi096 ceph-419c928c-e53c-11ee-95c9-87774f69a715-mgr-x[32163]:
2024-03-18T15:30:59.158+0000 7faef9ba8200 -1 mgr[py] Module orchestrator has missing NOTIFY_TYPES member
2024-03-18T15:30:59.423 INFO:journalctl@ceph.mgr.x.smithi096.stdout:Mar 18 15:30:59 smithi096 ceph-419c928c-e53c-11ee-95c9-87774f69a715-mgr-x[32163]:
2024-03-18T15:30:59.422+0000 7faef9ba8200 -1 mgr[py] Module osd_support has missing NOTIFY_TYPES member
2024-03-18T15:30:59.686 INFO:journalctl@ceph.mgr.x.smithi096.stdout:Mar 18 15:30:59 smithi096 ceph-419c928c-e53c-11ee-95c9-87774f69a715-mgr-x[32163]:
2024-03-18T15:30:59.661+0000 7faef9ba8200 -1 mgr[py] Module volumes has missing NOTIFY_TYPES member
2024-03-18T15:31:00.936 INFO:journalctl@ceph.mgr.x.smithi096.stdout:Mar 18 15:31:00 smithi096 ceph-419c928c-e53c-11ee-95c9-87774f69a715-mgr-x[32163]:
2024-03-18T15:31:00.464+0000 7faef9ba8200 -1 mgr[py] Module telemetry has missing NOTIFY_TYPES member
2024-03-18T15:31:01.347 INFO:journalctl@ceph.mgr.x.smithi096.stdout:Mar 18 15:31:01 smithi096 ceph-419c928c-e53c-11ee-95c9-87774f69a715-mgr-x[32163]:
2024-03-18T15:31:01.029+0000 7faef9ba8200 -1 mgr[py] Module prometheus has missing NOTIFY_TYPES member
2024-03-18T15:31:01.348 INFO:journalctl@ceph.mgr.x.smithi096.stdout:Mar 18 15:31:01 smithi096 ceph-419c928c-e53c-11ee-95c9-87774f69a715-mgr-x[32163]:
2024-03-18T15:31:01.128+0000 7faef9ba8200 -1 mgr[py] Module status has missing NOTIFY_TYPES member
2024-03-18T15:31:01.348 INFO:journalctl@ceph.mgr.x.smithi096.stdout:Mar 18 15:31:01 smithi096 ceph-419c928c-e53c-11ee-95c9-87774f69a715-mgr-x[32163]:
2024-03-18T15:31:01.346+0000 7faef9ba8200 -1 mgr[py] Module nfs has missing NOTIFY_TYPES member
2024-03-18T15:31:01.686 INFO:journalctl@ceph.mon.a.smithi096.stdout:Mar 18 15:31:01 smithi096 ceph-mon[31930]: Active manager daemon x restarted
2024-03-18T15:31:01.686 INFO:journalctl@ceph.mon.a.smithi096.stdout:Mar 18 15:31:01 smithi096 ceph-mon[31930]: Activating manager daemon x
2024-03-18T15:31:01.686 INFO:journalctl@ceph.mon.a.smithi096.stdout:Mar 18 15:31:01 smithi096 ceph-mon[31930]: osdmap e3: 0 total, 0 up, 0 in
2024-03-18T15:31:01.686 INFO:journalctl@ceph.mon.a.smithi096.stdout:Mar 18 15:31:01 smithi096 ceph-mon[31930]: mgrmap e10: x(active, starting, since 0.00348481s)
2024-03-18T15:31:01.686 INFO:journalctl@ceph.mon.a.smithi096.stdout:Mar 18 15:31:01 smithi096 ceph-mon[31930]: from='mgr.14152 172.21.15.96:0/674870243' entity='mgr.x' cmd=[{"prefix": "mon metadata", "id": "a"}]: dispatch
2024-03-18T15:31:01.686 INFO:journalctl@ceph.mon.a.smithi096.stdout:Mar 18 15:31:01 smithi096 ceph-mon[31930]: from='mgr.14152 172.21.15.96:0/674870243' entity='mgr.x' cmd=[{"prefix": "mgr metadata", "who": "x", "id": "x"}]: dispatch
2024-03-18T15:31:01.687 INFO:journalctl@ceph.mon.a.smithi096.stdout:Mar 18 15:31:01 smithi096 ceph-mon[31930]: from='mgr.14152 172.21.15.96:0/674870243' entity='mgr.x' cmd=[{"prefix": "mds metadata"}]: dispatch
2024-03-18T15:31:01.687 INFO:journalctl@ceph.mon.a.smithi096.stdout:Mar 18 15:31:01 smithi096 ceph-mon[31930]: from='mgr.14152 172.21.15.96:0/674870243' entity='mgr.x' cmd=[{"prefix": "osd metadata"}]: dispatch
2024-03-18T15:31:01.687 INFO:journalctl@ceph.mon.a.smithi096.stdout:Mar 18 15:31:01 smithi096 ceph-mon[31930]: from='mgr.14152 172.21.15.96:0/674870243' entity='mgr.x' cmd=[{"prefix": "mon metadata"}]: dispatch
2024-03-18T15:31:01.687 INFO:journalctl@ceph.mon.a.smithi096.stdout:Mar 18 15:31:01 smithi096 ceph-mon[31930]: Manager daemon x is now available
2024-03-18T15:31:01.687 INFO:journalctl@ceph.mon.a.smithi096.stdout:Mar 18 15:31:01 smithi096 ceph-mon[31930]: from='mgr.14152 172.21.15.96:0/674870243' entity='mgr.x' cmd=[{"prefix": "config dump", "format": "json"}]: dispatch
2024-03-18T15:31:01.687 INFO:journalctl@ceph.mon.a.smithi096.stdout:Mar 18 15:31:01 smithi096 ceph-mon[31930]: from='mgr.14152 172.21.15.96:0/674870243' entity='mgr.x' cmd=[{"prefix": "config dump", "format": "json"}]: dispatch
2024-03-18T15:31:02.573 INFO:journalctl@ceph.mon.a.smithi096.stdout:Mar 18 15:31:02 smithi096 ceph-mon[31930]: from='mgr.14152 172.21.15.96:0/674870243' entity='mgr.x' cmd=[{"prefix":"config rm","who":"mgr","name":"mgr/rbd_support/x/mirror_snapshot_schedule"}]: dispatch
2024-03-18T15:31:02.573 INFO:journalctl@ceph.mon.a.smithi096.stdout:Mar 18 15:31:02 smithi096 ceph-mon[31930]: from='mgr.14152 172.21.15.96:0/674870243' entity='mgr.x' cmd=[{"prefix":"config rm","who":"mgr","name":"mgr/rbd_support/x/trash_purge_schedule"}]: dispatch
2024-03-18T15:31:02.574 INFO:journalctl@ceph.mon.a.smithi096.stdout:Mar 18 15:31:02 smithi096 ceph-mon[31930]: mgrmap e11: x(active, since 1.00571s)
2024-03-18T15:31:03.279 INFO:teuthology.orchestra.run.smithi096.stdout:/usr/bin/ceph: stdout {
2024-03-18T15:31:03.279 INFO:teuthology.orchestra.run.smithi096.stdout:/usr/bin/ceph: stdout "mgrmap_epoch": 11,
2024-03-18T15:31:03.279 INFO:teuthology.orchestra.run.smithi096.stdout:/usr/bin/ceph: stdout "initialized": true
2024-03-18T15:31:03.279 INFO:teuthology.orchestra.run.smithi096.stdout:/usr/bin/ceph: stdout }
2024-03-18T15:31:03.279 INFO:teuthology.orchestra.run.smithi096.stdout:/usr/bin/ceph: stderr
2024-03-18T15:30:56.887+0000 7efd5e3d8700 1 Processor -- start
2024-03-18T15:31:03.279 INFO:teuthology.orchestra.run.smithi096.stdout:/usr/bin/ceph: stderr
2024-03-18T15:30:56.887+0000 7efd5e3d8700 1 -- start start
2024-03-18T15:31:03.279 INFO:teuthology.orchestra.run.smithi096.stdout:/usr/bin/ceph: stderr
2024-03-18T15:30:56.887+0000 7efd5e3d8700 1 --2- >> [v2:172.21.15.96:3300/0,v1:172.21.15.96:6789/0] conn(0x7efd58106b80 0x7efd58106fa0 unknown :-1 s=NONE pgs=0 cs=0 l=0 rev1=0 crypto rx=0 tx=0 comp rx=0 tx=0).connect
2024-03-18T15:31:03.279 INFO:teuthology.orchestra.run.smithi096.stdout:/usr/bin/ceph: stderr
2024-03-18T15:30:56.887+0000 7efd5e3d8700 1 -- --> [v2:172.21.15.96:3300/0,v1:172.21.15.96:6789/0] -- mon_getmap magic: 0 -- 0x7efd58107570 con 0x7efd58106b80
2024-03-18T15:31:03.279 INFO:teuthology.orchestra.run.smithi096.stdout:/usr/bin/ceph: stderr
2024-03-18T15:30:56.887+0000 7efd57fff700 1 --2- >> [v2:172.21.15.96:3300/0,v1:172.21.15.96:6789/0] conn(0x7efd58106b80 0x7efd58106fa0 unknown :-1 s=BANNER_CONNECTING pgs=0 cs=0 l=0 rev1=0 crypto rx=0 tx=0 comp rx=0 tx=0)._handle_peer_banner_payload supported=3 required=0
2024-03-18T15:31:03.279 INFO:teuthology.orchestra.run.smithi096.stdout:/usr/bin/ceph: stderr
2024-03-18T15:30:56.887+0000 7efd57fff700 1 --2- >> [v2:172.21.15.96:3300/0,v1:172.21.15.96:6789/0] conn(0x7efd58106b80 0x7efd58106fa0 unknown :-1 s=HELLO_CONNECTING pgs=0 cs=0 l=0 rev1=1 crypto rx=0 tx=0 comp rx=0 tx=0).handle_hello peer v2:172.21.15.96:3300/0 says I am v2:172.21.15.96:47022/0 (socket says 172.21.15.96:47022)
2024-03-18T15:31:03.280 INFO:teuthology.orchestra.run.smithi096.stdout:/usr/bin/ceph: stderr
2024-03-18T15:30:56.887+0000 7efd57fff700 1 -- 172.21.15.96:0/897423994 learned_addr learned my addr 172.21.15.96:0/897423994 (peer_addr_for_me v2:172.21.15.96:0/0)
2024-03-18T15:31:03.280 INFO:teuthology.orchestra.run.smithi096.stdout:/usr/bin/ceph: stderr
2024-03-18T15:30:56.887+0000 7efd57fff700 1 -- 172.21.15.96:0/897423994 --> [v2:172.21.15.96:3300/0,v1:172.21.15.96:6789/0] -- mon_subscribe({config=0+,monmap=0+}) -- 0x7efd58107d80 con 0x7efd58106b80
2024-03-18T15:31:03.280 INFO:teuthology.orchestra.run.smithi096.stdout:/usr/bin/ceph: stderr
2024-03-18T15:30:56.887+0000 7efd57fff700 1 --2- 172.21.15.96:0/897423994 >> [v2:172.21.15.96:3300/0,v1:172.21.15.96:6789/0] conn(0x7efd58106b80 0x7efd58106fa0 secure :-1 s=READY pgs=61 cs=0 l=1 rev1=1 crypto rx=0x7efd480098a0 tx=0x7efd48009bb0 comp rx=0 tx=0).ready entity=mon.0 client_cookie=649383328ec87382 server_cookie=0 in_seq=0 out_seq=0
2024-03-18T15:31:03.280 INFO:teuthology.orchestra.run.smithi096.stdout:/usr/bin/ceph: stderr
2024-03-18T15:30:56.888+0000 7efd56ffd700 1 -- 172.21.15.96:0/897423994 <== mon.0 v2:172.21.15.96:3300/0 1 ==== mon_map magic: 0 ==== 205+0+0 (secure 0 0 0) 0x7efd48004160 con 0x7efd58106b80
2024-03-18T15:31:03.280 INFO:teuthology.orchestra.run.smithi096.stdout:/usr/bin/ceph: stderr
2024-03-18T15:30:56.888+0000 7efd56ffd700 1 -- 172.21.15.96:0/897423994 <== mon.0 v2:172.21.15.96:3300/0 2 ==== config(27 keys) ==== 1140+0+0 (secure 0 0 0) 0x7efd48004300 con 0x7efd58106b80
2024-03-18T15:31:03.280 INFO:teuthology.orchestra.run.smithi096.stdout:/usr/bin/ceph: stderr
2024-03-18T15:30:56.888+0000 7efd56ffd700 1 -- 172.21.15.96:0/897423994 <== mon.0 v2:172.21.15.96:3300/0 3 ==== mon_map magic: 0 ==== 205+0+0 (secure 0 0 0) 0x7efd48011b20 con 0x7efd58106b80
2024-03-18T15:31:03.280 INFO:teuthology.orchestra.run.smithi096.stdout:/usr/bin/ceph: stderr
2024-03-18T15:30:56.888+0000 7efd5e3d8700 1 -- 172.21.15.96:0/897423994 >> [v2:172.21.15.96:3300/0,v1:172.21.15.96:6789/0] conn(0x7efd58106b80 msgr2=0x7efd58106fa0 secure :-1 s=STATE_CONNECTION_ESTABLISHED l=1).mark_down
2024-03-18T15:31:03.280 INFO:teuthology.orchestra.run.smithi096.stdout:/usr/bin/ceph: stderr
2024-03-18T15:30:56.888+0000 7efd5e3d8700 1 --2- 172.21.15.96:0/897423994 >> [v2:172.21.15.96:3300/0,v1:172.21.15.96:6789/0] conn(0x7efd58106b80 0x7efd58106fa0 secure :-1 s=READY pgs=61 cs=0 l=1 rev1=1 crypto rx=0x7efd480098a0 tx=0x7efd48009bb0 comp rx=0 tx=0).stop
2024-03-18T15:31:03.280 INFO:teuthology.orchestra.run.smithi096.stdout:/usr/bin/ceph: stderr
2024-03-18T15:30:56.888+0000 7efd5e3d8700 1 -- 172.21.15.96:0/897423994 shutdown_connections
2024-03-18T15:31:03.280 INFO:teuthology.orchestra.run.smithi096.stdout:/usr/bin/ceph: stderr
2024-03-18T15:30:56.888+0000 7efd5e3d8700 1 --2- 172.21.15.96:0/897423994 >> [v2:172.21.15.96:3300/0,v1:172.21.15.96:6789/0] conn(0x7efd58106b80 0x7efd58106fa0 unknown :-1 s=CLOSED pgs=61 cs=0 l=1 rev1=1 crypto rx=0 tx=0 comp rx=0 tx=0).stop
2024-03-18T15:31:03.280 INFO:teuthology.orchestra.run.smithi096.stdout:/usr/bin/ceph: stderr
2024-03-18T15:30:56.888+0000 7efd5e3d8700 1 -- 172.21.15.96:0/897423994 >> 172.21.15.96:0/897423994 conn(0x7efd58102100 msgr2=0x7efd58104560 unknown :-1 s=STATE_NONE l=0).mark_down
2024-03-18T15:31:03.280 INFO:teuthology.orchestra.run.smithi096.stdout:/usr/bin/ceph: stderr
2024-03-18T15:30:56.889+0000 7efd5e3d8700 1 -- 172.21.15.96:0/897423994 shutdown_connections
2024-03-18T15:31:03.280 INFO:teuthology.orchestra.run.smithi096.stdout:/usr/bin/ceph: stderr
2024-03-18T15:30:56.889+0000 7efd5e3d8700 1 -- 172.21.15.96:0/897423994 wait complete.
2024-03-18T15:31:03.280 INFO:teuthology.orchestra.run.smithi096.stdout:/usr/bin/ceph: stderr
2024-03-18T15:30:56.889+0000 7efd5e3d8700 1 Processor -- start
2024-03-18T15:31:03.281 INFO:teuthology.orchestra.run.smithi096.stdout:/usr/bin/ceph: stderr
2024-03-18T15:30:56.889+0000 7efd5e3d8700 1 -- start start
2024-03-18T15:31:03.281 INFO:teuthology.orchestra.run.smithi096.stdout:/usr/bin/ceph: stderr
2024-03-18T15:30:56.889+0000 7efd5e3d8700 1 --2- >> [v2:172.21.15.96:3300/0,v1:172.21.15.96:6789/0] conn(0x7efd58106b80 0x7efd5819bc90 unknown :-1 s=NONE pgs=0 cs=0 l=1 rev1=0 crypto rx=0 tx=0 comp rx=0 tx=0).connect
2024-03-18T15:31:03.281 INFO:teuthology.orchestra.run.smithi096.stdout:/usr/bin/ceph: stderr
2024-03-18T15:30:56.889+0000 7efd5e3d8700 1 -- --> [v2:172.21.15.96:3300/0,v1:172.21.15.96:6789/0] -- mon_getmap magic: 0 -- 0x7efd5810b130 con 0x7efd58106b80
2024-03-18T15:31:03.281 INFO:teuthology.orchestra.run.smithi096.stdout:/usr/bin/ceph: stderr
2024-03-18T15:30:56.890+0000 7efd57fff700 1 --2- >> [v2:172.21.15.96:3300/0,v1:172.21.15.96:6789/0] conn(0x7efd58106b80 0x7efd5819bc90 unknown :-1 s=BANNER_CONNECTING pgs=0 cs=0 l=1 rev1=0 crypto rx=0 tx=0 comp rx=0 tx=0)._handle_peer_banner_payload supported=3 required=0
2024-03-18T15:31:03.281 INFO:teuthology.orchestra.run.smithi096.stdout:/usr/bin/ceph: stderr
2024-03-18T15:30:56.890+0000 7efd57fff700 1 --2- >> [v2:172.21.15.96:3300/0,v1:172.21.15.96:6789/0] conn(0x7efd58106b80 0x7efd5819bc90 unknown :-1 s=HELLO_CONNECTING pgs=0 cs=0 l=1 rev1=1 crypto rx=0 tx=0 comp rx=0 tx=0).handle_hello peer v2:172.21.15.96:3300/0 says I am v2:172.21.15.96:47030/0 (socket says 172.21.15.96:47030)
2024-03-18T15:31:03.281 INFO:teuthology.orchestra.run.smithi096.stdout:/usr/bin/ceph: stderr
2024-03-18T15:30:56.890+0000 7efd57fff700 1 -- 172.21.15.96:0/1188522802 learned_addr learned my addr 172.21.15.96:0/1188522802 (peer_addr_for_me v2:172.21.15.96:0/0)
2024-03-18T15:31:03.281 INFO:teuthology.orchestra.run.smithi096.stdout:/usr/bin/ceph: stderr
2024-03-18T15:30:56.890+0000 7efd57fff700 1 -- 172.21.15.96:0/1188522802 --> [v2:172.21.15.96:3300/0,v1:172.21.15.96:6789/0] -- mon_subscribe({config=0+,monmap=0+}) -- 0x7efd5819c1d0 con 0x7efd58106b80
2024-03-18T15:31:03.281 INFO:teuthology.orchestra.run.smithi096.stdout:/usr/bin/ceph: stderr
2024-03-18T15:30:56.890+0000 7efd57fff700 1 --2- 172.21.15.96:0/1188522802 >> [v2:172.21.15.96:3300/0,v1:172.21.15.96:6789/0] conn(0x7efd58106b80 0x7efd5819bc90 secure :-1 s=READY pgs=62 cs=0 l=1 rev1=1 crypto rx=0x7efd48000c00 tx=0x7efd48011c10 comp rx=0 tx=0).ready entity=mon.0 client_cookie=0 server_cookie=0 in_seq=0 out_seq=0
2024-03-18T15:31:03.281 INFO:teuthology.orchestra.run.smithi096.stdout:/usr/bin/ceph: stderr
2024-03-18T15:30:56.890+0000 7efd557fa700 1 -- 172.21.15.96:0/1188522802 <== mon.0 v2:172.21.15.96:3300/0 1 ==== mon_map magic: 0 ==== 205+0+0 (secure 0 0 0) 0x7efd48003b60 con 0x7efd58106b80
2024-03-18T15:31:03.281 INFO:teuthology.orchestra.run.smithi096.stdout:/usr/bin/ceph: stderr
2024-03-18T15:30:56.890+0000 7efd5e3d8700 1 -- 172.21.15.96:0/1188522802 --> [v2:172.21.15.96:3300/0,v1:172.21.15.96:6789/0] -- mon_subscribe({mgrmap=0+}) -- 0x7efd5819c460 con 0x7efd58106b80
2024-03-18T15:31:03.281 INFO:teuthology.orchestra.run.smithi096.stdout:/usr/bin/ceph: stderr
2024-03-18T15:30:56.890+0000 7efd557fa700 1 -- 172.21.15.96:0/1188522802 <== mon.0 v2:172.21.15.96:3300/0 2 ==== config(27 keys) ==== 1140+0+0 (secure 0 0 0) 0x7efd4801a910 con 0x7efd58106b80
2024-03-18T15:31:03.281 INFO:teuthology.orchestra.run.smithi096.stdout:/usr/bin/ceph: stderr
2024-03-18T15:30:56.890+0000 7efd5e3d8700 1 -- 172.21.15.96:0/1188522802 --> [v2:172.21.15.96:3300/0,v1:172.21.15.96:6789/0] -- mon_subscribe({osdmap=0}) -- 0x7efd5819c8c0 con 0x7efd58106b80
2024-03-18T15:31:03.281 INFO:teuthology.orchestra.run.smithi096.stdout:/usr/bin/ceph: stderr
2024-03-18T15:30:56.890+0000 7efd557fa700 1 -- 172.21.15.96:0/1188522802 <== mon.0 v2:172.21.15.96:3300/0 3 ==== mon_map magic: 0 ==== 205+0+0 (secure 0 0 0) 0x7efd48024930 con 0x7efd58106b80
2024-03-18T15:31:03.282 INFO:teuthology.orchestra.run.smithi096.stdout:/usr/bin/ceph: stderr
2024-03-18T15:30:56.891+0000 7efd557fa700 1 -- 172.21.15.96:0/1188522802 <== mon.0 v2:172.21.15.96:3300/0 4 ==== mgrmap(e 9) ==== 46119+0+0 (secure 0 0 0) 0x7efd48022020 con 0x7efd58106b80
2024-03-18T15:31:03.282 INFO:teuthology.orchestra.run.smithi096.stdout:/usr/bin/ceph: stderr
2024-03-18T15:30:56.891+0000 7efd557fa700 1 --2- 172.21.15.96:0/1188522802 >> [v2:172.21.15.96:6800/2602375712,v1:172.21.15.96:6801/2602375712] conn(0x7efd40038f70 0x7efd4003b430 unknown :-1 s=NONE pgs=0 cs=0 l=1 rev1=0 crypto rx=0 tx=0 comp rx=0 tx=0).connect
2024-03-18T15:31:03.282 INFO:teuthology.orchestra.run.smithi096.stdout:/usr/bin/ceph: stderr
2024-03-18T15:30:56.891+0000 7efd557fa700 1 -- 172.21.15.96:0/1188522802 --> [v2:172.21.15.96:6800/2602375712,v1:172.21.15.96:6801/2602375712] -- command(tid 0: {"prefix": "get_command_descriptions"}) -- 0x7efd4003bb40 con 0x7efd40038f70
2024-03-18T15:31:03.282 INFO:teuthology.orchestra.run.smithi096.stdout:/usr/bin/ceph: stderr
2024-03-18T15:30:56.891+0000 7efd557fa700 1 -- 172.21.15.96:0/1188522802 <== mon.0 v2:172.21.15.96:3300/0 5 ==== osd_map(2..2 src has 1..2) ==== 940+0+0 (secure 0 0 0) 0x7efd4804e080 con 0x7efd58106b80
2024-03-18T15:31:03.282 INFO:teuthology.orchestra.run.smithi096.stdout:/usr/bin/ceph: stderr
2024-03-18T15:30:56.891+0000 7efd577fe700 1 -- 172.21.15.96:0/1188522802 >> [v2:172.21.15.96:6800/2602375712,v1:172.21.15.96:6801/2602375712] conn(0x7efd40038f70 msgr2=0x7efd4003b430 unknown :-1 s=STATE_CONNECTING_RE l=1).process reconnect failed to v2:172.21.15.96:6800/2602375712
2024-03-18T15:31:03.282 INFO:teuthology.orchestra.run.smithi096.stdout:/usr/bin/ceph: stderr
2024-03-18T15:30:56.891+0000 7efd577fe700 1 --2- 172.21.15.96:0/1188522802 >> [v2:172.21.15.96:6800/2602375712,v1:172.21.15.96:6801/2602375712] conn(0x7efd40038f70 0x7efd4003b430 unknown :-1 s=START_CONNECT pgs=0 cs=0 l=1 rev1=0 crypto rx=0 tx=0 comp rx=0 tx=0)._fault waiting 0.200000
2024-03-18T15:31:03.282 INFO:teuthology.orchestra.run.smithi096.stdout:/usr/bin/ceph: stderr
2024-03-18T15:30:57.092+0000 7efd577fe700 1 -- 172.21.15.96:0/1188522802 >> [v2:172.21.15.96:6800/2602375712,v1:172.21.15.96:6801/2602375712] conn(0x7efd40038f70 msgr2=0x7efd4003b430 unknown :-1 s=STATE_CONNECTING_RE l=1).process reconnect failed to v2:172.21.15.96:6800/2602375712
2024-03-18T15:31:03.282 INFO:teuthology.orchestra.run.smithi096.stdout:/usr/bin/ceph: stderr
2024-03-18T15:30:57.092+0000 7efd577fe700 1 --2- 172.21.15.96:0/1188522802 >> [v2:172.21.15.96:6800/2602375712,v1:172.21.15.96:6801/2602375712] conn(0x7efd40038f70 0x7efd4003b430 unknown :-1 s=START_CONNECT pgs=0 cs=0 l=1 rev1=0 crypto rx=0 tx=0 comp rx=0 tx=0)._fault waiting 0.400000
2024-03-18T15:31:03.282 INFO:teuthology.orchestra.run.smithi096.stdout:/usr/bin/ceph: stderr
2024-03-18T15:30:57.493+0000 7efd577fe700 1 -- 172.21.15.96:0/1188522802 >> [v2:172.21.15.96:6800/2602375712,v1:172.21.15.96:6801/2602375712] conn(0x7efd40038f70 msgr2=0x7efd4003b430 unknown :-1 s=STATE_CONNECTING_RE l=1).process reconnect failed to v2:172.21.15.96:6800/2602375712
2024-03-18T15:31:03.282 INFO:teuthology.orchestra.run.smithi096.stdout:/usr/bin/ceph: stderr
2024-03-18T15:30:57.493+0000 7efd577fe700 1 --2- 172.21.15.96:0/1188522802 >> [v2:172.21.15.96:6800/2602375712,v1:172.21.15.96:6801/2602375712] conn(0x7efd40038f70 0x7efd4003b430 unknown :-1 s=START_CONNECT pgs=0 cs=0 l=1 rev1=0 crypto rx=0 tx=0 comp rx=0 tx=0)._fault waiting 0.800000
2024-03-18T15:31:03.282 INFO:teuthology.orchestra.run.smithi096.stdout:/usr/bin/ceph: stderr
2024-03-18T15:30:58.294+0000 7efd577fe700 1 -- 172.21.15.96:0/1188522802 >> [v2:172.21.15.96:6800/2602375712,v1:172.21.15.96:6801/2602375712] conn(0x7efd40038f70 msgr2=0x7efd4003b430 unknown :-1 s=STATE_CONNECTING_RE l=1).process reconnect failed to v2:172.21.15.96:6800/2602375712
2024-03-18T15:31:03.282 INFO:teuthology.orchestra.run.smithi096.stdout:/usr/bin/ceph: stderr
2024-03-18T15:30:58.294+0000 7efd577fe700 1 --2- 172.21.15.96:0/1188522802 >> [v2:172.21.15.96:6800/2602375712,v1:172.21.15.96:6801/2602375712] conn(0x7efd40038f70 0x7efd4003b430 unknown :-1 s=START_CONNECT pgs=0 cs=0 l=1 rev1=0 crypto rx=0 tx=0 comp rx=0 tx=0)._fault waiting 1.600000
2024-03-18T15:31:03.282 INFO:teuthology.orchestra.run.smithi096.stdout:/usr/bin/ceph: stderr
2024-03-18T15:30:59.895+0000 7efd577fe700 1 -- 172.21.15.96:0/1188522802 >> [v2:172.21.15.96:6800/2602375712,v1:172.21.15.96:6801/2602375712] conn(0x7efd40038f70 msgr2=0x7efd4003b430 unknown :-1 s=STATE_CONNECTING_RE l=1).process reconnect failed to v2:172.21.15.96:6800/2602375712
2024-03-18T15:31:03.282 INFO:teuthology.orchestra.run.smithi096.stdout:/usr/bin/ceph: stderr
2024-03-18T15:30:59.895+0000 7efd577fe700 1 --2- 172.21.15.96:0/1188522802 >> [v2:172.21.15.96:6800/2602375712,v1:172.21.15.96:6801/2602375712] conn(0x7efd40038f70 0x7efd4003b430 unknown :-1 s=START_CONNECT pgs=0 cs=0 l=1 rev1=0 crypto rx=0 tx=0 comp rx=0 tx=0)._fault waiting 3.200000
2024-03-18T15:31:03.283 INFO:teuthology.orchestra.run.smithi096.stdout:/usr/bin/ceph: stderr
2024-03-18T15:31:01.362+0000 7efd557fa700 1 -- 172.21.15.96:0/1188522802 <== mon.0 v2:172.21.15.96:3300/0 6 ==== mgrmap(e 10) ==== 45886+0+0 (secure 0 0 0) 0x7efd4802d3f0 con 0x7efd58106b80
2024-03-18T15:31:03.283 INFO:teuthology.orchestra.run.smithi096.stdout:/usr/bin/ceph: stderr
2024-03-18T15:31:01.362+0000 7efd557fa700 1 -- 172.21.15.96:0/1188522802 >> [v2:172.21.15.96:6800/2602375712,v1:172.21.15.96:6801/2602375712] conn(0x7efd40038f70 msgr2=0x7efd4003b430 unknown :-1 s=STATE_CONNECTING l=1).mark_down
2024-03-18T15:31:03.283 INFO:teuthology.orchestra.run.smithi096.stdout:/usr/bin/ceph: stderr
2024-03-18T15:31:01.362+0000 7efd557fa700 1 --2- 172.21.15.96:0/1188522802 >> [v2:172.21.15.96:6800/2602375712,v1:172.21.15.96:6801/2602375712] conn(0x7efd40038f70 0x7efd4003b430 unknown :-1 s=START_CONNECT pgs=0 cs=0 l=1 rev1=0 crypto rx=0 tx=0 comp rx=0 tx=0).stop
2024-03-18T15:31:03.283 INFO:teuthology.orchestra.run.smithi096.stdout:/usr/bin/ceph: stderr
2024-03-18T15:31:02.363+0000 7efd557fa700 1 -- 172.21.15.96:0/1188522802 <== mon.0 v2:172.21.15.96:3300/0 7 ==== mgrmap(e 11) ==== 46013+0+0 (secure 0 0 0) 0x7efd4804f080 con 0x7efd58106b80
2024-03-18T15:31:03.283 INFO:teuthology.orchestra.run.smithi096.stdout:/usr/bin/ceph: stderr
2024-03-18T15:31:02.363+0000 7efd557fa700 1 --2- 172.21.15.96:0/1188522802 >> [v2:172.21.15.96:6800/3036369138,v1:172.21.15.96:6801/3036369138] conn(0x7efd4003c9f0 0x7efd4003ede0 unknown :-1 s=NONE pgs=0 cs=0 l=1 rev1=0 crypto rx=0 tx=0 comp rx=0 tx=0).connect
2024-03-18T15:31:03.283 INFO:teuthology.orchestra.run.smithi096.stdout:/usr/bin/ceph: stderr
2024-03-18T15:31:02.363+0000 7efd557fa700 1 -- 172.21.15.96:0/1188522802 --> [v2:172.21.15.96:6800/3036369138,v1:172.21.15.96:6801/3036369138] -- command(tid 0: {"prefix": "get_command_descriptions"}) -- 0x7efd48022e80 con 0x7efd4003c9f0
2024-03-18T15:31:03.283 INFO:teuthology.orchestra.run.smithi096.stdout:/usr/bin/ceph: stderr
2024-03-18T15:31:02.364+0000 7efd577fe700 1 --2- 172.21.15.96:0/1188522802 >> [v2:172.21.15.96:6800/3036369138,v1:172.21.15.96:6801/3036369138] conn(0x7efd4003c9f0 0x7efd4003ede0 unknown :-1 s=BANNER_CONNECTING pgs=0 cs=0 l=1 rev1=0 crypto rx=0 tx=0 comp rx=0 tx=0)._handle_peer_banner_payload supported=3 required=0
2024-03-18T15:31:03.283 INFO:teuthology.orchestra.run.smithi096.stdout:/usr/bin/ceph: stderr
2024-03-18T15:31:02.364+0000 7efd577fe700 1 --2- 172.21.15.96:0/1188522802 >> [v2:172.21.15.96:6800/3036369138,v1:172.21.15.96:6801/3036369138] conn(0x7efd4003c9f0 0x7efd4003ede0 secure :-1 s=READY pgs=1 cs=0 l=1 rev1=1 crypto rx=0x7efd4c003a10 tx=0x7efd4c0092b0 comp rx=0 tx=0).ready entity=mgr.14152 client_cookie=0 server_cookie=0 in_seq=0 out_seq=0
2024-03-18T15:31:03.283 INFO:teuthology.orchestra.run.smithi096.stdout:/usr/bin/ceph: stderr
2024-03-18T15:31:02.365+0000 7efd557fa700 1 -- 172.21.15.96:0/1188522802 <== mgr.14152 v2:172.21.15.96:6800/3036369138 1 ==== command_reply(tid 0: 0 ) ==== 8+0+7774 (secure 0 0 0) 0x7efd48022e80 con 0x7efd4003c9f0
2024-03-18T15:31:03.283 INFO:teuthology.orchestra.run.smithi096.stdout:/usr/bin/ceph: stderr
2024-03-18T15:31:02.372+0000 7efd5e3d8700 1 -- 172.21.15.96:0/1188522802 --> [v2:172.21.15.96:6800/3036369138,v1:172.21.15.96:6801/3036369138] -- command(tid 1: {"prefix": "mgr_status"}) -- 0x7efd44002630 con 0x7efd4003c9f0
2024-03-18T15:31:03.283 INFO:teuthology.orchestra.run.smithi096.stdout:/usr/bin/ceph: stderr
2024-03-18T15:31:02.372+0000 7efd557fa700 1 -- 172.21.15.96:0/1188522802 <== mgr.14152 v2:172.21.15.96:6800/3036369138 2 ==== command_reply(tid 1: 0 ) ==== 8+0+52 (secure 0 0 0) 0x7efd44002630 con 0x7efd4003c9f0
2024-03-18T15:31:03.283 INFO:teuthology.orchestra.run.smithi096.stdout:/usr/bin/ceph: stderr
2024-03-18T15:31:02.372+0000 7efd5e3d8700 1 -- 172.21.15.96:0/1188522802 >> [v2:172.21.15.96:6800/3036369138,v1:172.21.15.96:6801/3036369138] conn(0x7efd4003c9f0 msgr2=0x7efd4003ede0 secure :-1 s=STATE_CONNECTION_ESTABLISHED l=1).mark_down
2024-03-18T15:31:03.283 INFO:teuthology.orchestra.run.smithi096.stdout:/usr/bin/ceph: stderr
2024-03-18T15:31:02.372+0000 7efd5e3d8700 1 --2- 172.21.15.96:0/1188522802 >> [v2:172.21.15.96:6800/3036369138,v1:172.21.15.96:6801/3036369138] conn(0x7efd4003c9f0 0x7efd4003ede0 secure :-1 s=READY pgs=1 cs=0 l=1 rev1=1 crypto rx=0x7efd4c003a10 tx=0x7efd4c0092b0 comp rx=0 tx=0).stop
2024-03-18T15:31:03.284 INFO:teuthology.orchestra.run.smithi096.stdout:/usr/bin/ceph: stderr
2024-03-18T15:31:02.372+0000 7efd5e3d8700 1 -- 172.21.15.96:0/1188522802 >> [v2:172.21.15.96:3300/0,v1:172.21.15.96:6789/0] conn(0x7efd58106b80 msgr2=0x7efd5819bc90 secure :-1 s=STATE_CONNECTION_ESTABLISHED l=1).mark_down
2024-03-18T15:31:03.284 INFO:teuthology.orchestra.run.smithi096.stdout:/usr/bin/ceph: stderr
2024-03-18T15:31:02.372+0000 7efd5e3d8700 1 --2- 172.21.15.96:0/1188522802 >> [v2:172.21.15.96:3300/0,v1:172.21.15.96:6789/0] conn(0x7efd58106b80 0x7efd5819bc90 secure :-1 s=READY pgs=62 cs=0 l=1 rev1=1 crypto rx=0x7efd48000c00 tx=0x7efd48011c10 comp rx=0 tx=0).stop
2024-03-18T15:31:03.284 INFO:teuthology.orchestra.run.smithi096.stdout:/usr/bin/ceph: stderr
2024-03-18T15:31:02.372+0000 7efd5e3d8700 1 -- 172.21.15.96:0/1188522802 shutdown_connections
2024-03-18T15:31:03.284 INFO:teuthology.orchestra.run.smithi096.stdout:/usr/bin/ceph: stderr
2024-03-18T15:31:02.372+0000 7efd5e3d8700 1 --2- 172.21.15.96:0/1188522802 >> [v2:172.21.15.96:6800/3036369138,v1:172.21.15.96:6801/3036369138] conn(0x7efd4003c9f0 0x7efd4003ede0 unknown :-1 s=CLOSED pgs=1 cs=0 l=1 rev1=1 crypto rx=0 tx=0 comp rx=0 tx=0).stop
2024-03-18T15:31:03.284 INFO:teuthology.orchestra.run.smithi096.stdout:/usr/bin/ceph: stderr
2024-03-18T15:31:02.372+0000 7efd5e3d8700 1 --2- 172.21.15.96:0/1188522802 >> [v2:172.21.15.96:3300/0,v1:172.21.15.96:6789/0] conn(0x7efd58106b80 0x7efd5819bc90 unknown :-1 s=CLOSED pgs=62 cs=0 l=1 rev1=1 crypto rx=0 tx=0 comp rx=0 tx=0).stop
2024-03-18T15:31:03.284 INFO:teuthology.orchestra.run.smithi096.stdout:/usr/bin/ceph: stderr
2024-03-18T15:31:02.372+0000 7efd5e3d8700 1 --2- 172.21.15.96:0/1188522802 >> [v2:172.21.15.96:6800/2602375712,v1:172.21.15.96:6801/2602375712] conn(0x7efd40038f70 0x7efd4003b430 unknown :-1 s=CLOSED pgs=0 cs=0 l=1 rev1=0 crypto rx=0 tx=0 comp rx=0 tx=0).stop
2024-03-18T15:31:03.284 INFO:teuthology.orchestra.run.smithi096.stdout:/usr/bin/ceph: stderr
2024-03-18T15:31:02.372+0000 7efd5e3d8700 1 -- 172.21.15.96:0/1188522802 >> 172.21.15.96:0/1188522802 conn(0x7efd58102100 msgr2=0x7efd58103060 unknown :-1 s=STATE_NONE l=0).mark_down
2024-03-18T15:31:03.284 INFO:teuthology.orchestra.run.smithi096.stdout:/usr/bin/ceph: stderr
2024-03-18T15:31:02.372+0000 7efd5e3d8700 1 -- 172.21.15.96:0/1188522802 shutdown_connections
2024-03-18T15:31:03.284 INFO:teuthology.orchestra.run.smithi096.stdout:/usr/bin/ceph: stderr
2024-03-18T15:31:02.372+0000 7efd5e3d8700 1 -- 172.21.15.96:0/1188522802 wait complete.
2024-03-18T15:31:03.284 INFO:teuthology.orchestra.run.smithi096.stdout:mgr epoch 9 is available
2024-03-18T15:31:03.284 INFO:teuthology.orchestra.run.smithi096.stdout:Generating a dashboard self-signed certificate...
2024-03-18T15:31:03.538 INFO:journalctl@ceph.mon.a.smithi096.stdout:Mar 18 15:31:03 smithi096 ceph-mon[31930]: [18/Mar/2024:15:31:02] ENGINE Bus STARTING
2024-03-18T15:31:03.538 INFO:journalctl@ceph.mon.a.smithi096.stdout:Mar 18 15:31:03 smithi096 ceph-mon[31930]: [18/Mar/2024:15:31:02] ENGINE Serving on https://172.21.15.96:7150
2024-03-18T15:31:03.538 INFO:journalctl@ceph.mon.a.smithi096.stdout:Mar 18 15:31:03 smithi096 ceph-mon[31930]: from='client.14156 -' entity='client.admin' cmd=[{"prefix": "get_command_descriptions"}]: dispatch
2024-03-18T15:31:03.538 INFO:journalctl@ceph.mon.a.smithi096.stdout:Mar 18 15:31:03 smithi096 ceph-mon[31930]: from='client.14156 -' entity='client.admin' cmd=[{"prefix": "mgr_status"}]: dispatch
2024-03-18T15:31:03.539 INFO:journalctl@ceph.mon.a.smithi096.stdout:Mar 18 15:31:03 smithi096 ceph-mon[31930]: [18/Mar/2024:15:31:02] ENGINE Serving on http://172.21.15.96:8765
2024-03-18T15:31:03.539 INFO:journalctl@ceph.mon.a.smithi096.stdout:Mar 18 15:31:03 smithi096 ceph-mon[31930]: [18/Mar/2024:15:31:02] ENGINE Bus STARTED
2024-03-18T15:31:03.539 INFO:journalctl@ceph.mon.a.smithi096.stdout:Mar 18 15:31:03 smithi096 ceph-mon[31930]: from='mgr.14152 172.21.15.96:0/674870243' entity='mgr.x'
2024-03-18T15:31:04.575 INFO:teuthology.orchestra.run.smithi096.stdout:/usr/bin/ceph: stdout Self-signed certificate created
2024-03-18T15:31:04.575 INFO:teuthology.orchestra.run.smithi096.stdout:/usr/bin/ceph: stderr
2024-03-18T15:31:03.640+0000 7f3be7194700 1 Processor -- start
2024-03-18T15:31:04.575 INFO:teuthology.orchestra.run.smithi096.stdout:/usr/bin/ceph: stderr
2024-03-18T15:31:03.640+0000 7f3be7194700 1 -- start start
2024-03-18T15:31:04.575 INFO:teuthology.orchestra.run.smithi096.stdout:/usr/bin/ceph: stderr
2024-03-18T15:31:03.641+0000 7f3be7194700 1 --2- >> [v2:172.21.15.96:3300/0,v1:172.21.15.96:6789/0] conn(0x7f3be0108750 0x7f3be010ab40 unknown :-1 s=NONE pgs=0 cs=0 l=0 rev1=0 crypto rx=0 tx=0 comp rx=0 tx=0).connect
2024-03-18T15:31:04.575 INFO:teuthology.orchestra.run.smithi096.stdout:/usr/bin/ceph: stderr
2024-03-18T15:31:03.641+0000 7f3be7194700 1 -- --> [v2:172.21.15.96:3300/0,v1:172.21.15.96:6789/0] -- mon_getmap magic: 0 -- 0x7f3be007be70 con 0x7f3be0108750
2024-03-18T15:31:04.575 INFO:teuthology.orchestra.run.smithi096.stdout:/usr/bin/ceph: stderr
2024-03-18T15:31:03.641+0000 7f3be4f30700 1 --2- >> [v2:172.21.15.96:3300/0,v1:172.21.15.96:6789/0] conn(0x7f3be0108750 0x7f3be010ab40 unknown :-1 s=BANNER_CONNECTING pgs=0 cs=0 l=0 rev1=0 crypto rx=0 tx=0 comp rx=0 tx=0)._handle_peer_banner_payload supported=3 required=0
2024-03-18T15:31:04.575 INFO:teuthology.orchestra.run.smithi096.stdout:/usr/bin/ceph: stderr
2024-03-18T15:31:03.641+0000 7f3be4f30700 1 --2- >> [v2:172.21.15.96:3300/0,v1:172.21.15.96:6789/0] conn(0x7f3be0108750 0x7f3be010ab40 unknown :-1 s=HELLO_CONNECTING pgs=0 cs=0 l=0 rev1=1 crypto rx=0 tx=0 comp rx=0 tx=0).handle_hello peer v2:172.21.15.96:3300/0 says I am v2:172.21.15.96:55298/0 (socket says 172.21.15.96:55298)
2024-03-18T15:31:04.576 INFO:teuthology.orchestra.run.smithi096.stdout:/usr/bin/ceph: stderr
2024-03-18T15:31:03.641+0000 7f3be4f30700 1 -- 172.21.15.96:0/754173955 learned_addr learned my addr 172.21.15.96:0/754173955 (peer_addr_for_me v2:172.21.15.96:0/0)
2024-03-18T15:31:04.576 INFO:teuthology.orchestra.run.smithi096.stdout:/usr/bin/ceph: stderr
2024-03-18T15:31:03.641+0000 7f3be4f30700 1 -- 172.21.15.96:0/754173955 --> [v2:172.21.15.96:3300/0,v1:172.21.15.96:6789/0] -- mon_subscribe({config=0+,monmap=0+}) -- 0x7f3be010b080 con 0x7f3be0108750
2024-03-18T15:31:04.576 INFO:teuthology.orchestra.run.smithi096.stdout:/usr/bin/ceph: stderr
2024-03-18T15:31:03.641+0000 7f3be4f30700 1 --2- 172.21.15.96:0/754173955 >> [v2:172.21.15.96:3300/0,v1:172.21.15.96:6789/0] conn(0x7f3be0108750 0x7f3be010ab40 secure :-1 s=READY pgs=70 cs=0 l=1 rev1=1 crypto rx=0x7f3bd40098a0 tx=0x7f3bd4009bb0 comp rx=0 tx=0).ready entity=mon.0 client_cookie=8fe2b74c9b5780bf server_cookie=0 in_seq=0 out_seq=0
2024-03-18T15:31:04.576 INFO:teuthology.orchestra.run.smithi096.stdout:/usr/bin/ceph: stderr
2024-03-18T15:31:03.642+0000 7f3bdf7fe700 1 -- 172.21.15.96:0/754173955 <== mon.0 v2:172.21.15.96:3300/0 1 ==== mon_map magic: 0 ==== 205+0+0 (secure 0 0 0) 0x7f3bd4004160 con 0x7f3be0108750
2024-03-18T15:31:04.576 INFO:teuthology.orchestra.run.smithi096.stdout:/usr/bin/ceph: stderr
2024-03-18T15:31:03.642+0000 7f3bdf7fe700 1 -- 172.21.15.96:0/754173955 <== mon.0 v2:172.21.15.96:3300/0 2 ==== config(27 keys) ==== 1140+0+0 (secure 0 0 0) 0x7f3bd4004300 con 0x7f3be0108750
2024-03-18T15:31:04.576 INFO:teuthology.orchestra.run.smithi096.stdout:/usr/bin/ceph: stderr
2024-03-18T15:31:03.642+0000 7f3bdf7fe700 1 -- 172.21.15.96:0/754173955 <== mon.0 v2:172.21.15.96:3300/0 3 ==== mon_map magic: 0 ==== 205+0+0 (secure 0 0 0) 0x7f3bd4011b20 con 0x7f3be0108750
2024-03-18T15:31:04.576 INFO:teuthology.orchestra.run.smithi096.stdout:/usr/bin/ceph: stderr
2024-03-18T15:31:03.642+0000 7f3be7194700 1 -- 172.21.15.96:0/754173955 >> [v2:172.21.15.96:3300/0,v1:172.21.15.96:6789/0] conn(0x7f3be0108750 msgr2=0x7f3be010ab40 secure :-1 s=STATE_CONNECTION_ESTABLISHED l=1).mark_down
2024-03-18T15:31:04.576 INFO:teuthology.orchestra.run.smithi096.stdout:/usr/bin/ceph: stderr
2024-03-18T15:31:03.642+0000 7f3be7194700 1 --2- 172.21.15.96:0/754173955 >> [v2:172.21.15.96:3300/0,v1:172.21.15.96:6789/0] conn(0x7f3be0108750 0x7f3be010ab40 secure :-1 s=READY pgs=70 cs=0 l=1 rev1=1 crypto rx=0x7f3bd40098a0 tx=0x7f3bd4009bb0 comp rx=0 tx=0).stop
2024-03-18T15:31:04.576 INFO:teuthology.orchestra.run.smithi096.stdout:/usr/bin/ceph: stderr
2024-03-18T15:31:03.642+0000 7f3be7194700 1 -- 172.21.15.96:0/754173955 shutdown_connections
2024-03-18T15:31:04.576 INFO:teuthology.orchestra.run.smithi096.stdout:/usr/bin/ceph: stderr
2024-03-18T15:31:03.642+0000 7f3be7194700 1 --2- 172.21.15.96:0/754173955 >> [v2:172.21.15.96:3300/0,v1:172.21.15.96:6789/0] conn(0x7f3be0108750 0x7f3be010ab40 unknown :-1 s=CLOSED pgs=70 cs=0 l=1 rev1=1 crypto rx=0 tx=0 comp rx=0 tx=0).stop
2024-03-18T15:31:04.576 INFO:teuthology.orchestra.run.smithi096.stdout:/usr/bin/ceph: stderr
2024-03-18T15:31:03.642+0000 7f3be7194700 1 -- 172.21.15.96:0/754173955 >> 172.21.15.96:0/754173955 conn(0x7f3be0102120 msgr2=0x7f3be0104580 unknown :-1 s=STATE_NONE l=0).mark_down
2024-03-18T15:31:04.576 INFO:teuthology.orchestra.run.smithi096.stdout:/usr/bin/ceph: stderr
2024-03-18T15:31:03.643+0000 7f3be7194700 1 -- 172.21.15.96:0/754173955 shutdown_connections
2024-03-18T15:31:04.576 INFO:teuthology.orchestra.run.smithi096.stdout:/usr/bin/ceph: stderr
2024-03-18T15:31:03.643+0000 7f3be7194700 1 -- 172.21.15.96:0/754173955 wait complete.
2024-03-18T15:31:04.576 INFO:teuthology.orchestra.run.smithi096.stdout:/usr/bin/ceph: stderr
2024-03-18T15:31:03.643+0000 7f3be7194700 1 Processor -- start
2024-03-18T15:31:04.576 INFO:teuthology.orchestra.run.smithi096.stdout:/usr/bin/ceph: stderr
2024-03-18T15:31:03.643+0000 7f3be7194700 1 -- start start
2024-03-18T15:31:04.577 INFO:teuthology.orchestra.run.smithi096.stdout:/usr/bin/ceph: stderr
