2024-03-18T15:30:37.975+0000 7fea3b24d700 1 --2- >> [v2:172.21.15.96:3300/0,v1:172.21.15.96:6789/0] conn(0x7fea341093b0 0x7fea3419bce0 unknown :-1 s=NONE pgs=0 cs=0 l=1 rev1=0 crypto rx=0 tx=0 comp rx=0 tx=0).connect
2024-03-18T15:30:38.715 INFO:teuthology.orchestra.run.smithi096.stdout:/usr/bin/ceph: stderr
2024-03-18T15:30:37.975+0000 7fea3b24d700 1 -- --> [v2:172.21.15.96:3300/0,v1:172.21.15.96:6789/0] -- mon_getmap magic: 0 -- 0x7fea3410c280 con 0x7fea341093b0
2024-03-18T15:30:38.715 INFO:teuthology.orchestra.run.smithi096.stdout:/usr/bin/ceph: stderr
2024-03-18T15:30:37.975+0000 7fea38fe9700 1 --2- >> [v2:172.21.15.96:3300/0,v1:172.21.15.96:6789/0] conn(0x7fea341093b0 0x7fea3419bce0 unknown :-1 s=BANNER_CONNECTING pgs=0 cs=0 l=1 rev1=0 crypto rx=0 tx=0 comp rx=0 tx=0)._handle_peer_banner_payload supported=3 required=0
2024-03-18T15:30:38.715 INFO:teuthology.orchestra.run.smithi096.stdout:/usr/bin/ceph: stderr
2024-03-18T15:30:37.975+0000 7fea38fe9700 1 --2- >> [v2:172.21.15.96:3300/0,v1:172.21.15.96:6789/0] conn(0x7fea341093b0 0x7fea3419bce0 unknown :-1 s=HELLO_CONNECTING pgs=0 cs=0 l=1 rev1=1 crypto rx=0 tx=0 comp rx=0 tx=0).handle_hello peer v2:172.21.15.96:3300/0 says I am v2:172.21.15.96:50142/0 (socket says 172.21.15.96:50142)
2024-03-18T15:30:38.715 INFO:teuthology.orchestra.run.smithi096.stdout:/usr/bin/ceph: stderr
2024-03-18T15:30:37.975+0000 7fea38fe9700 1 -- 172.21.15.96:0/3250253239 learned_addr learned my addr 172.21.15.96:0/3250253239 (peer_addr_for_me v2:172.21.15.96:0/0)
2024-03-18T15:30:38.715 INFO:teuthology.orchestra.run.smithi096.stdout:/usr/bin/ceph: stderr
2024-03-18T15:30:37.975+0000 7fea38fe9700 1 -- 172.21.15.96:0/3250253239 --> [v2:172.21.15.96:3300/0,v1:172.21.15.96:6789/0] -- mon_subscribe({config=0+,monmap=0+}) -- 0x7fea3419c220 con 0x7fea341093b0
2024-03-18T15:30:38.715 INFO:teuthology.orchestra.run.smithi096.stdout:/usr/bin/ceph: stderr
2024-03-18T15:30:37.976+0000 7fea38fe9700 1 --2- 172.21.15.96:0/3250253239 >> [v2:172.21.15.96:3300/0,v1:172.21.15.96:6789/0] conn(0x7fea341093b0 0x7fea3419bce0 secure :-1 s=READY pgs=40 cs=0 l=1 rev1=1 crypto rx=0x7fea28000c00 tx=0x7fea28011c10 comp rx=0 tx=0).ready entity=mon.0 client_cookie=0 server_cookie=0 in_seq=0 out_seq=0
2024-03-18T15:30:38.715 INFO:teuthology.orchestra.run.smithi096.stdout:/usr/bin/ceph: stderr
2024-03-18T15:30:37.976+0000 7fea31ffb700 1 -- 172.21.15.96:0/3250253239 <== mon.0 v2:172.21.15.96:3300/0 1 ==== mon_map magic: 0 ==== 205+0+0 (secure 0 0 0) 0x7fea28003b20 con 0x7fea341093b0
2024-03-18T15:30:38.715 INFO:teuthology.orchestra.run.smithi096.stdout:/usr/bin/ceph: stderr
2024-03-18T15:30:37.976+0000 7fea31ffb700 1 -- 172.21.15.96:0/3250253239 <== mon.0 v2:172.21.15.96:3300/0 2 ==== config(27 keys) ==== 1109+0+0 (secure 0 0 0) 0x7fea28003cc0 con 0x7fea341093b0
2024-03-18T15:30:38.715 INFO:teuthology.orchestra.run.smithi096.stdout:/usr/bin/ceph: stderr
2024-03-18T15:30:37.976+0000 7fea31ffb700 1 -- 172.21.15.96:0/3250253239 <== mon.0 v2:172.21.15.96:3300/0 3 ==== mon_map magic: 0 ==== 205+0+0 (secure 0 0 0) 0x7fea28024910 con 0x7fea341093b0
2024-03-18T15:30:38.715 INFO:teuthology.orchestra.run.smithi096.stdout:/usr/bin/ceph: stderr
2024-03-18T15:30:37.976+0000 7fea3b24d700 1 -- 172.21.15.96:0/3250253239 --> [v2:172.21.15.96:3300/0,v1:172.21.15.96:6789/0] -- mon_subscribe({mgrmap=0+}) -- 0x7fea3419c4b0 con 0x7fea341093b0
2024-03-18T15:30:38.715 INFO:teuthology.orchestra.run.smithi096.stdout:/usr/bin/ceph: stderr
2024-03-18T15:30:37.976+0000 7fea3b24d700 1 -- 172.21.15.96:0/3250253239 --> [v2:172.21.15.96:3300/0,v1:172.21.15.96:6789/0] -- mon_subscribe({osdmap=0}) -- 0x7fea3419f190 con 0x7fea341093b0
2024-03-18T15:30:38.715 INFO:teuthology.orchestra.run.smithi096.stdout:/usr/bin/ceph: stderr
2024-03-18T15:30:37.977+0000 7fea31ffb700 1 -- 172.21.15.96:0/3250253239 <== mon.0 v2:172.21.15.96:3300/0 4 ==== mgrmap(e 8) ==== 46106+0+0 (secure 0 0 0) 0x7fea28022020 con 0x7fea341093b0
2024-03-18T15:30:38.715 INFO:teuthology.orchestra.run.smithi096.stdout:/usr/bin/ceph: stderr
2024-03-18T15:30:37.977+0000 7fea3b24d700 1 -- 172.21.15.96:0/3250253239 --> [v2:172.21.15.96:3300/0,v1:172.21.15.96:6789/0] -- mon_command({"prefix": "get_command_descriptions"} v 0) -- 0x7fea3410c400 con 0x7fea341093b0
2024-03-18T15:30:38.715 INFO:teuthology.orchestra.run.smithi096.stdout:/usr/bin/ceph: stderr
2024-03-18T15:30:37.977+0000 7fea31ffb700 1 --2- 172.21.15.96:0/3250253239 >> [v2:172.21.15.96:6800/2602375712,v1:172.21.15.96:6801/2602375712] conn(0x7fea24038f20 0x7fea2403b3e0 unknown :-1 s=NONE pgs=0 cs=0 l=1 rev1=0 crypto rx=0 tx=0 comp rx=0 tx=0).connect
2024-03-18T15:30:38.716 INFO:teuthology.orchestra.run.smithi096.stdout:/usr/bin/ceph: stderr
2024-03-18T15:30:37.977+0000 7fea31ffb700 1 -- 172.21.15.96:0/3250253239 <== mon.0 v2:172.21.15.96:3300/0 5 ==== osd_map(2..2 src has 1..2) ==== 940+0+0 (secure 0 0 0) 0x7fea28011e00 con 0x7fea341093b0
2024-03-18T15:30:38.716 INFO:teuthology.orchestra.run.smithi096.stdout:/usr/bin/ceph: stderr
2024-03-18T15:30:37.977+0000 7fea33fff700 1 --2- 172.21.15.96:0/3250253239 >> [v2:172.21.15.96:6800/2602375712,v1:172.21.15.96:6801/2602375712] conn(0x7fea24038f20 0x7fea2403b3e0 unknown :-1 s=BANNER_CONNECTING pgs=0 cs=0 l=1 rev1=0 crypto rx=0 tx=0 comp rx=0 tx=0)._handle_peer_banner_payload supported=3 required=0
2024-03-18T15:30:38.716 INFO:teuthology.orchestra.run.smithi096.stdout:/usr/bin/ceph: stderr
2024-03-18T15:30:37.978+0000 7fea33fff700 1 --2- 172.21.15.96:0/3250253239 >> [v2:172.21.15.96:6800/2602375712,v1:172.21.15.96:6801/2602375712] conn(0x7fea24038f20 0x7fea2403b3e0 secure :-1 s=READY pgs=8 cs=0 l=1 rev1=1 crypto rx=0x7fea20006fd0 tx=0x7fea20006e40 comp rx=0 tx=0).ready entity=mgr.14120 client_cookie=0 server_cookie=0 in_seq=0 out_seq=0
2024-03-18T15:30:38.716 INFO:teuthology.orchestra.run.smithi096.stdout:/usr/bin/ceph: stderr
2024-03-18T15:30:37.982+0000 7fea31ffb700 1 -- 172.21.15.96:0/3250253239 <== mon.0 v2:172.21.15.96:3300/0 6 ==== mon_command_ack([{"prefix": "get_command_descriptions"}]=0 v0) ==== 72+0+186149 (secure 0 0 0) 0x7fea28016260 con 0x7fea341093b0
2024-03-18T15:30:38.716 INFO:teuthology.orchestra.run.smithi096.stdout:/usr/bin/ceph: stderr
2024-03-18T15:30:38.177+0000 7fea3b24d700 1 -- 172.21.15.96:0/3250253239 --> [v2:172.21.15.96:6800/2602375712,v1:172.21.15.96:6801/2602375712] -- mgr_command(tid 0: {"prefix": "cephadm set-user", "user": "root", "target": ["mon-mgr", ""]}) -- 0x7fea34104590 con 0x7fea24038f20
2024-03-18T15:30:38.716 INFO:teuthology.orchestra.run.smithi096.stdout:/usr/bin/ceph: stderr
2024-03-18T15:30:38.177+0000 7fea31ffb700 1 -- 172.21.15.96:0/3250253239 <== mgr.14120 v2:172.21.15.96:6800/2602375712 1 ==== mgr_command_reply(tid 0: 0 ) ==== 8+0+16 (secure 0 0 0) 0x7fea34104590 con 0x7fea24038f20
2024-03-18T15:30:38.716 INFO:teuthology.orchestra.run.smithi096.stdout:/usr/bin/ceph: stderr
2024-03-18T15:30:38.180+0000 7fea3b24d700 1 -- 172.21.15.96:0/3250253239 >> [v2:172.21.15.96:6800/2602375712,v1:172.21.15.96:6801/2602375712] conn(0x7fea24038f20 msgr2=0x7fea2403b3e0 secure :-1 s=STATE_CONNECTION_ESTABLISHED l=1).mark_down
2024-03-18T15:30:38.716 INFO:teuthology.orchestra.run.smithi096.stdout:/usr/bin/ceph: stderr
2024-03-18T15:30:38.180+0000 7fea3b24d700 1 --2- 172.21.15.96:0/3250253239 >> [v2:172.21.15.96:6800/2602375712,v1:172.21.15.96:6801/2602375712] conn(0x7fea24038f20 0x7fea2403b3e0 secure :-1 s=READY pgs=8 cs=0 l=1 rev1=1 crypto rx=0x7fea20006fd0 tx=0x7fea20006e40 comp rx=0 tx=0).stop
2024-03-18T15:30:38.716 INFO:teuthology.orchestra.run.smithi096.stdout:/usr/bin/ceph: stderr
2024-03-18T15:30:38.180+0000 7fea3b24d700 1 -- 172.21.15.96:0/3250253239 >> [v2:172.21.15.96:3300/0,v1:172.21.15.96:6789/0] conn(0x7fea341093b0 msgr2=0x7fea3419bce0 secure :-1 s=STATE_CONNECTION_ESTABLISHED l=1).mark_down
2024-03-18T15:30:38.716 INFO:teuthology.orchestra.run.smithi096.stdout:/usr/bin/ceph: stderr
2024-03-18T15:30:38.180+0000 7fea3b24d700 1 --2- 172.21.15.96:0/3250253239 >> [v2:172.21.15.96:3300/0,v1:172.21.15.96:6789/0] conn(0x7fea341093b0 0x7fea3419bce0 secure :-1 s=READY pgs=40 cs=0 l=1 rev1=1 crypto rx=0x7fea28000c00 tx=0x7fea28011c10 comp rx=0 tx=0).stop
2024-03-18T15:30:38.716 INFO:teuthology.orchestra.run.smithi096.stdout:/usr/bin/ceph: stderr
2024-03-18T15:30:38.180+0000 7fea3b24d700 1 -- 172.21.15.96:0/3250253239 shutdown_connections
2024-03-18T15:30:38.716 INFO:teuthology.orchestra.run.smithi096.stdout:/usr/bin/ceph: stderr
2024-03-18T15:30:38.180+0000 7fea3b24d700 1 --2- 172.21.15.96:0/3250253239 >> [v2:172.21.15.96:6800/2602375712,v1:172.21.15.96:6801/2602375712] conn(0x7fea24038f20 0x7fea2403b3e0 unknown :-1 s=CLOSED pgs=8 cs=0 l=1 rev1=1 crypto rx=0 tx=0 comp rx=0 tx=0).stop
2024-03-18T15:30:38.716 INFO:teuthology.orchestra.run.smithi096.stdout:/usr/bin/ceph: stderr
2024-03-18T15:30:38.180+0000 7fea3b24d700 1 --2- 172.21.15.96:0/3250253239 >> [v2:172.21.15.96:3300/0,v1:172.21.15.96:6789/0] conn(0x7fea341093b0 0x7fea3419bce0 unknown :-1 s=CLOSED pgs=40 cs=0 l=1 rev1=1 crypto rx=0 tx=0 comp rx=0 tx=0).stop
2024-03-18T15:30:38.716 INFO:teuthology.orchestra.run.smithi096.stdout:/usr/bin/ceph: stderr
2024-03-18T15:30:38.180+0000 7fea3b24d700 1 -- 172.21.15.96:0/3250253239 >> 172.21.15.96:0/3250253239 conn(0x7fea34103320 msgr2=0x7fea34103e80 unknown :-1 s=STATE_NONE l=0).mark_down
2024-03-18T15:30:38.717 INFO:teuthology.orchestra.run.smithi096.stdout:/usr/bin/ceph: stderr
2024-03-18T15:30:38.180+0000 7fea3b24d700 1 -- 172.21.15.96:0/3250253239 shutdown_connections
2024-03-18T15:30:38.717 INFO:teuthology.orchestra.run.smithi096.stdout:/usr/bin/ceph: stderr
2024-03-18T15:30:38.180+0000 7fea3b24d700 1 -- 172.21.15.96:0/3250253239 wait complete.
2024-03-18T15:30:38.717 INFO:teuthology.orchestra.run.smithi096.stdout:Generating ssh key...
2024-03-18T15:30:39.082 INFO:journalctl@ceph.mon.a.smithi096.stdout:Mar 18 15:30:38 smithi096 ceph-mon[31930]: [18/Mar/2024:15:30:37] ENGINE Bus STARTING
2024-03-18T15:30:39.082 INFO:journalctl@ceph.mon.a.smithi096.stdout:Mar 18 15:30:38 smithi096 ceph-mon[31930]: [18/Mar/2024:15:30:37] ENGINE Serving on http://172.21.15.96:8765
2024-03-18T15:30:39.082 INFO:journalctl@ceph.mon.a.smithi096.stdout:Mar 18 15:30:38 smithi096 ceph-mon[31930]: [18/Mar/2024:15:30:37] ENGINE Serving on https://172.21.15.96:7150
2024-03-18T15:30:39.082 INFO:journalctl@ceph.mon.a.smithi096.stdout:Mar 18 15:30:38 smithi096 ceph-mon[31930]: [18/Mar/2024:15:30:37] ENGINE Bus STARTED
2024-03-18T15:30:39.810 INFO:journalctl@ceph.mgr.x.smithi096.stdout:Mar 18 15:30:39 smithi096 ceph-419c928c-e53c-11ee-95c9-87774f69a715-mgr-x[32163]: Generating public/private rsa key pair.
2024-03-18T15:30:39.811 INFO:journalctl@ceph.mgr.x.smithi096.stdout:Mar 18 15:30:39 smithi096 ceph-419c928c-e53c-11ee-95c9-87774f69a715-mgr-x[32163]: Your identification has been saved in /tmp/tmp0htcflky/key.
2024-03-18T15:30:39.811 INFO:journalctl@ceph.mgr.x.smithi096.stdout:Mar 18 15:30:39 smithi096 ceph-419c928c-e53c-11ee-95c9-87774f69a715-mgr-x[32163]: Your public key has been saved in /tmp/tmp0htcflky/key.pub.
2024-03-18T15:30:39.811 INFO:journalctl@ceph.mgr.x.smithi096.stdout:Mar 18 15:30:39 smithi096 ceph-419c928c-e53c-11ee-95c9-87774f69a715-mgr-x[32163]: The key fingerprint is:
2024-03-18T15:30:39.811 INFO:journalctl@ceph.mgr.x.smithi096.stdout:Mar 18 15:30:39 smithi096 ceph-419c928c-e53c-11ee-95c9-87774f69a715-mgr-x[32163]: SHA256:roVKScw4AH96iZHKEWx+1tj/TsJ3eiwRt8ztL1kpnrg ceph-419c928c-e53c-11ee-95c9-87774f69a715
2024-03-18T15:30:39.811 INFO:journalctl@ceph.mgr.x.smithi096.stdout:Mar 18 15:30:39 smithi096 ceph-419c928c-e53c-11ee-95c9-87774f69a715-mgr-x[32163]: The key's randomart image is:
2024-03-18T15:30:39.811 INFO:journalctl@ceph.mgr.x.smithi096.stdout:Mar 18 15:30:39 smithi096 ceph-419c928c-e53c-11ee-95c9-87774f69a715-mgr-x[32163]: +---[RSA 3072]----+
2024-03-18T15:30:39.811 INFO:journalctl@ceph.mgr.x.smithi096.stdout:Mar 18 15:30:39 smithi096 ceph-419c928c-e53c-11ee-95c9-87774f69a715-mgr-x[32163]: |o. |
2024-03-18T15:30:39.811 INFO:journalctl@ceph.mgr.x.smithi096.stdout:Mar 18 15:30:39 smithi096 ceph-419c928c-e53c-11ee-95c9-87774f69a715-mgr-x[32163]: |.+.. |
2024-03-18T15:30:39.811 INFO:journalctl@ceph.mgr.x.smithi096.stdout:Mar 18 15:30:39 smithi096 ceph-419c928c-e53c-11ee-95c9-87774f69a715-mgr-x[32163]: |+.+ = |
2024-03-18T15:30:39.811 INFO:journalctl@ceph.mgr.x.smithi096.stdout:Mar 18 15:30:39 smithi096 ceph-419c928c-e53c-11ee-95c9-87774f69a715-mgr-x[32163]: |.+.% + . . |
2024-03-18T15:30:39.811 INFO:journalctl@ceph.mgr.x.smithi096.stdout:Mar 18 15:30:39 smithi096 ceph-419c928c-e53c-11ee-95c9-87774f69a715-mgr-x[32163]: |..B * . S = o .|
2024-03-18T15:30:39.811 INFO:journalctl@ceph.mgr.x.smithi096.stdout:Mar 18 15:30:39 smithi096 ceph-419c928c-e53c-11ee-95c9-87774f69a715-mgr-x[32163]: | + ..+ . + o o |
2024-03-18T15:30:39.811 INFO:journalctl@ceph.mgr.x.smithi096.stdout:Mar 18 15:30:39 smithi096 ceph-419c928c-e53c-11ee-95c9-87774f69a715-mgr-x[32163]: | o .o+oo.+ = |
2024-03-18T15:30:39.812 INFO:journalctl@ceph.mgr.x.smithi096.stdout:Mar 18 15:30:39 smithi096 ceph-419c928c-e53c-11ee-95c9-87774f69a715-mgr-x[32163]: | . . o+oo+ * |
2024-03-18T15:30:39.812 INFO:journalctl@ceph.mgr.x.smithi096.stdout:Mar 18 15:30:39 smithi096 ceph-419c928c-e53c-11ee-95c9-87774f69a715-mgr-x[32163]: | . . .ooE. o. |
2024-03-18T15:30:39.812 INFO:journalctl@ceph.mgr.x.smithi096.stdout:Mar 18 15:30:39 smithi096 ceph-419c928c-e53c-11ee-95c9-87774f69a715-mgr-x[32163]: +----[SHA256]-----+
2024-03-18T15:30:40.051 INFO:teuthology.orchestra.run.smithi096.stdout:/usr/bin/ceph: stderr
2024-03-18T15:30:39.096+0000 7f25f51e5700 1 Processor -- start
2024-03-18T15:30:40.051 INFO:teuthology.orchestra.run.smithi096.stdout:/usr/bin/ceph: stderr
2024-03-18T15:30:39.096+0000 7f25f51e5700 1 -- start start
2024-03-18T15:30:40.052 INFO:teuthology.orchestra.run.smithi096.stdout:/usr/bin/ceph: stderr
2024-03-18T15:30:39.096+0000 7f25f51e5700 1 --2- >> [v2:172.21.15.96:3300/0,v1:172.21.15.96:6789/0] conn(0x7f25f0108710 0x7f25f010ab00 unknown :-1 s=NONE pgs=0 cs=0 l=0 rev1=0 crypto rx=0 tx=0 comp rx=0 tx=0).connect
2024-03-18T15:30:40.052 INFO:teuthology.orchestra.run.smithi096.stdout:/usr/bin/ceph: stderr
2024-03-18T15:30:39.097+0000 7f25f51e5700 1 -- --> [v2:172.21.15.96:3300/0,v1:172.21.15.96:6789/0] -- mon_getmap magic: 0 -- 0x7f25f007be70 con 0x7f25f0108710
2024-03-18T15:30:40.052 INFO:teuthology.orchestra.run.smithi096.stdout:/usr/bin/ceph: stderr
2024-03-18T15:30:39.097+0000 7f25eed9d700 1 --2- >> [v2:172.21.15.96:3300/0,v1:172.21.15.96:6789/0] conn(0x7f25f0108710 0x7f25f010ab00 unknown :-1 s=BANNER_CONNECTING pgs=0 cs=0 l=0 rev1=0 crypto rx=0 tx=0 comp rx=0 tx=0)._handle_peer_banner_payload supported=3 required=0
2024-03-18T15:30:40.052 INFO:teuthology.orchestra.run.smithi096.stdout:/usr/bin/ceph: stderr
2024-03-18T15:30:39.097+0000 7f25eed9d700 1 --2- >> [v2:172.21.15.96:3300/0,v1:172.21.15.96:6789/0] conn(0x7f25f0108710 0x7f25f010ab00 unknown :-1 s=HELLO_CONNECTING pgs=0 cs=0 l=0 rev1=1 crypto rx=0 tx=0 comp rx=0 tx=0).handle_hello peer v2:172.21.15.96:3300/0 says I am v2:172.21.15.96:50146/0 (socket says 172.21.15.96:50146)
2024-03-18T15:30:40.052 INFO:teuthology.orchestra.run.smithi096.stdout:/usr/bin/ceph: stderr
2024-03-18T15:30:39.097+0000 7f25eed9d700 1 -- 172.21.15.96:0/504454961 learned_addr learned my addr 172.21.15.96:0/504454961 (peer_addr_for_me v2:172.21.15.96:0/0)
2024-03-18T15:30:40.052 INFO:teuthology.orchestra.run.smithi096.stdout:/usr/bin/ceph: stderr
2024-03-18T15:30:39.097+0000 7f25eed9d700 1 -- 172.21.15.96:0/504454961 --> [v2:172.21.15.96:3300/0,v1:172.21.15.96:6789/0] -- mon_subscribe({config=0+,monmap=0+}) -- 0x7f25f010b040 con 0x7f25f0108710
2024-03-18T15:30:40.052 INFO:teuthology.orchestra.run.smithi096.stdout:/usr/bin/ceph: stderr
2024-03-18T15:30:39.097+0000 7f25eed9d700 1 --2- 172.21.15.96:0/504454961 >> [v2:172.21.15.96:3300/0,v1:172.21.15.96:6789/0] conn(0x7f25f0108710 0x7f25f010ab00 secure :-1 s=READY pgs=41 cs=0 l=1 rev1=1 crypto rx=0x7f25e40098a0 tx=0x7f25e4009bb0 comp rx=0 tx=0).ready entity=mon.0 client_cookie=bd405ead2510f5f8 server_cookie=0 in_seq=0 out_seq=0
2024-03-18T15:30:40.052 INFO:teuthology.orchestra.run.smithi096.stdout:/usr/bin/ceph: stderr
2024-03-18T15:30:39.097+0000 7f25edd9b700 1 -- 172.21.15.96:0/504454961 <== mon.0 v2:172.21.15.96:3300/0 1 ==== mon_map magic: 0 ==== 205+0+0 (secure 0 0 0) 0x7f25e4004160 con 0x7f25f0108710
2024-03-18T15:30:40.052 INFO:teuthology.orchestra.run.smithi096.stdout:/usr/bin/ceph: stderr
2024-03-18T15:30:39.097+0000 7f25edd9b700 1 -- 172.21.15.96:0/504454961 <== mon.0 v2:172.21.15.96:3300/0 2 ==== config(27 keys) ==== 1109+0+0 (secure 0 0 0) 0x7f25e4004300 con 0x7f25f0108710
2024-03-18T15:30:40.052 INFO:teuthology.orchestra.run.smithi096.stdout:/usr/bin/ceph: stderr
2024-03-18T15:30:39.097+0000 7f25edd9b700 1 -- 172.21.15.96:0/504454961 <== mon.0 v2:172.21.15.96:3300/0 3 ==== mon_map magic: 0 ==== 205+0+0 (secure 0 0 0) 0x7f25e4011b50 con 0x7f25f0108710
2024-03-18T15:30:40.052 INFO:teuthology.orchestra.run.smithi096.stdout:/usr/bin/ceph: stderr
2024-03-18T15:30:39.098+0000 7f25f51e5700 1 -- 172.21.15.96:0/504454961 >> [v2:172.21.15.96:3300/0,v1:172.21.15.96:6789/0] conn(0x7f25f0108710 msgr2=0x7f25f010ab00 secure :-1 s=STATE_CONNECTION_ESTABLISHED l=1).mark_down
2024-03-18T15:30:40.052 INFO:teuthology.orchestra.run.smithi096.stdout:/usr/bin/ceph: stderr
2024-03-18T15:30:39.098+0000 7f25f51e5700 1 --2- 172.21.15.96:0/504454961 >> [v2:172.21.15.96:3300/0,v1:172.21.15.96:6789/0] conn(0x7f25f0108710 0x7f25f010ab00 secure :-1 s=READY pgs=41 cs=0 l=1 rev1=1 crypto rx=0x7f25e40098a0 tx=0x7f25e4009bb0 comp rx=0 tx=0).stop
2024-03-18T15:30:40.053 INFO:teuthology.orchestra.run.smithi096.stdout:/usr/bin/ceph: stderr
2024-03-18T15:30:39.098+0000 7f25f51e5700 1 -- 172.21.15.96:0/504454961 shutdown_connections
2024-03-18T15:30:40.053 INFO:teuthology.orchestra.run.smithi096.stdout:/usr/bin/ceph: stderr
2024-03-18T15:30:39.098+0000 7f25f51e5700 1 --2- 172.21.15.96:0/504454961 >> [v2:172.21.15.96:3300/0,v1:172.21.15.96:6789/0] conn(0x7f25f0108710 0x7f25f010ab00 unknown :-1 s=CLOSED pgs=41 cs=0 l=1 rev1=1 crypto rx=0 tx=0 comp rx=0 tx=0).stop
2024-03-18T15:30:40.053 INFO:teuthology.orchestra.run.smithi096.stdout:/usr/bin/ceph: stderr
2024-03-18T15:30:39.098+0000 7f25f51e5700 1 -- 172.21.15.96:0/504454961 >> 172.21.15.96:0/504454961 conn(0x7f25f01020e0 msgr2=0x7f25f0104540 unknown :-1 s=STATE_NONE l=0).mark_down
2024-03-18T15:30:40.053 INFO:teuthology.orchestra.run.smithi096.stdout:/usr/bin/ceph: stderr
2024-03-18T15:30:39.098+0000 7f25f51e5700 1 -- 172.21.15.96:0/504454961 shutdown_connections
2024-03-18T15:30:40.053 INFO:teuthology.orchestra.run.smithi096.stdout:/usr/bin/ceph: stderr
2024-03-18T15:30:39.098+0000 7f25f51e5700 1 -- 172.21.15.96:0/504454961 wait complete.
2024-03-18T15:30:40.053 INFO:teuthology.orchestra.run.smithi096.stdout:/usr/bin/ceph: stderr
2024-03-18T15:30:39.099+0000 7f25f51e5700 1 Processor -- start
2024-03-18T15:30:40.053 INFO:teuthology.orchestra.run.smithi096.stdout:/usr/bin/ceph: stderr
2024-03-18T15:30:39.099+0000 7f25f51e5700 1 -- start start
2024-03-18T15:30:40.053 INFO:teuthology.orchestra.run.smithi096.stdout:/usr/bin/ceph: stderr
2024-03-18T15:30:39.099+0000 7f25f51e5700 1 --2- >> [v2:172.21.15.96:3300/0,v1:172.21.15.96:6789/0] conn(0x7f25f0108710 0x7f25f0107f90 unknown :-1 s=NONE pgs=0 cs=0 l=1 rev1=0 crypto rx=0 tx=0 comp rx=0 tx=0).connect
2024-03-18T15:30:40.053 INFO:teuthology.orchestra.run.smithi096.stdout:/usr/bin/ceph: stderr
2024-03-18T15:30:39.099+0000 7f25f51e5700 1 -- --> [v2:172.21.15.96:3300/0,v1:172.21.15.96:6789/0] -- mon_getmap magic: 0 -- 0x7f25f010c060 con 0x7f25f0108710
2024-03-18T15:30:40.053 INFO:teuthology.orchestra.run.smithi096.stdout:/usr/bin/ceph: stderr
2024-03-18T15:30:39.099+0000 7f25eed9d700 1 --2- >> [v2:172.21.15.96:3300/0,v1:172.21.15.96:6789/0] conn(0x7f25f0108710 0x7f25f0107f90 unknown :-1 s=BANNER_CONNECTING pgs=0 cs=0 l=1 rev1=0 crypto rx=0 tx=0 comp rx=0 tx=0)._handle_peer_banner_payload supported=3 required=0
2024-03-18T15:30:40.053 INFO:teuthology.orchestra.run.smithi096.stdout:/usr/bin/ceph: stderr
2024-03-18T15:30:39.099+0000 7f25eed9d700 1 --2- >> [v2:172.21.15.96:3300/0,v1:172.21.15.96:6789/0] conn(0x7f25f0108710 0x7f25f0107f90 unknown :-1 s=HELLO_CONNECTING pgs=0 cs=0 l=1 rev1=1 crypto rx=0 tx=0 comp rx=0 tx=0).handle_hello peer v2:172.21.15.96:3300/0 says I am v2:172.21.15.96:50160/0 (socket says 172.21.15.96:50160)
2024-03-18T15:30:40.053 INFO:teuthology.orchestra.run.smithi096.stdout:/usr/bin/ceph: stderr
2024-03-18T15:30:39.099+0000 7f25eed9d700 1 -- 172.21.15.96:0/3877616721 learned_addr learned my addr 172.21.15.96:0/3877616721 (peer_addr_for_me v2:172.21.15.96:0/0)
2024-03-18T15:30:40.053 INFO:teuthology.orchestra.run.smithi096.stdout:/usr/bin/ceph: stderr
2024-03-18T15:30:39.099+0000 7f25eed9d700 1 -- 172.21.15.96:0/3877616721 --> [v2:172.21.15.96:3300/0,v1:172.21.15.96:6789/0] -- mon_subscribe({config=0+,monmap=0+}) -- 0x7f25f01084d0 con 0x7f25f0108710
2024-03-18T15:30:40.053 INFO:teuthology.orchestra.run.smithi096.stdout:/usr/bin/ceph: stderr
2024-03-18T15:30:39.099+0000 7f25eed9d700 1 --2- 172.21.15.96:0/3877616721 >> [v2:172.21.15.96:3300/0,v1:172.21.15.96:6789/0] conn(0x7f25f0108710 0x7f25f0107f90 secure :-1 s=READY pgs=42 cs=0 l=1 rev1=1 crypto rx=0x7f25e4011670 tx=0x7f25e4011b60 comp rx=0 tx=0).ready entity=mon.0 client_cookie=0 server_cookie=0 in_seq=0 out_seq=0
2024-03-18T15:30:40.053 INFO:teuthology.orchestra.run.smithi096.stdout:/usr/bin/ceph: stderr
2024-03-18T15:30:39.100+0000 7f25d7fff700 1 -- 172.21.15.96:0/3877616721 <== mon.0 v2:172.21.15.96:3300/0 1 ==== mon_map magic: 0 ==== 205+0+0 (secure 0 0 0) 0x7f25e40039c0 con 0x7f25f0108710
2024-03-18T15:30:40.054 INFO:teuthology.orchestra.run.smithi096.stdout:/usr/bin/ceph: stderr
2024-03-18T15:30:39.100+0000 7f25f51e5700 1 -- 172.21.15.96:0/3877616721 --> [v2:172.21.15.96:3300/0,v1:172.21.15.96:6789/0] -- mon_subscribe({mgrmap=0+}) -- 0x7f25f01066c0 con 0x7f25f0108710
2024-03-18T15:30:40.054 INFO:teuthology.orchestra.run.smithi096.stdout:/usr/bin/ceph: stderr
2024-03-18T15:30:39.100+0000 7f25d7fff700 1 -- 172.21.15.96:0/3877616721 <== mon.0 v2:172.21.15.96:3300/0 2 ==== config(27 keys) ==== 1109+0+0 (secure 0 0 0) 0x7f25e4011e50 con 0x7f25f0108710
2024-03-18T15:30:40.054 INFO:teuthology.orchestra.run.smithi096.stdout:/usr/bin/ceph: stderr
2024-03-18T15:30:39.100+0000 7f25d7fff700 1 -- 172.21.15.96:0/3877616721 <== mon.0 v2:172.21.15.96:3300/0 3 ==== mon_map magic: 0 ==== 205+0+0 (secure 0 0 0) 0x7f25e401a5c0 con 0x7f25f0108710
2024-03-18T15:30:40.054 INFO:teuthology.orchestra.run.smithi096.stdout:/usr/bin/ceph: stderr
2024-03-18T15:30:39.100+0000 7f25f51e5700 1 -- 172.21.15.96:0/3877616721 --> [v2:172.21.15.96:3300/0,v1:172.21.15.96:6789/0] -- mon_subscribe({osdmap=0}) -- 0x7f25f0106c00 con 0x7f25f0108710
2024-03-18T15:30:40.054 INFO:teuthology.orchestra.run.smithi096.stdout:/usr/bin/ceph: stderr
2024-03-18T15:30:39.100+0000 7f25d7fff700 1 -- 172.21.15.96:0/3877616721 <== mon.0 v2:172.21.15.96:3300/0 4 ==== mgrmap(e 8) ==== 46106+0+0 (secure 0 0 0) 0x7f25e401a8c0 con 0x7f25f0108710
2024-03-18T15:30:40.054 INFO:teuthology.orchestra.run.smithi096.stdout:/usr/bin/ceph: stderr
2024-03-18T15:30:39.100+0000 7f25f51e5700 1 -- 172.21.15.96:0/3877616721 --> [v2:172.21.15.96:3300/0,v1:172.21.15.96:6789/0] -- mon_command({"prefix": "get_command_descriptions"} v 0) -- 0x7f25f0063900 con 0x7f25f0108710
2024-03-18T15:30:40.054 INFO:teuthology.orchestra.run.smithi096.stdout:/usr/bin/ceph: stderr
2024-03-18T15:30:39.101+0000 7f25d7fff700 1 --2- 172.21.15.96:0/3877616721 >> [v2:172.21.15.96:6800/2602375712,v1:172.21.15.96:6801/2602375712] conn(0x7f25d8038ed0 0x7f25d803b390 unknown :-1 s=NONE pgs=0 cs=0 l=1 rev1=0 crypto rx=0 tx=0 comp rx=0 tx=0).connect
2024-03-18T15:30:40.054 INFO:teuthology.orchestra.run.smithi096.stdout:/usr/bin/ceph: stderr
2024-03-18T15:30:39.101+0000 7f25d7fff700 1 -- 172.21.15.96:0/3877616721 <== mon.0 v2:172.21.15.96:3300/0 5 ==== osd_map(2..2 src has 1..2) ==== 940+0+0 (secure 0 0 0) 0x7f25e404d260 con 0x7f25f0108710
2024-03-18T15:30:40.054 INFO:teuthology.orchestra.run.smithi096.stdout:/usr/bin/ceph: stderr
2024-03-18T15:30:39.101+0000 7f25ee59c700 1 --2- 172.21.15.96:0/3877616721 >> [v2:172.21.15.96:6800/2602375712,v1:172.21.15.96:6801/2602375712] conn(0x7f25d8038ed0 0x7f25d803b390 unknown :-1 s=BANNER_CONNECTING pgs=0 cs=0 l=1 rev1=0 crypto rx=0 tx=0 comp rx=0 tx=0)._handle_peer_banner_payload supported=3 required=0
2024-03-18T15:30:40.054 INFO:teuthology.orchestra.run.smithi096.stdout:/usr/bin/ceph: stderr
2024-03-18T15:30:39.101+0000 7f25ee59c700 1 --2- 172.21.15.96:0/3877616721 >> [v2:172.21.15.96:6800/2602375712,v1:172.21.15.96:6801/2602375712] conn(0x7f25d8038ed0 0x7f25d803b390 secure :-1 s=READY pgs=9 cs=0 l=1 rev1=1 crypto rx=0x7f25e0006fd0 tx=0x7f25e0006e40 comp rx=0 tx=0).ready entity=mgr.14120 client_cookie=0 server_cookie=0 in_seq=0 out_seq=0
2024-03-18T15:30:40.054 INFO:teuthology.orchestra.run.smithi096.stdout:/usr/bin/ceph: stderr
2024-03-18T15:30:39.106+0000 7f25d7fff700 1 -- 172.21.15.96:0/3877616721 <== mon.0 v2:172.21.15.96:3300/0 6 ==== mon_command_ack([{"prefix": "get_command_descriptions"}]=0 v0) ==== 72+0+186149 (secure 0 0 0) 0x7f25e4019c70 con 0x7f25f0108710
2024-03-18T15:30:40.054 INFO:teuthology.orchestra.run.smithi096.stdout:/usr/bin/ceph: stderr
2024-03-18T15:30:39.300+0000 7f25f51e5700 1 -- 172.21.15.96:0/3877616721 --> [v2:172.21.15.96:6800/2602375712,v1:172.21.15.96:6801/2602375712] -- mgr_command(tid 0: {"prefix": "cephadm generate-key", "target": ["mon-mgr", ""]}) -- 0x7f25f01033e0 con 0x7f25d8038ed0
2024-03-18T15:30:40.054 INFO:teuthology.orchestra.run.smithi096.stdout:/usr/bin/ceph: stderr
2024-03-18T15:30:39.528+0000 7f25d7fff700 1 -- 172.21.15.96:0/3877616721 <== mgr.14120 v2:172.21.15.96:6800/2602375712 1 ==== mgr_command_reply(tid 0: 0 ) ==== 8+0+0 (secure 0 0 0) 0x7f25f01033e0 con 0x7f25d8038ed0
2024-03-18T15:30:40.055 INFO:teuthology.orchestra.run.smithi096.stdout:/usr/bin/ceph: stderr
2024-03-18T15:30:39.530+0000 7f25f51e5700 1 -- 172.21.15.96:0/3877616721 >> [v2:172.21.15.96:6800/2602375712,v1:172.21.15.96:6801/2602375712] conn(0x7f25d8038ed0 msgr2=0x7f25d803b390 secure :-1 s=STATE_CONNECTION_ESTABLISHED l=1).mark_down
2024-03-18T15:30:40.055 INFO:teuthology.orchestra.run.smithi096.stdout:/usr/bin/ceph: stderr
2024-03-18T15:30:39.530+0000 7f25f51e5700 1 --2- 172.21.15.96:0/3877616721 >> [v2:172.21.15.96:6800/2602375712,v1:172.21.15.96:6801/2602375712] conn(0x7f25d8038ed0 0x7f25d803b390 secure :-1 s=READY pgs=9 cs=0 l=1 rev1=1 crypto rx=0x7f25e0006fd0 tx=0x7f25e0006e40 comp rx=0 tx=0).stop
2024-03-18T15:30:40.055 INFO:teuthology.orchestra.run.smithi096.stdout:/usr/bin/ceph: stderr
2024-03-18T15:30:39.530+0000 7f25f51e5700 1 -- 172.21.15.96:0/3877616721 >> [v2:172.21.15.96:3300/0,v1:172.21.15.96:6789/0] conn(0x7f25f0108710 msgr2=0x7f25f0107f90 secure :-1 s=STATE_CONNECTION_ESTABLISHED l=1).mark_down
2024-03-18T15:30:40.055 INFO:teuthology.orchestra.run.smithi096.stdout:/usr/bin/ceph: stderr
2024-03-18T15:30:39.530+0000 7f25f51e5700 1 --2- 172.21.15.96:0/3877616721 >> [v2:172.21.15.96:3300/0,v1:172.21.15.96:6789/0] conn(0x7f25f0108710 0x7f25f0107f90 secure :-1 s=READY pgs=42 cs=0 l=1 rev1=1 crypto rx=0x7f25e4011670 tx=0x7f25e4011b60 comp rx=0 tx=0).stop
2024-03-18T15:30:40.055 INFO:teuthology.orchestra.run.smithi096.stdout:/usr/bin/ceph: stderr
2024-03-18T15:30:39.530+0000 7f25f51e5700 1 -- 172.21.15.96:0/3877616721 shutdown_connections
2024-03-18T15:30:40.055 INFO:teuthology.orchestra.run.smithi096.stdout:/usr/bin/ceph: stderr
2024-03-18T15:30:39.530+0000 7f25f51e5700 1 --2- 172.21.15.96:0/3877616721 >> [v2:172.21.15.96:6800/2602375712,v1:172.21.15.96:6801/2602375712] conn(0x7f25d8038ed0 0x7f25d803b390 unknown :-1 s=CLOSED pgs=9 cs=0 l=1 rev1=1 crypto rx=0 tx=0 comp rx=0 tx=0).stop
2024-03-18T15:30:40.055 INFO:teuthology.orchestra.run.smithi096.stdout:/usr/bin/ceph: stderr
2024-03-18T15:30:39.530+0000 7f25f51e5700 1 --2- 172.21.15.96:0/3877616721 >> [v2:172.21.15.96:3300/0,v1:172.21.15.96:6789/0] conn(0x7f25f0108710 0x7f25f0107f90 unknown :-1 s=CLOSED pgs=42 cs=0 l=1 rev1=1 crypto rx=0 tx=0 comp rx=0 tx=0).stop
2024-03-18T15:30:40.055 INFO:teuthology.orchestra.run.smithi096.stdout:/usr/bin/ceph: stderr
2024-03-18T15:30:39.530+0000 7f25f51e5700 1 -- 172.21.15.96:0/3877616721 >> 172.21.15.96:0/3877616721 conn(0x7f25f01020e0 msgr2=0x7f25f0102cd0 unknown :-1 s=STATE_NONE l=0).mark_down
2024-03-18T15:30:40.055 INFO:teuthology.orchestra.run.smithi096.stdout:/usr/bin/ceph: stderr
2024-03-18T15:30:39.530+0000 7f25f51e5700 1 -- 172.21.15.96:0/3877616721 shutdown_connections
2024-03-18T15:30:40.055 INFO:teuthology.orchestra.run.smithi096.stdout:/usr/bin/ceph: stderr
2024-03-18T15:30:39.530+0000 7f25f51e5700 1 -- 172.21.15.96:0/3877616721 wait complete.
2024-03-18T15:30:40.170 INFO:journalctl@ceph.mon.a.smithi096.stdout:Mar 18 15:30:39 smithi096 ceph-mon[31930]: from='client.14134 -' entity='client.admin' cmd=[{"prefix": "cephadm set-user", "user": "root", "target": ["mon-mgr", ""]}]: dispatch
2024-03-18T15:30:40.170 INFO:journalctl@ceph.mon.a.smithi096.stdout:Mar 18 15:30:39 smithi096 ceph-mon[31930]: from='mgr.14120 172.21.15.96:0/3633554873' entity='mgr.x'
2024-03-18T15:30:40.170 INFO:journalctl@ceph.mon.a.smithi096.stdout:Mar 18 15:30:39 smithi096 ceph-mon[31930]: from='mgr.14120 172.21.15.96:0/3633554873' entity='mgr.x'
2024-03-18T15:30:41.172 INFO:journalctl@ceph.mon.a.smithi096.stdout:Mar 18 15:30:40 smithi096 ceph-mon[31930]: from='client.14136 -' entity='client.admin' cmd=[{"prefix": "cephadm generate-key", "target": ["mon-mgr", ""]}]: dispatch
2024-03-18T15:30:41.172 INFO:journalctl@ceph.mon.a.smithi096.stdout:Mar 18 15:30:40 smithi096 ceph-mon[31930]: Generating ssh key...
2024-03-18T15:30:41.259 INFO:teuthology.orchestra.run.smithi096.stdout:/usr/bin/ceph: stdout ssh-rsa AAAAB3NzaC1yc2EAAAADAQABAAABgQCxKKdjB6E+aQ7uq1OQJF74ECmWg+mnz0hsArH+fs581LBxiTtJTi45sTMBvLBk7+CpLHw7MQ+R6o5A6d0HBOwnQkK5diUfAlxv/82kxQJbbwdP9NkzJc6NYtZMVsSXtWPpqOwE9IrpS5DSjZWGH9dL9NrAbRZi1G7LqVqXc14jryuEDfxhrjtzKVzpUKuo/LnnD5WEME+u0oO73VF2RF3ALzdi0q5g+R7QEB6UCL7OQ2iadJDJQythPe0vjR4QhvZDvk20nTrU7YGDgZMCEMHf9Yfc2SJ1dJcNDWj603+zOdCYLV6uFfB3WnKU3V0iEmvbALevI8EeAium2mtalA7zIviZX4gZ3zqSEdExofrNPW0bolZ37X1I1/bTImdl8Htr+XEJNLEUJRGF8xHOSi3Sd14sM9/4Ribr3wk7d9Exy6l14ANILLQrLIL3Y3oqDLKVYyE7sQ9nAEEm/qTHy9eiJ1jkAJyzzTCzZv7U9xxVJ13et8FVxyFtLirT0QVaHhs= ceph-419c928c-e53c-11ee-95c9-87774f69a715
2024-03-18T15:30:41.259 INFO:teuthology.orchestra.run.smithi096.stdout:/usr/bin/ceph: stderr
2024-03-18T15:30:40.462+0000 7eff05197700 1 Processor -- start
2024-03-18T15:30:41.259 INFO:teuthology.orchestra.run.smithi096.stdout:/usr/bin/ceph: stderr
2024-03-18T15:30:40.462+0000 7eff05197700 1 -- start start
2024-03-18T15:30:41.259 INFO:teuthology.orchestra.run.smithi096.stdout:/usr/bin/ceph: stderr
2024-03-18T15:30:40.462+0000 7eff05197700 1 --2- >> [v2:172.21.15.96:3300/0,v1:172.21.15.96:6789/0] conn(0x7eff00106ba0 0x7eff00106fc0 unknown :-1 s=NONE pgs=0 cs=0 l=0 rev1=0 crypto rx=0 tx=0 comp rx=0 tx=0).connect
2024-03-18T15:30:41.260 INFO:teuthology.orchestra.run.smithi096.stdout:/usr/bin/ceph: stderr
2024-03-18T15:30:40.462+0000 7eff05197700 1 -- --> [v2:172.21.15.96:3300/0,v1:172.21.15.96:6789/0] -- mon_getmap magic: 0 -- 0x7eff00107590 con 0x7eff00106ba0
2024-03-18T15:30:41.260 INFO:teuthology.orchestra.run.smithi096.stdout:/usr/bin/ceph: stderr
2024-03-18T15:30:40.462+0000 7efefed9d700 1 --2- >> [v2:172.21.15.96:3300/0,v1:172.21.15.96:6789/0] conn(0x7eff00106ba0 0x7eff00106fc0 unknown :-1 s=BANNER_CONNECTING pgs=0 cs=0 l=0 rev1=0 crypto rx=0 tx=0 comp rx=0 tx=0)._handle_peer_banner_payload supported=3 required=0
2024-03-18T15:30:41.260 INFO:teuthology.orchestra.run.smithi096.stdout:/usr/bin/ceph: stderr
2024-03-18T15:30:40.462+0000 7efefed9d700 1 --2- >> [v2:172.21.15.96:3300/0,v1:172.21.15.96:6789/0] conn(0x7eff00106ba0 0x7eff00106fc0 unknown :-1 s=HELLO_CONNECTING pgs=0 cs=0 l=0 rev1=1 crypto rx=0 tx=0 comp rx=0 tx=0).handle_hello peer v2:172.21.15.96:3300/0 says I am v2:172.21.15.96:50176/0 (socket says 172.21.15.96:50176)
2024-03-18T15:30:41.260 INFO:teuthology.orchestra.run.smithi096.stdout:/usr/bin/ceph: stderr
2024-03-18T15:30:40.462+0000 7efefed9d700 1 -- 172.21.15.96:0/2232380550 learned_addr learned my addr 172.21.15.96:0/2232380550 (peer_addr_for_me v2:172.21.15.96:0/0)
2024-03-18T15:30:41.260 INFO:teuthology.orchestra.run.smithi096.stdout:/usr/bin/ceph: stderr
2024-03-18T15:30:40.462+0000 7efefed9d700 1 -- 172.21.15.96:0/2232380550 --> [v2:172.21.15.96:3300/0,v1:172.21.15.96:6789/0] -- mon_subscribe({config=0+,monmap=0+}) -- 0x7eff00107da0 con 0x7eff00106ba0
2024-03-18T15:30:41.260 INFO:teuthology.orchestra.run.smithi096.stdout:/usr/bin/ceph: stderr
2024-03-18T15:30:40.462+0000 7efefed9d700 1 --2- 172.21.15.96:0/2232380550 >> [v2:172.21.15.96:3300/0,v1:172.21.15.96:6789/0] conn(0x7eff00106ba0 0x7eff00106fc0 secure :-1 s=READY pgs=43 cs=0 l=1 rev1=1 crypto rx=0x7efef00098a0 tx=0x7efef0009bb0 comp rx=0 tx=0).ready entity=mon.0 client_cookie=8eb211365e4a3b2b server_cookie=0 in_seq=0 out_seq=0
2024-03-18T15:30:41.260 INFO:teuthology.orchestra.run.smithi096.stdout:/usr/bin/ceph: stderr
2024-03-18T15:30:40.463+0000 7efefdd9b700 1 -- 172.21.15.96:0/2232380550 <== mon.0 v2:172.21.15.96:3300/0 1 ==== mon_map magic: 0 ==== 205+0+0 (secure 0 0 0) 0x7efef0004160 con 0x7eff00106ba0
2024-03-18T15:30:41.260 INFO:teuthology.orchestra.run.smithi096.stdout:/usr/bin/ceph: stderr
2024-03-18T15:30:40.463+0000 7efefdd9b700 1 -- 172.21.15.96:0/2232380550 <== mon.0 v2:172.21.15.96:3300/0 2 ==== config(27 keys) ==== 1109+0+0 (secure 0 0 0) 0x7efef0004300 con 0x7eff00106ba0
2024-03-18T15:30:41.260 INFO:teuthology.orchestra.run.smithi096.stdout:/usr/bin/ceph: stderr
2024-03-18T15:30:40.463+0000 7efefdd9b700 1 -- 172.21.15.96:0/2232380550 <== mon.0 v2:172.21.15.96:3300/0 3 ==== mon_map magic: 0 ==== 205+0+0 (secure 0 0 0) 0x7efef0011b50 con 0x7eff00106ba0
2024-03-18T15:30:41.260 INFO:teuthology.orchestra.run.smithi096.stdout:/usr/bin/ceph: stderr
2024-03-18T15:30:40.463+0000 7eff05197700 1 -- 172.21.15.96:0/2232380550 >> [v2:172.21.15.96:3300/0,v1:172.21.15.96:6789/0] conn(0x7eff00106ba0 msgr2=0x7eff00106fc0 secure :-1 s=STATE_CONNECTION_ESTABLISHED l=1).mark_down
2024-03-18T15:30:41.260 INFO:teuthology.orchestra.run.smithi096.stdout:/usr/bin/ceph: stderr
2024-03-18T15:30:40.463+0000 7eff05197700 1 --2- 172.21.15.96:0/2232380550 >> [v2:172.21.15.96:3300/0,v1:172.21.15.96:6789/0] conn(0x7eff00106ba0 0x7eff00106fc0 secure :-1 s=READY pgs=43 cs=0 l=1 rev1=1 crypto rx=0x7efef00098a0 tx=0x7efef0009bb0 comp rx=0 tx=0).stop
2024-03-18T15:30:41.260 INFO:teuthology.orchestra.run.smithi096.stdout:/usr/bin/ceph: stderr
2024-03-18T15:30:40.463+0000 7eff05197700 1 -- 172.21.15.96:0/2232380550 shutdown_connections
2024-03-18T15:30:41.260 INFO:teuthology.orchestra.run.smithi096.stdout:/usr/bin/ceph: stderr
2024-03-18T15:30:40.463+0000 7eff05197700 1 --2- 172.21.15.96:0/2232380550 >> [v2:172.21.15.96:3300/0,v1:172.21.15.96:6789/0] conn(0x7eff00106ba0 0x7eff00106fc0 unknown :-1 s=CLOSED pgs=43 cs=0 l=1 rev1=1 crypto rx=0 tx=0 comp rx=0 tx=0).stop
2024-03-18T15:30:41.261 INFO:teuthology.orchestra.run.smithi096.stdout:/usr/bin/ceph: stderr
2024-03-18T15:30:40.463+0000 7eff05197700 1 -- 172.21.15.96:0/2232380550 >> 172.21.15.96:0/2232380550 conn(0x7eff00102180 msgr2=0x7eff001045a0 unknown :-1 s=STATE_NONE l=0).mark_down
2024-03-18T15:30:41.261 INFO:teuthology.orchestra.run.smithi096.stdout:/usr/bin/ceph: stderr
2024-03-18T15:30:40.463+0000 7eff05197700 1 -- 172.21.15.96:0/2232380550 shutdown_connections
2024-03-18T15:30:41.261 INFO:teuthology.orchestra.run.smithi096.stdout:/usr/bin/ceph: stderr
2024-03-18T15:30:40.463+0000 7eff05197700 1 -- 172.21.15.96:0/2232380550 wait complete.
2024-03-18T15:30:41.261 INFO:teuthology.orchestra.run.smithi096.stdout:/usr/bin/ceph: stderr
2024-03-18T15:30:40.464+0000 7eff05197700 1 Processor -- start
2024-03-18T15:30:41.261 INFO:teuthology.orchestra.run.smithi096.stdout:/usr/bin/ceph: stderr
2024-03-18T15:30:40.464+0000 7eff05197700 1 -- start start
2024-03-18T15:30:41.261 INFO:teuthology.orchestra.run.smithi096.stdout:/usr/bin/ceph: stderr
2024-03-18T15:30:40.464+0000 7eff05197700 1 --2- >> [v2:172.21.15.96:3300/0,v1:172.21.15.96:6789/0] conn(0x7eff00106ba0 0x7eff0007ba50 unknown :-1 s=NONE pgs=0 cs=0 l=1 rev1=0 crypto rx=0 tx=0 comp rx=0 tx=0).connect
2024-03-18T15:30:41.261 INFO:teuthology.orchestra.run.smithi096.stdout:/usr/bin/ceph: stderr
2024-03-18T15:30:40.464+0000 7eff05197700 1 -- --> [v2:172.21.15.96:3300/0,v1:172.21.15.96:6789/0] -- mon_getmap magic: 0 -- 0x7eff0010b150 con 0x7eff00106ba0
2024-03-18T15:30:41.261 INFO:teuthology.orchestra.run.smithi096.stdout:/usr/bin/ceph: stderr
2024-03-18T15:30:40.464+0000 7efefed9d700 1 --2- >> [v2:172.21.15.96:3300/0,v1:172.21.15.96:6789/0] conn(0x7eff00106ba0 0x7eff0007ba50 unknown :-1 s=BANNER_CONNECTING pgs=0 cs=0 l=1 rev1=0 crypto rx=0 tx=0 comp rx=0 tx=0)._handle_peer_banner_payload supported=3 required=0
2024-03-18T15:30:41.261 INFO:teuthology.orchestra.run.smithi096.stdout:/usr/bin/ceph: stderr
2024-03-18T15:30:40.464+0000 7efefed9d700 1 --2- >> [v2:172.21.15.96:3300/0,v1:172.21.15.96:6789/0] conn(0x7eff00106ba0 0x7eff0007ba50 unknown :-1 s=HELLO_CONNECTING pgs=0 cs=0 l=1 rev1=1 crypto rx=0 tx=0 comp rx=0 tx=0).handle_hello peer v2:172.21.15.96:3300/0 says I am v2:172.21.15.96:50186/0 (socket says 172.21.15.96:50186)
2024-03-18T15:30:41.261 INFO:teuthology.orchestra.run.smithi096.stdout:/usr/bin/ceph: stderr
2024-03-18T15:30:40.464+0000 7efefed9d700 1 -- 172.21.15.96:0/37403977 learned_addr learned my addr 172.21.15.96:0/37403977 (peer_addr_for_me v2:172.21.15.96:0/0)
2024-03-18T15:30:41.261 INFO:teuthology.orchestra.run.smithi096.stdout:/usr/bin/ceph: stderr
2024-03-18T15:30:40.464+0000 7efefed9d700 1 -- 172.21.15.96:0/37403977 --> [v2:172.21.15.96:3300/0,v1:172.21.15.96:6789/0] -- mon_subscribe({config=0+,monmap=0+}) -- 0x7eff0019ec70 con 0x7eff00106ba0
2024-03-18T15:30:41.261 INFO:teuthology.orchestra.run.smithi096.stdout:/usr/bin/ceph: stderr
2024-03-18T15:30:40.465+0000 7efefed9d700 1 --2- 172.21.15.96:0/37403977 >> [v2:172.21.15.96:3300/0,v1:172.21.15.96:6789/0] conn(0x7eff00106ba0 0x7eff0007ba50 secure :-1 s=READY pgs=44 cs=0 l=1 rev1=1 crypto rx=0x7efef0000c00 tx=0x7efef0011c10 comp rx=0 tx=0).ready entity=mon.0 client_cookie=0 server_cookie=0 in_seq=0 out_seq=0
2024-03-18T15:30:41.261 INFO:teuthology.orchestra.run.smithi096.stdout:/usr/bin/ceph: stderr
2024-03-18T15:30:40.465+0000 7efee7fff700 1 -- 172.21.15.96:0/37403977 <== mon.0 v2:172.21.15.96:3300/0 1 ==== mon_map magic: 0 ==== 205+0+0 (secure 0 0 0) 0x7efef0003b20 con 0x7eff00106ba0
2024-03-18T15:30:41.261 INFO:teuthology.orchestra.run.smithi096.stdout:/usr/bin/ceph: stderr
2024-03-18T15:30:40.465+0000 7eff05197700 1 -- 172.21.15.96:0/37403977 --> [v2:172.21.15.96:3300/0,v1:172.21.15.96:6789/0] -- mon_subscribe({mgrmap=0+}) -- 0x7eff0019ee40 con 0x7eff00106ba0
2024-03-18T15:30:41.262 INFO:teuthology.orchestra.run.smithi096.stdout:/usr/bin/ceph: stderr
2024-03-18T15:30:40.465+0000 7efee7fff700 1 -- 172.21.15.96:0/37403977 <== mon.0 v2:172.21.15.96:3300/0 2 ==== config(27 keys) ==== 1109+0+0 (secure 0 0 0) 0x7efef0003cc0 con 0x7eff00106ba0
2024-03-18T15:30:41.262 INFO:teuthology.orchestra.run.smithi096.stdout:/usr/bin/ceph: stderr
2024-03-18T15:30:40.465+0000 7efee7fff700 1 -- 172.21.15.96:0/37403977 <== mon.0 v2:172.21.15.96:3300/0 3 ==== mon_map magic: 0 ==== 205+0+0 (secure 0 0 0) 0x7efef0024910 con 0x7eff00106ba0
2024-03-18T15:30:41.262 INFO:teuthology.orchestra.run.smithi096.stdout:/usr/bin/ceph: stderr
2024-03-18T15:30:40.465+0000 7eff05197700 1 -- 172.21.15.96:0/37403977 --> [v2:172.21.15.96:3300/0,v1:172.21.15.96:6789/0] -- mon_subscribe({osdmap=0}) -- 0x7eff0019f1e0 con 0x7eff00106ba0
2024-03-18T15:30:41.262 INFO:teuthology.orchestra.run.smithi096.stdout:/usr/bin/ceph: stderr
2024-03-18T15:30:40.465+0000 7efee7fff700 1 -- 172.21.15.96:0/37403977 <== mon.0 v2:172.21.15.96:3300/0 4 ==== mgrmap(e 8) ==== 46106+0+0 (secure 0 0 0) 0x7efef0022020 con 0x7eff00106ba0
2024-03-18T15:30:41.262 INFO:teuthology.orchestra.run.smithi096.stdout:/usr/bin/ceph: stderr
2024-03-18T15:30:40.466+0000 7efee7fff700 1 --2- 172.21.15.96:0/37403977 >> [v2:172.21.15.96:6800/2602375712,v1:172.21.15.96:6801/2602375712] conn(0x7efee8038f20 0x7efee803b3e0 unknown :-1 s=NONE pgs=0 cs=0 l=1 rev1=0 crypto rx=0 tx=0 comp rx=0 tx=0).connect
2024-03-18T15:30:41.262 INFO:teuthology.orchestra.run.smithi096.stdout:/usr/bin/ceph: stderr
2024-03-18T15:30:40.466+0000 7efee7fff700 1 -- 172.21.15.96:0/37403977 <== mon.0 v2:172.21.15.96:3300/0 5 ==== osd_map(2..2 src has 1..2) ==== 940+0+0 (secure 0 0 0) 0x7efef0011e00 con 0x7eff00106ba0
2024-03-18T15:30:41.262 INFO:teuthology.orchestra.run.smithi096.stdout:/usr/bin/ceph: stderr
2024-03-18T15:30:40.466+0000 7eff05197700 1 -- 172.21.15.96:0/37403977 --> [v2:172.21.15.96:3300/0,v1:172.21.15.96:6789/0] -- mon_command({"prefix": "get_command_descriptions"} v 0) -- 0x7eff00063900 con 0x7eff00106ba0
2024-03-18T15:30:41.262 INFO:teuthology.orchestra.run.smithi096.stdout:/usr/bin/ceph: stderr
2024-03-18T15:30:40.466+0000 7efefe59c700 1 --2- 172.21.15.96:0/37403977 >> [v2:172.21.15.96:6800/2602375712,v1:172.21.15.96:6801/2602375712] conn(0x7efee8038f20 0x7efee803b3e0 unknown :-1 s=BANNER_CONNECTING pgs=0 cs=0 l=1 rev1=0 crypto rx=0 tx=0 comp rx=0 tx=0)._handle_peer_banner_payload supported=3 required=0
2024-03-18T15:30:41.262 INFO:teuthology.orchestra.run.smithi096.stdout:/usr/bin/ceph: stderr
2024-03-18T15:30:40.466+0000 7efefe59c700 1 --2- 172.21.15.96:0/37403977 >> [v2:172.21.15.96:6800/2602375712,v1:172.21.15.96:6801/2602375712] conn(0x7efee8038f20 0x7efee803b3e0 secure :-1 s=READY pgs=10 cs=0 l=1 rev1=1 crypto rx=0x7efef4006fd0 tx=0x7efef4006e40 comp rx=0 tx=0).ready entity=mgr.14120 client_cookie=0 server_cookie=0 in_seq=0 out_seq=0
2024-03-18T15:30:41.262 INFO:teuthology.orchestra.run.smithi096.stdout:/usr/bin/ceph: stderr
2024-03-18T15:30:40.471+0000 7efee7fff700 1 -- 172.21.15.96:0/37403977 <== mon.0 v2:172.21.15.96:3300/0 6 ==== mon_command_ack([{"prefix": "get_command_descriptions"}]=0 v0) ==== 72+0+186149 (secure 0 0 0) 0x7efef00172b0 con 0x7eff00106ba0
2024-03-18T15:30:41.263 INFO:teuthology.orchestra.run.smithi096.stdout:/usr/bin/ceph: stderr
2024-03-18T15:30:40.665+0000 7eff05197700 1 -- 172.21.15.96:0/37403977 --> [v2:172.21.15.96:6800/2602375712,v1:172.21.15.96:6801/2602375712] -- mgr_command(tid 0: {"prefix": "cephadm get-pub-key", "target": ["mon-mgr", ""]}) -- 0x7eff0002dd20 con 0x7efee8038f20
2024-03-18T15:30:41.263 INFO:teuthology.orchestra.run.smithi096.stdout:/usr/bin/ceph: stderr
2024-03-18T15:30:40.665+0000 7efee7fff700 1 -- 172.21.15.96:0/37403977 <== mgr.14120 v2:172.21.15.96:6800/2602375712 1 ==== mgr_command_reply(tid 0: 0 ) ==== 8+0+595 (secure 0 0 0) 0x7eff0002dd20 con 0x7efee8038f20
2024-03-18T15:30:41.263 INFO:teuthology.orchestra.run.smithi096.stdout:/usr/bin/ceph: stderr
2024-03-18T15:30:40.667+0000 7eff05197700 1 -- 172.21.15.96:0/37403977 >> [v2:172.21.15.96:6800/2602375712,v1:172.21.15.96:6801/2602375712] conn(0x7efee8038f20 msgr2=0x7efee803b3e0 secure :-1 s=STATE_CONNECTION_ESTABLISHED l=1).mark_down
2024-03-18T15:30:41.263 INFO:teuthology.orchestra.run.smithi096.stdout:/usr/bin/ceph: stderr
2024-03-18T15:30:40.667+0000 7eff05197700 1 --2- 172.21.15.96:0/37403977 >> [v2:172.21.15.96:6800/2602375712,v1:172.21.15.96:6801/2602375712] conn(0x7efee8038f20 0x7efee803b3e0 secure :-1 s=READY pgs=10 cs=0 l=1 rev1=1 crypto rx=0x7efef4006fd0 tx=0x7efef4006e40 comp rx=0 tx=0).stop
2024-03-18T15:30:41.263 INFO:teuthology.orchestra.run.smithi096.stdout:/usr/bin/ceph: stderr
2024-03-18T15:30:40.667+0000 7eff05197700 1 -- 172.21.15.96:0/37403977 >> [v2:172.21.15.96:3300/0,v1:172.21.15.96:6789/0] conn(0x7eff00106ba0 msgr2=0x7eff0007ba50 secure :-1 s=STATE_CONNECTION_ESTABLISHED l=1).mark_down
2024-03-18T15:30:41.263 INFO:teuthology.orchestra.run.smithi096.stdout:/usr/bin/ceph: stderr
2024-03-18T15:30:40.667+0000 7eff05197700 1 --2- 172.21.15.96:0/37403977 >> [v2:172.21.15.96:3300/0,v1:172.21.15.96:6789/0] conn(0x7eff00106ba0 0x7eff0007ba50 secure :-1 s=READY pgs=44 cs=0 l=1 rev1=1 crypto rx=0x7efef0000c00 tx=0x7efef0011c10 comp rx=0 tx=0).stop
2024-03-18T15:30:41.263 INFO:teuthology.orchestra.run.smithi096.stdout:/usr/bin/ceph: stderr
2024-03-18T15:30:40.667+0000 7eff05197700 1 -- 172.21.15.96:0/37403977 shutdown_connections
2024-03-18T15:30:41.263 INFO:teuthology.orchestra.run.smithi096.stdout:/usr/bin/ceph: stderr
2024-03-18T15:30:40.667+0000 7eff05197700 1 --2- 172.21.15.96:0/37403977 >> [v2:172.21.15.96:6800/2602375712,v1:172.21.15.96:6801/2602375712] conn(0x7efee8038f20 0x7efee803b3e0 unknown :-1 s=CLOSED pgs=10 cs=0 l=1 rev1=1 crypto rx=0 tx=0 comp rx=0 tx=0).stop
2024-03-18T15:30:41.263 INFO:teuthology.orchestra.run.smithi096.stdout:/usr/bin/ceph: stderr
2024-03-18T15:30:40.667+0000 7eff05197700 1 --2- 172.21.15.96:0/37403977 >> [v2:172.21.15.96:3300/0,v1:172.21.15.96:6789/0] conn(0x7eff00106ba0 0x7eff0007ba50 unknown :-1 s=CLOSED pgs=44 cs=0 l=1 rev1=1 crypto rx=0 tx=0 comp rx=0 tx=0).stop
2024-03-18T15:30:41.263 INFO:teuthology.orchestra.run.smithi096.stdout:/usr/bin/ceph: stderr
2024-03-18T15:30:40.667+0000 7eff05197700 1 -- 172.21.15.96:0/37403977 >> 172.21.15.96:0/37403977 conn(0x7eff00102180 msgr2=0x7eff00102d90 unknown :-1 s=STATE_NONE l=0).mark_down
2024-03-18T15:30:41.263 INFO:teuthology.orchestra.run.smithi096.stdout:/usr/bin/ceph: stderr
2024-03-18T15:30:40.668+0000 7eff05197700 1 -- 172.21.15.96:0/37403977 shutdown_connections
2024-03-18T15:30:41.264 INFO:teuthology.orchestra.run.smithi096.stdout:/usr/bin/ceph: stderr
2024-03-18T15:30:40.668+0000 7eff05197700 1 -- 172.21.15.96:0/37403977 wait complete.
2024-03-18T15:30:41.264 INFO:teuthology.orchestra.run.smithi096.stdout:Wrote public SSH key to /home/ubuntu/cephtest/ceph.pub
2024-03-18T15:30:41.264 INFO:teuthology.orchestra.run.smithi096.stdout:Adding key to root@localhost authorized_keys...
2024-03-18T15:30:41.264 INFO:teuthology.orchestra.run.smithi096.stdout:Adding host smithi096...
2024-03-18T15:30:42.095 INFO:journalctl@ceph.mon.a.smithi096.stdout:Mar 18 15:30:41 smithi096 ceph-mon[31930]: from='client.14138 -' entity='client.admin' cmd=[{"prefix": "cephadm get-pub-key", "target": ["mon-mgr", ""]}]: dispatch
2024-03-18T15:30:42.936 INFO:journalctl@ceph.mon.a.smithi096.stdout:Mar 18 15:30:42 smithi096 ceph-mon[31930]: from='client.14140 -' entity='client.admin' cmd=[{"prefix": "orch host add", "hostname": "smithi096", "addr": "172.21.15.96", "target": ["mon-mgr", ""]}]: dispatch
2024-03-18T15:30:44.186 INFO:journalctl@ceph.mon.a.smithi096.stdout:Mar 18 15:30:43 smithi096 ceph-mon[31930]: Deploying cephadm binary to smithi096
2024-03-18T15:30:46.616 INFO:teuthology.orchestra.run.smithi096.stdout:/usr/bin/ceph: stdout Added host 'smithi096' with addr '172.21.15.96'
2024-03-18T15:30:46.616 INFO:teuthology.orchestra.run.smithi096.stdout:/usr/bin/ceph: stderr
2024-03-18T15:30:41.636+0000 7fe0cbaf5700 1 Processor -- start
2024-03-18T15:30:46.616 INFO:teuthology.orchestra.run.smithi096.stdout:/usr/bin/ceph: stderr
2024-03-18T15:30:41.636+0000 7fe0cbaf5700 1 -- start start
2024-03-18T15:30:46.616 INFO:teuthology.orchestra.run.smithi096.stdout:/usr/bin/ceph: stderr
2024-03-18T15:30:41.636+0000 7fe0cbaf5700 1 --2- >> [v2:172.21.15.96:3300/0,v1:172.21.15.96:6789/0] conn(0x7fe0c4109250 0x7fe0c4109670 unknown :-1 s=NONE pgs=0 cs=0 l=0 rev1=0 crypto rx=0 tx=0 comp rx=0 tx=0).connect
2024-03-18T15:30:46.616 INFO:teuthology.orchestra.run.smithi096.stdout:/usr/bin/ceph: stderr
2024-03-18T15:30:41.636+0000 7fe0cbaf5700 1 -- --> [v2:172.21.15.96:3300/0,v1:172.21.15.96:6789/0] -- mon_getmap magic: 0 -- 0x7fe0c4109c40 con 0x7fe0c4109250
2024-03-18T15:30:46.616 INFO:teuthology.orchestra.run.smithi096.stdout:/usr/bin/ceph: stderr
2024-03-18T15:30:41.636+0000 7fe0c9891700 1 --2- >> [v2:172.21.15.96:3300/0,v1:172.21.15.96:6789/0] conn(0x7fe0c4109250 0x7fe0c4109670 unknown :-1 s=BANNER_CONNECTING pgs=0 cs=0 l=0 rev1=0 crypto rx=0 tx=0 comp rx=0 tx=0)._handle_peer_banner_payload supported=3 required=0
2024-03-18T15:30:46.616 INFO:teuthology.orchestra.run.smithi096.stdout:/usr/bin/ceph: stderr
2024-03-18T15:30:41.636+0000 7fe0c9891700 1 --2- >> [v2:172.21.15.96:3300/0,v1:172.21.15.96:6789/0] conn(0x7fe0c4109250 0x7fe0c4109670 unknown :-1 s=HELLO_CONNECTING pgs=0 cs=0 l=0 rev1=1 crypto rx=0 tx=0 comp rx=0 tx=0).handle_hello peer v2:172.21.15.96:3300/0 says I am v2:172.21.15.96:50196/0 (socket says 172.21.15.96:50196)
2024-03-18T15:30:46.617 INFO:teuthology.orchestra.run.smithi096.stdout:/usr/bin/ceph: stderr
2024-03-18T15:30:41.636+0000 7fe0c9891700 1 -- 172.21.15.96:0/3862288236 learned_addr learned my addr 172.21.15.96:0/3862288236 (peer_addr_for_me v2:172.21.15.96:0/0)
2024-03-18T15:30:46.617 INFO:teuthology.orchestra.run.smithi096.stdout:/usr/bin/ceph: stderr
2024-03-18T15:30:41.636+0000 7fe0c9891700 1 -- 172.21.15.96:0/3862288236 --> [v2:172.21.15.96:3300/0,v1:172.21.15.96:6789/0] -- mon_subscribe({config=0+,monmap=0+}) -- 0x7fe0c4109dc0 con 0x7fe0c4109250
2024-03-18T15:30:46.617 INFO:teuthology.orchestra.run.smithi096.stdout:/usr/bin/ceph: stderr
2024-03-18T15:30:41.637+0000 7fe0c9891700 1 --2- 172.21.15.96:0/3862288236 >> [v2:172.21.15.96:3300/0,v1:172.21.15.96:6789/0] conn(0x7fe0c4109250 0x7fe0c4109670 secure :-1 s=READY pgs=45 cs=0 l=1 rev1=1 crypto rx=0x7fe0c00098a0 tx=0x7fe0c0009bb0 comp rx=0 tx=0).ready entity=mon.0 client_cookie=2d417010914387fd server_cookie=0 in_seq=0 out_seq=0
2024-03-18T15:30:46.617 INFO:teuthology.orchestra.run.smithi096.stdout:/usr/bin/ceph: stderr
2024-03-18T15:30:41.637+0000 7fe0c888f700 1 -- 172.21.15.96:0/3862288236 <== mon.0 v2:172.21.15.96:3300/0 1 ==== mon_map magic: 0 ==== 205+0+0 (secure 0 0 0) 0x7fe0c0004160 con 0x7fe0c4109250
