2024-03-18T15:35:17.534+0000 7f42f24f2700 1 -- 172.21.15.12:0/714273869 --> [v2:172.21.15.12:3300/0,v1:172.21.15.12:6789/0] -- mon_subscribe({config=0+,monmap=0+}) -- 0x7f42ec108730 con 0x7f42ec108970
2024-03-18T15:35:19.043 INFO:teuthology.orchestra.run.smithi012.stdout:/usr/bin/ceph: stderr
2024-03-18T15:35:17.534+0000 7f42f24f2700 1 --2- 172.21.15.12:0/714273869 >> [v2:172.21.15.12:3300/0,v1:172.21.15.12:6789/0] conn(0x7f42ec108970 0x7f42ec1081f0 secure :-1 s=READY pgs=54 cs=0 l=1 rev1=1 crypto rx=0x7f42e80118b0 tx=0x7f42e8011c70 comp rx=0 tx=0).ready entity=mon.0 client_cookie=0 server_cookie=0 in_seq=0 out_seq=0
2024-03-18T15:35:19.043 INFO:teuthology.orchestra.run.smithi012.stdout:/usr/bin/ceph: stderr
2024-03-18T15:35:17.534+0000 7f42e37fe700 1 -- 172.21.15.12:0/714273869 <== mon.0 v2:172.21.15.12:3300/0 1 ==== mon_map magic: 0 ==== 205+0+0 (secure 0 0 0) 0x7f42e8011e60 con 0x7f42ec108970
2024-03-18T15:35:19.043 INFO:teuthology.orchestra.run.smithi012.stdout:/usr/bin/ceph: stderr
2024-03-18T15:35:17.534+0000 7f42f4756700 1 -- 172.21.15.12:0/714273869 --> [v2:172.21.15.12:3300/0,v1:172.21.15.12:6789/0] -- mon_subscribe({mgrmap=0+}) -- 0x7f42ec106920 con 0x7f42ec108970
2024-03-18T15:35:19.043 INFO:teuthology.orchestra.run.smithi012.stdout:/usr/bin/ceph: stderr
2024-03-18T15:35:17.534+0000 7f42e37fe700 1 -- 172.21.15.12:0/714273869 <== mon.0 v2:172.21.15.12:3300/0 2 ==== config(28 keys) ==== 1171+0+0 (secure 0 0 0) 0x7f42e8003b20 con 0x7f42ec108970
2024-03-18T15:35:19.043 INFO:teuthology.orchestra.run.smithi012.stdout:/usr/bin/ceph: stderr
2024-03-18T15:35:17.534+0000 7f42e37fe700 1 -- 172.21.15.12:0/714273869 <== mon.0 v2:172.21.15.12:3300/0 3 ==== mon_map magic: 0 ==== 205+0+0 (secure 0 0 0) 0x7f42e80247a0 con 0x7f42ec108970
2024-03-18T15:35:19.044 INFO:teuthology.orchestra.run.smithi012.stdout:/usr/bin/ceph: stderr
2024-03-18T15:35:17.534+0000 7f42f4756700 1 -- 172.21.15.12:0/714273869 --> [v2:172.21.15.12:3300/0,v1:172.21.15.12:6789/0] -- mon_subscribe({osdmap=0}) -- 0x7f42ec106e60 con 0x7f42ec108970
2024-03-18T15:35:19.044 INFO:teuthology.orchestra.run.smithi012.stdout:/usr/bin/ceph: stderr
2024-03-18T15:35:17.535+0000 7f42e37fe700 1 -- 172.21.15.12:0/714273869 <== mon.0 v2:172.21.15.12:3300/0 4 ==== mgrmap(e 8) ==== 46106+0+0 (secure 0 0 0) 0x7f42e8022020 con 0x7f42ec108970
2024-03-18T15:35:19.044 INFO:teuthology.orchestra.run.smithi012.stdout:/usr/bin/ceph: stderr
2024-03-18T15:35:17.535+0000 7f42e37fe700 1 --2- 172.21.15.12:0/714273869 >> [v2:172.21.15.12:6800/293148737,v1:172.21.15.12:6801/293148737] conn(0x7f42d8038f70 0x7f42d803b430 unknown :-1 s=NONE pgs=0 cs=0 l=1 rev1=0 crypto rx=0 tx=0 comp rx=0 tx=0).connect
2024-03-18T15:35:19.044 INFO:teuthology.orchestra.run.smithi012.stdout:/usr/bin/ceph: stderr
2024-03-18T15:35:17.535+0000 7f42e37fe700 1 -- 172.21.15.12:0/714273869 <== mon.0 v2:172.21.15.12:3300/0 5 ==== osd_map(2..2 src has 1..2) ==== 940+0+0 (secure 0 0 0) 0x7f42e804cfd0 con 0x7f42ec108970
2024-03-18T15:35:19.044 INFO:teuthology.orchestra.run.smithi012.stdout:/usr/bin/ceph: stderr
2024-03-18T15:35:17.535+0000 7f42f1cf1700 1 --2- 172.21.15.12:0/714273869 >> [v2:172.21.15.12:6800/293148737,v1:172.21.15.12:6801/293148737] conn(0x7f42d8038f70 0x7f42d803b430 unknown :-1 s=BANNER_CONNECTING pgs=0 cs=0 l=1 rev1=0 crypto rx=0 tx=0 comp rx=0 tx=0)._handle_peer_banner_payload supported=3 required=0
2024-03-18T15:35:19.044 INFO:teuthology.orchestra.run.smithi012.stdout:/usr/bin/ceph: stderr
2024-03-18T15:35:17.535+0000 7f42f4756700 1 -- 172.21.15.12:0/714273869 --> [v2:172.21.15.12:3300/0,v1:172.21.15.12:6789/0] -- mon_command({"prefix": "get_command_descriptions"} v 0) -- 0x7f42ec063900 con 0x7f42ec108970
2024-03-18T15:35:19.044 INFO:teuthology.orchestra.run.smithi012.stdout:/usr/bin/ceph: stderr
2024-03-18T15:35:17.536+0000 7f42f1cf1700 1 --2- 172.21.15.12:0/714273869 >> [v2:172.21.15.12:6800/293148737,v1:172.21.15.12:6801/293148737] conn(0x7f42d8038f70 0x7f42d803b430 secure :-1 s=READY pgs=15 cs=0 l=1 rev1=1 crypto rx=0x7f42dc006fd0 tx=0x7f42dc006e40 comp rx=0 tx=0).ready entity=mgr.14120 client_cookie=0 server_cookie=0 in_seq=0 out_seq=0
2024-03-18T15:35:19.044 INFO:teuthology.orchestra.run.smithi012.stdout:/usr/bin/ceph: stderr
2024-03-18T15:35:17.540+0000 7f42e37fe700 1 -- 172.21.15.12:0/714273869 <== mon.0 v2:172.21.15.12:3300/0 6 ==== mon_command_ack([{"prefix": "get_command_descriptions"}]=0 v0) ==== 72+0+186149 (secure 0 0 0) 0x7f42e80172b0 con 0x7f42ec108970
2024-03-18T15:35:19.044 INFO:teuthology.orchestra.run.smithi012.stdout:/usr/bin/ceph: stderr
2024-03-18T15:35:17.760+0000 7f42f4756700 1 -- 172.21.15.12:0/714273869 --> [v2:172.21.15.12:3300/0,v1:172.21.15.12:6789/0] -- mon_command([{prefix=config set, name=mgr/dashboard/ssl_server_port}] v 0) -- 0x7f42ec107550 con 0x7f42ec108970
2024-03-18T15:35:19.044 INFO:teuthology.orchestra.run.smithi012.stdout:/usr/bin/ceph: stderr
2024-03-18T15:35:17.762+0000 7f42e37fe700 1 -- 172.21.15.12:0/714273869 <== mon.0 v2:172.21.15.12:3300/0 7 ==== mon_command_ack([{prefix=config set, name=mgr/dashboard/ssl_server_port}]=0 v8)=0 v8) ==== 130+0+0 (secure 0 0 0) 0x7f42e800b5a0 con 0x7f42ec108970
2024-03-18T15:35:19.044 INFO:teuthology.orchestra.run.smithi012.stdout:/usr/bin/ceph: stderr
2024-03-18T15:35:17.765+0000 7f42f4756700 1 -- 172.21.15.12:0/714273869 >> [v2:172.21.15.12:6800/293148737,v1:172.21.15.12:6801/293148737] conn(0x7f42d8038f70 msgr2=0x7f42d803b430 secure :-1 s=STATE_CONNECTION_ESTABLISHED l=1).mark_down
2024-03-18T15:35:19.044 INFO:teuthology.orchestra.run.smithi012.stdout:/usr/bin/ceph: stderr
2024-03-18T15:35:17.765+0000 7f42f4756700 1 --2- 172.21.15.12:0/714273869 >> [v2:172.21.15.12:6800/293148737,v1:172.21.15.12:6801/293148737] conn(0x7f42d8038f70 0x7f42d803b430 secure :-1 s=READY pgs=15 cs=0 l=1 rev1=1 crypto rx=0x7f42dc006fd0 tx=0x7f42dc006e40 comp rx=0 tx=0).stop
2024-03-18T15:35:19.044 INFO:teuthology.orchestra.run.smithi012.stdout:/usr/bin/ceph: stderr
2024-03-18T15:35:17.765+0000 7f42f4756700 1 -- 172.21.15.12:0/714273869 >> [v2:172.21.15.12:3300/0,v1:172.21.15.12:6789/0] conn(0x7f42ec108970 msgr2=0x7f42ec1081f0 secure :-1 s=STATE_CONNECTION_ESTABLISHED l=1).mark_down
2024-03-18T15:35:19.044 INFO:teuthology.orchestra.run.smithi012.stdout:/usr/bin/ceph: stderr
2024-03-18T15:35:17.765+0000 7f42f4756700 1 --2- 172.21.15.12:0/714273869 >> [v2:172.21.15.12:3300/0,v1:172.21.15.12:6789/0] conn(0x7f42ec108970 0x7f42ec1081f0 secure :-1 s=READY pgs=54 cs=0 l=1 rev1=1 crypto rx=0x7f42e80118b0 tx=0x7f42e8011c70 comp rx=0 tx=0).stop
2024-03-18T15:35:19.044 INFO:teuthology.orchestra.run.smithi012.stdout:/usr/bin/ceph: stderr
2024-03-18T15:35:17.765+0000 7f42f4756700 1 -- 172.21.15.12:0/714273869 shutdown_connections
2024-03-18T15:35:19.044 INFO:teuthology.orchestra.run.smithi012.stdout:/usr/bin/ceph: stderr
2024-03-18T15:35:17.765+0000 7f42f4756700 1 --2- 172.21.15.12:0/714273869 >> [v2:172.21.15.12:6800/293148737,v1:172.21.15.12:6801/293148737] conn(0x7f42d8038f70 0x7f42d803b430 unknown :-1 s=CLOSED pgs=15 cs=0 l=1 rev1=1 crypto rx=0 tx=0 comp rx=0 tx=0).stop
2024-03-18T15:35:19.045 INFO:teuthology.orchestra.run.smithi012.stdout:/usr/bin/ceph: stderr
2024-03-18T15:35:17.765+0000 7f42f4756700 1 --2- 172.21.15.12:0/714273869 >> [v2:172.21.15.12:3300/0,v1:172.21.15.12:6789/0] conn(0x7f42ec108970 0x7f42ec1081f0 unknown :-1 s=CLOSED pgs=54 cs=0 l=1 rev1=1 crypto rx=0 tx=0 comp rx=0 tx=0).stop
2024-03-18T15:35:19.045 INFO:teuthology.orchestra.run.smithi012.stdout:/usr/bin/ceph: stderr
2024-03-18T15:35:17.765+0000 7f42f4756700 1 -- 172.21.15.12:0/714273869 >> 172.21.15.12:0/714273869 conn(0x7f42ec102300 msgr2=0x7f42ec102e90 unknown :-1 s=STATE_NONE l=0).mark_down
2024-03-18T15:35:19.045 INFO:teuthology.orchestra.run.smithi012.stdout:/usr/bin/ceph: stderr
2024-03-18T15:35:17.765+0000 7f42f4756700 1 -- 172.21.15.12:0/714273869 shutdown_connections
2024-03-18T15:35:19.045 INFO:teuthology.orchestra.run.smithi012.stdout:/usr/bin/ceph: stderr
2024-03-18T15:35:17.765+0000 7f42f4756700 1 -- 172.21.15.12:0/714273869 wait complete.
2024-03-18T15:35:19.045 INFO:teuthology.orchestra.run.smithi012.stdout:Enabling the dashboard module...
2024-03-18T15:35:19.770 INFO:journalctl@ceph.mon.a.smithi012.stdout:Mar 18 15:35:19 smithi012 ceph-mon[31934]: from='mgr.14120 172.21.15.12:0/1205475984' entity='mgr.x'
2024-03-18T15:35:21.021 INFO:journalctl@ceph.mon.a.smithi012.stdout:Mar 18 15:35:20 smithi012 ceph-mon[31934]: from='mgr.14120 172.21.15.12:0/1205475984' entity='mgr.x'
2024-03-18T15:35:21.021 INFO:journalctl@ceph.mon.a.smithi012.stdout:Mar 18 15:35:20 smithi012 ceph-mon[31934]: from='client.? 172.21.15.12:0/1493042868' entity='client.admin' cmd=[{"prefix": "mgr module enable", "module": "dashboard"}]: dispatch
2024-03-18T15:35:21.021 INFO:journalctl@ceph.mon.a.smithi012.stdout:Mar 18 15:35:20 smithi012 ceph-mon[31934]: pgmap v3: 0 pgs: ; 0 B data, 0 B used, 0 B / 0 B avail
2024-03-18T15:35:21.021 INFO:journalctl@ceph.mgr.x.smithi012.stdout:Mar 18 15:35:20 smithi012 ceph-d0f23b44-e53c-11ee-95c9-87774f69a715-mgr-x[32165]: ignoring --setuser ceph since I am not root
2024-03-18T15:35:21.021 INFO:journalctl@ceph.mgr.x.smithi012.stdout:Mar 18 15:35:20 smithi012 ceph-d0f23b44-e53c-11ee-95c9-87774f69a715-mgr-x[32165]: ignoring --setgroup ceph since I am not root
2024-03-18T15:35:21.403 INFO:journalctl@ceph.mgr.x.smithi012.stdout:Mar 18 15:35:21 smithi012 ceph-d0f23b44-e53c-11ee-95c9-87774f69a715-mgr-x[32165]:
2024-03-18T15:35:21.350+0000 7f21e3968200 -1 mgr[py] Module osd_perf_query has missing NOTIFY_TYPES member
2024-03-18T15:35:21.413 INFO:teuthology.orchestra.run.smithi012.stdout:/usr/bin/ceph: stderr
2024-03-18T15:35:19.507+0000 7f2a100f6700 1 Processor -- start
2024-03-18T15:35:21.413 INFO:teuthology.orchestra.run.smithi012.stdout:/usr/bin/ceph: stderr
2024-03-18T15:35:19.507+0000 7f2a100f6700 1 -- start start
2024-03-18T15:35:21.413 INFO:teuthology.orchestra.run.smithi012.stdout:/usr/bin/ceph: stderr
2024-03-18T15:35:19.507+0000 7f2a100f6700 1 --2- >> [v2:172.21.15.12:3300/0,v1:172.21.15.12:6789/0] conn(0x7f2a08108910 0x7f2a0810ad00 unknown :-1 s=NONE pgs=0 cs=0 l=0 rev1=0 crypto rx=0 tx=0 comp rx=0 tx=0).connect
2024-03-18T15:35:21.413 INFO:teuthology.orchestra.run.smithi012.stdout:/usr/bin/ceph: stderr
2024-03-18T15:35:19.507+0000 7f2a100f6700 1 -- --> [v2:172.21.15.12:3300/0,v1:172.21.15.12:6789/0] -- mon_getmap magic: 0 -- 0x7f2a0807bdd0 con 0x7f2a08108910
2024-03-18T15:35:21.413 INFO:teuthology.orchestra.run.smithi012.stdout:/usr/bin/ceph: stderr
2024-03-18T15:35:19.508+0000 7f2a0de92700 1 --2- >> [v2:172.21.15.12:3300/0,v1:172.21.15.12:6789/0] conn(0x7f2a08108910 0x7f2a0810ad00 unknown :-1 s=BANNER_CONNECTING pgs=0 cs=0 l=0 rev1=0 crypto rx=0 tx=0 comp rx=0 tx=0)._handle_peer_banner_payload supported=3 required=0
2024-03-18T15:35:21.414 INFO:teuthology.orchestra.run.smithi012.stdout:/usr/bin/ceph: stderr
2024-03-18T15:35:19.508+0000 7f2a0de92700 1 --2- >> [v2:172.21.15.12:3300/0,v1:172.21.15.12:6789/0] conn(0x7f2a08108910 0x7f2a0810ad00 unknown :-1 s=HELLO_CONNECTING pgs=0 cs=0 l=0 rev1=1 crypto rx=0 tx=0 comp rx=0 tx=0).handle_hello peer v2:172.21.15.12:3300/0 says I am v2:172.21.15.12:37034/0 (socket says 172.21.15.12:37034)
2024-03-18T15:35:21.414 INFO:teuthology.orchestra.run.smithi012.stdout:/usr/bin/ceph: stderr
2024-03-18T15:35:19.508+0000 7f2a0de92700 1 -- 172.21.15.12:0/2049157311 learned_addr learned my addr 172.21.15.12:0/2049157311 (peer_addr_for_me v2:172.21.15.12:0/0)
2024-03-18T15:35:21.414 INFO:teuthology.orchestra.run.smithi012.stdout:/usr/bin/ceph: stderr
2024-03-18T15:35:19.508+0000 7f2a0de92700 1 -- 172.21.15.12:0/2049157311 --> [v2:172.21.15.12:3300/0,v1:172.21.15.12:6789/0] -- mon_subscribe({config=0+,monmap=0+}) -- 0x7f2a0810b240 con 0x7f2a08108910
2024-03-18T15:35:21.414 INFO:teuthology.orchestra.run.smithi012.stdout:/usr/bin/ceph: stderr
2024-03-18T15:35:19.508+0000 7f2a0de92700 1 --2- 172.21.15.12:0/2049157311 >> [v2:172.21.15.12:3300/0,v1:172.21.15.12:6789/0] conn(0x7f2a08108910 0x7f2a0810ad00 secure :-1 s=READY pgs=55 cs=0 l=1 rev1=1 crypto rx=0x7f2a040098a0 tx=0x7f2a04009bb0 comp rx=0 tx=0).ready entity=mon.0 client_cookie=94dcb7d1f9dffcf1 server_cookie=0 in_seq=0 out_seq=0
2024-03-18T15:35:21.414 INFO:teuthology.orchestra.run.smithi012.stdout:/usr/bin/ceph: stderr
2024-03-18T15:35:19.508+0000 7f2a0ce90700 1 -- 172.21.15.12:0/2049157311 <== mon.0 v2:172.21.15.12:3300/0 1 ==== mon_map magic: 0 ==== 205+0+0 (secure 0 0 0) 0x7f2a04004160 con 0x7f2a08108910
2024-03-18T15:35:21.414 INFO:teuthology.orchestra.run.smithi012.stdout:/usr/bin/ceph: stderr
2024-03-18T15:35:19.509+0000 7f2a0ce90700 1 -- 172.21.15.12:0/2049157311 <== mon.0 v2:172.21.15.12:3300/0 2 ==== config(28 keys) ==== 1171+0+0 (secure 0 0 0) 0x7f2a04004300 con 0x7f2a08108910
2024-03-18T15:35:21.414 INFO:teuthology.orchestra.run.smithi012.stdout:/usr/bin/ceph: stderr
2024-03-18T15:35:19.509+0000 7f2a0ce90700 1 -- 172.21.15.12:0/2049157311 <== mon.0 v2:172.21.15.12:3300/0 3 ==== mon_map magic: 0 ==== 205+0+0 (secure 0 0 0) 0x7f2a04011bb0 con 0x7f2a08108910
2024-03-18T15:35:21.414 INFO:teuthology.orchestra.run.smithi012.stdout:/usr/bin/ceph: stderr
2024-03-18T15:35:19.509+0000 7f2a100f6700 1 -- 172.21.15.12:0/2049157311 >> [v2:172.21.15.12:3300/0,v1:172.21.15.12:6789/0] conn(0x7f2a08108910 msgr2=0x7f2a0810ad00 secure :-1 s=STATE_CONNECTION_ESTABLISHED l=1).mark_down
2024-03-18T15:35:21.414 INFO:teuthology.orchestra.run.smithi012.stdout:/usr/bin/ceph: stderr
2024-03-18T15:35:19.509+0000 7f2a100f6700 1 --2- 172.21.15.12:0/2049157311 >> [v2:172.21.15.12:3300/0,v1:172.21.15.12:6789/0] conn(0x7f2a08108910 0x7f2a0810ad00 secure :-1 s=READY pgs=55 cs=0 l=1 rev1=1 crypto rx=0x7f2a040098a0 tx=0x7f2a04009bb0 comp rx=0 tx=0).stop
2024-03-18T15:35:21.414 INFO:teuthology.orchestra.run.smithi012.stdout:/usr/bin/ceph: stderr
2024-03-18T15:35:19.509+0000 7f2a100f6700 1 -- 172.21.15.12:0/2049157311 shutdown_connections
2024-03-18T15:35:21.414 INFO:teuthology.orchestra.run.smithi012.stdout:/usr/bin/ceph: stderr
2024-03-18T15:35:19.509+0000 7f2a100f6700 1 --2- 172.21.15.12:0/2049157311 >> [v2:172.21.15.12:3300/0,v1:172.21.15.12:6789/0] conn(0x7f2a08108910 0x7f2a0810ad00 unknown :-1 s=CLOSED pgs=55 cs=0 l=1 rev1=1 crypto rx=0 tx=0 comp rx=0 tx=0).stop
2024-03-18T15:35:21.414 INFO:teuthology.orchestra.run.smithi012.stdout:/usr/bin/ceph: stderr
2024-03-18T15:35:19.509+0000 7f2a100f6700 1 -- 172.21.15.12:0/2049157311 >> 172.21.15.12:0/2049157311 conn(0x7f2a08102300 msgr2=0x7f2a08104720 unknown :-1 s=STATE_NONE l=0).mark_down
2024-03-18T15:35:21.414 INFO:teuthology.orchestra.run.smithi012.stdout:/usr/bin/ceph: stderr
2024-03-18T15:35:19.509+0000 7f2a100f6700 1 -- 172.21.15.12:0/2049157311 shutdown_connections
2024-03-18T15:35:21.415 INFO:teuthology.orchestra.run.smithi012.stdout:/usr/bin/ceph: stderr
2024-03-18T15:35:19.509+0000 7f2a100f6700 1 -- 172.21.15.12:0/2049157311 wait complete.
2024-03-18T15:35:21.415 INFO:teuthology.orchestra.run.smithi012.stdout:/usr/bin/ceph: stderr
2024-03-18T15:35:19.510+0000 7f2a100f6700 1 Processor -- start
2024-03-18T15:35:21.415 INFO:teuthology.orchestra.run.smithi012.stdout:/usr/bin/ceph: stderr
2024-03-18T15:35:19.510+0000 7f2a100f6700 1 -- start start
2024-03-18T15:35:21.415 INFO:teuthology.orchestra.run.smithi012.stdout:/usr/bin/ceph: stderr
2024-03-18T15:35:19.510+0000 7f2a100f6700 1 --2- >> [v2:172.21.15.12:3300/0,v1:172.21.15.12:6789/0] conn(0x7f2a08108910 0x7f2a08108190 unknown :-1 s=NONE pgs=0 cs=0 l=1 rev1=0 crypto rx=0 tx=0 comp rx=0 tx=0).connect
2024-03-18T15:35:21.415 INFO:teuthology.orchestra.run.smithi012.stdout:/usr/bin/ceph: stderr
2024-03-18T15:35:19.510+0000 7f2a100f6700 1 -- --> [v2:172.21.15.12:3300/0,v1:172.21.15.12:6789/0] -- mon_getmap magic: 0 -- 0x7f2a0810c2a0 con 0x7f2a08108910
2024-03-18T15:35:21.415 INFO:teuthology.orchestra.run.smithi012.stdout:/usr/bin/ceph: stderr
2024-03-18T15:35:19.510+0000 7f2a0de92700 1 --2- >> [v2:172.21.15.12:3300/0,v1:172.21.15.12:6789/0] conn(0x7f2a08108910 0x7f2a08108190 unknown :-1 s=BANNER_CONNECTING pgs=0 cs=0 l=1 rev1=0 crypto rx=0 tx=0 comp rx=0 tx=0)._handle_peer_banner_payload supported=3 required=0
2024-03-18T15:35:21.415 INFO:teuthology.orchestra.run.smithi012.stdout:/usr/bin/ceph: stderr
2024-03-18T15:35:19.510+0000 7f2a0de92700 1 --2- >> [v2:172.21.15.12:3300/0,v1:172.21.15.12:6789/0] conn(0x7f2a08108910 0x7f2a08108190 unknown :-1 s=HELLO_CONNECTING pgs=0 cs=0 l=1 rev1=1 crypto rx=0 tx=0 comp rx=0 tx=0).handle_hello peer v2:172.21.15.12:3300/0 says I am v2:172.21.15.12:37050/0 (socket says 172.21.15.12:37050)
2024-03-18T15:35:21.415 INFO:teuthology.orchestra.run.smithi012.stdout:/usr/bin/ceph: stderr
2024-03-18T15:35:19.510+0000 7f2a0de92700 1 -- 172.21.15.12:0/1493042868 learned_addr learned my addr 172.21.15.12:0/1493042868 (peer_addr_for_me v2:172.21.15.12:0/0)
2024-03-18T15:35:21.415 INFO:teuthology.orchestra.run.smithi012.stdout:/usr/bin/ceph: stderr
2024-03-18T15:35:19.511+0000 7f2a0de92700 1 -- 172.21.15.12:0/1493042868 --> [v2:172.21.15.12:3300/0,v1:172.21.15.12:6789/0] -- mon_subscribe({config=0+,monmap=0+}) -- 0x7f2a081086d0 con 0x7f2a08108910
2024-03-18T15:35:21.415 INFO:teuthology.orchestra.run.smithi012.stdout:/usr/bin/ceph: stderr
2024-03-18T15:35:19.511+0000 7f2a0de92700 1 --2- 172.21.15.12:0/1493042868 >> [v2:172.21.15.12:3300/0,v1:172.21.15.12:6789/0] conn(0x7f2a08108910 0x7f2a08108190 secure :-1 s=READY pgs=56 cs=0 l=1 rev1=1 crypto rx=0x7f2a040118b0 tx=0x7f2a040046a0 comp rx=0 tx=0).ready entity=mon.0 client_cookie=0 server_cookie=0 in_seq=0 out_seq=0
2024-03-18T15:35:21.415 INFO:teuthology.orchestra.run.smithi012.stdout:/usr/bin/ceph: stderr
2024-03-18T15:35:19.511+0000 7f29feffd700 1 -- 172.21.15.12:0/1493042868 <== mon.0 v2:172.21.15.12:3300/0 1 ==== mon_map magic: 0 ==== 205+0+0 (secure 0 0 0) 0x7f2a04003b20 con 0x7f2a08108910
2024-03-18T15:35:21.415 INFO:teuthology.orchestra.run.smithi012.stdout:/usr/bin/ceph: stderr
2024-03-18T15:35:19.511+0000 7f29feffd700 1 -- 172.21.15.12:0/1493042868 <== mon.0 v2:172.21.15.12:3300/0 2 ==== config(28 keys) ==== 1171+0+0 (secure 0 0 0) 0x7f2a04003cc0 con 0x7f2a08108910
2024-03-18T15:35:21.415 INFO:teuthology.orchestra.run.smithi012.stdout:/usr/bin/ceph: stderr
2024-03-18T15:35:19.511+0000 7f2a100f6700 1 -- 172.21.15.12:0/1493042868 --> [v2:172.21.15.12:3300/0,v1:172.21.15.12:6789/0] -- mon_subscribe({mgrmap=0+}) -- 0x7f2a081068c0 con 0x7f2a08108910
2024-03-18T15:35:21.415 INFO:teuthology.orchestra.run.smithi012.stdout:/usr/bin/ceph: stderr
2024-03-18T15:35:19.511+0000 7f29feffd700 1 -- 172.21.15.12:0/1493042868 <== mon.0 v2:172.21.15.12:3300/0 3 ==== mon_map magic: 0 ==== 205+0+0 (secure 0 0 0) 0x7f2a040248d0 con 0x7f2a08108910
2024-03-18T15:35:21.416 INFO:teuthology.orchestra.run.smithi012.stdout:/usr/bin/ceph: stderr
2024-03-18T15:35:19.511+0000 7f2a100f6700 1 -- 172.21.15.12:0/1493042868 --> [v2:172.21.15.12:3300/0,v1:172.21.15.12:6789/0] -- mon_subscribe({osdmap=0}) -- 0x7f2a08106e00 con 0x7f2a08108910
2024-03-18T15:35:21.416 INFO:teuthology.orchestra.run.smithi012.stdout:/usr/bin/ceph: stderr
2024-03-18T15:35:19.512+0000 7f29feffd700 1 -- 172.21.15.12:0/1493042868 <== mon.0 v2:172.21.15.12:3300/0 4 ==== mgrmap(e 8) ==== 46106+0+0 (secure 0 0 0) 0x7f2a04022020 con 0x7f2a08108910
2024-03-18T15:35:21.416 INFO:teuthology.orchestra.run.smithi012.stdout:/usr/bin/ceph: stderr
2024-03-18T15:35:19.512+0000 7f29feffd700 1 --2- 172.21.15.12:0/1493042868 >> [v2:172.21.15.12:6800/293148737,v1:172.21.15.12:6801/293148737] conn(0x7f29f4038ed0 0x7f29f403b390 unknown :-1 s=NONE pgs=0 cs=0 l=1 rev1=0 crypto rx=0 tx=0 comp rx=0 tx=0).connect
2024-03-18T15:35:21.416 INFO:teuthology.orchestra.run.smithi012.stdout:/usr/bin/ceph: stderr
2024-03-18T15:35:19.512+0000 7f29feffd700 1 -- 172.21.15.12:0/1493042868 <== mon.0 v2:172.21.15.12:3300/0 5 ==== osd_map(2..2 src has 1..2) ==== 940+0+0 (secure 0 0 0) 0x7f2a0404d0a0 con 0x7f2a08108910
2024-03-18T15:35:21.416 INFO:teuthology.orchestra.run.smithi012.stdout:/usr/bin/ceph: stderr
2024-03-18T15:35:19.512+0000 7f2a100f6700 1 -- 172.21.15.12:0/1493042868 --> [v2:172.21.15.12:3300/0,v1:172.21.15.12:6789/0] -- mon_command({"prefix": "get_command_descriptions"} v 0) -- 0x7f2a08063900 con 0x7f2a08108910
2024-03-18T15:35:21.416 INFO:teuthology.orchestra.run.smithi012.stdout:/usr/bin/ceph: stderr
2024-03-18T15:35:19.512+0000 7f2a0d691700 1 --2- 172.21.15.12:0/1493042868 >> [v2:172.21.15.12:6800/293148737,v1:172.21.15.12:6801/293148737] conn(0x7f29f4038ed0 0x7f29f403b390 unknown :-1 s=BANNER_CONNECTING pgs=0 cs=0 l=1 rev1=0 crypto rx=0 tx=0 comp rx=0 tx=0)._handle_peer_banner_payload supported=3 required=0
2024-03-18T15:35:21.416 INFO:teuthology.orchestra.run.smithi012.stdout:/usr/bin/ceph: stderr
2024-03-18T15:35:19.513+0000 7f2a0d691700 1 --2- 172.21.15.12:0/1493042868 >> [v2:172.21.15.12:6800/293148737,v1:172.21.15.12:6801/293148737] conn(0x7f29f4038ed0 0x7f29f403b390 secure :-1 s=READY pgs=16 cs=0 l=1 rev1=1 crypto rx=0x7f29f8006fd0 tx=0x7f29f8006e40 comp rx=0 tx=0).ready entity=mgr.14120 client_cookie=0 server_cookie=0 in_seq=0 out_seq=0
2024-03-18T15:35:21.416 INFO:teuthology.orchestra.run.smithi012.stdout:/usr/bin/ceph: stderr
2024-03-18T15:35:19.522+0000 7f29feffd700 1 -- 172.21.15.12:0/1493042868 <== mon.0 v2:172.21.15.12:3300/0 6 ==== mon_command_ack([{"prefix": "get_command_descriptions"}]=0 v0) ==== 72+0+186149 (secure 0 0 0) 0x7f2a0402d910 con 0x7f2a08108910
2024-03-18T15:35:21.416 INFO:teuthology.orchestra.run.smithi012.stdout:/usr/bin/ceph: stderr
2024-03-18T15:35:19.787+0000 7f2a100f6700 1 -- 172.21.15.12:0/1493042868 --> [v2:172.21.15.12:3300/0,v1:172.21.15.12:6789/0] -- mon_command({"prefix": "mgr module enable", "module": "dashboard"} v 0) -- 0x7f2a08107480 con 0x7f2a08108910
2024-03-18T15:35:21.416 INFO:teuthology.orchestra.run.smithi012.stdout:/usr/bin/ceph: stderr
2024-03-18T15:35:20.769+0000 7f29feffd700 1 -- 172.21.15.12:0/1493042868 <== mon.0 v2:172.21.15.12:3300/0 7 ==== mon_command_ack([{"prefix": "mgr module enable", "module": "dashboard"}]=0 v9) ==== 88+0+0 (secure 0 0 0) 0x7f2a0402d3f0 con 0x7f2a08108910
2024-03-18T15:35:21.416 INFO:teuthology.orchestra.run.smithi012.stdout:/usr/bin/ceph: stderr
2024-03-18T15:35:20.771+0000 7f29feffd700 1 -- 172.21.15.12:0/1493042868 <== mon.0 v2:172.21.15.12:3300/0 8 ==== mgrmap(e 9) ==== 46119+0+0 (secure 0 0 0) 0x7f2a0402cc50 con 0x7f2a08108910
2024-03-18T15:35:21.416 INFO:teuthology.orchestra.run.smithi012.stdout:/usr/bin/ceph: stderr
2024-03-18T15:35:20.772+0000 7f2a100f6700 1 -- 172.21.15.12:0/1493042868 >> [v2:172.21.15.12:6800/293148737,v1:172.21.15.12:6801/293148737] conn(0x7f29f4038ed0 msgr2=0x7f29f403b390 secure :-1 s=STATE_CONNECTION_ESTABLISHED l=1).mark_down
2024-03-18T15:35:21.416 INFO:teuthology.orchestra.run.smithi012.stdout:/usr/bin/ceph: stderr
2024-03-18T15:35:20.772+0000 7f2a100f6700 1 --2- 172.21.15.12:0/1493042868 >> [v2:172.21.15.12:6800/293148737,v1:172.21.15.12:6801/293148737] conn(0x7f29f4038ed0 0x7f29f403b390 secure :-1 s=READY pgs=16 cs=0 l=1 rev1=1 crypto rx=0x7f29f8006fd0 tx=0x7f29f8006e40 comp rx=0 tx=0).stop
2024-03-18T15:35:21.416 INFO:teuthology.orchestra.run.smithi012.stdout:/usr/bin/ceph: stderr
2024-03-18T15:35:20.772+0000 7f2a100f6700 1 -- 172.21.15.12:0/1493042868 >> [v2:172.21.15.12:3300/0,v1:172.21.15.12:6789/0] conn(0x7f2a08108910 msgr2=0x7f2a08108190 secure :-1 s=STATE_CONNECTION_ESTABLISHED l=1).mark_down
2024-03-18T15:35:21.417 INFO:teuthology.orchestra.run.smithi012.stdout:/usr/bin/ceph: stderr
2024-03-18T15:35:20.772+0000 7f2a100f6700 1 --2- 172.21.15.12:0/1493042868 >> [v2:172.21.15.12:3300/0,v1:172.21.15.12:6789/0] conn(0x7f2a08108910 0x7f2a08108190 secure :-1 s=READY pgs=56 cs=0 l=1 rev1=1 crypto rx=0x7f2a040118b0 tx=0x7f2a040046a0 comp rx=0 tx=0).stop
2024-03-18T15:35:21.417 INFO:teuthology.orchestra.run.smithi012.stdout:/usr/bin/ceph: stderr
2024-03-18T15:35:20.772+0000 7f2a100f6700 1 -- 172.21.15.12:0/1493042868 shutdown_connections
2024-03-18T15:35:21.417 INFO:teuthology.orchestra.run.smithi012.stdout:/usr/bin/ceph: stderr
2024-03-18T15:35:20.772+0000 7f2a100f6700 1 --2- 172.21.15.12:0/1493042868 >> [v2:172.21.15.12:6800/293148737,v1:172.21.15.12:6801/293148737] conn(0x7f29f4038ed0 0x7f29f403b390 unknown :-1 s=CLOSED pgs=16 cs=0 l=1 rev1=1 crypto rx=0 tx=0 comp rx=0 tx=0).stop
2024-03-18T15:35:21.417 INFO:teuthology.orchestra.run.smithi012.stdout:/usr/bin/ceph: stderr
2024-03-18T15:35:20.772+0000 7f2a100f6700 1 --2- 172.21.15.12:0/1493042868 >> [v2:172.21.15.12:3300/0,v1:172.21.15.12:6789/0] conn(0x7f2a08108910 0x7f2a08108190 unknown :-1 s=CLOSED pgs=56 cs=0 l=1 rev1=1 crypto rx=0 tx=0 comp rx=0 tx=0).stop
2024-03-18T15:35:21.417 INFO:teuthology.orchestra.run.smithi012.stdout:/usr/bin/ceph: stderr
2024-03-18T15:35:20.772+0000 7f2a100f6700 1 -- 172.21.15.12:0/1493042868 >> 172.21.15.12:0/1493042868 conn(0x7f2a08102300 msgr2=0x7f2a08102eb0 unknown :-1 s=STATE_NONE l=0).mark_down
2024-03-18T15:35:21.417 INFO:teuthology.orchestra.run.smithi012.stdout:/usr/bin/ceph: stderr
2024-03-18T15:35:20.772+0000 7f2a100f6700 1 -- 172.21.15.12:0/1493042868 shutdown_connections
2024-03-18T15:35:21.417 INFO:teuthology.orchestra.run.smithi012.stdout:/usr/bin/ceph: stderr
2024-03-18T15:35:20.772+0000 7f2a100f6700 1 -- 172.21.15.12:0/1493042868 wait complete.
2024-03-18T15:35:21.771 INFO:journalctl@ceph.mgr.x.smithi012.stdout:Mar 18 15:35:21 smithi012 ceph-d0f23b44-e53c-11ee-95c9-87774f69a715-mgr-x[32165]:
2024-03-18T15:35:21.452+0000 7f21e3968200 -1 mgr[py] Module snap_schedule has missing NOTIFY_TYPES member
2024-03-18T15:35:22.021 INFO:journalctl@ceph.mon.a.smithi012.stdout:Mar 18 15:35:21 smithi012 ceph-mon[31934]: from='client.? 172.21.15.12:0/1493042868' entity='client.admin' cmd='[{"prefix": "mgr module enable", "module": "dashboard"}]': finished
2024-03-18T15:35:22.021 INFO:journalctl@ceph.mon.a.smithi012.stdout:Mar 18 15:35:21 smithi012 ceph-mon[31934]: mgrmap e9: x(active, since 20s)
2024-03-18T15:35:22.364 INFO:journalctl@ceph.mgr.x.smithi012.stdout:Mar 18 15:35:22 smithi012 ceph-d0f23b44-e53c-11ee-95c9-87774f69a715-mgr-x[32165]:
2024-03-18T15:35:22.118+0000 7f21e3968200 -1 mgr[py] Module zabbix has missing NOTIFY_TYPES member
2024-03-18T15:35:22.364 INFO:journalctl@ceph.mgr.x.smithi012.stdout:Mar 18 15:35:22 smithi012 ceph-d0f23b44-e53c-11ee-95c9-87774f69a715-mgr-x[32165]:
2024-03-18T15:35:22.215+0000 7f21e3968200 -1 mgr[py] Module balancer has missing NOTIFY_TYPES member
2024-03-18T15:35:22.364 INFO:journalctl@ceph.mgr.x.smithi012.stdout:Mar 18 15:35:22 smithi012 ceph-d0f23b44-e53c-11ee-95c9-87774f69a715-mgr-x[32165]:
2024-03-18T15:35:22.362+0000 7f21e3968200 -1 mgr[py] Module influx has missing NOTIFY_TYPES member
2024-03-18T15:35:22.771 INFO:journalctl@ceph.mgr.x.smithi012.stdout:Mar 18 15:35:22 smithi012 ceph-d0f23b44-e53c-11ee-95c9-87774f69a715-mgr-x[32165]:
2024-03-18T15:35:22.461+0000 7f21e3968200 -1 mgr[py] Module alerts has missing NOTIFY_TYPES member
2024-03-18T15:35:22.771 INFO:journalctl@ceph.mgr.x.smithi012.stdout:Mar 18 15:35:22 smithi012 ceph-d0f23b44-e53c-11ee-95c9-87774f69a715-mgr-x[32165]:
2024-03-18T15:35:22.547+0000 7f21e3968200 -1 mgr[py] Module iostat has missing NOTIFY_TYPES member
2024-03-18T15:35:23.027 INFO:journalctl@ceph.mon.a.smithi012.stdout:Mar 18 15:35:22 smithi012 ceph-mon[31934]: from='client.? 172.21.15.12:0/1029003014' entity='client.admin' cmd=[{"prefix": "mgr stat"}]: dispatch
2024-03-18T15:35:23.027 INFO:journalctl@ceph.mgr.x.smithi012.stdout:Mar 18 15:35:22 smithi012 ceph-d0f23b44-e53c-11ee-95c9-87774f69a715-mgr-x[32165]:
2024-03-18T15:35:22.824+0000 7f21e3968200 -1 mgr[py] Module rgw has missing NOTIFY_TYPES member
2024-03-18T15:35:23.027 INFO:journalctl@ceph.mgr.x.smithi012.stdout:Mar 18 15:35:22 smithi012 ceph-d0f23b44-e53c-11ee-95c9-87774f69a715-mgr-x[32165]:
2024-03-18T15:35:22.937+0000 7f21e3968200 -1 mgr[py] Module rbd_support has missing NOTIFY_TYPES member
2024-03-18T15:35:23.027 INFO:journalctl@ceph.mgr.x.smithi012.stdout:Mar 18 15:35:23 smithi012 ceph-d0f23b44-e53c-11ee-95c9-87774f69a715-mgr-x[32165]:
2024-03-18T15:35:23.025+0000 7f21e3968200 -1 mgr[py] Module progress has missing NOTIFY_TYPES member
2024-03-18T15:35:23.145 INFO:teuthology.orchestra.run.smithi012.stdout:/usr/bin/ceph: stdout {
2024-03-18T15:35:23.145 INFO:teuthology.orchestra.run.smithi012.stdout:/usr/bin/ceph: stdout "epoch": 9,
2024-03-18T15:35:23.146 INFO:teuthology.orchestra.run.smithi012.stdout:/usr/bin/ceph: stdout "available": true,
2024-03-18T15:35:23.146 INFO:teuthology.orchestra.run.smithi012.stdout:/usr/bin/ceph: stdout "active_name": "x",
2024-03-18T15:35:23.146 INFO:teuthology.orchestra.run.smithi012.stdout:/usr/bin/ceph: stdout "num_standby": 0
2024-03-18T15:35:23.146 INFO:teuthology.orchestra.run.smithi012.stdout:/usr/bin/ceph: stdout }
2024-03-18T15:35:23.146 INFO:teuthology.orchestra.run.smithi012.stdout:/usr/bin/ceph: stderr
2024-03-18T15:35:22.258+0000 7fad95c74700 1 Processor -- start
2024-03-18T15:35:23.146 INFO:teuthology.orchestra.run.smithi012.stdout:/usr/bin/ceph: stderr
2024-03-18T15:35:22.258+0000 7fad95c74700 1 -- start start
2024-03-18T15:35:23.146 INFO:teuthology.orchestra.run.smithi012.stdout:/usr/bin/ceph: stderr
2024-03-18T15:35:22.258+0000 7fad95c74700 1 --2- >> [v2:172.21.15.12:3300/0,v1:172.21.15.12:6789/0] conn(0x7fad901088d0 0x7fad9010acc0 unknown :-1 s=NONE pgs=0 cs=0 l=0 rev1=0 crypto rx=0 tx=0 comp rx=0 tx=0).connect
2024-03-18T15:35:23.146 INFO:teuthology.orchestra.run.smithi012.stdout:/usr/bin/ceph: stderr
2024-03-18T15:35:22.258+0000 7fad95c74700 1 -- --> [v2:172.21.15.12:3300/0,v1:172.21.15.12:6789/0] -- mon_getmap magic: 0 -- 0x7fad9007be10 con 0x7fad901088d0
2024-03-18T15:35:23.146 INFO:teuthology.orchestra.run.smithi012.stdout:/usr/bin/ceph: stderr
2024-03-18T15:35:22.258+0000 7fad8f7fe700 1 --2- >> [v2:172.21.15.12:3300/0,v1:172.21.15.12:6789/0] conn(0x7fad901088d0 0x7fad9010acc0 unknown :-1 s=BANNER_CONNECTING pgs=0 cs=0 l=0 rev1=0 crypto rx=0 tx=0 comp rx=0 tx=0)._handle_peer_banner_payload supported=3 required=0
2024-03-18T15:35:23.146 INFO:teuthology.orchestra.run.smithi012.stdout:/usr/bin/ceph: stderr
2024-03-18T15:35:22.258+0000 7fad8f7fe700 1 --2- >> [v2:172.21.15.12:3300/0,v1:172.21.15.12:6789/0] conn(0x7fad901088d0 0x7fad9010acc0 unknown :-1 s=HELLO_CONNECTING pgs=0 cs=0 l=0 rev1=1 crypto rx=0 tx=0 comp rx=0 tx=0).handle_hello peer v2:172.21.15.12:3300/0 says I am v2:172.21.15.12:37058/0 (socket says 172.21.15.12:37058)
2024-03-18T15:35:23.146 INFO:teuthology.orchestra.run.smithi012.stdout:/usr/bin/ceph: stderr
2024-03-18T15:35:22.258+0000 7fad8f7fe700 1 -- 172.21.15.12:0/3765835311 learned_addr learned my addr 172.21.15.12:0/3765835311 (peer_addr_for_me v2:172.21.15.12:0/0)
2024-03-18T15:35:23.146 INFO:teuthology.orchestra.run.smithi012.stdout:/usr/bin/ceph: stderr
2024-03-18T15:35:22.259+0000 7fad8f7fe700 1 -- 172.21.15.12:0/3765835311 --> [v2:172.21.15.12:3300/0,v1:172.21.15.12:6789/0] -- mon_subscribe({config=0+,monmap=0+}) -- 0x7fad9010b200 con 0x7fad901088d0
2024-03-18T15:35:23.146 INFO:teuthology.orchestra.run.smithi012.stdout:/usr/bin/ceph: stderr
2024-03-18T15:35:22.259+0000 7fad8f7fe700 1 --2- 172.21.15.12:0/3765835311 >> [v2:172.21.15.12:3300/0,v1:172.21.15.12:6789/0] conn(0x7fad901088d0 0x7fad9010acc0 secure :-1 s=READY pgs=59 cs=0 l=1 rev1=1 crypto rx=0x7fad840098a0 tx=0x7fad84009bb0 comp rx=0 tx=0).ready entity=mon.0 client_cookie=ab0b18009e7fee48 server_cookie=0 in_seq=0 out_seq=0
2024-03-18T15:35:23.146 INFO:teuthology.orchestra.run.smithi012.stdout:/usr/bin/ceph: stderr
2024-03-18T15:35:22.259+0000 7fad8e7fc700 1 -- 172.21.15.12:0/3765835311 <== mon.0 v2:172.21.15.12:3300/0 1 ==== mon_map magic: 0 ==== 205+0+0 (secure 0 0 0) 0x7fad84004160 con 0x7fad901088d0
2024-03-18T15:35:23.146 INFO:teuthology.orchestra.run.smithi012.stdout:/usr/bin/ceph: stderr
2024-03-18T15:35:22.259+0000 7fad8e7fc700 1 -- 172.21.15.12:0/3765835311 <== mon.0 v2:172.21.15.12:3300/0 2 ==== config(28 keys) ==== 1171+0+0 (secure 0 0 0) 0x7fad84004300 con 0x7fad901088d0
2024-03-18T15:35:23.147 INFO:teuthology.orchestra.run.smithi012.stdout:/usr/bin/ceph: stderr
2024-03-18T15:35:22.259+0000 7fad8e7fc700 1 -- 172.21.15.12:0/3765835311 <== mon.0 v2:172.21.15.12:3300/0 3 ==== mon_map magic: 0 ==== 205+0+0 (secure 0 0 0) 0x7fad84011bb0 con 0x7fad901088d0
2024-03-18T15:35:23.147 INFO:teuthology.orchestra.run.smithi012.stdout:/usr/bin/ceph: stderr
2024-03-18T15:35:22.260+0000 7fad95c74700 1 -- 172.21.15.12:0/3765835311 >> [v2:172.21.15.12:3300/0,v1:172.21.15.12:6789/0] conn(0x7fad901088d0 msgr2=0x7fad9010acc0 secure :-1 s=STATE_CONNECTION_ESTABLISHED l=1).mark_down
2024-03-18T15:35:23.147 INFO:teuthology.orchestra.run.smithi012.stdout:/usr/bin/ceph: stderr
2024-03-18T15:35:22.260+0000 7fad95c74700 1 --2- 172.21.15.12:0/3765835311 >> [v2:172.21.15.12:3300/0,v1:172.21.15.12:6789/0] conn(0x7fad901088d0 0x7fad9010acc0 secure :-1 s=READY pgs=59 cs=0 l=1 rev1=1 crypto rx=0x7fad840098a0 tx=0x7fad84009bb0 comp rx=0 tx=0).stop
2024-03-18T15:35:23.147 INFO:teuthology.orchestra.run.smithi012.stdout:/usr/bin/ceph: stderr
2024-03-18T15:35:22.260+0000 7fad95c74700 1 -- 172.21.15.12:0/3765835311 shutdown_connections
2024-03-18T15:35:23.147 INFO:teuthology.orchestra.run.smithi012.stdout:/usr/bin/ceph: stderr
2024-03-18T15:35:22.260+0000 7fad95c74700 1 --2- 172.21.15.12:0/3765835311 >> [v2:172.21.15.12:3300/0,v1:172.21.15.12:6789/0] conn(0x7fad901088d0 0x7fad9010acc0 unknown :-1 s=CLOSED pgs=59 cs=0 l=1 rev1=1 crypto rx=0 tx=0 comp rx=0 tx=0).stop
2024-03-18T15:35:23.147 INFO:teuthology.orchestra.run.smithi012.stdout:/usr/bin/ceph: stderr
2024-03-18T15:35:22.260+0000 7fad95c74700 1 -- 172.21.15.12:0/3765835311 >> 172.21.15.12:0/3765835311 conn(0x7fad90102300 msgr2=0x7fad90104720 unknown :-1 s=STATE_NONE l=0).mark_down
2024-03-18T15:35:23.147 INFO:teuthology.orchestra.run.smithi012.stdout:/usr/bin/ceph: stderr
2024-03-18T15:35:22.260+0000 7fad95c74700 1 -- 172.21.15.12:0/3765835311 shutdown_connections
2024-03-18T15:35:23.147 INFO:teuthology.orchestra.run.smithi012.stdout:/usr/bin/ceph: stderr
2024-03-18T15:35:22.260+0000 7fad95c74700 1 -- 172.21.15.12:0/3765835311 wait complete.
2024-03-18T15:35:23.147 INFO:teuthology.orchestra.run.smithi012.stdout:/usr/bin/ceph: stderr
2024-03-18T15:35:22.261+0000 7fad95c74700 1 Processor -- start
2024-03-18T15:35:23.147 INFO:teuthology.orchestra.run.smithi012.stdout:/usr/bin/ceph: stderr
2024-03-18T15:35:22.261+0000 7fad95c74700 1 -- start start
2024-03-18T15:35:23.147 INFO:teuthology.orchestra.run.smithi012.stdout:/usr/bin/ceph: stderr
2024-03-18T15:35:22.261+0000 7fad95c74700 1 --2- >> [v2:172.21.15.12:3300/0,v1:172.21.15.12:6789/0] conn(0x7fad901088d0 0x7fad90108150 unknown :-1 s=NONE pgs=0 cs=0 l=1 rev1=0 crypto rx=0 tx=0 comp rx=0 tx=0).connect
2024-03-18T15:35:23.147 INFO:teuthology.orchestra.run.smithi012.stdout:/usr/bin/ceph: stderr
2024-03-18T15:35:22.261+0000 7fad95c74700 1 -- --> [v2:172.21.15.12:3300/0,v1:172.21.15.12:6789/0] -- mon_getmap magic: 0 -- 0x7fad9010c2c0 con 0x7fad901088d0
2024-03-18T15:35:23.147 INFO:teuthology.orchestra.run.smithi012.stdout:/usr/bin/ceph: stderr
2024-03-18T15:35:22.261+0000 7fad8f7fe700 1 --2- >> [v2:172.21.15.12:3300/0,v1:172.21.15.12:6789/0] conn(0x7fad901088d0 0x7fad90108150 unknown :-1 s=BANNER_CONNECTING pgs=0 cs=0 l=1 rev1=0 crypto rx=0 tx=0 comp rx=0 tx=0)._handle_peer_banner_payload supported=3 required=0
2024-03-18T15:35:23.147 INFO:teuthology.orchestra.run.smithi012.stdout:/usr/bin/ceph: stderr
2024-03-18T15:35:22.261+0000 7fad8f7fe700 1 --2- >> [v2:172.21.15.12:3300/0,v1:172.21.15.12:6789/0] conn(0x7fad901088d0 0x7fad90108150 unknown :-1 s=HELLO_CONNECTING pgs=0 cs=0 l=1 rev1=1 crypto rx=0 tx=0 comp rx=0 tx=0).handle_hello peer v2:172.21.15.12:3300/0 says I am v2:172.21.15.12:37072/0 (socket says 172.21.15.12:37072)
2024-03-18T15:35:23.147 INFO:teuthology.orchestra.run.smithi012.stdout:/usr/bin/ceph: stderr
2024-03-18T15:35:22.261+0000 7fad8f7fe700 1 -- 172.21.15.12:0/1029003014 learned_addr learned my addr 172.21.15.12:0/1029003014 (peer_addr_for_me v2:172.21.15.12:0/0)
2024-03-18T15:35:23.147 INFO:teuthology.orchestra.run.smithi012.stdout:/usr/bin/ceph: stderr
2024-03-18T15:35:22.262+0000 7fad8f7fe700 1 -- 172.21.15.12:0/1029003014 --> [v2:172.21.15.12:3300/0,v1:172.21.15.12:6789/0] -- mon_subscribe({config=0+,monmap=0+}) -- 0x7fad90108690 con 0x7fad901088d0
2024-03-18T15:35:23.147 INFO:teuthology.orchestra.run.smithi012.stdout:/usr/bin/ceph: stderr
2024-03-18T15:35:22.262+0000 7fad8f7fe700 1 --2- 172.21.15.12:0/1029003014 >> [v2:172.21.15.12:3300/0,v1:172.21.15.12:6789/0] conn(0x7fad901088d0 0x7fad90108150 secure :-1 s=READY pgs=60 cs=0 l=1 rev1=1 crypto rx=0x7fad840118b0 tx=0x7fad840046a0 comp rx=0 tx=0).ready entity=mon.0 client_cookie=0 server_cookie=0 in_seq=0 out_seq=0
2024-03-18T15:35:23.148 INFO:teuthology.orchestra.run.smithi012.stdout:/usr/bin/ceph: stderr
2024-03-18T15:35:22.262+0000 7fad8cff9700 1 -- 172.21.15.12:0/1029003014 <== mon.0 v2:172.21.15.12:3300/0 1 ==== mon_map magic: 0 ==== 205+0+0 (secure 0 0 0) 0x7fad84003b20 con 0x7fad901088d0
2024-03-18T15:35:23.148 INFO:teuthology.orchestra.run.smithi012.stdout:/usr/bin/ceph: stderr
2024-03-18T15:35:22.262+0000 7fad8cff9700 1 -- 172.21.15.12:0/1029003014 <== mon.0 v2:172.21.15.12:3300/0 2 ==== config(28 keys) ==== 1171+0+0 (secure 0 0 0) 0x7fad84003cc0 con 0x7fad901088d0
2024-03-18T15:35:23.148 INFO:teuthology.orchestra.run.smithi012.stdout:/usr/bin/ceph: stderr
2024-03-18T15:35:22.262+0000 7fad8cff9700 1 -- 172.21.15.12:0/1029003014 <== mon.0 v2:172.21.15.12:3300/0 3 ==== mon_map magic: 0 ==== 205+0+0 (secure 0 0 0) 0x7fad840248d0 con 0x7fad901088d0
2024-03-18T15:35:23.148 INFO:teuthology.orchestra.run.smithi012.stdout:/usr/bin/ceph: stderr
2024-03-18T15:35:22.262+0000 7fad95c74700 1 -- 172.21.15.12:0/1029003014 --> [v2:172.21.15.12:3300/0,v1:172.21.15.12:6789/0] -- mon_subscribe({mgrmap=0+}) -- 0x7fad90106880 con 0x7fad901088d0
2024-03-18T15:35:23.148 INFO:teuthology.orchestra.run.smithi012.stdout:/usr/bin/ceph: stderr
2024-03-18T15:35:22.262+0000 7fad95c74700 1 -- 172.21.15.12:0/1029003014 --> [v2:172.21.15.12:3300/0,v1:172.21.15.12:6789/0] -- mon_subscribe({osdmap=0}) -- 0x7fad90106dc0 con 0x7fad901088d0
2024-03-18T15:35:23.148 INFO:teuthology.orchestra.run.smithi012.stdout:/usr/bin/ceph: stderr
2024-03-18T15:35:22.263+0000 7fad8cff9700 1 -- 172.21.15.12:0/1029003014 <== mon.0 v2:172.21.15.12:3300/0 4 ==== mgrmap(e 9) ==== 46119+0+0 (secure 0 0 0) 0x7fad84022020 con 0x7fad901088d0
2024-03-18T15:35:23.148 INFO:teuthology.orchestra.run.smithi012.stdout:/usr/bin/ceph: stderr
2024-03-18T15:35:22.263+0000 7fad95c74700 1 -- 172.21.15.12:0/1029003014 --> [v2:172.21.15.12:3300/0,v1:172.21.15.12:6789/0] -- mon_command({"prefix": "get_command_descriptions"} v 0) -- 0x7fad90063900 con 0x7fad901088d0
2024-03-18T15:35:23.148 INFO:teuthology.orchestra.run.smithi012.stdout:/usr/bin/ceph: stderr
2024-03-18T15:35:22.263+0000 7fad8cff9700 1 --2- 172.21.15.12:0/1029003014 >> [v2:172.21.15.12:6800/293148737,v1:172.21.15.12:6801/293148737] conn(0x7fad78038f20 0x7fad7803b3e0 unknown :-1 s=NONE pgs=0 cs=0 l=1 rev1=0 crypto rx=0 tx=0 comp rx=0 tx=0).connect
2024-03-18T15:35:23.148 INFO:teuthology.orchestra.run.smithi012.stdout:/usr/bin/ceph: stderr
2024-03-18T15:35:22.263+0000 7fad8cff9700 1 -- 172.21.15.12:0/1029003014 <== mon.0 v2:172.21.15.12:3300/0 5 ==== osd_map(2..2 src has 1..2) ==== 940+0+0 (secure 0 0 0) 0x7fad8404d140 con 0x7fad901088d0
2024-03-18T15:35:23.148 INFO:teuthology.orchestra.run.smithi012.stdout:/usr/bin/ceph: stderr
2024-03-18T15:35:22.263+0000 7fad8effd700 1 -- 172.21.15.12:0/1029003014 >> [v2:172.21.15.12:6800/293148737,v1:172.21.15.12:6801/293148737] conn(0x7fad78038f20 msgr2=0x7fad7803b3e0 unknown :-1 s=STATE_CONNECTING_RE l=1).process reconnect failed to v2:172.21.15.12:6800/293148737
2024-03-18T15:35:23.148 INFO:teuthology.orchestra.run.smithi012.stdout:/usr/bin/ceph: stderr
2024-03-18T15:35:22.263+0000 7fad8effd700 1 --2- 172.21.15.12:0/1029003014 >> [v2:172.21.15.12:6800/293148737,v1:172.21.15.12:6801/293148737] conn(0x7fad78038f20 0x7fad7803b3e0 unknown :-1 s=START_CONNECT pgs=0 cs=0 l=1 rev1=0 crypto rx=0 tx=0 comp rx=0 tx=0)._fault waiting 0.200000
2024-03-18T15:35:23.148 INFO:teuthology.orchestra.run.smithi012.stdout:/usr/bin/ceph: stderr
2024-03-18T15:35:22.268+0000 7fad8cff9700 1 -- 172.21.15.12:0/1029003014 <== mon.0 v2:172.21.15.12:3300/0 6 ==== mon_command_ack([{"prefix": "get_command_descriptions"}]=0 v0) ==== 72+0+186149 (secure 0 0 0) 0x7fad8402c350 con 0x7fad901088d0
2024-03-18T15:35:23.148 INFO:teuthology.orchestra.run.smithi012.stdout:/usr/bin/ceph: stderr
2024-03-18T15:35:22.464+0000 7fad8effd700 1 -- 172.21.15.12:0/1029003014 >> [v2:172.21.15.12:6800/293148737,v1:172.21.15.12:6801/293148737] conn(0x7fad78038f20 msgr2=0x7fad7803b3e0 unknown :-1 s=STATE_CONNECTING_RE l=1).process reconnect failed to v2:172.21.15.12:6800/293148737
2024-03-18T15:35:23.148 INFO:teuthology.orchestra.run.smithi012.stdout:/usr/bin/ceph: stderr
2024-03-18T15:35:22.464+0000 7fad8effd700 1 --2- 172.21.15.12:0/1029003014 >> [v2:172.21.15.12:6800/293148737,v1:172.21.15.12:6801/293148737] conn(0x7fad78038f20 0x7fad7803b3e0 unknown :-1 s=START_CONNECT pgs=0 cs=0 l=1 rev1=0 crypto rx=0 tx=0 comp rx=0 tx=0)._fault waiting 0.400000
2024-03-18T15:35:23.148 INFO:teuthology.orchestra.run.smithi012.stdout:/usr/bin/ceph: stderr
2024-03-18T15:35:22.536+0000 7fad95c74700 1 -- 172.21.15.12:0/1029003014 --> [v2:172.21.15.12:3300/0,v1:172.21.15.12:6789/0] -- mon_command({"prefix": "mgr stat"} v 0) -- 0x7fad90107100 con 0x7fad901088d0
2024-03-18T15:35:23.148 INFO:teuthology.orchestra.run.smithi012.stdout:/usr/bin/ceph: stderr
2024-03-18T15:35:22.537+0000 7fad8cff9700 1 -- 172.21.15.12:0/1029003014 <== mon.0 v2:172.21.15.12:3300/0 7 ==== mon_command_ack([{"prefix": "mgr stat"}]=0 v9) ==== 56+0+88 (secure 0 0 0) 0x7fad90107100 con 0x7fad901088d0
2024-03-18T15:35:23.149 INFO:teuthology.orchestra.run.smithi012.stdout:/usr/bin/ceph: stderr
2024-03-18T15:35:22.539+0000 7fad95c74700 1 -- 172.21.15.12:0/1029003014 >> [v2:172.21.15.12:6800/293148737,v1:172.21.15.12:6801/293148737] conn(0x7fad78038f20 msgr2=0x7fad7803b3e0 unknown :-1 s=STATE_CONNECTING l=1).mark_down
2024-03-18T15:35:23.149 INFO:teuthology.orchestra.run.smithi012.stdout:/usr/bin/ceph: stderr
2024-03-18T15:35:22.539+0000 7fad95c74700 1 --2- 172.21.15.12:0/1029003014 >> [v2:172.21.15.12:6800/293148737,v1:172.21.15.12:6801/293148737] conn(0x7fad78038f20 0x7fad7803b3e0 unknown :-1 s=START_CONNECT pgs=0 cs=0 l=1 rev1=0 crypto rx=0 tx=0 comp rx=0 tx=0).stop
2024-03-18T15:35:23.149 INFO:teuthology.orchestra.run.smithi012.stdout:/usr/bin/ceph: stderr
2024-03-18T15:35:22.539+0000 7fad95c74700 1 -- 172.21.15.12:0/1029003014 >> [v2:172.21.15.12:3300/0,v1:172.21.15.12:6789/0] conn(0x7fad901088d0 msgr2=0x7fad90108150 secure :-1 s=STATE_CONNECTION_ESTABLISHED l=1).mark_down
2024-03-18T15:35:23.149 INFO:teuthology.orchestra.run.smithi012.stdout:/usr/bin/ceph: stderr
2024-03-18T15:35:22.539+0000 7fad95c74700 1 --2- 172.21.15.12:0/1029003014 >> [v2:172.21.15.12:3300/0,v1:172.21.15.12:6789/0] conn(0x7fad901088d0 0x7fad90108150 secure :-1 s=READY pgs=60 cs=0 l=1 rev1=1 crypto rx=0x7fad840118b0 tx=0x7fad840046a0 comp rx=0 tx=0).stop
2024-03-18T15:35:23.149 INFO:teuthology.orchestra.run.smithi012.stdout:/usr/bin/ceph: stderr
2024-03-18T15:35:22.539+0000 7fad95c74700 1 -- 172.21.15.12:0/1029003014 shutdown_connections
2024-03-18T15:35:23.149 INFO:teuthology.orchestra.run.smithi012.stdout:/usr/bin/ceph: stderr
2024-03-18T15:35:22.539+0000 7fad95c74700 1 --2- 172.21.15.12:0/1029003014 >> [v2:172.21.15.12:6800/293148737,v1:172.21.15.12:6801/293148737] conn(0x7fad78038f20 0x7fad7803b3e0 unknown :-1 s=CLOSED pgs=0 cs=0 l=1 rev1=0 crypto rx=0 tx=0 comp rx=0 tx=0).stop
2024-03-18T15:35:23.149 INFO:teuthology.orchestra.run.smithi012.stdout:/usr/bin/ceph: stderr
2024-03-18T15:35:22.539+0000 7fad95c74700 1 --2- 172.21.15.12:0/1029003014 >> [v2:172.21.15.12:3300/0,v1:172.21.15.12:6789/0] conn(0x7fad901088d0 0x7fad90108150 unknown :-1 s=CLOSED pgs=60 cs=0 l=1 rev1=1 crypto rx=0 tx=0 comp rx=0 tx=0).stop
2024-03-18T15:35:23.149 INFO:teuthology.orchestra.run.smithi012.stdout:/usr/bin/ceph: stderr
2024-03-18T15:35:22.539+0000 7fad95c74700 1 -- 172.21.15.12:0/1029003014 >> 172.21.15.12:0/1029003014 conn(0x7fad90102300 msgr2=0x7fad90102e50 unknown :-1 s=STATE_NONE l=0).mark_down
2024-03-18T15:35:23.149 INFO:teuthology.orchestra.run.smithi012.stdout:/usr/bin/ceph: stderr
2024-03-18T15:35:22.539+0000 7fad95c74700 1 -- 172.21.15.12:0/1029003014 shutdown_connections
2024-03-18T15:35:23.149 INFO:teuthology.orchestra.run.smithi012.stdout:/usr/bin/ceph: stderr
2024-03-18T15:35:22.539+0000 7fad95c74700 1 -- 172.21.15.12:0/1029003014 wait complete.
2024-03-18T15:35:23.149 INFO:teuthology.orchestra.run.smithi012.stdout:Waiting for the mgr to restart...
2024-03-18T15:35:23.149 INFO:teuthology.orchestra.run.smithi012.stdout:Waiting for mgr epoch 9...
2024-03-18T15:35:23.311 INFO:journalctl@ceph.mgr.x.smithi012.stdout:Mar 18 15:35:23 smithi012 ceph-d0f23b44-e53c-11ee-95c9-87774f69a715-mgr-x[32165]:
2024-03-18T15:35:23.123+0000 7f21e3968200 -1 mgr[py] Module pg_autoscaler has missing NOTIFY_TYPES member
2024-03-18T15:35:23.312 INFO:journalctl@ceph.mgr.x.smithi012.stdout:Mar 18 15:35:23 smithi012 ceph-d0f23b44-e53c-11ee-95c9-87774f69a715-mgr-x[32165]:
2024-03-18T15:35:23.310+0000 7f21e3968200 -1 mgr[py] Module devicehealth has missing NOTIFY_TYPES member
2024-03-18T15:35:24.521 INFO:journalctl@ceph.mgr.x.smithi012.stdout:Mar 18 15:35:24 smithi012 ceph-d0f23b44-e53c-11ee-95c9-87774f69a715-mgr-x[32165]:
2024-03-18T15:35:24.299+0000 7f21e3968200 -1 mgr[py] Module rook has missing NOTIFY_TYPES member
2024-03-18T15:35:24.521 INFO:journalctl@ceph.mgr.x.smithi012.stdout:Mar 18 15:35:24 smithi012 ceph-d0f23b44-e53c-11ee-95c9-87774f69a715-mgr-x[32165]:
2024-03-18T15:35:24.432+0000 7f21e3968200 -1 mgr[py] Module diskprediction_local has missing NOTIFY_TYPES member
2024-03-18T15:35:25.069 INFO:journalctl@ceph.mgr.x.smithi012.stdout:Mar 18 15:35:24 smithi012 ceph-d0f23b44-e53c-11ee-95c9-87774f69a715-mgr-x[32165]:
2024-03-18T15:35:24.770+0000 7f21e3968200 -1 mgr[py] Module selftest has missing NOTIFY_TYPES member
2024-03-18T15:35:25.069 INFO:journalctl@ceph.mgr.x.smithi012.stdout:Mar 18 15:35:24 smithi012 ceph-d0f23b44-e53c-11ee-95c9-87774f69a715-mgr-x[32165]:
2024-03-18T15:35:24.865+0000 7f21e3968200 -1 mgr[py] Module telegraf has missing NOTIFY_TYPES member
2024-03-18T15:35:25.069 INFO:journalctl@ceph.mgr.x.smithi012.stdout:Mar 18 15:35:25 smithi012 ceph-d0f23b44-e53c-11ee-95c9-87774f69a715-mgr-x[32165]:
2024-03-18T15:35:25.068+0000 7f21e3968200 -1 mgr[py] Module test_orchestrator has missing NOTIFY_TYPES member
2024-03-18T15:35:25.460 INFO:journalctl@ceph.mgr.x.smithi012.stdout:Mar 18 15:35:25 smithi012 ceph-d0f23b44-e53c-11ee-95c9-87774f69a715-mgr-x[32165]:
2024-03-18T15:35:25.258+0000 7f21e3968200 -1 mgr[py] Module crash has missing NOTIFY_TYPES member
2024-03-18T15:35:25.770 INFO:journalctl@ceph.mgr.x.smithi012.stdout:Mar 18 15:35:25 smithi012 ceph-d0f23b44-e53c-11ee-95c9-87774f69a715-mgr-x[32165]:
2024-03-18T15:35:25.555+0000 7f21e3968200 -1 mgr[py] Module orchestrator has missing NOTIFY_TYPES member
2024-03-18T15:35:26.271 INFO:journalctl@ceph.mgr.x.smithi012.stdout:Mar 18 15:35:25 smithi012 ceph-d0f23b44-e53c-11ee-95c9-87774f69a715-mgr-x[32165]:
2024-03-18T15:35:25.816+0000 7f21e3968200 -1 mgr[py] Module osd_support has missing NOTIFY_TYPES member
2024-03-18T15:35:26.271 INFO:journalctl@ceph.mgr.x.smithi012.stdout:Mar 18 15:35:26 smithi012 ceph-d0f23b44-e53c-11ee-95c9-87774f69a715-mgr-x[32165]:
2024-03-18T15:35:26.060+0000 7f21e3968200 -1 mgr[py] Module volumes has missing NOTIFY_TYPES member
2024-03-18T15:35:27.271 INFO:journalctl@ceph.mgr.x.smithi012.stdout:Mar 18 15:35:26 smithi012 ceph-d0f23b44-e53c-11ee-95c9-87774f69a715-mgr-x[32165]:
2024-03-18T15:35:26.886+0000 7f21e3968200 -1 mgr[py] Module telemetry has missing NOTIFY_TYPES member
2024-03-18T15:35:27.771 INFO:journalctl@ceph.mgr.x.smithi012.stdout:Mar 18 15:35:27 smithi012 ceph-d0f23b44-e53c-11ee-95c9-87774f69a715-mgr-x[32165]:
2024-03-18T15:35:27.467+0000 7f21e3968200 -1 mgr[py] Module prometheus has missing NOTIFY_TYPES member
2024-03-18T15:35:27.771 INFO:journalctl@ceph.mgr.x.smithi012.stdout:Mar 18 15:35:27 smithi012 ceph-d0f23b44-e53c-11ee-95c9-87774f69a715-mgr-x[32165]:
2024-03-18T15:35:27.568+0000 7f21e3968200 -1 mgr[py] Module status has missing NOTIFY_TYPES member
2024-03-18T15:35:28.271 INFO:journalctl@ceph.mgr.x.smithi012.stdout:Mar 18 15:35:27 smithi012 ceph-d0f23b44-e53c-11ee-95c9-87774f69a715-mgr-x[32165]:
2024-03-18T15:35:27.794+0000 7f21e3968200 -1 mgr[py] Module nfs has missing NOTIFY_TYPES member
2024-03-18T15:35:28.271 INFO:journalctl@ceph.mon.a.smithi012.stdout:Mar 18 15:35:27 smithi012 ceph-mon[31934]: Active manager daemon x restarted
2024-03-18T15:35:28.271 INFO:journalctl@ceph.mon.a.smithi012.stdout:Mar 18 15:35:27 smithi012 ceph-mon[31934]: Activating manager daemon x
2024-03-18T15:35:28.271 INFO:journalctl@ceph.mon.a.smithi012.stdout:Mar 18 15:35:27 smithi012 ceph-mon[31934]: osdmap e3: 0 total, 0 up, 0 in
2024-03-18T15:35:28.271 INFO:journalctl@ceph.mon.a.smithi012.stdout:Mar 18 15:35:27 smithi012 ceph-mon[31934]: mgrmap e10: x(active, starting, since 0.0031377s)
2024-03-18T15:35:28.271 INFO:journalctl@ceph.mon.a.smithi012.stdout:Mar 18 15:35:27 smithi012 ceph-mon[31934]: from='mgr.14152 172.21.15.12:0/3682114645' entity='mgr.x' cmd=[{"prefix": "mon metadata", "id": "a"}]: dispatch
2024-03-18T15:35:28.271 INFO:journalctl@ceph.mon.a.smithi012.stdout:Mar 18 15:35:27 smithi012 ceph-mon[31934]: from='mgr.14152 172.21.15.12:0/3682114645' entity='mgr.x' cmd=[{"prefix": "mgr metadata", "who": "x", "id": "x"}]: dispatch
2024-03-18T15:35:28.271 INFO:journalctl@ceph.mon.a.smithi012.stdout:Mar 18 15:35:27 smithi012 ceph-mon[31934]: from='mgr.14152 172.21.15.12:0/3682114645' entity='mgr.x' cmd=[{"prefix": "mds metadata"}]: dispatch
