2024-03-18T15:35:12.694+0000 7f152f59e700 1 --2- >> [v2:172.21.15.12:3300/0,v1:172.21.15.12:6789/0] conn(0x7f1530106b50 0x7f153019bcb0 unknown :-1 s=NONE pgs=0 cs=0 l=1 rev1=0 crypto rx=0 tx=0 comp rx=0 tx=0).connect
2024-03-18T15:35:13.561 INFO:teuthology.orchestra.run.smithi012.stdout:/usr/bin/ceph: stderr
2024-03-18T15:35:12.694+0000 7f152f59e700 1 -- --> [v2:172.21.15.12:3300/0,v1:172.21.15.12:6789/0] -- mon_getmap magic: 0 -- 0x7f153010b100 con 0x7f1530106b50
2024-03-18T15:35:13.562 INFO:teuthology.orchestra.run.smithi012.stdout:/usr/bin/ceph: stderr
2024-03-18T15:35:12.694+0000 7f152e59c700 1 --2- >> [v2:172.21.15.12:3300/0,v1:172.21.15.12:6789/0] conn(0x7f1530106b50 0x7f153019bcb0 unknown :-1 s=BANNER_CONNECTING pgs=0 cs=0 l=1 rev1=0 crypto rx=0 tx=0 comp rx=0 tx=0)._handle_peer_banner_payload supported=3 required=0
2024-03-18T15:35:13.562 INFO:teuthology.orchestra.run.smithi012.stdout:/usr/bin/ceph: stderr
2024-03-18T15:35:12.694+0000 7f152e59c700 1 --2- >> [v2:172.21.15.12:3300/0,v1:172.21.15.12:6789/0] conn(0x7f1530106b50 0x7f153019bcb0 unknown :-1 s=HELLO_CONNECTING pgs=0 cs=0 l=1 rev1=1 crypto rx=0 tx=0 comp rx=0 tx=0).handle_hello peer v2:172.21.15.12:3300/0 says I am v2:172.21.15.12:44816/0 (socket says 172.21.15.12:44816)
2024-03-18T15:35:13.562 INFO:teuthology.orchestra.run.smithi012.stdout:/usr/bin/ceph: stderr
2024-03-18T15:35:12.694+0000 7f152e59c700 1 -- 172.21.15.12:0/1891958271 learned_addr learned my addr 172.21.15.12:0/1891958271 (peer_addr_for_me v2:172.21.15.12:0/0)
2024-03-18T15:35:13.562 INFO:teuthology.orchestra.run.smithi012.stdout:/usr/bin/ceph: stderr
2024-03-18T15:35:12.694+0000 7f152e59c700 1 -- 172.21.15.12:0/1891958271 --> [v2:172.21.15.12:3300/0,v1:172.21.15.12:6789/0] -- mon_subscribe({config=0+,monmap=0+}) -- 0x7f153019c1f0 con 0x7f1530106b50
2024-03-18T15:35:13.562 INFO:teuthology.orchestra.run.smithi012.stdout:/usr/bin/ceph: stderr
2024-03-18T15:35:12.695+0000 7f152e59c700 1 --2- 172.21.15.12:0/1891958271 >> [v2:172.21.15.12:3300/0,v1:172.21.15.12:6789/0] conn(0x7f1530106b50 0x7f153019bcb0 secure :-1 s=READY pgs=48 cs=0 l=1 rev1=1 crypto rx=0x7f15200118c0 tx=0x7f1520011c80 comp rx=0 tx=0).ready entity=mon.0 client_cookie=0 server_cookie=0 in_seq=0 out_seq=0
2024-03-18T15:35:13.562 INFO:teuthology.orchestra.run.smithi012.stdout:/usr/bin/ceph: stderr
2024-03-18T15:35:12.695+0000 7f151f7fe700 1 -- 172.21.15.12:0/1891958271 <== mon.0 v2:172.21.15.12:3300/0 1 ==== mon_map magic: 0 ==== 205+0+0 (secure 0 0 0) 0x7f15200039e0 con 0x7f1530106b50
2024-03-18T15:35:13.562 INFO:teuthology.orchestra.run.smithi012.stdout:/usr/bin/ceph: stderr
2024-03-18T15:35:12.695+0000 7f152f59e700 1 -- 172.21.15.12:0/1891958271 --> [v2:172.21.15.12:3300/0,v1:172.21.15.12:6789/0] -- mon_subscribe({mgrmap=0+}) -- 0x7f153019c480 con 0x7f1530106b50
2024-03-18T15:35:13.562 INFO:teuthology.orchestra.run.smithi012.stdout:/usr/bin/ceph: stderr
2024-03-18T15:35:12.695+0000 7f151f7fe700 1 -- 172.21.15.12:0/1891958271 <== mon.0 v2:172.21.15.12:3300/0 2 ==== config(28 keys) ==== 1140+0+0 (secure 0 0 0) 0x7f1520003b80 con 0x7f1530106b50
2024-03-18T15:35:13.562 INFO:teuthology.orchestra.run.smithi012.stdout:/usr/bin/ceph: stderr
2024-03-18T15:35:12.695+0000 7f151f7fe700 1 -- 172.21.15.12:0/1891958271 <== mon.0 v2:172.21.15.12:3300/0 3 ==== mon_map magic: 0 ==== 205+0+0 (secure 0 0 0) 0x7f15200247d0 con 0x7f1530106b50
2024-03-18T15:35:13.562 INFO:teuthology.orchestra.run.smithi012.stdout:/usr/bin/ceph: stderr
2024-03-18T15:35:12.695+0000 7f152f59e700 1 -- 172.21.15.12:0/1891958271 --> [v2:172.21.15.12:3300/0,v1:172.21.15.12:6789/0] -- mon_subscribe({osdmap=0}) -- 0x7f153019f170 con 0x7f1530106b50
2024-03-18T15:35:13.562 INFO:teuthology.orchestra.run.smithi012.stdout:/usr/bin/ceph: stderr
2024-03-18T15:35:12.696+0000 7f151f7fe700 1 -- 172.21.15.12:0/1891958271 <== mon.0 v2:172.21.15.12:3300/0 4 ==== mgrmap(e 8) ==== 46106+0+0 (secure 0 0 0) 0x7f1520022020 con 0x7f1530106b50
2024-03-18T15:35:13.562 INFO:teuthology.orchestra.run.smithi012.stdout:/usr/bin/ceph: stderr
2024-03-18T15:35:12.696+0000 7f151f7fe700 1 --2- 172.21.15.12:0/1891958271 >> [v2:172.21.15.12:6800/293148737,v1:172.21.15.12:6801/293148737] conn(0x7f1518038ed0 0x7f151803b390 unknown :-1 s=NONE pgs=0 cs=0 l=1 rev1=0 crypto rx=0 tx=0 comp rx=0 tx=0).connect
2024-03-18T15:35:13.562 INFO:teuthology.orchestra.run.smithi012.stdout:/usr/bin/ceph: stderr
2024-03-18T15:35:12.696+0000 7f151f7fe700 1 -- 172.21.15.12:0/1891958271 <== mon.0 v2:172.21.15.12:3300/0 5 ==== osd_map(2..2 src has 1..2) ==== 940+0+0 (secure 0 0 0) 0x7f152004cea0 con 0x7f1530106b50
2024-03-18T15:35:13.562 INFO:teuthology.orchestra.run.smithi012.stdout:/usr/bin/ceph: stderr
2024-03-18T15:35:12.696+0000 7f152f59e700 1 -- 172.21.15.12:0/1891958271 --> [v2:172.21.15.12:3300/0,v1:172.21.15.12:6789/0] -- mon_command({"prefix": "get_command_descriptions"} v 0) -- 0x7f1530063900 con 0x7f1530106b50
2024-03-18T15:35:13.563 INFO:teuthology.orchestra.run.smithi012.stdout:/usr/bin/ceph: stderr
2024-03-18T15:35:12.696+0000 7f152dd9b700 1 --2- 172.21.15.12:0/1891958271 >> [v2:172.21.15.12:6800/293148737,v1:172.21.15.12:6801/293148737] conn(0x7f1518038ed0 0x7f151803b390 unknown :-1 s=BANNER_CONNECTING pgs=0 cs=0 l=1 rev1=0 crypto rx=0 tx=0 comp rx=0 tx=0)._handle_peer_banner_payload supported=3 required=0
2024-03-18T15:35:13.563 INFO:teuthology.orchestra.run.smithi012.stdout:/usr/bin/ceph: stderr
2024-03-18T15:35:12.696+0000 7f152dd9b700 1 --2- 172.21.15.12:0/1891958271 >> [v2:172.21.15.12:6800/293148737,v1:172.21.15.12:6801/293148737] conn(0x7f1518038ed0 0x7f151803b390 secure :-1 s=READY pgs=12 cs=0 l=1 rev1=1 crypto rx=0x7f1524006fd0 tx=0x7f1524006e40 comp rx=0 tx=0).ready entity=mgr.14120 client_cookie=0 server_cookie=0 in_seq=0 out_seq=0
2024-03-18T15:35:13.563 INFO:teuthology.orchestra.run.smithi012.stdout:/usr/bin/ceph: stderr
2024-03-18T15:35:12.701+0000 7f151f7fe700 1 -- 172.21.15.12:0/1891958271 <== mon.0 v2:172.21.15.12:3300/0 6 ==== mon_command_ack([{"prefix": "get_command_descriptions"}]=0 v0) ==== 72+0+186149 (secure 0 0 0) 0x7f1520024ae0 con 0x7f1530106b50
2024-03-18T15:35:13.563 INFO:teuthology.orchestra.run.smithi012.stdout:/usr/bin/ceph: stderr
2024-03-18T15:35:12.923+0000 7f152f59e700 1 -- 172.21.15.12:0/1891958271 --> [v2:172.21.15.12:6800/293148737,v1:172.21.15.12:6801/293148737] -- mgr_command(tid 0: {"prefix": "orch apply", "service_type": "mon", "unmanaged": true, "target": ["mon-mgr", ""]}) -- 0x7f15301033d0 con 0x7f1518038ed0
2024-03-18T15:35:13.563 INFO:teuthology.orchestra.run.smithi012.stdout:/usr/bin/ceph: stderr
2024-03-18T15:35:12.927+0000 7f151f7fe700 1 -- 172.21.15.12:0/1891958271 <== mgr.14120 v2:172.21.15.12:6800/293148737 1 ==== mgr_command_reply(tid 0: 0 ) ==== 8+0+24 (secure 0 0 0) 0x7f15301033d0 con 0x7f1518038ed0
2024-03-18T15:35:13.563 INFO:teuthology.orchestra.run.smithi012.stdout:/usr/bin/ceph: stderr
2024-03-18T15:35:12.930+0000 7f152f59e700 1 -- 172.21.15.12:0/1891958271 >> [v2:172.21.15.12:6800/293148737,v1:172.21.15.12:6801/293148737] conn(0x7f1518038ed0 msgr2=0x7f151803b390 secure :-1 s=STATE_CONNECTION_ESTABLISHED l=1).mark_down
2024-03-18T15:35:13.563 INFO:teuthology.orchestra.run.smithi012.stdout:/usr/bin/ceph: stderr
2024-03-18T15:35:12.930+0000 7f152f59e700 1 --2- 172.21.15.12:0/1891958271 >> [v2:172.21.15.12:6800/293148737,v1:172.21.15.12:6801/293148737] conn(0x7f1518038ed0 0x7f151803b390 secure :-1 s=READY pgs=12 cs=0 l=1 rev1=1 crypto rx=0x7f1524006fd0 tx=0x7f1524006e40 comp rx=0 tx=0).stop
2024-03-18T15:35:13.563 INFO:teuthology.orchestra.run.smithi012.stdout:/usr/bin/ceph: stderr
2024-03-18T15:35:12.930+0000 7f152f59e700 1 -- 172.21.15.12:0/1891958271 >> [v2:172.21.15.12:3300/0,v1:172.21.15.12:6789/0] conn(0x7f1530106b50 msgr2=0x7f153019bcb0 secure :-1 s=STATE_CONNECTION_ESTABLISHED l=1).mark_down
2024-03-18T15:35:13.563 INFO:teuthology.orchestra.run.smithi012.stdout:/usr/bin/ceph: stderr
2024-03-18T15:35:12.930+0000 7f152f59e700 1 --2- 172.21.15.12:0/1891958271 >> [v2:172.21.15.12:3300/0,v1:172.21.15.12:6789/0] conn(0x7f1530106b50 0x7f153019bcb0 secure :-1 s=READY pgs=48 cs=0 l=1 rev1=1 crypto rx=0x7f15200118c0 tx=0x7f1520011c80 comp rx=0 tx=0).stop
2024-03-18T15:35:13.563 INFO:teuthology.orchestra.run.smithi012.stdout:/usr/bin/ceph: stderr
2024-03-18T15:35:12.930+0000 7f152f59e700 1 -- 172.21.15.12:0/1891958271 shutdown_connections
2024-03-18T15:35:13.563 INFO:teuthology.orchestra.run.smithi012.stdout:/usr/bin/ceph: stderr
2024-03-18T15:35:12.930+0000 7f152f59e700 1 --2- 172.21.15.12:0/1891958271 >> [v2:172.21.15.12:6800/293148737,v1:172.21.15.12:6801/293148737] conn(0x7f1518038ed0 0x7f151803b390 unknown :-1 s=CLOSED pgs=12 cs=0 l=1 rev1=1 crypto rx=0 tx=0 comp rx=0 tx=0).stop
2024-03-18T15:35:13.563 INFO:teuthology.orchestra.run.smithi012.stdout:/usr/bin/ceph: stderr
2024-03-18T15:35:12.930+0000 7f152f59e700 1 --2- 172.21.15.12:0/1891958271 >> [v2:172.21.15.12:3300/0,v1:172.21.15.12:6789/0] conn(0x7f1530106b50 0x7f153019bcb0 unknown :-1 s=CLOSED pgs=48 cs=0 l=1 rev1=1 crypto rx=0 tx=0 comp rx=0 tx=0).stop
2024-03-18T15:35:13.563 INFO:teuthology.orchestra.run.smithi012.stdout:/usr/bin/ceph: stderr
2024-03-18T15:35:12.930+0000 7f152f59e700 1 -- 172.21.15.12:0/1891958271 >> 172.21.15.12:0/1891958271 conn(0x7f1530102130 msgr2=0x7f1530102cc0 unknown :-1 s=STATE_NONE l=0).mark_down
2024-03-18T15:35:13.563 INFO:teuthology.orchestra.run.smithi012.stdout:/usr/bin/ceph: stderr
2024-03-18T15:35:12.930+0000 7f152f59e700 1 -- 172.21.15.12:0/1891958271 shutdown_connections
2024-03-18T15:35:13.564 INFO:teuthology.orchestra.run.smithi012.stdout:/usr/bin/ceph: stderr
2024-03-18T15:35:12.930+0000 7f152f59e700 1 -- 172.21.15.12:0/1891958271 wait complete.
2024-03-18T15:35:13.564 INFO:teuthology.orchestra.run.smithi012.stdout:Deploying unmanaged mgr service...
2024-03-18T15:35:14.139 INFO:journalctl@ceph.mon.a.smithi012.stdout:Mar 18 15:35:13 smithi012 ceph-mon[31934]: from='client.14142 -' entity='client.admin' cmd=[{"prefix": "orch apply", "service_type": "mon", "unmanaged": true, "target": ["mon-mgr", ""]}]: dispatch
2024-03-18T15:35:14.139 INFO:journalctl@ceph.mon.a.smithi012.stdout:Mar 18 15:35:13 smithi012 ceph-mon[31934]: Saving service mon spec with placement count:5
2024-03-18T15:35:14.139 INFO:journalctl@ceph.mon.a.smithi012.stdout:Mar 18 15:35:13 smithi012 ceph-mon[31934]: from='mgr.14120 172.21.15.12:0/1205475984' entity='mgr.x'
2024-03-18T15:35:15.030 INFO:teuthology.orchestra.run.smithi012.stdout:/usr/bin/ceph: stdout Scheduled mgr update...
2024-03-18T15:35:15.035 INFO:teuthology.orchestra.run.smithi012.stdout:/usr/bin/ceph: stderr
2024-03-18T15:35:13.974+0000 7fa972835700 1 Processor -- start
2024-03-18T15:35:15.035 INFO:teuthology.orchestra.run.smithi012.stdout:/usr/bin/ceph: stderr
2024-03-18T15:35:13.974+0000 7fa972835700 1 -- start start
2024-03-18T15:35:15.035 INFO:teuthology.orchestra.run.smithi012.stdout:/usr/bin/ceph: stderr
2024-03-18T15:35:13.974+0000 7fa972835700 1 --2- >> [v2:172.21.15.12:3300/0,v1:172.21.15.12:6789/0] conn(0x7fa96c108920 0x7fa96c10ad10 unknown :-1 s=NONE pgs=0 cs=0 l=0 rev1=0 crypto rx=0 tx=0 comp rx=0 tx=0).connect
2024-03-18T15:35:15.036 INFO:teuthology.orchestra.run.smithi012.stdout:/usr/bin/ceph: stderr
2024-03-18T15:35:13.974+0000 7fa972835700 1 -- --> [v2:172.21.15.12:3300/0,v1:172.21.15.12:6789/0] -- mon_getmap magic: 0 -- 0x7fa96c07bdc0 con 0x7fa96c108920
2024-03-18T15:35:15.036 INFO:teuthology.orchestra.run.smithi012.stdout:/usr/bin/ceph: stderr
2024-03-18T15:35:13.974+0000 7fa96bfff700 1 --2- >> [v2:172.21.15.12:3300/0,v1:172.21.15.12:6789/0] conn(0x7fa96c108920 0x7fa96c10ad10 unknown :-1 s=BANNER_CONNECTING pgs=0 cs=0 l=0 rev1=0 crypto rx=0 tx=0 comp rx=0 tx=0)._handle_peer_banner_payload supported=3 required=0
2024-03-18T15:35:15.036 INFO:teuthology.orchestra.run.smithi012.stdout:/usr/bin/ceph: stderr
2024-03-18T15:35:13.974+0000 7fa96bfff700 1 --2- >> [v2:172.21.15.12:3300/0,v1:172.21.15.12:6789/0] conn(0x7fa96c108920 0x7fa96c10ad10 unknown :-1 s=HELLO_CONNECTING pgs=0 cs=0 l=0 rev1=1 crypto rx=0 tx=0 comp rx=0 tx=0).handle_hello peer v2:172.21.15.12:3300/0 says I am v2:172.21.15.12:44820/0 (socket says 172.21.15.12:44820)
2024-03-18T15:35:15.036 INFO:teuthology.orchestra.run.smithi012.stdout:/usr/bin/ceph: stderr
2024-03-18T15:35:13.974+0000 7fa96bfff700 1 -- 172.21.15.12:0/3855685890 learned_addr learned my addr 172.21.15.12:0/3855685890 (peer_addr_for_me v2:172.21.15.12:0/0)
2024-03-18T15:35:15.036 INFO:teuthology.orchestra.run.smithi012.stdout:/usr/bin/ceph: stderr
2024-03-18T15:35:13.974+0000 7fa96bfff700 1 -- 172.21.15.12:0/3855685890 --> [v2:172.21.15.12:3300/0,v1:172.21.15.12:6789/0] -- mon_subscribe({config=0+,monmap=0+}) -- 0x7fa96c10b250 con 0x7fa96c108920
2024-03-18T15:35:15.036 INFO:teuthology.orchestra.run.smithi012.stdout:/usr/bin/ceph: stderr
2024-03-18T15:35:13.975+0000 7fa96bfff700 1 --2- 172.21.15.12:0/3855685890 >> [v2:172.21.15.12:3300/0,v1:172.21.15.12:6789/0] conn(0x7fa96c108920 0x7fa96c10ad10 secure :-1 s=READY pgs=49 cs=0 l=1 rev1=1 crypto rx=0x7fa95c0098a0 tx=0x7fa95c009bb0 comp rx=0 tx=0).ready entity=mon.0 client_cookie=7a50cb23334fa879 server_cookie=0 in_seq=0 out_seq=0
2024-03-18T15:35:15.036 INFO:teuthology.orchestra.run.smithi012.stdout:/usr/bin/ceph: stderr
2024-03-18T15:35:13.975+0000 7fa96affd700 1 -- 172.21.15.12:0/3855685890 <== mon.0 v2:172.21.15.12:3300/0 1 ==== mon_map magic: 0 ==== 205+0+0 (secure 0 0 0) 0x7fa95c004160 con 0x7fa96c108920
2024-03-18T15:35:15.036 INFO:teuthology.orchestra.run.smithi012.stdout:/usr/bin/ceph: stderr
2024-03-18T15:35:13.975+0000 7fa96affd700 1 -- 172.21.15.12:0/3855685890 <== mon.0 v2:172.21.15.12:3300/0 2 ==== config(28 keys) ==== 1140+0+0 (secure 0 0 0) 0x7fa95c004300 con 0x7fa96c108920
2024-03-18T15:35:15.036 INFO:teuthology.orchestra.run.smithi012.stdout:/usr/bin/ceph: stderr
2024-03-18T15:35:13.975+0000 7fa96affd700 1 -- 172.21.15.12:0/3855685890 <== mon.0 v2:172.21.15.12:3300/0 3 ==== mon_map magic: 0 ==== 205+0+0 (secure 0 0 0) 0x7fa95c011c00 con 0x7fa96c108920
2024-03-18T15:35:15.036 INFO:teuthology.orchestra.run.smithi012.stdout:/usr/bin/ceph: stderr
2024-03-18T15:35:13.975+0000 7fa972835700 1 -- 172.21.15.12:0/3855685890 >> [v2:172.21.15.12:3300/0,v1:172.21.15.12:6789/0] conn(0x7fa96c108920 msgr2=0x7fa96c10ad10 secure :-1 s=STATE_CONNECTION_ESTABLISHED l=1).mark_down
2024-03-18T15:35:15.036 INFO:teuthology.orchestra.run.smithi012.stdout:/usr/bin/ceph: stderr
2024-03-18T15:35:13.975+0000 7fa972835700 1 --2- 172.21.15.12:0/3855685890 >> [v2:172.21.15.12:3300/0,v1:172.21.15.12:6789/0] conn(0x7fa96c108920 0x7fa96c10ad10 secure :-1 s=READY pgs=49 cs=0 l=1 rev1=1 crypto rx=0x7fa95c0098a0 tx=0x7fa95c009bb0 comp rx=0 tx=0).stop
2024-03-18T15:35:15.036 INFO:teuthology.orchestra.run.smithi012.stdout:/usr/bin/ceph: stderr
2024-03-18T15:35:13.975+0000 7fa972835700 1 -- 172.21.15.12:0/3855685890 shutdown_connections
2024-03-18T15:35:15.036 INFO:teuthology.orchestra.run.smithi012.stdout:/usr/bin/ceph: stderr
2024-03-18T15:35:13.975+0000 7fa972835700 1 --2- 172.21.15.12:0/3855685890 >> [v2:172.21.15.12:3300/0,v1:172.21.15.12:6789/0] conn(0x7fa96c108920 0x7fa96c10ad10 unknown :-1 s=CLOSED pgs=49 cs=0 l=1 rev1=1 crypto rx=0 tx=0 comp rx=0 tx=0).stop
2024-03-18T15:35:15.036 INFO:teuthology.orchestra.run.smithi012.stdout:/usr/bin/ceph: stderr
2024-03-18T15:35:13.975+0000 7fa972835700 1 -- 172.21.15.12:0/3855685890 >> 172.21.15.12:0/3855685890 conn(0x7fa96c102350 msgr2=0x7fa96c104770 unknown :-1 s=STATE_NONE l=0).mark_down
2024-03-18T15:35:15.036 INFO:teuthology.orchestra.run.smithi012.stdout:/usr/bin/ceph: stderr
2024-03-18T15:35:13.975+0000 7fa972835700 1 -- 172.21.15.12:0/3855685890 shutdown_connections
2024-03-18T15:35:15.037 INFO:teuthology.orchestra.run.smithi012.stdout:/usr/bin/ceph: stderr
2024-03-18T15:35:13.975+0000 7fa972835700 1 -- 172.21.15.12:0/3855685890 wait complete.
2024-03-18T15:35:15.037 INFO:teuthology.orchestra.run.smithi012.stdout:/usr/bin/ceph: stderr
2024-03-18T15:35:13.976+0000 7fa972835700 1 Processor -- start
2024-03-18T15:35:15.037 INFO:teuthology.orchestra.run.smithi012.stdout:/usr/bin/ceph: stderr
2024-03-18T15:35:13.976+0000 7fa972835700 1 -- start start
2024-03-18T15:35:15.037 INFO:teuthology.orchestra.run.smithi012.stdout:/usr/bin/ceph: stderr
2024-03-18T15:35:13.976+0000 7fa972835700 1 --2- >> [v2:172.21.15.12:3300/0,v1:172.21.15.12:6789/0] conn(0x7fa96c108920 0x7fa96c19bdb0 unknown :-1 s=NONE pgs=0 cs=0 l=1 rev1=0 crypto rx=0 tx=0 comp rx=0 tx=0).connect
2024-03-18T15:35:15.037 INFO:teuthology.orchestra.run.smithi012.stdout:/usr/bin/ceph: stderr
2024-03-18T15:35:13.976+0000 7fa972835700 1 -- --> [v2:172.21.15.12:3300/0,v1:172.21.15.12:6789/0] -- mon_getmap magic: 0 -- 0x7fa96c10c200 con 0x7fa96c108920
2024-03-18T15:35:15.037 INFO:teuthology.orchestra.run.smithi012.stdout:/usr/bin/ceph: stderr
2024-03-18T15:35:13.976+0000 7fa96bfff700 1 --2- >> [v2:172.21.15.12:3300/0,v1:172.21.15.12:6789/0] conn(0x7fa96c108920 0x7fa96c19bdb0 unknown :-1 s=BANNER_CONNECTING pgs=0 cs=0 l=1 rev1=0 crypto rx=0 tx=0 comp rx=0 tx=0)._handle_peer_banner_payload supported=3 required=0
2024-03-18T15:35:15.037 INFO:teuthology.orchestra.run.smithi012.stdout:/usr/bin/ceph: stderr
2024-03-18T15:35:13.976+0000 7fa96bfff700 1 --2- >> [v2:172.21.15.12:3300/0,v1:172.21.15.12:6789/0] conn(0x7fa96c108920 0x7fa96c19bdb0 unknown :-1 s=HELLO_CONNECTING pgs=0 cs=0 l=1 rev1=1 crypto rx=0 tx=0 comp rx=0 tx=0).handle_hello peer v2:172.21.15.12:3300/0 says I am v2:172.21.15.12:44826/0 (socket says 172.21.15.12:44826)
2024-03-18T15:35:15.037 INFO:teuthology.orchestra.run.smithi012.stdout:/usr/bin/ceph: stderr
2024-03-18T15:35:13.976+0000 7fa96bfff700 1 -- 172.21.15.12:0/373387620 learned_addr learned my addr 172.21.15.12:0/373387620 (peer_addr_for_me v2:172.21.15.12:0/0)
2024-03-18T15:35:15.037 INFO:teuthology.orchestra.run.smithi012.stdout:/usr/bin/ceph: stderr
2024-03-18T15:35:13.977+0000 7fa96bfff700 1 -- 172.21.15.12:0/373387620 --> [v2:172.21.15.12:3300/0,v1:172.21.15.12:6789/0] -- mon_subscribe({config=0+,monmap=0+}) -- 0x7fa96c19c2f0 con 0x7fa96c108920
2024-03-18T15:35:15.037 INFO:teuthology.orchestra.run.smithi012.stdout:/usr/bin/ceph: stderr
2024-03-18T15:35:13.977+0000 7fa96bfff700 1 --2- 172.21.15.12:0/373387620 >> [v2:172.21.15.12:3300/0,v1:172.21.15.12:6789/0] conn(0x7fa96c108920 0x7fa96c19bdb0 secure :-1 s=READY pgs=50 cs=0 l=1 rev1=1 crypto rx=0x7fa95c0118c0 tx=0x7fa95c0046a0 comp rx=0 tx=0).ready entity=mon.0 client_cookie=0 server_cookie=0 in_seq=0 out_seq=0
2024-03-18T15:35:15.037 INFO:teuthology.orchestra.run.smithi012.stdout:/usr/bin/ceph: stderr
2024-03-18T15:35:13.977+0000 7fa9697fa700 1 -- 172.21.15.12:0/373387620 <== mon.0 v2:172.21.15.12:3300/0 1 ==== mon_map magic: 0 ==== 205+0+0 (secure 0 0 0) 0x7fa95c003b20 con 0x7fa96c108920
2024-03-18T15:35:15.037 INFO:teuthology.orchestra.run.smithi012.stdout:/usr/bin/ceph: stderr
2024-03-18T15:35:13.977+0000 7fa9697fa700 1 -- 172.21.15.12:0/373387620 <== mon.0 v2:172.21.15.12:3300/0 2 ==== config(28 keys) ==== 1140+0+0 (secure 0 0 0) 0x7fa95c003cc0 con 0x7fa96c108920
2024-03-18T15:35:15.037 INFO:teuthology.orchestra.run.smithi012.stdout:/usr/bin/ceph: stderr
2024-03-18T15:35:13.977+0000 7fa972835700 1 -- 172.21.15.12:0/373387620 --> [v2:172.21.15.12:3300/0,v1:172.21.15.12:6789/0] -- mon_subscribe({mgrmap=0+}) -- 0x7fa96c19c580 con 0x7fa96c108920
2024-03-18T15:35:15.037 INFO:teuthology.orchestra.run.smithi012.stdout:/usr/bin/ceph: stderr
2024-03-18T15:35:13.977+0000 7fa9697fa700 1 -- 172.21.15.12:0/373387620 <== mon.0 v2:172.21.15.12:3300/0 3 ==== mon_map magic: 0 ==== 205+0+0 (secure 0 0 0) 0x7fa95c024970 con 0x7fa96c108920
2024-03-18T15:35:15.037 INFO:teuthology.orchestra.run.smithi012.stdout:/usr/bin/ceph: stderr
2024-03-18T15:35:13.977+0000 7fa972835700 1 -- 172.21.15.12:0/373387620 --> [v2:172.21.15.12:3300/0,v1:172.21.15.12:6789/0] -- mon_subscribe({osdmap=0}) -- 0x7fa96c19f270 con 0x7fa96c108920
2024-03-18T15:35:15.037 INFO:teuthology.orchestra.run.smithi012.stdout:/usr/bin/ceph: stderr
2024-03-18T15:35:13.978+0000 7fa9697fa700 1 -- 172.21.15.12:0/373387620 <== mon.0 v2:172.21.15.12:3300/0 4 ==== mgrmap(e 8) ==== 46106+0+0 (secure 0 0 0) 0x7fa95c022020 con 0x7fa96c108920
2024-03-18T15:35:15.038 INFO:teuthology.orchestra.run.smithi012.stdout:/usr/bin/ceph: stderr
2024-03-18T15:35:13.978+0000 7fa9697fa700 1 --2- 172.21.15.12:0/373387620 >> [v2:172.21.15.12:6800/293148737,v1:172.21.15.12:6801/293148737] conn(0x7fa954038f20 0x7fa95403b3e0 unknown :-1 s=NONE pgs=0 cs=0 l=1 rev1=0 crypto rx=0 tx=0 comp rx=0 tx=0).connect
2024-03-18T15:35:15.038 INFO:teuthology.orchestra.run.smithi012.stdout:/usr/bin/ceph: stderr
2024-03-18T15:35:13.978+0000 7fa9697fa700 1 -- 172.21.15.12:0/373387620 <== mon.0 v2:172.21.15.12:3300/0 5 ==== osd_map(2..2 src has 1..2) ==== 940+0+0 (secure 0 0 0) 0x7fa95c04d320 con 0x7fa96c108920
2024-03-18T15:35:15.038 INFO:teuthology.orchestra.run.smithi012.stdout:/usr/bin/ceph: stderr
2024-03-18T15:35:13.978+0000 7fa972835700 1 -- 172.21.15.12:0/373387620 --> [v2:172.21.15.12:3300/0,v1:172.21.15.12:6789/0] -- mon_command({"prefix": "get_command_descriptions"} v 0) -- 0x7fa96c063900 con 0x7fa96c108920
2024-03-18T15:35:15.038 INFO:teuthology.orchestra.run.smithi012.stdout:/usr/bin/ceph: stderr
2024-03-18T15:35:13.978+0000 7fa96b7fe700 1 --2- 172.21.15.12:0/373387620 >> [v2:172.21.15.12:6800/293148737,v1:172.21.15.12:6801/293148737] conn(0x7fa954038f20 0x7fa95403b3e0 unknown :-1 s=BANNER_CONNECTING pgs=0 cs=0 l=1 rev1=0 crypto rx=0 tx=0 comp rx=0 tx=0)._handle_peer_banner_payload supported=3 required=0
2024-03-18T15:35:15.038 INFO:teuthology.orchestra.run.smithi012.stdout:/usr/bin/ceph: stderr
2024-03-18T15:35:13.978+0000 7fa96b7fe700 1 --2- 172.21.15.12:0/373387620 >> [v2:172.21.15.12:6800/293148737,v1:172.21.15.12:6801/293148737] conn(0x7fa954038f20 0x7fa95403b3e0 secure :-1 s=READY pgs=13 cs=0 l=1 rev1=1 crypto rx=0x7fa960006fd0 tx=0x7fa960006e40 comp rx=0 tx=0).ready entity=mgr.14120 client_cookie=0 server_cookie=0 in_seq=0 out_seq=0
2024-03-18T15:35:15.038 INFO:teuthology.orchestra.run.smithi012.stdout:/usr/bin/ceph: stderr
2024-03-18T15:35:13.983+0000 7fa9697fa700 1 -- 172.21.15.12:0/373387620 <== mon.0 v2:172.21.15.12:3300/0 6 ==== mon_command_ack([{"prefix": "get_command_descriptions"}]=0 v0) ==== 72+0+186149 (secure 0 0 0) 0x7fa95c02c350 con 0x7fa96c108920
2024-03-18T15:35:15.038 INFO:teuthology.orchestra.run.smithi012.stdout:/usr/bin/ceph: stderr
2024-03-18T15:35:14.208+0000 7fa972835700 1 -- 172.21.15.12:0/373387620 --> [v2:172.21.15.12:6800/293148737,v1:172.21.15.12:6801/293148737] -- mgr_command(tid 0: {"prefix": "orch apply", "service_type": "mgr", "unmanaged": true, "target": ["mon-mgr", ""]}) -- 0x7fa96c103590 con 0x7fa954038f20
2024-03-18T15:35:15.038 INFO:teuthology.orchestra.run.smithi012.stdout:/usr/bin/ceph: stderr
2024-03-18T15:35:14.213+0000 7fa9697fa700 1 -- 172.21.15.12:0/373387620 <== mgr.14120 v2:172.21.15.12:6800/293148737 1 ==== mgr_command_reply(tid 0: 0 ) ==== 8+0+24 (secure 0 0 0) 0x7fa96c103590 con 0x7fa954038f20
2024-03-18T15:35:15.038 INFO:teuthology.orchestra.run.smithi012.stdout:/usr/bin/ceph: stderr
2024-03-18T15:35:14.215+0000 7fa972835700 1 -- 172.21.15.12:0/373387620 >> [v2:172.21.15.12:6800/293148737,v1:172.21.15.12:6801/293148737] conn(0x7fa954038f20 msgr2=0x7fa95403b3e0 secure :-1 s=STATE_CONNECTION_ESTABLISHED l=1).mark_down
2024-03-18T15:35:15.038 INFO:teuthology.orchestra.run.smithi012.stdout:/usr/bin/ceph: stderr
2024-03-18T15:35:14.215+0000 7fa972835700 1 --2- 172.21.15.12:0/373387620 >> [v2:172.21.15.12:6800/293148737,v1:172.21.15.12:6801/293148737] conn(0x7fa954038f20 0x7fa95403b3e0 secure :-1 s=READY pgs=13 cs=0 l=1 rev1=1 crypto rx=0x7fa960006fd0 tx=0x7fa960006e40 comp rx=0 tx=0).stop
2024-03-18T15:35:15.038 INFO:teuthology.orchestra.run.smithi012.stdout:/usr/bin/ceph: stderr
2024-03-18T15:35:14.215+0000 7fa972835700 1 -- 172.21.15.12:0/373387620 >> [v2:172.21.15.12:3300/0,v1:172.21.15.12:6789/0] conn(0x7fa96c108920 msgr2=0x7fa96c19bdb0 secure :-1 s=STATE_CONNECTION_ESTABLISHED l=1).mark_down
2024-03-18T15:35:15.038 INFO:teuthology.orchestra.run.smithi012.stdout:/usr/bin/ceph: stderr
2024-03-18T15:35:14.215+0000 7fa972835700 1 --2- 172.21.15.12:0/373387620 >> [v2:172.21.15.12:3300/0,v1:172.21.15.12:6789/0] conn(0x7fa96c108920 0x7fa96c19bdb0 secure :-1 s=READY pgs=50 cs=0 l=1 rev1=1 crypto rx=0x7fa95c0118c0 tx=0x7fa95c0046a0 comp rx=0 tx=0).stop
2024-03-18T15:35:15.038 INFO:teuthology.orchestra.run.smithi012.stdout:/usr/bin/ceph: stderr
2024-03-18T15:35:14.215+0000 7fa972835700 1 -- 172.21.15.12:0/373387620 shutdown_connections
2024-03-18T15:35:15.038 INFO:teuthology.orchestra.run.smithi012.stdout:/usr/bin/ceph: stderr
2024-03-18T15:35:14.215+0000 7fa972835700 1 --2- 172.21.15.12:0/373387620 >> [v2:172.21.15.12:6800/293148737,v1:172.21.15.12:6801/293148737] conn(0x7fa954038f20 0x7fa95403b3e0 unknown :-1 s=CLOSED pgs=13 cs=0 l=1 rev1=1 crypto rx=0 tx=0 comp rx=0 tx=0).stop
2024-03-18T15:35:15.038 INFO:teuthology.orchestra.run.smithi012.stdout:/usr/bin/ceph: stderr
2024-03-18T15:35:14.215+0000 7fa972835700 1 --2- 172.21.15.12:0/373387620 >> [v2:172.21.15.12:3300/0,v1:172.21.15.12:6789/0] conn(0x7fa96c108920 0x7fa96c19bdb0 unknown :-1 s=CLOSED pgs=50 cs=0 l=1 rev1=1 crypto rx=0 tx=0 comp rx=0 tx=0).stop
2024-03-18T15:35:15.039 INFO:teuthology.orchestra.run.smithi012.stdout:/usr/bin/ceph: stderr
2024-03-18T15:35:14.215+0000 7fa972835700 1 -- 172.21.15.12:0/373387620 >> 172.21.15.12:0/373387620 conn(0x7fa96c102350 msgr2=0x7fa96c102e80 unknown :-1 s=STATE_NONE l=0).mark_down
2024-03-18T15:35:15.039 INFO:teuthology.orchestra.run.smithi012.stdout:/usr/bin/ceph: stderr
2024-03-18T15:35:14.215+0000 7fa972835700 1 -- 172.21.15.12:0/373387620 shutdown_connections
2024-03-18T15:35:15.039 INFO:teuthology.orchestra.run.smithi012.stdout:/usr/bin/ceph: stderr
2024-03-18T15:35:14.215+0000 7fa972835700 1 -- 172.21.15.12:0/373387620 wait complete.
2024-03-18T15:35:15.406 INFO:journalctl@ceph.mon.a.smithi012.stdout:Mar 18 15:35:15 smithi012 ceph-mon[31934]: from='client.14144 -' entity='client.admin' cmd=[{"prefix": "orch apply", "service_type": "mgr", "unmanaged": true, "target": ["mon-mgr", ""]}]: dispatch
2024-03-18T15:35:15.406 INFO:journalctl@ceph.mon.a.smithi012.stdout:Mar 18 15:35:15 smithi012 ceph-mon[31934]: Saving service mgr spec with placement count:2
2024-03-18T15:35:15.406 INFO:journalctl@ceph.mon.a.smithi012.stdout:Mar 18 15:35:15 smithi012 ceph-mon[31934]: from='mgr.14120 172.21.15.12:0/1205475984' entity='mgr.x'
2024-03-18T15:35:17.030 INFO:teuthology.orchestra.run.smithi012.stdout:/usr/bin/ceph: stderr
2024-03-18T15:35:15.853+0000 7fbe99b12700 1 Processor -- start
2024-03-18T15:35:17.030 INFO:teuthology.orchestra.run.smithi012.stdout:/usr/bin/ceph: stderr
2024-03-18T15:35:15.853+0000 7fbe99b12700 1 -- start start
2024-03-18T15:35:17.030 INFO:teuthology.orchestra.run.smithi012.stdout:/usr/bin/ceph: stderr
2024-03-18T15:35:15.853+0000 7fbe99b12700 1 --2- >> [v2:172.21.15.12:3300/0,v1:172.21.15.12:6789/0] conn(0x7fbe94107de0 0x7fbe94108200 unknown :-1 s=NONE pgs=0 cs=0 l=0 rev1=0 crypto rx=0 tx=0 comp rx=0 tx=0).connect
2024-03-18T15:35:17.030 INFO:teuthology.orchestra.run.smithi012.stdout:/usr/bin/ceph: stderr
2024-03-18T15:35:15.853+0000 7fbe99b12700 1 -- --> [v2:172.21.15.12:3300/0,v1:172.21.15.12:6789/0] -- mon_getmap magic: 0 -- 0x7fbe941087d0 con 0x7fbe94107de0
2024-03-18T15:35:17.030 INFO:teuthology.orchestra.run.smithi012.stdout:/usr/bin/ceph: stderr
2024-03-18T15:35:15.853+0000 7fbe937fe700 1 --2- >> [v2:172.21.15.12:3300/0,v1:172.21.15.12:6789/0] conn(0x7fbe94107de0 0x7fbe94108200 unknown :-1 s=BANNER_CONNECTING pgs=0 cs=0 l=0 rev1=0 crypto rx=0 tx=0 comp rx=0 tx=0)._handle_peer_banner_payload supported=3 required=0
2024-03-18T15:35:17.031 INFO:teuthology.orchestra.run.smithi012.stdout:/usr/bin/ceph: stderr
2024-03-18T15:35:15.853+0000 7fbe937fe700 1 --2- >> [v2:172.21.15.12:3300/0,v1:172.21.15.12:6789/0] conn(0x7fbe94107de0 0x7fbe94108200 unknown :-1 s=HELLO_CONNECTING pgs=0 cs=0 l=0 rev1=1 crypto rx=0 tx=0 comp rx=0 tx=0).handle_hello peer v2:172.21.15.12:3300/0 says I am v2:172.21.15.12:36998/0 (socket says 172.21.15.12:36998)
2024-03-18T15:35:17.031 INFO:teuthology.orchestra.run.smithi012.stdout:/usr/bin/ceph: stderr
2024-03-18T15:35:15.853+0000 7fbe937fe700 1 -- 172.21.15.12:0/3242041000 learned_addr learned my addr 172.21.15.12:0/3242041000 (peer_addr_for_me v2:172.21.15.12:0/0)
2024-03-18T15:35:17.031 INFO:teuthology.orchestra.run.smithi012.stdout:/usr/bin/ceph: stderr
2024-03-18T15:35:15.854+0000 7fbe937fe700 1 -- 172.21.15.12:0/3242041000 --> [v2:172.21.15.12:3300/0,v1:172.21.15.12:6789/0] -- mon_subscribe({config=0+,monmap=0+}) -- 0x7fbe94108fe0 con 0x7fbe94107de0
2024-03-18T15:35:17.031 INFO:teuthology.orchestra.run.smithi012.stdout:/usr/bin/ceph: stderr
2024-03-18T15:35:15.854+0000 7fbe937fe700 1 --2- 172.21.15.12:0/3242041000 >> [v2:172.21.15.12:3300/0,v1:172.21.15.12:6789/0] conn(0x7fbe94107de0 0x7fbe94108200 secure :-1 s=READY pgs=51 cs=0 l=1 rev1=1 crypto rx=0x7fbe880098a0 tx=0x7fbe88009bb0 comp rx=0 tx=0).ready entity=mon.0 client_cookie=3f8a29e41160ce07 server_cookie=0 in_seq=0 out_seq=0
2024-03-18T15:35:17.031 INFO:teuthology.orchestra.run.smithi012.stdout:/usr/bin/ceph: stderr
2024-03-18T15:35:15.854+0000 7fbe927fc700 1 -- 172.21.15.12:0/3242041000 <== mon.0 v2:172.21.15.12:3300/0 1 ==== mon_map magic: 0 ==== 205+0+0 (secure 0 0 0) 0x7fbe88004160 con 0x7fbe94107de0
2024-03-18T15:35:17.031 INFO:teuthology.orchestra.run.smithi012.stdout:/usr/bin/ceph: stderr
2024-03-18T15:35:15.854+0000 7fbe927fc700 1 -- 172.21.15.12:0/3242041000 <== mon.0 v2:172.21.15.12:3300/0 2 ==== config(28 keys) ==== 1140+0+0 (secure 0 0 0) 0x7fbe88004300 con 0x7fbe94107de0
2024-03-18T15:35:17.031 INFO:teuthology.orchestra.run.smithi012.stdout:/usr/bin/ceph: stderr
2024-03-18T15:35:15.854+0000 7fbe927fc700 1 -- 172.21.15.12:0/3242041000 <== mon.0 v2:172.21.15.12:3300/0 3 ==== mon_map magic: 0 ==== 205+0+0 (secure 0 0 0) 0x7fbe88011c00 con 0x7fbe94107de0
2024-03-18T15:35:17.031 INFO:teuthology.orchestra.run.smithi012.stdout:/usr/bin/ceph: stderr
2024-03-18T15:35:15.855+0000 7fbe99b12700 1 -- 172.21.15.12:0/3242041000 >> [v2:172.21.15.12:3300/0,v1:172.21.15.12:6789/0] conn(0x7fbe94107de0 msgr2=0x7fbe94108200 secure :-1 s=STATE_CONNECTION_ESTABLISHED l=1).mark_down
2024-03-18T15:35:17.031 INFO:teuthology.orchestra.run.smithi012.stdout:/usr/bin/ceph: stderr
2024-03-18T15:35:15.855+0000 7fbe99b12700 1 --2- 172.21.15.12:0/3242041000 >> [v2:172.21.15.12:3300/0,v1:172.21.15.12:6789/0] conn(0x7fbe94107de0 0x7fbe94108200 secure :-1 s=READY pgs=51 cs=0 l=1 rev1=1 crypto rx=0x7fbe880098a0 tx=0x7fbe88009bb0 comp rx=0 tx=0).stop
2024-03-18T15:35:17.031 INFO:teuthology.orchestra.run.smithi012.stdout:/usr/bin/ceph: stderr
2024-03-18T15:35:15.855+0000 7fbe99b12700 1 -- 172.21.15.12:0/3242041000 shutdown_connections
2024-03-18T15:35:17.031 INFO:teuthology.orchestra.run.smithi012.stdout:/usr/bin/ceph: stderr
2024-03-18T15:35:15.855+0000 7fbe99b12700 1 --2- 172.21.15.12:0/3242041000 >> [v2:172.21.15.12:3300/0,v1:172.21.15.12:6789/0] conn(0x7fbe94107de0 0x7fbe94108200 unknown :-1 s=CLOSED pgs=51 cs=0 l=1 rev1=1 crypto rx=0 tx=0 comp rx=0 tx=0).stop
2024-03-18T15:35:17.031 INFO:teuthology.orchestra.run.smithi012.stdout:/usr/bin/ceph: stderr
2024-03-18T15:35:15.855+0000 7fbe99b12700 1 -- 172.21.15.12:0/3242041000 >> 172.21.15.12:0/3242041000 conn(0x7fbe941033c0 msgr2=0x7fbe941057e0 unknown :-1 s=STATE_NONE l=0).mark_down
2024-03-18T15:35:17.031 INFO:teuthology.orchestra.run.smithi012.stdout:/usr/bin/ceph: stderr
2024-03-18T15:35:15.855+0000 7fbe99b12700 1 -- 172.21.15.12:0/3242041000 shutdown_connections
2024-03-18T15:35:17.031 INFO:teuthology.orchestra.run.smithi012.stdout:/usr/bin/ceph: stderr
2024-03-18T15:35:15.855+0000 7fbe99b12700 1 -- 172.21.15.12:0/3242041000 wait complete.
2024-03-18T15:35:17.032 INFO:teuthology.orchestra.run.smithi012.stdout:/usr/bin/ceph: stderr
2024-03-18T15:35:15.855+0000 7fbe99b12700 1 Processor -- start
2024-03-18T15:35:17.032 INFO:teuthology.orchestra.run.smithi012.stdout:/usr/bin/ceph: stderr
2024-03-18T15:35:15.855+0000 7fbe99b12700 1 -- start start
2024-03-18T15:35:17.032 INFO:teuthology.orchestra.run.smithi012.stdout:/usr/bin/ceph: stderr
2024-03-18T15:35:15.856+0000 7fbe99b12700 1 --2- >> [v2:172.21.15.12:3300/0,v1:172.21.15.12:6789/0] conn(0x7fbe94107de0 0x7fbe9419be00 unknown :-1 s=NONE pgs=0 cs=0 l=1 rev1=0 crypto rx=0 tx=0 comp rx=0 tx=0).connect
2024-03-18T15:35:17.032 INFO:teuthology.orchestra.run.smithi012.stdout:/usr/bin/ceph: stderr
2024-03-18T15:35:15.856+0000 7fbe99b12700 1 -- --> [v2:172.21.15.12:3300/0,v1:172.21.15.12:6789/0] -- mon_getmap magic: 0 -- 0x7fbe9410c390 con 0x7fbe94107de0
2024-03-18T15:35:17.032 INFO:teuthology.orchestra.run.smithi012.stdout:/usr/bin/ceph: stderr
2024-03-18T15:35:15.856+0000 7fbe937fe700 1 --2- >> [v2:172.21.15.12:3300/0,v1:172.21.15.12:6789/0] conn(0x7fbe94107de0 0x7fbe9419be00 unknown :-1 s=BANNER_CONNECTING pgs=0 cs=0 l=1 rev1=0 crypto rx=0 tx=0 comp rx=0 tx=0)._handle_peer_banner_payload supported=3 required=0
2024-03-18T15:35:17.032 INFO:teuthology.orchestra.run.smithi012.stdout:/usr/bin/ceph: stderr
2024-03-18T15:35:15.856+0000 7fbe937fe700 1 --2- >> [v2:172.21.15.12:3300/0,v1:172.21.15.12:6789/0] conn(0x7fbe94107de0 0x7fbe9419be00 unknown :-1 s=HELLO_CONNECTING pgs=0 cs=0 l=1 rev1=1 crypto rx=0 tx=0 comp rx=0 tx=0).handle_hello peer v2:172.21.15.12:3300/0 says I am v2:172.21.15.12:37002/0 (socket says 172.21.15.12:37002)
2024-03-18T15:35:17.032 INFO:teuthology.orchestra.run.smithi012.stdout:/usr/bin/ceph: stderr
2024-03-18T15:35:15.856+0000 7fbe937fe700 1 -- 172.21.15.12:0/134967585 learned_addr learned my addr 172.21.15.12:0/134967585 (peer_addr_for_me v2:172.21.15.12:0/0)
2024-03-18T15:35:17.032 INFO:teuthology.orchestra.run.smithi012.stdout:/usr/bin/ceph: stderr
2024-03-18T15:35:15.856+0000 7fbe937fe700 1 -- 172.21.15.12:0/134967585 --> [v2:172.21.15.12:3300/0,v1:172.21.15.12:6789/0] -- mon_subscribe({config=0+,monmap=0+}) -- 0x7fbe9419c340 con 0x7fbe94107de0
2024-03-18T15:35:17.032 INFO:teuthology.orchestra.run.smithi012.stdout:/usr/bin/ceph: stderr
2024-03-18T15:35:15.856+0000 7fbe937fe700 1 --2- 172.21.15.12:0/134967585 >> [v2:172.21.15.12:3300/0,v1:172.21.15.12:6789/0] conn(0x7fbe94107de0 0x7fbe9419be00 secure :-1 s=READY pgs=52 cs=0 l=1 rev1=1 crypto rx=0x7fbe880118c0 tx=0x7fbe88011c80 comp rx=0 tx=0).ready entity=mon.0 client_cookie=0 server_cookie=0 in_seq=0 out_seq=0
2024-03-18T15:35:17.032 INFO:teuthology.orchestra.run.smithi012.stdout:/usr/bin/ceph: stderr
2024-03-18T15:35:15.856+0000 7fbe90ff9700 1 -- 172.21.15.12:0/134967585 <== mon.0 v2:172.21.15.12:3300/0 1 ==== mon_map magic: 0 ==== 205+0+0 (secure 0 0 0) 0x7fbe880039e0 con 0x7fbe94107de0
2024-03-18T15:35:17.032 INFO:teuthology.orchestra.run.smithi012.stdout:/usr/bin/ceph: stderr
2024-03-18T15:35:15.856+0000 7fbe90ff9700 1 -- 172.21.15.12:0/134967585 <== mon.0 v2:172.21.15.12:3300/0 2 ==== config(28 keys) ==== 1140+0+0 (secure 0 0 0) 0x7fbe88003b80 con 0x7fbe94107de0
2024-03-18T15:35:17.032 INFO:teuthology.orchestra.run.smithi012.stdout:/usr/bin/ceph: stderr
2024-03-18T15:35:15.856+0000 7fbe99b12700 1 -- 172.21.15.12:0/134967585 --> [v2:172.21.15.12:3300/0,v1:172.21.15.12:6789/0] -- mon_subscribe({mgrmap=0+}) -- 0x7fbe9419c5d0 con 0x7fbe94107de0
2024-03-18T15:35:17.032 INFO:teuthology.orchestra.run.smithi012.stdout:/usr/bin/ceph: stderr
2024-03-18T15:35:15.856+0000 7fbe90ff9700 1 -- 172.21.15.12:0/134967585 <== mon.0 v2:172.21.15.12:3300/0 3 ==== mon_map magic: 0 ==== 205+0+0 (secure 0 0 0) 0x7fbe880247d0 con 0x7fbe94107de0
2024-03-18T15:35:17.032 INFO:teuthology.orchestra.run.smithi012.stdout:/usr/bin/ceph: stderr
2024-03-18T15:35:15.856+0000 7fbe99b12700 1 -- 172.21.15.12:0/134967585 --> [v2:172.21.15.12:3300/0,v1:172.21.15.12:6789/0] -- mon_subscribe({osdmap=0}) -- 0x7fbe9419f2c0 con 0x7fbe94107de0
2024-03-18T15:35:17.033 INFO:teuthology.orchestra.run.smithi012.stdout:/usr/bin/ceph: stderr
2024-03-18T15:35:15.857+0000 7fbe90ff9700 1 -- 172.21.15.12:0/134967585 <== mon.0 v2:172.21.15.12:3300/0 4 ==== mgrmap(e 8) ==== 46106+0+0 (secure 0 0 0) 0x7fbe88022020 con 0x7fbe94107de0
2024-03-18T15:35:17.033 INFO:teuthology.orchestra.run.smithi012.stdout:/usr/bin/ceph: stderr
2024-03-18T15:35:15.857+0000 7fbe90ff9700 1 --2- 172.21.15.12:0/134967585 >> [v2:172.21.15.12:6800/293148737,v1:172.21.15.12:6801/293148737] conn(0x7fbe7c038f20 0x7fbe7c03b3e0 unknown :-1 s=NONE pgs=0 cs=0 l=1 rev1=0 crypto rx=0 tx=0 comp rx=0 tx=0).connect
2024-03-18T15:35:17.033 INFO:teuthology.orchestra.run.smithi012.stdout:/usr/bin/ceph: stderr
2024-03-18T15:35:15.857+0000 7fbe99b12700 1 -- 172.21.15.12:0/134967585 --> [v2:172.21.15.12:3300/0,v1:172.21.15.12:6789/0] -- mon_command({"prefix": "get_command_descriptions"} v 0) -- 0x7fbe94063900 con 0x7fbe94107de0
2024-03-18T15:35:17.033 INFO:teuthology.orchestra.run.smithi012.stdout:/usr/bin/ceph: stderr
2024-03-18T15:35:15.857+0000 7fbe90ff9700 1 -- 172.21.15.12:0/134967585 <== mon.0 v2:172.21.15.12:3300/0 5 ==== osd_map(2..2 src has 1..2) ==== 940+0+0 (secure 0 0 0) 0x7fbe8804d080 con 0x7fbe94107de0
2024-03-18T15:35:17.033 INFO:teuthology.orchestra.run.smithi012.stdout:/usr/bin/ceph: stderr
2024-03-18T15:35:15.857+0000 7fbe92ffd700 1 --2- 172.21.15.12:0/134967585 >> [v2:172.21.15.12:6800/293148737,v1:172.21.15.12:6801/293148737] conn(0x7fbe7c038f20 0x7fbe7c03b3e0 unknown :-1 s=BANNER_CONNECTING pgs=0 cs=0 l=1 rev1=0 crypto rx=0 tx=0 comp rx=0 tx=0)._handle_peer_banner_payload supported=3 required=0
2024-03-18T15:35:17.033 INFO:teuthology.orchestra.run.smithi012.stdout:/usr/bin/ceph: stderr
2024-03-18T15:35:15.858+0000 7fbe92ffd700 1 --2- 172.21.15.12:0/134967585 >> [v2:172.21.15.12:6800/293148737,v1:172.21.15.12:6801/293148737] conn(0x7fbe7c038f20 0x7fbe7c03b3e0 secure :-1 s=READY pgs=14 cs=0 l=1 rev1=1 crypto rx=0x7fbe84006fd0 tx=0x7fbe84006e40 comp rx=0 tx=0).ready entity=mgr.14120 client_cookie=0 server_cookie=0 in_seq=0 out_seq=0
2024-03-18T15:35:17.033 INFO:teuthology.orchestra.run.smithi012.stdout:/usr/bin/ceph: stderr
2024-03-18T15:35:15.862+0000 7fbe90ff9700 1 -- 172.21.15.12:0/134967585 <== mon.0 v2:172.21.15.12:3300/0 6 ==== mon_command_ack([{"prefix": "get_command_descriptions"}]=0 v0) ==== 72+0+186149 (secure 0 0 0) 0x7fbe8804c9d0 con 0x7fbe94107de0
2024-03-18T15:35:17.033 INFO:teuthology.orchestra.run.smithi012.stdout:/usr/bin/ceph: stderr
2024-03-18T15:35:16.068+0000 7fbe99b12700 1 -- 172.21.15.12:0/134967585 --> [v2:172.21.15.12:3300/0,v1:172.21.15.12:6789/0] -- mon_command([{prefix=config set, name=mgr/cephadm/container_init}] v 0) -- 0x7fbe9419f8e0 con 0x7fbe94107de0
2024-03-18T15:35:17.033 INFO:teuthology.orchestra.run.smithi012.stdout:/usr/bin/ceph: stderr
2024-03-18T15:35:16.071+0000 7fbe90ff9700 1 -- 172.21.15.12:0/134967585 <== mon.0 v2:172.21.15.12:3300/0 7 ==== mon_command_ack([{prefix=config set, name=mgr/cephadm/container_init}]=0 v6)=0 v6) ==== 142+0+0 (secure 0 0 0) 0x7fbe880330d0 con 0x7fbe94107de0
2024-03-18T15:35:17.033 INFO:teuthology.orchestra.run.smithi012.stdout:/usr/bin/ceph: stderr
2024-03-18T15:35:16.073+0000 7fbe99b12700 1 -- 172.21.15.12:0/134967585 >> [v2:172.21.15.12:6800/293148737,v1:172.21.15.12:6801/293148737] conn(0x7fbe7c038f20 msgr2=0x7fbe7c03b3e0 secure :-1 s=STATE_CONNECTION_ESTABLISHED l=1).mark_down
2024-03-18T15:35:17.033 INFO:teuthology.orchestra.run.smithi012.stdout:/usr/bin/ceph: stderr
2024-03-18T15:35:16.073+0000 7fbe99b12700 1 --2- 172.21.15.12:0/134967585 >> [v2:172.21.15.12:6800/293148737,v1:172.21.15.12:6801/293148737] conn(0x7fbe7c038f20 0x7fbe7c03b3e0 secure :-1 s=READY pgs=14 cs=0 l=1 rev1=1 crypto rx=0x7fbe84006fd0 tx=0x7fbe84006e40 comp rx=0 tx=0).stop
2024-03-18T15:35:17.033 INFO:teuthology.orchestra.run.smithi012.stdout:/usr/bin/ceph: stderr
2024-03-18T15:35:16.073+0000 7fbe99b12700 1 -- 172.21.15.12:0/134967585 >> [v2:172.21.15.12:3300/0,v1:172.21.15.12:6789/0] conn(0x7fbe94107de0 msgr2=0x7fbe9419be00 secure :-1 s=STATE_CONNECTION_ESTABLISHED l=1).mark_down
2024-03-18T15:35:17.033 INFO:teuthology.orchestra.run.smithi012.stdout:/usr/bin/ceph: stderr
2024-03-18T15:35:16.073+0000 7fbe99b12700 1 --2- 172.21.15.12:0/134967585 >> [v2:172.21.15.12:3300/0,v1:172.21.15.12:6789/0] conn(0x7fbe94107de0 0x7fbe9419be00 secure :-1 s=READY pgs=52 cs=0 l=1 rev1=1 crypto rx=0x7fbe880118c0 tx=0x7fbe88011c80 comp rx=0 tx=0).stop
2024-03-18T15:35:17.034 INFO:teuthology.orchestra.run.smithi012.stdout:/usr/bin/ceph: stderr
2024-03-18T15:35:16.073+0000 7fbe99b12700 1 -- 172.21.15.12:0/134967585 shutdown_connections
2024-03-18T15:35:17.034 INFO:teuthology.orchestra.run.smithi012.stdout:/usr/bin/ceph: stderr
2024-03-18T15:35:16.073+0000 7fbe99b12700 1 --2- 172.21.15.12:0/134967585 >> [v2:172.21.15.12:6800/293148737,v1:172.21.15.12:6801/293148737] conn(0x7fbe7c038f20 0x7fbe7c03b3e0 unknown :-1 s=CLOSED pgs=14 cs=0 l=1 rev1=1 crypto rx=0 tx=0 comp rx=0 tx=0).stop
2024-03-18T15:35:17.034 INFO:teuthology.orchestra.run.smithi012.stdout:/usr/bin/ceph: stderr
2024-03-18T15:35:16.073+0000 7fbe99b12700 1 --2- 172.21.15.12:0/134967585 >> [v2:172.21.15.12:3300/0,v1:172.21.15.12:6789/0] conn(0x7fbe94107de0 0x7fbe9419be00 unknown :-1 s=CLOSED pgs=52 cs=0 l=1 rev1=1 crypto rx=0 tx=0 comp rx=0 tx=0).stop
2024-03-18T15:35:17.034 INFO:teuthology.orchestra.run.smithi012.stdout:/usr/bin/ceph: stderr
2024-03-18T15:35:16.073+0000 7fbe99b12700 1 -- 172.21.15.12:0/134967585 >> 172.21.15.12:0/134967585 conn(0x7fbe941033c0 msgr2=0x7fbe94103f20 unknown :-1 s=STATE_NONE l=0).mark_down
2024-03-18T15:35:17.034 INFO:teuthology.orchestra.run.smithi012.stdout:/usr/bin/ceph: stderr
2024-03-18T15:35:16.073+0000 7fbe99b12700 1 -- 172.21.15.12:0/134967585 shutdown_connections
2024-03-18T15:35:17.034 INFO:teuthology.orchestra.run.smithi012.stdout:/usr/bin/ceph: stderr
2024-03-18T15:35:16.073+0000 7fbe99b12700 1 -- 172.21.15.12:0/134967585 wait complete.
2024-03-18T15:35:17.290 INFO:journalctl@ceph.mon.a.smithi012.stdout:Mar 18 15:35:17 smithi012 ceph-mon[31934]: from='client.? 172.21.15.12:0/134967585' entity='client.admin'
2024-03-18T15:35:17.290 INFO:journalctl@ceph.mon.a.smithi012.stdout:Mar 18 15:35:17 smithi012 ceph-mon[31934]: from='mgr.14120 172.21.15.12:0/1205475984' entity='mgr.x'
2024-03-18T15:35:18.271 INFO:journalctl@ceph.mon.a.smithi012.stdout:Mar 18 15:35:18 smithi012 ceph-mon[31934]: from='mgr.14120 172.21.15.12:0/1205475984' entity='mgr.x'
2024-03-18T15:35:18.271 INFO:journalctl@ceph.mon.a.smithi012.stdout:Mar 18 15:35:18 smithi012 ceph-mon[31934]: from='client.? 172.21.15.12:0/714273869' entity='client.admin'
2024-03-18T15:35:19.041 INFO:teuthology.orchestra.run.smithi012.stdout:/usr/bin/ceph: stderr
2024-03-18T15:35:17.530+0000 7f42f4756700 1 Processor -- start
2024-03-18T15:35:19.041 INFO:teuthology.orchestra.run.smithi012.stdout:/usr/bin/ceph: stderr
2024-03-18T15:35:17.530+0000 7f42f4756700 1 -- start start
2024-03-18T15:35:19.042 INFO:teuthology.orchestra.run.smithi012.stdout:/usr/bin/ceph: stderr
2024-03-18T15:35:17.531+0000 7f42f4756700 1 --2- >> [v2:172.21.15.12:3300/0,v1:172.21.15.12:6789/0] conn(0x7f42ec108970 0x7f42ec10ad60 unknown :-1 s=NONE pgs=0 cs=0 l=0 rev1=0 crypto rx=0 tx=0 comp rx=0 tx=0).connect
2024-03-18T15:35:19.042 INFO:teuthology.orchestra.run.smithi012.stdout:/usr/bin/ceph: stderr
2024-03-18T15:35:17.531+0000 7f42f4756700 1 -- --> [v2:172.21.15.12:3300/0,v1:172.21.15.12:6789/0] -- mon_getmap magic: 0 -- 0x7f42ec07bd70 con 0x7f42ec108970
2024-03-18T15:35:19.042 INFO:teuthology.orchestra.run.smithi012.stdout:/usr/bin/ceph: stderr
2024-03-18T15:35:17.531+0000 7f42f24f2700 1 --2- >> [v2:172.21.15.12:3300/0,v1:172.21.15.12:6789/0] conn(0x7f42ec108970 0x7f42ec10ad60 unknown :-1 s=BANNER_CONNECTING pgs=0 cs=0 l=0 rev1=0 crypto rx=0 tx=0 comp rx=0 tx=0)._handle_peer_banner_payload supported=3 required=0
2024-03-18T15:35:19.042 INFO:teuthology.orchestra.run.smithi012.stdout:/usr/bin/ceph: stderr
2024-03-18T15:35:17.531+0000 7f42f24f2700 1 --2- >> [v2:172.21.15.12:3300/0,v1:172.21.15.12:6789/0] conn(0x7f42ec108970 0x7f42ec10ad60 unknown :-1 s=HELLO_CONNECTING pgs=0 cs=0 l=0 rev1=1 crypto rx=0 tx=0 comp rx=0 tx=0).handle_hello peer v2:172.21.15.12:3300/0 says I am v2:172.21.15.12:37018/0 (socket says 172.21.15.12:37018)
2024-03-18T15:35:19.042 INFO:teuthology.orchestra.run.smithi012.stdout:/usr/bin/ceph: stderr
2024-03-18T15:35:17.531+0000 7f42f24f2700 1 -- 172.21.15.12:0/2888240463 learned_addr learned my addr 172.21.15.12:0/2888240463 (peer_addr_for_me v2:172.21.15.12:0/0)
2024-03-18T15:35:19.042 INFO:teuthology.orchestra.run.smithi012.stdout:/usr/bin/ceph: stderr
2024-03-18T15:35:17.531+0000 7f42f24f2700 1 -- 172.21.15.12:0/2888240463 --> [v2:172.21.15.12:3300/0,v1:172.21.15.12:6789/0] -- mon_subscribe({config=0+,monmap=0+}) -- 0x7f42ec10b2a0 con 0x7f42ec108970
2024-03-18T15:35:19.042 INFO:teuthology.orchestra.run.smithi012.stdout:/usr/bin/ceph: stderr
2024-03-18T15:35:17.531+0000 7f42f24f2700 1 --2- 172.21.15.12:0/2888240463 >> [v2:172.21.15.12:3300/0,v1:172.21.15.12:6789/0] conn(0x7f42ec108970 0x7f42ec10ad60 secure :-1 s=READY pgs=53 cs=0 l=1 rev1=1 crypto rx=0x7f42e80098a0 tx=0x7f42e8009bb0 comp rx=0 tx=0).ready entity=mon.0 client_cookie=ce9fdd15885b4d26 server_cookie=0 in_seq=0 out_seq=0
2024-03-18T15:35:19.042 INFO:teuthology.orchestra.run.smithi012.stdout:/usr/bin/ceph: stderr
2024-03-18T15:35:17.531+0000 7f42f14f0700 1 -- 172.21.15.12:0/2888240463 <== mon.0 v2:172.21.15.12:3300/0 1 ==== mon_map magic: 0 ==== 205+0+0 (secure 0 0 0) 0x7f42e8004160 con 0x7f42ec108970
2024-03-18T15:35:19.042 INFO:teuthology.orchestra.run.smithi012.stdout:/usr/bin/ceph: stderr
2024-03-18T15:35:17.532+0000 7f42f14f0700 1 -- 172.21.15.12:0/2888240463 <== mon.0 v2:172.21.15.12:3300/0 2 ==== config(28 keys) ==== 1171+0+0 (secure 0 0 0) 0x7f42e8004300 con 0x7f42ec108970
2024-03-18T15:35:19.042 INFO:teuthology.orchestra.run.smithi012.stdout:/usr/bin/ceph: stderr
2024-03-18T15:35:17.532+0000 7f42f14f0700 1 -- 172.21.15.12:0/2888240463 <== mon.0 v2:172.21.15.12:3300/0 3 ==== mon_map magic: 0 ==== 205+0+0 (secure 0 0 0) 0x7f42e8011bb0 con 0x7f42ec108970
2024-03-18T15:35:19.042 INFO:teuthology.orchestra.run.smithi012.stdout:/usr/bin/ceph: stderr
2024-03-18T15:35:17.532+0000 7f42f4756700 1 -- 172.21.15.12:0/2888240463 >> [v2:172.21.15.12:3300/0,v1:172.21.15.12:6789/0] conn(0x7f42ec108970 msgr2=0x7f42ec10ad60 secure :-1 s=STATE_CONNECTION_ESTABLISHED l=1).mark_down
2024-03-18T15:35:19.042 INFO:teuthology.orchestra.run.smithi012.stdout:/usr/bin/ceph: stderr
2024-03-18T15:35:17.532+0000 7f42f4756700 1 --2- 172.21.15.12:0/2888240463 >> [v2:172.21.15.12:3300/0,v1:172.21.15.12:6789/0] conn(0x7f42ec108970 0x7f42ec10ad60 secure :-1 s=READY pgs=53 cs=0 l=1 rev1=1 crypto rx=0x7f42e80098a0 tx=0x7f42e8009bb0 comp rx=0 tx=0).stop
2024-03-18T15:35:19.042 INFO:teuthology.orchestra.run.smithi012.stdout:/usr/bin/ceph: stderr
2024-03-18T15:35:17.533+0000 7f42f4756700 1 -- 172.21.15.12:0/2888240463 shutdown_connections
2024-03-18T15:35:19.042 INFO:teuthology.orchestra.run.smithi012.stdout:/usr/bin/ceph: stderr
2024-03-18T15:35:17.533+0000 7f42f4756700 1 --2- 172.21.15.12:0/2888240463 >> [v2:172.21.15.12:3300/0,v1:172.21.15.12:6789/0] conn(0x7f42ec108970 0x7f42ec10ad60 unknown :-1 s=CLOSED pgs=53 cs=0 l=1 rev1=1 crypto rx=0 tx=0 comp rx=0 tx=0).stop
2024-03-18T15:35:19.042 INFO:teuthology.orchestra.run.smithi012.stdout:/usr/bin/ceph: stderr
2024-03-18T15:35:17.533+0000 7f42f4756700 1 -- 172.21.15.12:0/2888240463 >> 172.21.15.12:0/2888240463 conn(0x7f42ec102300 msgr2=0x7f42ec104720 unknown :-1 s=STATE_NONE l=0).mark_down
2024-03-18T15:35:19.043 INFO:teuthology.orchestra.run.smithi012.stdout:/usr/bin/ceph: stderr
2024-03-18T15:35:17.533+0000 7f42f4756700 1 -- 172.21.15.12:0/2888240463 shutdown_connections
2024-03-18T15:35:19.043 INFO:teuthology.orchestra.run.smithi012.stdout:/usr/bin/ceph: stderr
2024-03-18T15:35:17.533+0000 7f42f4756700 1 -- 172.21.15.12:0/2888240463 wait complete.
2024-03-18T15:35:19.043 INFO:teuthology.orchestra.run.smithi012.stdout:/usr/bin/ceph: stderr
2024-03-18T15:35:17.533+0000 7f42f4756700 1 Processor -- start
2024-03-18T15:35:19.043 INFO:teuthology.orchestra.run.smithi012.stdout:/usr/bin/ceph: stderr
2024-03-18T15:35:17.533+0000 7f42f4756700 1 -- start start
2024-03-18T15:35:19.043 INFO:teuthology.orchestra.run.smithi012.stdout:/usr/bin/ceph: stderr
2024-03-18T15:35:17.533+0000 7f42f4756700 1 --2- >> [v2:172.21.15.12:3300/0,v1:172.21.15.12:6789/0] conn(0x7f42ec108970 0x7f42ec1081f0 unknown :-1 s=NONE pgs=0 cs=0 l=1 rev1=0 crypto rx=0 tx=0 comp rx=0 tx=0).connect
2024-03-18T15:35:19.043 INFO:teuthology.orchestra.run.smithi012.stdout:/usr/bin/ceph: stderr
2024-03-18T15:35:17.533+0000 7f42f4756700 1 -- --> [v2:172.21.15.12:3300/0,v1:172.21.15.12:6789/0] -- mon_getmap magic: 0 -- 0x7f42ec10c2a0 con 0x7f42ec108970
2024-03-18T15:35:19.043 INFO:teuthology.orchestra.run.smithi012.stdout:/usr/bin/ceph: stderr
2024-03-18T15:35:17.533+0000 7f42f24f2700 1 --2- >> [v2:172.21.15.12:3300/0,v1:172.21.15.12:6789/0] conn(0x7f42ec108970 0x7f42ec1081f0 unknown :-1 s=BANNER_CONNECTING pgs=0 cs=0 l=1 rev1=0 crypto rx=0 tx=0 comp rx=0 tx=0)._handle_peer_banner_payload supported=3 required=0
2024-03-18T15:35:19.043 INFO:teuthology.orchestra.run.smithi012.stdout:/usr/bin/ceph: stderr
2024-03-18T15:35:17.533+0000 7f42f24f2700 1 --2- >> [v2:172.21.15.12:3300/0,v1:172.21.15.12:6789/0] conn(0x7f42ec108970 0x7f42ec1081f0 unknown :-1 s=HELLO_CONNECTING pgs=0 cs=0 l=1 rev1=1 crypto rx=0 tx=0 comp rx=0 tx=0).handle_hello peer v2:172.21.15.12:3300/0 says I am v2:172.21.15.12:37028/0 (socket says 172.21.15.12:37028)
2024-03-18T15:35:19.043 INFO:teuthology.orchestra.run.smithi012.stdout:/usr/bin/ceph: stderr
2024-03-18T15:35:17.533+0000 7f42f24f2700 1 -- 172.21.15.12:0/714273869 learned_addr learned my addr 172.21.15.12:0/714273869 (peer_addr_for_me v2:172.21.15.12:0/0)
2024-03-18T15:35:19.043 INFO:teuthology.orchestra.run.smithi012.stdout:/usr/bin/ceph: stderr
