2024-03-18T15:38:24.766 INFO:journalctl@ceph.mon.a.smithi099.stdout:Mar 18 15:38:24 smithi099 ceph-mon[31499]: mgrmap e2: x(active, starting, since 0.0123358s)
2024-03-18T15:38:24.766 INFO:journalctl@ceph.mon.a.smithi099.stdout:Mar 18 15:38:24 smithi099 ceph-mon[31499]: from='mgr.14100 172.21.15.99:0/1265738578' entity='mgr.x' cmd=[{"prefix": "mds metadata"}]: dispatch
2024-03-18T15:38:24.766 INFO:journalctl@ceph.mon.a.smithi099.stdout:Mar 18 15:38:24 smithi099 ceph-mon[31499]: from='mgr.14100 172.21.15.99:0/1265738578' entity='mgr.x' cmd=[{"prefix": "osd metadata"}]: dispatch
2024-03-18T15:38:24.766 INFO:journalctl@ceph.mon.a.smithi099.stdout:Mar 18 15:38:24 smithi099 ceph-mon[31499]: from='mgr.14100 172.21.15.99:0/1265738578' entity='mgr.x' cmd=[{"prefix": "mon metadata"}]: dispatch
2024-03-18T15:38:24.766 INFO:journalctl@ceph.mon.a.smithi099.stdout:Mar 18 15:38:24 smithi099 ceph-mon[31499]: from='mgr.14100 172.21.15.99:0/1265738578' entity='mgr.x' cmd=[{"prefix": "mon metadata", "id": "a"}]: dispatch
2024-03-18T15:38:24.766 INFO:journalctl@ceph.mon.a.smithi099.stdout:Mar 18 15:38:24 smithi099 ceph-mon[31499]: from='mgr.14100 172.21.15.99:0/1265738578' entity='mgr.x' cmd=[{"prefix": "mgr metadata", "who": "x", "id": "x"}]: dispatch
2024-03-18T15:38:24.766 INFO:journalctl@ceph.mon.a.smithi099.stdout:Mar 18 15:38:24 smithi099 ceph-mon[31499]: Manager daemon x is now available
2024-03-18T15:38:24.766 INFO:journalctl@ceph.mon.a.smithi099.stdout:Mar 18 15:38:24 smithi099 ceph-mon[31499]: from='mgr.14100 172.21.15.99:0/1265738578' entity='mgr.x' cmd=[{"prefix":"config rm","who":"mgr","name":"mgr/rbd_support/x/mirror_snapshot_schedule"}]: dispatch
2024-03-18T15:38:24.766 INFO:journalctl@ceph.mon.a.smithi099.stdout:Mar 18 15:38:24 smithi099 ceph-mon[31499]: from='mgr.14100 172.21.15.99:0/1265738578' entity='mgr.x' cmd=[{"prefix":"config rm","who":"mgr","name":"mgr/rbd_support/x/trash_purge_schedule"}]: dispatch
2024-03-18T15:38:24.766 INFO:journalctl@ceph.mon.a.smithi099.stdout:Mar 18 15:38:24 smithi099 ceph-mon[31499]: from='mgr.14100 172.21.15.99:0/1265738578' entity='mgr.x'
2024-03-18T15:38:24.766 INFO:journalctl@ceph.mon.a.smithi099.stdout:Mar 18 15:38:24 smithi099 ceph-mon[31499]: from='mgr.14100 172.21.15.99:0/1265738578' entity='mgr.x'
2024-03-18T15:38:25.765 INFO:journalctl@ceph.mon.a.smithi099.stdout:Mar 18 15:38:25 smithi099 ceph-mon[31499]: from='mgr.14100 172.21.15.99:0/1265738578' entity='mgr.x'
2024-03-18T15:38:25.765 INFO:journalctl@ceph.mon.a.smithi099.stdout:Mar 18 15:38:25 smithi099 ceph-mon[31499]: mgrmap e3: x(active, since 1.02236s)
2024-03-18T15:38:27.389 INFO:teuthology.orchestra.run.smithi099.stdout:/usr/bin/ceph: stdout
2024-03-18T15:38:27.389 INFO:teuthology.orchestra.run.smithi099.stdout:/usr/bin/ceph: stdout {
2024-03-18T15:38:27.389 INFO:teuthology.orchestra.run.smithi099.stdout:/usr/bin/ceph: stdout "fsid": "27c5d3c2-e53d-11ee-95c9-87774f69a715",
2024-03-18T15:38:27.389 INFO:teuthology.orchestra.run.smithi099.stdout:/usr/bin/ceph: stdout "health": {
2024-03-18T15:38:27.389 INFO:teuthology.orchestra.run.smithi099.stdout:/usr/bin/ceph: stdout "status": "HEALTH_OK",
2024-03-18T15:38:27.389 INFO:teuthology.orchestra.run.smithi099.stdout:/usr/bin/ceph: stdout "checks": {},
2024-03-18T15:38:27.389 INFO:teuthology.orchestra.run.smithi099.stdout:/usr/bin/ceph: stdout "mutes": []
2024-03-18T15:38:27.390 INFO:teuthology.orchestra.run.smithi099.stdout:/usr/bin/ceph: stdout },
2024-03-18T15:38:27.390 INFO:teuthology.orchestra.run.smithi099.stdout:/usr/bin/ceph: stdout "election_epoch": 5,
2024-03-18T15:38:27.390 INFO:teuthology.orchestra.run.smithi099.stdout:/usr/bin/ceph: stdout "quorum": [
2024-03-18T15:38:27.390 INFO:teuthology.orchestra.run.smithi099.stdout:/usr/bin/ceph: stdout 0
2024-03-18T15:38:27.390 INFO:teuthology.orchestra.run.smithi099.stdout:/usr/bin/ceph: stdout ],
2024-03-18T15:38:27.390 INFO:teuthology.orchestra.run.smithi099.stdout:/usr/bin/ceph: stdout "quorum_names": [
2024-03-18T15:38:27.390 INFO:teuthology.orchestra.run.smithi099.stdout:/usr/bin/ceph: stdout "a"
2024-03-18T15:38:27.390 INFO:teuthology.orchestra.run.smithi099.stdout:/usr/bin/ceph: stdout ],
2024-03-18T15:38:27.390 INFO:teuthology.orchestra.run.smithi099.stdout:/usr/bin/ceph: stdout "quorum_age": 13,
2024-03-18T15:38:27.390 INFO:teuthology.orchestra.run.smithi099.stdout:/usr/bin/ceph: stdout "monmap": {
2024-03-18T15:38:27.390 INFO:teuthology.orchestra.run.smithi099.stdout:/usr/bin/ceph: stdout "epoch": 1,
2024-03-18T15:38:27.390 INFO:teuthology.orchestra.run.smithi099.stdout:/usr/bin/ceph: stdout "min_mon_release_name": "squid",
2024-03-18T15:38:27.390 INFO:teuthology.orchestra.run.smithi099.stdout:/usr/bin/ceph: stdout "num_mons": 1
2024-03-18T15:38:27.391 INFO:teuthology.orchestra.run.smithi099.stdout:/usr/bin/ceph: stdout },
2024-03-18T15:38:27.391 INFO:teuthology.orchestra.run.smithi099.stdout:/usr/bin/ceph: stdout "osdmap": {
2024-03-18T15:38:27.391 INFO:teuthology.orchestra.run.smithi099.stdout:/usr/bin/ceph: stdout "epoch": 1,
2024-03-18T15:38:27.391 INFO:teuthology.orchestra.run.smithi099.stdout:/usr/bin/ceph: stdout "num_osds": 0,
2024-03-18T15:38:27.391 INFO:teuthology.orchestra.run.smithi099.stdout:/usr/bin/ceph: stdout "num_up_osds": 0,
2024-03-18T15:38:27.391 INFO:teuthology.orchestra.run.smithi099.stdout:/usr/bin/ceph: stdout "osd_up_since": 0,
2024-03-18T15:38:27.402 INFO:teuthology.orchestra.run.smithi099.stdout:/usr/bin/ceph: stdout "num_in_osds": 0,
2024-03-18T15:38:27.402 INFO:teuthology.orchestra.run.smithi099.stdout:/usr/bin/ceph: stdout "osd_in_since": 0,
2024-03-18T15:38:27.402 INFO:teuthology.orchestra.run.smithi099.stdout:/usr/bin/ceph: stdout "num_remapped_pgs": 0
2024-03-18T15:38:27.402 INFO:teuthology.orchestra.run.smithi099.stdout:/usr/bin/ceph: stdout },
2024-03-18T15:38:27.402 INFO:teuthology.orchestra.run.smithi099.stdout:/usr/bin/ceph: stdout "pgmap": {
2024-03-18T15:38:27.402 INFO:teuthology.orchestra.run.smithi099.stdout:/usr/bin/ceph: stdout "pgs_by_state": [],
2024-03-18T15:38:27.402 INFO:teuthology.orchestra.run.smithi099.stdout:/usr/bin/ceph: stdout "num_pgs": 0,
2024-03-18T15:38:27.402 INFO:teuthology.orchestra.run.smithi099.stdout:/usr/bin/ceph: stdout "num_pools": 0,
2024-03-18T15:38:27.402 INFO:teuthology.orchestra.run.smithi099.stdout:/usr/bin/ceph: stdout "num_objects": 0,
2024-03-18T15:38:27.402 INFO:teuthology.orchestra.run.smithi099.stdout:/usr/bin/ceph: stdout "data_bytes": 0,
2024-03-18T15:38:27.402 INFO:teuthology.orchestra.run.smithi099.stdout:/usr/bin/ceph: stdout "bytes_used": 0,
2024-03-18T15:38:27.402 INFO:teuthology.orchestra.run.smithi099.stdout:/usr/bin/ceph: stdout "bytes_avail": 0,
2024-03-18T15:38:27.402 INFO:teuthology.orchestra.run.smithi099.stdout:/usr/bin/ceph: stdout "bytes_total": 0
2024-03-18T15:38:27.403 INFO:teuthology.orchestra.run.smithi099.stdout:/usr/bin/ceph: stdout },
2024-03-18T15:38:27.403 INFO:teuthology.orchestra.run.smithi099.stdout:/usr/bin/ceph: stdout "fsmap": {
2024-03-18T15:38:27.403 INFO:teuthology.orchestra.run.smithi099.stdout:/usr/bin/ceph: stdout "epoch": 1,
2024-03-18T15:38:27.403 INFO:teuthology.orchestra.run.smithi099.stdout:/usr/bin/ceph: stdout "by_rank": [],
2024-03-18T15:38:27.403 INFO:teuthology.orchestra.run.smithi099.stdout:/usr/bin/ceph: stdout "up:standby": 0
2024-03-18T15:38:27.403 INFO:teuthology.orchestra.run.smithi099.stdout:/usr/bin/ceph: stdout },
2024-03-18T15:38:27.403 INFO:teuthology.orchestra.run.smithi099.stdout:/usr/bin/ceph: stdout "mgrmap": {
2024-03-18T15:38:27.403 INFO:teuthology.orchestra.run.smithi099.stdout:/usr/bin/ceph: stdout "available": true,
2024-03-18T15:38:27.403 INFO:teuthology.orchestra.run.smithi099.stdout:/usr/bin/ceph: stdout "num_standbys": 0,
2024-03-18T15:38:27.403 INFO:teuthology.orchestra.run.smithi099.stdout:/usr/bin/ceph: stdout "modules": [
2024-03-18T15:38:27.403 INFO:teuthology.orchestra.run.smithi099.stdout:/usr/bin/ceph: stdout "iostat",
2024-03-18T15:38:27.403 INFO:teuthology.orchestra.run.smithi099.stdout:/usr/bin/ceph: stdout "nfs",
2024-03-18T15:38:27.403 INFO:teuthology.orchestra.run.smithi099.stdout:/usr/bin/ceph: stdout "restful"
2024-03-18T15:38:27.403 INFO:teuthology.orchestra.run.smithi099.stdout:/usr/bin/ceph: stdout ],
2024-03-18T15:38:27.404 INFO:teuthology.orchestra.run.smithi099.stdout:/usr/bin/ceph: stdout "services": {}
2024-03-18T15:38:27.404 INFO:teuthology.orchestra.run.smithi099.stdout:/usr/bin/ceph: stdout },
2024-03-18T15:38:27.404 INFO:teuthology.orchestra.run.smithi099.stdout:/usr/bin/ceph: stdout "servicemap": {
2024-03-18T15:38:27.404 INFO:teuthology.orchestra.run.smithi099.stdout:/usr/bin/ceph: stdout "epoch": 1,
2024-03-18T15:38:27.404 INFO:teuthology.orchestra.run.smithi099.stdout:/usr/bin/ceph: stdout "modified": "2024-03-18T15:38:06.583479+0000",
2024-03-18T15:38:27.404 INFO:teuthology.orchestra.run.smithi099.stdout:/usr/bin/ceph: stdout "services": {}
2024-03-18T15:38:27.404 INFO:teuthology.orchestra.run.smithi099.stdout:/usr/bin/ceph: stdout },
2024-03-18T15:38:27.404 INFO:teuthology.orchestra.run.smithi099.stdout:/usr/bin/ceph: stdout "progress_events": {}
2024-03-18T15:38:27.404 INFO:teuthology.orchestra.run.smithi099.stdout:/usr/bin/ceph: stdout }
2024-03-18T15:38:27.404 INFO:teuthology.orchestra.run.smithi099.stdout:/usr/bin/ceph: stderr
2024-03-18T15:38:26.432+0000 7f8ed1800700 1 Processor -- start
2024-03-18T15:38:27.404 INFO:teuthology.orchestra.run.smithi099.stdout:/usr/bin/ceph: stderr
2024-03-18T15:38:26.432+0000 7f8ed1800700 1 -- start start
2024-03-18T15:38:27.404 INFO:teuthology.orchestra.run.smithi099.stdout:/usr/bin/ceph: stderr
2024-03-18T15:38:26.433+0000 7f8ed1800700 1 --2- >> [v2:172.21.15.99:3300/0,v1:172.21.15.99:6789/0] conn(0x7f8ecc107b20 0x7f8ecc107f40 unknown :-1 s=NONE pgs=0 cs=0 l=0 rev1=0 crypto rx=0 tx=0 comp rx=0 tx=0).connect
2024-03-18T15:38:27.404 INFO:teuthology.orchestra.run.smithi099.stdout:/usr/bin/ceph: stderr
2024-03-18T15:38:26.433+0000 7f8ed1800700 1 -- --> [v2:172.21.15.99:3300/0,v1:172.21.15.99:6789/0] -- mon_getmap magic: 0 -- 0x7f8ecc108510 con 0x7f8ecc107b20
2024-03-18T15:38:27.404 INFO:teuthology.orchestra.run.smithi099.stdout:/usr/bin/ceph: stderr
2024-03-18T15:38:26.433+0000 7f8ecaa00700 1 --2- >> [v2:172.21.15.99:3300/0,v1:172.21.15.99:6789/0] conn(0x7f8ecc107b20 0x7f8ecc107f40 unknown :-1 s=BANNER_CONNECTING pgs=0 cs=0 l=0 rev1=0 crypto rx=0 tx=0 comp rx=0 tx=0)._handle_peer_banner_payload supported=3 required=0
2024-03-18T15:38:27.404 INFO:teuthology.orchestra.run.smithi099.stdout:/usr/bin/ceph: stderr
2024-03-18T15:38:26.433+0000 7f8ecaa00700 1 --2- >> [v2:172.21.15.99:3300/0,v1:172.21.15.99:6789/0] conn(0x7f8ecc107b20 0x7f8ecc107f40 unknown :-1 s=HELLO_CONNECTING pgs=0 cs=0 l=0 rev1=1 crypto rx=0 tx=0 comp rx=0 tx=0).handle_hello peer v2:172.21.15.99:3300/0 says I am v2:172.21.15.99:53650/0 (socket says 172.21.15.99:53650)
2024-03-18T15:38:27.405 INFO:teuthology.orchestra.run.smithi099.stdout:/usr/bin/ceph: stderr
2024-03-18T15:38:26.433+0000 7f8ecaa00700 1 -- 172.21.15.99:0/1547569174 learned_addr learned my addr 172.21.15.99:0/1547569174 (peer_addr_for_me v2:172.21.15.99:0/0)
2024-03-18T15:38:27.405 INFO:teuthology.orchestra.run.smithi099.stdout:/usr/bin/ceph: stderr
2024-03-18T15:38:26.434+0000 7f8ecaa00700 1 -- 172.21.15.99:0/1547569174 --> [v2:172.21.15.99:3300/0,v1:172.21.15.99:6789/0] -- mon_subscribe({config=0+,monmap=0+}) -- 0x7f8ecc108d20 con 0x7f8ecc107b20
2024-03-18T15:38:27.405 INFO:teuthology.orchestra.run.smithi099.stdout:/usr/bin/ceph: stderr
2024-03-18T15:38:26.434+0000 7f8ecaa00700 1 --2- 172.21.15.99:0/1547569174 >> [v2:172.21.15.99:3300/0,v1:172.21.15.99:6789/0] conn(0x7f8ecc107b20 0x7f8ecc107f40 secure :-1 s=READY pgs=18 cs=0 l=1 rev1=1 crypto rx=0x7f8ebc0098a0 tx=0x7f8ebc009bb0 comp rx=0 tx=0).ready entity=mon.0 client_cookie=de640e9cfc6a04fd server_cookie=0 in_seq=0 out_seq=0
2024-03-18T15:38:27.405 INFO:teuthology.orchestra.run.smithi099.stdout:/usr/bin/ceph: stderr
2024-03-18T15:38:26.434+0000 7f8ec9600700 1 -- 172.21.15.99:0/1547569174 <== mon.0 v2:172.21.15.99:3300/0 1 ==== mon_map magic: 0 ==== 205+0+0 (secure 0 0 0) 0x7f8ebc004160 con 0x7f8ecc107b20
2024-03-18T15:38:27.405 INFO:teuthology.orchestra.run.smithi099.stdout:/usr/bin/ceph: stderr
2024-03-18T15:38:26.434+0000 7f8ec9600700 1 -- 172.21.15.99:0/1547569174 <== mon.0 v2:172.21.15.99:3300/0 2 ==== config(27 keys) ==== 1109+0+0 (secure 0 0 0) 0x7f8ebc004300 con 0x7f8ecc107b20
2024-03-18T15:38:27.405 INFO:teuthology.orchestra.run.smithi099.stdout:/usr/bin/ceph: stderr
2024-03-18T15:38:26.434+0000 7f8ec9600700 1 -- 172.21.15.99:0/1547569174 <== mon.0 v2:172.21.15.99:3300/0 3 ==== mon_map magic: 0 ==== 205+0+0 (secure 0 0 0) 0x7f8ebc011b50 con 0x7f8ecc107b20
2024-03-18T15:38:27.405 INFO:teuthology.orchestra.run.smithi099.stdout:/usr/bin/ceph: stderr
2024-03-18T15:38:26.435+0000 7f8ed1800700 1 -- 172.21.15.99:0/1547569174 >> [v2:172.21.15.99:3300/0,v1:172.21.15.99:6789/0] conn(0x7f8ecc107b20 msgr2=0x7f8ecc107f40 secure :-1 s=STATE_CONNECTION_ESTABLISHED l=1).mark_down
2024-03-18T15:38:27.405 INFO:teuthology.orchestra.run.smithi099.stdout:/usr/bin/ceph: stderr
2024-03-18T15:38:26.435+0000 7f8ed1800700 1 --2- 172.21.15.99:0/1547569174 >> [v2:172.21.15.99:3300/0,v1:172.21.15.99:6789/0] conn(0x7f8ecc107b20 0x7f8ecc107f40 secure :-1 s=READY pgs=18 cs=0 l=1 rev1=1 crypto rx=0x7f8ebc0098a0 tx=0x7f8ebc009bb0 comp rx=0 tx=0).stop
2024-03-18T15:38:27.405 INFO:teuthology.orchestra.run.smithi099.stdout:/usr/bin/ceph: stderr
2024-03-18T15:38:26.435+0000 7f8ed1800700 1 -- 172.21.15.99:0/1547569174 shutdown_connections
2024-03-18T15:38:27.405 INFO:teuthology.orchestra.run.smithi099.stdout:/usr/bin/ceph: stderr
2024-03-18T15:38:26.435+0000 7f8ed1800700 1 --2- 172.21.15.99:0/1547569174 >> [v2:172.21.15.99:3300/0,v1:172.21.15.99:6789/0] conn(0x7f8ecc107b20 0x7f8ecc107f40 unknown :-1 s=CLOSED pgs=18 cs=0 l=1 rev1=1 crypto rx=0 tx=0 comp rx=0 tx=0).stop
2024-03-18T15:38:27.405 INFO:teuthology.orchestra.run.smithi099.stdout:/usr/bin/ceph: stderr
2024-03-18T15:38:26.435+0000 7f8ed1800700 1 -- 172.21.15.99:0/1547569174 >> 172.21.15.99:0/1547569174 conn(0x7f8ecc1030e0 msgr2=0x7f8ecc105500 unknown :-1 s=STATE_NONE l=0).mark_down
2024-03-18T15:38:27.405 INFO:teuthology.orchestra.run.smithi099.stdout:/usr/bin/ceph: stderr
2024-03-18T15:38:26.435+0000 7f8ed1800700 1 -- 172.21.15.99:0/1547569174 shutdown_connections
2024-03-18T15:38:27.405 INFO:teuthology.orchestra.run.smithi099.stdout:/usr/bin/ceph: stderr
2024-03-18T15:38:26.435+0000 7f8ed1800700 1 -- 172.21.15.99:0/1547569174 wait complete.
2024-03-18T15:38:27.405 INFO:teuthology.orchestra.run.smithi099.stdout:/usr/bin/ceph: stderr
2024-03-18T15:38:26.436+0000 7f8ed1800700 1 Processor -- start
2024-03-18T15:38:27.405 INFO:teuthology.orchestra.run.smithi099.stdout:/usr/bin/ceph: stderr
2024-03-18T15:38:26.437+0000 7f8ed1800700 1 -- start start
2024-03-18T15:38:27.406 INFO:teuthology.orchestra.run.smithi099.stdout:/usr/bin/ceph: stderr
2024-03-18T15:38:26.437+0000 7f8ed1800700 1 --2- >> [v2:172.21.15.99:3300/0,v1:172.21.15.99:6789/0] conn(0x7f8ecc107b20 0x7f8ecc19dce0 unknown :-1 s=NONE pgs=0 cs=0 l=1 rev1=0 crypto rx=0 tx=0 comp rx=0 tx=0).connect
2024-03-18T15:38:27.406 INFO:teuthology.orchestra.run.smithi099.stdout:/usr/bin/ceph: stderr
2024-03-18T15:38:26.437+0000 7f8ed1800700 1 -- --> [v2:172.21.15.99:3300/0,v1:172.21.15.99:6789/0] -- mon_getmap magic: 0 -- 0x7f8ecc10c0d0 con 0x7f8ecc107b20
2024-03-18T15:38:27.406 INFO:teuthology.orchestra.run.smithi099.stdout:/usr/bin/ceph: stderr
2024-03-18T15:38:26.437+0000 7f8ecaa00700 1 --2- >> [v2:172.21.15.99:3300/0,v1:172.21.15.99:6789/0] conn(0x7f8ecc107b20 0x7f8ecc19dce0 unknown :-1 s=BANNER_CONNECTING pgs=0 cs=0 l=1 rev1=0 crypto rx=0 tx=0 comp rx=0 tx=0)._handle_peer_banner_payload supported=3 required=0
2024-03-18T15:38:27.406 INFO:teuthology.orchestra.run.smithi099.stdout:/usr/bin/ceph: stderr
2024-03-18T15:38:26.437+0000 7f8ecaa00700 1 --2- >> [v2:172.21.15.99:3300/0,v1:172.21.15.99:6789/0] conn(0x7f8ecc107b20 0x7f8ecc19dce0 unknown :-1 s=HELLO_CONNECTING pgs=0 cs=0 l=1 rev1=1 crypto rx=0 tx=0 comp rx=0 tx=0).handle_hello peer v2:172.21.15.99:3300/0 says I am v2:172.21.15.99:53664/0 (socket says 172.21.15.99:53664)
2024-03-18T15:38:27.406 INFO:teuthology.orchestra.run.smithi099.stdout:/usr/bin/ceph: stderr
2024-03-18T15:38:26.437+0000 7f8ecaa00700 1 -- 172.21.15.99:0/11363650 learned_addr learned my addr 172.21.15.99:0/11363650 (peer_addr_for_me v2:172.21.15.99:0/0)
2024-03-18T15:38:27.406 INFO:teuthology.orchestra.run.smithi099.stdout:/usr/bin/ceph: stderr
2024-03-18T15:38:26.438+0000 7f8ecaa00700 1 -- 172.21.15.99:0/11363650 --> [v2:172.21.15.99:3300/0,v1:172.21.15.99:6789/0] -- mon_subscribe({config=0+,monmap=0+}) -- 0x7f8ecc19e220 con 0x7f8ecc107b20
2024-03-18T15:38:27.406 INFO:teuthology.orchestra.run.smithi099.stdout:/usr/bin/ceph: stderr
2024-03-18T15:38:26.438+0000 7f8ecaa00700 1 --2- 172.21.15.99:0/11363650 >> [v2:172.21.15.99:3300/0,v1:172.21.15.99:6789/0] conn(0x7f8ecc107b20 0x7f8ecc19dce0 secure :-1 s=READY pgs=19 cs=0 l=1 rev1=1 crypto rx=0x7f8ebc000c00 tx=0x7f8ebc011c10 comp rx=0 tx=0).ready entity=mon.0 client_cookie=0 server_cookie=0 in_seq=0 out_seq=0
2024-03-18T15:38:27.406 INFO:teuthology.orchestra.run.smithi099.stdout:/usr/bin/ceph: stderr
2024-03-18T15:38:26.438+0000 7f8ec3400700 1 -- 172.21.15.99:0/11363650 <== mon.0 v2:172.21.15.99:3300/0 1 ==== mon_map magic: 0 ==== 205+0+0 (secure 0 0 0) 0x7f8ebc003b20 con 0x7f8ecc107b20
2024-03-18T15:38:27.406 INFO:teuthology.orchestra.run.smithi099.stdout:/usr/bin/ceph: stderr
2024-03-18T15:38:26.438+0000 7f8ec3400700 1 -- 172.21.15.99:0/11363650 <== mon.0 v2:172.21.15.99:3300/0 2 ==== config(27 keys) ==== 1109+0+0 (secure 0 0 0) 0x7f8ebc003cc0 con 0x7f8ecc107b20
2024-03-18T15:38:27.406 INFO:teuthology.orchestra.run.smithi099.stdout:/usr/bin/ceph: stderr
2024-03-18T15:38:26.438+0000 7f8ed1800700 1 -- 172.21.15.99:0/11363650 --> [v2:172.21.15.99:3300/0,v1:172.21.15.99:6789/0] -- mon_subscribe({mgrmap=0+}) -- 0x7f8ecc19e4b0 con 0x7f8ecc107b20
2024-03-18T15:38:27.406 INFO:teuthology.orchestra.run.smithi099.stdout:/usr/bin/ceph: stderr
2024-03-18T15:38:26.438+0000 7f8ec3400700 1 -- 172.21.15.99:0/11363650 <== mon.0 v2:172.21.15.99:3300/0 3 ==== mon_map magic: 0 ==== 205+0+0 (secure 0 0 0) 0x7f8ebc024910 con 0x7f8ecc107b20
2024-03-18T15:38:27.406 INFO:teuthology.orchestra.run.smithi099.stdout:/usr/bin/ceph: stderr
2024-03-18T15:38:26.438+0000 7f8ed1800700 1 -- 172.21.15.99:0/11363650 --> [v2:172.21.15.99:3300/0,v1:172.21.15.99:6789/0] -- mon_subscribe({osdmap=0}) -- 0x7f8ecc1a1190 con 0x7f8ecc107b20
2024-03-18T15:38:27.406 INFO:teuthology.orchestra.run.smithi099.stdout:/usr/bin/ceph: stderr
2024-03-18T15:38:26.439+0000 7f8ec3400700 1 -- 172.21.15.99:0/11363650 <== mon.0 v2:172.21.15.99:3300/0 4 ==== mgrmap(e 3) ==== 45989+0+0 (secure 0 0 0) 0x7f8ebc022020 con 0x7f8ecc107b20
2024-03-18T15:38:27.406 INFO:teuthology.orchestra.run.smithi099.stdout:/usr/bin/ceph: stderr
2024-03-18T15:38:26.440+0000 7f8ec3400700 1 --2- 172.21.15.99:0/11363650 >> [v2:172.21.15.99:6800/1068899945,v1:172.21.15.99:6801/1068899945] conn(0x7f8eb0038db0 0x7f8eb003b270 unknown :-1 s=NONE pgs=0 cs=0 l=1 rev1=0 crypto rx=0 tx=0 comp rx=0 tx=0).connect
2024-03-18T15:38:27.406 INFO:teuthology.orchestra.run.smithi099.stdout:/usr/bin/ceph: stderr
2024-03-18T15:38:26.440+0000 7f8ec3400700 1 -- 172.21.15.99:0/11363650 <== mon.0 v2:172.21.15.99:3300/0 5 ==== osd_map(1..1 src has 1..1) ==== 725+0+0 (secure 0 0 0) 0x7f8ebc011e00 con 0x7f8ecc107b20
2024-03-18T15:38:27.407 INFO:teuthology.orchestra.run.smithi099.stdout:/usr/bin/ceph: stderr
2024-03-18T15:38:26.440+0000 7f8ed1800700 1 -- 172.21.15.99:0/11363650 --> [v2:172.21.15.99:3300/0,v1:172.21.15.99:6789/0] -- mon_command({"prefix": "get_command_descriptions"} v 0) -- 0x7f8ecc063900 con 0x7f8ecc107b20
2024-03-18T15:38:27.407 INFO:teuthology.orchestra.run.smithi099.stdout:/usr/bin/ceph: stderr
2024-03-18T15:38:26.440+0000 7f8eca000700 1 --2- 172.21.15.99:0/11363650 >> [v2:172.21.15.99:6800/1068899945,v1:172.21.15.99:6801/1068899945] conn(0x7f8eb0038db0 0x7f8eb003b270 unknown :-1 s=BANNER_CONNECTING pgs=0 cs=0 l=1 rev1=0 crypto rx=0 tx=0 comp rx=0 tx=0)._handle_peer_banner_payload supported=3 required=0
2024-03-18T15:38:27.407 INFO:teuthology.orchestra.run.smithi099.stdout:/usr/bin/ceph: stderr
2024-03-18T15:38:26.441+0000 7f8eca000700 1 --2- 172.21.15.99:0/11363650 >> [v2:172.21.15.99:6800/1068899945,v1:172.21.15.99:6801/1068899945] conn(0x7f8eb0038db0 0x7f8eb003b270 secure :-1 s=READY pgs=6 cs=0 l=1 rev1=1 crypto rx=0x7f8eb8006fd0 tx=0x7f8eb8006e40 comp rx=0 tx=0).ready entity=mgr.14100 client_cookie=0 server_cookie=0 in_seq=0 out_seq=0
2024-03-18T15:38:27.407 INFO:teuthology.orchestra.run.smithi099.stdout:/usr/bin/ceph: stderr
2024-03-18T15:38:26.447+0000 7f8ec3400700 1 -- 172.21.15.99:0/11363650 <== mon.0 v2:172.21.15.99:3300/0 6 ==== mon_command_ack([{"prefix": "get_command_descriptions"}]=0 v0) ==== 72+0+186149 (secure 0 0 0) 0x7f8ebc01acd0 con 0x7f8ecc107b20
2024-03-18T15:38:27.407 INFO:teuthology.orchestra.run.smithi099.stdout:/usr/bin/ceph: stderr
2024-03-18T15:38:26.506+0000 7f8ec3400700 1 -- 172.21.15.99:0/11363650 <== mon.0 v2:172.21.15.99:3300/0 7 ==== mgrmap(e 4) ==== 46095+0+0 (secure 0 0 0) 0x7f8ebc021b40 con 0x7f8ecc107b20
2024-03-18T15:38:27.407 INFO:teuthology.orchestra.run.smithi099.stdout:/usr/bin/ceph: stderr
2024-03-18T15:38:26.763+0000 7f8ed1800700 1 -- 172.21.15.99:0/11363650 --> [v2:172.21.15.99:3300/0,v1:172.21.15.99:6789/0] -- mon_command({"prefix": "status", "format": "json-pretty"} v 0) -- 0x7f8ecc1a1710 con 0x7f8ecc107b20
2024-03-18T15:38:27.407 INFO:teuthology.orchestra.run.smithi099.stdout:/usr/bin/ceph: stderr
2024-03-18T15:38:26.764+0000 7f8ec3400700 1 -- 172.21.15.99:0/11363650 <== mon.0 v2:172.21.15.99:3300/0 8 ==== mon_command_ack([{"prefix": "status", "format": "json-pretty"}]=0 v0) ==== 79+0+1239 (secure 0 0 0) 0x7f8ebc01a430 con 0x7f8ecc107b20
2024-03-18T15:38:27.407 INFO:teuthology.orchestra.run.smithi099.stdout:/usr/bin/ceph: stderr
2024-03-18T15:38:26.767+0000 7f8ed1800700 1 -- 172.21.15.99:0/11363650 >> [v2:172.21.15.99:6800/1068899945,v1:172.21.15.99:6801/1068899945] conn(0x7f8eb0038db0 msgr2=0x7f8eb003b270 secure :-1 s=STATE_CONNECTION_ESTABLISHED l=1).mark_down
2024-03-18T15:38:27.407 INFO:teuthology.orchestra.run.smithi099.stdout:/usr/bin/ceph: stderr
2024-03-18T15:38:26.767+0000 7f8ed1800700 1 --2- 172.21.15.99:0/11363650 >> [v2:172.21.15.99:6800/1068899945,v1:172.21.15.99:6801/1068899945] conn(0x7f8eb0038db0 0x7f8eb003b270 secure :-1 s=READY pgs=6 cs=0 l=1 rev1=1 crypto rx=0x7f8eb8006fd0 tx=0x7f8eb8006e40 comp rx=0 tx=0).stop
2024-03-18T15:38:27.407 INFO:teuthology.orchestra.run.smithi099.stdout:/usr/bin/ceph: stderr
2024-03-18T15:38:26.767+0000 7f8ed1800700 1 -- 172.21.15.99:0/11363650 >> [v2:172.21.15.99:3300/0,v1:172.21.15.99:6789/0] conn(0x7f8ecc107b20 msgr2=0x7f8ecc19dce0 secure :-1 s=STATE_CONNECTION_ESTABLISHED l=1).mark_down
2024-03-18T15:38:27.407 INFO:teuthology.orchestra.run.smithi099.stdout:/usr/bin/ceph: stderr
2024-03-18T15:38:26.767+0000 7f8ed1800700 1 --2- 172.21.15.99:0/11363650 >> [v2:172.21.15.99:3300/0,v1:172.21.15.99:6789/0] conn(0x7f8ecc107b20 0x7f8ecc19dce0 secure :-1 s=READY pgs=19 cs=0 l=1 rev1=1 crypto rx=0x7f8ebc000c00 tx=0x7f8ebc011c10 comp rx=0 tx=0).stop
2024-03-18T15:38:27.407 INFO:teuthology.orchestra.run.smithi099.stdout:/usr/bin/ceph: stderr
2024-03-18T15:38:26.767+0000 7f8ed1800700 1 -- 172.21.15.99:0/11363650 shutdown_connections
2024-03-18T15:38:27.407 INFO:teuthology.orchestra.run.smithi099.stdout:/usr/bin/ceph: stderr
2024-03-18T15:38:26.767+0000 7f8ed1800700 1 --2- 172.21.15.99:0/11363650 >> [v2:172.21.15.99:6800/1068899945,v1:172.21.15.99:6801/1068899945] conn(0x7f8eb0038db0 0x7f8eb003b270 unknown :-1 s=CLOSED pgs=6 cs=0 l=1 rev1=1 crypto rx=0 tx=0 comp rx=0 tx=0).stop
2024-03-18T15:38:27.408 INFO:teuthology.orchestra.run.smithi099.stdout:/usr/bin/ceph: stderr
2024-03-18T15:38:26.767+0000 7f8ed1800700 1 --2- 172.21.15.99:0/11363650 >> [v2:172.21.15.99:3300/0,v1:172.21.15.99:6789/0] conn(0x7f8ecc107b20 0x7f8ecc19dce0 unknown :-1 s=CLOSED pgs=19 cs=0 l=1 rev1=1 crypto rx=0 tx=0 comp rx=0 tx=0).stop
2024-03-18T15:38:27.408 INFO:teuthology.orchestra.run.smithi099.stdout:/usr/bin/ceph: stderr
2024-03-18T15:38:26.767+0000 7f8ed1800700 1 -- 172.21.15.99:0/11363650 >> 172.21.15.99:0/11363650 conn(0x7f8ecc1030e0 msgr2=0x7f8ecc103b50 unknown :-1 s=STATE_NONE l=0).mark_down
2024-03-18T15:38:27.408 INFO:teuthology.orchestra.run.smithi099.stdout:/usr/bin/ceph: stderr
2024-03-18T15:38:26.767+0000 7f8ed1800700 1 -- 172.21.15.99:0/11363650 shutdown_connections
2024-03-18T15:38:27.408 INFO:teuthology.orchestra.run.smithi099.stdout:/usr/bin/ceph: stderr
2024-03-18T15:38:26.767+0000 7f8ed1800700 1 -- 172.21.15.99:0/11363650 wait complete.
2024-03-18T15:38:27.408 INFO:teuthology.orchestra.run.smithi099.stdout:mgr is available
2024-03-18T15:38:27.765 INFO:journalctl@ceph.mon.a.smithi099.stdout:Mar 18 15:38:27 smithi099 ceph-mon[31499]: mgrmap e4: x(active, since 2s)
2024-03-18T15:38:27.765 INFO:journalctl@ceph.mon.a.smithi099.stdout:Mar 18 15:38:27 smithi099 ceph-mon[31499]: from='client.? 172.21.15.99:0/11363650' entity='client.admin' cmd=[{"prefix": "status", "format": "json-pretty"}]: dispatch
2024-03-18T15:38:28.515 INFO:journalctl@ceph.mon.a.smithi099.stdout:Mar 18 15:38:28 smithi099 ceph-mon[31499]: from='client.? 172.21.15.99:0/2768605802' entity='client.admin' cmd=[{"prefix": "config assimilate-conf"}]: dispatch
2024-03-18T15:38:28.952 INFO:teuthology.orchestra.run.smithi099.stdout:/usr/bin/ceph: stdout
2024-03-18T15:38:28.953 INFO:teuthology.orchestra.run.smithi099.stdout:/usr/bin/ceph: stdout [global]
2024-03-18T15:38:28.953 INFO:teuthology.orchestra.run.smithi099.stdout:/usr/bin/ceph: stdout fsid = 27c5d3c2-e53d-11ee-95c9-87774f69a715
2024-03-18T15:38:28.953 INFO:teuthology.orchestra.run.smithi099.stdout:/usr/bin/ceph: stdout mon_osd_allow_pg_remap = true
2024-03-18T15:38:28.953 INFO:teuthology.orchestra.run.smithi099.stdout:/usr/bin/ceph: stdout mon_osd_allow_primary_affinity = true
2024-03-18T15:38:28.953 INFO:teuthology.orchestra.run.smithi099.stdout:/usr/bin/ceph: stdout mon_warn_on_no_sortbitwise = false
2024-03-18T15:38:28.953 INFO:teuthology.orchestra.run.smithi099.stdout:/usr/bin/ceph: stdout osd_crush_chooseleaf_type = 0
2024-03-18T15:38:28.953 INFO:teuthology.orchestra.run.smithi099.stdout:/usr/bin/ceph: stdout
2024-03-18T15:38:28.954 INFO:teuthology.orchestra.run.smithi099.stdout:/usr/bin/ceph: stdout [mgr]
2024-03-18T15:38:28.954 INFO:teuthology.orchestra.run.smithi099.stdout:/usr/bin/ceph: stdout mgr/telemetry/nag = false
2024-03-18T15:38:28.954 INFO:teuthology.orchestra.run.smithi099.stdout:/usr/bin/ceph: stdout
2024-03-18T15:38:28.954 INFO:teuthology.orchestra.run.smithi099.stdout:/usr/bin/ceph: stdout [osd]
2024-03-18T15:38:28.954 INFO:teuthology.orchestra.run.smithi099.stdout:/usr/bin/ceph: stdout mon_osd_backfillfull_ratio = 0.85
2024-03-18T15:38:28.954 INFO:teuthology.orchestra.run.smithi099.stdout:/usr/bin/ceph: stdout mon_osd_full_ratio = 0.9
2024-03-18T15:38:28.954 INFO:teuthology.orchestra.run.smithi099.stdout:/usr/bin/ceph: stdout mon_osd_nearfull_ratio = 0.8
2024-03-18T15:38:28.954 INFO:teuthology.orchestra.run.smithi099.stdout:/usr/bin/ceph: stdout osd_map_max_advance = 10
2024-03-18T15:38:28.954 INFO:teuthology.orchestra.run.smithi099.stdout:/usr/bin/ceph: stdout osd_sloppy_crc = true
2024-03-18T15:38:28.954 INFO:teuthology.orchestra.run.smithi099.stdout:/usr/bin/ceph: stderr
2024-03-18T15:38:28.024+0000 7f18d4600700 1 Processor -- start
2024-03-18T15:38:28.954 INFO:teuthology.orchestra.run.smithi099.stdout:/usr/bin/ceph: stderr
2024-03-18T15:38:28.024+0000 7f18d4600700 1 -- start start
2024-03-18T15:38:28.954 INFO:teuthology.orchestra.run.smithi099.stdout:/usr/bin/ceph: stderr
2024-03-18T15:38:28.024+0000 7f18d4600700 1 --2- >> [v2:172.21.15.99:3300/0,v1:172.21.15.99:6789/0] conn(0x7f18cc0822d0 0x7f18cc110ca0 unknown :-1 s=NONE pgs=0 cs=0 l=0 rev1=0 crypto rx=0 tx=0 comp rx=0 tx=0).connect
2024-03-18T15:38:28.954 INFO:teuthology.orchestra.run.smithi099.stdout:/usr/bin/ceph: stderr
2024-03-18T15:38:28.024+0000 7f18d4600700 1 -- --> [v2:172.21.15.99:3300/0,v1:172.21.15.99:6789/0] -- mon_getmap magic: 0 -- 0x7f18cc111270 con 0x7f18cc0822d0
2024-03-18T15:38:28.955 INFO:teuthology.orchestra.run.smithi099.stdout:/usr/bin/ceph: stderr
2024-03-18T15:38:28.025+0000 7f18d1c00700 1 --2- >> [v2:172.21.15.99:3300/0,v1:172.21.15.99:6789/0] conn(0x7f18cc0822d0 0x7f18cc110ca0 unknown :-1 s=BANNER_CONNECTING pgs=0 cs=0 l=0 rev1=0 crypto rx=0 tx=0 comp rx=0 tx=0)._handle_peer_banner_payload supported=3 required=0
2024-03-18T15:38:28.955 INFO:teuthology.orchestra.run.smithi099.stdout:/usr/bin/ceph: stderr
2024-03-18T15:38:28.025+0000 7f18d1c00700 1 --2- >> [v2:172.21.15.99:3300/0,v1:172.21.15.99:6789/0] conn(0x7f18cc0822d0 0x7f18cc110ca0 unknown :-1 s=HELLO_CONNECTING pgs=0 cs=0 l=0 rev1=1 crypto rx=0 tx=0 comp rx=0 tx=0).handle_hello peer v2:172.21.15.99:3300/0 says I am v2:172.21.15.99:53676/0 (socket says 172.21.15.99:53676)
2024-03-18T15:38:28.955 INFO:teuthology.orchestra.run.smithi099.stdout:/usr/bin/ceph: stderr
2024-03-18T15:38:28.025+0000 7f18d1c00700 1 -- 172.21.15.99:0/3584120307 learned_addr learned my addr 172.21.15.99:0/3584120307 (peer_addr_for_me v2:172.21.15.99:0/0)
2024-03-18T15:38:28.955 INFO:teuthology.orchestra.run.smithi099.stdout:/usr/bin/ceph: stderr
2024-03-18T15:38:28.025+0000 7f18d1c00700 1 -- 172.21.15.99:0/3584120307 --> [v2:172.21.15.99:3300/0,v1:172.21.15.99:6789/0] -- mon_subscribe({config=0+,monmap=0+}) -- 0x7f18cc1113f0 con 0x7f18cc0822d0
2024-03-18T15:38:28.955 INFO:teuthology.orchestra.run.smithi099.stdout:/usr/bin/ceph: stderr
2024-03-18T15:38:28.026+0000 7f18d1c00700 1 --2- 172.21.15.99:0/3584120307 >> [v2:172.21.15.99:3300/0,v1:172.21.15.99:6789/0] conn(0x7f18cc0822d0 0x7f18cc110ca0 secure :-1 s=READY pgs=20 cs=0 l=1 rev1=1 crypto rx=0x7f18c00098a0 tx=0x7f18c0009bb0 comp rx=0 tx=0).ready entity=mon.0 client_cookie=293e8ea0ef124b25 server_cookie=0 in_seq=0 out_seq=0
2024-03-18T15:38:28.955 INFO:teuthology.orchestra.run.smithi099.stdout:/usr/bin/ceph: stderr
2024-03-18T15:38:28.026+0000 7f18cbe00700 1 -- 172.21.15.99:0/3584120307 <== mon.0 v2:172.21.15.99:3300/0 1 ==== mon_map magic: 0 ==== 205+0+0 (secure 0 0 0) 0x7f18c0004160 con 0x7f18cc0822d0
2024-03-18T15:38:28.955 INFO:teuthology.orchestra.run.smithi099.stdout:/usr/bin/ceph: stderr
2024-03-18T15:38:28.026+0000 7f18cbe00700 1 -- 172.21.15.99:0/3584120307 <== mon.0 v2:172.21.15.99:3300/0 2 ==== config(27 keys) ==== 1109+0+0 (secure 0 0 0) 0x7f18c0004300 con 0x7f18cc0822d0
2024-03-18T15:38:28.955 INFO:teuthology.orchestra.run.smithi099.stdout:/usr/bin/ceph: stderr
2024-03-18T15:38:28.026+0000 7f18cbe00700 1 -- 172.21.15.99:0/3584120307 <== mon.0 v2:172.21.15.99:3300/0 3 ==== mon_map magic: 0 ==== 205+0+0 (secure 0 0 0) 0x7f18c0011b50 con 0x7f18cc0822d0
2024-03-18T15:38:28.955 INFO:teuthology.orchestra.run.smithi099.stdout:/usr/bin/ceph: stderr
2024-03-18T15:38:28.026+0000 7f18d4600700 1 -- 172.21.15.99:0/3584120307 >> [v2:172.21.15.99:3300/0,v1:172.21.15.99:6789/0] conn(0x7f18cc0822d0 msgr2=0x7f18cc110ca0 secure :-1 s=STATE_CONNECTION_ESTABLISHED l=1).mark_down
2024-03-18T15:38:28.955 INFO:teuthology.orchestra.run.smithi099.stdout:/usr/bin/ceph: stderr
2024-03-18T15:38:28.026+0000 7f18d4600700 1 --2- 172.21.15.99:0/3584120307 >> [v2:172.21.15.99:3300/0,v1:172.21.15.99:6789/0] conn(0x7f18cc0822d0 0x7f18cc110ca0 secure :-1 s=READY pgs=20 cs=0 l=1 rev1=1 crypto rx=0x7f18c00098a0 tx=0x7f18c0009bb0 comp rx=0 tx=0).stop
2024-03-18T15:38:28.955 INFO:teuthology.orchestra.run.smithi099.stdout:/usr/bin/ceph: stderr
2024-03-18T15:38:28.027+0000 7f18d4600700 1 -- 172.21.15.99:0/3584120307 shutdown_connections
2024-03-18T15:38:28.955 INFO:teuthology.orchestra.run.smithi099.stdout:/usr/bin/ceph: stderr
2024-03-18T15:38:28.027+0000 7f18d4600700 1 --2- 172.21.15.99:0/3584120307 >> [v2:172.21.15.99:3300/0,v1:172.21.15.99:6789/0] conn(0x7f18cc0822d0 0x7f18cc110ca0 unknown :-1 s=CLOSED pgs=20 cs=0 l=1 rev1=1 crypto rx=0 tx=0 comp rx=0 tx=0).stop
2024-03-18T15:38:28.955 INFO:teuthology.orchestra.run.smithi099.stdout:/usr/bin/ceph: stderr
2024-03-18T15:38:28.027+0000 7f18d4600700 1 -- 172.21.15.99:0/3584120307 >> 172.21.15.99:0/3584120307 conn(0x7f18cc07d100 msgr2=0x7f18cc07f520 unknown :-1 s=STATE_NONE l=0).mark_down
2024-03-18T15:38:28.956 INFO:teuthology.orchestra.run.smithi099.stdout:/usr/bin/ceph: stderr
2024-03-18T15:38:28.027+0000 7f18d4600700 1 -- 172.21.15.99:0/3584120307 shutdown_connections
2024-03-18T15:38:28.956 INFO:teuthology.orchestra.run.smithi099.stdout:/usr/bin/ceph: stderr
2024-03-18T15:38:28.027+0000 7f18d4600700 1 -- 172.21.15.99:0/3584120307 wait complete.
2024-03-18T15:38:28.956 INFO:teuthology.orchestra.run.smithi099.stdout:/usr/bin/ceph: stderr
2024-03-18T15:38:28.028+0000 7f18d4600700 1 Processor -- start
2024-03-18T15:38:28.956 INFO:teuthology.orchestra.run.smithi099.stdout:/usr/bin/ceph: stderr
2024-03-18T15:38:28.028+0000 7f18d4600700 1 -- start start
2024-03-18T15:38:28.956 INFO:teuthology.orchestra.run.smithi099.stdout:/usr/bin/ceph: stderr
2024-03-18T15:38:28.028+0000 7f18d4600700 1 --2- >> [v2:172.21.15.99:3300/0,v1:172.21.15.99:6789/0] conn(0x7f18cc1a2040 0x7f18cc1a2460 unknown :-1 s=NONE pgs=0 cs=0 l=1 rev1=0 crypto rx=0 tx=0 comp rx=0 tx=0).connect
2024-03-18T15:38:28.956 INFO:teuthology.orchestra.run.smithi099.stdout:/usr/bin/ceph: stderr
2024-03-18T15:38:28.028+0000 7f18d4600700 1 -- --> [v2:172.21.15.99:3300/0,v1:172.21.15.99:6789/0] -- mon_getmap magic: 0 -- 0x7f18cc1124d0 con 0x7f18cc1a2040
2024-03-18T15:38:28.956 INFO:teuthology.orchestra.run.smithi099.stdout:/usr/bin/ceph: stderr
2024-03-18T15:38:28.029+0000 7f18d1c00700 1 --2- >> [v2:172.21.15.99:3300/0,v1:172.21.15.99:6789/0] conn(0x7f18cc1a2040 0x7f18cc1a2460 unknown :-1 s=BANNER_CONNECTING pgs=0 cs=0 l=1 rev1=0 crypto rx=0 tx=0 comp rx=0 tx=0)._handle_peer_banner_payload supported=3 required=0
2024-03-18T15:38:28.956 INFO:teuthology.orchestra.run.smithi099.stdout:/usr/bin/ceph: stderr
2024-03-18T15:38:28.029+0000 7f18d1c00700 1 --2- >> [v2:172.21.15.99:3300/0,v1:172.21.15.99:6789/0] conn(0x7f18cc1a2040 0x7f18cc1a2460 unknown :-1 s=HELLO_CONNECTING pgs=0 cs=0 l=1 rev1=1 crypto rx=0 tx=0 comp rx=0 tx=0).handle_hello peer v2:172.21.15.99:3300/0 says I am v2:172.21.15.99:53686/0 (socket says 172.21.15.99:53686)
2024-03-18T15:38:28.956 INFO:teuthology.orchestra.run.smithi099.stdout:/usr/bin/ceph: stderr
2024-03-18T15:38:28.029+0000 7f18d1c00700 1 -- 172.21.15.99:0/2768605802 learned_addr learned my addr 172.21.15.99:0/2768605802 (peer_addr_for_me v2:172.21.15.99:0/0)
2024-03-18T15:38:28.956 INFO:teuthology.orchestra.run.smithi099.stdout:/usr/bin/ceph: stderr
2024-03-18T15:38:28.029+0000 7f18d1c00700 1 -- 172.21.15.99:0/2768605802 --> [v2:172.21.15.99:3300/0,v1:172.21.15.99:6789/0] -- mon_subscribe({config=0+,monmap=0+}) -- 0x7f18cc1a29a0 con 0x7f18cc1a2040
2024-03-18T15:38:28.956 INFO:teuthology.orchestra.run.smithi099.stdout:/usr/bin/ceph: stderr
2024-03-18T15:38:28.029+0000 7f18d1c00700 1 --2- 172.21.15.99:0/2768605802 >> [v2:172.21.15.99:3300/0,v1:172.21.15.99:6789/0] conn(0x7f18cc1a2040 0x7f18cc1a2460 secure :-1 s=READY pgs=21 cs=0 l=1 rev1=1 crypto rx=0x7f18c0011b60 tx=0x7f18c0011c40 comp rx=0 tx=0).ready entity=mon.0 client_cookie=0 server_cookie=0 in_seq=0 out_seq=0
2024-03-18T15:38:28.956 INFO:teuthology.orchestra.run.smithi099.stdout:/usr/bin/ceph: stderr
2024-03-18T15:38:28.029+0000 7f18ca000700 1 -- 172.21.15.99:0/2768605802 <== mon.0 v2:172.21.15.99:3300/0 1 ==== mon_map magic: 0 ==== 205+0+0 (secure 0 0 0) 0x7f18c0003b20 con 0x7f18cc1a2040
2024-03-18T15:38:28.956 INFO:teuthology.orchestra.run.smithi099.stdout:/usr/bin/ceph: stderr
2024-03-18T15:38:28.030+0000 7f18ca000700 1 -- 172.21.15.99:0/2768605802 <== mon.0 v2:172.21.15.99:3300/0 2 ==== config(27 keys) ==== 1109+0+0 (secure 0 0 0) 0x7f18c0003cc0 con 0x7f18cc1a2040
2024-03-18T15:38:28.956 INFO:teuthology.orchestra.run.smithi099.stdout:/usr/bin/ceph: stderr
2024-03-18T15:38:28.030+0000 7f18d4600700 1 -- 172.21.15.99:0/2768605802 --> [v2:172.21.15.99:3300/0,v1:172.21.15.99:6789/0] -- mon_subscribe({mgrmap=0+}) -- 0x7f18cc1a2c30 con 0x7f18cc1a2040
2024-03-18T15:38:28.956 INFO:teuthology.orchestra.run.smithi099.stdout:/usr/bin/ceph: stderr
2024-03-18T15:38:28.030+0000 7f18ca000700 1 -- 172.21.15.99:0/2768605802 <== mon.0 v2:172.21.15.99:3300/0 3 ==== mon_map magic: 0 ==== 205+0+0 (secure 0 0 0) 0x7f18c0024840 con 0x7f18cc1a2040
2024-03-18T15:38:28.957 INFO:teuthology.orchestra.run.smithi099.stdout:/usr/bin/ceph: stderr
2024-03-18T15:38:28.030+0000 7f18d4600700 1 -- 172.21.15.99:0/2768605802 --> [v2:172.21.15.99:3300/0,v1:172.21.15.99:6789/0] -- mon_subscribe({osdmap=0}) -- 0x7f18cc1a5710 con 0x7f18cc1a2040
2024-03-18T15:38:28.957 INFO:teuthology.orchestra.run.smithi099.stdout:/usr/bin/ceph: stderr
2024-03-18T15:38:28.031+0000 7f18ca000700 1 -- 172.21.15.99:0/2768605802 <== mon.0 v2:172.21.15.99:3300/0 4 ==== mgrmap(e 4) ==== 46095+0+0 (secure 0 0 0) 0x7f18c0022020 con 0x7f18cc1a2040
2024-03-18T15:38:28.957 INFO:teuthology.orchestra.run.smithi099.stdout:/usr/bin/ceph: stderr
2024-03-18T15:38:28.031+0000 7f18d4600700 1 -- 172.21.15.99:0/2768605802 --> [v2:172.21.15.99:3300/0,v1:172.21.15.99:6789/0] -- mon_command({"prefix": "get_command_descriptions"} v 0) -- 0x7f18cc063900 con 0x7f18cc1a2040
2024-03-18T15:38:28.957 INFO:teuthology.orchestra.run.smithi099.stdout:/usr/bin/ceph: stderr
2024-03-18T15:38:28.031+0000 7f18ca000700 1 --2- 172.21.15.99:0/2768605802 >> [v2:172.21.15.99:6800/1068899945,v1:172.21.15.99:6801/1068899945] conn(0x7f18b4038f20 0x7f18b403b3e0 unknown :-1 s=NONE pgs=0 cs=0 l=1 rev1=0 crypto rx=0 tx=0 comp rx=0 tx=0).connect
2024-03-18T15:38:28.957 INFO:teuthology.orchestra.run.smithi099.stdout:/usr/bin/ceph: stderr
2024-03-18T15:38:28.031+0000 7f18ca000700 1 -- 172.21.15.99:0/2768605802 <== mon.0 v2:172.21.15.99:3300/0 5 ==== osd_map(1..1 src has 1..1) ==== 725+0+0 (secure 0 0 0) 0x7f18c0011e00 con 0x7f18cc1a2040
2024-03-18T15:38:28.957 INFO:teuthology.orchestra.run.smithi099.stdout:/usr/bin/ceph: stderr
2024-03-18T15:38:28.032+0000 7f18d1200700 1 --2- 172.21.15.99:0/2768605802 >> [v2:172.21.15.99:6800/1068899945,v1:172.21.15.99:6801/1068899945] conn(0x7f18b4038f20 0x7f18b403b3e0 unknown :-1 s=BANNER_CONNECTING pgs=0 cs=0 l=1 rev1=0 crypto rx=0 tx=0 comp rx=0 tx=0)._handle_peer_banner_payload supported=3 required=0
2024-03-18T15:38:28.957 INFO:teuthology.orchestra.run.smithi099.stdout:/usr/bin/ceph: stderr
2024-03-18T15:38:28.032+0000 7f18d1200700 1 --2- 172.21.15.99:0/2768605802 >> [v2:172.21.15.99:6800/1068899945,v1:172.21.15.99:6801/1068899945] conn(0x7f18b4038f20 0x7f18b403b3e0 secure :-1 s=READY pgs=7 cs=0 l=1 rev1=1 crypto rx=0x7f18b8006fd0 tx=0x7f18b8006e40 comp rx=0 tx=0).ready entity=mgr.14100 client_cookie=0 server_cookie=0 in_seq=0 out_seq=0
2024-03-18T15:38:28.957 INFO:teuthology.orchestra.run.smithi099.stdout:/usr/bin/ceph: stderr
2024-03-18T15:38:28.037+0000 7f18ca000700 1 -- 172.21.15.99:0/2768605802 <== mon.0 v2:172.21.15.99:3300/0 6 ==== mon_command_ack([{"prefix": "get_command_descriptions"}]=0 v0) ==== 72+0+186149 (secure 0 0 0) 0x7f18c001a7b0 con 0x7f18cc1a2040
2024-03-18T15:38:28.957 INFO:teuthology.orchestra.run.smithi099.stdout:/usr/bin/ceph: stderr
2024-03-18T15:38:28.255+0000 7f18d4600700 1 -- 172.21.15.99:0/2768605802 --> [v2:172.21.15.99:3300/0,v1:172.21.15.99:6789/0] -- mon_command({"prefix": "config assimilate-conf"} v 0) -- 0x7f18cc1a6d50 con 0x7f18cc1a2040
2024-03-18T15:38:28.957 INFO:teuthology.orchestra.run.smithi099.stdout:/usr/bin/ceph: stderr
2024-03-18T15:38:28.257+0000 7f18ca000700 1 -- 172.21.15.99:0/2768605802 <== mon.0 v2:172.21.15.99:3300/0 7 ==== mon_command_ack([{"prefix": "config assimilate-conf"}]=0 v3) ==== 70+0+373 (secure 0 0 0) 0x7f18c000b3e0 con 0x7f18cc1a2040
2024-03-18T15:38:28.957 INFO:teuthology.orchestra.run.smithi099.stdout:/usr/bin/ceph: stderr
2024-03-18T15:38:28.260+0000 7f18d4600700 1 -- 172.21.15.99:0/2768605802 >> [v2:172.21.15.99:6800/1068899945,v1:172.21.15.99:6801/1068899945] conn(0x7f18b4038f20 msgr2=0x7f18b403b3e0 secure :-1 s=STATE_CONNECTION_ESTABLISHED l=1).mark_down
2024-03-18T15:38:28.957 INFO:teuthology.orchestra.run.smithi099.stdout:/usr/bin/ceph: stderr
2024-03-18T15:38:28.260+0000 7f18d4600700 1 --2- 172.21.15.99:0/2768605802 >> [v2:172.21.15.99:6800/1068899945,v1:172.21.15.99:6801/1068899945] conn(0x7f18b4038f20 0x7f18b403b3e0 secure :-1 s=READY pgs=7 cs=0 l=1 rev1=1 crypto rx=0x7f18b8006fd0 tx=0x7f18b8006e40 comp rx=0 tx=0).stop
2024-03-18T15:38:28.957 INFO:teuthology.orchestra.run.smithi099.stdout:/usr/bin/ceph: stderr
2024-03-18T15:38:28.260+0000 7f18d4600700 1 -- 172.21.15.99:0/2768605802 >> [v2:172.21.15.99:3300/0,v1:172.21.15.99:6789/0] conn(0x7f18cc1a2040 msgr2=0x7f18cc1a2460 secure :-1 s=STATE_CONNECTION_ESTABLISHED l=1).mark_down
2024-03-18T15:38:28.957 INFO:teuthology.orchestra.run.smithi099.stdout:/usr/bin/ceph: stderr
2024-03-18T15:38:28.260+0000 7f18d4600700 1 --2- 172.21.15.99:0/2768605802 >> [v2:172.21.15.99:3300/0,v1:172.21.15.99:6789/0] conn(0x7f18cc1a2040 0x7f18cc1a2460 secure :-1 s=READY pgs=21 cs=0 l=1 rev1=1 crypto rx=0x7f18c0011b60 tx=0x7f18c0011c40 comp rx=0 tx=0).stop
2024-03-18T15:38:28.958 INFO:teuthology.orchestra.run.smithi099.stdout:/usr/bin/ceph: stderr
2024-03-18T15:38:28.260+0000 7f18d4600700 1 -- 172.21.15.99:0/2768605802 shutdown_connections
2024-03-18T15:38:28.958 INFO:teuthology.orchestra.run.smithi099.stdout:/usr/bin/ceph: stderr
2024-03-18T15:38:28.260+0000 7f18d4600700 1 --2- 172.21.15.99:0/2768605802 >> [v2:172.21.15.99:6800/1068899945,v1:172.21.15.99:6801/1068899945] conn(0x7f18b4038f20 0x7f18b403b3e0 unknown :-1 s=CLOSED pgs=7 cs=0 l=1 rev1=1 crypto rx=0 tx=0 comp rx=0 tx=0).stop
2024-03-18T15:38:28.958 INFO:teuthology.orchestra.run.smithi099.stdout:/usr/bin/ceph: stderr
2024-03-18T15:38:28.260+0000 7f18d4600700 1 --2- 172.21.15.99:0/2768605802 >> [v2:172.21.15.99:3300/0,v1:172.21.15.99:6789/0] conn(0x7f18cc1a2040 0x7f18cc1a2460 unknown :-1 s=CLOSED pgs=21 cs=0 l=1 rev1=1 crypto rx=0 tx=0 comp rx=0 tx=0).stop
2024-03-18T15:38:28.958 INFO:teuthology.orchestra.run.smithi099.stdout:/usr/bin/ceph: stderr
2024-03-18T15:38:28.260+0000 7f18d4600700 1 -- 172.21.15.99:0/2768605802 >> 172.21.15.99:0/2768605802 conn(0x7f18cc07d100 msgr2=0x7f18cc07dc60 unknown :-1 s=STATE_NONE l=0).mark_down
2024-03-18T15:38:28.958 INFO:teuthology.orchestra.run.smithi099.stdout:/usr/bin/ceph: stderr
2024-03-18T15:38:28.260+0000 7f18d4600700 1 -- 172.21.15.99:0/2768605802 shutdown_connections
2024-03-18T15:38:28.958 INFO:teuthology.orchestra.run.smithi099.stdout:/usr/bin/ceph: stderr
2024-03-18T15:38:28.260+0000 7f18d4600700 1 -- 172.21.15.99:0/2768605802 wait complete.
2024-03-18T15:38:28.958 INFO:teuthology.orchestra.run.smithi099.stdout:Enabling cephadm module...
2024-03-18T15:38:30.228 INFO:journalctl@ceph.mon.a.smithi099.stdout:Mar 18 15:38:29 smithi099 ceph-mon[31499]: from='client.? 172.21.15.99:0/3483907572' entity='client.admin' cmd=[{"prefix": "mgr module enable", "module": "cephadm"}]: dispatch
2024-03-18T15:38:30.229 INFO:journalctl@ceph.mgr.x.smithi099.stdout:Mar 18 15:38:29 smithi099 ceph-27c5d3c2-e53d-11ee-95c9-87774f69a715-mgr-x[31724]: ignoring --setuser ceph since I am not root
2024-03-18T15:38:30.229 INFO:journalctl@ceph.mgr.x.smithi099.stdout:Mar 18 15:38:29 smithi099 ceph-27c5d3c2-e53d-11ee-95c9-87774f69a715-mgr-x[31724]: ignoring --setgroup ceph since I am not root
2024-03-18T15:38:30.572 INFO:teuthology.orchestra.run.smithi099.stdout:/usr/bin/ceph: stderr
2024-03-18T15:38:29.509+0000 7f1bbc600700 1 Processor -- start
2024-03-18T15:38:30.572 INFO:teuthology.orchestra.run.smithi099.stdout:/usr/bin/ceph: stderr
2024-03-18T15:38:29.509+0000 7f1bbc600700 1 -- start start
2024-03-18T15:38:30.572 INFO:teuthology.orchestra.run.smithi099.stdout:/usr/bin/ceph: stderr
2024-03-18T15:38:29.510+0000 7f1bbc600700 1 --2- >> [v2:172.21.15.99:3300/0,v1:172.21.15.99:6789/0] conn(0x7f1bb4109cf0 0x7f1bb410a110 unknown :-1 s=NONE pgs=0 cs=0 l=0 rev1=0 crypto rx=0 tx=0 comp rx=0 tx=0).connect
2024-03-18T15:38:30.572 INFO:teuthology.orchestra.run.smithi099.stdout:/usr/bin/ceph: stderr
2024-03-18T15:38:29.510+0000 7f1bbc600700 1 -- --> [v2:172.21.15.99:3300/0,v1:172.21.15.99:6789/0] -- mon_getmap magic: 0 -- 0x7f1bb410a6e0 con 0x7f1bb4109cf0
2024-03-18T15:38:30.572 INFO:teuthology.orchestra.run.smithi099.stdout:/usr/bin/ceph: stderr
2024-03-18T15:38:29.510+0000 7f1bb9c00700 1 --2- >> [v2:172.21.15.99:3300/0,v1:172.21.15.99:6789/0] conn(0x7f1bb4109cf0 0x7f1bb410a110 unknown :-1 s=BANNER_CONNECTING pgs=0 cs=0 l=0 rev1=0 crypto rx=0 tx=0 comp rx=0 tx=0)._handle_peer_banner_payload supported=3 required=0
2024-03-18T15:38:30.572 INFO:teuthology.orchestra.run.smithi099.stdout:/usr/bin/ceph: stderr
2024-03-18T15:38:29.510+0000 7f1bb9c00700 1 --2- >> [v2:172.21.15.99:3300/0,v1:172.21.15.99:6789/0] conn(0x7f1bb4109cf0 0x7f1bb410a110 unknown :-1 s=HELLO_CONNECTING pgs=0 cs=0 l=0 rev1=1 crypto rx=0 tx=0 comp rx=0 tx=0).handle_hello peer v2:172.21.15.99:3300/0 says I am v2:172.21.15.99:53696/0 (socket says 172.21.15.99:53696)
2024-03-18T15:38:30.572 INFO:teuthology.orchestra.run.smithi099.stdout:/usr/bin/ceph: stderr
2024-03-18T15:38:29.510+0000 7f1bb9c00700 1 -- 172.21.15.99:0/3506003269 learned_addr learned my addr 172.21.15.99:0/3506003269 (peer_addr_for_me v2:172.21.15.99:0/0)
2024-03-18T15:38:30.572 INFO:teuthology.orchestra.run.smithi099.stdout:/usr/bin/ceph: stderr
2024-03-18T15:38:29.511+0000 7f1bb9c00700 1 -- 172.21.15.99:0/3506003269 --> [v2:172.21.15.99:3300/0,v1:172.21.15.99:6789/0] -- mon_subscribe({config=0+,monmap=0+}) -- 0x7f1bb410aef0 con 0x7f1bb4109cf0
2024-03-18T15:38:30.572 INFO:teuthology.orchestra.run.smithi099.stdout:/usr/bin/ceph: stderr
2024-03-18T15:38:29.511+0000 7f1bb9c00700 1 --2- 172.21.15.99:0/3506003269 >> [v2:172.21.15.99:3300/0,v1:172.21.15.99:6789/0] conn(0x7f1bb4109cf0 0x7f1bb410a110 secure :-1 s=READY pgs=22 cs=0 l=1 rev1=1 crypto rx=0x7f1ba80098a0 tx=0x7f1ba8009bb0 comp rx=0 tx=0).ready entity=mon.0 client_cookie=7430f0b621547609 server_cookie=0 in_seq=0 out_seq=0
2024-03-18T15:38:30.572 INFO:teuthology.orchestra.run.smithi099.stdout:/usr/bin/ceph: stderr
2024-03-18T15:38:29.511+0000 7f1bb3e00700 1 -- 172.21.15.99:0/3506003269 <== mon.0 v2:172.21.15.99:3300/0 1 ==== mon_map magic: 0 ==== 205+0+0 (secure 0 0 0) 0x7f1ba8004160 con 0x7f1bb4109cf0
2024-03-18T15:38:30.572 INFO:teuthology.orchestra.run.smithi099.stdout:/usr/bin/ceph: stderr
2024-03-18T15:38:29.512+0000 7f1bb3e00700 1 -- 172.21.15.99:0/3506003269 <== mon.0 v2:172.21.15.99:3300/0 2 ==== config(27 keys) ==== 1109+0+0 (secure 0 0 0) 0x7f1ba8004300 con 0x7f1bb4109cf0
2024-03-18T15:38:30.573 INFO:teuthology.orchestra.run.smithi099.stdout:/usr/bin/ceph: stderr
2024-03-18T15:38:29.512+0000 7f1bb3e00700 1 -- 172.21.15.99:0/3506003269 <== mon.0 v2:172.21.15.99:3300/0 3 ==== mon_map magic: 0 ==== 205+0+0 (secure 0 0 0) 0x7f1ba8011b50 con 0x7f1bb4109cf0
2024-03-18T15:38:30.573 INFO:teuthology.orchestra.run.smithi099.stdout:/usr/bin/ceph: stderr
2024-03-18T15:38:29.512+0000 7f1bbc600700 1 -- 172.21.15.99:0/3506003269 >> [v2:172.21.15.99:3300/0,v1:172.21.15.99:6789/0] conn(0x7f1bb4109cf0 msgr2=0x7f1bb410a110 secure :-1 s=STATE_CONNECTION_ESTABLISHED l=1).mark_down
2024-03-18T15:38:30.573 INFO:teuthology.orchestra.run.smithi099.stdout:/usr/bin/ceph: stderr
2024-03-18T15:38:29.512+0000 7f1bbc600700 1 --2- 172.21.15.99:0/3506003269 >> [v2:172.21.15.99:3300/0,v1:172.21.15.99:6789/0] conn(0x7f1bb4109cf0 0x7f1bb410a110 secure :-1 s=READY pgs=22 cs=0 l=1 rev1=1 crypto rx=0x7f1ba80098a0 tx=0x7f1ba8009bb0 comp rx=0 tx=0).stop
2024-03-18T15:38:30.573 INFO:teuthology.orchestra.run.smithi099.stdout:/usr/bin/ceph: stderr
2024-03-18T15:38:29.512+0000 7f1bbc600700 1 -- 172.21.15.99:0/3506003269 shutdown_connections
2024-03-18T15:38:30.573 INFO:teuthology.orchestra.run.smithi099.stdout:/usr/bin/ceph: stderr
2024-03-18T15:38:29.512+0000 7f1bbc600700 1 --2- 172.21.15.99:0/3506003269 >> [v2:172.21.15.99:3300/0,v1:172.21.15.99:6789/0] conn(0x7f1bb4109cf0 0x7f1bb410a110 unknown :-1 s=CLOSED pgs=22 cs=0 l=1 rev1=1 crypto rx=0 tx=0 comp rx=0 tx=0).stop
2024-03-18T15:38:30.573 INFO:teuthology.orchestra.run.smithi099.stdout:/usr/bin/ceph: stderr
2024-03-18T15:38:29.512+0000 7f1bbc600700 1 -- 172.21.15.99:0/3506003269 >> 172.21.15.99:0/3506003269 conn(0x7f1bb407d100 msgr2=0x7f1bb407d510 unknown :-1 s=STATE_NONE l=0).mark_down
2024-03-18T15:38:30.573 INFO:teuthology.orchestra.run.smithi099.stdout:/usr/bin/ceph: stderr
2024-03-18T15:38:29.512+0000 7f1bbc600700 1 -- 172.21.15.99:0/3506003269 shutdown_connections
2024-03-18T15:38:30.573 INFO:teuthology.orchestra.run.smithi099.stdout:/usr/bin/ceph: stderr
2024-03-18T15:38:29.512+0000 7f1bbc600700 1 -- 172.21.15.99:0/3506003269 wait complete.
2024-03-18T15:38:30.573 INFO:teuthology.orchestra.run.smithi099.stdout:/usr/bin/ceph: stderr
2024-03-18T15:38:29.513+0000 7f1bbc600700 1 Processor -- start
2024-03-18T15:38:30.573 INFO:teuthology.orchestra.run.smithi099.stdout:/usr/bin/ceph: stderr
2024-03-18T15:38:29.513+0000 7f1bbc600700 1 -- start start
2024-03-18T15:38:30.573 INFO:teuthology.orchestra.run.smithi099.stdout:/usr/bin/ceph: stderr
2024-03-18T15:38:29.514+0000 7f1bbc600700 1 --2- >> [v2:172.21.15.99:3300/0,v1:172.21.15.99:6789/0] conn(0x7f1bb4109cf0 0x7f1bb419dca0 unknown :-1 s=NONE pgs=0 cs=0 l=1 rev1=0 crypto rx=0 tx=0 comp rx=0 tx=0).connect
2024-03-18T15:38:30.573 INFO:teuthology.orchestra.run.smithi099.stdout:/usr/bin/ceph: stderr
2024-03-18T15:38:29.514+0000 7f1bbc600700 1 -- --> [v2:172.21.15.99:3300/0,v1:172.21.15.99:6789/0] -- mon_getmap magic: 0 -- 0x7f1bb410e2a0 con 0x7f1bb4109cf0
2024-03-18T15:38:30.573 INFO:teuthology.orchestra.run.smithi099.stdout:/usr/bin/ceph: stderr
