2024-03-18T15:38:33.311+0000 7fd737400700 1 -- 172.21.15.99:0/2825651381 >> [v2:172.21.15.99:6800/1068899945,v1:172.21.15.99:6801/1068899945] conn(0x7fd71c038ed0 msgr2=0x7fd71c03b390 unknown :-1 s=STATE_CONNECTING_RE l=1).process reconnect failed to v2:172.21.15.99:6800/1068899945
2024-03-18T15:38:40.352 INFO:teuthology.orchestra.run.smithi099.stdout:/usr/bin/ceph: stderr
2024-03-18T15:38:33.311+0000 7fd737400700 1 --2- 172.21.15.99:0/2825651381 >> [v2:172.21.15.99:6800/1068899945,v1:172.21.15.99:6801/1068899945] conn(0x7fd71c038ed0 0x7fd71c03b390 unknown :-1 s=START_CONNECT pgs=0 cs=0 l=1 rev1=0 crypto rx=0 tx=0 comp rx=0 tx=0)._fault waiting 0.800000
2024-03-18T15:38:40.352 INFO:teuthology.orchestra.run.smithi099.stdout:/usr/bin/ceph: stderr
2024-03-18T15:38:34.112+0000 7fd737400700 1 -- 172.21.15.99:0/2825651381 >> [v2:172.21.15.99:6800/1068899945,v1:172.21.15.99:6801/1068899945] conn(0x7fd71c038ed0 msgr2=0x7fd71c03b390 unknown :-1 s=STATE_CONNECTING_RE l=1).process reconnect failed to v2:172.21.15.99:6800/1068899945
2024-03-18T15:38:40.352 INFO:teuthology.orchestra.run.smithi099.stdout:/usr/bin/ceph: stderr
2024-03-18T15:38:34.112+0000 7fd737400700 1 --2- 172.21.15.99:0/2825651381 >> [v2:172.21.15.99:6800/1068899945,v1:172.21.15.99:6801/1068899945] conn(0x7fd71c038ed0 0x7fd71c03b390 unknown :-1 s=START_CONNECT pgs=0 cs=0 l=1 rev1=0 crypto rx=0 tx=0 comp rx=0 tx=0)._fault waiting 1.600000
2024-03-18T15:38:40.352 INFO:teuthology.orchestra.run.smithi099.stdout:/usr/bin/ceph: stderr
2024-03-18T15:38:35.714+0000 7fd737400700 1 -- 172.21.15.99:0/2825651381 >> [v2:172.21.15.99:6800/1068899945,v1:172.21.15.99:6801/1068899945] conn(0x7fd71c038ed0 msgr2=0x7fd71c03b390 unknown :-1 s=STATE_CONNECTING_RE l=1).process reconnect failed to v2:172.21.15.99:6800/1068899945
2024-03-18T15:38:40.352 INFO:teuthology.orchestra.run.smithi099.stdout:/usr/bin/ceph: stderr
2024-03-18T15:38:35.714+0000 7fd737400700 1 --2- 172.21.15.99:0/2825651381 >> [v2:172.21.15.99:6800/1068899945,v1:172.21.15.99:6801/1068899945] conn(0x7fd71c038ed0 0x7fd71c03b390 unknown :-1 s=START_CONNECT pgs=0 cs=0 l=1 rev1=0 crypto rx=0 tx=0 comp rx=0 tx=0)._fault waiting 3.200000
2024-03-18T15:38:40.353 INFO:teuthology.orchestra.run.smithi099.stdout:/usr/bin/ceph: stderr
2024-03-18T15:38:38.680+0000 7fd734c00700 1 -- 172.21.15.99:0/2825651381 <== mon.0 v2:172.21.15.99:3300/0 6 ==== mgrmap(e 6) ==== 45873+0+0 (secure 0 0 0) 0x7fd728024430 con 0x7fd73807de40
2024-03-18T15:38:40.353 INFO:teuthology.orchestra.run.smithi099.stdout:/usr/bin/ceph: stderr
2024-03-18T15:38:38.681+0000 7fd734c00700 1 -- 172.21.15.99:0/2825651381 >> [v2:172.21.15.99:6800/1068899945,v1:172.21.15.99:6801/1068899945] conn(0x7fd71c038ed0 msgr2=0x7fd71c03b390 unknown :-1 s=STATE_CONNECTING l=1).mark_down
2024-03-18T15:38:40.353 INFO:teuthology.orchestra.run.smithi099.stdout:/usr/bin/ceph: stderr
2024-03-18T15:38:38.681+0000 7fd734c00700 1 --2- 172.21.15.99:0/2825651381 >> [v2:172.21.15.99:6800/1068899945,v1:172.21.15.99:6801/1068899945] conn(0x7fd71c038ed0 0x7fd71c03b390 unknown :-1 s=START_CONNECT pgs=0 cs=0 l=1 rev1=0 crypto rx=0 tx=0 comp rx=0 tx=0).stop
2024-03-18T15:38:40.353 INFO:teuthology.orchestra.run.smithi099.stdout:/usr/bin/ceph: stderr
2024-03-18T15:38:39.685+0000 7fd734c00700 1 -- 172.21.15.99:0/2825651381 <== mon.0 v2:172.21.15.99:3300/0 7 ==== mgrmap(e 7) ==== 46000+0+0 (secure 0 0 0) 0x7fd72804f2f0 con 0x7fd73807de40
2024-03-18T15:38:40.353 INFO:teuthology.orchestra.run.smithi099.stdout:/usr/bin/ceph: stderr
2024-03-18T15:38:39.686+0000 7fd734c00700 1 --2- 172.21.15.99:0/2825651381 >> [v2:172.21.15.99:6800/2839808343,v1:172.21.15.99:6801/2839808343] conn(0x7fd71c03c7c0 0x7fd71c03ebb0 unknown :-1 s=NONE pgs=0 cs=0 l=1 rev1=0 crypto rx=0 tx=0 comp rx=0 tx=0).connect
2024-03-18T15:38:40.353 INFO:teuthology.orchestra.run.smithi099.stdout:/usr/bin/ceph: stderr
2024-03-18T15:38:39.686+0000 7fd734c00700 1 -- 172.21.15.99:0/2825651381 --> [v2:172.21.15.99:6800/2839808343,v1:172.21.15.99:6801/2839808343] -- command(tid 0: {"prefix": "get_command_descriptions"}) -- 0x7fd728028e70 con 0x7fd71c03c7c0
2024-03-18T15:38:40.353 INFO:teuthology.orchestra.run.smithi099.stdout:/usr/bin/ceph: stderr
2024-03-18T15:38:39.687+0000 7fd737400700 1 --2- 172.21.15.99:0/2825651381 >> [v2:172.21.15.99:6800/2839808343,v1:172.21.15.99:6801/2839808343] conn(0x7fd71c03c7c0 0x7fd71c03ebb0 unknown :-1 s=BANNER_CONNECTING pgs=0 cs=0 l=1 rev1=0 crypto rx=0 tx=0 comp rx=0 tx=0)._handle_peer_banner_payload supported=3 required=0
2024-03-18T15:38:40.353 INFO:teuthology.orchestra.run.smithi099.stdout:/usr/bin/ceph: stderr
2024-03-18T15:38:39.689+0000 7fd737400700 1 --2- 172.21.15.99:0/2825651381 >> [v2:172.21.15.99:6800/2839808343,v1:172.21.15.99:6801/2839808343] conn(0x7fd71c03c7c0 0x7fd71c03ebb0 secure :-1 s=READY pgs=2 cs=0 l=1 rev1=1 crypto rx=0x7fd724003a10 tx=0x7fd724009290 comp rx=0 tx=0).ready entity=mgr.14120 client_cookie=0 server_cookie=0 in_seq=0 out_seq=0
2024-03-18T15:38:40.353 INFO:teuthology.orchestra.run.smithi099.stdout:/usr/bin/ceph: stderr
2024-03-18T15:38:39.690+0000 7fd734c00700 1 -- 172.21.15.99:0/2825651381 <== mgr.14120 v2:172.21.15.99:6800/2839808343 1 ==== command_reply(tid 0: 0 ) ==== 8+0+7774 (secure 0 0 0) 0x7fd728028e70 con 0x7fd71c03c7c0
2024-03-18T15:38:40.353 INFO:teuthology.orchestra.run.smithi099.stdout:/usr/bin/ceph: stderr
2024-03-18T15:38:39.698+0000 7fd73f200700 1 -- 172.21.15.99:0/2825651381 --> [v2:172.21.15.99:6800/2839808343,v1:172.21.15.99:6801/2839808343] -- command(tid 1: {"prefix": "mgr_status"}) -- 0x7fd738063900 con 0x7fd71c03c7c0
2024-03-18T15:38:40.353 INFO:teuthology.orchestra.run.smithi099.stdout:/usr/bin/ceph: stderr
2024-03-18T15:38:39.698+0000 7fd734c00700 1 -- 172.21.15.99:0/2825651381 <== mgr.14120 v2:172.21.15.99:6800/2839808343 2 ==== command_reply(tid 1: 0 ) ==== 8+0+51 (secure 0 0 0) 0x7fd738063900 con 0x7fd71c03c7c0
2024-03-18T15:38:40.353 INFO:teuthology.orchestra.run.smithi099.stdout:/usr/bin/ceph: stderr
2024-03-18T15:38:39.699+0000 7fd73f200700 1 -- 172.21.15.99:0/2825651381 >> [v2:172.21.15.99:6800/2839808343,v1:172.21.15.99:6801/2839808343] conn(0x7fd71c03c7c0 msgr2=0x7fd71c03ebb0 secure :-1 s=STATE_CONNECTION_ESTABLISHED l=1).mark_down
2024-03-18T15:38:40.353 INFO:teuthology.orchestra.run.smithi099.stdout:/usr/bin/ceph: stderr
2024-03-18T15:38:39.699+0000 7fd73f200700 1 --2- 172.21.15.99:0/2825651381 >> [v2:172.21.15.99:6800/2839808343,v1:172.21.15.99:6801/2839808343] conn(0x7fd71c03c7c0 0x7fd71c03ebb0 secure :-1 s=READY pgs=2 cs=0 l=1 rev1=1 crypto rx=0x7fd724003a10 tx=0x7fd724009290 comp rx=0 tx=0).stop
2024-03-18T15:38:40.353 INFO:teuthology.orchestra.run.smithi099.stdout:/usr/bin/ceph: stderr
2024-03-18T15:38:39.699+0000 7fd73f200700 1 -- 172.21.15.99:0/2825651381 >> [v2:172.21.15.99:3300/0,v1:172.21.15.99:6789/0] conn(0x7fd73807de40 msgr2=0x7fd73819dcb0 secure :-1 s=STATE_CONNECTION_ESTABLISHED l=1).mark_down
2024-03-18T15:38:40.353 INFO:teuthology.orchestra.run.smithi099.stdout:/usr/bin/ceph: stderr
2024-03-18T15:38:39.699+0000 7fd73f200700 1 --2- 172.21.15.99:0/2825651381 >> [v2:172.21.15.99:3300/0,v1:172.21.15.99:6789/0] conn(0x7fd73807de40 0x7fd73819dcb0 secure :-1 s=READY pgs=29 cs=0 l=1 rev1=1 crypto rx=0x7fd728011670 tx=0x7fd728011b60 comp rx=0 tx=0).stop
2024-03-18T15:38:40.353 INFO:teuthology.orchestra.run.smithi099.stdout:/usr/bin/ceph: stderr
2024-03-18T15:38:39.699+0000 7fd73f200700 1 -- 172.21.15.99:0/2825651381 shutdown_connections
2024-03-18T15:38:40.354 INFO:teuthology.orchestra.run.smithi099.stdout:/usr/bin/ceph: stderr
2024-03-18T15:38:39.699+0000 7fd73f200700 1 --2- 172.21.15.99:0/2825651381 >> [v2:172.21.15.99:6800/2839808343,v1:172.21.15.99:6801/2839808343] conn(0x7fd71c03c7c0 0x7fd71c03ebb0 unknown :-1 s=CLOSED pgs=2 cs=0 l=1 rev1=1 crypto rx=0 tx=0 comp rx=0 tx=0).stop
2024-03-18T15:38:40.354 INFO:teuthology.orchestra.run.smithi099.stdout:/usr/bin/ceph: stderr
2024-03-18T15:38:39.699+0000 7fd73f200700 1 --2- 172.21.15.99:0/2825651381 >> [v2:172.21.15.99:3300/0,v1:172.21.15.99:6789/0] conn(0x7fd73807de40 0x7fd73819dcb0 unknown :-1 s=CLOSED pgs=29 cs=0 l=1 rev1=1 crypto rx=0 tx=0 comp rx=0 tx=0).stop
2024-03-18T15:38:40.354 INFO:teuthology.orchestra.run.smithi099.stdout:/usr/bin/ceph: stderr
2024-03-18T15:38:39.699+0000 7fd73f200700 1 --2- 172.21.15.99:0/2825651381 >> [v2:172.21.15.99:6800/1068899945,v1:172.21.15.99:6801/1068899945] conn(0x7fd71c038ed0 0x7fd71c03b390 unknown :-1 s=CLOSED pgs=0 cs=0 l=1 rev1=0 crypto rx=0 tx=0 comp rx=0 tx=0).stop
2024-03-18T15:38:40.354 INFO:teuthology.orchestra.run.smithi099.stdout:/usr/bin/ceph: stderr
2024-03-18T15:38:39.699+0000 7fd73f200700 1 -- 172.21.15.99:0/2825651381 >> 172.21.15.99:0/2825651381 conn(0x7fd7381030e0 msgr2=0x7fd738103c10 unknown :-1 s=STATE_NONE l=0).mark_down
2024-03-18T15:38:40.354 INFO:teuthology.orchestra.run.smithi099.stdout:/usr/bin/ceph: stderr
2024-03-18T15:38:39.699+0000 7fd73f200700 1 -- 172.21.15.99:0/2825651381 shutdown_connections
2024-03-18T15:38:40.354 INFO:teuthology.orchestra.run.smithi099.stdout:/usr/bin/ceph: stderr
2024-03-18T15:38:39.699+0000 7fd73f200700 1 -- 172.21.15.99:0/2825651381 wait complete.
2024-03-18T15:38:40.354 INFO:teuthology.orchestra.run.smithi099.stdout:mgr epoch 5 is available
2024-03-18T15:38:40.354 INFO:teuthology.orchestra.run.smithi099.stdout:Setting orchestrator backend to cephadm...
2024-03-18T15:38:40.918 INFO:journalctl@ceph.mon.a.smithi099.stdout:Mar 18 15:38:40 smithi099 ceph-mon[31499]: from='client.14124 -' entity='client.admin' cmd=[{"prefix": "get_command_descriptions"}]: dispatch
2024-03-18T15:38:40.919 INFO:journalctl@ceph.mon.a.smithi099.stdout:Mar 18 15:38:40 smithi099 ceph-mon[31499]: from='client.14124 -' entity='client.admin' cmd=[{"prefix": "mgr_status"}]: dispatch
2024-03-18T15:38:40.919 INFO:journalctl@ceph.mon.a.smithi099.stdout:Mar 18 15:38:40 smithi099 ceph-mon[31499]: [18/Mar/2024:15:38:39] ENGINE Bus STARTING
2024-03-18T15:38:40.919 INFO:journalctl@ceph.mon.a.smithi099.stdout:Mar 18 15:38:40 smithi099 ceph-mon[31499]: [18/Mar/2024:15:38:39] ENGINE Serving on http://172.21.15.99:8765
2024-03-18T15:38:40.919 INFO:journalctl@ceph.mon.a.smithi099.stdout:Mar 18 15:38:40 smithi099 ceph-mon[31499]: from='mgr.14120 172.21.15.99:0/2567819455' entity='mgr.x' cmd=[{"prefix": "config dump", "format": "json"}]: dispatch
2024-03-18T15:38:41.765 INFO:journalctl@ceph.mon.a.smithi099.stdout:Mar 18 15:38:41 smithi099 ceph-mon[31499]: [18/Mar/2024:15:38:40] ENGINE Serving on https://172.21.15.99:7150
2024-03-18T15:38:41.765 INFO:journalctl@ceph.mon.a.smithi099.stdout:Mar 18 15:38:41 smithi099 ceph-mon[31499]: [18/Mar/2024:15:38:40] ENGINE Bus STARTED
2024-03-18T15:38:41.765 INFO:journalctl@ceph.mon.a.smithi099.stdout:Mar 18 15:38:41 smithi099 ceph-mon[31499]: mgrmap e8: x(active, since 2s)
2024-03-18T15:38:41.766 INFO:journalctl@ceph.mon.a.smithi099.stdout:Mar 18 15:38:41 smithi099 ceph-mon[31499]: from='mgr.14120 172.21.15.99:0/2567819455' entity='mgr.x'
2024-03-18T15:38:41.766 INFO:journalctl@ceph.mon.a.smithi099.stdout:Mar 18 15:38:41 smithi099 ceph-mon[31499]: from='mgr.14120 172.21.15.99:0/2567819455' entity='mgr.x' cmd=[{"prefix": "config dump", "format": "json"}]: dispatch
2024-03-18T15:38:41.835 INFO:teuthology.orchestra.run.smithi099.stdout:/usr/bin/ceph: stderr
2024-03-18T15:38:40.916+0000 7f7e9ce00700 1 Processor -- start
2024-03-18T15:38:41.835 INFO:teuthology.orchestra.run.smithi099.stdout:/usr/bin/ceph: stderr
2024-03-18T15:38:40.917+0000 7f7e9ce00700 1 -- start start
2024-03-18T15:38:41.835 INFO:teuthology.orchestra.run.smithi099.stdout:/usr/bin/ceph: stderr
2024-03-18T15:38:40.917+0000 7f7e9ce00700 1 --2- >> [v2:172.21.15.99:3300/0,v1:172.21.15.99:6789/0] conn(0x7f7e980822d0 0x7f7e98110ca0 unknown :-1 s=NONE pgs=0 cs=0 l=0 rev1=0 crypto rx=0 tx=0 comp rx=0 tx=0).connect
2024-03-18T15:38:41.835 INFO:teuthology.orchestra.run.smithi099.stdout:/usr/bin/ceph: stderr
2024-03-18T15:38:40.917+0000 7f7e9ce00700 1 -- --> [v2:172.21.15.99:3300/0,v1:172.21.15.99:6789/0] -- mon_getmap magic: 0 -- 0x7f7e98111270 con 0x7f7e980822d0
2024-03-18T15:38:41.836 INFO:teuthology.orchestra.run.smithi099.stdout:/usr/bin/ceph: stderr
2024-03-18T15:38:40.918+0000 7f7e95e00700 1 --2- >> [v2:172.21.15.99:3300/0,v1:172.21.15.99:6789/0] conn(0x7f7e980822d0 0x7f7e98110ca0 unknown :-1 s=BANNER_CONNECTING pgs=0 cs=0 l=0 rev1=0 crypto rx=0 tx=0 comp rx=0 tx=0)._handle_peer_banner_payload supported=3 required=0
2024-03-18T15:38:41.836 INFO:teuthology.orchestra.run.smithi099.stdout:/usr/bin/ceph: stderr
2024-03-18T15:38:40.918+0000 7f7e95e00700 1 --2- >> [v2:172.21.15.99:3300/0,v1:172.21.15.99:6789/0] conn(0x7f7e980822d0 0x7f7e98110ca0 unknown :-1 s=HELLO_CONNECTING pgs=0 cs=0 l=0 rev1=1 crypto rx=0 tx=0 comp rx=0 tx=0).handle_hello peer v2:172.21.15.99:3300/0 says I am v2:172.21.15.99:37944/0 (socket says 172.21.15.99:37944)
2024-03-18T15:38:41.836 INFO:teuthology.orchestra.run.smithi099.stdout:/usr/bin/ceph: stderr
2024-03-18T15:38:40.918+0000 7f7e95e00700 1 -- 172.21.15.99:0/2781527031 learned_addr learned my addr 172.21.15.99:0/2781527031 (peer_addr_for_me v2:172.21.15.99:0/0)
2024-03-18T15:38:41.836 INFO:teuthology.orchestra.run.smithi099.stdout:/usr/bin/ceph: stderr
2024-03-18T15:38:40.918+0000 7f7e95e00700 1 -- 172.21.15.99:0/2781527031 --> [v2:172.21.15.99:3300/0,v1:172.21.15.99:6789/0] -- mon_subscribe({config=0+,monmap=0+}) -- 0x7f7e981113f0 con 0x7f7e980822d0
2024-03-18T15:38:41.836 INFO:teuthology.orchestra.run.smithi099.stdout:/usr/bin/ceph: stderr
2024-03-18T15:38:40.918+0000 7f7e95e00700 1 --2- 172.21.15.99:0/2781527031 >> [v2:172.21.15.99:3300/0,v1:172.21.15.99:6789/0] conn(0x7f7e980822d0 0x7f7e98110ca0 secure :-1 s=READY pgs=37 cs=0 l=1 rev1=1 crypto rx=0x7f7e880098a0 tx=0x7f7e88009bb0 comp rx=0 tx=0).ready entity=mon.0 client_cookie=1d6b7a4e00a7a460 server_cookie=0 in_seq=0 out_seq=0
2024-03-18T15:38:41.836 INFO:teuthology.orchestra.run.smithi099.stdout:/usr/bin/ceph: stderr
2024-03-18T15:38:40.919+0000 7f7e95400700 1 -- 172.21.15.99:0/2781527031 <== mon.0 v2:172.21.15.99:3300/0 1 ==== mon_map magic: 0 ==== 205+0+0 (secure 0 0 0) 0x7f7e88004160 con 0x7f7e980822d0
2024-03-18T15:38:41.836 INFO:teuthology.orchestra.run.smithi099.stdout:/usr/bin/ceph: stderr
2024-03-18T15:38:40.919+0000 7f7e95400700 1 -- 172.21.15.99:0/2781527031 <== mon.0 v2:172.21.15.99:3300/0 2 ==== config(27 keys) ==== 1109+0+0 (secure 0 0 0) 0x7f7e88004300 con 0x7f7e980822d0
2024-03-18T15:38:41.836 INFO:teuthology.orchestra.run.smithi099.stdout:/usr/bin/ceph: stderr
2024-03-18T15:38:40.919+0000 7f7e95400700 1 -- 172.21.15.99:0/2781527031 <== mon.0 v2:172.21.15.99:3300/0 3 ==== mon_map magic: 0 ==== 205+0+0 (secure 0 0 0) 0x7f7e88011b50 con 0x7f7e980822d0
2024-03-18T15:38:41.836 INFO:teuthology.orchestra.run.smithi099.stdout:/usr/bin/ceph: stderr
2024-03-18T15:38:40.919+0000 7f7e9ce00700 1 -- 172.21.15.99:0/2781527031 >> [v2:172.21.15.99:3300/0,v1:172.21.15.99:6789/0] conn(0x7f7e980822d0 msgr2=0x7f7e98110ca0 secure :-1 s=STATE_CONNECTION_ESTABLISHED l=1).mark_down
2024-03-18T15:38:41.836 INFO:teuthology.orchestra.run.smithi099.stdout:/usr/bin/ceph: stderr
2024-03-18T15:38:40.919+0000 7f7e9ce00700 1 --2- 172.21.15.99:0/2781527031 >> [v2:172.21.15.99:3300/0,v1:172.21.15.99:6789/0] conn(0x7f7e980822d0 0x7f7e98110ca0 secure :-1 s=READY pgs=37 cs=0 l=1 rev1=1 crypto rx=0x7f7e880098a0 tx=0x7f7e88009bb0 comp rx=0 tx=0).stop
2024-03-18T15:38:41.836 INFO:teuthology.orchestra.run.smithi099.stdout:/usr/bin/ceph: stderr
2024-03-18T15:38:40.920+0000 7f7e9ce00700 1 -- 172.21.15.99:0/2781527031 shutdown_connections
2024-03-18T15:38:41.840 INFO:teuthology.orchestra.run.smithi099.stdout:/usr/bin/ceph: stderr
2024-03-18T15:38:40.920+0000 7f7e9ce00700 1 --2- 172.21.15.99:0/2781527031 >> [v2:172.21.15.99:3300/0,v1:172.21.15.99:6789/0] conn(0x7f7e980822d0 0x7f7e98110ca0 unknown :-1 s=CLOSED pgs=37 cs=0 l=1 rev1=1 crypto rx=0 tx=0 comp rx=0 tx=0).stop
2024-03-18T15:38:41.840 INFO:teuthology.orchestra.run.smithi099.stdout:/usr/bin/ceph: stderr
2024-03-18T15:38:40.920+0000 7f7e9ce00700 1 -- 172.21.15.99:0/2781527031 >> 172.21.15.99:0/2781527031 conn(0x7f7e9807d100 msgr2=0x7f7e9807f520 unknown :-1 s=STATE_NONE l=0).mark_down
2024-03-18T15:38:41.840 INFO:teuthology.orchestra.run.smithi099.stdout:/usr/bin/ceph: stderr
2024-03-18T15:38:40.920+0000 7f7e9ce00700 1 -- 172.21.15.99:0/2781527031 shutdown_connections
2024-03-18T15:38:41.840 INFO:teuthology.orchestra.run.smithi099.stdout:/usr/bin/ceph: stderr
2024-03-18T15:38:40.920+0000 7f7e9ce00700 1 -- 172.21.15.99:0/2781527031 wait complete.
2024-03-18T15:38:41.840 INFO:teuthology.orchestra.run.smithi099.stdout:/usr/bin/ceph: stderr
2024-03-18T15:38:40.921+0000 7f7e9ce00700 1 Processor -- start
2024-03-18T15:38:41.840 INFO:teuthology.orchestra.run.smithi099.stdout:/usr/bin/ceph: stderr
2024-03-18T15:38:40.921+0000 7f7e9ce00700 1 -- start start
2024-03-18T15:38:41.840 INFO:teuthology.orchestra.run.smithi099.stdout:/usr/bin/ceph: stderr
2024-03-18T15:38:40.921+0000 7f7e9ce00700 1 --2- >> [v2:172.21.15.99:3300/0,v1:172.21.15.99:6789/0] conn(0x7f7e981a2030 0x7f7e981a2450 unknown :-1 s=NONE pgs=0 cs=0 l=1 rev1=0 crypto rx=0 tx=0 comp rx=0 tx=0).connect
2024-03-18T15:38:41.841 INFO:teuthology.orchestra.run.smithi099.stdout:/usr/bin/ceph: stderr
2024-03-18T15:38:40.921+0000 7f7e9ce00700 1 -- --> [v2:172.21.15.99:3300/0,v1:172.21.15.99:6789/0] -- mon_getmap magic: 0 -- 0x7f7e981124d0 con 0x7f7e981a2030
2024-03-18T15:38:41.841 INFO:teuthology.orchestra.run.smithi099.stdout:/usr/bin/ceph: stderr
2024-03-18T15:38:40.921+0000 7f7e95e00700 1 --2- >> [v2:172.21.15.99:3300/0,v1:172.21.15.99:6789/0] conn(0x7f7e981a2030 0x7f7e981a2450 unknown :-1 s=BANNER_CONNECTING pgs=0 cs=0 l=1 rev1=0 crypto rx=0 tx=0 comp rx=0 tx=0)._handle_peer_banner_payload supported=3 required=0
2024-03-18T15:38:41.841 INFO:teuthology.orchestra.run.smithi099.stdout:/usr/bin/ceph: stderr
2024-03-18T15:38:40.921+0000 7f7e95e00700 1 --2- >> [v2:172.21.15.99:3300/0,v1:172.21.15.99:6789/0] conn(0x7f7e981a2030 0x7f7e981a2450 unknown :-1 s=HELLO_CONNECTING pgs=0 cs=0 l=1 rev1=1 crypto rx=0 tx=0 comp rx=0 tx=0).handle_hello peer v2:172.21.15.99:3300/0 says I am v2:172.21.15.99:37958/0 (socket says 172.21.15.99:37958)
2024-03-18T15:38:41.841 INFO:teuthology.orchestra.run.smithi099.stdout:/usr/bin/ceph: stderr
2024-03-18T15:38:40.921+0000 7f7e95e00700 1 -- 172.21.15.99:0/255269983 learned_addr learned my addr 172.21.15.99:0/255269983 (peer_addr_for_me v2:172.21.15.99:0/0)
2024-03-18T15:38:41.841 INFO:teuthology.orchestra.run.smithi099.stdout:/usr/bin/ceph: stderr
2024-03-18T15:38:40.922+0000 7f7e95e00700 1 -- 172.21.15.99:0/255269983 --> [v2:172.21.15.99:3300/0,v1:172.21.15.99:6789/0] -- mon_subscribe({config=0+,monmap=0+}) -- 0x7f7e981a2990 con 0x7f7e981a2030
2024-03-18T15:38:41.841 INFO:teuthology.orchestra.run.smithi099.stdout:/usr/bin/ceph: stderr
2024-03-18T15:38:40.922+0000 7f7e95e00700 1 --2- 172.21.15.99:0/255269983 >> [v2:172.21.15.99:3300/0,v1:172.21.15.99:6789/0] conn(0x7f7e981a2030 0x7f7e981a2450 secure :-1 s=READY pgs=38 cs=0 l=1 rev1=1 crypto rx=0x7f7e88011b60 tx=0x7f7e88011c40 comp rx=0 tx=0).ready entity=mon.0 client_cookie=0 server_cookie=0 in_seq=0 out_seq=0
2024-03-18T15:38:41.841 INFO:teuthology.orchestra.run.smithi099.stdout:/usr/bin/ceph: stderr
2024-03-18T15:38:40.922+0000 7f7e8ea00700 1 -- 172.21.15.99:0/255269983 <== mon.0 v2:172.21.15.99:3300/0 1 ==== mon_map magic: 0 ==== 205+0+0 (secure 0 0 0) 0x7f7e88003b20 con 0x7f7e981a2030
2024-03-18T15:38:41.841 INFO:teuthology.orchestra.run.smithi099.stdout:/usr/bin/ceph: stderr
2024-03-18T15:38:40.922+0000 7f7e9ce00700 1 -- 172.21.15.99:0/255269983 --> [v2:172.21.15.99:3300/0,v1:172.21.15.99:6789/0] -- mon_subscribe({mgrmap=0+}) -- 0x7f7e981a2c20 con 0x7f7e981a2030
2024-03-18T15:38:41.841 INFO:teuthology.orchestra.run.smithi099.stdout:/usr/bin/ceph: stderr
2024-03-18T15:38:40.922+0000 7f7e8ea00700 1 -- 172.21.15.99:0/255269983 <== mon.0 v2:172.21.15.99:3300/0 2 ==== config(27 keys) ==== 1109+0+0 (secure 0 0 0) 0x7f7e88003cc0 con 0x7f7e981a2030
2024-03-18T15:38:41.841 INFO:teuthology.orchestra.run.smithi099.stdout:/usr/bin/ceph: stderr
2024-03-18T15:38:40.922+0000 7f7e8ea00700 1 -- 172.21.15.99:0/255269983 <== mon.0 v2:172.21.15.99:3300/0 3 ==== mon_map magic: 0 ==== 205+0+0 (secure 0 0 0) 0x7f7e88024840 con 0x7f7e981a2030
2024-03-18T15:38:41.841 INFO:teuthology.orchestra.run.smithi099.stdout:/usr/bin/ceph: stderr
2024-03-18T15:38:40.922+0000 7f7e9ce00700 1 -- 172.21.15.99:0/255269983 --> [v2:172.21.15.99:3300/0,v1:172.21.15.99:6789/0] -- mon_subscribe({osdmap=0}) -- 0x7f7e981a5700 con 0x7f7e981a2030
2024-03-18T15:38:41.841 INFO:teuthology.orchestra.run.smithi099.stdout:/usr/bin/ceph: stderr
2024-03-18T15:38:40.923+0000 7f7e8ea00700 1 -- 172.21.15.99:0/255269983 <== mon.0 v2:172.21.15.99:3300/0 4 ==== mgrmap(e 8) ==== 46106+0+0 (secure 0 0 0) 0x7f7e88022020 con 0x7f7e981a2030
2024-03-18T15:38:41.841 INFO:teuthology.orchestra.run.smithi099.stdout:/usr/bin/ceph: stderr
2024-03-18T15:38:40.923+0000 7f7e9ce00700 1 -- 172.21.15.99:0/255269983 --> [v2:172.21.15.99:3300/0,v1:172.21.15.99:6789/0] -- mon_command({"prefix": "get_command_descriptions"} v 0) -- 0x7f7e98063900 con 0x7f7e981a2030
2024-03-18T15:38:41.842 INFO:teuthology.orchestra.run.smithi099.stdout:/usr/bin/ceph: stderr
2024-03-18T15:38:40.924+0000 7f7e8ea00700 1 --2- 172.21.15.99:0/255269983 >> [v2:172.21.15.99:6800/2839808343,v1:172.21.15.99:6801/2839808343] conn(0x7f7e7c038f70 0x7f7e7c03b430 unknown :-1 s=NONE pgs=0 cs=0 l=1 rev1=0 crypto rx=0 tx=0 comp rx=0 tx=0).connect
2024-03-18T15:38:41.842 INFO:teuthology.orchestra.run.smithi099.stdout:/usr/bin/ceph: stderr
2024-03-18T15:38:40.924+0000 7f7e8ea00700 1 -- 172.21.15.99:0/255269983 <== mon.0 v2:172.21.15.99:3300/0 5 ==== osd_map(2..2 src has 1..2) ==== 940+0+0 (secure 0 0 0) 0x7f7e88011e00 con 0x7f7e981a2030
2024-03-18T15:38:41.842 INFO:teuthology.orchestra.run.smithi099.stdout:/usr/bin/ceph: stderr
2024-03-18T15:38:40.924+0000 7f7e8fe00700 1 --2- 172.21.15.99:0/255269983 >> [v2:172.21.15.99:6800/2839808343,v1:172.21.15.99:6801/2839808343] conn(0x7f7e7c038f70 0x7f7e7c03b430 unknown :-1 s=BANNER_CONNECTING pgs=0 cs=0 l=1 rev1=0 crypto rx=0 tx=0 comp rx=0 tx=0)._handle_peer_banner_payload supported=3 required=0
2024-03-18T15:38:41.842 INFO:teuthology.orchestra.run.smithi099.stdout:/usr/bin/ceph: stderr
2024-03-18T15:38:40.925+0000 7f7e8fe00700 1 --2- 172.21.15.99:0/255269983 >> [v2:172.21.15.99:6800/2839808343,v1:172.21.15.99:6801/2839808343] conn(0x7f7e7c038f70 0x7f7e7c03b430 secure :-1 s=READY pgs=7 cs=0 l=1 rev1=1 crypto rx=0x7f7e80006fd0 tx=0x7f7e80006e40 comp rx=0 tx=0).ready entity=mgr.14120 client_cookie=0 server_cookie=0 in_seq=0 out_seq=0
2024-03-18T15:38:41.842 INFO:teuthology.orchestra.run.smithi099.stdout:/usr/bin/ceph: stderr
2024-03-18T15:38:40.930+0000 7f7e8ea00700 1 -- 172.21.15.99:0/255269983 <== mon.0 v2:172.21.15.99:3300/0 6 ==== mon_command_ack([{"prefix": "get_command_descriptions"}]=0 v0) ==== 72+0+186149 (secure 0 0 0) 0x7f7e8800b3e0 con 0x7f7e981a2030
2024-03-18T15:38:41.842 INFO:teuthology.orchestra.run.smithi099.stdout:/usr/bin/ceph: stderr
2024-03-18T15:38:41.168+0000 7f7e9ce00700 1 -- 172.21.15.99:0/255269983 --> [v2:172.21.15.99:6800/2839808343,v1:172.21.15.99:6801/2839808343] -- mgr_command(tid 0: {"prefix": "orch set backend", "module_name": "cephadm", "target": ["mon-mgr", ""]}) -- 0x7f7e9807e300 con 0x7f7e7c038f70
2024-03-18T15:38:41.842 INFO:teuthology.orchestra.run.smithi099.stdout:/usr/bin/ceph: stderr
2024-03-18T15:38:41.187+0000 7f7e8ea00700 1 -- 172.21.15.99:0/255269983 <== mgr.14120 v2:172.21.15.99:6800/2839808343 1 ==== mgr_command_reply(tid 0: 0 ) ==== 8+0+0 (secure 0 0 0) 0x7f7e9807e300 con 0x7f7e7c038f70
2024-03-18T15:38:41.842 INFO:teuthology.orchestra.run.smithi099.stdout:/usr/bin/ceph: stderr
2024-03-18T15:38:41.190+0000 7f7e9ce00700 1 -- 172.21.15.99:0/255269983 >> [v2:172.21.15.99:6800/2839808343,v1:172.21.15.99:6801/2839808343] conn(0x7f7e7c038f70 msgr2=0x7f7e7c03b430 secure :-1 s=STATE_CONNECTION_ESTABLISHED l=1).mark_down
2024-03-18T15:38:41.842 INFO:teuthology.orchestra.run.smithi099.stdout:/usr/bin/ceph: stderr
2024-03-18T15:38:41.190+0000 7f7e9ce00700 1 --2- 172.21.15.99:0/255269983 >> [v2:172.21.15.99:6800/2839808343,v1:172.21.15.99:6801/2839808343] conn(0x7f7e7c038f70 0x7f7e7c03b430 secure :-1 s=READY pgs=7 cs=0 l=1 rev1=1 crypto rx=0x7f7e80006fd0 tx=0x7f7e80006e40 comp rx=0 tx=0).stop
2024-03-18T15:38:41.842 INFO:teuthology.orchestra.run.smithi099.stdout:/usr/bin/ceph: stderr
2024-03-18T15:38:41.190+0000 7f7e9ce00700 1 -- 172.21.15.99:0/255269983 >> [v2:172.21.15.99:3300/0,v1:172.21.15.99:6789/0] conn(0x7f7e981a2030 msgr2=0x7f7e981a2450 secure :-1 s=STATE_CONNECTION_ESTABLISHED l=1).mark_down
2024-03-18T15:38:41.842 INFO:teuthology.orchestra.run.smithi099.stdout:/usr/bin/ceph: stderr
2024-03-18T15:38:41.190+0000 7f7e9ce00700 1 --2- 172.21.15.99:0/255269983 >> [v2:172.21.15.99:3300/0,v1:172.21.15.99:6789/0] conn(0x7f7e981a2030 0x7f7e981a2450 secure :-1 s=READY pgs=38 cs=0 l=1 rev1=1 crypto rx=0x7f7e88011b60 tx=0x7f7e88011c40 comp rx=0 tx=0).stop
2024-03-18T15:38:41.842 INFO:teuthology.orchestra.run.smithi099.stdout:/usr/bin/ceph: stderr
2024-03-18T15:38:41.190+0000 7f7e9ce00700 1 -- 172.21.15.99:0/255269983 shutdown_connections
2024-03-18T15:38:41.842 INFO:teuthology.orchestra.run.smithi099.stdout:/usr/bin/ceph: stderr
2024-03-18T15:38:41.190+0000 7f7e9ce00700 1 --2- 172.21.15.99:0/255269983 >> [v2:172.21.15.99:6800/2839808343,v1:172.21.15.99:6801/2839808343] conn(0x7f7e7c038f70 0x7f7e7c03b430 unknown :-1 s=CLOSED pgs=7 cs=0 l=1 rev1=1 crypto rx=0 tx=0 comp rx=0 tx=0).stop
2024-03-18T15:38:41.842 INFO:teuthology.orchestra.run.smithi099.stdout:/usr/bin/ceph: stderr
2024-03-18T15:38:41.190+0000 7f7e9ce00700 1 --2- 172.21.15.99:0/255269983 >> [v2:172.21.15.99:3300/0,v1:172.21.15.99:6789/0] conn(0x7f7e981a2030 0x7f7e981a2450 unknown :-1 s=CLOSED pgs=38 cs=0 l=1 rev1=1 crypto rx=0 tx=0 comp rx=0 tx=0).stop
2024-03-18T15:38:41.843 INFO:teuthology.orchestra.run.smithi099.stdout:/usr/bin/ceph: stderr
2024-03-18T15:38:41.190+0000 7f7e9ce00700 1 -- 172.21.15.99:0/255269983 >> 172.21.15.99:0/255269983 conn(0x7f7e9807d100 msgr2=0x7f7e9807dbf0 unknown :-1 s=STATE_NONE l=0).mark_down
2024-03-18T15:38:41.843 INFO:teuthology.orchestra.run.smithi099.stdout:/usr/bin/ceph: stderr
2024-03-18T15:38:41.190+0000 7f7e9ce00700 1 -- 172.21.15.99:0/255269983 shutdown_connections
2024-03-18T15:38:41.843 INFO:teuthology.orchestra.run.smithi099.stdout:/usr/bin/ceph: stderr
2024-03-18T15:38:41.190+0000 7f7e9ce00700 1 -- 172.21.15.99:0/255269983 wait complete.
2024-03-18T15:38:43.015 INFO:journalctl@ceph.mon.a.smithi099.stdout:Mar 18 15:38:42 smithi099 ceph-mon[31499]: from='client.14132 -' entity='client.admin' cmd=[{"prefix": "orch set backend", "module_name": "cephadm", "target": ["mon-mgr", ""]}]: dispatch
2024-03-18T15:38:43.396 INFO:teuthology.orchestra.run.smithi099.stdout:/usr/bin/ceph: stdout value unchanged
2024-03-18T15:38:43.396 INFO:teuthology.orchestra.run.smithi099.stdout:/usr/bin/ceph: stderr
2024-03-18T15:38:42.424+0000 7ffada600700 1 Processor -- start
2024-03-18T15:38:43.396 INFO:teuthology.orchestra.run.smithi099.stdout:/usr/bin/ceph: stderr
2024-03-18T15:38:42.424+0000 7ffada600700 1 -- start start
2024-03-18T15:38:43.396 INFO:teuthology.orchestra.run.smithi099.stdout:/usr/bin/ceph: stderr
2024-03-18T15:38:42.424+0000 7ffada600700 1 --2- >> [v2:172.21.15.99:3300/0,v1:172.21.15.99:6789/0] conn(0x7ffad40822d0 0x7ffad4110ca0 unknown :-1 s=NONE pgs=0 cs=0 l=0 rev1=0 crypto rx=0 tx=0 comp rx=0 tx=0).connect
2024-03-18T15:38:43.396 INFO:teuthology.orchestra.run.smithi099.stdout:/usr/bin/ceph: stderr
2024-03-18T15:38:42.424+0000 7ffada600700 1 -- --> [v2:172.21.15.99:3300/0,v1:172.21.15.99:6789/0] -- mon_getmap magic: 0 -- 0x7ffad4111270 con 0x7ffad40822d0
2024-03-18T15:38:43.396 INFO:teuthology.orchestra.run.smithi099.stdout:/usr/bin/ceph: stderr
2024-03-18T15:38:42.425+0000 7ffad3400700 1 --2- >> [v2:172.21.15.99:3300/0,v1:172.21.15.99:6789/0] conn(0x7ffad40822d0 0x7ffad4110ca0 unknown :-1 s=BANNER_CONNECTING pgs=0 cs=0 l=0 rev1=0 crypto rx=0 tx=0 comp rx=0 tx=0)._handle_peer_banner_payload supported=3 required=0
2024-03-18T15:38:43.396 INFO:teuthology.orchestra.run.smithi099.stdout:/usr/bin/ceph: stderr
2024-03-18T15:38:42.425+0000 7ffad3400700 1 --2- >> [v2:172.21.15.99:3300/0,v1:172.21.15.99:6789/0] conn(0x7ffad40822d0 0x7ffad4110ca0 unknown :-1 s=HELLO_CONNECTING pgs=0 cs=0 l=0 rev1=1 crypto rx=0 tx=0 comp rx=0 tx=0).handle_hello peer v2:172.21.15.99:3300/0 says I am v2:172.21.15.99:37972/0 (socket says 172.21.15.99:37972)
2024-03-18T15:38:43.396 INFO:teuthology.orchestra.run.smithi099.stdout:/usr/bin/ceph: stderr
2024-03-18T15:38:42.425+0000 7ffad3400700 1 -- 172.21.15.99:0/4059395020 learned_addr learned my addr 172.21.15.99:0/4059395020 (peer_addr_for_me v2:172.21.15.99:0/0)
2024-03-18T15:38:43.397 INFO:teuthology.orchestra.run.smithi099.stdout:/usr/bin/ceph: stderr
2024-03-18T15:38:42.425+0000 7ffad3400700 1 -- 172.21.15.99:0/4059395020 --> [v2:172.21.15.99:3300/0,v1:172.21.15.99:6789/0] -- mon_subscribe({config=0+,monmap=0+}) -- 0x7ffad41113f0 con 0x7ffad40822d0
2024-03-18T15:38:43.397 INFO:teuthology.orchestra.run.smithi099.stdout:/usr/bin/ceph: stderr
2024-03-18T15:38:42.426+0000 7ffad3400700 1 --2- 172.21.15.99:0/4059395020 >> [v2:172.21.15.99:3300/0,v1:172.21.15.99:6789/0] conn(0x7ffad40822d0 0x7ffad4110ca0 secure :-1 s=READY pgs=39 cs=0 l=1 rev1=1 crypto rx=0x7ffac40098a0 tx=0x7ffac4009bb0 comp rx=0 tx=0).ready entity=mon.0 client_cookie=71ad906a2d13b97d server_cookie=0 in_seq=0 out_seq=0
2024-03-18T15:38:43.397 INFO:teuthology.orchestra.run.smithi099.stdout:/usr/bin/ceph: stderr
2024-03-18T15:38:42.426+0000 7ffad2a00700 1 -- 172.21.15.99:0/4059395020 <== mon.0 v2:172.21.15.99:3300/0 1 ==== mon_map magic: 0 ==== 205+0+0 (secure 0 0 0) 0x7ffac4004160 con 0x7ffad40822d0
2024-03-18T15:38:43.397 INFO:teuthology.orchestra.run.smithi099.stdout:/usr/bin/ceph: stderr
2024-03-18T15:38:42.426+0000 7ffad2a00700 1 -- 172.21.15.99:0/4059395020 <== mon.0 v2:172.21.15.99:3300/0 2 ==== config(27 keys) ==== 1109+0+0 (secure 0 0 0) 0x7ffac4004300 con 0x7ffad40822d0
2024-03-18T15:38:43.397 INFO:teuthology.orchestra.run.smithi099.stdout:/usr/bin/ceph: stderr
2024-03-18T15:38:42.426+0000 7ffad2a00700 1 -- 172.21.15.99:0/4059395020 <== mon.0 v2:172.21.15.99:3300/0 3 ==== mon_map magic: 0 ==== 205+0+0 (secure 0 0 0) 0x7ffac4011b50 con 0x7ffad40822d0
2024-03-18T15:38:43.397 INFO:teuthology.orchestra.run.smithi099.stdout:/usr/bin/ceph: stderr
2024-03-18T15:38:42.427+0000 7ffada600700 1 -- 172.21.15.99:0/4059395020 >> [v2:172.21.15.99:3300/0,v1:172.21.15.99:6789/0] conn(0x7ffad40822d0 msgr2=0x7ffad4110ca0 secure :-1 s=STATE_CONNECTION_ESTABLISHED l=1).mark_down
2024-03-18T15:38:43.397 INFO:teuthology.orchestra.run.smithi099.stdout:/usr/bin/ceph: stderr
2024-03-18T15:38:42.427+0000 7ffada600700 1 --2- 172.21.15.99:0/4059395020 >> [v2:172.21.15.99:3300/0,v1:172.21.15.99:6789/0] conn(0x7ffad40822d0 0x7ffad4110ca0 secure :-1 s=READY pgs=39 cs=0 l=1 rev1=1 crypto rx=0x7ffac40098a0 tx=0x7ffac4009bb0 comp rx=0 tx=0).stop
2024-03-18T15:38:43.397 INFO:teuthology.orchestra.run.smithi099.stdout:/usr/bin/ceph: stderr
2024-03-18T15:38:42.427+0000 7ffada600700 1 -- 172.21.15.99:0/4059395020 shutdown_connections
2024-03-18T15:38:43.397 INFO:teuthology.orchestra.run.smithi099.stdout:/usr/bin/ceph: stderr
2024-03-18T15:38:42.427+0000 7ffada600700 1 --2- 172.21.15.99:0/4059395020 >> [v2:172.21.15.99:3300/0,v1:172.21.15.99:6789/0] conn(0x7ffad40822d0 0x7ffad4110ca0 unknown :-1 s=CLOSED pgs=39 cs=0 l=1 rev1=1 crypto rx=0 tx=0 comp rx=0 tx=0).stop
2024-03-18T15:38:43.397 INFO:teuthology.orchestra.run.smithi099.stdout:/usr/bin/ceph: stderr
2024-03-18T15:38:42.427+0000 7ffada600700 1 -- 172.21.15.99:0/4059395020 >> 172.21.15.99:0/4059395020 conn(0x7ffad407d100 msgr2=0x7ffad407f520 unknown :-1 s=STATE_NONE l=0).mark_down
2024-03-18T15:38:43.397 INFO:teuthology.orchestra.run.smithi099.stdout:/usr/bin/ceph: stderr
2024-03-18T15:38:42.427+0000 7ffada600700 1 -- 172.21.15.99:0/4059395020 shutdown_connections
2024-03-18T15:38:43.397 INFO:teuthology.orchestra.run.smithi099.stdout:/usr/bin/ceph: stderr
2024-03-18T15:38:42.427+0000 7ffada600700 1 -- 172.21.15.99:0/4059395020 wait complete.
2024-03-18T15:38:43.397 INFO:teuthology.orchestra.run.smithi099.stdout:/usr/bin/ceph: stderr
2024-03-18T15:38:42.428+0000 7ffada600700 1 Processor -- start
2024-03-18T15:38:43.397 INFO:teuthology.orchestra.run.smithi099.stdout:/usr/bin/ceph: stderr
2024-03-18T15:38:42.428+0000 7ffada600700 1 -- start start
2024-03-18T15:38:43.398 INFO:teuthology.orchestra.run.smithi099.stdout:/usr/bin/ceph: stderr
2024-03-18T15:38:42.428+0000 7ffada600700 1 --2- >> [v2:172.21.15.99:3300/0,v1:172.21.15.99:6789/0] conn(0x7ffad41a2040 0x7ffad41a2460 unknown :-1 s=NONE pgs=0 cs=0 l=1 rev1=0 crypto rx=0 tx=0 comp rx=0 tx=0).connect
2024-03-18T15:38:43.398 INFO:teuthology.orchestra.run.smithi099.stdout:/usr/bin/ceph: stderr
2024-03-18T15:38:42.428+0000 7ffada600700 1 -- --> [v2:172.21.15.99:3300/0,v1:172.21.15.99:6789/0] -- mon_getmap magic: 0 -- 0x7ffad41124d0 con 0x7ffad41a2040
2024-03-18T15:38:43.398 INFO:teuthology.orchestra.run.smithi099.stdout:/usr/bin/ceph: stderr
2024-03-18T15:38:42.429+0000 7ffad3400700 1 --2- >> [v2:172.21.15.99:3300/0,v1:172.21.15.99:6789/0] conn(0x7ffad41a2040 0x7ffad41a2460 unknown :-1 s=BANNER_CONNECTING pgs=0 cs=0 l=1 rev1=0 crypto rx=0 tx=0 comp rx=0 tx=0)._handle_peer_banner_payload supported=3 required=0
2024-03-18T15:38:43.398 INFO:teuthology.orchestra.run.smithi099.stdout:/usr/bin/ceph: stderr
2024-03-18T15:38:42.429+0000 7ffad3400700 1 --2- >> [v2:172.21.15.99:3300/0,v1:172.21.15.99:6789/0] conn(0x7ffad41a2040 0x7ffad41a2460 unknown :-1 s=HELLO_CONNECTING pgs=0 cs=0 l=1 rev1=1 crypto rx=0 tx=0 comp rx=0 tx=0).handle_hello peer v2:172.21.15.99:3300/0 says I am v2:172.21.15.99:37986/0 (socket says 172.21.15.99:37986)
2024-03-18T15:38:43.398 INFO:teuthology.orchestra.run.smithi099.stdout:/usr/bin/ceph: stderr
2024-03-18T15:38:42.429+0000 7ffad3400700 1 -- 172.21.15.99:0/513352690 learned_addr learned my addr 172.21.15.99:0/513352690 (peer_addr_for_me v2:172.21.15.99:0/0)
2024-03-18T15:38:43.398 INFO:teuthology.orchestra.run.smithi099.stdout:/usr/bin/ceph: stderr
2024-03-18T15:38:42.429+0000 7ffad3400700 1 -- 172.21.15.99:0/513352690 --> [v2:172.21.15.99:3300/0,v1:172.21.15.99:6789/0] -- mon_subscribe({config=0+,monmap=0+}) -- 0x7ffad41a29a0 con 0x7ffad41a2040
2024-03-18T15:38:43.398 INFO:teuthology.orchestra.run.smithi099.stdout:/usr/bin/ceph: stderr
2024-03-18T15:38:42.429+0000 7ffad3400700 1 --2- 172.21.15.99:0/513352690 >> [v2:172.21.15.99:3300/0,v1:172.21.15.99:6789/0] conn(0x7ffad41a2040 0x7ffad41a2460 secure :-1 s=READY pgs=40 cs=0 l=1 rev1=1 crypto rx=0x7ffac4011670 tx=0x7ffac4011b60 comp rx=0 tx=0).ready entity=mon.0 client_cookie=0 server_cookie=0 in_seq=0 out_seq=0
2024-03-18T15:38:43.398 INFO:teuthology.orchestra.run.smithi099.stdout:/usr/bin/ceph: stderr
2024-03-18T15:38:42.430+0000 7ffad0c00700 1 -- 172.21.15.99:0/513352690 <== mon.0 v2:172.21.15.99:3300/0 1 ==== mon_map magic: 0 ==== 205+0+0 (secure 0 0 0) 0x7ffac40039c0 con 0x7ffad41a2040
2024-03-18T15:38:43.398 INFO:teuthology.orchestra.run.smithi099.stdout:/usr/bin/ceph: stderr
2024-03-18T15:38:42.430+0000 7ffad0c00700 1 -- 172.21.15.99:0/513352690 <== mon.0 v2:172.21.15.99:3300/0 2 ==== config(27 keys) ==== 1109+0+0 (secure 0 0 0) 0x7ffac4011e50 con 0x7ffad41a2040
2024-03-18T15:38:43.398 INFO:teuthology.orchestra.run.smithi099.stdout:/usr/bin/ceph: stderr
2024-03-18T15:38:42.430+0000 7ffad0c00700 1 -- 172.21.15.99:0/513352690 <== mon.0 v2:172.21.15.99:3300/0 3 ==== mon_map magic: 0 ==== 205+0+0 (secure 0 0 0) 0x7ffac401a5c0 con 0x7ffad41a2040
2024-03-18T15:38:43.398 INFO:teuthology.orchestra.run.smithi099.stdout:/usr/bin/ceph: stderr
2024-03-18T15:38:42.430+0000 7ffada600700 1 -- 172.21.15.99:0/513352690 --> [v2:172.21.15.99:3300/0,v1:172.21.15.99:6789/0] -- mon_subscribe({mgrmap=0+}) -- 0x7ffad41a2c30 con 0x7ffad41a2040
2024-03-18T15:38:43.398 INFO:teuthology.orchestra.run.smithi099.stdout:/usr/bin/ceph: stderr
2024-03-18T15:38:42.430+0000 7ffada600700 1 -- 172.21.15.99:0/513352690 --> [v2:172.21.15.99:3300/0,v1:172.21.15.99:6789/0] -- mon_subscribe({osdmap=0}) -- 0x7ffad41a5710 con 0x7ffad41a2040
2024-03-18T15:38:43.398 INFO:teuthology.orchestra.run.smithi099.stdout:/usr/bin/ceph: stderr
2024-03-18T15:38:42.431+0000 7ffad0c00700 1 -- 172.21.15.99:0/513352690 <== mon.0 v2:172.21.15.99:3300/0 4 ==== mgrmap(e 8) ==== 46106+0+0 (secure 0 0 0) 0x7ffac4024430 con 0x7ffad41a2040
2024-03-18T15:38:43.399 INFO:teuthology.orchestra.run.smithi099.stdout:/usr/bin/ceph: stderr
2024-03-18T15:38:42.431+0000 7ffada600700 1 -- 172.21.15.99:0/513352690 --> [v2:172.21.15.99:3300/0,v1:172.21.15.99:6789/0] -- mon_command({"prefix": "get_command_descriptions"} v 0) -- 0x7ffad4063900 con 0x7ffad41a2040
2024-03-18T15:38:43.399 INFO:teuthology.orchestra.run.smithi099.stdout:/usr/bin/ceph: stderr
2024-03-18T15:38:42.431+0000 7ffad0c00700 1 --2- 172.21.15.99:0/513352690 >> [v2:172.21.15.99:6800/2839808343,v1:172.21.15.99:6801/2839808343] conn(0x7ffab8038f20 0x7ffab803b3e0 unknown :-1 s=NONE pgs=0 cs=0 l=1 rev1=0 crypto rx=0 tx=0 comp rx=0 tx=0).connect
2024-03-18T15:38:43.399 INFO:teuthology.orchestra.run.smithi099.stdout:/usr/bin/ceph: stderr
2024-03-18T15:38:42.431+0000 7ffad0c00700 1 -- 172.21.15.99:0/513352690 <== mon.0 v2:172.21.15.99:3300/0 5 ==== osd_map(2..2 src has 1..2) ==== 940+0+0 (secure 0 0 0) 0x7ffac404d210 con 0x7ffad41a2040
2024-03-18T15:38:43.399 INFO:teuthology.orchestra.run.smithi099.stdout:/usr/bin/ceph: stderr
2024-03-18T15:38:42.432+0000 7ffacbe00700 1 --2- 172.21.15.99:0/513352690 >> [v2:172.21.15.99:6800/2839808343,v1:172.21.15.99:6801/2839808343] conn(0x7ffab8038f20 0x7ffab803b3e0 unknown :-1 s=BANNER_CONNECTING pgs=0 cs=0 l=1 rev1=0 crypto rx=0 tx=0 comp rx=0 tx=0)._handle_peer_banner_payload supported=3 required=0
2024-03-18T15:38:43.399 INFO:teuthology.orchestra.run.smithi099.stdout:/usr/bin/ceph: stderr
2024-03-18T15:38:42.432+0000 7ffacbe00700 1 --2- 172.21.15.99:0/513352690 >> [v2:172.21.15.99:6800/2839808343,v1:172.21.15.99:6801/2839808343] conn(0x7ffab8038f20 0x7ffab803b3e0 secure :-1 s=READY pgs=8 cs=0 l=1 rev1=1 crypto rx=0x7ffabc006fd0 tx=0x7ffabc006e40 comp rx=0 tx=0).ready entity=mgr.14120 client_cookie=0 server_cookie=0 in_seq=0 out_seq=0
2024-03-18T15:38:43.399 INFO:teuthology.orchestra.run.smithi099.stdout:/usr/bin/ceph: stderr
2024-03-18T15:38:42.437+0000 7ffad0c00700 1 -- 172.21.15.99:0/513352690 <== mon.0 v2:172.21.15.99:3300/0 6 ==== mon_command_ack([{"prefix": "get_command_descriptions"}]=0 v0) ==== 72+0+186149 (secure 0 0 0) 0x7ffac4017ca0 con 0x7ffad41a2040
2024-03-18T15:38:43.399 INFO:teuthology.orchestra.run.smithi099.stdout:/usr/bin/ceph: stderr
2024-03-18T15:38:42.654+0000 7ffada600700 1 -- 172.21.15.99:0/513352690 --> [v2:172.21.15.99:6800/2839808343,v1:172.21.15.99:6801/2839808343] -- mgr_command(tid 0: {"prefix": "cephadm set-user", "user": "root", "target": ["mon-mgr", ""]}) -- 0x7ffad407e370 con 0x7ffab8038f20
2024-03-18T15:38:43.399 INFO:teuthology.orchestra.run.smithi099.stdout:/usr/bin/ceph: stderr
2024-03-18T15:38:42.656+0000 7ffad0c00700 1 -- 172.21.15.99:0/513352690 <== mgr.14120 v2:172.21.15.99:6800/2839808343 1 ==== mgr_command_reply(tid 0: 0 ) ==== 8+0+16 (secure 0 0 0) 0x7ffad407e370 con 0x7ffab8038f20
2024-03-18T15:38:43.399 INFO:teuthology.orchestra.run.smithi099.stdout:/usr/bin/ceph: stderr
2024-03-18T15:38:42.658+0000 7ffada600700 1 -- 172.21.15.99:0/513352690 >> [v2:172.21.15.99:6800/2839808343,v1:172.21.15.99:6801/2839808343] conn(0x7ffab8038f20 msgr2=0x7ffab803b3e0 secure :-1 s=STATE_CONNECTION_ESTABLISHED l=1).mark_down
2024-03-18T15:38:43.399 INFO:teuthology.orchestra.run.smithi099.stdout:/usr/bin/ceph: stderr
2024-03-18T15:38:42.658+0000 7ffada600700 1 --2- 172.21.15.99:0/513352690 >> [v2:172.21.15.99:6800/2839808343,v1:172.21.15.99:6801/2839808343] conn(0x7ffab8038f20 0x7ffab803b3e0 secure :-1 s=READY pgs=8 cs=0 l=1 rev1=1 crypto rx=0x7ffabc006fd0 tx=0x7ffabc006e40 comp rx=0 tx=0).stop
2024-03-18T15:38:43.399 INFO:teuthology.orchestra.run.smithi099.stdout:/usr/bin/ceph: stderr
2024-03-18T15:38:42.658+0000 7ffada600700 1 -- 172.21.15.99:0/513352690 >> [v2:172.21.15.99:3300/0,v1:172.21.15.99:6789/0] conn(0x7ffad41a2040 msgr2=0x7ffad41a2460 secure :-1 s=STATE_CONNECTION_ESTABLISHED l=1).mark_down
2024-03-18T15:38:43.399 INFO:teuthology.orchestra.run.smithi099.stdout:/usr/bin/ceph: stderr
2024-03-18T15:38:42.658+0000 7ffada600700 1 --2- 172.21.15.99:0/513352690 >> [v2:172.21.15.99:3300/0,v1:172.21.15.99:6789/0] conn(0x7ffad41a2040 0x7ffad41a2460 secure :-1 s=READY pgs=40 cs=0 l=1 rev1=1 crypto rx=0x7ffac4011670 tx=0x7ffac4011b60 comp rx=0 tx=0).stop
2024-03-18T15:38:43.399 INFO:teuthology.orchestra.run.smithi099.stdout:/usr/bin/ceph: stderr
2024-03-18T15:38:42.658+0000 7ffada600700 1 -- 172.21.15.99:0/513352690 shutdown_connections
2024-03-18T15:38:43.400 INFO:teuthology.orchestra.run.smithi099.stdout:/usr/bin/ceph: stderr
2024-03-18T15:38:42.658+0000 7ffada600700 1 --2- 172.21.15.99:0/513352690 >> [v2:172.21.15.99:6800/2839808343,v1:172.21.15.99:6801/2839808343] conn(0x7ffab8038f20 0x7ffab803b3e0 unknown :-1 s=CLOSED pgs=8 cs=0 l=1 rev1=1 crypto rx=0 tx=0 comp rx=0 tx=0).stop
2024-03-18T15:38:43.400 INFO:teuthology.orchestra.run.smithi099.stdout:/usr/bin/ceph: stderr
2024-03-18T15:38:42.658+0000 7ffada600700 1 --2- 172.21.15.99:0/513352690 >> [v2:172.21.15.99:3300/0,v1:172.21.15.99:6789/0] conn(0x7ffad41a2040 0x7ffad41a2460 unknown :-1 s=CLOSED pgs=40 cs=0 l=1 rev1=1 crypto rx=0 tx=0 comp rx=0 tx=0).stop
2024-03-18T15:38:43.400 INFO:teuthology.orchestra.run.smithi099.stdout:/usr/bin/ceph: stderr
2024-03-18T15:38:42.658+0000 7ffada600700 1 -- 172.21.15.99:0/513352690 >> 172.21.15.99:0/513352690 conn(0x7ffad407d100 msgr2=0x7ffad407dc60 unknown :-1 s=STATE_NONE l=0).mark_down
2024-03-18T15:38:43.400 INFO:teuthology.orchestra.run.smithi099.stdout:/usr/bin/ceph: stderr
2024-03-18T15:38:42.659+0000 7ffada600700 1 -- 172.21.15.99:0/513352690 shutdown_connections
2024-03-18T15:38:43.400 INFO:teuthology.orchestra.run.smithi099.stdout:/usr/bin/ceph: stderr
2024-03-18T15:38:42.659+0000 7ffada600700 1 -- 172.21.15.99:0/513352690 wait complete.
2024-03-18T15:38:43.400 INFO:teuthology.orchestra.run.smithi099.stdout:Generating ssh key...
2024-03-18T15:38:43.972 INFO:journalctl@ceph.mon.a.smithi099.stdout:Mar 18 15:38:43 smithi099 ceph-mon[31499]: from='client.14134 -' entity='client.admin' cmd=[{"prefix": "cephadm set-user", "user": "root", "target": ["mon-mgr", ""]}]: dispatch
2024-03-18T15:38:45.016 INFO:journalctl@ceph.mgr.x.smithi099.stdout:Mar 18 15:38:44 smithi099 ceph-27c5d3c2-e53d-11ee-95c9-87774f69a715-mgr-x[31724]: Generating public/private rsa key pair.
2024-03-18T15:38:45.017 INFO:journalctl@ceph.mgr.x.smithi099.stdout:Mar 18 15:38:44 smithi099 ceph-27c5d3c2-e53d-11ee-95c9-87774f69a715-mgr-x[31724]: Your identification has been saved in /tmp/tmpb8rlyp0h/key.
2024-03-18T15:38:45.017 INFO:journalctl@ceph.mgr.x.smithi099.stdout:Mar 18 15:38:44 smithi099 ceph-27c5d3c2-e53d-11ee-95c9-87774f69a715-mgr-x[31724]: Your public key has been saved in /tmp/tmpb8rlyp0h/key.pub.
2024-03-18T15:38:45.017 INFO:journalctl@ceph.mgr.x.smithi099.stdout:Mar 18 15:38:44 smithi099 ceph-27c5d3c2-e53d-11ee-95c9-87774f69a715-mgr-x[31724]: The key fingerprint is:
2024-03-18T15:38:45.017 INFO:journalctl@ceph.mgr.x.smithi099.stdout:Mar 18 15:38:44 smithi099 ceph-27c5d3c2-e53d-11ee-95c9-87774f69a715-mgr-x[31724]: SHA256:6UdlvZXYgAIxZ/O+j0+wl2HTviENlRqqvE5VDb7vdo0 ceph-27c5d3c2-e53d-11ee-95c9-87774f69a715
2024-03-18T15:38:45.017 INFO:journalctl@ceph.mgr.x.smithi099.stdout:Mar 18 15:38:44 smithi099 ceph-27c5d3c2-e53d-11ee-95c9-87774f69a715-mgr-x[31724]: The key's randomart image is:
2024-03-18T15:38:45.017 INFO:journalctl@ceph.mgr.x.smithi099.stdout:Mar 18 15:38:44 smithi099 ceph-27c5d3c2-e53d-11ee-95c9-87774f69a715-mgr-x[31724]: +---[RSA 3072]----+
2024-03-18T15:38:45.017 INFO:journalctl@ceph.mgr.x.smithi099.stdout:Mar 18 15:38:44 smithi099 ceph-27c5d3c2-e53d-11ee-95c9-87774f69a715-mgr-x[31724]: | +o+ .o |
2024-03-18T15:38:45.017 INFO:journalctl@ceph.mgr.x.smithi099.stdout:Mar 18 15:38:44 smithi099 ceph-27c5d3c2-e53d-11ee-95c9-87774f69a715-mgr-x[31724]: | +.o...* o|
2024-03-18T15:38:45.017 INFO:journalctl@ceph.mgr.x.smithi099.stdout:Mar 18 15:38:44 smithi099 ceph-27c5d3c2-e53d-11ee-95c9-87774f69a715-mgr-x[31724]: | ..o=.*.|
2024-03-18T15:38:45.017 INFO:journalctl@ceph.mgr.x.smithi099.stdout:Mar 18 15:38:44 smithi099 ceph-27c5d3c2-e53d-11ee-95c9-87774f69a715-mgr-x[31724]: | ..oo *o |
2024-03-18T15:38:45.017 INFO:journalctl@ceph.mgr.x.smithi099.stdout:Mar 18 15:38:44 smithi099 ceph-27c5d3c2-e53d-11ee-95c9-87774f69a715-mgr-x[31724]: | S .= B.. |
2024-03-18T15:38:45.017 INFO:journalctl@ceph.mgr.x.smithi099.stdout:Mar 18 15:38:44 smithi099 ceph-27c5d3c2-e53d-11ee-95c9-87774f69a715-mgr-x[31724]: | ...o = O |
2024-03-18T15:38:45.017 INFO:journalctl@ceph.mgr.x.smithi099.stdout:Mar 18 15:38:44 smithi099 ceph-27c5d3c2-e53d-11ee-95c9-87774f69a715-mgr-x[31724]: | .+.o = *.|
2024-03-18T15:38:45.017 INFO:journalctl@ceph.mgr.x.smithi099.stdout:Mar 18 15:38:44 smithi099 ceph-27c5d3c2-e53d-11ee-95c9-87774f69a715-mgr-x[31724]: | ... = E.=|
2024-03-18T15:38:45.017 INFO:journalctl@ceph.mgr.x.smithi099.stdout:Mar 18 15:38:44 smithi099 ceph-27c5d3c2-e53d-11ee-95c9-87774f69a715-mgr-x[31724]: | .o ..o.o.|
2024-03-18T15:38:45.017 INFO:journalctl@ceph.mgr.x.smithi099.stdout:Mar 18 15:38:44 smithi099 ceph-27c5d3c2-e53d-11ee-95c9-87774f69a715-mgr-x[31724]: +----[SHA256]-----+
2024-03-18T15:38:45.370 INFO:teuthology.orchestra.run.smithi099.stdout:/usr/bin/ceph: stderr
2024-03-18T15:38:43.971+0000 7f325ba00700 1 Processor -- start
2024-03-18T15:38:45.370 INFO:teuthology.orchestra.run.smithi099.stdout:/usr/bin/ceph: stderr
2024-03-18T15:38:43.971+0000 7f325ba00700 1 -- start start
2024-03-18T15:38:45.370 INFO:teuthology.orchestra.run.smithi099.stdout:/usr/bin/ceph: stderr
2024-03-18T15:38:43.971+0000 7f325ba00700 1 --2- >> [v2:172.21.15.99:3300/0,v1:172.21.15.99:6789/0] conn(0x7f3254107b20 0x7f3254107f40 unknown :-1 s=NONE pgs=0 cs=0 l=0 rev1=0 crypto rx=0 tx=0 comp rx=0 tx=0).connect
2024-03-18T15:38:45.370 INFO:teuthology.orchestra.run.smithi099.stdout:/usr/bin/ceph: stderr
2024-03-18T15:38:43.971+0000 7f325ba00700 1 -- --> [v2:172.21.15.99:3300/0,v1:172.21.15.99:6789/0] -- mon_getmap magic: 0 -- 0x7f3254108510 con 0x7f3254107b20
2024-03-18T15:38:45.370 INFO:teuthology.orchestra.run.smithi099.stdout:/usr/bin/ceph: stderr
2024-03-18T15:38:43.971+0000 7f3259000700 1 --2- >> [v2:172.21.15.99:3300/0,v1:172.21.15.99:6789/0] conn(0x7f3254107b20 0x7f3254107f40 unknown :-1 s=BANNER_CONNECTING pgs=0 cs=0 l=0 rev1=0 crypto rx=0 tx=0 comp rx=0 tx=0)._handle_peer_banner_payload supported=3 required=0
2024-03-18T15:38:45.370 INFO:teuthology.orchestra.run.smithi099.stdout:/usr/bin/ceph: stderr
2024-03-18T15:38:43.971+0000 7f3259000700 1 --2- >> [v2:172.21.15.99:3300/0,v1:172.21.15.99:6789/0] conn(0x7f3254107b20 0x7f3254107f40 unknown :-1 s=HELLO_CONNECTING pgs=0 cs=0 l=0 rev1=1 crypto rx=0 tx=0 comp rx=0 tx=0).handle_hello peer v2:172.21.15.99:3300/0 says I am v2:172.21.15.99:60702/0 (socket says 172.21.15.99:60702)
2024-03-18T15:38:45.370 INFO:teuthology.orchestra.run.smithi099.stdout:/usr/bin/ceph: stderr
2024-03-18T15:38:43.971+0000 7f3259000700 1 -- 172.21.15.99:0/834859266 learned_addr learned my addr 172.21.15.99:0/834859266 (peer_addr_for_me v2:172.21.15.99:0/0)
2024-03-18T15:38:45.371 INFO:teuthology.orchestra.run.smithi099.stdout:/usr/bin/ceph: stderr
2024-03-18T15:38:43.972+0000 7f3259000700 1 -- 172.21.15.99:0/834859266 --> [v2:172.21.15.99:3300/0,v1:172.21.15.99:6789/0] -- mon_subscribe({config=0+,monmap=0+}) -- 0x7f3254108d20 con 0x7f3254107b20
2024-03-18T15:38:45.371 INFO:teuthology.orchestra.run.smithi099.stdout:/usr/bin/ceph: stderr
2024-03-18T15:38:43.972+0000 7f3259000700 1 --2- 172.21.15.99:0/834859266 >> [v2:172.21.15.99:3300/0,v1:172.21.15.99:6789/0] conn(0x7f3254107b20 0x7f3254107f40 secure :-1 s=READY pgs=41 cs=0 l=1 rev1=1 crypto rx=0x7f323c0098a0 tx=0x7f323c009bb0 comp rx=0 tx=0).ready entity=mon.0 client_cookie=808f82bf99661945 server_cookie=0 in_seq=0 out_seq=0
2024-03-18T15:38:45.371 INFO:teuthology.orchestra.run.smithi099.stdout:/usr/bin/ceph: stderr
2024-03-18T15:38:43.972+0000 7f3253e00700 1 -- 172.21.15.99:0/834859266 <== mon.0 v2:172.21.15.99:3300/0 1 ==== mon_map magic: 0 ==== 205+0+0 (secure 0 0 0) 0x7f323c004160 con 0x7f3254107b20
2024-03-18T15:38:45.371 INFO:teuthology.orchestra.run.smithi099.stdout:/usr/bin/ceph: stderr
2024-03-18T15:38:43.972+0000 7f3253e00700 1 -- 172.21.15.99:0/834859266 <== mon.0 v2:172.21.15.99:3300/0 2 ==== config(27 keys) ==== 1109+0+0 (secure 0 0 0) 0x7f323c004300 con 0x7f3254107b20
2024-03-18T15:38:45.371 INFO:teuthology.orchestra.run.smithi099.stdout:/usr/bin/ceph: stderr
2024-03-18T15:38:43.973+0000 7f3253e00700 1 -- 172.21.15.99:0/834859266 <== mon.0 v2:172.21.15.99:3300/0 3 ==== mon_map magic: 0 ==== 205+0+0 (secure 0 0 0) 0x7f323c011b50 con 0x7f3254107b20
2024-03-18T15:38:45.371 INFO:teuthology.orchestra.run.smithi099.stdout:/usr/bin/ceph: stderr
2024-03-18T15:38:43.973+0000 7f325ba00700 1 -- 172.21.15.99:0/834859266 >> [v2:172.21.15.99:3300/0,v1:172.21.15.99:6789/0] conn(0x7f3254107b20 msgr2=0x7f3254107f40 secure :-1 s=STATE_CONNECTION_ESTABLISHED l=1).mark_down
2024-03-18T15:38:45.371 INFO:teuthology.orchestra.run.smithi099.stdout:/usr/bin/ceph: stderr
2024-03-18T15:38:43.973+0000 7f325ba00700 1 --2- 172.21.15.99:0/834859266 >> [v2:172.21.15.99:3300/0,v1:172.21.15.99:6789/0] conn(0x7f3254107b20 0x7f3254107f40 secure :-1 s=READY pgs=41 cs=0 l=1 rev1=1 crypto rx=0x7f323c0098a0 tx=0x7f323c009bb0 comp rx=0 tx=0).stop
2024-03-18T15:38:45.371 INFO:teuthology.orchestra.run.smithi099.stdout:/usr/bin/ceph: stderr
