2024-03-18T15:39:17.372+0000 7f465e800700 1 --2- >> [v2:172.21.15.99:3300/0,v1:172.21.15.99:6789/0] conn(0x7f4660106a10 0x7f466019dc60 unknown :-1 s=HELLO_CONNECTING pgs=0 cs=0 l=1 rev1=1 crypto rx=0 tx=0 comp rx=0 tx=0).handle_hello peer v2:172.21.15.99:3300/0 says I am v2:172.21.15.99:58006/0 (socket says 172.21.15.99:58006)
2024-03-18T15:39:18.587 INFO:teuthology.orchestra.run.smithi099.stdout:/usr/bin/ceph: stderr
2024-03-18T15:39:17.372+0000 7f465e800700 1 -- 172.21.15.99:0/649242141 learned_addr learned my addr 172.21.15.99:0/649242141 (peer_addr_for_me v2:172.21.15.99:0/0)
2024-03-18T15:39:18.587 INFO:teuthology.orchestra.run.smithi099.stdout:/usr/bin/ceph: stderr
2024-03-18T15:39:17.373+0000 7f465e800700 1 -- 172.21.15.99:0/649242141 --> [v2:172.21.15.99:3300/0,v1:172.21.15.99:6789/0] -- mon_subscribe({config=0+,monmap=0+}) -- 0x7f466019e1a0 con 0x7f4660106a10
2024-03-18T15:39:18.587 INFO:teuthology.orchestra.run.smithi099.stdout:/usr/bin/ceph: stderr
2024-03-18T15:39:17.373+0000 7f465e800700 1 --2- 172.21.15.99:0/649242141 >> [v2:172.21.15.99:3300/0,v1:172.21.15.99:6789/0] conn(0x7f4660106a10 0x7f466019dc60 secure :-1 s=READY pgs=73 cs=0 l=1 rev1=1 crypto rx=0x7f46500117e0 tx=0x7f4650011ba0 comp rx=0 tx=0).ready entity=mon.0 client_cookie=0 server_cookie=0 in_seq=0 out_seq=0
2024-03-18T15:39:18.587 INFO:teuthology.orchestra.run.smithi099.stdout:/usr/bin/ceph: stderr
2024-03-18T15:39:17.373+0000 7f4657400700 1 -- 172.21.15.99:0/649242141 <== mon.0 v2:172.21.15.99:3300/0 1 ==== mon_map magic: 0 ==== 205+0+0 (secure 0 0 0) 0x7f4650003bf0 con 0x7f4660106a10
2024-03-18T15:39:18.587 INFO:teuthology.orchestra.run.smithi099.stdout:/usr/bin/ceph: stderr
2024-03-18T15:39:17.373+0000 7f4657400700 1 -- 172.21.15.99:0/649242141 <== mon.0 v2:172.21.15.99:3300/0 2 ==== config(27 keys) ==== 1140+0+0 (secure 0 0 0) 0x7f465001a910 con 0x7f4660106a10
2024-03-18T15:39:18.587 INFO:teuthology.orchestra.run.smithi099.stdout:/usr/bin/ceph: stderr
2024-03-18T15:39:17.373+0000 7f4665400700 1 -- 172.21.15.99:0/649242141 --> [v2:172.21.15.99:3300/0,v1:172.21.15.99:6789/0] -- mon_subscribe({mgrmap=0+}) -- 0x7f466019e430 con 0x7f4660106a10
2024-03-18T15:39:18.587 INFO:teuthology.orchestra.run.smithi099.stdout:/usr/bin/ceph: stderr
2024-03-18T15:39:17.373+0000 7f4657400700 1 -- 172.21.15.99:0/649242141 <== mon.0 v2:172.21.15.99:3300/0 3 ==== mon_map magic: 0 ==== 205+0+0 (secure 0 0 0) 0x7f4650024970 con 0x7f4660106a10
2024-03-18T15:39:18.587 INFO:teuthology.orchestra.run.smithi099.stdout:/usr/bin/ceph: stderr
2024-03-18T15:39:17.373+0000 7f4665400700 1 -- 172.21.15.99:0/649242141 --> [v2:172.21.15.99:3300/0,v1:172.21.15.99:6789/0] -- mon_subscribe({osdmap=0}) -- 0x7f466019e890 con 0x7f4660106a10
2024-03-18T15:39:18.587 INFO:teuthology.orchestra.run.smithi099.stdout:/usr/bin/ceph: stderr
2024-03-18T15:39:17.375+0000 7f4665400700 1 -- 172.21.15.99:0/649242141 --> [v2:172.21.15.99:3300/0,v1:172.21.15.99:6789/0] -- mon_command({"prefix": "get_command_descriptions"} v 0) -- 0x7f4660063900 con 0x7f4660106a10
2024-03-18T15:39:18.587 INFO:teuthology.orchestra.run.smithi099.stdout:/usr/bin/ceph: stderr
2024-03-18T15:39:17.375+0000 7f4657400700 1 -- 172.21.15.99:0/649242141 <== mon.0 v2:172.21.15.99:3300/0 4 ==== mgrmap(e 12) ==== 46119+0+0 (secure 0 0 0) 0x7f4650022020 con 0x7f4660106a10
2024-03-18T15:39:18.588 INFO:teuthology.orchestra.run.smithi099.stdout:/usr/bin/ceph: stderr
2024-03-18T15:39:17.375+0000 7f4657400700 1 --2- 172.21.15.99:0/649242141 >> [v2:172.21.15.99:6800/924872535,v1:172.21.15.99:6801/924872535] conn(0x7f4644038f70 0x7f464403b430 unknown :-1 s=NONE pgs=0 cs=0 l=1 rev1=0 crypto rx=0 tx=0 comp rx=0 tx=0).connect
2024-03-18T15:39:18.588 INFO:teuthology.orchestra.run.smithi099.stdout:/usr/bin/ceph: stderr
2024-03-18T15:39:17.375+0000 7f4657400700 1 -- 172.21.15.99:0/649242141 <== mon.0 v2:172.21.15.99:3300/0 5 ==== osd_map(3..3 src has 1..3) ==== 1155+0+0 (secure 0 0 0) 0x7f465004d7d0 con 0x7f4660106a10
2024-03-18T15:39:18.588 INFO:teuthology.orchestra.run.smithi099.stdout:/usr/bin/ceph: stderr
2024-03-18T15:39:17.376+0000 7f465de00700 1 --2- 172.21.15.99:0/649242141 >> [v2:172.21.15.99:6800/924872535,v1:172.21.15.99:6801/924872535] conn(0x7f4644038f70 0x7f464403b430 unknown :-1 s=BANNER_CONNECTING pgs=0 cs=0 l=1 rev1=0 crypto rx=0 tx=0 comp rx=0 tx=0)._handle_peer_banner_payload supported=3 required=0
2024-03-18T15:39:18.588 INFO:teuthology.orchestra.run.smithi099.stdout:/usr/bin/ceph: stderr
2024-03-18T15:39:17.376+0000 7f465de00700 1 --2- 172.21.15.99:0/649242141 >> [v2:172.21.15.99:6800/924872535,v1:172.21.15.99:6801/924872535] conn(0x7f4644038f70 0x7f464403b430 secure :-1 s=READY pgs=8 cs=0 l=1 rev1=1 crypto rx=0x7f464c006fd0 tx=0x7f464c006e40 comp rx=0 tx=0).ready entity=mgr.14152 client_cookie=0 server_cookie=0 in_seq=0 out_seq=0
2024-03-18T15:39:18.588 INFO:teuthology.orchestra.run.smithi099.stdout:/usr/bin/ceph: stderr
2024-03-18T15:39:17.382+0000 7f4657400700 1 -- 172.21.15.99:0/649242141 <== mon.0 v2:172.21.15.99:3300/0 6 ==== mon_command_ack([{"prefix": "get_command_descriptions"}]=0 v0) ==== 72+0+186149 (secure 0 0 0) 0x7f4650017ca0 con 0x7f4660106a10
2024-03-18T15:39:18.588 INFO:teuthology.orchestra.run.smithi099.stdout:/usr/bin/ceph: stderr
2024-03-18T15:39:17.624+0000 7f4665400700 1 -- 172.21.15.99:0/649242141 --> [v2:172.21.15.99:6800/924872535,v1:172.21.15.99:6801/924872535] -- mgr_command(tid 0: {"prefix": "dashboard ac-user-create", "username": "admin", "rolename": "administrator", "force_password": true, "pwd_update_required": true, "target": ["mon-mgr", ""]}) -- 0x7f4660197ef0 con 0x7f4644038f70
2024-03-18T15:39:18.588 INFO:teuthology.orchestra.run.smithi099.stdout:/usr/bin/ceph: stderr
2024-03-18T15:39:17.891+0000 7f4657400700 1 -- 172.21.15.99:0/649242141 <== mgr.14152 v2:172.21.15.99:6800/924872535 1 ==== mgr_command_reply(tid 0: 0 ) ==== 8+0+252 (secure 0 0 0) 0x7f4660197ef0 con 0x7f4644038f70
2024-03-18T15:39:18.588 INFO:teuthology.orchestra.run.smithi099.stdout:/usr/bin/ceph: stderr
2024-03-18T15:39:17.893+0000 7f4665400700 1 -- 172.21.15.99:0/649242141 >> [v2:172.21.15.99:6800/924872535,v1:172.21.15.99:6801/924872535] conn(0x7f4644038f70 msgr2=0x7f464403b430 secure :-1 s=STATE_CONNECTION_ESTABLISHED l=1).mark_down
2024-03-18T15:39:18.588 INFO:teuthology.orchestra.run.smithi099.stdout:/usr/bin/ceph: stderr
2024-03-18T15:39:17.893+0000 7f4665400700 1 --2- 172.21.15.99:0/649242141 >> [v2:172.21.15.99:6800/924872535,v1:172.21.15.99:6801/924872535] conn(0x7f4644038f70 0x7f464403b430 secure :-1 s=READY pgs=8 cs=0 l=1 rev1=1 crypto rx=0x7f464c006fd0 tx=0x7f464c006e40 comp rx=0 tx=0).stop
2024-03-18T15:39:18.588 INFO:teuthology.orchestra.run.smithi099.stdout:/usr/bin/ceph: stderr
2024-03-18T15:39:17.893+0000 7f4665400700 1 -- 172.21.15.99:0/649242141 >> [v2:172.21.15.99:3300/0,v1:172.21.15.99:6789/0] conn(0x7f4660106a10 msgr2=0x7f466019dc60 secure :-1 s=STATE_CONNECTION_ESTABLISHED l=1).mark_down
2024-03-18T15:39:18.588 INFO:teuthology.orchestra.run.smithi099.stdout:/usr/bin/ceph: stderr
2024-03-18T15:39:17.893+0000 7f4665400700 1 --2- 172.21.15.99:0/649242141 >> [v2:172.21.15.99:3300/0,v1:172.21.15.99:6789/0] conn(0x7f4660106a10 0x7f466019dc60 secure :-1 s=READY pgs=73 cs=0 l=1 rev1=1 crypto rx=0x7f46500117e0 tx=0x7f4650011ba0 comp rx=0 tx=0).stop
2024-03-18T15:39:18.588 INFO:teuthology.orchestra.run.smithi099.stdout:/usr/bin/ceph: stderr
2024-03-18T15:39:17.893+0000 7f4665400700 1 -- 172.21.15.99:0/649242141 shutdown_connections
2024-03-18T15:39:18.588 INFO:teuthology.orchestra.run.smithi099.stdout:/usr/bin/ceph: stderr
2024-03-18T15:39:17.893+0000 7f4665400700 1 --2- 172.21.15.99:0/649242141 >> [v2:172.21.15.99:6800/924872535,v1:172.21.15.99:6801/924872535] conn(0x7f4644038f70 0x7f464403b430 unknown :-1 s=CLOSED pgs=8 cs=0 l=1 rev1=1 crypto rx=0 tx=0 comp rx=0 tx=0).stop
2024-03-18T15:39:18.588 INFO:teuthology.orchestra.run.smithi099.stdout:/usr/bin/ceph: stderr
2024-03-18T15:39:17.893+0000 7f4665400700 1 --2- 172.21.15.99:0/649242141 >> [v2:172.21.15.99:3300/0,v1:172.21.15.99:6789/0] conn(0x7f4660106a10 0x7f466019dc60 unknown :-1 s=CLOSED pgs=73 cs=0 l=1 rev1=1 crypto rx=0 tx=0 comp rx=0 tx=0).stop
2024-03-18T15:39:18.589 INFO:teuthology.orchestra.run.smithi099.stdout:/usr/bin/ceph: stderr
2024-03-18T15:39:17.893+0000 7f4665400700 1 -- 172.21.15.99:0/649242141 >> 172.21.15.99:0/649242141 conn(0x7f4660101fd0 msgr2=0x7f4660102df0 unknown :-1 s=STATE_NONE l=0).mark_down
2024-03-18T15:39:18.589 INFO:teuthology.orchestra.run.smithi099.stdout:/usr/bin/ceph: stderr
2024-03-18T15:39:17.894+0000 7f4665400700 1 -- 172.21.15.99:0/649242141 shutdown_connections
2024-03-18T15:39:18.589 INFO:teuthology.orchestra.run.smithi099.stdout:/usr/bin/ceph: stderr
2024-03-18T15:39:17.894+0000 7f4665400700 1 -- 172.21.15.99:0/649242141 wait complete.
2024-03-18T15:39:18.589 INFO:teuthology.orchestra.run.smithi099.stdout:Fetching dashboard port number...
2024-03-18T15:39:19.153 INFO:journalctl@ceph.mon.a.smithi099.stdout:Mar 18 15:39:18 smithi099 ceph-mon[31499]: from='client.14166 -' entity='client.admin' cmd=[{"prefix": "dashboard ac-user-create", "username": "admin", "rolename": "administrator", "force_password": true, "pwd_update_required": true, "target": ["mon-mgr", ""]}]: dispatch
2024-03-18T15:39:19.153 INFO:journalctl@ceph.mon.a.smithi099.stdout:Mar 18 15:39:18 smithi099 ceph-mon[31499]: from='mgr.14152 172.21.15.99:0/2392619131' entity='mgr.x'
2024-03-18T15:39:19.153 INFO:journalctl@ceph.mon.a.smithi099.stdout:Mar 18 15:39:18 smithi099 ceph-mon[31499]: from='mgr.14152 172.21.15.99:0/2392619131' entity='mgr.x'
2024-03-18T15:39:20.079 INFO:journalctl@ceph.mon.a.smithi099.stdout:Mar 18 15:39:19 smithi099 ceph-mon[31499]: from='client.? 172.21.15.99:0/1909851940' entity='client.admin' cmd=[{"prefix": "config get", "who": "mgr", "key": "mgr/dashboard/ssl_server_port"}]: dispatch
2024-03-18T15:39:20.405 INFO:teuthology.orchestra.run.smithi099.stdout:/usr/bin/ceph: stdout 8443
2024-03-18T15:39:20.405 INFO:teuthology.orchestra.run.smithi099.stdout:/usr/bin/ceph: stderr
2024-03-18T15:39:19.151+0000 7fb834400700 1 Processor -- start
2024-03-18T15:39:20.405 INFO:teuthology.orchestra.run.smithi099.stdout:/usr/bin/ceph: stderr
2024-03-18T15:39:19.151+0000 7fb834400700 1 -- start start
2024-03-18T15:39:20.406 INFO:teuthology.orchestra.run.smithi099.stdout:/usr/bin/ceph: stderr
2024-03-18T15:39:19.151+0000 7fb834400700 1 --2- >> [v2:172.21.15.99:3300/0,v1:172.21.15.99:6789/0] conn(0x7fb82c07de80 0x7fb82c07c2e0 unknown :-1 s=NONE pgs=0 cs=0 l=0 rev1=0 crypto rx=0 tx=0 comp rx=0 tx=0).connect
2024-03-18T15:39:20.406 INFO:teuthology.orchestra.run.smithi099.stdout:/usr/bin/ceph: stderr
2024-03-18T15:39:19.152+0000 7fb834400700 1 -- --> [v2:172.21.15.99:3300/0,v1:172.21.15.99:6789/0] -- mon_getmap magic: 0 -- 0x7fb82c07c8b0 con 0x7fb82c07de80
2024-03-18T15:39:20.406 INFO:teuthology.orchestra.run.smithi099.stdout:/usr/bin/ceph: stderr
2024-03-18T15:39:19.152+0000 7fb831a00700 1 --2- >> [v2:172.21.15.99:3300/0,v1:172.21.15.99:6789/0] conn(0x7fb82c07de80 0x7fb82c07c2e0 unknown :-1 s=BANNER_CONNECTING pgs=0 cs=0 l=0 rev1=0 crypto rx=0 tx=0 comp rx=0 tx=0)._handle_peer_banner_payload supported=3 required=0
2024-03-18T15:39:20.406 INFO:teuthology.orchestra.run.smithi099.stdout:/usr/bin/ceph: stderr
2024-03-18T15:39:19.152+0000 7fb831a00700 1 --2- >> [v2:172.21.15.99:3300/0,v1:172.21.15.99:6789/0] conn(0x7fb82c07de80 0x7fb82c07c2e0 unknown :-1 s=HELLO_CONNECTING pgs=0 cs=0 l=0 rev1=1 crypto rx=0 tx=0 comp rx=0 tx=0).handle_hello peer v2:172.21.15.99:3300/0 says I am v2:172.21.15.99:58010/0 (socket says 172.21.15.99:58010)
2024-03-18T15:39:20.406 INFO:teuthology.orchestra.run.smithi099.stdout:/usr/bin/ceph: stderr
2024-03-18T15:39:19.152+0000 7fb831a00700 1 -- 172.21.15.99:0/2764241319 learned_addr learned my addr 172.21.15.99:0/2764241319 (peer_addr_for_me v2:172.21.15.99:0/0)
2024-03-18T15:39:20.408 INFO:teuthology.orchestra.run.smithi099.stdout:/usr/bin/ceph: stderr
2024-03-18T15:39:19.152+0000 7fb831a00700 1 -- 172.21.15.99:0/2764241319 --> [v2:172.21.15.99:3300/0,v1:172.21.15.99:6789/0] -- mon_subscribe({config=0+,monmap=0+}) -- 0x7fb82c07ca30 con 0x7fb82c07de80
2024-03-18T15:39:20.408 INFO:teuthology.orchestra.run.smithi099.stdout:/usr/bin/ceph: stderr
2024-03-18T15:39:19.153+0000 7fb831a00700 1 --2- 172.21.15.99:0/2764241319 >> [v2:172.21.15.99:3300/0,v1:172.21.15.99:6789/0] conn(0x7fb82c07de80 0x7fb82c07c2e0 secure :-1 s=READY pgs=74 cs=0 l=1 rev1=1 crypto rx=0x7fb8200098a0 tx=0x7fb820009bb0 comp rx=0 tx=0).ready entity=mon.0 client_cookie=58cdd0c5fd550cec server_cookie=0 in_seq=0 out_seq=0
2024-03-18T15:39:20.408 INFO:teuthology.orchestra.run.smithi099.stdout:/usr/bin/ceph: stderr
2024-03-18T15:39:19.153+0000 7fb82be00700 1 -- 172.21.15.99:0/2764241319 <== mon.0 v2:172.21.15.99:3300/0 1 ==== mon_map magic: 0 ==== 205+0+0 (secure 0 0 0) 0x7fb820004160 con 0x7fb82c07de80
2024-03-18T15:39:20.408 INFO:teuthology.orchestra.run.smithi099.stdout:/usr/bin/ceph: stderr
2024-03-18T15:39:19.153+0000 7fb82be00700 1 -- 172.21.15.99:0/2764241319 <== mon.0 v2:172.21.15.99:3300/0 2 ==== config(27 keys) ==== 1140+0+0 (secure 0 0 0) 0x7fb820004300 con 0x7fb82c07de80
2024-03-18T15:39:20.408 INFO:teuthology.orchestra.run.smithi099.stdout:/usr/bin/ceph: stderr
2024-03-18T15:39:19.153+0000 7fb82be00700 1 -- 172.21.15.99:0/2764241319 <== mon.0 v2:172.21.15.99:3300/0 3 ==== mon_map magic: 0 ==== 205+0+0 (secure 0 0 0) 0x7fb820011b20 con 0x7fb82c07de80
2024-03-18T15:39:20.408 INFO:teuthology.orchestra.run.smithi099.stdout:/usr/bin/ceph: stderr
2024-03-18T15:39:19.154+0000 7fb834400700 1 -- 172.21.15.99:0/2764241319 >> [v2:172.21.15.99:3300/0,v1:172.21.15.99:6789/0] conn(0x7fb82c07de80 msgr2=0x7fb82c07c2e0 secure :-1 s=STATE_CONNECTION_ESTABLISHED l=1).mark_down
2024-03-18T15:39:20.408 INFO:teuthology.orchestra.run.smithi099.stdout:/usr/bin/ceph: stderr
2024-03-18T15:39:19.154+0000 7fb834400700 1 --2- 172.21.15.99:0/2764241319 >> [v2:172.21.15.99:3300/0,v1:172.21.15.99:6789/0] conn(0x7fb82c07de80 0x7fb82c07c2e0 secure :-1 s=READY pgs=74 cs=0 l=1 rev1=1 crypto rx=0x7fb8200098a0 tx=0x7fb820009bb0 comp rx=0 tx=0).stop
2024-03-18T15:39:20.408 INFO:teuthology.orchestra.run.smithi099.stdout:/usr/bin/ceph: stderr
2024-03-18T15:39:19.154+0000 7fb834400700 1 -- 172.21.15.99:0/2764241319 shutdown_connections
2024-03-18T15:39:20.408 INFO:teuthology.orchestra.run.smithi099.stdout:/usr/bin/ceph: stderr
2024-03-18T15:39:19.154+0000 7fb834400700 1 --2- 172.21.15.99:0/2764241319 >> [v2:172.21.15.99:3300/0,v1:172.21.15.99:6789/0] conn(0x7fb82c07de80 0x7fb82c07c2e0 unknown :-1 s=CLOSED pgs=74 cs=0 l=1 rev1=1 crypto rx=0 tx=0 comp rx=0 tx=0).stop
2024-03-18T15:39:20.408 INFO:teuthology.orchestra.run.smithi099.stdout:/usr/bin/ceph: stderr
2024-03-18T15:39:19.154+0000 7fb834400700 1 -- 172.21.15.99:0/2764241319 >> 172.21.15.99:0/2764241319 conn(0x7fb82c1030e0 msgr2=0x7fb82c105500 unknown :-1 s=STATE_NONE l=0).mark_down
2024-03-18T15:39:20.408 INFO:teuthology.orchestra.run.smithi099.stdout:/usr/bin/ceph: stderr
2024-03-18T15:39:19.154+0000 7fb834400700 1 -- 172.21.15.99:0/2764241319 shutdown_connections
2024-03-18T15:39:20.408 INFO:teuthology.orchestra.run.smithi099.stdout:/usr/bin/ceph: stderr
2024-03-18T15:39:19.154+0000 7fb834400700 1 -- 172.21.15.99:0/2764241319 wait complete.
2024-03-18T15:39:20.411 INFO:teuthology.orchestra.run.smithi099.stdout:/usr/bin/ceph: stderr
2024-03-18T15:39:19.155+0000 7fb834400700 1 Processor -- start
2024-03-18T15:39:20.411 INFO:teuthology.orchestra.run.smithi099.stdout:/usr/bin/ceph: stderr
2024-03-18T15:39:19.155+0000 7fb834400700 1 -- start start
2024-03-18T15:39:20.411 INFO:teuthology.orchestra.run.smithi099.stdout:/usr/bin/ceph: stderr
2024-03-18T15:39:19.156+0000 7fb834400700 1 --2- >> [v2:172.21.15.99:3300/0,v1:172.21.15.99:6789/0] conn(0x7fb82c07de80 0x7fb82c19dc50 unknown :-1 s=NONE pgs=0 cs=0 l=1 rev1=0 crypto rx=0 tx=0 comp rx=0 tx=0).connect
2024-03-18T15:39:20.411 INFO:teuthology.orchestra.run.smithi099.stdout:/usr/bin/ceph: stderr
2024-03-18T15:39:19.156+0000 7fb834400700 1 -- --> [v2:172.21.15.99:3300/0,v1:172.21.15.99:6789/0] -- mon_getmap magic: 0 -- 0x7fb82c10e160 con 0x7fb82c07de80
2024-03-18T15:39:20.411 INFO:teuthology.orchestra.run.smithi099.stdout:/usr/bin/ceph: stderr
2024-03-18T15:39:19.156+0000 7fb831a00700 1 --2- >> [v2:172.21.15.99:3300/0,v1:172.21.15.99:6789/0] conn(0x7fb82c07de80 0x7fb82c19dc50 unknown :-1 s=BANNER_CONNECTING pgs=0 cs=0 l=1 rev1=0 crypto rx=0 tx=0 comp rx=0 tx=0)._handle_peer_banner_payload supported=3 required=0
2024-03-18T15:39:20.411 INFO:teuthology.orchestra.run.smithi099.stdout:/usr/bin/ceph: stderr
2024-03-18T15:39:19.156+0000 7fb831a00700 1 --2- >> [v2:172.21.15.99:3300/0,v1:172.21.15.99:6789/0] conn(0x7fb82c07de80 0x7fb82c19dc50 unknown :-1 s=HELLO_CONNECTING pgs=0 cs=0 l=1 rev1=1 crypto rx=0 tx=0 comp rx=0 tx=0).handle_hello peer v2:172.21.15.99:3300/0 says I am v2:172.21.15.99:58012/0 (socket says 172.21.15.99:58012)
2024-03-18T15:39:20.411 INFO:teuthology.orchestra.run.smithi099.stdout:/usr/bin/ceph: stderr
2024-03-18T15:39:19.156+0000 7fb831a00700 1 -- 172.21.15.99:0/1909851940 learned_addr learned my addr 172.21.15.99:0/1909851940 (peer_addr_for_me v2:172.21.15.99:0/0)
2024-03-18T15:39:20.411 INFO:teuthology.orchestra.run.smithi099.stdout:/usr/bin/ceph: stderr
2024-03-18T15:39:19.156+0000 7fb831a00700 1 -- 172.21.15.99:0/1909851940 --> [v2:172.21.15.99:3300/0,v1:172.21.15.99:6789/0] -- mon_subscribe({config=0+,monmap=0+}) -- 0x7fb82c19e190 con 0x7fb82c07de80
2024-03-18T15:39:20.411 INFO:teuthology.orchestra.run.smithi099.stdout:/usr/bin/ceph: stderr
2024-03-18T15:39:19.157+0000 7fb831a00700 1 --2- 172.21.15.99:0/1909851940 >> [v2:172.21.15.99:3300/0,v1:172.21.15.99:6789/0] conn(0x7fb82c07de80 0x7fb82c19dc50 secure :-1 s=READY pgs=75 cs=0 l=1 rev1=1 crypto rx=0x7fb8200117e0 tx=0x7fb820011ba0 comp rx=0 tx=0).ready entity=mon.0 client_cookie=0 server_cookie=0 in_seq=0 out_seq=0
2024-03-18T15:39:20.412 INFO:teuthology.orchestra.run.smithi099.stdout:/usr/bin/ceph: stderr
2024-03-18T15:39:19.157+0000 7fb82a000700 1 -- 172.21.15.99:0/1909851940 <== mon.0 v2:172.21.15.99:3300/0 1 ==== mon_map magic: 0 ==== 205+0+0 (secure 0 0 0) 0x7fb820003bf0 con 0x7fb82c07de80
2024-03-18T15:39:20.412 INFO:teuthology.orchestra.run.smithi099.stdout:/usr/bin/ceph: stderr
2024-03-18T15:39:19.157+0000 7fb82a000700 1 -- 172.21.15.99:0/1909851940 <== mon.0 v2:172.21.15.99:3300/0 2 ==== config(27 keys) ==== 1140+0+0 (secure 0 0 0) 0x7fb82001a910 con 0x7fb82c07de80
2024-03-18T15:39:20.412 INFO:teuthology.orchestra.run.smithi099.stdout:/usr/bin/ceph: stderr
2024-03-18T15:39:19.157+0000 7fb834400700 1 -- 172.21.15.99:0/1909851940 --> [v2:172.21.15.99:3300/0,v1:172.21.15.99:6789/0] -- mon_subscribe({mgrmap=0+}) -- 0x7fb82c19e420 con 0x7fb82c07de80
2024-03-18T15:39:20.412 INFO:teuthology.orchestra.run.smithi099.stdout:/usr/bin/ceph: stderr
2024-03-18T15:39:19.157+0000 7fb82a000700 1 -- 172.21.15.99:0/1909851940 <== mon.0 v2:172.21.15.99:3300/0 3 ==== mon_map magic: 0 ==== 205+0+0 (secure 0 0 0) 0x7fb820024970 con 0x7fb82c07de80
2024-03-18T15:39:20.412 INFO:teuthology.orchestra.run.smithi099.stdout:/usr/bin/ceph: stderr
2024-03-18T15:39:19.157+0000 7fb834400700 1 -- 172.21.15.99:0/1909851940 --> [v2:172.21.15.99:3300/0,v1:172.21.15.99:6789/0] -- mon_subscribe({osdmap=0}) -- 0x7fb82c19e880 con 0x7fb82c07de80
2024-03-18T15:39:20.412 INFO:teuthology.orchestra.run.smithi099.stdout:/usr/bin/ceph: stderr
2024-03-18T15:39:19.158+0000 7fb82a000700 1 -- 172.21.15.99:0/1909851940 <== mon.0 v2:172.21.15.99:3300/0 4 ==== mgrmap(e 12) ==== 46119+0+0 (secure 0 0 0) 0x7fb820022020 con 0x7fb82c07de80
2024-03-18T15:39:20.412 INFO:teuthology.orchestra.run.smithi099.stdout:/usr/bin/ceph: stderr
2024-03-18T15:39:19.159+0000 7fb82a000700 1 --2- 172.21.15.99:0/1909851940 >> [v2:172.21.15.99:6800/924872535,v1:172.21.15.99:6801/924872535] conn(0x7fb814038f70 0x7fb81403b430 unknown :-1 s=NONE pgs=0 cs=0 l=1 rev1=0 crypto rx=0 tx=0 comp rx=0 tx=0).connect
2024-03-18T15:39:20.412 INFO:teuthology.orchestra.run.smithi099.stdout:/usr/bin/ceph: stderr
2024-03-18T15:39:19.159+0000 7fb834400700 1 -- 172.21.15.99:0/1909851940 --> [v2:172.21.15.99:3300/0,v1:172.21.15.99:6789/0] -- mon_command({"prefix": "get_command_descriptions"} v 0) -- 0x7fb82c063900 con 0x7fb82c07de80
2024-03-18T15:39:20.412 INFO:teuthology.orchestra.run.smithi099.stdout:/usr/bin/ceph: stderr
2024-03-18T15:39:19.159+0000 7fb82a000700 1 -- 172.21.15.99:0/1909851940 <== mon.0 v2:172.21.15.99:3300/0 5 ==== osd_map(3..3 src has 1..3) ==== 1155+0+0 (secure 0 0 0) 0x7fb82004d960 con 0x7fb82c07de80
2024-03-18T15:39:20.412 INFO:teuthology.orchestra.run.smithi099.stdout:/usr/bin/ceph: stderr
2024-03-18T15:39:19.159+0000 7fb831000700 1 --2- 172.21.15.99:0/1909851940 >> [v2:172.21.15.99:6800/924872535,v1:172.21.15.99:6801/924872535] conn(0x7fb814038f70 0x7fb81403b430 unknown :-1 s=BANNER_CONNECTING pgs=0 cs=0 l=1 rev1=0 crypto rx=0 tx=0 comp rx=0 tx=0)._handle_peer_banner_payload supported=3 required=0
2024-03-18T15:39:20.412 INFO:teuthology.orchestra.run.smithi099.stdout:/usr/bin/ceph: stderr
2024-03-18T15:39:19.160+0000 7fb831000700 1 --2- 172.21.15.99:0/1909851940 >> [v2:172.21.15.99:6800/924872535,v1:172.21.15.99:6801/924872535] conn(0x7fb814038f70 0x7fb81403b430 secure :-1 s=READY pgs=9 cs=0 l=1 rev1=1 crypto rx=0x7fb818006fd0 tx=0x7fb818006e40 comp rx=0 tx=0).ready entity=mgr.14152 client_cookie=0 server_cookie=0 in_seq=0 out_seq=0
2024-03-18T15:39:20.412 INFO:teuthology.orchestra.run.smithi099.stdout:/usr/bin/ceph: stderr
2024-03-18T15:39:19.165+0000 7fb82a000700 1 -- 172.21.15.99:0/1909851940 <== mon.0 v2:172.21.15.99:3300/0 6 ==== mon_command_ack([{"prefix": "get_command_descriptions"}]=0 v0) ==== 72+0+186149 (secure 0 0 0) 0x7fb82000b3e0 con 0x7fb82c07de80
2024-03-18T15:39:20.412 INFO:teuthology.orchestra.run.smithi099.stdout:/usr/bin/ceph: stderr
2024-03-18T15:39:19.389+0000 7fb834400700 1 -- 172.21.15.99:0/1909851940 --> [v2:172.21.15.99:3300/0,v1:172.21.15.99:6789/0] -- mon_command({"prefix": "config get", "who": "mgr", "key": "mgr/dashboard/ssl_server_port"} v 0) -- 0x7fb82c1a12f0 con 0x7fb82c07de80
2024-03-18T15:39:20.414 INFO:teuthology.orchestra.run.smithi099.stdout:/usr/bin/ceph: stderr
2024-03-18T15:39:19.390+0000 7fb82a000700 1 -- 172.21.15.99:0/1909851940 <== mon.0 v2:172.21.15.99:3300/0 7 ==== mon_command_ack([{"prefix": "config get", "who": "mgr", "key": "mgr/dashboard/ssl_server_port"}]=0 v8) ==== 112+0+5 (secure 0 0 0) 0x7fb820032030 con 0x7fb82c07de80
2024-03-18T15:39:20.414 INFO:teuthology.orchestra.run.smithi099.stdout:/usr/bin/ceph: stderr
2024-03-18T15:39:19.393+0000 7fb834400700 1 -- 172.21.15.99:0/1909851940 >> [v2:172.21.15.99:6800/924872535,v1:172.21.15.99:6801/924872535] conn(0x7fb814038f70 msgr2=0x7fb81403b430 secure :-1 s=STATE_CONNECTION_ESTABLISHED l=1).mark_down
2024-03-18T15:39:20.414 INFO:teuthology.orchestra.run.smithi099.stdout:/usr/bin/ceph: stderr
2024-03-18T15:39:19.393+0000 7fb834400700 1 --2- 172.21.15.99:0/1909851940 >> [v2:172.21.15.99:6800/924872535,v1:172.21.15.99:6801/924872535] conn(0x7fb814038f70 0x7fb81403b430 secure :-1 s=READY pgs=9 cs=0 l=1 rev1=1 crypto rx=0x7fb818006fd0 tx=0x7fb818006e40 comp rx=0 tx=0).stop
2024-03-18T15:39:20.414 INFO:teuthology.orchestra.run.smithi099.stdout:/usr/bin/ceph: stderr
2024-03-18T15:39:19.393+0000 7fb834400700 1 -- 172.21.15.99:0/1909851940 >> [v2:172.21.15.99:3300/0,v1:172.21.15.99:6789/0] conn(0x7fb82c07de80 msgr2=0x7fb82c19dc50 secure :-1 s=STATE_CONNECTION_ESTABLISHED l=1).mark_down
2024-03-18T15:39:20.414 INFO:teuthology.orchestra.run.smithi099.stdout:/usr/bin/ceph: stderr
2024-03-18T15:39:19.393+0000 7fb834400700 1 --2- 172.21.15.99:0/1909851940 >> [v2:172.21.15.99:3300/0,v1:172.21.15.99:6789/0] conn(0x7fb82c07de80 0x7fb82c19dc50 secure :-1 s=READY pgs=75 cs=0 l=1 rev1=1 crypto rx=0x7fb8200117e0 tx=0x7fb820011ba0 comp rx=0 tx=0).stop
2024-03-18T15:39:20.414 INFO:teuthology.orchestra.run.smithi099.stdout:/usr/bin/ceph: stderr
2024-03-18T15:39:19.393+0000 7fb834400700 1 -- 172.21.15.99:0/1909851940 shutdown_connections
2024-03-18T15:39:20.414 INFO:teuthology.orchestra.run.smithi099.stdout:/usr/bin/ceph: stderr
2024-03-18T15:39:19.393+0000 7fb834400700 1 --2- 172.21.15.99:0/1909851940 >> [v2:172.21.15.99:6800/924872535,v1:172.21.15.99:6801/924872535] conn(0x7fb814038f70 0x7fb81403b430 unknown :-1 s=CLOSED pgs=9 cs=0 l=1 rev1=1 crypto rx=0 tx=0 comp rx=0 tx=0).stop
2024-03-18T15:39:20.414 INFO:teuthology.orchestra.run.smithi099.stdout:/usr/bin/ceph: stderr
2024-03-18T15:39:19.393+0000 7fb834400700 1 --2- 172.21.15.99:0/1909851940 >> [v2:172.21.15.99:3300/0,v1:172.21.15.99:6789/0] conn(0x7fb82c07de80 0x7fb82c19dc50 unknown :-1 s=CLOSED pgs=75 cs=0 l=1 rev1=1 crypto rx=0 tx=0 comp rx=0 tx=0).stop
2024-03-18T15:39:20.414 INFO:teuthology.orchestra.run.smithi099.stdout:/usr/bin/ceph: stderr
2024-03-18T15:39:19.393+0000 7fb834400700 1 -- 172.21.15.99:0/1909851940 >> 172.21.15.99:0/1909851940 conn(0x7fb82c1030e0 msgr2=0x7fb82c103b20 unknown :-1 s=STATE_NONE l=0).mark_down
2024-03-18T15:39:20.414 INFO:teuthology.orchestra.run.smithi099.stdout:/usr/bin/ceph: stderr
2024-03-18T15:39:19.393+0000 7fb834400700 1 -- 172.21.15.99:0/1909851940 shutdown_connections
2024-03-18T15:39:20.415 INFO:teuthology.orchestra.run.smithi099.stdout:/usr/bin/ceph: stderr
2024-03-18T15:39:19.393+0000 7fb834400700 1 -- 172.21.15.99:0/1909851940 wait complete.
2024-03-18T15:39:20.452 INFO:teuthology.orchestra.run.smithi099.stdout:Non-zero exit code 1 from systemctl is-enabled firewalld.service
2024-03-18T15:39:20.453 INFO:teuthology.orchestra.run.smithi099.stdout:systemctl: stdout disabled
2024-03-18T15:39:20.473 INFO:teuthology.orchestra.run.smithi099.stdout:Non-zero exit code 3 from systemctl is-active firewalld.service
2024-03-18T15:39:20.473 INFO:teuthology.orchestra.run.smithi099.stdout:systemctl: stdout inactive
2024-03-18T15:39:20.474 INFO:teuthology.orchestra.run.smithi099.stdout:firewalld.service is not enabled
2024-03-18T15:39:20.474 INFO:teuthology.orchestra.run.smithi099.stdout:Not possible to open ports <[8443]>. firewalld.service is not available
2024-03-18T15:39:20.479 INFO:teuthology.orchestra.run.smithi099.stdout:Ceph Dashboard is now available at:
2024-03-18T15:39:20.479 INFO:teuthology.orchestra.run.smithi099.stdout:
2024-03-18T15:39:20.479 INFO:teuthology.orchestra.run.smithi099.stdout: URL: https://smithi099.front.sepia.ceph.com:8443/
2024-03-18T15:39:20.479 INFO:teuthology.orchestra.run.smithi099.stdout: User: admin
2024-03-18T15:39:20.479 INFO:teuthology.orchestra.run.smithi099.stdout: Password: 099xnvldsp
2024-03-18T15:39:20.479 INFO:teuthology.orchestra.run.smithi099.stdout:
2024-03-18T15:39:20.479 INFO:teuthology.orchestra.run.smithi099.stdout:Saving cluster configuration to /var/lib/ceph/27c5d3c2-e53d-11ee-95c9-87774f69a715/config directory
2024-03-18T15:39:20.481 INFO:teuthology.orchestra.run.smithi099.stdout:Enabling autotune for osd_memory_target
2024-03-18T15:39:21.015 INFO:journalctl@ceph.mon.a.smithi099.stdout:Mar 18 15:39:20 smithi099 ceph-mon[31499]: mgrmap e13: x(active, since 6s)
2024-03-18T15:39:22.415 INFO:teuthology.orchestra.run.smithi099.stdout:/usr/bin/ceph: stderr
2024-03-18T15:39:21.527+0000 7fd07ce00700 1 Processor -- start
2024-03-18T15:39:22.415 INFO:teuthology.orchestra.run.smithi099.stdout:/usr/bin/ceph: stderr
2024-03-18T15:39:21.528+0000 7fd07ce00700 1 -- start start
2024-03-18T15:39:22.415 INFO:teuthology.orchestra.run.smithi099.stdout:/usr/bin/ceph: stderr
2024-03-18T15:39:21.528+0000 7fd07ce00700 1 --2- >> [v2:172.21.15.99:3300/0,v1:172.21.15.99:6789/0] conn(0x7fd07807de60 0x7fd07807c2c0 unknown :-1 s=NONE pgs=0 cs=0 l=0 rev1=0 crypto rx=0 tx=0 comp rx=0 tx=0).connect
2024-03-18T15:39:22.415 INFO:teuthology.orchestra.run.smithi099.stdout:/usr/bin/ceph: stderr
2024-03-18T15:39:21.528+0000 7fd07ce00700 1 -- --> [v2:172.21.15.99:3300/0,v1:172.21.15.99:6789/0] -- mon_getmap magic: 0 -- 0x7fd07807c890 con 0x7fd07807de60
2024-03-18T15:39:22.415 INFO:teuthology.orchestra.run.smithi099.stdout:/usr/bin/ceph: stderr
2024-03-18T15:39:21.529+0000 7fd077400700 1 --2- >> [v2:172.21.15.99:3300/0,v1:172.21.15.99:6789/0] conn(0x7fd07807de60 0x7fd07807c2c0 unknown :-1 s=BANNER_CONNECTING pgs=0 cs=0 l=0 rev1=0 crypto rx=0 tx=0 comp rx=0 tx=0)._handle_peer_banner_payload supported=3 required=0
2024-03-18T15:39:22.415 INFO:teuthology.orchestra.run.smithi099.stdout:/usr/bin/ceph: stderr
2024-03-18T15:39:21.529+0000 7fd077400700 1 --2- >> [v2:172.21.15.99:3300/0,v1:172.21.15.99:6789/0] conn(0x7fd07807de60 0x7fd07807c2c0 unknown :-1 s=HELLO_CONNECTING pgs=0 cs=0 l=0 rev1=1 crypto rx=0 tx=0 comp rx=0 tx=0).handle_hello peer v2:172.21.15.99:3300/0 says I am v2:172.21.15.99:58026/0 (socket says 172.21.15.99:58026)
2024-03-18T15:39:22.415 INFO:teuthology.orchestra.run.smithi099.stdout:/usr/bin/ceph: stderr
2024-03-18T15:39:21.529+0000 7fd077400700 1 -- 172.21.15.99:0/4093288426 learned_addr learned my addr 172.21.15.99:0/4093288426 (peer_addr_for_me v2:172.21.15.99:0/0)
2024-03-18T15:39:22.415 INFO:teuthology.orchestra.run.smithi099.stdout:/usr/bin/ceph: stderr
2024-03-18T15:39:21.529+0000 7fd077400700 1 -- 172.21.15.99:0/4093288426 --> [v2:172.21.15.99:3300/0,v1:172.21.15.99:6789/0] -- mon_subscribe({config=0+,monmap=0+}) -- 0x7fd07807ca10 con 0x7fd07807de60
2024-03-18T15:39:22.415 INFO:teuthology.orchestra.run.smithi099.stdout:/usr/bin/ceph: stderr
2024-03-18T15:39:21.530+0000 7fd077400700 1 --2- 172.21.15.99:0/4093288426 >> [v2:172.21.15.99:3300/0,v1:172.21.15.99:6789/0] conn(0x7fd07807de60 0x7fd07807c2c0 secure :-1 s=READY pgs=76 cs=0 l=1 rev1=1 crypto rx=0x7fd0680098a0 tx=0x7fd068009bb0 comp rx=0 tx=0).ready entity=mon.0 client_cookie=ef42b9e04e6b63f4 server_cookie=0 in_seq=0 out_seq=0
2024-03-18T15:39:22.415 INFO:teuthology.orchestra.run.smithi099.stdout:/usr/bin/ceph: stderr
2024-03-18T15:39:21.530+0000 7fd076000700 1 -- 172.21.15.99:0/4093288426 <== mon.0 v2:172.21.15.99:3300/0 1 ==== mon_map magic: 0 ==== 205+0+0 (secure 0 0 0) 0x7fd068004160 con 0x7fd07807de60
2024-03-18T15:39:22.416 INFO:teuthology.orchestra.run.smithi099.stdout:/usr/bin/ceph: stderr
2024-03-18T15:39:21.530+0000 7fd076000700 1 -- 172.21.15.99:0/4093288426 <== mon.0 v2:172.21.15.99:3300/0 2 ==== config(27 keys) ==== 1140+0+0 (secure 0 0 0) 0x7fd068004300 con 0x7fd07807de60
2024-03-18T15:39:22.416 INFO:teuthology.orchestra.run.smithi099.stdout:/usr/bin/ceph: stderr
2024-03-18T15:39:21.530+0000 7fd076000700 1 -- 172.21.15.99:0/4093288426 <== mon.0 v2:172.21.15.99:3300/0 3 ==== mon_map magic: 0 ==== 205+0+0 (secure 0 0 0) 0x7fd068011b20 con 0x7fd07807de60
2024-03-18T15:39:22.416 INFO:teuthology.orchestra.run.smithi099.stdout:/usr/bin/ceph: stderr
2024-03-18T15:39:21.531+0000 7fd07ce00700 1 -- 172.21.15.99:0/4093288426 >> [v2:172.21.15.99:3300/0,v1:172.21.15.99:6789/0] conn(0x7fd07807de60 msgr2=0x7fd07807c2c0 secure :-1 s=STATE_CONNECTION_ESTABLISHED l=1).mark_down
2024-03-18T15:39:22.420 INFO:teuthology.orchestra.run.smithi099.stdout:/usr/bin/ceph: stderr
2024-03-18T15:39:21.531+0000 7fd07ce00700 1 --2- 172.21.15.99:0/4093288426 >> [v2:172.21.15.99:3300/0,v1:172.21.15.99:6789/0] conn(0x7fd07807de60 0x7fd07807c2c0 secure :-1 s=READY pgs=76 cs=0 l=1 rev1=1 crypto rx=0x7fd0680098a0 tx=0x7fd068009bb0 comp rx=0 tx=0).stop
2024-03-18T15:39:22.420 INFO:teuthology.orchestra.run.smithi099.stdout:/usr/bin/ceph: stderr
2024-03-18T15:39:21.531+0000 7fd07ce00700 1 -- 172.21.15.99:0/4093288426 shutdown_connections
2024-03-18T15:39:22.420 INFO:teuthology.orchestra.run.smithi099.stdout:/usr/bin/ceph: stderr
2024-03-18T15:39:21.531+0000 7fd07ce00700 1 --2- 172.21.15.99:0/4093288426 >> [v2:172.21.15.99:3300/0,v1:172.21.15.99:6789/0] conn(0x7fd07807de60 0x7fd07807c2c0 unknown :-1 s=CLOSED pgs=76 cs=0 l=1 rev1=1 crypto rx=0 tx=0 comp rx=0 tx=0).stop
2024-03-18T15:39:22.420 INFO:teuthology.orchestra.run.smithi099.stdout:/usr/bin/ceph: stderr
2024-03-18T15:39:21.531+0000 7fd07ce00700 1 -- 172.21.15.99:0/4093288426 >> 172.21.15.99:0/4093288426 conn(0x7fd078102f00 msgr2=0x7fd078105320 unknown :-1 s=STATE_NONE l=0).mark_down
2024-03-18T15:39:22.420 INFO:teuthology.orchestra.run.smithi099.stdout:/usr/bin/ceph: stderr
2024-03-18T15:39:21.531+0000 7fd07ce00700 1 -- 172.21.15.99:0/4093288426 shutdown_connections
2024-03-18T15:39:22.420 INFO:teuthology.orchestra.run.smithi099.stdout:/usr/bin/ceph: stderr
2024-03-18T15:39:21.531+0000 7fd07ce00700 1 -- 172.21.15.99:0/4093288426 wait complete.
2024-03-18T15:39:22.420 INFO:teuthology.orchestra.run.smithi099.stdout:/usr/bin/ceph: stderr
2024-03-18T15:39:21.532+0000 7fd07ce00700 1 Processor -- start
2024-03-18T15:39:22.420 INFO:teuthology.orchestra.run.smithi099.stdout:/usr/bin/ceph: stderr
2024-03-18T15:39:21.532+0000 7fd07ce00700 1 -- start start
2024-03-18T15:39:22.420 INFO:teuthology.orchestra.run.smithi099.stdout:/usr/bin/ceph: stderr
2024-03-18T15:39:21.533+0000 7fd07ce00700 1 --2- >> [v2:172.21.15.99:3300/0,v1:172.21.15.99:6789/0] conn(0x7fd07807de60 0x7fd07819dab0 unknown :-1 s=NONE pgs=0 cs=0 l=1 rev1=0 crypto rx=0 tx=0 comp rx=0 tx=0).connect
2024-03-18T15:39:22.421 INFO:teuthology.orchestra.run.smithi099.stdout:/usr/bin/ceph: stderr
2024-03-18T15:39:21.533+0000 7fd07ce00700 1 -- --> [v2:172.21.15.99:3300/0,v1:172.21.15.99:6789/0] -- mon_getmap magic: 0 -- 0x7fd07810dfa0 con 0x7fd07807de60
2024-03-18T15:39:22.421 INFO:teuthology.orchestra.run.smithi099.stdout:/usr/bin/ceph: stderr
2024-03-18T15:39:21.533+0000 7fd077400700 1 --2- >> [v2:172.21.15.99:3300/0,v1:172.21.15.99:6789/0] conn(0x7fd07807de60 0x7fd07819dab0 unknown :-1 s=BANNER_CONNECTING pgs=0 cs=0 l=1 rev1=0 crypto rx=0 tx=0 comp rx=0 tx=0)._handle_peer_banner_payload supported=3 required=0
2024-03-18T15:39:22.421 INFO:teuthology.orchestra.run.smithi099.stdout:/usr/bin/ceph: stderr
2024-03-18T15:39:21.533+0000 7fd077400700 1 --2- >> [v2:172.21.15.99:3300/0,v1:172.21.15.99:6789/0] conn(0x7fd07807de60 0x7fd07819dab0 unknown :-1 s=HELLO_CONNECTING pgs=0 cs=0 l=1 rev1=1 crypto rx=0 tx=0 comp rx=0 tx=0).handle_hello peer v2:172.21.15.99:3300/0 says I am v2:172.21.15.99:58032/0 (socket says 172.21.15.99:58032)
2024-03-18T15:39:22.421 INFO:teuthology.orchestra.run.smithi099.stdout:/usr/bin/ceph: stderr
2024-03-18T15:39:21.533+0000 7fd077400700 1 -- 172.21.15.99:0/1927724257 learned_addr learned my addr 172.21.15.99:0/1927724257 (peer_addr_for_me v2:172.21.15.99:0/0)
2024-03-18T15:39:22.421 INFO:teuthology.orchestra.run.smithi099.stdout:/usr/bin/ceph: stderr
2024-03-18T15:39:21.533+0000 7fd077400700 1 -- 172.21.15.99:0/1927724257 --> [v2:172.21.15.99:3300/0,v1:172.21.15.99:6789/0] -- mon_subscribe({config=0+,monmap=0+}) -- 0x7fd07819dff0 con 0x7fd07807de60
2024-03-18T15:39:22.421 INFO:teuthology.orchestra.run.smithi099.stdout:/usr/bin/ceph: stderr
2024-03-18T15:39:21.534+0000 7fd077400700 1 --2- 172.21.15.99:0/1927724257 >> [v2:172.21.15.99:3300/0,v1:172.21.15.99:6789/0] conn(0x7fd07807de60 0x7fd07819dab0 secure :-1 s=READY pgs=77 cs=0 l=1 rev1=1 crypto rx=0x7fd0680117e0 tx=0x7fd068011ba0 comp rx=0 tx=0).ready entity=mon.0 client_cookie=0 server_cookie=0 in_seq=0 out_seq=0
2024-03-18T15:39:22.421 INFO:teuthology.orchestra.run.smithi099.stdout:/usr/bin/ceph: stderr
2024-03-18T15:39:21.534+0000 7fd06fe00700 1 -- 172.21.15.99:0/1927724257 <== mon.0 v2:172.21.15.99:3300/0 1 ==== mon_map magic: 0 ==== 205+0+0 (secure 0 0 0) 0x7fd068003bf0 con 0x7fd07807de60
2024-03-18T15:39:22.421 INFO:teuthology.orchestra.run.smithi099.stdout:/usr/bin/ceph: stderr
2024-03-18T15:39:21.534+0000 7fd06fe00700 1 -- 172.21.15.99:0/1927724257 <== mon.0 v2:172.21.15.99:3300/0 2 ==== config(27 keys) ==== 1140+0+0 (secure 0 0 0) 0x7fd06801a910 con 0x7fd07807de60
2024-03-18T15:39:22.421 INFO:teuthology.orchestra.run.smithi099.stdout:/usr/bin/ceph: stderr
2024-03-18T15:39:21.534+0000 7fd07ce00700 1 -- 172.21.15.99:0/1927724257 --> [v2:172.21.15.99:3300/0,v1:172.21.15.99:6789/0] -- mon_subscribe({mgrmap=0+}) -- 0x7fd07819e280 con 0x7fd07807de60
2024-03-18T15:39:22.421 INFO:teuthology.orchestra.run.smithi099.stdout:/usr/bin/ceph: stderr
2024-03-18T15:39:21.534+0000 7fd06fe00700 1 -- 172.21.15.99:0/1927724257 <== mon.0 v2:172.21.15.99:3300/0 3 ==== mon_map magic: 0 ==== 205+0+0 (secure 0 0 0) 0x7fd068024970 con 0x7fd07807de60
2024-03-18T15:39:22.421 INFO:teuthology.orchestra.run.smithi099.stdout:/usr/bin/ceph: stderr
2024-03-18T15:39:21.534+0000 7fd07ce00700 1 -- 172.21.15.99:0/1927724257 --> [v2:172.21.15.99:3300/0,v1:172.21.15.99:6789/0] -- mon_subscribe({osdmap=0}) -- 0x7fd07819e6e0 con 0x7fd07807de60
2024-03-18T15:39:22.421 INFO:teuthology.orchestra.run.smithi099.stdout:/usr/bin/ceph: stderr
2024-03-18T15:39:21.535+0000 7fd06fe00700 1 -- 172.21.15.99:0/1927724257 <== mon.0 v2:172.21.15.99:3300/0 4 ==== mgrmap(e 13) ==== 46162+0+0 (secure 0 0 0) 0x7fd068022020 con 0x7fd07807de60
2024-03-18T15:39:22.422 INFO:teuthology.orchestra.run.smithi099.stdout:/usr/bin/ceph: stderr
2024-03-18T15:39:21.535+0000 7fd07ce00700 1 -- 172.21.15.99:0/1927724257 --> [v2:172.21.15.99:3300/0,v1:172.21.15.99:6789/0] -- mon_command({"prefix": "get_command_descriptions"} v 0) -- 0x7fd078063900 con 0x7fd07807de60
2024-03-18T15:39:22.422 INFO:teuthology.orchestra.run.smithi099.stdout:/usr/bin/ceph: stderr
2024-03-18T15:39:21.536+0000 7fd06fe00700 1 --2- 172.21.15.99:0/1927724257 >> [v2:172.21.15.99:6800/924872535,v1:172.21.15.99:6801/924872535] conn(0x7fd05c039070 0x7fd05c03b530 unknown :-1 s=NONE pgs=0 cs=0 l=1 rev1=0 crypto rx=0 tx=0 comp rx=0 tx=0).connect
2024-03-18T15:39:22.422 INFO:teuthology.orchestra.run.smithi099.stdout:/usr/bin/ceph: stderr
2024-03-18T15:39:21.536+0000 7fd06fe00700 1 -- 172.21.15.99:0/1927724257 <== mon.0 v2:172.21.15.99:3300/0 5 ==== osd_map(3..3 src has 1..3) ==== 1155+0+0 (secure 0 0 0) 0x7fd06804d4f0 con 0x7fd07807de60
2024-03-18T15:39:22.422 INFO:teuthology.orchestra.run.smithi099.stdout:/usr/bin/ceph: stderr
2024-03-18T15:39:21.536+0000 7fd076a00700 1 --2- 172.21.15.99:0/1927724257 >> [v2:172.21.15.99:6800/924872535,v1:172.21.15.99:6801/924872535] conn(0x7fd05c039070 0x7fd05c03b530 unknown :-1 s=BANNER_CONNECTING pgs=0 cs=0 l=1 rev1=0 crypto rx=0 tx=0 comp rx=0 tx=0)._handle_peer_banner_payload supported=3 required=0
2024-03-18T15:39:22.422 INFO:teuthology.orchestra.run.smithi099.stdout:/usr/bin/ceph: stderr
2024-03-18T15:39:21.537+0000 7fd076a00700 1 --2- 172.21.15.99:0/1927724257 >> [v2:172.21.15.99:6800/924872535,v1:172.21.15.99:6801/924872535] conn(0x7fd05c039070 0x7fd05c03b530 secure :-1 s=READY pgs=10 cs=0 l=1 rev1=1 crypto rx=0x7fd064006fd0 tx=0x7fd064006e40 comp rx=0 tx=0).ready entity=mgr.14152 client_cookie=0 server_cookie=0 in_seq=0 out_seq=0
2024-03-18T15:39:22.422 INFO:teuthology.orchestra.run.smithi099.stdout:/usr/bin/ceph: stderr
2024-03-18T15:39:21.541+0000 7fd06fe00700 1 -- 172.21.15.99:0/1927724257 <== mon.0 v2:172.21.15.99:3300/0 6 ==== mon_command_ack([{"prefix": "get_command_descriptions"}]=0 v0) ==== 72+0+186149 (secure 0 0 0) 0x7fd06802d910 con 0x7fd07807de60
2024-03-18T15:39:22.422 INFO:teuthology.orchestra.run.smithi099.stdout:/usr/bin/ceph: stderr
2024-03-18T15:39:21.762+0000 7fd07ce00700 1 -- 172.21.15.99:0/1927724257 --> [v2:172.21.15.99:3300/0,v1:172.21.15.99:6789/0] -- mon_command([{prefix=config set, name=osd_memory_target_autotune}] v 0) -- 0x7fd0781a10b0 con 0x7fd07807de60
2024-03-18T15:39:22.422 INFO:teuthology.orchestra.run.smithi099.stdout:/usr/bin/ceph: stderr
2024-03-18T15:39:21.763+0000 7fd06fe00700 1 -- 172.21.15.99:0/1927724257 <== mon.0 v2:172.21.15.99:3300/0 7 ==== mon_command_ack([{prefix=config set, name=osd_memory_target_autotune}]=0 v8)=0 v8) ==== 127+0+0 (secure 0 0 0) 0x7fd06802d3f0 con 0x7fd07807de60
2024-03-18T15:39:22.422 INFO:teuthology.orchestra.run.smithi099.stdout:/usr/bin/ceph: stderr
2024-03-18T15:39:21.766+0000 7fd07ce00700 1 -- 172.21.15.99:0/1927724257 >> [v2:172.21.15.99:6800/924872535,v1:172.21.15.99:6801/924872535] conn(0x7fd05c039070 msgr2=0x7fd05c03b530 secure :-1 s=STATE_CONNECTION_ESTABLISHED l=1).mark_down
2024-03-18T15:39:22.422 INFO:teuthology.orchestra.run.smithi099.stdout:/usr/bin/ceph: stderr
2024-03-18T15:39:21.766+0000 7fd07ce00700 1 --2- 172.21.15.99:0/1927724257 >> [v2:172.21.15.99:6800/924872535,v1:172.21.15.99:6801/924872535] conn(0x7fd05c039070 0x7fd05c03b530 secure :-1 s=READY pgs=10 cs=0 l=1 rev1=1 crypto rx=0x7fd064006fd0 tx=0x7fd064006e40 comp rx=0 tx=0).stop
2024-03-18T15:39:22.422 INFO:teuthology.orchestra.run.smithi099.stdout:/usr/bin/ceph: stderr
2024-03-18T15:39:21.766+0000 7fd07ce00700 1 -- 172.21.15.99:0/1927724257 >> [v2:172.21.15.99:3300/0,v1:172.21.15.99:6789/0] conn(0x7fd07807de60 msgr2=0x7fd07819dab0 secure :-1 s=STATE_CONNECTION_ESTABLISHED l=1).mark_down
2024-03-18T15:39:22.422 INFO:teuthology.orchestra.run.smithi099.stdout:/usr/bin/ceph: stderr
2024-03-18T15:39:21.766+0000 7fd07ce00700 1 --2- 172.21.15.99:0/1927724257 >> [v2:172.21.15.99:3300/0,v1:172.21.15.99:6789/0] conn(0x7fd07807de60 0x7fd07819dab0 secure :-1 s=READY pgs=77 cs=0 l=1 rev1=1 crypto rx=0x7fd0680117e0 tx=0x7fd068011ba0 comp rx=0 tx=0).stop
2024-03-18T15:39:22.422 INFO:teuthology.orchestra.run.smithi099.stdout:/usr/bin/ceph: stderr
2024-03-18T15:39:21.766+0000 7fd07ce00700 1 -- 172.21.15.99:0/1927724257 shutdown_connections
2024-03-18T15:39:22.422 INFO:teuthology.orchestra.run.smithi099.stdout:/usr/bin/ceph: stderr
2024-03-18T15:39:21.766+0000 7fd07ce00700 1 --2- 172.21.15.99:0/1927724257 >> [v2:172.21.15.99:6800/924872535,v1:172.21.15.99:6801/924872535] conn(0x7fd05c039070 0x7fd05c03b530 unknown :-1 s=CLOSED pgs=10 cs=0 l=1 rev1=1 crypto rx=0 tx=0 comp rx=0 tx=0).stop
2024-03-18T15:39:22.423 INFO:teuthology.orchestra.run.smithi099.stdout:/usr/bin/ceph: stderr
2024-03-18T15:39:21.766+0000 7fd07ce00700 1 --2- 172.21.15.99:0/1927724257 >> [v2:172.21.15.99:3300/0,v1:172.21.15.99:6789/0] conn(0x7fd07807de60 0x7fd07819dab0 unknown :-1 s=CLOSED pgs=77 cs=0 l=1 rev1=1 crypto rx=0 tx=0 comp rx=0 tx=0).stop
2024-03-18T15:39:22.423 INFO:teuthology.orchestra.run.smithi099.stdout:/usr/bin/ceph: stderr
2024-03-18T15:39:21.766+0000 7fd07ce00700 1 -- 172.21.15.99:0/1927724257 >> 172.21.15.99:0/1927724257 conn(0x7fd078102f00 msgr2=0x7fd0781039a0 unknown :-1 s=STATE_NONE l=0).mark_down
2024-03-18T15:39:22.423 INFO:teuthology.orchestra.run.smithi099.stdout:/usr/bin/ceph: stderr
2024-03-18T15:39:21.766+0000 7fd07ce00700 1 -- 172.21.15.99:0/1927724257 shutdown_connections
2024-03-18T15:39:22.423 INFO:teuthology.orchestra.run.smithi099.stdout:/usr/bin/ceph: stderr
2024-03-18T15:39:21.766+0000 7fd07ce00700 1 -- 172.21.15.99:0/1927724257 wait complete.
2024-03-18T15:39:24.027 INFO:teuthology.orchestra.run.smithi099.stdout:/usr/bin/ceph: stderr
2024-03-18T15:39:22.990+0000 7f9255000700 1 Processor -- start
2024-03-18T15:39:24.028 INFO:teuthology.orchestra.run.smithi099.stdout:/usr/bin/ceph: stderr
2024-03-18T15:39:22.990+0000 7f9255000700 1 -- start start
2024-03-18T15:39:24.028 INFO:teuthology.orchestra.run.smithi099.stdout:/usr/bin/ceph: stderr
2024-03-18T15:39:22.991+0000 7f9255000700 1 --2- >> [v2:172.21.15.99:3300/0,v1:172.21.15.99:6789/0] conn(0x7f9250107b20 0x7f9250107f40 unknown :-1 s=NONE pgs=0 cs=0 l=0 rev1=0 crypto rx=0 tx=0 comp rx=0 tx=0).connect
2024-03-18T15:39:24.028 INFO:teuthology.orchestra.run.smithi099.stdout:/usr/bin/ceph: stderr
2024-03-18T15:39:22.991+0000 7f9255000700 1 -- --> [v2:172.21.15.99:3300/0,v1:172.21.15.99:6789/0] -- mon_getmap magic: 0 -- 0x7f9250108510 con 0x7f9250107b20
2024-03-18T15:39:24.028 INFO:teuthology.orchestra.run.smithi099.stdout:/usr/bin/ceph: stderr
2024-03-18T15:39:22.991+0000 7f924de00700 1 --2- >> [v2:172.21.15.99:3300/0,v1:172.21.15.99:6789/0] conn(0x7f9250107b20 0x7f9250107f40 unknown :-1 s=BANNER_CONNECTING pgs=0 cs=0 l=0 rev1=0 crypto rx=0 tx=0 comp rx=0 tx=0)._handle_peer_banner_payload supported=3 required=0
2024-03-18T15:39:24.028 INFO:teuthology.orchestra.run.smithi099.stdout:/usr/bin/ceph: stderr
2024-03-18T15:39:22.991+0000 7f924de00700 1 --2- >> [v2:172.21.15.99:3300/0,v1:172.21.15.99:6789/0] conn(0x7f9250107b20 0x7f9250107f40 unknown :-1 s=HELLO_CONNECTING pgs=0 cs=0 l=0 rev1=1 crypto rx=0 tx=0 comp rx=0 tx=0).handle_hello peer v2:172.21.15.99:3300/0 says I am v2:172.21.15.99:58048/0 (socket says 172.21.15.99:58048)
2024-03-18T15:39:24.028 INFO:teuthology.orchestra.run.smithi099.stdout:/usr/bin/ceph: stderr
2024-03-18T15:39:22.991+0000 7f924de00700 1 -- 172.21.15.99:0/3953934883 learned_addr learned my addr 172.21.15.99:0/3953934883 (peer_addr_for_me v2:172.21.15.99:0/0)
2024-03-18T15:39:24.028 INFO:teuthology.orchestra.run.smithi099.stdout:/usr/bin/ceph: stderr
2024-03-18T15:39:22.992+0000 7f924de00700 1 -- 172.21.15.99:0/3953934883 --> [v2:172.21.15.99:3300/0,v1:172.21.15.99:6789/0] -- mon_subscribe({config=0+,monmap=0+}) -- 0x7f9250108d20 con 0x7f9250107b20
2024-03-18T15:39:24.028 INFO:teuthology.orchestra.run.smithi099.stdout:/usr/bin/ceph: stderr
2024-03-18T15:39:22.992+0000 7f924de00700 1 --2- 172.21.15.99:0/3953934883 >> [v2:172.21.15.99:3300/0,v1:172.21.15.99:6789/0] conn(0x7f9250107b20 0x7f9250107f40 secure :-1 s=READY pgs=78 cs=0 l=1 rev1=1 crypto rx=0x7f92400098a0 tx=0x7f9240009bb0 comp rx=0 tx=0).ready entity=mon.0 client_cookie=8d2f73a417e6b5c5 server_cookie=0 in_seq=0 out_seq=0
2024-03-18T15:39:24.028 INFO:teuthology.orchestra.run.smithi099.stdout:/usr/bin/ceph: stderr
2024-03-18T15:39:22.992+0000 7f924d400700 1 -- 172.21.15.99:0/3953934883 <== mon.0 v2:172.21.15.99:3300/0 1 ==== mon_map magic: 0 ==== 205+0+0 (secure 0 0 0) 0x7f9240004160 con 0x7f9250107b20
2024-03-18T15:39:24.028 INFO:teuthology.orchestra.run.smithi099.stdout:/usr/bin/ceph: stderr
2024-03-18T15:39:22.992+0000 7f924d400700 1 -- 172.21.15.99:0/3953934883 <== mon.0 v2:172.21.15.99:3300/0 2 ==== config(27 keys) ==== 1140+0+0 (secure 0 0 0) 0x7f9240004300 con 0x7f9250107b20
2024-03-18T15:39:24.028 INFO:teuthology.orchestra.run.smithi099.stdout:/usr/bin/ceph: stderr
2024-03-18T15:39:22.992+0000 7f924d400700 1 -- 172.21.15.99:0/3953934883 <== mon.0 v2:172.21.15.99:3300/0 3 ==== mon_map magic: 0 ==== 205+0+0 (secure 0 0 0) 0x7f9240011b20 con 0x7f9250107b20
2024-03-18T15:39:24.028 INFO:teuthology.orchestra.run.smithi099.stdout:/usr/bin/ceph: stderr
2024-03-18T15:39:22.993+0000 7f9255000700 1 -- 172.21.15.99:0/3953934883 >> [v2:172.21.15.99:3300/0,v1:172.21.15.99:6789/0] conn(0x7f9250107b20 msgr2=0x7f9250107f40 secure :-1 s=STATE_CONNECTION_ESTABLISHED l=1).mark_down
2024-03-18T15:39:24.029 INFO:teuthology.orchestra.run.smithi099.stdout:/usr/bin/ceph: stderr
2024-03-18T15:39:22.993+0000 7f9255000700 1 --2- 172.21.15.99:0/3953934883 >> [v2:172.21.15.99:3300/0,v1:172.21.15.99:6789/0] conn(0x7f9250107b20 0x7f9250107f40 secure :-1 s=READY pgs=78 cs=0 l=1 rev1=1 crypto rx=0x7f92400098a0 tx=0x7f9240009bb0 comp rx=0 tx=0).stop
2024-03-18T15:39:24.029 INFO:teuthology.orchestra.run.smithi099.stdout:/usr/bin/ceph: stderr
2024-03-18T15:39:22.993+0000 7f9255000700 1 -- 172.21.15.99:0/3953934883 shutdown_connections
2024-03-18T15:39:24.029 INFO:teuthology.orchestra.run.smithi099.stdout:/usr/bin/ceph: stderr
2024-03-18T15:39:22.993+0000 7f9255000700 1 --2- 172.21.15.99:0/3953934883 >> [v2:172.21.15.99:3300/0,v1:172.21.15.99:6789/0] conn(0x7f9250107b20 0x7f9250107f40 unknown :-1 s=CLOSED pgs=78 cs=0 l=1 rev1=1 crypto rx=0 tx=0 comp rx=0 tx=0).stop
2024-03-18T15:39:24.029 INFO:teuthology.orchestra.run.smithi099.stdout:/usr/bin/ceph: stderr
2024-03-18T15:39:22.993+0000 7f9255000700 1 -- 172.21.15.99:0/3953934883 >> 172.21.15.99:0/3953934883 conn(0x7f92501030e0 msgr2=0x7f9250105500 unknown :-1 s=STATE_NONE l=0).mark_down
2024-03-18T15:39:24.029 INFO:teuthology.orchestra.run.smithi099.stdout:/usr/bin/ceph: stderr
2024-03-18T15:39:22.993+0000 7f9255000700 1 -- 172.21.15.99:0/3953934883 shutdown_connections
2024-03-18T15:39:24.029 INFO:teuthology.orchestra.run.smithi099.stdout:/usr/bin/ceph: stderr
2024-03-18T15:39:22.993+0000 7f9255000700 1 -- 172.21.15.99:0/3953934883 wait complete.
2024-03-18T15:39:24.029 INFO:teuthology.orchestra.run.smithi099.stdout:/usr/bin/ceph: stderr
2024-03-18T15:39:22.994+0000 7f9255000700 1 Processor -- start
2024-03-18T15:39:24.029 INFO:teuthology.orchestra.run.smithi099.stdout:/usr/bin/ceph: stderr
2024-03-18T15:39:22.994+0000 7f9255000700 1 -- start start
2024-03-18T15:39:24.029 INFO:teuthology.orchestra.run.smithi099.stdout:/usr/bin/ceph: stderr
2024-03-18T15:39:22.995+0000 7f9255000700 1 --2- >> [v2:172.21.15.99:3300/0,v1:172.21.15.99:6789/0] conn(0x7f9250107b20 0x7f925007db30 unknown :-1 s=NONE pgs=0 cs=0 l=1 rev1=0 crypto rx=0 tx=0 comp rx=0 tx=0).connect
2024-03-18T15:39:24.029 INFO:teuthology.orchestra.run.smithi099.stdout:/usr/bin/ceph: stderr
2024-03-18T15:39:22.995+0000 7f9255000700 1 -- --> [v2:172.21.15.99:3300/0,v1:172.21.15.99:6789/0] -- mon_getmap magic: 0 -- 0x7f925010c0d0 con 0x7f9250107b20
2024-03-18T15:39:24.029 INFO:teuthology.orchestra.run.smithi099.stdout:/usr/bin/ceph: stderr
2024-03-18T15:39:22.995+0000 7f924de00700 1 --2- >> [v2:172.21.15.99:3300/0,v1:172.21.15.99:6789/0] conn(0x7f9250107b20 0x7f925007db30 unknown :-1 s=BANNER_CONNECTING pgs=0 cs=0 l=1 rev1=0 crypto rx=0 tx=0 comp rx=0 tx=0)._handle_peer_banner_payload supported=3 required=0
2024-03-18T15:39:24.029 INFO:teuthology.orchestra.run.smithi099.stdout:/usr/bin/ceph: stderr
2024-03-18T15:39:22.995+0000 7f924de00700 1 --2- >> [v2:172.21.15.99:3300/0,v1:172.21.15.99:6789/0] conn(0x7f9250107b20 0x7f925007db30 unknown :-1 s=HELLO_CONNECTING pgs=0 cs=0 l=1 rev1=1 crypto rx=0 tx=0 comp rx=0 tx=0).handle_hello peer v2:172.21.15.99:3300/0 says I am v2:172.21.15.99:58052/0 (socket says 172.21.15.99:58052)
2024-03-18T15:39:24.029 INFO:teuthology.orchestra.run.smithi099.stdout:/usr/bin/ceph: stderr
2024-03-18T15:39:22.995+0000 7f924de00700 1 -- 172.21.15.99:0/397230195 learned_addr learned my addr 172.21.15.99:0/397230195 (peer_addr_for_me v2:172.21.15.99:0/0)
2024-03-18T15:39:24.029 INFO:teuthology.orchestra.run.smithi099.stdout:/usr/bin/ceph: stderr
