2024-03-18T15:50:26.580+0000 7fd88b7fe700 1 -- 172.21.15.150:0/777758492 >> [v2:172.21.15.150:6800/2001484430,v1:172.21.15.150:6801/2001484430] conn(0x7fd874038ed0 msgr2=0x7fd87403b390 unknown :-1 s=STATE_CONNECTING_RE l=1).process reconnect failed to v2:172.21.15.150:6800/2001484430
2024-03-18T15:50:31.502 INFO:teuthology.orchestra.run.smithi150.stdout:/usr/bin/ceph: stderr
2024-03-18T15:50:26.580+0000 7fd88b7fe700 1 --2- 172.21.15.150:0/777758492 >> [v2:172.21.15.150:6800/2001484430,v1:172.21.15.150:6801/2001484430] conn(0x7fd874038ed0 0x7fd87403b390 unknown :-1 s=START_CONNECT pgs=0 cs=0 l=1 rev1=0 crypto rx=0 tx=0 comp rx=0 tx=0)._fault waiting 0.800000
2024-03-18T15:50:31.502 INFO:teuthology.orchestra.run.smithi150.stdout:/usr/bin/ceph: stderr
2024-03-18T15:50:27.381+0000 7fd88b7fe700 1 -- 172.21.15.150:0/777758492 >> [v2:172.21.15.150:6800/2001484430,v1:172.21.15.150:6801/2001484430] conn(0x7fd874038ed0 msgr2=0x7fd87403b390 unknown :-1 s=STATE_CONNECTING_RE l=1).process reconnect failed to v2:172.21.15.150:6800/2001484430
2024-03-18T15:50:31.502 INFO:teuthology.orchestra.run.smithi150.stdout:/usr/bin/ceph: stderr
2024-03-18T15:50:27.381+0000 7fd88b7fe700 1 --2- 172.21.15.150:0/777758492 >> [v2:172.21.15.150:6800/2001484430,v1:172.21.15.150:6801/2001484430] conn(0x7fd874038ed0 0x7fd87403b390 unknown :-1 s=START_CONNECT pgs=0 cs=0 l=1 rev1=0 crypto rx=0 tx=0 comp rx=0 tx=0)._fault waiting 1.600000
2024-03-18T15:50:31.502 INFO:teuthology.orchestra.run.smithi150.stdout:/usr/bin/ceph: stderr
2024-03-18T15:50:28.982+0000 7fd88b7fe700 1 -- 172.21.15.150:0/777758492 >> [v2:172.21.15.150:6800/2001484430,v1:172.21.15.150:6801/2001484430] conn(0x7fd874038ed0 msgr2=0x7fd87403b390 unknown :-1 s=STATE_CONNECTING_RE l=1).process reconnect failed to v2:172.21.15.150:6800/2001484430
2024-03-18T15:50:31.502 INFO:teuthology.orchestra.run.smithi150.stdout:/usr/bin/ceph: stderr
2024-03-18T15:50:28.982+0000 7fd88b7fe700 1 --2- 172.21.15.150:0/777758492 >> [v2:172.21.15.150:6800/2001484430,v1:172.21.15.150:6801/2001484430] conn(0x7fd874038ed0 0x7fd87403b390 unknown :-1 s=START_CONNECT pgs=0 cs=0 l=1 rev1=0 crypto rx=0 tx=0 comp rx=0 tx=0)._fault waiting 3.200000
2024-03-18T15:50:31.502 INFO:teuthology.orchestra.run.smithi150.stdout:/usr/bin/ceph: stderr
2024-03-18T15:50:29.896+0000 7fd8897fa700 1 -- 172.21.15.150:0/777758492 <== mon.0 v2:172.21.15.150:3300/0 6 ==== mgrmap(e 6) ==== 45873+0+0 (secure 0 0 0) 0x7fd87c02cce0 con 0x7fd88c106bc0
2024-03-18T15:50:31.502 INFO:teuthology.orchestra.run.smithi150.stdout:/usr/bin/ceph: stderr
2024-03-18T15:50:29.896+0000 7fd8897fa700 1 -- 172.21.15.150:0/777758492 >> [v2:172.21.15.150:6800/2001484430,v1:172.21.15.150:6801/2001484430] conn(0x7fd874038ed0 msgr2=0x7fd87403b390 unknown :-1 s=STATE_CONNECTING l=1).mark_down
2024-03-18T15:50:31.502 INFO:teuthology.orchestra.run.smithi150.stdout:/usr/bin/ceph: stderr
2024-03-18T15:50:29.896+0000 7fd8897fa700 1 --2- 172.21.15.150:0/777758492 >> [v2:172.21.15.150:6800/2001484430,v1:172.21.15.150:6801/2001484430] conn(0x7fd874038ed0 0x7fd87403b390 unknown :-1 s=START_CONNECT pgs=0 cs=0 l=1 rev1=0 crypto rx=0 tx=0 comp rx=0 tx=0).stop
2024-03-18T15:50:31.503 INFO:teuthology.orchestra.run.smithi150.stdout:/usr/bin/ceph: stderr
2024-03-18T15:50:30.898+0000 7fd8897fa700 1 -- 172.21.15.150:0/777758492 <== mon.0 v2:172.21.15.150:3300/0 7 ==== mgrmap(e 7) ==== 46000+0+0 (secure 0 0 0) 0x7fd87c050e50 con 0x7fd88c106bc0
2024-03-18T15:50:31.503 INFO:teuthology.orchestra.run.smithi150.stdout:/usr/bin/ceph: stderr
2024-03-18T15:50:30.898+0000 7fd8897fa700 1 --2- 172.21.15.150:0/777758492 >> [v2:172.21.15.150:6800/775411148,v1:172.21.15.150:6801/775411148] conn(0x7fd87403c7c0 0x7fd87403ebb0 unknown :-1 s=NONE pgs=0 cs=0 l=1 rev1=0 crypto rx=0 tx=0 comp rx=0 tx=0).connect
2024-03-18T15:50:31.503 INFO:teuthology.orchestra.run.smithi150.stdout:/usr/bin/ceph: stderr
2024-03-18T15:50:30.898+0000 7fd8897fa700 1 -- 172.21.15.150:0/777758492 --> [v2:172.21.15.150:6800/775411148,v1:172.21.15.150:6801/775411148] -- command(tid 0: {"prefix": "get_command_descriptions"}) -- 0x7fd87403baa0 con 0x7fd87403c7c0
2024-03-18T15:50:31.503 INFO:teuthology.orchestra.run.smithi150.stdout:/usr/bin/ceph: stderr
2024-03-18T15:50:30.898+0000 7fd88b7fe700 1 --2- 172.21.15.150:0/777758492 >> [v2:172.21.15.150:6800/775411148,v1:172.21.15.150:6801/775411148] conn(0x7fd87403c7c0 0x7fd87403ebb0 unknown :-1 s=BANNER_CONNECTING pgs=0 cs=0 l=1 rev1=0 crypto rx=0 tx=0 comp rx=0 tx=0)._handle_peer_banner_payload supported=3 required=0
2024-03-18T15:50:31.503 INFO:teuthology.orchestra.run.smithi150.stdout:/usr/bin/ceph: stderr
2024-03-18T15:50:30.899+0000 7fd88b7fe700 1 --2- 172.21.15.150:0/777758492 >> [v2:172.21.15.150:6800/775411148,v1:172.21.15.150:6801/775411148] conn(0x7fd87403c7c0 0x7fd87403ebb0 secure :-1 s=READY pgs=1 cs=0 l=1 rev1=1 crypto rx=0x7fd880003a10 tx=0x7fd880009290 comp rx=0 tx=0).ready entity=mgr.14118 client_cookie=0 server_cookie=0 in_seq=0 out_seq=0
2024-03-18T15:50:31.503 INFO:teuthology.orchestra.run.smithi150.stdout:/usr/bin/ceph: stderr
2024-03-18T15:50:30.899+0000 7fd8897fa700 1 -- 172.21.15.150:0/777758492 <== mgr.14118 v2:172.21.15.150:6800/775411148 1 ==== command_reply(tid 0: 0 ) ==== 8+0+7774 (secure 0 0 0) 0x7fd87403baa0 con 0x7fd87403c7c0
2024-03-18T15:50:31.503 INFO:teuthology.orchestra.run.smithi150.stdout:/usr/bin/ceph: stderr
2024-03-18T15:50:30.906+0000 7fd892745700 1 -- 172.21.15.150:0/777758492 --> [v2:172.21.15.150:6800/775411148,v1:172.21.15.150:6801/775411148] -- command(tid 1: {"prefix": "mgr_status"}) -- 0x7fd88c0693d0 con 0x7fd87403c7c0
2024-03-18T15:50:31.503 INFO:teuthology.orchestra.run.smithi150.stdout:/usr/bin/ceph: stderr
2024-03-18T15:50:30.906+0000 7fd8897fa700 1 -- 172.21.15.150:0/777758492 <== mgr.14118 v2:172.21.15.150:6800/775411148 2 ==== command_reply(tid 1: 0 ) ==== 8+0+51 (secure 0 0 0) 0x7fd88c0693d0 con 0x7fd87403c7c0
2024-03-18T15:50:31.503 INFO:teuthology.orchestra.run.smithi150.stdout:/usr/bin/ceph: stderr
2024-03-18T15:50:30.906+0000 7fd892745700 1 -- 172.21.15.150:0/777758492 >> [v2:172.21.15.150:6800/775411148,v1:172.21.15.150:6801/775411148] conn(0x7fd87403c7c0 msgr2=0x7fd87403ebb0 secure :-1 s=STATE_CONNECTION_ESTABLISHED l=1).mark_down
2024-03-18T15:50:31.503 INFO:teuthology.orchestra.run.smithi150.stdout:/usr/bin/ceph: stderr
2024-03-18T15:50:30.906+0000 7fd892745700 1 --2- 172.21.15.150:0/777758492 >> [v2:172.21.15.150:6800/775411148,v1:172.21.15.150:6801/775411148] conn(0x7fd87403c7c0 0x7fd87403ebb0 secure :-1 s=READY pgs=1 cs=0 l=1 rev1=1 crypto rx=0x7fd880003a10 tx=0x7fd880009290 comp rx=0 tx=0).stop
2024-03-18T15:50:31.503 INFO:teuthology.orchestra.run.smithi150.stdout:/usr/bin/ceph: stderr
2024-03-18T15:50:30.906+0000 7fd892745700 1 -- 172.21.15.150:0/777758492 >> [v2:172.21.15.150:3300/0,v1:172.21.15.150:6789/0] conn(0x7fd88c106bc0 msgr2=0x7fd88c199b50 secure :-1 s=STATE_CONNECTION_ESTABLISHED l=1).mark_down
2024-03-18T15:50:31.503 INFO:teuthology.orchestra.run.smithi150.stdout:/usr/bin/ceph: stderr
2024-03-18T15:50:30.906+0000 7fd892745700 1 --2- 172.21.15.150:0/777758492 >> [v2:172.21.15.150:3300/0,v1:172.21.15.150:6789/0] conn(0x7fd88c106bc0 0x7fd88c199b50 secure :-1 s=READY pgs=27 cs=0 l=1 rev1=1 crypto rx=0x7fd87c00b340 tx=0x7fd87c0040b0 comp rx=0 tx=0).stop
2024-03-18T15:50:31.503 INFO:teuthology.orchestra.run.smithi150.stdout:/usr/bin/ceph: stderr
2024-03-18T15:50:30.906+0000 7fd892745700 1 -- 172.21.15.150:0/777758492 shutdown_connections
2024-03-18T15:50:31.503 INFO:teuthology.orchestra.run.smithi150.stdout:/usr/bin/ceph: stderr
2024-03-18T15:50:30.906+0000 7fd892745700 1 --2- 172.21.15.150:0/777758492 >> [v2:172.21.15.150:6800/775411148,v1:172.21.15.150:6801/775411148] conn(0x7fd87403c7c0 0x7fd87403ebb0 unknown :-1 s=CLOSED pgs=1 cs=0 l=1 rev1=1 crypto rx=0 tx=0 comp rx=0 tx=0).stop
2024-03-18T15:50:31.504 INFO:teuthology.orchestra.run.smithi150.stdout:/usr/bin/ceph: stderr
2024-03-18T15:50:30.906+0000 7fd892745700 1 --2- 172.21.15.150:0/777758492 >> [v2:172.21.15.150:3300/0,v1:172.21.15.150:6789/0] conn(0x7fd88c106bc0 0x7fd88c199b50 unknown :-1 s=CLOSED pgs=27 cs=0 l=1 rev1=1 crypto rx=0 tx=0 comp rx=0 tx=0).stop
2024-03-18T15:50:31.504 INFO:teuthology.orchestra.run.smithi150.stdout:/usr/bin/ceph: stderr
2024-03-18T15:50:30.906+0000 7fd892745700 1 --2- 172.21.15.150:0/777758492 >> [v2:172.21.15.150:6800/2001484430,v1:172.21.15.150:6801/2001484430] conn(0x7fd874038ed0 0x7fd87403b390 unknown :-1 s=CLOSED pgs=0 cs=0 l=1 rev1=0 crypto rx=0 tx=0 comp rx=0 tx=0).stop
2024-03-18T15:50:31.504 INFO:teuthology.orchestra.run.smithi150.stdout:/usr/bin/ceph: stderr
2024-03-18T15:50:30.906+0000 7fd892745700 1 -- 172.21.15.150:0/777758492 >> 172.21.15.150:0/777758492 conn(0x7fd88c102120 msgr2=0x7fd88c190160 unknown :-1 s=STATE_NONE l=0).mark_down
2024-03-18T15:50:31.504 INFO:teuthology.orchestra.run.smithi150.stdout:/usr/bin/ceph: stderr
2024-03-18T15:50:30.906+0000 7fd892745700 1 -- 172.21.15.150:0/777758492 shutdown_connections
2024-03-18T15:50:31.504 INFO:teuthology.orchestra.run.smithi150.stdout:/usr/bin/ceph: stderr
2024-03-18T15:50:30.906+0000 7fd892745700 1 -- 172.21.15.150:0/777758492 wait complete.
2024-03-18T15:50:31.504 INFO:teuthology.orchestra.run.smithi150.stdout:mgr epoch 5 is available
2024-03-18T15:50:31.504 INFO:teuthology.orchestra.run.smithi150.stdout:Setting orchestrator backend to cephadm...
2024-03-18T15:50:32.091 INFO:journalctl@ceph.mon.a.smithi150.stdout:Mar 18 15:50:31 smithi150 ceph-mon[31946]: [18/Mar/2024:15:50:30] ENGINE Bus STARTING
2024-03-18T15:50:32.091 INFO:journalctl@ceph.mon.a.smithi150.stdout:Mar 18 15:50:31 smithi150 ceph-mon[31946]: from='client.14122 -' entity='client.admin' cmd=[{"prefix": "get_command_descriptions"}]: dispatch
2024-03-18T15:50:32.091 INFO:journalctl@ceph.mon.a.smithi150.stdout:Mar 18 15:50:31 smithi150 ceph-mon[31946]: from='client.14122 -' entity='client.admin' cmd=[{"prefix": "mgr_status"}]: dispatch
2024-03-18T15:50:32.092 INFO:journalctl@ceph.mon.a.smithi150.stdout:Mar 18 15:50:31 smithi150 ceph-mon[31946]: [18/Mar/2024:15:50:30] ENGINE Serving on https://172.21.15.150:7150
2024-03-18T15:50:32.092 INFO:journalctl@ceph.mon.a.smithi150.stdout:Mar 18 15:50:31 smithi150 ceph-mon[31946]: [18/Mar/2024:15:50:31] ENGINE Serving on http://172.21.15.150:8765
2024-03-18T15:50:32.092 INFO:journalctl@ceph.mon.a.smithi150.stdout:Mar 18 15:50:31 smithi150 ceph-mon[31946]: [18/Mar/2024:15:50:31] ENGINE Bus STARTED
2024-03-18T15:50:32.092 INFO:journalctl@ceph.mon.a.smithi150.stdout:Mar 18 15:50:31 smithi150 ceph-mon[31946]: from='mgr.14118 172.21.15.150:0/56506105' entity='mgr.x' cmd=[{"prefix": "config dump", "format": "json"}]: dispatch
2024-03-18T15:50:32.627 INFO:teuthology.orchestra.run.smithi150.stdout:/usr/bin/ceph: stderr
2024-03-18T15:50:31.891+0000 7fb3329d9700 1 Processor -- start
2024-03-18T15:50:32.628 INFO:teuthology.orchestra.run.smithi150.stdout:/usr/bin/ceph: stderr
2024-03-18T15:50:31.891+0000 7fb3329d9700 1 -- start start
2024-03-18T15:50:32.628 INFO:teuthology.orchestra.run.smithi150.stdout:/usr/bin/ceph: stderr
2024-03-18T15:50:31.891+0000 7fb3329d9700 1 --2- >> [v2:172.21.15.150:3300/0,v1:172.21.15.150:6789/0] conn(0x7fb32c07e700 0x7fb32c07cb60 unknown :-1 s=NONE pgs=0 cs=0 l=0 rev1=0 crypto rx=0 tx=0 comp rx=0 tx=0).connect
2024-03-18T15:50:32.628 INFO:teuthology.orchestra.run.smithi150.stdout:/usr/bin/ceph: stderr
2024-03-18T15:50:31.891+0000 7fb3329d9700 1 -- --> [v2:172.21.15.150:3300/0,v1:172.21.15.150:6789/0] -- mon_getmap magic: 0 -- 0x7fb32c07d130 con 0x7fb32c07e700
2024-03-18T15:50:32.628 INFO:teuthology.orchestra.run.smithi150.stdout:/usr/bin/ceph: stderr
2024-03-18T15:50:31.891+0000 7fb32bfff700 1 --2- >> [v2:172.21.15.150:3300/0,v1:172.21.15.150:6789/0] conn(0x7fb32c07e700 0x7fb32c07cb60 unknown :-1 s=BANNER_CONNECTING pgs=0 cs=0 l=0 rev1=0 crypto rx=0 tx=0 comp rx=0 tx=0)._handle_peer_banner_payload supported=3 required=0
2024-03-18T15:50:32.628 INFO:teuthology.orchestra.run.smithi150.stdout:/usr/bin/ceph: stderr
2024-03-18T15:50:31.891+0000 7fb32bfff700 1 --2- >> [v2:172.21.15.150:3300/0,v1:172.21.15.150:6789/0] conn(0x7fb32c07e700 0x7fb32c07cb60 unknown :-1 s=HELLO_CONNECTING pgs=0 cs=0 l=0 rev1=1 crypto rx=0 tx=0 comp rx=0 tx=0).handle_hello peer v2:172.21.15.150:3300/0 says I am v2:172.21.15.150:37930/0 (socket says 172.21.15.150:37930)
2024-03-18T15:50:32.628 INFO:teuthology.orchestra.run.smithi150.stdout:/usr/bin/ceph: stderr
2024-03-18T15:50:31.891+0000 7fb32bfff700 1 -- 172.21.15.150:0/2616949357 learned_addr learned my addr 172.21.15.150:0/2616949357 (peer_addr_for_me v2:172.21.15.150:0/0)
2024-03-18T15:50:32.628 INFO:teuthology.orchestra.run.smithi150.stdout:/usr/bin/ceph: stderr
2024-03-18T15:50:31.891+0000 7fb32bfff700 1 -- 172.21.15.150:0/2616949357 --> [v2:172.21.15.150:3300/0,v1:172.21.15.150:6789/0] -- mon_subscribe({config=0+,monmap=0+}) -- 0x7fb32c07d2b0 con 0x7fb32c07e700
2024-03-18T15:50:32.628 INFO:teuthology.orchestra.run.smithi150.stdout:/usr/bin/ceph: stderr
2024-03-18T15:50:31.892+0000 7fb32bfff700 1 --2- 172.21.15.150:0/2616949357 >> [v2:172.21.15.150:3300/0,v1:172.21.15.150:6789/0] conn(0x7fb32c07e700 0x7fb32c07cb60 secure :-1 s=READY pgs=35 cs=0 l=1 rev1=1 crypto rx=0x7fb31c0098a0 tx=0x7fb31c009bb0 comp rx=0 tx=0).ready entity=mon.0 client_cookie=67c9f83b5a69a4c2 server_cookie=0 in_seq=0 out_seq=0
2024-03-18T15:50:32.628 INFO:teuthology.orchestra.run.smithi150.stdout:/usr/bin/ceph: stderr
2024-03-18T15:50:31.892+0000 7fb32affd700 1 -- 172.21.15.150:0/2616949357 <== mon.0 v2:172.21.15.150:3300/0 1 ==== mon_map magic: 0 ==== 205+0+0 (secure 0 0 0) 0x7fb31c004160 con 0x7fb32c07e700
2024-03-18T15:50:32.628 INFO:teuthology.orchestra.run.smithi150.stdout:/usr/bin/ceph: stderr
2024-03-18T15:50:31.892+0000 7fb32affd700 1 -- 172.21.15.150:0/2616949357 <== mon.0 v2:172.21.15.150:3300/0 2 ==== config(27 keys) ==== 1109+0+0 (secure 0 0 0) 0x7fb31c004300 con 0x7fb32c07e700
2024-03-18T15:50:32.628 INFO:teuthology.orchestra.run.smithi150.stdout:/usr/bin/ceph: stderr
2024-03-18T15:50:31.892+0000 7fb32affd700 1 -- 172.21.15.150:0/2616949357 <== mon.0 v2:172.21.15.150:3300/0 3 ==== mon_map magic: 0 ==== 205+0+0 (secure 0 0 0) 0x7fb31c011b50 con 0x7fb32c07e700
2024-03-18T15:50:32.628 INFO:teuthology.orchestra.run.smithi150.stdout:/usr/bin/ceph: stderr
2024-03-18T15:50:31.892+0000 7fb3329d9700 1 -- 172.21.15.150:0/2616949357 >> [v2:172.21.15.150:3300/0,v1:172.21.15.150:6789/0] conn(0x7fb32c07e700 msgr2=0x7fb32c07cb60 secure :-1 s=STATE_CONNECTION_ESTABLISHED l=1).mark_down
2024-03-18T15:50:32.628 INFO:teuthology.orchestra.run.smithi150.stdout:/usr/bin/ceph: stderr
2024-03-18T15:50:31.892+0000 7fb3329d9700 1 --2- 172.21.15.150:0/2616949357 >> [v2:172.21.15.150:3300/0,v1:172.21.15.150:6789/0] conn(0x7fb32c07e700 0x7fb32c07cb60 secure :-1 s=READY pgs=35 cs=0 l=1 rev1=1 crypto rx=0x7fb31c0098a0 tx=0x7fb31c009bb0 comp rx=0 tx=0).stop
2024-03-18T15:50:32.629 INFO:teuthology.orchestra.run.smithi150.stdout:/usr/bin/ceph: stderr
2024-03-18T15:50:31.892+0000 7fb3329d9700 1 -- 172.21.15.150:0/2616949357 shutdown_connections
2024-03-18T15:50:32.629 INFO:teuthology.orchestra.run.smithi150.stdout:/usr/bin/ceph: stderr
2024-03-18T15:50:31.892+0000 7fb3329d9700 1 --2- 172.21.15.150:0/2616949357 >> [v2:172.21.15.150:3300/0,v1:172.21.15.150:6789/0] conn(0x7fb32c07e700 0x7fb32c07cb60 unknown :-1 s=CLOSED pgs=35 cs=0 l=1 rev1=1 crypto rx=0 tx=0 comp rx=0 tx=0).stop
2024-03-18T15:50:32.629 INFO:teuthology.orchestra.run.smithi150.stdout:/usr/bin/ceph: stderr
2024-03-18T15:50:31.892+0000 7fb3329d9700 1 -- 172.21.15.150:0/2616949357 >> 172.21.15.150:0/2616949357 conn(0x7fb32c1032b0 msgr2=0x7fb32c1056d0 unknown :-1 s=STATE_NONE l=0).mark_down
2024-03-18T15:50:32.629 INFO:teuthology.orchestra.run.smithi150.stdout:/usr/bin/ceph: stderr
2024-03-18T15:50:31.892+0000 7fb3329d9700 1 -- 172.21.15.150:0/2616949357 shutdown_connections
2024-03-18T15:50:32.629 INFO:teuthology.orchestra.run.smithi150.stdout:/usr/bin/ceph: stderr
2024-03-18T15:50:31.892+0000 7fb3329d9700 1 -- 172.21.15.150:0/2616949357 wait complete.
2024-03-18T15:50:32.629 INFO:teuthology.orchestra.run.smithi150.stdout:/usr/bin/ceph: stderr
2024-03-18T15:50:31.893+0000 7fb3329d9700 1 Processor -- start
2024-03-18T15:50:32.629 INFO:teuthology.orchestra.run.smithi150.stdout:/usr/bin/ceph: stderr
2024-03-18T15:50:31.893+0000 7fb3329d9700 1 -- start start
2024-03-18T15:50:32.629 INFO:teuthology.orchestra.run.smithi150.stdout:/usr/bin/ceph: stderr
2024-03-18T15:50:31.893+0000 7fb3329d9700 1 --2- >> [v2:172.21.15.150:3300/0,v1:172.21.15.150:6789/0] conn(0x7fb32c07e700 0x7fb32c19dec0 unknown :-1 s=NONE pgs=0 cs=0 l=1 rev1=0 crypto rx=0 tx=0 comp rx=0 tx=0).connect
2024-03-18T15:50:32.629 INFO:teuthology.orchestra.run.smithi150.stdout:/usr/bin/ceph: stderr
2024-03-18T15:50:31.893+0000 7fb3329d9700 1 -- --> [v2:172.21.15.150:3300/0,v1:172.21.15.150:6789/0] -- mon_getmap magic: 0 -- 0x7fb32c10e300 con 0x7fb32c07e700
2024-03-18T15:50:32.629 INFO:teuthology.orchestra.run.smithi150.stdout:/usr/bin/ceph: stderr
2024-03-18T15:50:31.893+0000 7fb32bfff700 1 --2- >> [v2:172.21.15.150:3300/0,v1:172.21.15.150:6789/0] conn(0x7fb32c07e700 0x7fb32c19dec0 unknown :-1 s=BANNER_CONNECTING pgs=0 cs=0 l=1 rev1=0 crypto rx=0 tx=0 comp rx=0 tx=0)._handle_peer_banner_payload supported=3 required=0
2024-03-18T15:50:32.629 INFO:teuthology.orchestra.run.smithi150.stdout:/usr/bin/ceph: stderr
2024-03-18T15:50:31.894+0000 7fb32bfff700 1 --2- >> [v2:172.21.15.150:3300/0,v1:172.21.15.150:6789/0] conn(0x7fb32c07e700 0x7fb32c19dec0 unknown :-1 s=HELLO_CONNECTING pgs=0 cs=0 l=1 rev1=1 crypto rx=0 tx=0 comp rx=0 tx=0).handle_hello peer v2:172.21.15.150:3300/0 says I am v2:172.21.15.150:37940/0 (socket says 172.21.15.150:37940)
2024-03-18T15:50:32.629 INFO:teuthology.orchestra.run.smithi150.stdout:/usr/bin/ceph: stderr
2024-03-18T15:50:31.894+0000 7fb32bfff700 1 -- 172.21.15.150:0/3255591610 learned_addr learned my addr 172.21.15.150:0/3255591610 (peer_addr_for_me v2:172.21.15.150:0/0)
2024-03-18T15:50:32.629 INFO:teuthology.orchestra.run.smithi150.stdout:/usr/bin/ceph: stderr
2024-03-18T15:50:31.894+0000 7fb32bfff700 1 -- 172.21.15.150:0/3255591610 --> [v2:172.21.15.150:3300/0,v1:172.21.15.150:6789/0] -- mon_subscribe({config=0+,monmap=0+}) -- 0x7fb32c19e400 con 0x7fb32c07e700
2024-03-18T15:50:32.629 INFO:teuthology.orchestra.run.smithi150.stdout:/usr/bin/ceph: stderr
2024-03-18T15:50:31.894+0000 7fb32bfff700 1 --2- 172.21.15.150:0/3255591610 >> [v2:172.21.15.150:3300/0,v1:172.21.15.150:6789/0] conn(0x7fb32c07e700 0x7fb32c19dec0 secure :-1 s=READY pgs=36 cs=0 l=1 rev1=1 crypto rx=0x7fb31c011b60 tx=0x7fb31c011c40 comp rx=0 tx=0).ready entity=mon.0 client_cookie=0 server_cookie=0 in_seq=0 out_seq=0
2024-03-18T15:50:32.630 INFO:teuthology.orchestra.run.smithi150.stdout:/usr/bin/ceph: stderr
2024-03-18T15:50:31.894+0000 7fb3297fa700 1 -- 172.21.15.150:0/3255591610 <== mon.0 v2:172.21.15.150:3300/0 1 ==== mon_map magic: 0 ==== 205+0+0 (secure 0 0 0) 0x7fb31c003970 con 0x7fb32c07e700
2024-03-18T15:50:32.630 INFO:teuthology.orchestra.run.smithi150.stdout:/usr/bin/ceph: stderr
2024-03-18T15:50:31.894+0000 7fb3329d9700 1 -- 172.21.15.150:0/3255591610 --> [v2:172.21.15.150:3300/0,v1:172.21.15.150:6789/0] -- mon_subscribe({mgrmap=0+}) -- 0x7fb32c19e690 con 0x7fb32c07e700
2024-03-18T15:50:32.630 INFO:teuthology.orchestra.run.smithi150.stdout:/usr/bin/ceph: stderr
2024-03-18T15:50:31.894+0000 7fb3297fa700 1 -- 172.21.15.150:0/3255591610 <== mon.0 v2:172.21.15.150:3300/0 2 ==== config(27 keys) ==== 1109+0+0 (secure 0 0 0) 0x7fb31c003b10 con 0x7fb32c07e700
2024-03-18T15:50:32.630 INFO:teuthology.orchestra.run.smithi150.stdout:/usr/bin/ceph: stderr
2024-03-18T15:50:31.894+0000 7fb3297fa700 1 -- 172.21.15.150:0/3255591610 <== mon.0 v2:172.21.15.150:3300/0 3 ==== mon_map magic: 0 ==== 205+0+0 (secure 0 0 0) 0x7fb31c024610 con 0x7fb32c07e700
2024-03-18T15:50:32.630 INFO:teuthology.orchestra.run.smithi150.stdout:/usr/bin/ceph: stderr
2024-03-18T15:50:31.894+0000 7fb3329d9700 1 -- 172.21.15.150:0/3255591610 --> [v2:172.21.15.150:3300/0,v1:172.21.15.150:6789/0] -- mon_subscribe({osdmap=0}) -- 0x7fb32c1a1380 con 0x7fb32c07e700
2024-03-18T15:50:32.630 INFO:teuthology.orchestra.run.smithi150.stdout:/usr/bin/ceph: stderr
2024-03-18T15:50:31.895+0000 7fb3297fa700 1 -- 172.21.15.150:0/3255591610 <== mon.0 v2:172.21.15.150:3300/0 4 ==== mgrmap(e 7) ==== 46000+0+0 (secure 0 0 0) 0x7fb31c0248c0 con 0x7fb32c07e700
2024-03-18T15:50:32.630 INFO:teuthology.orchestra.run.smithi150.stdout:/usr/bin/ceph: stderr
2024-03-18T15:50:31.895+0000 7fb3297fa700 1 --2- 172.21.15.150:0/3255591610 >> [v2:172.21.15.150:6800/775411148,v1:172.21.15.150:6801/775411148] conn(0x7fb314038e50 0x7fb31403b310 unknown :-1 s=NONE pgs=0 cs=0 l=1 rev1=0 crypto rx=0 tx=0 comp rx=0 tx=0).connect
2024-03-18T15:50:32.630 INFO:teuthology.orchestra.run.smithi150.stdout:/usr/bin/ceph: stderr
2024-03-18T15:50:31.895+0000 7fb3297fa700 1 -- 172.21.15.150:0/3255591610 <== mon.0 v2:172.21.15.150:3300/0 5 ==== osd_map(2..2 src has 1..2) ==== 940+0+0 (secure 0 0 0) 0x7fb31c011e00 con 0x7fb32c07e700
2024-03-18T15:50:32.630 INFO:teuthology.orchestra.run.smithi150.stdout:/usr/bin/ceph: stderr
2024-03-18T15:50:31.895+0000 7fb3329d9700 1 -- 172.21.15.150:0/3255591610 --> [v2:172.21.15.150:3300/0,v1:172.21.15.150:6789/0] -- mon_command({"prefix": "get_command_descriptions"} v 0) -- 0x7fb32c063900 con 0x7fb32c07e700
2024-03-18T15:50:32.630 INFO:teuthology.orchestra.run.smithi150.stdout:/usr/bin/ceph: stderr
2024-03-18T15:50:31.895+0000 7fb32b7fe700 1 --2- 172.21.15.150:0/3255591610 >> [v2:172.21.15.150:6800/775411148,v1:172.21.15.150:6801/775411148] conn(0x7fb314038e50 0x7fb31403b310 unknown :-1 s=BANNER_CONNECTING pgs=0 cs=0 l=1 rev1=0 crypto rx=0 tx=0 comp rx=0 tx=0)._handle_peer_banner_payload supported=3 required=0
2024-03-18T15:50:32.630 INFO:teuthology.orchestra.run.smithi150.stdout:/usr/bin/ceph: stderr
2024-03-18T15:50:31.896+0000 7fb32b7fe700 1 --2- 172.21.15.150:0/3255591610 >> [v2:172.21.15.150:6800/775411148,v1:172.21.15.150:6801/775411148] conn(0x7fb314038e50 0x7fb31403b310 secure :-1 s=READY pgs=7 cs=0 l=1 rev1=1 crypto rx=0x7fb320006fd0 tx=0x7fb320006e40 comp rx=0 tx=0).ready entity=mgr.14118 client_cookie=0 server_cookie=0 in_seq=0 out_seq=0
2024-03-18T15:50:32.630 INFO:teuthology.orchestra.run.smithi150.stdout:/usr/bin/ceph: stderr
2024-03-18T15:50:31.901+0000 7fb3297fa700 1 -- 172.21.15.150:0/3255591610 <== mon.0 v2:172.21.15.150:3300/0 6 ==== mon_command_ack([{"prefix": "get_command_descriptions"}]=0 v0) ==== 72+0+186149 (secure 0 0 0) 0x7fb31c02d910 con 0x7fb32c07e700
2024-03-18T15:50:32.630 INFO:teuthology.orchestra.run.smithi150.stdout:/usr/bin/ceph: stderr
2024-03-18T15:50:31.949+0000 7fb3297fa700 1 -- 172.21.15.150:0/3255591610 <== mon.0 v2:172.21.15.150:3300/0 7 ==== mgrmap(e 8) ==== 46106+0+0 (secure 0 0 0) 0x7fb31c02d3f0 con 0x7fb32c07e700
2024-03-18T15:50:32.631 INFO:teuthology.orchestra.run.smithi150.stdout:/usr/bin/ceph: stderr
2024-03-18T15:50:32.113+0000 7fb3329d9700 1 -- 172.21.15.150:0/3255591610 --> [v2:172.21.15.150:6800/775411148,v1:172.21.15.150:6801/775411148] -- mgr_command(tid 0: {"prefix": "orch set backend", "module_name": "cephadm", "target": ["mon-mgr", ""]}) -- 0x7fb32c104530 con 0x7fb314038e50
2024-03-18T15:50:32.631 INFO:teuthology.orchestra.run.smithi150.stdout:/usr/bin/ceph: stderr
2024-03-18T15:50:32.120+0000 7fb3297fa700 1 -- 172.21.15.150:0/3255591610 <== mgr.14118 v2:172.21.15.150:6800/775411148 1 ==== mgr_command_reply(tid 0: 0 ) ==== 8+0+0 (secure 0 0 0) 0x7fb32c104530 con 0x7fb314038e50
2024-03-18T15:50:32.631 INFO:teuthology.orchestra.run.smithi150.stdout:/usr/bin/ceph: stderr
2024-03-18T15:50:32.122+0000 7fb3329d9700 1 -- 172.21.15.150:0/3255591610 >> [v2:172.21.15.150:6800/775411148,v1:172.21.15.150:6801/775411148] conn(0x7fb314038e50 msgr2=0x7fb31403b310 secure :-1 s=STATE_CONNECTION_ESTABLISHED l=1).mark_down
2024-03-18T15:50:32.631 INFO:teuthology.orchestra.run.smithi150.stdout:/usr/bin/ceph: stderr
2024-03-18T15:50:32.122+0000 7fb3329d9700 1 --2- 172.21.15.150:0/3255591610 >> [v2:172.21.15.150:6800/775411148,v1:172.21.15.150:6801/775411148] conn(0x7fb314038e50 0x7fb31403b310 secure :-1 s=READY pgs=7 cs=0 l=1 rev1=1 crypto rx=0x7fb320006fd0 tx=0x7fb320006e40 comp rx=0 tx=0).stop
2024-03-18T15:50:32.631 INFO:teuthology.orchestra.run.smithi150.stdout:/usr/bin/ceph: stderr
2024-03-18T15:50:32.122+0000 7fb3329d9700 1 -- 172.21.15.150:0/3255591610 >> [v2:172.21.15.150:3300/0,v1:172.21.15.150:6789/0] conn(0x7fb32c07e700 msgr2=0x7fb32c19dec0 secure :-1 s=STATE_CONNECTION_ESTABLISHED l=1).mark_down
2024-03-18T15:50:32.631 INFO:teuthology.orchestra.run.smithi150.stdout:/usr/bin/ceph: stderr
2024-03-18T15:50:32.122+0000 7fb3329d9700 1 --2- 172.21.15.150:0/3255591610 >> [v2:172.21.15.150:3300/0,v1:172.21.15.150:6789/0] conn(0x7fb32c07e700 0x7fb32c19dec0 secure :-1 s=READY pgs=36 cs=0 l=1 rev1=1 crypto rx=0x7fb31c011b60 tx=0x7fb31c011c40 comp rx=0 tx=0).stop
2024-03-18T15:50:32.631 INFO:teuthology.orchestra.run.smithi150.stdout:/usr/bin/ceph: stderr
2024-03-18T15:50:32.122+0000 7fb3329d9700 1 -- 172.21.15.150:0/3255591610 shutdown_connections
2024-03-18T15:50:32.631 INFO:teuthology.orchestra.run.smithi150.stdout:/usr/bin/ceph: stderr
2024-03-18T15:50:32.122+0000 7fb3329d9700 1 --2- 172.21.15.150:0/3255591610 >> [v2:172.21.15.150:6800/775411148,v1:172.21.15.150:6801/775411148] conn(0x7fb314038e50 0x7fb31403b310 unknown :-1 s=CLOSED pgs=7 cs=0 l=1 rev1=1 crypto rx=0 tx=0 comp rx=0 tx=0).stop
2024-03-18T15:50:32.631 INFO:teuthology.orchestra.run.smithi150.stdout:/usr/bin/ceph: stderr
2024-03-18T15:50:32.122+0000 7fb3329d9700 1 --2- 172.21.15.150:0/3255591610 >> [v2:172.21.15.150:3300/0,v1:172.21.15.150:6789/0] conn(0x7fb32c07e700 0x7fb32c19dec0 unknown :-1 s=CLOSED pgs=36 cs=0 l=1 rev1=1 crypto rx=0 tx=0 comp rx=0 tx=0).stop
2024-03-18T15:50:32.631 INFO:teuthology.orchestra.run.smithi150.stdout:/usr/bin/ceph: stderr
2024-03-18T15:50:32.122+0000 7fb3329d9700 1 -- 172.21.15.150:0/3255591610 >> 172.21.15.150:0/3255591610 conn(0x7fb32c1032b0 msgr2=0x7fb32c103e20 unknown :-1 s=STATE_NONE l=0).mark_down
2024-03-18T15:50:32.631 INFO:teuthology.orchestra.run.smithi150.stdout:/usr/bin/ceph: stderr
2024-03-18T15:50:32.122+0000 7fb3329d9700 1 -- 172.21.15.150:0/3255591610 shutdown_connections
2024-03-18T15:50:32.631 INFO:teuthology.orchestra.run.smithi150.stdout:/usr/bin/ceph: stderr
2024-03-18T15:50:32.123+0000 7fb3329d9700 1 -- 172.21.15.150:0/3255591610 wait complete.
2024-03-18T15:50:33.039 INFO:journalctl@ceph.mon.a.smithi150.stdout:Mar 18 15:50:32 smithi150 ceph-mon[31946]: mgrmap e8: x(active, since 2s)
2024-03-18T15:50:33.039 INFO:journalctl@ceph.mon.a.smithi150.stdout:Mar 18 15:50:32 smithi150 ceph-mon[31946]: from='mgr.14118 172.21.15.150:0/56506105' entity='mgr.x'
2024-03-18T15:50:33.039 INFO:journalctl@ceph.mon.a.smithi150.stdout:Mar 18 15:50:32 smithi150 ceph-mon[31946]: from='mgr.14118 172.21.15.150:0/56506105' entity='mgr.x' cmd=[{"prefix": "config dump", "format": "json"}]: dispatch
2024-03-18T15:50:33.810 INFO:teuthology.orchestra.run.smithi150.stdout:/usr/bin/ceph: stdout value unchanged
2024-03-18T15:50:33.810 INFO:teuthology.orchestra.run.smithi150.stdout:/usr/bin/ceph: stderr
2024-03-18T15:50:33.037+0000 7f5fdf175700 1 Processor -- start
2024-03-18T15:50:33.810 INFO:teuthology.orchestra.run.smithi150.stdout:/usr/bin/ceph: stderr
2024-03-18T15:50:33.037+0000 7f5fdf175700 1 -- start start
2024-03-18T15:50:33.810 INFO:teuthology.orchestra.run.smithi150.stdout:/usr/bin/ceph: stderr
2024-03-18T15:50:33.037+0000 7f5fdf175700 1 --2- >> [v2:172.21.15.150:3300/0,v1:172.21.15.150:6789/0] conn(0x7f5fd8108770 0x7f5fd810ab60 unknown :-1 s=NONE pgs=0 cs=0 l=0 rev1=0 crypto rx=0 tx=0 comp rx=0 tx=0).connect
2024-03-18T15:50:33.810 INFO:teuthology.orchestra.run.smithi150.stdout:/usr/bin/ceph: stderr
2024-03-18T15:50:33.037+0000 7f5fdf175700 1 -- --> [v2:172.21.15.150:3300/0,v1:172.21.15.150:6789/0] -- mon_getmap magic: 0 -- 0x7f5fd807c6f0 con 0x7f5fd8108770
2024-03-18T15:50:33.810 INFO:teuthology.orchestra.run.smithi150.stdout:/usr/bin/ceph: stderr
2024-03-18T15:50:33.037+0000 7f5fdcf11700 1 --2- >> [v2:172.21.15.150:3300/0,v1:172.21.15.150:6789/0] conn(0x7f5fd8108770 0x7f5fd810ab60 unknown :-1 s=BANNER_CONNECTING pgs=0 cs=0 l=0 rev1=0 crypto rx=0 tx=0 comp rx=0 tx=0)._handle_peer_banner_payload supported=3 required=0
2024-03-18T15:50:33.810 INFO:teuthology.orchestra.run.smithi150.stdout:/usr/bin/ceph: stderr
2024-03-18T15:50:33.037+0000 7f5fdcf11700 1 --2- >> [v2:172.21.15.150:3300/0,v1:172.21.15.150:6789/0] conn(0x7f5fd8108770 0x7f5fd810ab60 unknown :-1 s=HELLO_CONNECTING pgs=0 cs=0 l=0 rev1=1 crypto rx=0 tx=0 comp rx=0 tx=0).handle_hello peer v2:172.21.15.150:3300/0 says I am v2:172.21.15.150:55242/0 (socket says 172.21.15.150:55242)
2024-03-18T15:50:33.810 INFO:teuthology.orchestra.run.smithi150.stdout:/usr/bin/ceph: stderr
2024-03-18T15:50:33.037+0000 7f5fdcf11700 1 -- 172.21.15.150:0/3220048373 learned_addr learned my addr 172.21.15.150:0/3220048373 (peer_addr_for_me v2:172.21.15.150:0/0)
2024-03-18T15:50:33.810 INFO:teuthology.orchestra.run.smithi150.stdout:/usr/bin/ceph: stderr
2024-03-18T15:50:33.038+0000 7f5fdcf11700 1 -- 172.21.15.150:0/3220048373 --> [v2:172.21.15.150:3300/0,v1:172.21.15.150:6789/0] -- mon_subscribe({config=0+,monmap=0+}) -- 0x7f5fd810b0a0 con 0x7f5fd8108770
2024-03-18T15:50:33.810 INFO:teuthology.orchestra.run.smithi150.stdout:/usr/bin/ceph: stderr
2024-03-18T15:50:33.038+0000 7f5fdcf11700 1 --2- 172.21.15.150:0/3220048373 >> [v2:172.21.15.150:3300/0,v1:172.21.15.150:6789/0] conn(0x7f5fd8108770 0x7f5fd810ab60 secure :-1 s=READY pgs=37 cs=0 l=1 rev1=1 crypto rx=0x7f5fcc0098a0 tx=0x7f5fcc009bb0 comp rx=0 tx=0).ready entity=mon.0 client_cookie=9a167fad8dd91a40 server_cookie=0 in_seq=0 out_seq=0
2024-03-18T15:50:33.811 INFO:teuthology.orchestra.run.smithi150.stdout:/usr/bin/ceph: stderr
2024-03-18T15:50:33.038+0000 7f5fd77fe700 1 -- 172.21.15.150:0/3220048373 <== mon.0 v2:172.21.15.150:3300/0 1 ==== mon_map magic: 0 ==== 205+0+0 (secure 0 0 0) 0x7f5fcc004160 con 0x7f5fd8108770
2024-03-18T15:50:33.811 INFO:teuthology.orchestra.run.smithi150.stdout:/usr/bin/ceph: stderr
2024-03-18T15:50:33.038+0000 7f5fd77fe700 1 -- 172.21.15.150:0/3220048373 <== mon.0 v2:172.21.15.150:3300/0 2 ==== config(27 keys) ==== 1109+0+0 (secure 0 0 0) 0x7f5fcc004300 con 0x7f5fd8108770
2024-03-18T15:50:33.811 INFO:teuthology.orchestra.run.smithi150.stdout:/usr/bin/ceph: stderr
2024-03-18T15:50:33.038+0000 7f5fd77fe700 1 -- 172.21.15.150:0/3220048373 <== mon.0 v2:172.21.15.150:3300/0 3 ==== mon_map magic: 0 ==== 205+0+0 (secure 0 0 0) 0x7f5fcc011b50 con 0x7f5fd8108770
2024-03-18T15:50:33.811 INFO:teuthology.orchestra.run.smithi150.stdout:/usr/bin/ceph: stderr
2024-03-18T15:50:33.039+0000 7f5fdf175700 1 -- 172.21.15.150:0/3220048373 >> [v2:172.21.15.150:3300/0,v1:172.21.15.150:6789/0] conn(0x7f5fd8108770 msgr2=0x7f5fd810ab60 secure :-1 s=STATE_CONNECTION_ESTABLISHED l=1).mark_down
2024-03-18T15:50:33.811 INFO:teuthology.orchestra.run.smithi150.stdout:/usr/bin/ceph: stderr
2024-03-18T15:50:33.039+0000 7f5fdf175700 1 --2- 172.21.15.150:0/3220048373 >> [v2:172.21.15.150:3300/0,v1:172.21.15.150:6789/0] conn(0x7f5fd8108770 0x7f5fd810ab60 secure :-1 s=READY pgs=37 cs=0 l=1 rev1=1 crypto rx=0x7f5fcc0098a0 tx=0x7f5fcc009bb0 comp rx=0 tx=0).stop
2024-03-18T15:50:33.811 INFO:teuthology.orchestra.run.smithi150.stdout:/usr/bin/ceph: stderr
2024-03-18T15:50:33.039+0000 7f5fdf175700 1 -- 172.21.15.150:0/3220048373 shutdown_connections
2024-03-18T15:50:33.811 INFO:teuthology.orchestra.run.smithi150.stdout:/usr/bin/ceph: stderr
2024-03-18T15:50:33.039+0000 7f5fdf175700 1 --2- 172.21.15.150:0/3220048373 >> [v2:172.21.15.150:3300/0,v1:172.21.15.150:6789/0] conn(0x7f5fd8108770 0x7f5fd810ab60 unknown :-1 s=CLOSED pgs=37 cs=0 l=1 rev1=1 crypto rx=0 tx=0 comp rx=0 tx=0).stop
2024-03-18T15:50:33.811 INFO:teuthology.orchestra.run.smithi150.stdout:/usr/bin/ceph: stderr
2024-03-18T15:50:33.039+0000 7f5fdf175700 1 -- 172.21.15.150:0/3220048373 >> 172.21.15.150:0/3220048373 conn(0x7f5fd8102120 msgr2=0x7f5fd81045a0 unknown :-1 s=STATE_NONE l=0).mark_down
2024-03-18T15:50:33.811 INFO:teuthology.orchestra.run.smithi150.stdout:/usr/bin/ceph: stderr
2024-03-18T15:50:33.039+0000 7f5fdf175700 1 -- 172.21.15.150:0/3220048373 shutdown_connections
2024-03-18T15:50:33.811 INFO:teuthology.orchestra.run.smithi150.stdout:/usr/bin/ceph: stderr
2024-03-18T15:50:33.039+0000 7f5fdf175700 1 -- 172.21.15.150:0/3220048373 wait complete.
2024-03-18T15:50:33.811 INFO:teuthology.orchestra.run.smithi150.stdout:/usr/bin/ceph: stderr
2024-03-18T15:50:33.039+0000 7f5fdf175700 1 Processor -- start
2024-03-18T15:50:33.811 INFO:teuthology.orchestra.run.smithi150.stdout:/usr/bin/ceph: stderr
2024-03-18T15:50:33.039+0000 7f5fdf175700 1 -- start start
2024-03-18T15:50:33.811 INFO:teuthology.orchestra.run.smithi150.stdout:/usr/bin/ceph: stderr
2024-03-18T15:50:33.039+0000 7f5fdf175700 1 --2- >> [v2:172.21.15.150:3300/0,v1:172.21.15.150:6789/0] conn(0x7f5fd8108770 0x7f5fd819bc70 unknown :-1 s=NONE pgs=0 cs=0 l=1 rev1=0 crypto rx=0 tx=0 comp rx=0 tx=0).connect
2024-03-18T15:50:33.811 INFO:teuthology.orchestra.run.smithi150.stdout:/usr/bin/ceph: stderr
2024-03-18T15:50:33.039+0000 7f5fdf175700 1 -- --> [v2:172.21.15.150:3300/0,v1:172.21.15.150:6789/0] -- mon_getmap magic: 0 -- 0x7f5fd810c0c0 con 0x7f5fd8108770
2024-03-18T15:50:33.812 INFO:teuthology.orchestra.run.smithi150.stdout:/usr/bin/ceph: stderr
2024-03-18T15:50:33.040+0000 7f5fdcf11700 1 --2- >> [v2:172.21.15.150:3300/0,v1:172.21.15.150:6789/0] conn(0x7f5fd8108770 0x7f5fd819bc70 unknown :-1 s=BANNER_CONNECTING pgs=0 cs=0 l=1 rev1=0 crypto rx=0 tx=0 comp rx=0 tx=0)._handle_peer_banner_payload supported=3 required=0
2024-03-18T15:50:33.812 INFO:teuthology.orchestra.run.smithi150.stdout:/usr/bin/ceph: stderr
2024-03-18T15:50:33.040+0000 7f5fdcf11700 1 --2- >> [v2:172.21.15.150:3300/0,v1:172.21.15.150:6789/0] conn(0x7f5fd8108770 0x7f5fd819bc70 unknown :-1 s=HELLO_CONNECTING pgs=0 cs=0 l=1 rev1=1 crypto rx=0 tx=0 comp rx=0 tx=0).handle_hello peer v2:172.21.15.150:3300/0 says I am v2:172.21.15.150:55250/0 (socket says 172.21.15.150:55250)
2024-03-18T15:50:33.812 INFO:teuthology.orchestra.run.smithi150.stdout:/usr/bin/ceph: stderr
2024-03-18T15:50:33.040+0000 7f5fdcf11700 1 -- 172.21.15.150:0/64806120 learned_addr learned my addr 172.21.15.150:0/64806120 (peer_addr_for_me v2:172.21.15.150:0/0)
2024-03-18T15:50:33.812 INFO:teuthology.orchestra.run.smithi150.stdout:/usr/bin/ceph: stderr
2024-03-18T15:50:33.040+0000 7f5fdcf11700 1 -- 172.21.15.150:0/64806120 --> [v2:172.21.15.150:3300/0,v1:172.21.15.150:6789/0] -- mon_subscribe({config=0+,monmap=0+}) -- 0x7f5fd819c1b0 con 0x7f5fd8108770
2024-03-18T15:50:33.812 INFO:teuthology.orchestra.run.smithi150.stdout:/usr/bin/ceph: stderr
2024-03-18T15:50:33.040+0000 7f5fdcf11700 1 --2- 172.21.15.150:0/64806120 >> [v2:172.21.15.150:3300/0,v1:172.21.15.150:6789/0] conn(0x7f5fd8108770 0x7f5fd819bc70 secure :-1 s=READY pgs=38 cs=0 l=1 rev1=1 crypto rx=0x7f5fcc011b60 tx=0x7f5fcc011c40 comp rx=0 tx=0).ready entity=mon.0 client_cookie=0 server_cookie=0 in_seq=0 out_seq=0
2024-03-18T15:50:33.812 INFO:teuthology.orchestra.run.smithi150.stdout:/usr/bin/ceph: stderr
2024-03-18T15:50:33.040+0000 7f5fd5ffb700 1 -- 172.21.15.150:0/64806120 <== mon.0 v2:172.21.15.150:3300/0 1 ==== mon_map magic: 0 ==== 205+0+0 (secure 0 0 0) 0x7f5fcc003970 con 0x7f5fd8108770
2024-03-18T15:50:33.812 INFO:teuthology.orchestra.run.smithi150.stdout:/usr/bin/ceph: stderr
2024-03-18T15:50:33.040+0000 7f5fd5ffb700 1 -- 172.21.15.150:0/64806120 <== mon.0 v2:172.21.15.150:3300/0 2 ==== config(27 keys) ==== 1109+0+0 (secure 0 0 0) 0x7f5fcc003b10 con 0x7f5fd8108770
2024-03-18T15:50:33.812 INFO:teuthology.orchestra.run.smithi150.stdout:/usr/bin/ceph: stderr
2024-03-18T15:50:33.040+0000 7f5fd5ffb700 1 -- 172.21.15.150:0/64806120 <== mon.0 v2:172.21.15.150:3300/0 3 ==== mon_map magic: 0 ==== 205+0+0 (secure 0 0 0) 0x7f5fcc024610 con 0x7f5fd8108770
2024-03-18T15:50:33.812 INFO:teuthology.orchestra.run.smithi150.stdout:/usr/bin/ceph: stderr
2024-03-18T15:50:33.040+0000 7f5fdf175700 1 -- 172.21.15.150:0/64806120 --> [v2:172.21.15.150:3300/0,v1:172.21.15.150:6789/0] -- mon_subscribe({mgrmap=0+}) -- 0x7f5fd819c440 con 0x7f5fd8108770
2024-03-18T15:50:33.812 INFO:teuthology.orchestra.run.smithi150.stdout:/usr/bin/ceph: stderr
2024-03-18T15:50:33.040+0000 7f5fdf175700 1 -- 172.21.15.150:0/64806120 --> [v2:172.21.15.150:3300/0,v1:172.21.15.150:6789/0] -- mon_subscribe({osdmap=0}) -- 0x7f5fd819f130 con 0x7f5fd8108770
2024-03-18T15:50:33.812 INFO:teuthology.orchestra.run.smithi150.stdout:/usr/bin/ceph: stderr
2024-03-18T15:50:33.041+0000 7f5fd5ffb700 1 -- 172.21.15.150:0/64806120 <== mon.0 v2:172.21.15.150:3300/0 4 ==== mgrmap(e 8) ==== 46106+0+0 (secure 0 0 0) 0x7f5fcc01a9f0 con 0x7f5fd8108770
2024-03-18T15:50:33.812 INFO:teuthology.orchestra.run.smithi150.stdout:/usr/bin/ceph: stderr
2024-03-18T15:50:33.041+0000 7f5fdf175700 1 -- 172.21.15.150:0/64806120 --> [v2:172.21.15.150:3300/0,v1:172.21.15.150:6789/0] -- mon_command({"prefix": "get_command_descriptions"} v 0) -- 0x7f5fd80693d0 con 0x7f5fd8108770
2024-03-18T15:50:33.812 INFO:teuthology.orchestra.run.smithi150.stdout:/usr/bin/ceph: stderr
2024-03-18T15:50:33.041+0000 7f5fd5ffb700 1 --2- 172.21.15.150:0/64806120 >> [v2:172.21.15.150:6800/775411148,v1:172.21.15.150:6801/775411148] conn(0x7f5fc8038f70 0x7f5fc803b430 unknown :-1 s=NONE pgs=0 cs=0 l=1 rev1=0 crypto rx=0 tx=0 comp rx=0 tx=0).connect
2024-03-18T15:50:33.812 INFO:teuthology.orchestra.run.smithi150.stdout:/usr/bin/ceph: stderr
2024-03-18T15:50:33.041+0000 7f5fd5ffb700 1 -- 172.21.15.150:0/64806120 <== mon.0 v2:172.21.15.150:3300/0 5 ==== osd_map(2..2 src has 1..2) ==== 940+0+0 (secure 0 0 0) 0x7f5fcc011e00 con 0x7f5fd8108770
2024-03-18T15:50:33.813 INFO:teuthology.orchestra.run.smithi150.stdout:/usr/bin/ceph: stderr
2024-03-18T15:50:33.042+0000 7f5fd7fff700 1 --2- 172.21.15.150:0/64806120 >> [v2:172.21.15.150:6800/775411148,v1:172.21.15.150:6801/775411148] conn(0x7f5fc8038f70 0x7f5fc803b430 unknown :-1 s=BANNER_CONNECTING pgs=0 cs=0 l=1 rev1=0 crypto rx=0 tx=0 comp rx=0 tx=0)._handle_peer_banner_payload supported=3 required=0
2024-03-18T15:50:33.813 INFO:teuthology.orchestra.run.smithi150.stdout:/usr/bin/ceph: stderr
2024-03-18T15:50:33.042+0000 7f5fd7fff700 1 --2- 172.21.15.150:0/64806120 >> [v2:172.21.15.150:6800/775411148,v1:172.21.15.150:6801/775411148] conn(0x7f5fc8038f70 0x7f5fc803b430 secure :-1 s=READY pgs=8 cs=0 l=1 rev1=1 crypto rx=0x7f5fc4006fd0 tx=0x7f5fc4006e40 comp rx=0 tx=0).ready entity=mgr.14118 client_cookie=0 server_cookie=0 in_seq=0 out_seq=0
2024-03-18T15:50:33.813 INFO:teuthology.orchestra.run.smithi150.stdout:/usr/bin/ceph: stderr
2024-03-18T15:50:33.047+0000 7f5fd5ffb700 1 -- 172.21.15.150:0/64806120 <== mon.0 v2:172.21.15.150:3300/0 6 ==== mon_command_ack([{"prefix": "get_command_descriptions"}]=0 v0) ==== 72+0+186149 (secure 0 0 0) 0x7f5fcc019e10 con 0x7f5fd8108770
2024-03-18T15:50:33.813 INFO:teuthology.orchestra.run.smithi150.stdout:/usr/bin/ceph: stderr
2024-03-18T15:50:33.244+0000 7f5fdf175700 1 -- 172.21.15.150:0/64806120 --> [v2:172.21.15.150:6800/775411148,v1:172.21.15.150:6801/775411148] -- mgr_command(tid 0: {"prefix": "cephadm set-user", "user": "root", "target": ["mon-mgr", ""]}) -- 0x7f5fd81033f0 con 0x7f5fc8038f70
2024-03-18T15:50:33.813 INFO:teuthology.orchestra.run.smithi150.stdout:/usr/bin/ceph: stderr
2024-03-18T15:50:33.244+0000 7f5fd5ffb700 1 -- 172.21.15.150:0/64806120 <== mgr.14118 v2:172.21.15.150:6800/775411148 1 ==== mgr_command_reply(tid 0: 0 ) ==== 8+0+16 (secure 0 0 0) 0x7f5fd81033f0 con 0x7f5fc8038f70
2024-03-18T15:50:33.813 INFO:teuthology.orchestra.run.smithi150.stdout:/usr/bin/ceph: stderr
2024-03-18T15:50:33.247+0000 7f5fdf175700 1 -- 172.21.15.150:0/64806120 >> [v2:172.21.15.150:6800/775411148,v1:172.21.15.150:6801/775411148] conn(0x7f5fc8038f70 msgr2=0x7f5fc803b430 secure :-1 s=STATE_CONNECTION_ESTABLISHED l=1).mark_down
2024-03-18T15:50:33.813 INFO:teuthology.orchestra.run.smithi150.stdout:/usr/bin/ceph: stderr
2024-03-18T15:50:33.247+0000 7f5fdf175700 1 --2- 172.21.15.150:0/64806120 >> [v2:172.21.15.150:6800/775411148,v1:172.21.15.150:6801/775411148] conn(0x7f5fc8038f70 0x7f5fc803b430 secure :-1 s=READY pgs=8 cs=0 l=1 rev1=1 crypto rx=0x7f5fc4006fd0 tx=0x7f5fc4006e40 comp rx=0 tx=0).stop
2024-03-18T15:50:33.813 INFO:teuthology.orchestra.run.smithi150.stdout:/usr/bin/ceph: stderr
2024-03-18T15:50:33.247+0000 7f5fdf175700 1 -- 172.21.15.150:0/64806120 >> [v2:172.21.15.150:3300/0,v1:172.21.15.150:6789/0] conn(0x7f5fd8108770 msgr2=0x7f5fd819bc70 secure :-1 s=STATE_CONNECTION_ESTABLISHED l=1).mark_down
2024-03-18T15:50:33.813 INFO:teuthology.orchestra.run.smithi150.stdout:/usr/bin/ceph: stderr
2024-03-18T15:50:33.247+0000 7f5fdf175700 1 --2- 172.21.15.150:0/64806120 >> [v2:172.21.15.150:3300/0,v1:172.21.15.150:6789/0] conn(0x7f5fd8108770 0x7f5fd819bc70 secure :-1 s=READY pgs=38 cs=0 l=1 rev1=1 crypto rx=0x7f5fcc011b60 tx=0x7f5fcc011c40 comp rx=0 tx=0).stop
2024-03-18T15:50:33.813 INFO:teuthology.orchestra.run.smithi150.stdout:/usr/bin/ceph: stderr
2024-03-18T15:50:33.247+0000 7f5fdf175700 1 -- 172.21.15.150:0/64806120 shutdown_connections
2024-03-18T15:50:33.813 INFO:teuthology.orchestra.run.smithi150.stdout:/usr/bin/ceph: stderr
2024-03-18T15:50:33.247+0000 7f5fdf175700 1 --2- 172.21.15.150:0/64806120 >> [v2:172.21.15.150:6800/775411148,v1:172.21.15.150:6801/775411148] conn(0x7f5fc8038f70 0x7f5fc803b430 unknown :-1 s=CLOSED pgs=8 cs=0 l=1 rev1=1 crypto rx=0 tx=0 comp rx=0 tx=0).stop
2024-03-18T15:50:33.813 INFO:teuthology.orchestra.run.smithi150.stdout:/usr/bin/ceph: stderr
2024-03-18T15:50:33.247+0000 7f5fdf175700 1 --2- 172.21.15.150:0/64806120 >> [v2:172.21.15.150:3300/0,v1:172.21.15.150:6789/0] conn(0x7f5fd8108770 0x7f5fd819bc70 unknown :-1 s=CLOSED pgs=38 cs=0 l=1 rev1=1 crypto rx=0 tx=0 comp rx=0 tx=0).stop
2024-03-18T15:50:33.813 INFO:teuthology.orchestra.run.smithi150.stdout:/usr/bin/ceph: stderr
2024-03-18T15:50:33.247+0000 7f5fdf175700 1 -- 172.21.15.150:0/64806120 >> 172.21.15.150:0/64806120 conn(0x7f5fd8102120 msgr2=0x7f5fd8102ce0 unknown :-1 s=STATE_NONE l=0).mark_down
2024-03-18T15:50:33.813 INFO:teuthology.orchestra.run.smithi150.stdout:/usr/bin/ceph: stderr
2024-03-18T15:50:33.247+0000 7f5fdf175700 1 -- 172.21.15.150:0/64806120 shutdown_connections
2024-03-18T15:50:33.814 INFO:teuthology.orchestra.run.smithi150.stdout:/usr/bin/ceph: stderr
2024-03-18T15:50:33.247+0000 7f5fdf175700 1 -- 172.21.15.150:0/64806120 wait complete.
2024-03-18T15:50:33.814 INFO:teuthology.orchestra.run.smithi150.stdout:Generating ssh key...
2024-03-18T15:50:34.091 INFO:journalctl@ceph.mon.a.smithi150.stdout:Mar 18 15:50:33 smithi150 ceph-mon[31946]: from='client.14130 -' entity='client.admin' cmd=[{"prefix": "orch set backend", "module_name": "cephadm", "target": ["mon-mgr", ""]}]: dispatch
2024-03-18T15:50:34.841 INFO:journalctl@ceph.mgr.x.smithi150.stdout:Mar 18 15:50:34 smithi150 ceph-0cd032e0-e53f-11ee-95c9-87774f69a715-mgr-x[32179]: Generating public/private rsa key pair.
2024-03-18T15:50:34.841 INFO:journalctl@ceph.mgr.x.smithi150.stdout:Mar 18 15:50:34 smithi150 ceph-0cd032e0-e53f-11ee-95c9-87774f69a715-mgr-x[32179]: Your identification has been saved in /tmp/tmpl18tpv9j/key.
2024-03-18T15:50:34.841 INFO:journalctl@ceph.mgr.x.smithi150.stdout:Mar 18 15:50:34 smithi150 ceph-0cd032e0-e53f-11ee-95c9-87774f69a715-mgr-x[32179]: Your public key has been saved in /tmp/tmpl18tpv9j/key.pub.
2024-03-18T15:50:34.842 INFO:journalctl@ceph.mgr.x.smithi150.stdout:Mar 18 15:50:34 smithi150 ceph-0cd032e0-e53f-11ee-95c9-87774f69a715-mgr-x[32179]: The key fingerprint is:
2024-03-18T15:50:34.842 INFO:journalctl@ceph.mgr.x.smithi150.stdout:Mar 18 15:50:34 smithi150 ceph-0cd032e0-e53f-11ee-95c9-87774f69a715-mgr-x[32179]: SHA256:zBP5XAN2czRasARJOzL5XKc99dHUos/y1vvvVoGYVVE ceph-0cd032e0-e53f-11ee-95c9-87774f69a715
2024-03-18T15:50:34.842 INFO:journalctl@ceph.mgr.x.smithi150.stdout:Mar 18 15:50:34 smithi150 ceph-0cd032e0-e53f-11ee-95c9-87774f69a715-mgr-x[32179]: The key's randomart image is:
2024-03-18T15:50:34.842 INFO:journalctl@ceph.mgr.x.smithi150.stdout:Mar 18 15:50:34 smithi150 ceph-0cd032e0-e53f-11ee-95c9-87774f69a715-mgr-x[32179]: +---[RSA 3072]----+
2024-03-18T15:50:34.842 INFO:journalctl@ceph.mgr.x.smithi150.stdout:Mar 18 15:50:34 smithi150 ceph-0cd032e0-e53f-11ee-95c9-87774f69a715-mgr-x[32179]: | .=o=o*oE|
2024-03-18T15:50:34.842 INFO:journalctl@ceph.mgr.x.smithi150.stdout:Mar 18 15:50:34 smithi150 ceph-0cd032e0-e53f-11ee-95c9-87774f69a715-mgr-x[32179]: | +.= B.oo|
2024-03-18T15:50:34.842 INFO:journalctl@ceph.mgr.x.smithi150.stdout:Mar 18 15:50:34 smithi150 ceph-0cd032e0-e53f-11ee-95c9-87774f69a715-mgr-x[32179]: | * o X.ooo|
2024-03-18T15:50:34.842 INFO:journalctl@ceph.mgr.x.smithi150.stdout:Mar 18 15:50:34 smithi150 ceph-0cd032e0-e53f-11ee-95c9-87774f69a715-mgr-x[32179]: | o O *.* oo|
2024-03-18T15:50:34.842 INFO:journalctl@ceph.mgr.x.smithi150.stdout:Mar 18 15:50:34 smithi150 ceph-0cd032e0-e53f-11ee-95c9-87774f69a715-mgr-x[32179]: | S = .oo o|
2024-03-18T15:50:34.842 INFO:journalctl@ceph.mgr.x.smithi150.stdout:Mar 18 15:50:34 smithi150 ceph-0cd032e0-e53f-11ee-95c9-87774f69a715-mgr-x[32179]: | . . o..|
2024-03-18T15:50:34.842 INFO:journalctl@ceph.mgr.x.smithi150.stdout:Mar 18 15:50:34 smithi150 ceph-0cd032e0-e53f-11ee-95c9-87774f69a715-mgr-x[32179]: | o ..|
2024-03-18T15:50:34.842 INFO:journalctl@ceph.mgr.x.smithi150.stdout:Mar 18 15:50:34 smithi150 ceph-0cd032e0-e53f-11ee-95c9-87774f69a715-mgr-x[32179]: | o o|
2024-03-18T15:50:34.842 INFO:journalctl@ceph.mgr.x.smithi150.stdout:Mar 18 15:50:34 smithi150 ceph-0cd032e0-e53f-11ee-95c9-87774f69a715-mgr-x[32179]: | . +B|
2024-03-18T15:50:34.843 INFO:journalctl@ceph.mgr.x.smithi150.stdout:Mar 18 15:50:34 smithi150 ceph-0cd032e0-e53f-11ee-95c9-87774f69a715-mgr-x[32179]: +----[SHA256]-----+
2024-03-18T15:50:35.167 INFO:journalctl@ceph.mon.a.smithi150.stdout:Mar 18 15:50:34 smithi150 ceph-mon[31946]: from='client.14132 -' entity='client.admin' cmd=[{"prefix": "cephadm set-user", "user": "root", "target": ["mon-mgr", ""]}]: dispatch
2024-03-18T15:50:35.168 INFO:journalctl@ceph.mon.a.smithi150.stdout:Mar 18 15:50:34 smithi150 ceph-mon[31946]: from='mgr.14118 172.21.15.150:0/56506105' entity='mgr.x'
2024-03-18T15:50:35.168 INFO:journalctl@ceph.mon.a.smithi150.stdout:Mar 18 15:50:34 smithi150 ceph-mon[31946]: from='mgr.14118 172.21.15.150:0/56506105' entity='mgr.x'
2024-03-18T15:50:35.177 INFO:teuthology.orchestra.run.smithi150.stdout:/usr/bin/ceph: stderr
2024-03-18T15:50:34.196+0000 7f9c8a899700 1 Processor -- start
2024-03-18T15:50:35.177 INFO:teuthology.orchestra.run.smithi150.stdout:/usr/bin/ceph: stderr
2024-03-18T15:50:34.196+0000 7f9c8a899700 1 -- start start
2024-03-18T15:50:35.178 INFO:teuthology.orchestra.run.smithi150.stdout:/usr/bin/ceph: stderr
2024-03-18T15:50:34.196+0000 7f9c8a899700 1 --2- >> [v2:172.21.15.150:3300/0,v1:172.21.15.150:6789/0] conn(0x7f9c84106be0 0x7f9c84107000 unknown :-1 s=NONE pgs=0 cs=0 l=0 rev1=0 crypto rx=0 tx=0 comp rx=0 tx=0).connect
2024-03-18T15:50:35.178 INFO:teuthology.orchestra.run.smithi150.stdout:/usr/bin/ceph: stderr
2024-03-18T15:50:34.196+0000 7f9c8a899700 1 -- --> [v2:172.21.15.150:3300/0,v1:172.21.15.150:6789/0] -- mon_getmap magic: 0 -- 0x7f9c841075d0 con 0x7f9c84106be0
2024-03-18T15:50:35.178 INFO:teuthology.orchestra.run.smithi150.stdout:/usr/bin/ceph: stderr
2024-03-18T15:50:34.196+0000 7f9c83fff700 1 --2- >> [v2:172.21.15.150:3300/0,v1:172.21.15.150:6789/0] conn(0x7f9c84106be0 0x7f9c84107000 unknown :-1 s=BANNER_CONNECTING pgs=0 cs=0 l=0 rev1=0 crypto rx=0 tx=0 comp rx=0 tx=0)._handle_peer_banner_payload supported=3 required=0
2024-03-18T15:50:35.178 INFO:teuthology.orchestra.run.smithi150.stdout:/usr/bin/ceph: stderr
2024-03-18T15:50:34.196+0000 7f9c83fff700 1 --2- >> [v2:172.21.15.150:3300/0,v1:172.21.15.150:6789/0] conn(0x7f9c84106be0 0x7f9c84107000 unknown :-1 s=HELLO_CONNECTING pgs=0 cs=0 l=0 rev1=1 crypto rx=0 tx=0 comp rx=0 tx=0).handle_hello peer v2:172.21.15.150:3300/0 says I am v2:172.21.15.150:55266/0 (socket says 172.21.15.150:55266)
2024-03-18T15:50:35.178 INFO:teuthology.orchestra.run.smithi150.stdout:/usr/bin/ceph: stderr
2024-03-18T15:50:34.196+0000 7f9c83fff700 1 -- 172.21.15.150:0/3239921841 learned_addr learned my addr 172.21.15.150:0/3239921841 (peer_addr_for_me v2:172.21.15.150:0/0)
2024-03-18T15:50:35.178 INFO:teuthology.orchestra.run.smithi150.stdout:/usr/bin/ceph: stderr
2024-03-18T15:50:34.197+0000 7f9c83fff700 1 -- 172.21.15.150:0/3239921841 --> [v2:172.21.15.150:3300/0,v1:172.21.15.150:6789/0] -- mon_subscribe({config=0+,monmap=0+}) -- 0x7f9c84107de0 con 0x7f9c84106be0
2024-03-18T15:50:35.178 INFO:teuthology.orchestra.run.smithi150.stdout:/usr/bin/ceph: stderr
2024-03-18T15:50:34.197+0000 7f9c83fff700 1 --2- 172.21.15.150:0/3239921841 >> [v2:172.21.15.150:3300/0,v1:172.21.15.150:6789/0] conn(0x7f9c84106be0 0x7f9c84107000 secure :-1 s=READY pgs=39 cs=0 l=1 rev1=1 crypto rx=0x7f9c74009ab0 tx=0x7f9c74009dc0 comp rx=0 tx=0).ready entity=mon.0 client_cookie=df6456436b28efa5 server_cookie=0 in_seq=0 out_seq=0
2024-03-18T15:50:35.178 INFO:teuthology.orchestra.run.smithi150.stdout:/usr/bin/ceph: stderr
2024-03-18T15:50:34.197+0000 7f9c82ffd700 1 -- 172.21.15.150:0/3239921841 <== mon.0 v2:172.21.15.150:3300/0 1 ==== mon_map magic: 0 ==== 205+0+0 (secure 0 0 0) 0x7f9c74004160 con 0x7f9c84106be0
2024-03-18T15:50:35.178 INFO:teuthology.orchestra.run.smithi150.stdout:/usr/bin/ceph: stderr
2024-03-18T15:50:34.197+0000 7f9c82ffd700 1 -- 172.21.15.150:0/3239921841 <== mon.0 v2:172.21.15.150:3300/0 2 ==== config(27 keys) ==== 1109+0+0 (secure 0 0 0) 0x7f9c7400bca0 con 0x7f9c84106be0
2024-03-18T15:50:35.178 INFO:teuthology.orchestra.run.smithi150.stdout:/usr/bin/ceph: stderr
