2024-03-18T15:58:32.868+0000 7faabca00700 1 -- 172.21.15.39:0/2189422563 >> 172.21.15.39:0/2189422563 conn(0x7faab807d220 msgr2=0x7faab807d630 unknown :-1 s=STATE_NONE l=0).mark_down
2024-03-18T15:58:33.938 INFO:teuthology.orchestra.run.smithi039.stdout:/usr/bin/ceph: stderr
2024-03-18T15:58:32.868+0000 7faabca00700 1 -- 172.21.15.39:0/2189422563 shutdown_connections
2024-03-18T15:58:33.938 INFO:teuthology.orchestra.run.smithi039.stdout:/usr/bin/ceph: stderr
2024-03-18T15:58:32.868+0000 7faabca00700 1 -- 172.21.15.39:0/2189422563 wait complete.
2024-03-18T15:58:33.938 INFO:teuthology.orchestra.run.smithi039.stdout:/usr/bin/ceph: stderr
2024-03-18T15:58:32.869+0000 7faabca00700 1 Processor -- start
2024-03-18T15:58:33.938 INFO:teuthology.orchestra.run.smithi039.stdout:/usr/bin/ceph: stderr
2024-03-18T15:58:32.869+0000 7faabca00700 1 -- start start
2024-03-18T15:58:33.938 INFO:teuthology.orchestra.run.smithi039.stdout:/usr/bin/ceph: stderr
2024-03-18T15:58:32.869+0000 7faabca00700 1 --2- >> [v2:172.21.15.39:3300/0,v1:172.21.15.39:6789/0] conn(0x7faab8109e10 0x7faab81a64c0 unknown :-1 s=NONE pgs=0 cs=0 l=1 rev1=0 crypto rx=0 tx=0 comp rx=0 tx=0).connect
2024-03-18T15:58:33.938 INFO:teuthology.orchestra.run.smithi039.stdout:/usr/bin/ceph: stderr
2024-03-18T15:58:32.869+0000 7faabca00700 1 -- --> [v2:172.21.15.39:3300/0,v1:172.21.15.39:6789/0] -- mon_getmap magic: 0 -- 0x7faab810e3b0 con 0x7faab8109e10
2024-03-18T15:58:33.938 INFO:teuthology.orchestra.run.smithi039.stdout:/usr/bin/ceph: stderr
2024-03-18T15:58:32.870+0000 7faab5e00700 1 --2- >> [v2:172.21.15.39:3300/0,v1:172.21.15.39:6789/0] conn(0x7faab8109e10 0x7faab81a64c0 unknown :-1 s=BANNER_CONNECTING pgs=0 cs=0 l=1 rev1=0 crypto rx=0 tx=0 comp rx=0 tx=0)._handle_peer_banner_payload supported=3 required=0
2024-03-18T15:58:33.938 INFO:teuthology.orchestra.run.smithi039.stdout:/usr/bin/ceph: stderr
2024-03-18T15:58:32.870+0000 7faab5e00700 1 --2- >> [v2:172.21.15.39:3300/0,v1:172.21.15.39:6789/0] conn(0x7faab8109e10 0x7faab81a64c0 unknown :-1 s=HELLO_CONNECTING pgs=0 cs=0 l=1 rev1=1 crypto rx=0 tx=0 comp rx=0 tx=0).handle_hello peer v2:172.21.15.39:3300/0 says I am v2:172.21.15.39:40982/0 (socket says 172.21.15.39:40982)
2024-03-18T15:58:33.938 INFO:teuthology.orchestra.run.smithi039.stdout:/usr/bin/ceph: stderr
2024-03-18T15:58:32.870+0000 7faab5e00700 1 -- 172.21.15.39:0/3919226154 learned_addr learned my addr 172.21.15.39:0/3919226154 (peer_addr_for_me v2:172.21.15.39:0/0)
2024-03-18T15:58:33.938 INFO:teuthology.orchestra.run.smithi039.stdout:/usr/bin/ceph: stderr
2024-03-18T15:58:32.870+0000 7faab5e00700 1 -- 172.21.15.39:0/3919226154 --> [v2:172.21.15.39:3300/0,v1:172.21.15.39:6789/0] -- mon_subscribe({config=0+,monmap=0+}) -- 0x7faab81a6a00 con 0x7faab8109e10
2024-03-18T15:58:33.938 INFO:teuthology.orchestra.run.smithi039.stdout:/usr/bin/ceph: stderr
2024-03-18T15:58:32.870+0000 7faab5e00700 1 --2- 172.21.15.39:0/3919226154 >> [v2:172.21.15.39:3300/0,v1:172.21.15.39:6789/0] conn(0x7faab8109e10 0x7faab81a64c0 secure :-1 s=READY pgs=54 cs=0 l=1 rev1=1 crypto rx=0x7faaa80117e0 tx=0x7faaa8011ba0 comp rx=0 tx=0).ready entity=mon.0 client_cookie=0 server_cookie=0 in_seq=0 out_seq=0
2024-03-18T15:58:33.939 INFO:teuthology.orchestra.run.smithi039.stdout:/usr/bin/ceph: stderr
2024-03-18T15:58:32.871+0000 7faaaea00700 1 -- 172.21.15.39:0/3919226154 <== mon.0 v2:172.21.15.39:3300/0 1 ==== mon_map magic: 0 ==== 205+0+0 (secure 0 0 0) 0x7faaa8003ba0 con 0x7faab8109e10
2024-03-18T15:58:33.939 INFO:teuthology.orchestra.run.smithi039.stdout:/usr/bin/ceph: stderr
2024-03-18T15:58:32.871+0000 7faaaea00700 1 -- 172.21.15.39:0/3919226154 <== mon.0 v2:172.21.15.39:3300/0 2 ==== config(27 keys) ==== 1140+0+0 (secure 0 0 0) 0x7faaa801a910 con 0x7faab8109e10
2024-03-18T15:58:33.939 INFO:teuthology.orchestra.run.smithi039.stdout:/usr/bin/ceph: stderr
2024-03-18T15:58:32.871+0000 7faabca00700 1 -- 172.21.15.39:0/3919226154 --> [v2:172.21.15.39:3300/0,v1:172.21.15.39:6789/0] -- mon_subscribe({mgrmap=0+}) -- 0x7faab81a6c90 con 0x7faab8109e10
2024-03-18T15:58:33.939 INFO:teuthology.orchestra.run.smithi039.stdout:/usr/bin/ceph: stderr
2024-03-18T15:58:32.871+0000 7faaaea00700 1 -- 172.21.15.39:0/3919226154 <== mon.0 v2:172.21.15.39:3300/0 3 ==== mon_map magic: 0 ==== 205+0+0 (secure 0 0 0) 0x7faaa80248f0 con 0x7faab8109e10
2024-03-18T15:58:33.939 INFO:teuthology.orchestra.run.smithi039.stdout:/usr/bin/ceph: stderr
2024-03-18T15:58:32.871+0000 7faabca00700 1 -- 172.21.15.39:0/3919226154 --> [v2:172.21.15.39:3300/0,v1:172.21.15.39:6789/0] -- mon_subscribe({osdmap=0}) -- 0x7faab81a70f0 con 0x7faab8109e10
2024-03-18T15:58:33.939 INFO:teuthology.orchestra.run.smithi039.stdout:/usr/bin/ceph: stderr
2024-03-18T15:58:32.872+0000 7faabca00700 1 -- 172.21.15.39:0/3919226154 --> [v2:172.21.15.39:3300/0,v1:172.21.15.39:6789/0] -- mon_command({"prefix": "get_command_descriptions"} v 0) -- 0x7faab8063900 con 0x7faab8109e10
2024-03-18T15:58:33.939 INFO:teuthology.orchestra.run.smithi039.stdout:/usr/bin/ceph: stderr
2024-03-18T15:58:32.873+0000 7faaaea00700 1 -- 172.21.15.39:0/3919226154 <== mon.0 v2:172.21.15.39:3300/0 4 ==== mgrmap(e 8) ==== 46106+0+0 (secure 0 0 0) 0x7faaa8022020 con 0x7faab8109e10
2024-03-18T15:58:33.939 INFO:teuthology.orchestra.run.smithi039.stdout:/usr/bin/ceph: stderr
2024-03-18T15:58:32.873+0000 7faaaea00700 1 --2- 172.21.15.39:0/3919226154 >> [v2:172.21.15.39:6800/1810238546,v1:172.21.15.39:6801/1810238546] conn(0x7faa9c038f20 0x7faa9c03b3e0 unknown :-1 s=NONE pgs=0 cs=0 l=1 rev1=0 crypto rx=0 tx=0 comp rx=0 tx=0).connect
2024-03-18T15:58:33.939 INFO:teuthology.orchestra.run.smithi039.stdout:/usr/bin/ceph: stderr
2024-03-18T15:58:32.873+0000 7faaaea00700 1 -- 172.21.15.39:0/3919226154 <== mon.0 v2:172.21.15.39:3300/0 5 ==== osd_map(2..2 src has 1..2) ==== 940+0+0 (secure 0 0 0) 0x7faaa804d7d0 con 0x7faab8109e10
2024-03-18T15:58:33.939 INFO:teuthology.orchestra.run.smithi039.stdout:/usr/bin/ceph: stderr
2024-03-18T15:58:32.874+0000 7faab5400700 1 --2- 172.21.15.39:0/3919226154 >> [v2:172.21.15.39:6800/1810238546,v1:172.21.15.39:6801/1810238546] conn(0x7faa9c038f20 0x7faa9c03b3e0 unknown :-1 s=BANNER_CONNECTING pgs=0 cs=0 l=1 rev1=0 crypto rx=0 tx=0 comp rx=0 tx=0)._handle_peer_banner_payload supported=3 required=0
2024-03-18T15:58:33.939 INFO:teuthology.orchestra.run.smithi039.stdout:/usr/bin/ceph: stderr
2024-03-18T15:58:32.874+0000 7faab5400700 1 --2- 172.21.15.39:0/3919226154 >> [v2:172.21.15.39:6800/1810238546,v1:172.21.15.39:6801/1810238546] conn(0x7faa9c038f20 0x7faa9c03b3e0 secure :-1 s=READY pgs=15 cs=0 l=1 rev1=1 crypto rx=0x7faaa4006fd0 tx=0x7faaa4006e40 comp rx=0 tx=0).ready entity=mgr.14120 client_cookie=0 server_cookie=0 in_seq=0 out_seq=0
2024-03-18T15:58:33.940 INFO:teuthology.orchestra.run.smithi039.stdout:/usr/bin/ceph: stderr
2024-03-18T15:58:32.878+0000 7faaaea00700 1 -- 172.21.15.39:0/3919226154 <== mon.0 v2:172.21.15.39:3300/0 6 ==== mon_command_ack([{"prefix": "get_command_descriptions"}]=0 v0) ==== 72+0+186149 (secure 0 0 0) 0x7faaa801ab70 con 0x7faab8109e10
2024-03-18T15:58:33.940 INFO:teuthology.orchestra.run.smithi039.stdout:/usr/bin/ceph: stderr
2024-03-18T15:58:33.107+0000 7faabca00700 1 -- 172.21.15.39:0/3919226154 --> [v2:172.21.15.39:3300/0,v1:172.21.15.39:6789/0] -- mon_command([{prefix=config set, name=mgr/dashboard/ssl_server_port}] v 0) -- 0x7faab81a9980 con 0x7faab8109e10
2024-03-18T15:58:33.940 INFO:teuthology.orchestra.run.smithi039.stdout:/usr/bin/ceph: stderr
2024-03-18T15:58:33.109+0000 7faaaea00700 1 -- 172.21.15.39:0/3919226154 <== mon.0 v2:172.21.15.39:3300/0 7 ==== mon_command_ack([{prefix=config set, name=mgr/dashboard/ssl_server_port}]=0 v8)=0 v8) ==== 130+0+0 (secure 0 0 0) 0x7faaa804d120 con 0x7faab8109e10
2024-03-18T15:58:33.940 INFO:teuthology.orchestra.run.smithi039.stdout:/usr/bin/ceph: stderr
2024-03-18T15:58:33.113+0000 7faabca00700 1 -- 172.21.15.39:0/3919226154 >> [v2:172.21.15.39:6800/1810238546,v1:172.21.15.39:6801/1810238546] conn(0x7faa9c038f20 msgr2=0x7faa9c03b3e0 secure :-1 s=STATE_CONNECTION_ESTABLISHED l=1).mark_down
2024-03-18T15:58:33.940 INFO:teuthology.orchestra.run.smithi039.stdout:/usr/bin/ceph: stderr
2024-03-18T15:58:33.113+0000 7faabca00700 1 --2- 172.21.15.39:0/3919226154 >> [v2:172.21.15.39:6800/1810238546,v1:172.21.15.39:6801/1810238546] conn(0x7faa9c038f20 0x7faa9c03b3e0 secure :-1 s=READY pgs=15 cs=0 l=1 rev1=1 crypto rx=0x7faaa4006fd0 tx=0x7faaa4006e40 comp rx=0 tx=0).stop
2024-03-18T15:58:33.940 INFO:teuthology.orchestra.run.smithi039.stdout:/usr/bin/ceph: stderr
2024-03-18T15:58:33.113+0000 7faabca00700 1 -- 172.21.15.39:0/3919226154 >> [v2:172.21.15.39:3300/0,v1:172.21.15.39:6789/0] conn(0x7faab8109e10 msgr2=0x7faab81a64c0 secure :-1 s=STATE_CONNECTION_ESTABLISHED l=1).mark_down
2024-03-18T15:58:33.940 INFO:teuthology.orchestra.run.smithi039.stdout:/usr/bin/ceph: stderr
2024-03-18T15:58:33.113+0000 7faabca00700 1 --2- 172.21.15.39:0/3919226154 >> [v2:172.21.15.39:3300/0,v1:172.21.15.39:6789/0] conn(0x7faab8109e10 0x7faab81a64c0 secure :-1 s=READY pgs=54 cs=0 l=1 rev1=1 crypto rx=0x7faaa80117e0 tx=0x7faaa8011ba0 comp rx=0 tx=0).stop
2024-03-18T15:58:33.940 INFO:teuthology.orchestra.run.smithi039.stdout:/usr/bin/ceph: stderr
2024-03-18T15:58:33.113+0000 7faabca00700 1 -- 172.21.15.39:0/3919226154 shutdown_connections
2024-03-18T15:58:33.940 INFO:teuthology.orchestra.run.smithi039.stdout:/usr/bin/ceph: stderr
2024-03-18T15:58:33.113+0000 7faabca00700 1 --2- 172.21.15.39:0/3919226154 >> [v2:172.21.15.39:6800/1810238546,v1:172.21.15.39:6801/1810238546] conn(0x7faa9c038f20 0x7faa9c03b3e0 unknown :-1 s=CLOSED pgs=15 cs=0 l=1 rev1=1 crypto rx=0 tx=0 comp rx=0 tx=0).stop
2024-03-18T15:58:33.940 INFO:teuthology.orchestra.run.smithi039.stdout:/usr/bin/ceph: stderr
2024-03-18T15:58:33.113+0000 7faabca00700 1 --2- 172.21.15.39:0/3919226154 >> [v2:172.21.15.39:3300/0,v1:172.21.15.39:6789/0] conn(0x7faab8109e10 0x7faab81a64c0 unknown :-1 s=CLOSED pgs=54 cs=0 l=1 rev1=1 crypto rx=0 tx=0 comp rx=0 tx=0).stop
2024-03-18T15:58:33.940 INFO:teuthology.orchestra.run.smithi039.stdout:/usr/bin/ceph: stderr
2024-03-18T15:58:33.113+0000 7faabca00700 1 -- 172.21.15.39:0/3919226154 >> 172.21.15.39:0/3919226154 conn(0x7faab807d220 msgr2=0x7faab8107370 unknown :-1 s=STATE_NONE l=0).mark_down
2024-03-18T15:58:33.940 INFO:teuthology.orchestra.run.smithi039.stdout:/usr/bin/ceph: stderr
2024-03-18T15:58:33.113+0000 7faabca00700 1 -- 172.21.15.39:0/3919226154 shutdown_connections
2024-03-18T15:58:33.940 INFO:teuthology.orchestra.run.smithi039.stdout:/usr/bin/ceph: stderr
2024-03-18T15:58:33.113+0000 7faabca00700 1 -- 172.21.15.39:0/3919226154 wait complete.
2024-03-18T15:58:33.940 INFO:teuthology.orchestra.run.smithi039.stdout:Enabling the dashboard module...
2024-03-18T15:58:34.336 INFO:journalctl@ceph.mon.a.smithi039.stdout:Mar 18 15:58:34 smithi039 ceph-mon[31721]: pgmap v4: 0 pgs: ; 0 B data, 0 B used, 0 B / 0 B avail
2024-03-18T15:58:34.336 INFO:journalctl@ceph.mon.a.smithi039.stdout:Mar 18 15:58:34 smithi039 ceph-mon[31721]: from='client.? 172.21.15.39:0/3919226154' entity='client.admin'
2024-03-18T15:58:36.086 INFO:journalctl@ceph.mon.a.smithi039.stdout:Mar 18 15:58:35 smithi039 ceph-mon[31721]: pgmap v5: 0 pgs: ; 0 B data, 0 B used, 0 B / 0 B avail
2024-03-18T15:58:36.086 INFO:journalctl@ceph.mon.a.smithi039.stdout:Mar 18 15:58:35 smithi039 ceph-mon[31721]: from='mgr.14120 172.21.15.39:0/2752076370' entity='mgr.x'
2024-03-18T15:58:36.086 INFO:journalctl@ceph.mon.a.smithi039.stdout:Mar 18 15:58:35 smithi039 ceph-mon[31721]: from='client.? 172.21.15.39:0/308307086' entity='client.admin' cmd=[{"prefix": "mgr module enable", "module": "dashboard"}]: dispatch
2024-03-18T15:58:36.511 INFO:journalctl@ceph.mgr.x.smithi039.stdout:Mar 18 15:58:36 smithi039 ceph-1892d8fc-e540-11ee-95c9-87774f69a715-mgr-x[31959]: ignoring --setuser ceph since I am not root
2024-03-18T15:58:36.511 INFO:journalctl@ceph.mgr.x.smithi039.stdout:Mar 18 15:58:36 smithi039 ceph-1892d8fc-e540-11ee-95c9-87774f69a715-mgr-x[31959]: ignoring --setgroup ceph since I am not root
2024-03-18T15:58:36.804 INFO:teuthology.orchestra.run.smithi039.stdout:/usr/bin/ceph: stderr
2024-03-18T15:58:34.925+0000 7fdfb8800700 1 Processor -- start
2024-03-18T15:58:36.804 INFO:teuthology.orchestra.run.smithi039.stdout:/usr/bin/ceph: stderr
2024-03-18T15:58:34.925+0000 7fdfb8800700 1 -- start start
2024-03-18T15:58:36.804 INFO:teuthology.orchestra.run.smithi039.stdout:/usr/bin/ceph: stderr
2024-03-18T15:58:34.925+0000 7fdfb8800700 1 --2- >> [v2:172.21.15.39:3300/0,v1:172.21.15.39:6789/0] conn(0x7fdfb0106b20 0x7fdfb0106f40 unknown :-1 s=NONE pgs=0 cs=0 l=0 rev1=0 crypto rx=0 tx=0 comp rx=0 tx=0).connect
2024-03-18T15:58:36.804 INFO:teuthology.orchestra.run.smithi039.stdout:/usr/bin/ceph: stderr
2024-03-18T15:58:34.925+0000 7fdfb8800700 1 -- --> [v2:172.21.15.39:3300/0,v1:172.21.15.39:6789/0] -- mon_getmap magic: 0 -- 0x7fdfb0107510 con 0x7fdfb0106b20
2024-03-18T15:58:36.804 INFO:teuthology.orchestra.run.smithi039.stdout:/usr/bin/ceph: stderr
2024-03-18T15:58:34.926+0000 7fdfb5e00700 1 --2- >> [v2:172.21.15.39:3300/0,v1:172.21.15.39:6789/0] conn(0x7fdfb0106b20 0x7fdfb0106f40 unknown :-1 s=BANNER_CONNECTING pgs=0 cs=0 l=0 rev1=0 crypto rx=0 tx=0 comp rx=0 tx=0)._handle_peer_banner_payload supported=3 required=0
2024-03-18T15:58:36.804 INFO:teuthology.orchestra.run.smithi039.stdout:/usr/bin/ceph: stderr
2024-03-18T15:58:34.926+0000 7fdfb5e00700 1 --2- >> [v2:172.21.15.39:3300/0,v1:172.21.15.39:6789/0] conn(0x7fdfb0106b20 0x7fdfb0106f40 unknown :-1 s=HELLO_CONNECTING pgs=0 cs=0 l=0 rev1=1 crypto rx=0 tx=0 comp rx=0 tx=0).handle_hello peer v2:172.21.15.39:3300/0 says I am v2:172.21.15.39:40994/0 (socket says 172.21.15.39:40994)
2024-03-18T15:58:36.804 INFO:teuthology.orchestra.run.smithi039.stdout:/usr/bin/ceph: stderr
2024-03-18T15:58:34.926+0000 7fdfb5e00700 1 -- 172.21.15.39:0/3570127199 learned_addr learned my addr 172.21.15.39:0/3570127199 (peer_addr_for_me v2:172.21.15.39:0/0)
2024-03-18T15:58:36.804 INFO:teuthology.orchestra.run.smithi039.stdout:/usr/bin/ceph: stderr
2024-03-18T15:58:34.926+0000 7fdfb5e00700 1 -- 172.21.15.39:0/3570127199 --> [v2:172.21.15.39:3300/0,v1:172.21.15.39:6789/0] -- mon_subscribe({config=0+,monmap=0+}) -- 0x7fdfb0107d20 con 0x7fdfb0106b20
2024-03-18T15:58:36.805 INFO:teuthology.orchestra.run.smithi039.stdout:/usr/bin/ceph: stderr
2024-03-18T15:58:34.927+0000 7fdfb5e00700 1 --2- 172.21.15.39:0/3570127199 >> [v2:172.21.15.39:3300/0,v1:172.21.15.39:6789/0] conn(0x7fdfb0106b20 0x7fdfb0106f40 secure :-1 s=READY pgs=55 cs=0 l=1 rev1=1 crypto rx=0x7fdfa40098a0 tx=0x7fdfa4009bb0 comp rx=0 tx=0).ready entity=mon.0 client_cookie=74bd754a31cac707 server_cookie=0 in_seq=0 out_seq=0
2024-03-18T15:58:36.805 INFO:teuthology.orchestra.run.smithi039.stdout:/usr/bin/ceph: stderr
2024-03-18T15:58:34.927+0000 7fdfb4a00700 1 -- 172.21.15.39:0/3570127199 <== mon.0 v2:172.21.15.39:3300/0 1 ==== mon_map magic: 0 ==== 205+0+0 (secure 0 0 0) 0x7fdfa4004160 con 0x7fdfb0106b20
2024-03-18T15:58:36.805 INFO:teuthology.orchestra.run.smithi039.stdout:/usr/bin/ceph: stderr
2024-03-18T15:58:34.927+0000 7fdfb4a00700 1 -- 172.21.15.39:0/3570127199 <== mon.0 v2:172.21.15.39:3300/0 2 ==== config(27 keys) ==== 1140+0+0 (secure 0 0 0) 0x7fdfa4004300 con 0x7fdfb0106b20
2024-03-18T15:58:36.805 INFO:teuthology.orchestra.run.smithi039.stdout:/usr/bin/ceph: stderr
2024-03-18T15:58:34.927+0000 7fdfb4a00700 1 -- 172.21.15.39:0/3570127199 <== mon.0 v2:172.21.15.39:3300/0 3 ==== mon_map magic: 0 ==== 205+0+0 (secure 0 0 0) 0x7fdfa4011b20 con 0x7fdfb0106b20
2024-03-18T15:58:36.805 INFO:teuthology.orchestra.run.smithi039.stdout:/usr/bin/ceph: stderr
2024-03-18T15:58:34.928+0000 7fdfb8800700 1 -- 172.21.15.39:0/3570127199 >> [v2:172.21.15.39:3300/0,v1:172.21.15.39:6789/0] conn(0x7fdfb0106b20 msgr2=0x7fdfb0106f40 secure :-1 s=STATE_CONNECTION_ESTABLISHED l=1).mark_down
2024-03-18T15:58:36.805 INFO:teuthology.orchestra.run.smithi039.stdout:/usr/bin/ceph: stderr
2024-03-18T15:58:34.928+0000 7fdfb8800700 1 --2- 172.21.15.39:0/3570127199 >> [v2:172.21.15.39:3300/0,v1:172.21.15.39:6789/0] conn(0x7fdfb0106b20 0x7fdfb0106f40 secure :-1 s=READY pgs=55 cs=0 l=1 rev1=1 crypto rx=0x7fdfa40098a0 tx=0x7fdfa4009bb0 comp rx=0 tx=0).stop
2024-03-18T15:58:36.805 INFO:teuthology.orchestra.run.smithi039.stdout:/usr/bin/ceph: stderr
2024-03-18T15:58:34.928+0000 7fdfb8800700 1 -- 172.21.15.39:0/3570127199 shutdown_connections
2024-03-18T15:58:36.805 INFO:teuthology.orchestra.run.smithi039.stdout:/usr/bin/ceph: stderr
2024-03-18T15:58:34.928+0000 7fdfb8800700 1 --2- 172.21.15.39:0/3570127199 >> [v2:172.21.15.39:3300/0,v1:172.21.15.39:6789/0] conn(0x7fdfb0106b20 0x7fdfb0106f40 unknown :-1 s=CLOSED pgs=55 cs=0 l=1 rev1=1 crypto rx=0 tx=0 comp rx=0 tx=0).stop
2024-03-18T15:58:36.805 INFO:teuthology.orchestra.run.smithi039.stdout:/usr/bin/ceph: stderr
2024-03-18T15:58:34.928+0000 7fdfb8800700 1 -- 172.21.15.39:0/3570127199 >> 172.21.15.39:0/3570127199 conn(0x7fdfb01020c0 msgr2=0x7fdfb0104500 unknown :-1 s=STATE_NONE l=0).mark_down
2024-03-18T15:58:36.805 INFO:teuthology.orchestra.run.smithi039.stdout:/usr/bin/ceph: stderr
2024-03-18T15:58:34.928+0000 7fdfb8800700 1 -- 172.21.15.39:0/3570127199 shutdown_connections
2024-03-18T15:58:36.805 INFO:teuthology.orchestra.run.smithi039.stdout:/usr/bin/ceph: stderr
2024-03-18T15:58:34.929+0000 7fdfb8800700 1 -- 172.21.15.39:0/3570127199 wait complete.
2024-03-18T15:58:36.805 INFO:teuthology.orchestra.run.smithi039.stdout:/usr/bin/ceph: stderr
2024-03-18T15:58:34.931+0000 7fdfb8800700 1 Processor -- start
2024-03-18T15:58:36.805 INFO:teuthology.orchestra.run.smithi039.stdout:/usr/bin/ceph: stderr
2024-03-18T15:58:34.931+0000 7fdfb8800700 1 -- start start
2024-03-18T15:58:36.806 INFO:teuthology.orchestra.run.smithi039.stdout:/usr/bin/ceph: stderr
2024-03-18T15:58:34.931+0000 7fdfb8800700 1 --2- >> [v2:172.21.15.39:3300/0,v1:172.21.15.39:6789/0] conn(0x7fdfb0106b20 0x7fdfb019bb30 unknown :-1 s=NONE pgs=0 cs=0 l=1 rev1=0 crypto rx=0 tx=0 comp rx=0 tx=0).connect
2024-03-18T15:58:36.806 INFO:teuthology.orchestra.run.smithi039.stdout:/usr/bin/ceph: stderr
2024-03-18T15:58:34.931+0000 7fdfb8800700 1 -- --> [v2:172.21.15.39:3300/0,v1:172.21.15.39:6789/0] -- mon_getmap magic: 0 -- 0x7fdfb010b0d0 con 0x7fdfb0106b20
2024-03-18T15:58:36.806 INFO:teuthology.orchestra.run.smithi039.stdout:/usr/bin/ceph: stderr
2024-03-18T15:58:34.932+0000 7fdfb5e00700 1 --2- >> [v2:172.21.15.39:3300/0,v1:172.21.15.39:6789/0] conn(0x7fdfb0106b20 0x7fdfb019bb30 unknown :-1 s=BANNER_CONNECTING pgs=0 cs=0 l=1 rev1=0 crypto rx=0 tx=0 comp rx=0 tx=0)._handle_peer_banner_payload supported=3 required=0
2024-03-18T15:58:36.806 INFO:teuthology.orchestra.run.smithi039.stdout:/usr/bin/ceph: stderr
2024-03-18T15:58:34.932+0000 7fdfb5e00700 1 --2- >> [v2:172.21.15.39:3300/0,v1:172.21.15.39:6789/0] conn(0x7fdfb0106b20 0x7fdfb019bb30 unknown :-1 s=HELLO_CONNECTING pgs=0 cs=0 l=1 rev1=1 crypto rx=0 tx=0 comp rx=0 tx=0).handle_hello peer v2:172.21.15.39:3300/0 says I am v2:172.21.15.39:41000/0 (socket says 172.21.15.39:41000)
2024-03-18T15:58:36.806 INFO:teuthology.orchestra.run.smithi039.stdout:/usr/bin/ceph: stderr
2024-03-18T15:58:34.932+0000 7fdfb5e00700 1 -- 172.21.15.39:0/308307086 learned_addr learned my addr 172.21.15.39:0/308307086 (peer_addr_for_me v2:172.21.15.39:0/0)
2024-03-18T15:58:36.806 INFO:teuthology.orchestra.run.smithi039.stdout:/usr/bin/ceph: stderr
2024-03-18T15:58:34.932+0000 7fdfb5e00700 1 -- 172.21.15.39:0/308307086 --> [v2:172.21.15.39:3300/0,v1:172.21.15.39:6789/0] -- mon_subscribe({config=0+,monmap=0+}) -- 0x7fdfb019c070 con 0x7fdfb0106b20
2024-03-18T15:58:36.806 INFO:teuthology.orchestra.run.smithi039.stdout:/usr/bin/ceph: stderr
2024-03-18T15:58:34.932+0000 7fdfb5e00700 1 --2- 172.21.15.39:0/308307086 >> [v2:172.21.15.39:3300/0,v1:172.21.15.39:6789/0] conn(0x7fdfb0106b20 0x7fdfb019bb30 secure :-1 s=READY pgs=56 cs=0 l=1 rev1=1 crypto rx=0x7fdfa40117e0 tx=0x7fdfa4011ba0 comp rx=0 tx=0).ready entity=mon.0 client_cookie=0 server_cookie=0 in_seq=0 out_seq=0
2024-03-18T15:58:36.806 INFO:teuthology.orchestra.run.smithi039.stdout:/usr/bin/ceph: stderr
2024-03-18T15:58:34.933+0000 7fdfaaa00700 1 -- 172.21.15.39:0/308307086 <== mon.0 v2:172.21.15.39:3300/0 1 ==== mon_map magic: 0 ==== 205+0+0 (secure 0 0 0) 0x7fdfa4003bf0 con 0x7fdfb0106b20
2024-03-18T15:58:36.806 INFO:teuthology.orchestra.run.smithi039.stdout:/usr/bin/ceph: stderr
2024-03-18T15:58:34.933+0000 7fdfaaa00700 1 -- 172.21.15.39:0/308307086 <== mon.0 v2:172.21.15.39:3300/0 2 ==== config(27 keys) ==== 1140+0+0 (secure 0 0 0) 0x7fdfa401a910 con 0x7fdfb0106b20
2024-03-18T15:58:36.806 INFO:teuthology.orchestra.run.smithi039.stdout:/usr/bin/ceph: stderr
2024-03-18T15:58:34.933+0000 7fdfb8800700 1 -- 172.21.15.39:0/308307086 --> [v2:172.21.15.39:3300/0,v1:172.21.15.39:6789/0] -- mon_subscribe({mgrmap=0+}) -- 0x7fdfb019c300 con 0x7fdfb0106b20
2024-03-18T15:58:36.806 INFO:teuthology.orchestra.run.smithi039.stdout:/usr/bin/ceph: stderr
2024-03-18T15:58:34.933+0000 7fdfaaa00700 1 -- 172.21.15.39:0/308307086 <== mon.0 v2:172.21.15.39:3300/0 3 ==== mon_map magic: 0 ==== 205+0+0 (secure 0 0 0) 0x7fdfa4024970 con 0x7fdfb0106b20
2024-03-18T15:58:36.807 INFO:teuthology.orchestra.run.smithi039.stdout:/usr/bin/ceph: stderr
2024-03-18T15:58:34.933+0000 7fdfb8800700 1 -- 172.21.15.39:0/308307086 --> [v2:172.21.15.39:3300/0,v1:172.21.15.39:6789/0] -- mon_subscribe({osdmap=0}) -- 0x7fdfb019c760 con 0x7fdfb0106b20
2024-03-18T15:58:36.807 INFO:teuthology.orchestra.run.smithi039.stdout:/usr/bin/ceph: stderr
2024-03-18T15:58:34.935+0000 7fdfaaa00700 1 -- 172.21.15.39:0/308307086 <== mon.0 v2:172.21.15.39:3300/0 4 ==== mgrmap(e 8) ==== 46106+0+0 (secure 0 0 0) 0x7fdfa4022020 con 0x7fdfb0106b20
2024-03-18T15:58:36.807 INFO:teuthology.orchestra.run.smithi039.stdout:/usr/bin/ceph: stderr
2024-03-18T15:58:34.935+0000 7fdfb8800700 1 -- 172.21.15.39:0/308307086 --> [v2:172.21.15.39:3300/0,v1:172.21.15.39:6789/0] -- mon_command({"prefix": "get_command_descriptions"} v 0) -- 0x7fdfb0063900 con 0x7fdfb0106b20
2024-03-18T15:58:36.807 INFO:teuthology.orchestra.run.smithi039.stdout:/usr/bin/ceph: stderr
2024-03-18T15:58:34.935+0000 7fdfaaa00700 1 --2- 172.21.15.39:0/308307086 >> [v2:172.21.15.39:6800/1810238546,v1:172.21.15.39:6801/1810238546] conn(0x7fdf98038f20 0x7fdf9803b3e0 unknown :-1 s=NONE pgs=0 cs=0 l=1 rev1=0 crypto rx=0 tx=0 comp rx=0 tx=0).connect
2024-03-18T15:58:36.807 INFO:teuthology.orchestra.run.smithi039.stdout:/usr/bin/ceph: stderr
2024-03-18T15:58:34.935+0000 7fdfaaa00700 1 -- 172.21.15.39:0/308307086 <== mon.0 v2:172.21.15.39:3300/0 5 ==== osd_map(2..2 src has 1..2) ==== 940+0+0 (secure 0 0 0) 0x7fdfa404d690 con 0x7fdfb0106b20
2024-03-18T15:58:36.807 INFO:teuthology.orchestra.run.smithi039.stdout:/usr/bin/ceph: stderr
2024-03-18T15:58:34.935+0000 7fdfb5400700 1 --2- 172.21.15.39:0/308307086 >> [v2:172.21.15.39:6800/1810238546,v1:172.21.15.39:6801/1810238546] conn(0x7fdf98038f20 0x7fdf9803b3e0 unknown :-1 s=BANNER_CONNECTING pgs=0 cs=0 l=1 rev1=0 crypto rx=0 tx=0 comp rx=0 tx=0)._handle_peer_banner_payload supported=3 required=0
2024-03-18T15:58:36.807 INFO:teuthology.orchestra.run.smithi039.stdout:/usr/bin/ceph: stderr
2024-03-18T15:58:34.936+0000 7fdfb5400700 1 --2- 172.21.15.39:0/308307086 >> [v2:172.21.15.39:6800/1810238546,v1:172.21.15.39:6801/1810238546] conn(0x7fdf98038f20 0x7fdf9803b3e0 secure :-1 s=READY pgs=16 cs=0 l=1 rev1=1 crypto rx=0x7fdfa0006fd0 tx=0x7fdfa0006e40 comp rx=0 tx=0).ready entity=mgr.14120 client_cookie=0 server_cookie=0 in_seq=0 out_seq=0
2024-03-18T15:58:36.807 INFO:teuthology.orchestra.run.smithi039.stdout:/usr/bin/ceph: stderr
2024-03-18T15:58:34.941+0000 7fdfaaa00700 1 -- 172.21.15.39:0/308307086 <== mon.0 v2:172.21.15.39:3300/0 6 ==== mon_command_ack([{"prefix": "get_command_descriptions"}]=0 v0) ==== 72+0+186149 (secure 0 0 0) 0x7fdfa4017ca0 con 0x7fdfb0106b20
2024-03-18T15:58:36.808 INFO:teuthology.orchestra.run.smithi039.stdout:/usr/bin/ceph: stderr
2024-03-18T15:58:35.233+0000 7fdfb8800700 1 -- 172.21.15.39:0/308307086 --> [v2:172.21.15.39:3300/0,v1:172.21.15.39:6789/0] -- mon_command({"prefix": "mgr module enable", "module": "dashboard"} v 0) -- 0x7fdfb0062ee0 con 0x7fdfb0106b20
2024-03-18T15:58:36.808 INFO:teuthology.orchestra.run.smithi039.stdout:/usr/bin/ceph: stderr
2024-03-18T15:58:36.117+0000 7fdfaaa00700 1 -- 172.21.15.39:0/308307086 <== mon.0 v2:172.21.15.39:3300/0 7 ==== mon_command_ack([{"prefix": "mgr module enable", "module": "dashboard"}]=0 v9) ==== 88+0+0 (secure 0 0 0) 0x7fdfa404cfe0 con 0x7fdfb0106b20
2024-03-18T15:58:36.808 INFO:teuthology.orchestra.run.smithi039.stdout:/usr/bin/ceph: stderr
2024-03-18T15:58:36.121+0000 7fdfaaa00700 1 -- 172.21.15.39:0/308307086 <== mon.0 v2:172.21.15.39:3300/0 8 ==== mgrmap(e 9) ==== 46119+0+0 (secure 0 0 0) 0x7fdfa402d3f0 con 0x7fdfb0106b20
2024-03-18T15:58:36.808 INFO:teuthology.orchestra.run.smithi039.stdout:/usr/bin/ceph: stderr
2024-03-18T15:58:36.123+0000 7fdfb8800700 1 -- 172.21.15.39:0/308307086 >> [v2:172.21.15.39:6800/1810238546,v1:172.21.15.39:6801/1810238546] conn(0x7fdf98038f20 msgr2=0x7fdf9803b3e0 secure :-1 s=STATE_CONNECTION_ESTABLISHED l=1).mark_down
2024-03-18T15:58:36.808 INFO:teuthology.orchestra.run.smithi039.stdout:/usr/bin/ceph: stderr
2024-03-18T15:58:36.123+0000 7fdfb8800700 1 --2- 172.21.15.39:0/308307086 >> [v2:172.21.15.39:6800/1810238546,v1:172.21.15.39:6801/1810238546] conn(0x7fdf98038f20 0x7fdf9803b3e0 secure :-1 s=READY pgs=16 cs=0 l=1 rev1=1 crypto rx=0x7fdfa0006fd0 tx=0x7fdfa0006e40 comp rx=0 tx=0).stop
2024-03-18T15:58:36.808 INFO:teuthology.orchestra.run.smithi039.stdout:/usr/bin/ceph: stderr
2024-03-18T15:58:36.123+0000 7fdfb8800700 1 -- 172.21.15.39:0/308307086 >> [v2:172.21.15.39:3300/0,v1:172.21.15.39:6789/0] conn(0x7fdfb0106b20 msgr2=0x7fdfb019bb30 secure :-1 s=STATE_CONNECTION_ESTABLISHED l=1).mark_down
2024-03-18T15:58:36.808 INFO:teuthology.orchestra.run.smithi039.stdout:/usr/bin/ceph: stderr
2024-03-18T15:58:36.123+0000 7fdfb8800700 1 --2- 172.21.15.39:0/308307086 >> [v2:172.21.15.39:3300/0,v1:172.21.15.39:6789/0] conn(0x7fdfb0106b20 0x7fdfb019bb30 secure :-1 s=READY pgs=56 cs=0 l=1 rev1=1 crypto rx=0x7fdfa40117e0 tx=0x7fdfa4011ba0 comp rx=0 tx=0).stop
2024-03-18T15:58:36.809 INFO:teuthology.orchestra.run.smithi039.stdout:/usr/bin/ceph: stderr
2024-03-18T15:58:36.123+0000 7fdfb8800700 1 -- 172.21.15.39:0/308307086 shutdown_connections
2024-03-18T15:58:36.809 INFO:teuthology.orchestra.run.smithi039.stdout:/usr/bin/ceph: stderr
2024-03-18T15:58:36.123+0000 7fdfb8800700 1 --2- 172.21.15.39:0/308307086 >> [v2:172.21.15.39:6800/1810238546,v1:172.21.15.39:6801/1810238546] conn(0x7fdf98038f20 0x7fdf9803b3e0 unknown :-1 s=CLOSED pgs=16 cs=0 l=1 rev1=1 crypto rx=0 tx=0 comp rx=0 tx=0).stop
2024-03-18T15:58:36.809 INFO:teuthology.orchestra.run.smithi039.stdout:/usr/bin/ceph: stderr
2024-03-18T15:58:36.123+0000 7fdfb8800700 1 --2- 172.21.15.39:0/308307086 >> [v2:172.21.15.39:3300/0,v1:172.21.15.39:6789/0] conn(0x7fdfb0106b20 0x7fdfb019bb30 unknown :-1 s=CLOSED pgs=56 cs=0 l=1 rev1=1 crypto rx=0 tx=0 comp rx=0 tx=0).stop
2024-03-18T15:58:36.809 INFO:teuthology.orchestra.run.smithi039.stdout:/usr/bin/ceph: stderr
2024-03-18T15:58:36.123+0000 7fdfb8800700 1 -- 172.21.15.39:0/308307086 >> 172.21.15.39:0/308307086 conn(0x7fdfb01020c0 msgr2=0x7fdfb0102ec0 unknown :-1 s=STATE_NONE l=0).mark_down
2024-03-18T15:58:36.809 INFO:teuthology.orchestra.run.smithi039.stdout:/usr/bin/ceph: stderr
2024-03-18T15:58:36.124+0000 7fdfb8800700 1 -- 172.21.15.39:0/308307086 shutdown_connections
2024-03-18T15:58:36.809 INFO:teuthology.orchestra.run.smithi039.stdout:/usr/bin/ceph: stderr
2024-03-18T15:58:36.124+0000 7fdfb8800700 1 -- 172.21.15.39:0/308307086 wait complete.
2024-03-18T15:58:37.062 INFO:journalctl@ceph.mgr.x.smithi039.stdout:Mar 18 15:58:36 smithi039 ceph-1892d8fc-e540-11ee-95c9-87774f69a715-mgr-x[31959]:
2024-03-18T15:58:36.963+0000 7f6f269de200 -1 mgr[py] Module osd_perf_query has missing NOTIFY_TYPES member
2024-03-18T15:58:37.336 INFO:journalctl@ceph.mgr.x.smithi039.stdout:Mar 18 15:58:37 smithi039 ceph-1892d8fc-e540-11ee-95c9-87774f69a715-mgr-x[31959]:
2024-03-18T15:58:37.091+0000 7f6f269de200 -1 mgr[py] Module snap_schedule has missing NOTIFY_TYPES member
2024-03-18T15:58:37.336 INFO:journalctl@ceph.mon.a.smithi039.stdout:Mar 18 15:58:37 smithi039 ceph-mon[31721]: from='client.? 172.21.15.39:0/308307086' entity='client.admin' cmd='[{"prefix": "mgr module enable", "module": "dashboard"}]': finished
2024-03-18T15:58:37.336 INFO:journalctl@ceph.mon.a.smithi039.stdout:Mar 18 15:58:37 smithi039 ceph-mon[31721]: mgrmap e9: x(active, since 25s)
2024-03-18T15:58:38.250 INFO:journalctl@ceph.mon.a.smithi039.stdout:Mar 18 15:58:38 smithi039 ceph-mon[31721]: from='client.? 172.21.15.39:0/178830935' entity='client.admin' cmd=[{"prefix": "mgr stat"}]: dispatch
2024-03-18T15:58:38.251 INFO:journalctl@ceph.mgr.x.smithi039.stdout:Mar 18 15:58:37 smithi039 ceph-1892d8fc-e540-11ee-95c9-87774f69a715-mgr-x[31959]:
2024-03-18T15:58:37.934+0000 7f6f269de200 -1 mgr[py] Module zabbix has missing NOTIFY_TYPES member
2024-03-18T15:58:38.251 INFO:journalctl@ceph.mgr.x.smithi039.stdout:Mar 18 15:58:38 smithi039 ceph-1892d8fc-e540-11ee-95c9-87774f69a715-mgr-x[31959]:
2024-03-18T15:58:38.064+0000 7f6f269de200 -1 mgr[py] Module balancer has missing NOTIFY_TYPES member
2024-03-18T15:58:38.251 INFO:journalctl@ceph.mgr.x.smithi039.stdout:Mar 18 15:58:38 smithi039 ceph-1892d8fc-e540-11ee-95c9-87774f69a715-mgr-x[31959]:
2024-03-18T15:58:38.248+0000 7f6f269de200 -1 mgr[py] Module influx has missing NOTIFY_TYPES member
2024-03-18T15:58:38.388 INFO:teuthology.orchestra.run.smithi039.stdout:/usr/bin/ceph: stdout {
2024-03-18T15:58:38.388 INFO:teuthology.orchestra.run.smithi039.stdout:/usr/bin/ceph: stdout "epoch": 9,
2024-03-18T15:58:38.388 INFO:teuthology.orchestra.run.smithi039.stdout:/usr/bin/ceph: stdout "available": true,
2024-03-18T15:58:38.388 INFO:teuthology.orchestra.run.smithi039.stdout:/usr/bin/ceph: stdout "active_name": "x",
2024-03-18T15:58:38.389 INFO:teuthology.orchestra.run.smithi039.stdout:/usr/bin/ceph: stdout "num_standby": 0
2024-03-18T15:58:38.389 INFO:teuthology.orchestra.run.smithi039.stdout:/usr/bin/ceph: stdout }
2024-03-18T15:58:38.389 INFO:teuthology.orchestra.run.smithi039.stdout:/usr/bin/ceph: stderr
2024-03-18T15:58:37.407+0000 7f546da00700 1 Processor -- start
2024-03-18T15:58:38.389 INFO:teuthology.orchestra.run.smithi039.stdout:/usr/bin/ceph: stderr
2024-03-18T15:58:37.407+0000 7f546da00700 1 -- start start
2024-03-18T15:58:38.390 INFO:teuthology.orchestra.run.smithi039.stdout:/usr/bin/ceph: stderr
2024-03-18T15:58:37.408+0000 7f546da00700 1 --2- >> [v2:172.21.15.39:3300/0,v1:172.21.15.39:6789/0] conn(0x7f5468107bf0 0x7f5468108010 unknown :-1 s=NONE pgs=0 cs=0 l=0 rev1=0 crypto rx=0 tx=0 comp rx=0 tx=0).connect
2024-03-18T15:58:38.390 INFO:teuthology.orchestra.run.smithi039.stdout:/usr/bin/ceph: stderr
2024-03-18T15:58:37.408+0000 7f546da00700 1 -- --> [v2:172.21.15.39:3300/0,v1:172.21.15.39:6789/0] -- mon_getmap magic: 0 -- 0x7f54681085e0 con 0x7f5468107bf0
2024-03-18T15:58:38.390 INFO:teuthology.orchestra.run.smithi039.stdout:/usr/bin/ceph: stderr
2024-03-18T15:58:37.408+0000 7f5466a00700 1 --2- >> [v2:172.21.15.39:3300/0,v1:172.21.15.39:6789/0] conn(0x7f5468107bf0 0x7f5468108010 unknown :-1 s=BANNER_CONNECTING pgs=0 cs=0 l=0 rev1=0 crypto rx=0 tx=0 comp rx=0 tx=0)._handle_peer_banner_payload supported=3 required=0
2024-03-18T15:58:38.390 INFO:teuthology.orchestra.run.smithi039.stdout:/usr/bin/ceph: stderr
2024-03-18T15:58:37.408+0000 7f5466a00700 1 --2- >> [v2:172.21.15.39:3300/0,v1:172.21.15.39:6789/0] conn(0x7f5468107bf0 0x7f5468108010 unknown :-1 s=HELLO_CONNECTING pgs=0 cs=0 l=0 rev1=1 crypto rx=0 tx=0 comp rx=0 tx=0).handle_hello peer v2:172.21.15.39:3300/0 says I am v2:172.21.15.39:41032/0 (socket says 172.21.15.39:41032)
2024-03-18T15:58:38.391 INFO:teuthology.orchestra.run.smithi039.stdout:/usr/bin/ceph: stderr
2024-03-18T15:58:37.408+0000 7f5466a00700 1 -- 172.21.15.39:0/284394337 learned_addr learned my addr 172.21.15.39:0/284394337 (peer_addr_for_me v2:172.21.15.39:0/0)
2024-03-18T15:58:38.391 INFO:teuthology.orchestra.run.smithi039.stdout:/usr/bin/ceph: stderr
2024-03-18T15:58:37.409+0000 7f5466a00700 1 -- 172.21.15.39:0/284394337 --> [v2:172.21.15.39:3300/0,v1:172.21.15.39:6789/0] -- mon_subscribe({config=0+,monmap=0+}) -- 0x7f5468108df0 con 0x7f5468107bf0
2024-03-18T15:58:38.391 INFO:teuthology.orchestra.run.smithi039.stdout:/usr/bin/ceph: stderr
2024-03-18T15:58:37.409+0000 7f5466a00700 1 --2- 172.21.15.39:0/284394337 >> [v2:172.21.15.39:3300/0,v1:172.21.15.39:6789/0] conn(0x7f5468107bf0 0x7f5468108010 secure :-1 s=READY pgs=59 cs=0 l=1 rev1=1 crypto rx=0x7f54580098a0 tx=0x7f5458009bb0 comp rx=0 tx=0).ready entity=mon.0 client_cookie=f3483036438d9ef0 server_cookie=0 in_seq=0 out_seq=0
2024-03-18T15:58:38.392 INFO:teuthology.orchestra.run.smithi039.stdout:/usr/bin/ceph: stderr
2024-03-18T15:58:37.409+0000 7f5465600700 1 -- 172.21.15.39:0/284394337 <== mon.0 v2:172.21.15.39:3300/0 1 ==== mon_map magic: 0 ==== 205+0+0 (secure 0 0 0) 0x7f5458004160 con 0x7f5468107bf0
2024-03-18T15:58:38.392 INFO:teuthology.orchestra.run.smithi039.stdout:/usr/bin/ceph: stderr
2024-03-18T15:58:37.409+0000 7f5465600700 1 -- 172.21.15.39:0/284394337 <== mon.0 v2:172.21.15.39:3300/0 2 ==== config(27 keys) ==== 1140+0+0 (secure 0 0 0) 0x7f5458004300 con 0x7f5468107bf0
2024-03-18T15:58:38.392 INFO:teuthology.orchestra.run.smithi039.stdout:/usr/bin/ceph: stderr
2024-03-18T15:58:37.409+0000 7f5465600700 1 -- 172.21.15.39:0/284394337 <== mon.0 v2:172.21.15.39:3300/0 3 ==== mon_map magic: 0 ==== 205+0+0 (secure 0 0 0) 0x7f5458011b20 con 0x7f5468107bf0
2024-03-18T15:58:38.392 INFO:teuthology.orchestra.run.smithi039.stdout:/usr/bin/ceph: stderr
2024-03-18T15:58:37.410+0000 7f546da00700 1 -- 172.21.15.39:0/284394337 >> [v2:172.21.15.39:3300/0,v1:172.21.15.39:6789/0] conn(0x7f5468107bf0 msgr2=0x7f5468108010 secure :-1 s=STATE_CONNECTION_ESTABLISHED l=1).mark_down
2024-03-18T15:58:38.396 INFO:teuthology.orchestra.run.smithi039.stdout:/usr/bin/ceph: stderr
2024-03-18T15:58:37.410+0000 7f546da00700 1 --2- 172.21.15.39:0/284394337 >> [v2:172.21.15.39:3300/0,v1:172.21.15.39:6789/0] conn(0x7f5468107bf0 0x7f5468108010 secure :-1 s=READY pgs=59 cs=0 l=1 rev1=1 crypto rx=0x7f54580098a0 tx=0x7f5458009bb0 comp rx=0 tx=0).stop
2024-03-18T15:58:38.396 INFO:teuthology.orchestra.run.smithi039.stdout:/usr/bin/ceph: stderr
2024-03-18T15:58:37.410+0000 7f546da00700 1 -- 172.21.15.39:0/284394337 shutdown_connections
2024-03-18T15:58:38.396 INFO:teuthology.orchestra.run.smithi039.stdout:/usr/bin/ceph: stderr
2024-03-18T15:58:37.410+0000 7f546da00700 1 --2- 172.21.15.39:0/284394337 >> [v2:172.21.15.39:3300/0,v1:172.21.15.39:6789/0] conn(0x7f5468107bf0 0x7f5468108010 unknown :-1 s=CLOSED pgs=59 cs=0 l=1 rev1=1 crypto rx=0 tx=0 comp rx=0 tx=0).stop
2024-03-18T15:58:38.396 INFO:teuthology.orchestra.run.smithi039.stdout:/usr/bin/ceph: stderr
2024-03-18T15:58:37.410+0000 7f546da00700 1 -- 172.21.15.39:0/284394337 >> 172.21.15.39:0/284394337 conn(0x7f54681031b0 msgr2=0x7f54681055d0 unknown :-1 s=STATE_NONE l=0).mark_down
2024-03-18T15:58:38.396 INFO:teuthology.orchestra.run.smithi039.stdout:/usr/bin/ceph: stderr
2024-03-18T15:58:37.410+0000 7f546da00700 1 -- 172.21.15.39:0/284394337 shutdown_connections
2024-03-18T15:58:38.396 INFO:teuthology.orchestra.run.smithi039.stdout:/usr/bin/ceph: stderr
2024-03-18T15:58:37.410+0000 7f546da00700 1 -- 172.21.15.39:0/284394337 wait complete.
2024-03-18T15:58:38.396 INFO:teuthology.orchestra.run.smithi039.stdout:/usr/bin/ceph: stderr
2024-03-18T15:58:37.412+0000 7f546da00700 1 Processor -- start
2024-03-18T15:58:38.396 INFO:teuthology.orchestra.run.smithi039.stdout:/usr/bin/ceph: stderr
2024-03-18T15:58:37.412+0000 7f546da00700 1 -- start start
2024-03-18T15:58:38.397 INFO:teuthology.orchestra.run.smithi039.stdout:/usr/bin/ceph: stderr
2024-03-18T15:58:37.412+0000 7f546da00700 1 --2- >> [v2:172.21.15.39:3300/0,v1:172.21.15.39:6789/0] conn(0x7f5468107bf0 0x7f546807db00 unknown :-1 s=NONE pgs=0 cs=0 l=1 rev1=0 crypto rx=0 tx=0 comp rx=0 tx=0).connect
2024-03-18T15:58:38.397 INFO:teuthology.orchestra.run.smithi039.stdout:/usr/bin/ceph: stderr
2024-03-18T15:58:37.412+0000 7f546da00700 1 -- --> [v2:172.21.15.39:3300/0,v1:172.21.15.39:6789/0] -- mon_getmap magic: 0 -- 0x7f546810c1a0 con 0x7f5468107bf0
2024-03-18T15:58:38.397 INFO:teuthology.orchestra.run.smithi039.stdout:/usr/bin/ceph: stderr
2024-03-18T15:58:37.413+0000 7f5466a00700 1 --2- >> [v2:172.21.15.39:3300/0,v1:172.21.15.39:6789/0] conn(0x7f5468107bf0 0x7f546807db00 unknown :-1 s=BANNER_CONNECTING pgs=0 cs=0 l=1 rev1=0 crypto rx=0 tx=0 comp rx=0 tx=0)._handle_peer_banner_payload supported=3 required=0
2024-03-18T15:58:38.397 INFO:teuthology.orchestra.run.smithi039.stdout:/usr/bin/ceph: stderr
2024-03-18T15:58:37.413+0000 7f5466a00700 1 --2- >> [v2:172.21.15.39:3300/0,v1:172.21.15.39:6789/0] conn(0x7f5468107bf0 0x7f546807db00 unknown :-1 s=HELLO_CONNECTING pgs=0 cs=0 l=1 rev1=1 crypto rx=0 tx=0 comp rx=0 tx=0).handle_hello peer v2:172.21.15.39:3300/0 says I am v2:172.21.15.39:41040/0 (socket says 172.21.15.39:41040)
2024-03-18T15:58:38.397 INFO:teuthology.orchestra.run.smithi039.stdout:/usr/bin/ceph: stderr
2024-03-18T15:58:37.413+0000 7f5466a00700 1 -- 172.21.15.39:0/178830935 learned_addr learned my addr 172.21.15.39:0/178830935 (peer_addr_for_me v2:172.21.15.39:0/0)
2024-03-18T15:58:38.397 INFO:teuthology.orchestra.run.smithi039.stdout:/usr/bin/ceph: stderr
2024-03-18T15:58:37.413+0000 7f5466a00700 1 -- 172.21.15.39:0/178830935 --> [v2:172.21.15.39:3300/0,v1:172.21.15.39:6789/0] -- mon_subscribe({config=0+,monmap=0+}) -- 0x7f546807e040 con 0x7f5468107bf0
2024-03-18T15:58:38.397 INFO:teuthology.orchestra.run.smithi039.stdout:/usr/bin/ceph: stderr
2024-03-18T15:58:37.413+0000 7f5466a00700 1 --2- 172.21.15.39:0/178830935 >> [v2:172.21.15.39:3300/0,v1:172.21.15.39:6789/0] conn(0x7f5468107bf0 0x7f546807db00 secure :-1 s=READY pgs=60 cs=0 l=1 rev1=1 crypto rx=0x7f5458000c00 tx=0x7f5458011c10 comp rx=0 tx=0).ready entity=mon.0 client_cookie=0 server_cookie=0 in_seq=0 out_seq=0
2024-03-18T15:58:38.397 INFO:teuthology.orchestra.run.smithi039.stdout:/usr/bin/ceph: stderr
2024-03-18T15:58:37.414+0000 7f545f400700 1 -- 172.21.15.39:0/178830935 <== mon.0 v2:172.21.15.39:3300/0 1 ==== mon_map magic: 0 ==== 205+0+0 (secure 0 0 0) 0x7f5458003b60 con 0x7f5468107bf0
2024-03-18T15:58:38.397 INFO:teuthology.orchestra.run.smithi039.stdout:/usr/bin/ceph: stderr
2024-03-18T15:58:37.414+0000 7f545f400700 1 -- 172.21.15.39:0/178830935 <== mon.0 v2:172.21.15.39:3300/0 2 ==== config(27 keys) ==== 1140+0+0 (secure 0 0 0) 0x7f545801a910 con 0x7f5468107bf0
2024-03-18T15:58:38.398 INFO:teuthology.orchestra.run.smithi039.stdout:/usr/bin/ceph: stderr
2024-03-18T15:58:37.414+0000 7f546da00700 1 -- 172.21.15.39:0/178830935 --> [v2:172.21.15.39:3300/0,v1:172.21.15.39:6789/0] -- mon_subscribe({mgrmap=0+}) -- 0x7f546807c230 con 0x7f5468107bf0
2024-03-18T15:58:38.398 INFO:teuthology.orchestra.run.smithi039.stdout:/usr/bin/ceph: stderr
2024-03-18T15:58:37.414+0000 7f545f400700 1 -- 172.21.15.39:0/178830935 <== mon.0 v2:172.21.15.39:3300/0 3 ==== mon_map magic: 0 ==== 205+0+0 (secure 0 0 0) 0x7f5458024930 con 0x7f5468107bf0
2024-03-18T15:58:38.398 INFO:teuthology.orchestra.run.smithi039.stdout:/usr/bin/ceph: stderr
2024-03-18T15:58:37.414+0000 7f546da00700 1 -- 172.21.15.39:0/178830935 --> [v2:172.21.15.39:3300/0,v1:172.21.15.39:6789/0] -- mon_subscribe({osdmap=0}) -- 0x7f546807c6f0 con 0x7f5468107bf0
2024-03-18T15:58:38.398 INFO:teuthology.orchestra.run.smithi039.stdout:/usr/bin/ceph: stderr
2024-03-18T15:58:37.415+0000 7f546da00700 1 -- 172.21.15.39:0/178830935 --> [v2:172.21.15.39:3300/0,v1:172.21.15.39:6789/0] -- mon_command({"prefix": "get_command_descriptions"} v 0) -- 0x7f5468063900 con 0x7f5468107bf0
2024-03-18T15:58:38.398 INFO:teuthology.orchestra.run.smithi039.stdout:/usr/bin/ceph: stderr
2024-03-18T15:58:37.415+0000 7f545f400700 1 -- 172.21.15.39:0/178830935 <== mon.0 v2:172.21.15.39:3300/0 4 ==== mgrmap(e 9) ==== 46119+0+0 (secure 0 0 0) 0x7f5458022020 con 0x7f5468107bf0
2024-03-18T15:58:38.398 INFO:teuthology.orchestra.run.smithi039.stdout:/usr/bin/ceph: stderr
2024-03-18T15:58:37.416+0000 7f545f400700 1 --2- 172.21.15.39:0/178830935 >> [v2:172.21.15.39:6800/1810238546,v1:172.21.15.39:6801/1810238546] conn(0x7f544c038fd0 0x7f544c03b490 unknown :-1 s=NONE pgs=0 cs=0 l=1 rev1=0 crypto rx=0 tx=0 comp rx=0 tx=0).connect
2024-03-18T15:58:38.398 INFO:teuthology.orchestra.run.smithi039.stdout:/usr/bin/ceph: stderr
2024-03-18T15:58:37.416+0000 7f545f400700 1 -- 172.21.15.39:0/178830935 <== mon.0 v2:172.21.15.39:3300/0 5 ==== osd_map(2..2 src has 1..2) ==== 940+0+0 (secure 0 0 0) 0x7f545804d040 con 0x7f5468107bf0
2024-03-18T15:58:38.398 INFO:teuthology.orchestra.run.smithi039.stdout:/usr/bin/ceph: stderr
2024-03-18T15:58:37.416+0000 7f5466000700 1 -- 172.21.15.39:0/178830935 >> [v2:172.21.15.39:6800/1810238546,v1:172.21.15.39:6801/1810238546] conn(0x7f544c038fd0 msgr2=0x7f544c03b490 unknown :-1 s=STATE_CONNECTING_RE l=1).process reconnect failed to v2:172.21.15.39:6800/1810238546
2024-03-18T15:58:38.398 INFO:teuthology.orchestra.run.smithi039.stdout:/usr/bin/ceph: stderr
2024-03-18T15:58:37.416+0000 7f5466000700 1 --2- 172.21.15.39:0/178830935 >> [v2:172.21.15.39:6800/1810238546,v1:172.21.15.39:6801/1810238546] conn(0x7f544c038fd0 0x7f544c03b490 unknown :-1 s=START_CONNECT pgs=0 cs=0 l=1 rev1=0 crypto rx=0 tx=0 comp rx=0 tx=0)._fault waiting 0.200000
2024-03-18T15:58:38.399 INFO:teuthology.orchestra.run.smithi039.stdout:/usr/bin/ceph: stderr
2024-03-18T15:58:37.421+0000 7f545f400700 1 -- 172.21.15.39:0/178830935 <== mon.0 v2:172.21.15.39:3300/0 6 ==== mon_command_ack([{"prefix": "get_command_descriptions"}]=0 v0) ==== 72+0+186149 (secure 0 0 0) 0x7f545802ddb0 con 0x7f5468107bf0
2024-03-18T15:58:38.399 INFO:teuthology.orchestra.run.smithi039.stdout:/usr/bin/ceph: stderr
2024-03-18T15:58:37.617+0000 7f5466000700 1 -- 172.21.15.39:0/178830935 >> [v2:172.21.15.39:6800/1810238546,v1:172.21.15.39:6801/1810238546] conn(0x7f544c038fd0 msgr2=0x7f544c03b490 unknown :-1 s=STATE_CONNECTING_RE l=1).process reconnect failed to v2:172.21.15.39:6800/1810238546
2024-03-18T15:58:38.399 INFO:teuthology.orchestra.run.smithi039.stdout:/usr/bin/ceph: stderr
2024-03-18T15:58:37.617+0000 7f5466000700 1 --2- 172.21.15.39:0/178830935 >> [v2:172.21.15.39:6800/1810238546,v1:172.21.15.39:6801/1810238546] conn(0x7f544c038fd0 0x7f544c03b490 unknown :-1 s=START_CONNECT pgs=0 cs=0 l=1 rev1=0 crypto rx=0 tx=0 comp rx=0 tx=0)._fault waiting 0.400000
2024-03-18T15:58:38.399 INFO:teuthology.orchestra.run.smithi039.stdout:/usr/bin/ceph: stderr
2024-03-18T15:58:37.703+0000 7f546da00700 1 -- 172.21.15.39:0/178830935 --> [v2:172.21.15.39:3300/0,v1:172.21.15.39:6789/0] -- mon_command({"prefix": "mgr stat"} v 0) -- 0x7f546807ca30 con 0x7f5468107bf0
2024-03-18T15:58:38.399 INFO:teuthology.orchestra.run.smithi039.stdout:/usr/bin/ceph: stderr
2024-03-18T15:58:37.704+0000 7f545f400700 1 -- 172.21.15.39:0/178830935 <== mon.0 v2:172.21.15.39:3300/0 7 ==== mon_command_ack([{"prefix": "mgr stat"}]=0 v9) ==== 56+0+88 (secure 0 0 0) 0x7f546807ca30 con 0x7f5468107bf0
2024-03-18T15:58:38.399 INFO:teuthology.orchestra.run.smithi039.stdout:/usr/bin/ceph: stderr
2024-03-18T15:58:37.707+0000 7f546da00700 1 -- 172.21.15.39:0/178830935 >> [v2:172.21.15.39:6800/1810238546,v1:172.21.15.39:6801/1810238546] conn(0x7f544c038fd0 msgr2=0x7f544c03b490 unknown :-1 s=STATE_CONNECTING l=1).mark_down
2024-03-18T15:58:38.399 INFO:teuthology.orchestra.run.smithi039.stdout:/usr/bin/ceph: stderr
2024-03-18T15:58:37.707+0000 7f546da00700 1 --2- 172.21.15.39:0/178830935 >> [v2:172.21.15.39:6800/1810238546,v1:172.21.15.39:6801/1810238546] conn(0x7f544c038fd0 0x7f544c03b490 unknown :-1 s=START_CONNECT pgs=0 cs=0 l=1 rev1=0 crypto rx=0 tx=0 comp rx=0 tx=0).stop
2024-03-18T15:58:38.401 INFO:teuthology.orchestra.run.smithi039.stdout:/usr/bin/ceph: stderr
2024-03-18T15:58:37.707+0000 7f546da00700 1 -- 172.21.15.39:0/178830935 >> [v2:172.21.15.39:3300/0,v1:172.21.15.39:6789/0] conn(0x7f5468107bf0 msgr2=0x7f546807db00 secure :-1 s=STATE_CONNECTION_ESTABLISHED l=1).mark_down
2024-03-18T15:58:38.401 INFO:teuthology.orchestra.run.smithi039.stdout:/usr/bin/ceph: stderr
2024-03-18T15:58:37.707+0000 7f546da00700 1 --2- 172.21.15.39:0/178830935 >> [v2:172.21.15.39:3300/0,v1:172.21.15.39:6789/0] conn(0x7f5468107bf0 0x7f546807db00 secure :-1 s=READY pgs=60 cs=0 l=1 rev1=1 crypto rx=0x7f5458000c00 tx=0x7f5458011c10 comp rx=0 tx=0).stop
2024-03-18T15:58:38.401 INFO:teuthology.orchestra.run.smithi039.stdout:/usr/bin/ceph: stderr
2024-03-18T15:58:37.707+0000 7f546da00700 1 -- 172.21.15.39:0/178830935 shutdown_connections
2024-03-18T15:58:38.402 INFO:teuthology.orchestra.run.smithi039.stdout:/usr/bin/ceph: stderr
2024-03-18T15:58:37.707+0000 7f546da00700 1 --2- 172.21.15.39:0/178830935 >> [v2:172.21.15.39:6800/1810238546,v1:172.21.15.39:6801/1810238546] conn(0x7f544c038fd0 0x7f544c03b490 unknown :-1 s=CLOSED pgs=0 cs=0 l=1 rev1=0 crypto rx=0 tx=0 comp rx=0 tx=0).stop
2024-03-18T15:58:38.402 INFO:teuthology.orchestra.run.smithi039.stdout:/usr/bin/ceph: stderr
2024-03-18T15:58:37.707+0000 7f546da00700 1 --2- 172.21.15.39:0/178830935 >> [v2:172.21.15.39:3300/0,v1:172.21.15.39:6789/0] conn(0x7f5468107bf0 0x7f546807db00 unknown :-1 s=CLOSED pgs=60 cs=0 l=1 rev1=1 crypto rx=0 tx=0 comp rx=0 tx=0).stop
2024-03-18T15:58:38.402 INFO:teuthology.orchestra.run.smithi039.stdout:/usr/bin/ceph: stderr
2024-03-18T15:58:37.707+0000 7f546da00700 1 -- 172.21.15.39:0/178830935 >> 172.21.15.39:0/178830935 conn(0x7f54681031b0 msgr2=0x7f5468103c50 unknown :-1 s=STATE_NONE l=0).mark_down
2024-03-18T15:58:38.402 INFO:teuthology.orchestra.run.smithi039.stdout:/usr/bin/ceph: stderr
2024-03-18T15:58:37.708+0000 7f546da00700 1 -- 172.21.15.39:0/178830935 shutdown_connections
2024-03-18T15:58:38.402 INFO:teuthology.orchestra.run.smithi039.stdout:/usr/bin/ceph: stderr
2024-03-18T15:58:37.708+0000 7f546da00700 1 -- 172.21.15.39:0/178830935 wait complete.
2024-03-18T15:58:38.402 INFO:teuthology.orchestra.run.smithi039.stdout:Waiting for the mgr to restart...
2024-03-18T15:58:38.402 INFO:teuthology.orchestra.run.smithi039.stdout:Waiting for mgr epoch 9...
2024-03-18T15:58:38.501 INFO:journalctl@ceph.mgr.x.smithi039.stdout:Mar 18 15:58:38 smithi039 ceph-1892d8fc-e540-11ee-95c9-87774f69a715-mgr-x[31959]:
2024-03-18T15:58:38.381+0000 7f6f269de200 -1 mgr[py] Module alerts has missing NOTIFY_TYPES member
2024-03-18T15:58:38.502 INFO:journalctl@ceph.mgr.x.smithi039.stdout:Mar 18 15:58:38 smithi039 ceph-1892d8fc-e540-11ee-95c9-87774f69a715-mgr-x[31959]:
2024-03-18T15:58:38.499+0000 7f6f269de200 -1 mgr[py] Module iostat has missing NOTIFY_TYPES member
2024-03-18T15:58:39.086 INFO:journalctl@ceph.mgr.x.smithi039.stdout:Mar 18 15:58:38 smithi039 ceph-1892d8fc-e540-11ee-95c9-87774f69a715-mgr-x[31959]:
2024-03-18T15:58:38.857+0000 7f6f269de200 -1 mgr[py] Module rgw has missing NOTIFY_TYPES member
2024-03-18T15:58:39.086 INFO:journalctl@ceph.mgr.x.smithi039.stdout:Mar 18 15:58:39 smithi039 ceph-1892d8fc-e540-11ee-95c9-87774f69a715-mgr-x[31959]:
2024-03-18T15:58:39.008+0000 7f6f269de200 -1 mgr[py] Module rbd_support has missing NOTIFY_TYPES member
2024-03-18T15:58:39.482 INFO:journalctl@ceph.mgr.x.smithi039.stdout:Mar 18 15:58:39 smithi039 ceph-1892d8fc-e540-11ee-95c9-87774f69a715-mgr-x[31959]:
2024-03-18T15:58:39.127+0000 7f6f269de200 -1 mgr[py] Module progress has missing NOTIFY_TYPES member
2024-03-18T15:58:39.482 INFO:journalctl@ceph.mgr.x.smithi039.stdout:Mar 18 15:58:39 smithi039 ceph-1892d8fc-e540-11ee-95c9-87774f69a715-mgr-x[31959]:
2024-03-18T15:58:39.254+0000 7f6f269de200 -1 mgr[py] Module pg_autoscaler has missing NOTIFY_TYPES member
2024-03-18T15:58:39.482 INFO:journalctl@ceph.mgr.x.smithi039.stdout:Mar 18 15:58:39 smithi039 ceph-1892d8fc-e540-11ee-95c9-87774f69a715-mgr-x[31959]:
2024-03-18T15:58:39.479+0000 7f6f269de200 -1 mgr[py] Module devicehealth has missing NOTIFY_TYPES member
2024-03-18T15:58:41.086 INFO:journalctl@ceph.mgr.x.smithi039.stdout:Mar 18 15:58:40 smithi039 ceph-1892d8fc-e540-11ee-95c9-87774f69a715-mgr-x[31959]:
2024-03-18T15:58:40.806+0000 7f6f269de200 -1 mgr[py] Module rook has missing NOTIFY_TYPES member
2024-03-18T15:58:41.087 INFO:journalctl@ceph.mgr.x.smithi039.stdout:Mar 18 15:58:40 smithi039 ceph-1892d8fc-e540-11ee-95c9-87774f69a715-mgr-x[31959]:
2024-03-18T15:58:40.984+0000 7f6f269de200 -1 mgr[py] Module diskprediction_local has missing NOTIFY_TYPES member
2024-03-18T15:58:41.807 INFO:journalctl@ceph.mgr.x.smithi039.stdout:Mar 18 15:58:41 smithi039 ceph-1892d8fc-e540-11ee-95c9-87774f69a715-mgr-x[31959]:
2024-03-18T15:58:41.414+0000 7f6f269de200 -1 mgr[py] Module selftest has missing NOTIFY_TYPES member
2024-03-18T15:58:41.807 INFO:journalctl@ceph.mgr.x.smithi039.stdout:Mar 18 15:58:41 smithi039 ceph-1892d8fc-e540-11ee-95c9-87774f69a715-mgr-x[31959]:
2024-03-18T15:58:41.537+0000 7f6f269de200 -1 mgr[py] Module telegraf has missing NOTIFY_TYPES member
2024-03-18T15:58:41.807 INFO:journalctl@ceph.mgr.x.smithi039.stdout:Mar 18 15:58:41 smithi039 ceph-1892d8fc-e540-11ee-95c9-87774f69a715-mgr-x[31959]:
2024-03-18T15:58:41.804+0000 7f6f269de200 -1 mgr[py] Module test_orchestrator has missing NOTIFY_TYPES member
2024-03-18T15:58:42.336 INFO:journalctl@ceph.mgr.x.smithi039.stdout:Mar 18 15:58:42 smithi039 ceph-1892d8fc-e540-11ee-95c9-87774f69a715-mgr-x[31959]:
2024-03-18T15:58:42.058+0000 7f6f269de200 -1 mgr[py] Module crash has missing NOTIFY_TYPES member
2024-03-18T15:58:42.778 INFO:journalctl@ceph.mgr.x.smithi039.stdout:Mar 18 15:58:42 smithi039 ceph-1892d8fc-e540-11ee-95c9-87774f69a715-mgr-x[31959]:
2024-03-18T15:58:42.448+0000 7f6f269de200 -1 mgr[py] Module orchestrator has missing NOTIFY_TYPES member
