2024-03-18T15:58:43.086 INFO:journalctl@ceph.mgr.x.smithi039.stdout:Mar 18 15:58:42 smithi039 ceph-1892d8fc-e540-11ee-95c9-87774f69a715-mgr-x[31959]:
2024-03-18T15:58:42.775+0000 7f6f269de200 -1 mgr[py] Module osd_support has missing NOTIFY_TYPES member
2024-03-18T15:58:43.430 INFO:journalctl@ceph.mgr.x.smithi039.stdout:Mar 18 15:58:43 smithi039 ceph-1892d8fc-e540-11ee-95c9-87774f69a715-mgr-x[31959]:
2024-03-18T15:58:43.091+0000 7f6f269de200 -1 mgr[py] Module volumes has missing NOTIFY_TYPES member
2024-03-18T15:58:44.586 INFO:journalctl@ceph.mgr.x.smithi039.stdout:Mar 18 15:58:44 smithi039 ceph-1892d8fc-e540-11ee-95c9-87774f69a715-mgr-x[31959]:
2024-03-18T15:58:44.182+0000 7f6f269de200 -1 mgr[py] Module telemetry has missing NOTIFY_TYPES member
2024-03-18T15:58:45.047 INFO:journalctl@ceph.mgr.x.smithi039.stdout:Mar 18 15:58:44 smithi039 ceph-1892d8fc-e540-11ee-95c9-87774f69a715-mgr-x[31959]:
2024-03-18T15:58:44.910+0000 7f6f269de200 -1 mgr[py] Module prometheus has missing NOTIFY_TYPES member
2024-03-18T15:58:45.047 INFO:journalctl@ceph.mgr.x.smithi039.stdout:Mar 18 15:58:45 smithi039 ceph-1892d8fc-e540-11ee-95c9-87774f69a715-mgr-x[31959]:
2024-03-18T15:58:45.044+0000 7f6f269de200 -1 mgr[py] Module status has missing NOTIFY_TYPES member
2024-03-18T15:58:45.836 INFO:journalctl@ceph.mgr.x.smithi039.stdout:Mar 18 15:58:45 smithi039 ceph-1892d8fc-e540-11ee-95c9-87774f69a715-mgr-x[31959]:
2024-03-18T15:58:45.335+0000 7f6f269de200 -1 mgr[py] Module nfs has missing NOTIFY_TYPES member
2024-03-18T15:58:45.836 INFO:journalctl@ceph.mon.a.smithi039.stdout:Mar 18 15:58:45 smithi039 ceph-mon[31721]: Active manager daemon x restarted
2024-03-18T15:58:45.837 INFO:journalctl@ceph.mon.a.smithi039.stdout:Mar 18 15:58:45 smithi039 ceph-mon[31721]: Activating manager daemon x
2024-03-18T15:58:45.837 INFO:journalctl@ceph.mon.a.smithi039.stdout:Mar 18 15:58:45 smithi039 ceph-mon[31721]: osdmap e3: 0 total, 0 up, 0 in
2024-03-18T15:58:45.837 INFO:journalctl@ceph.mon.a.smithi039.stdout:Mar 18 15:58:45 smithi039 ceph-mon[31721]: mgrmap e10: x(active, starting, since 0.01097s)
2024-03-18T15:58:45.837 INFO:journalctl@ceph.mon.a.smithi039.stdout:Mar 18 15:58:45 smithi039 ceph-mon[31721]: from='mgr.14152 172.21.15.39:0/3534052698' entity='mgr.x' cmd=[{"prefix": "mon metadata", "id": "a"}]: dispatch
2024-03-18T15:58:45.837 INFO:journalctl@ceph.mon.a.smithi039.stdout:Mar 18 15:58:45 smithi039 ceph-mon[31721]: from='mgr.14152 172.21.15.39:0/3534052698' entity='mgr.x' cmd=[{"prefix": "mgr metadata", "who": "x", "id": "x"}]: dispatch
2024-03-18T15:58:45.837 INFO:journalctl@ceph.mon.a.smithi039.stdout:Mar 18 15:58:45 smithi039 ceph-mon[31721]: from='mgr.14152 172.21.15.39:0/3534052698' entity='mgr.x' cmd=[{"prefix": "mds metadata"}]: dispatch
2024-03-18T15:58:45.837 INFO:journalctl@ceph.mon.a.smithi039.stdout:Mar 18 15:58:45 smithi039 ceph-mon[31721]: from='mgr.14152 172.21.15.39:0/3534052698' entity='mgr.x' cmd=[{"prefix": "osd metadata"}]: dispatch
2024-03-18T15:58:45.837 INFO:journalctl@ceph.mon.a.smithi039.stdout:Mar 18 15:58:45 smithi039 ceph-mon[31721]: from='mgr.14152 172.21.15.39:0/3534052698' entity='mgr.x' cmd=[{"prefix": "mon metadata"}]: dispatch
2024-03-18T15:58:45.837 INFO:journalctl@ceph.mon.a.smithi039.stdout:Mar 18 15:58:45 smithi039 ceph-mon[31721]: Manager daemon x is now available
2024-03-18T15:58:46.700 INFO:journalctl@ceph.mon.a.smithi039.stdout:Mar 18 15:58:46 smithi039 ceph-mon[31721]: from='mgr.14152 172.21.15.39:0/3534052698' entity='mgr.x' cmd=[{"prefix": "config dump", "format": "json"}]: dispatch
2024-03-18T15:58:46.700 INFO:journalctl@ceph.mon.a.smithi039.stdout:Mar 18 15:58:46 smithi039 ceph-mon[31721]: from='mgr.14152 172.21.15.39:0/3534052698' entity='mgr.x' cmd=[{"prefix": "config dump", "format": "json"}]: dispatch
2024-03-18T15:58:46.700 INFO:journalctl@ceph.mon.a.smithi039.stdout:Mar 18 15:58:46 smithi039 ceph-mon[31721]: from='mgr.14152 172.21.15.39:0/3534052698' entity='mgr.x' cmd=[{"prefix":"config rm","who":"mgr","name":"mgr/rbd_support/x/mirror_snapshot_schedule"}]: dispatch
2024-03-18T15:58:46.700 INFO:journalctl@ceph.mon.a.smithi039.stdout:Mar 18 15:58:46 smithi039 ceph-mon[31721]: from='mgr.14152 172.21.15.39:0/3534052698' entity='mgr.x' cmd=[{"prefix":"config rm","who":"mgr","name":"mgr/rbd_support/x/trash_purge_schedule"}]: dispatch
2024-03-18T15:58:46.700 INFO:journalctl@ceph.mon.a.smithi039.stdout:Mar 18 15:58:46 smithi039 ceph-mon[31721]: [18/Mar/2024:15:58:45] ENGINE Bus STARTING
2024-03-18T15:58:46.700 INFO:journalctl@ceph.mon.a.smithi039.stdout:Mar 18 15:58:46 smithi039 ceph-mon[31721]: [18/Mar/2024:15:58:46] ENGINE Serving on http://172.21.15.39:8765
2024-03-18T15:58:46.700 INFO:journalctl@ceph.mon.a.smithi039.stdout:Mar 18 15:58:46 smithi039 ceph-mon[31721]: [18/Mar/2024:15:58:46] ENGINE Serving on https://172.21.15.39:7150
2024-03-18T15:58:46.700 INFO:journalctl@ceph.mon.a.smithi039.stdout:Mar 18 15:58:46 smithi039 ceph-mon[31721]: [18/Mar/2024:15:58:46] ENGINE Bus STARTED
2024-03-18T15:58:46.700 INFO:journalctl@ceph.mon.a.smithi039.stdout:Mar 18 15:58:46 smithi039 ceph-mon[31721]: mgrmap e11: x(active, since 1.00909s)
2024-03-18T15:58:47.004 INFO:teuthology.orchestra.run.smithi039.stdout:/usr/bin/ceph: stdout {
2024-03-18T15:58:47.004 INFO:teuthology.orchestra.run.smithi039.stdout:/usr/bin/ceph: stdout "mgrmap_epoch": 11,
2024-03-18T15:58:47.004 INFO:teuthology.orchestra.run.smithi039.stdout:/usr/bin/ceph: stdout "initialized": true
2024-03-18T15:58:47.004 INFO:teuthology.orchestra.run.smithi039.stdout:/usr/bin/ceph: stdout }
2024-03-18T15:58:47.004 INFO:teuthology.orchestra.run.smithi039.stdout:/usr/bin/ceph: stderr
2024-03-18T15:58:38.984+0000 7f122a200700 1 Processor -- start
2024-03-18T15:58:47.012 INFO:teuthology.orchestra.run.smithi039.stdout:/usr/bin/ceph: stderr
2024-03-18T15:58:38.984+0000 7f122a200700 1 -- start start
2024-03-18T15:58:47.012 INFO:teuthology.orchestra.run.smithi039.stdout:/usr/bin/ceph: stderr
2024-03-18T15:58:38.985+0000 7f122a200700 1 --2- >> [v2:172.21.15.39:3300/0,v1:172.21.15.39:6789/0] conn(0x7f12241086e0 0x7f122410aad0 unknown :-1 s=NONE pgs=0 cs=0 l=0 rev1=0 crypto rx=0 tx=0 comp rx=0 tx=0).connect
2024-03-18T15:58:47.012 INFO:teuthology.orchestra.run.smithi039.stdout:/usr/bin/ceph: stderr
2024-03-18T15:58:38.985+0000 7f122a200700 1 -- --> [v2:172.21.15.39:3300/0,v1:172.21.15.39:6789/0] -- mon_getmap magic: 0 -- 0x7f1224075990 con 0x7f12241086e0
2024-03-18T15:58:47.012 INFO:teuthology.orchestra.run.smithi039.stdout:/usr/bin/ceph: stderr
2024-03-18T15:58:38.985+0000 7f1223400700 1 --2- >> [v2:172.21.15.39:3300/0,v1:172.21.15.39:6789/0] conn(0x7f12241086e0 0x7f122410aad0 unknown :-1 s=BANNER_CONNECTING pgs=0 cs=0 l=0 rev1=0 crypto rx=0 tx=0 comp rx=0 tx=0)._handle_peer_banner_payload supported=3 required=0
2024-03-18T15:58:47.012 INFO:teuthology.orchestra.run.smithi039.stdout:/usr/bin/ceph: stderr
2024-03-18T15:58:38.985+0000 7f1223400700 1 --2- >> [v2:172.21.15.39:3300/0,v1:172.21.15.39:6789/0] conn(0x7f12241086e0 0x7f122410aad0 unknown :-1 s=HELLO_CONNECTING pgs=0 cs=0 l=0 rev1=1 crypto rx=0 tx=0 comp rx=0 tx=0).handle_hello peer v2:172.21.15.39:3300/0 says I am v2:172.21.15.39:56406/0 (socket says 172.21.15.39:56406)
2024-03-18T15:58:47.012 INFO:teuthology.orchestra.run.smithi039.stdout:/usr/bin/ceph: stderr
2024-03-18T15:58:38.985+0000 7f1223400700 1 -- 172.21.15.39:0/1941604987 learned_addr learned my addr 172.21.15.39:0/1941604987 (peer_addr_for_me v2:172.21.15.39:0/0)
2024-03-18T15:58:47.012 INFO:teuthology.orchestra.run.smithi039.stdout:/usr/bin/ceph: stderr
2024-03-18T15:58:38.986+0000 7f1223400700 1 -- 172.21.15.39:0/1941604987 --> [v2:172.21.15.39:3300/0,v1:172.21.15.39:6789/0] -- mon_subscribe({config=0+,monmap=0+}) -- 0x7f122410b010 con 0x7f12241086e0
2024-03-18T15:58:47.013 INFO:teuthology.orchestra.run.smithi039.stdout:/usr/bin/ceph: stderr
2024-03-18T15:58:38.986+0000 7f1223400700 1 --2- 172.21.15.39:0/1941604987 >> [v2:172.21.15.39:3300/0,v1:172.21.15.39:6789/0] conn(0x7f12241086e0 0x7f122410aad0 secure :-1 s=READY pgs=61 cs=0 l=1 rev1=1 crypto rx=0x7f12140098a0 tx=0x7f1214009bb0 comp rx=0 tx=0).ready entity=mon.0 client_cookie=e4983dc47ba124eb server_cookie=0 in_seq=0 out_seq=0
2024-03-18T15:58:47.013 INFO:teuthology.orchestra.run.smithi039.stdout:/usr/bin/ceph: stderr
2024-03-18T15:58:38.986+0000 7f1222000700 1 -- 172.21.15.39:0/1941604987 <== mon.0 v2:172.21.15.39:3300/0 1 ==== mon_map magic: 0 ==== 205+0+0 (secure 0 0 0) 0x7f1214004160 con 0x7f12241086e0
2024-03-18T15:58:47.013 INFO:teuthology.orchestra.run.smithi039.stdout:/usr/bin/ceph: stderr
2024-03-18T15:58:38.986+0000 7f1222000700 1 -- 172.21.15.39:0/1941604987 <== mon.0 v2:172.21.15.39:3300/0 2 ==== config(27 keys) ==== 1140+0+0 (secure 0 0 0) 0x7f1214004300 con 0x7f12241086e0
2024-03-18T15:58:47.013 INFO:teuthology.orchestra.run.smithi039.stdout:/usr/bin/ceph: stderr
2024-03-18T15:58:38.986+0000 7f1222000700 1 -- 172.21.15.39:0/1941604987 <== mon.0 v2:172.21.15.39:3300/0 3 ==== mon_map magic: 0 ==== 205+0+0 (secure 0 0 0) 0x7f1214011b20 con 0x7f12241086e0
2024-03-18T15:58:47.013 INFO:teuthology.orchestra.run.smithi039.stdout:/usr/bin/ceph: stderr
2024-03-18T15:58:38.987+0000 7f122a200700 1 -- 172.21.15.39:0/1941604987 >> [v2:172.21.15.39:3300/0,v1:172.21.15.39:6789/0] conn(0x7f12241086e0 msgr2=0x7f122410aad0 secure :-1 s=STATE_CONNECTION_ESTABLISHED l=1).mark_down
2024-03-18T15:58:47.013 INFO:teuthology.orchestra.run.smithi039.stdout:/usr/bin/ceph: stderr
2024-03-18T15:58:38.987+0000 7f122a200700 1 --2- 172.21.15.39:0/1941604987 >> [v2:172.21.15.39:3300/0,v1:172.21.15.39:6789/0] conn(0x7f12241086e0 0x7f122410aad0 secure :-1 s=READY pgs=61 cs=0 l=1 rev1=1 crypto rx=0x7f12140098a0 tx=0x7f1214009bb0 comp rx=0 tx=0).stop
2024-03-18T15:58:47.013 INFO:teuthology.orchestra.run.smithi039.stdout:/usr/bin/ceph: stderr
2024-03-18T15:58:38.987+0000 7f122a200700 1 -- 172.21.15.39:0/1941604987 shutdown_connections
2024-03-18T15:58:47.013 INFO:teuthology.orchestra.run.smithi039.stdout:/usr/bin/ceph: stderr
2024-03-18T15:58:38.987+0000 7f122a200700 1 --2- 172.21.15.39:0/1941604987 >> [v2:172.21.15.39:3300/0,v1:172.21.15.39:6789/0] conn(0x7f12241086e0 0x7f122410aad0 unknown :-1 s=CLOSED pgs=61 cs=0 l=1 rev1=1 crypto rx=0 tx=0 comp rx=0 tx=0).stop
2024-03-18T15:58:47.013 INFO:teuthology.orchestra.run.smithi039.stdout:/usr/bin/ceph: stderr
2024-03-18T15:58:38.987+0000 7f122a200700 1 -- 172.21.15.39:0/1941604987 >> 172.21.15.39:0/1941604987 conn(0x7f12241020d0 msgr2=0x7f12241044f0 unknown :-1 s=STATE_NONE l=0).mark_down
2024-03-18T15:58:47.013 INFO:teuthology.orchestra.run.smithi039.stdout:/usr/bin/ceph: stderr
2024-03-18T15:58:38.987+0000 7f122a200700 1 -- 172.21.15.39:0/1941604987 shutdown_connections
2024-03-18T15:58:47.013 INFO:teuthology.orchestra.run.smithi039.stdout:/usr/bin/ceph: stderr
2024-03-18T15:58:38.988+0000 7f122a200700 1 -- 172.21.15.39:0/1941604987 wait complete.
2024-03-18T15:58:47.013 INFO:teuthology.orchestra.run.smithi039.stdout:/usr/bin/ceph: stderr
2024-03-18T15:58:38.989+0000 7f122a200700 1 Processor -- start
2024-03-18T15:58:47.013 INFO:teuthology.orchestra.run.smithi039.stdout:/usr/bin/ceph: stderr
2024-03-18T15:58:38.989+0000 7f122a200700 1 -- start start
2024-03-18T15:58:47.013 INFO:teuthology.orchestra.run.smithi039.stdout:/usr/bin/ceph: stderr
2024-03-18T15:58:38.990+0000 7f122a200700 1 --2- >> [v2:172.21.15.39:3300/0,v1:172.21.15.39:6789/0] conn(0x7f12241086e0 0x7f1224107f60 unknown :-1 s=NONE pgs=0 cs=0 l=1 rev1=0 crypto rx=0 tx=0 comp rx=0 tx=0).connect
2024-03-18T15:58:47.014 INFO:teuthology.orchestra.run.smithi039.stdout:/usr/bin/ceph: stderr
2024-03-18T15:58:38.990+0000 7f122a200700 1 -- --> [v2:172.21.15.39:3300/0,v1:172.21.15.39:6789/0] -- mon_getmap magic: 0 -- 0x7f122410c020 con 0x7f12241086e0
2024-03-18T15:58:47.014 INFO:teuthology.orchestra.run.smithi039.stdout:/usr/bin/ceph: stderr
2024-03-18T15:58:38.990+0000 7f1223400700 1 --2- >> [v2:172.21.15.39:3300/0,v1:172.21.15.39:6789/0] conn(0x7f12241086e0 0x7f1224107f60 unknown :-1 s=BANNER_CONNECTING pgs=0 cs=0 l=1 rev1=0 crypto rx=0 tx=0 comp rx=0 tx=0)._handle_peer_banner_payload supported=3 required=0
2024-03-18T15:58:47.014 INFO:teuthology.orchestra.run.smithi039.stdout:/usr/bin/ceph: stderr
2024-03-18T15:58:38.990+0000 7f1223400700 1 --2- >> [v2:172.21.15.39:3300/0,v1:172.21.15.39:6789/0] conn(0x7f12241086e0 0x7f1224107f60 unknown :-1 s=HELLO_CONNECTING pgs=0 cs=0 l=1 rev1=1 crypto rx=0 tx=0 comp rx=0 tx=0).handle_hello peer v2:172.21.15.39:3300/0 says I am v2:172.21.15.39:56420/0 (socket says 172.21.15.39:56420)
2024-03-18T15:58:47.014 INFO:teuthology.orchestra.run.smithi039.stdout:/usr/bin/ceph: stderr
2024-03-18T15:58:38.990+0000 7f1223400700 1 -- 172.21.15.39:0/572106094 learned_addr learned my addr 172.21.15.39:0/572106094 (peer_addr_for_me v2:172.21.15.39:0/0)
2024-03-18T15:58:47.014 INFO:teuthology.orchestra.run.smithi039.stdout:/usr/bin/ceph: stderr
2024-03-18T15:58:38.990+0000 7f1223400700 1 -- 172.21.15.39:0/572106094 --> [v2:172.21.15.39:3300/0,v1:172.21.15.39:6789/0] -- mon_subscribe({config=0+,monmap=0+}) -- 0x7f12241084a0 con 0x7f12241086e0
2024-03-18T15:58:47.014 INFO:teuthology.orchestra.run.smithi039.stdout:/usr/bin/ceph: stderr
2024-03-18T15:58:38.991+0000 7f1223400700 1 --2- 172.21.15.39:0/572106094 >> [v2:172.21.15.39:3300/0,v1:172.21.15.39:6789/0] conn(0x7f12241086e0 0x7f1224107f60 secure :-1 s=READY pgs=62 cs=0 l=1 rev1=1 crypto rx=0x7f12140117e0 tx=0x7f1214011c10 comp rx=0 tx=0).ready entity=mon.0 client_cookie=0 server_cookie=0 in_seq=0 out_seq=0
2024-03-18T15:58:47.014 INFO:teuthology.orchestra.run.smithi039.stdout:/usr/bin/ceph: stderr
2024-03-18T15:58:38.991+0000 7f121be00700 1 -- 172.21.15.39:0/572106094 <== mon.0 v2:172.21.15.39:3300/0 1 ==== mon_map magic: 0 ==== 205+0+0 (secure 0 0 0) 0x7f1214003bf0 con 0x7f12241086e0
2024-03-18T15:58:47.014 INFO:teuthology.orchestra.run.smithi039.stdout:/usr/bin/ceph: stderr
2024-03-18T15:58:38.991+0000 7f121be00700 1 -- 172.21.15.39:0/572106094 <== mon.0 v2:172.21.15.39:3300/0 2 ==== config(27 keys) ==== 1140+0+0 (secure 0 0 0) 0x7f121401a910 con 0x7f12241086e0
2024-03-18T15:58:47.014 INFO:teuthology.orchestra.run.smithi039.stdout:/usr/bin/ceph: stderr
2024-03-18T15:58:38.991+0000 7f122a200700 1 -- 172.21.15.39:0/572106094 --> [v2:172.21.15.39:3300/0,v1:172.21.15.39:6789/0] -- mon_subscribe({mgrmap=0+}) -- 0x7f1224106690 con 0x7f12241086e0
2024-03-18T15:58:47.014 INFO:teuthology.orchestra.run.smithi039.stdout:/usr/bin/ceph: stderr
2024-03-18T15:58:38.991+0000 7f121be00700 1 -- 172.21.15.39:0/572106094 <== mon.0 v2:172.21.15.39:3300/0 3 ==== mon_map magic: 0 ==== 205+0+0 (secure 0 0 0) 0x7f1214024970 con 0x7f12241086e0
2024-03-18T15:58:47.014 INFO:teuthology.orchestra.run.smithi039.stdout:/usr/bin/ceph: stderr
2024-03-18T15:58:38.991+0000 7f122a200700 1 -- 172.21.15.39:0/572106094 --> [v2:172.21.15.39:3300/0,v1:172.21.15.39:6789/0] -- mon_subscribe({osdmap=0}) -- 0x7f1224106b50 con 0x7f12241086e0
2024-03-18T15:58:47.014 INFO:teuthology.orchestra.run.smithi039.stdout:/usr/bin/ceph: stderr
2024-03-18T15:58:38.992+0000 7f121be00700 1 -- 172.21.15.39:0/572106094 <== mon.0 v2:172.21.15.39:3300/0 4 ==== mgrmap(e 9) ==== 46119+0+0 (secure 0 0 0) 0x7f1214022020 con 0x7f12241086e0
2024-03-18T15:58:47.014 INFO:teuthology.orchestra.run.smithi039.stdout:/usr/bin/ceph: stderr
2024-03-18T15:58:38.993+0000 7f121be00700 1 --2- 172.21.15.39:0/572106094 >> [v2:172.21.15.39:6800/1810238546,v1:172.21.15.39:6801/1810238546] conn(0x7f1208038f20 0x7f120803b3e0 unknown :-1 s=NONE pgs=0 cs=0 l=1 rev1=0 crypto rx=0 tx=0 comp rx=0 tx=0).connect
2024-03-18T15:58:47.015 INFO:teuthology.orchestra.run.smithi039.stdout:/usr/bin/ceph: stderr
2024-03-18T15:58:38.993+0000 7f122a200700 1 -- 172.21.15.39:0/572106094 --> [v2:172.21.15.39:6800/1810238546,v1:172.21.15.39:6801/1810238546] -- command(tid 0: {"prefix": "get_command_descriptions"}) -- 0x7f1224063900 con 0x7f1208038f20
2024-03-18T15:58:47.015 INFO:teuthology.orchestra.run.smithi039.stdout:/usr/bin/ceph: stderr
2024-03-18T15:58:38.993+0000 7f121be00700 1 -- 172.21.15.39:0/572106094 <== mon.0 v2:172.21.15.39:3300/0 5 ==== osd_map(2..2 src has 1..2) ==== 940+0+0 (secure 0 0 0) 0x7f121404d2e0 con 0x7f12241086e0
2024-03-18T15:58:47.015 INFO:teuthology.orchestra.run.smithi039.stdout:/usr/bin/ceph: stderr
2024-03-18T15:58:38.993+0000 7f1222a00700 1 -- 172.21.15.39:0/572106094 >> [v2:172.21.15.39:6800/1810238546,v1:172.21.15.39:6801/1810238546] conn(0x7f1208038f20 msgr2=0x7f120803b3e0 unknown :-1 s=STATE_CONNECTING_RE l=1).process reconnect failed to v2:172.21.15.39:6800/1810238546
2024-03-18T15:58:47.015 INFO:teuthology.orchestra.run.smithi039.stdout:/usr/bin/ceph: stderr
2024-03-18T15:58:38.993+0000 7f1222a00700 1 --2- 172.21.15.39:0/572106094 >> [v2:172.21.15.39:6800/1810238546,v1:172.21.15.39:6801/1810238546] conn(0x7f1208038f20 0x7f120803b3e0 unknown :-1 s=START_CONNECT pgs=0 cs=0 l=1 rev1=0 crypto rx=0 tx=0 comp rx=0 tx=0)._fault waiting 0.200000
2024-03-18T15:58:47.015 INFO:teuthology.orchestra.run.smithi039.stdout:/usr/bin/ceph: stderr
2024-03-18T15:58:39.194+0000 7f1222a00700 1 -- 172.21.15.39:0/572106094 >> [v2:172.21.15.39:6800/1810238546,v1:172.21.15.39:6801/1810238546] conn(0x7f1208038f20 msgr2=0x7f120803b3e0 unknown :-1 s=STATE_CONNECTING_RE l=1).process reconnect failed to v2:172.21.15.39:6800/1810238546
2024-03-18T15:58:47.015 INFO:teuthology.orchestra.run.smithi039.stdout:/usr/bin/ceph: stderr
2024-03-18T15:58:39.194+0000 7f1222a00700 1 --2- 172.21.15.39:0/572106094 >> [v2:172.21.15.39:6800/1810238546,v1:172.21.15.39:6801/1810238546] conn(0x7f1208038f20 0x7f120803b3e0 unknown :-1 s=START_CONNECT pgs=0 cs=0 l=1 rev1=0 crypto rx=0 tx=0 comp rx=0 tx=0)._fault waiting 0.400000
2024-03-18T15:58:47.015 INFO:teuthology.orchestra.run.smithi039.stdout:/usr/bin/ceph: stderr
2024-03-18T15:58:39.595+0000 7f1222a00700 1 -- 172.21.15.39:0/572106094 >> [v2:172.21.15.39:6800/1810238546,v1:172.21.15.39:6801/1810238546] conn(0x7f1208038f20 msgr2=0x7f120803b3e0 unknown :-1 s=STATE_CONNECTING_RE l=1).process reconnect failed to v2:172.21.15.39:6800/1810238546
2024-03-18T15:58:47.015 INFO:teuthology.orchestra.run.smithi039.stdout:/usr/bin/ceph: stderr
2024-03-18T15:58:39.595+0000 7f1222a00700 1 --2- 172.21.15.39:0/572106094 >> [v2:172.21.15.39:6800/1810238546,v1:172.21.15.39:6801/1810238546] conn(0x7f1208038f20 0x7f120803b3e0 unknown :-1 s=START_CONNECT pgs=0 cs=0 l=1 rev1=0 crypto rx=0 tx=0 comp rx=0 tx=0)._fault waiting 0.800000
2024-03-18T15:58:47.015 INFO:teuthology.orchestra.run.smithi039.stdout:/usr/bin/ceph: stderr
2024-03-18T15:58:40.396+0000 7f1222a00700 1 -- 172.21.15.39:0/572106094 >> [v2:172.21.15.39:6800/1810238546,v1:172.21.15.39:6801/1810238546] conn(0x7f1208038f20 msgr2=0x7f120803b3e0 unknown :-1 s=STATE_CONNECTING_RE l=1).process reconnect failed to v2:172.21.15.39:6800/1810238546
2024-03-18T15:58:47.015 INFO:teuthology.orchestra.run.smithi039.stdout:/usr/bin/ceph: stderr
2024-03-18T15:58:40.396+0000 7f1222a00700 1 --2- 172.21.15.39:0/572106094 >> [v2:172.21.15.39:6800/1810238546,v1:172.21.15.39:6801/1810238546] conn(0x7f1208038f20 0x7f120803b3e0 unknown :-1 s=START_CONNECT pgs=0 cs=0 l=1 rev1=0 crypto rx=0 tx=0 comp rx=0 tx=0)._fault waiting 1.600000
2024-03-18T15:58:47.016 INFO:teuthology.orchestra.run.smithi039.stdout:/usr/bin/ceph: stderr
2024-03-18T15:58:41.998+0000 7f1222a00700 1 -- 172.21.15.39:0/572106094 >> [v2:172.21.15.39:6800/1810238546,v1:172.21.15.39:6801/1810238546] conn(0x7f1208038f20 msgr2=0x7f120803b3e0 unknown :-1 s=STATE_CONNECTING_RE l=1).process reconnect failed to v2:172.21.15.39:6800/1810238546
2024-03-18T15:58:47.016 INFO:teuthology.orchestra.run.smithi039.stdout:/usr/bin/ceph: stderr
2024-03-18T15:58:41.998+0000 7f1222a00700 1 --2- 172.21.15.39:0/572106094 >> [v2:172.21.15.39:6800/1810238546,v1:172.21.15.39:6801/1810238546] conn(0x7f1208038f20 0x7f120803b3e0 unknown :-1 s=START_CONNECT pgs=0 cs=0 l=1 rev1=0 crypto rx=0 tx=0 comp rx=0 tx=0)._fault waiting 3.200000
2024-03-18T15:58:47.016 INFO:teuthology.orchestra.run.smithi039.stdout:/usr/bin/ceph: stderr
2024-03-18T15:58:45.201+0000 7f1222a00700 1 -- 172.21.15.39:0/572106094 >> [v2:172.21.15.39:6800/1810238546,v1:172.21.15.39:6801/1810238546] conn(0x7f1208038f20 msgr2=0x7f120803b3e0 unknown :-1 s=STATE_CONNECTING_RE l=1).process reconnect failed to v2:172.21.15.39:6800/1810238546
2024-03-18T15:58:47.016 INFO:teuthology.orchestra.run.smithi039.stdout:/usr/bin/ceph: stderr
2024-03-18T15:58:45.201+0000 7f1222a00700 1 --2- 172.21.15.39:0/572106094 >> [v2:172.21.15.39:6800/1810238546,v1:172.21.15.39:6801/1810238546] conn(0x7f1208038f20 0x7f120803b3e0 unknown :-1 s=START_CONNECT pgs=0 cs=0 l=1 rev1=0 crypto rx=0 tx=0 comp rx=0 tx=0)._fault waiting 6.400000
2024-03-18T15:58:47.016 INFO:teuthology.orchestra.run.smithi039.stdout:/usr/bin/ceph: stderr
2024-03-18T15:58:45.347+0000 7f121be00700 1 -- 172.21.15.39:0/572106094 <== mon.0 v2:172.21.15.39:3300/0 6 ==== mgrmap(e 10) ==== 45886+0+0 (secure 0 0 0) 0x7f121402d910 con 0x7f12241086e0
2024-03-18T15:58:47.016 INFO:teuthology.orchestra.run.smithi039.stdout:/usr/bin/ceph: stderr
2024-03-18T15:58:45.347+0000 7f121be00700 1 -- 172.21.15.39:0/572106094 >> [v2:172.21.15.39:6800/1810238546,v1:172.21.15.39:6801/1810238546] conn(0x7f1208038f20 msgr2=0x7f120803b3e0 unknown :-1 s=STATE_CONNECTING l=1).mark_down
2024-03-18T15:58:47.016 INFO:teuthology.orchestra.run.smithi039.stdout:/usr/bin/ceph: stderr
2024-03-18T15:58:45.347+0000 7f121be00700 1 --2- 172.21.15.39:0/572106094 >> [v2:172.21.15.39:6800/1810238546,v1:172.21.15.39:6801/1810238546] conn(0x7f1208038f20 0x7f120803b3e0 unknown :-1 s=START_CONNECT pgs=0 cs=0 l=1 rev1=0 crypto rx=0 tx=0 comp rx=0 tx=0).stop
2024-03-18T15:58:47.016 INFO:teuthology.orchestra.run.smithi039.stdout:/usr/bin/ceph: stderr
2024-03-18T15:58:46.346+0000 7f121be00700 1 -- 172.21.15.39:0/572106094 <== mon.0 v2:172.21.15.39:3300/0 7 ==== mgrmap(e 11) ==== 46013+0+0 (secure 0 0 0) 0x7f121404ef60 con 0x7f12241086e0
2024-03-18T15:58:47.016 INFO:teuthology.orchestra.run.smithi039.stdout:/usr/bin/ceph: stderr
2024-03-18T15:58:46.346+0000 7f121be00700 1 --2- 172.21.15.39:0/572106094 >> [v2:172.21.15.39:6800/2749214286,v1:172.21.15.39:6801/2749214286] conn(0x7f120803c7b0 0x7f120803eba0 unknown :-1 s=NONE pgs=0 cs=0 l=1 rev1=0 crypto rx=0 tx=0 comp rx=0 tx=0).connect
2024-03-18T15:58:47.016 INFO:teuthology.orchestra.run.smithi039.stdout:/usr/bin/ceph: stderr
2024-03-18T15:58:46.346+0000 7f121be00700 1 -- 172.21.15.39:0/572106094 --> [v2:172.21.15.39:6800/2749214286,v1:172.21.15.39:6801/2749214286] -- command(tid 0: {"prefix": "get_command_descriptions"}) -- 0x7f12140068a0 con 0x7f120803c7b0
2024-03-18T15:58:47.016 INFO:teuthology.orchestra.run.smithi039.stdout:/usr/bin/ceph: stderr
2024-03-18T15:58:46.348+0000 7f1222a00700 1 --2- 172.21.15.39:0/572106094 >> [v2:172.21.15.39:6800/2749214286,v1:172.21.15.39:6801/2749214286] conn(0x7f120803c7b0 0x7f120803eba0 unknown :-1 s=BANNER_CONNECTING pgs=0 cs=0 l=1 rev1=0 crypto rx=0 tx=0 comp rx=0 tx=0)._handle_peer_banner_payload supported=3 required=0
2024-03-18T15:58:47.016 INFO:teuthology.orchestra.run.smithi039.stdout:/usr/bin/ceph: stderr
2024-03-18T15:58:46.349+0000 7f1222a00700 1 --2- 172.21.15.39:0/572106094 >> [v2:172.21.15.39:6800/2749214286,v1:172.21.15.39:6801/2749214286] conn(0x7f120803c7b0 0x7f120803eba0 secure :-1 s=READY pgs=1 cs=0 l=1 rev1=1 crypto rx=0x7f1210003a10 tx=0x7f1210009270 comp rx=0 tx=0).ready entity=mgr.14152 client_cookie=0 server_cookie=0 in_seq=0 out_seq=0
2024-03-18T15:58:47.016 INFO:teuthology.orchestra.run.smithi039.stdout:/usr/bin/ceph: stderr
2024-03-18T15:58:46.350+0000 7f121be00700 1 -- 172.21.15.39:0/572106094 <== mgr.14152 v2:172.21.15.39:6800/2749214286 1 ==== command_reply(tid 0: 0 ) ==== 8+0+7774 (secure 0 0 0) 0x7f12140068a0 con 0x7f120803c7b0
2024-03-18T15:58:47.016 INFO:teuthology.orchestra.run.smithi039.stdout:/usr/bin/ceph: stderr
2024-03-18T15:58:46.357+0000 7f122a200700 1 -- 172.21.15.39:0/572106094 --> [v2:172.21.15.39:6800/2749214286,v1:172.21.15.39:6801/2749214286] -- command(tid 1: {"prefix": "mgr_status"}) -- 0x7f1224103280 con 0x7f120803c7b0
2024-03-18T15:58:47.017 INFO:teuthology.orchestra.run.smithi039.stdout:/usr/bin/ceph: stderr
2024-03-18T15:58:46.358+0000 7f121be00700 1 -- 172.21.15.39:0/572106094 <== mgr.14152 v2:172.21.15.39:6800/2749214286 2 ==== command_reply(tid 1: 0 ) ==== 8+0+52 (secure 0 0 0) 0x7f1224103280 con 0x7f120803c7b0
2024-03-18T15:58:47.017 INFO:teuthology.orchestra.run.smithi039.stdout:/usr/bin/ceph: stderr
2024-03-18T15:58:46.358+0000 7f122a200700 1 -- 172.21.15.39:0/572106094 >> [v2:172.21.15.39:6800/2749214286,v1:172.21.15.39:6801/2749214286] conn(0x7f120803c7b0 msgr2=0x7f120803eba0 secure :-1 s=STATE_CONNECTION_ESTABLISHED l=1).mark_down
2024-03-18T15:58:47.017 INFO:teuthology.orchestra.run.smithi039.stdout:/usr/bin/ceph: stderr
2024-03-18T15:58:46.358+0000 7f122a200700 1 --2- 172.21.15.39:0/572106094 >> [v2:172.21.15.39:6800/2749214286,v1:172.21.15.39:6801/2749214286] conn(0x7f120803c7b0 0x7f120803eba0 secure :-1 s=READY pgs=1 cs=0 l=1 rev1=1 crypto rx=0x7f1210003a10 tx=0x7f1210009270 comp rx=0 tx=0).stop
2024-03-18T15:58:47.017 INFO:teuthology.orchestra.run.smithi039.stdout:/usr/bin/ceph: stderr
2024-03-18T15:58:46.358+0000 7f122a200700 1 -- 172.21.15.39:0/572106094 >> [v2:172.21.15.39:3300/0,v1:172.21.15.39:6789/0] conn(0x7f12241086e0 msgr2=0x7f1224107f60 secure :-1 s=STATE_CONNECTION_ESTABLISHED l=1).mark_down
2024-03-18T15:58:47.017 INFO:teuthology.orchestra.run.smithi039.stdout:/usr/bin/ceph: stderr
2024-03-18T15:58:46.358+0000 7f122a200700 1 --2- 172.21.15.39:0/572106094 >> [v2:172.21.15.39:3300/0,v1:172.21.15.39:6789/0] conn(0x7f12241086e0 0x7f1224107f60 secure :-1 s=READY pgs=62 cs=0 l=1 rev1=1 crypto rx=0x7f12140117e0 tx=0x7f1214011c10 comp rx=0 tx=0).stop
2024-03-18T15:58:47.017 INFO:teuthology.orchestra.run.smithi039.stdout:/usr/bin/ceph: stderr
2024-03-18T15:58:46.359+0000 7f122a200700 1 -- 172.21.15.39:0/572106094 shutdown_connections
2024-03-18T15:58:47.017 INFO:teuthology.orchestra.run.smithi039.stdout:/usr/bin/ceph: stderr
2024-03-18T15:58:46.359+0000 7f122a200700 1 --2- 172.21.15.39:0/572106094 >> [v2:172.21.15.39:6800/2749214286,v1:172.21.15.39:6801/2749214286] conn(0x7f120803c7b0 0x7f120803eba0 unknown :-1 s=CLOSED pgs=1 cs=0 l=1 rev1=1 crypto rx=0 tx=0 comp rx=0 tx=0).stop
2024-03-18T15:58:47.017 INFO:teuthology.orchestra.run.smithi039.stdout:/usr/bin/ceph: stderr
2024-03-18T15:58:46.359+0000 7f122a200700 1 --2- 172.21.15.39:0/572106094 >> [v2:172.21.15.39:3300/0,v1:172.21.15.39:6789/0] conn(0x7f12241086e0 0x7f1224107f60 unknown :-1 s=CLOSED pgs=62 cs=0 l=1 rev1=1 crypto rx=0 tx=0 comp rx=0 tx=0).stop
2024-03-18T15:58:47.017 INFO:teuthology.orchestra.run.smithi039.stdout:/usr/bin/ceph: stderr
2024-03-18T15:58:46.359+0000 7f122a200700 1 --2- 172.21.15.39:0/572106094 >> [v2:172.21.15.39:6800/1810238546,v1:172.21.15.39:6801/1810238546] conn(0x7f1208038f20 0x7f120803b3e0 unknown :-1 s=CLOSED pgs=0 cs=0 l=1 rev1=0 crypto rx=0 tx=0 comp rx=0 tx=0).stop
2024-03-18T15:58:47.017 INFO:teuthology.orchestra.run.smithi039.stdout:/usr/bin/ceph: stderr
2024-03-18T15:58:46.359+0000 7f122a200700 1 -- 172.21.15.39:0/572106094 >> 172.21.15.39:0/572106094 conn(0x7f12241020d0 msgr2=0x7f1224102b70 unknown :-1 s=STATE_NONE l=0).mark_down
2024-03-18T15:58:47.017 INFO:teuthology.orchestra.run.smithi039.stdout:/usr/bin/ceph: stderr
2024-03-18T15:58:46.359+0000 7f122a200700 1 -- 172.21.15.39:0/572106094 shutdown_connections
2024-03-18T15:58:47.017 INFO:teuthology.orchestra.run.smithi039.stdout:/usr/bin/ceph: stderr
2024-03-18T15:58:46.359+0000 7f122a200700 1 -- 172.21.15.39:0/572106094 wait complete.
2024-03-18T15:58:47.018 INFO:teuthology.orchestra.run.smithi039.stdout:mgr epoch 9 is available
2024-03-18T15:58:47.018 INFO:teuthology.orchestra.run.smithi039.stdout:Generating a dashboard self-signed certificate...
2024-03-18T15:58:47.634 INFO:journalctl@ceph.mon.a.smithi039.stdout:Mar 18 15:58:47 smithi039 ceph-mon[31721]: from='client.14156 -' entity='client.admin' cmd=[{"prefix": "get_command_descriptions"}]: dispatch
2024-03-18T15:58:47.634 INFO:journalctl@ceph.mon.a.smithi039.stdout:Mar 18 15:58:47 smithi039 ceph-mon[31721]: from='client.14156 -' entity='client.admin' cmd=[{"prefix": "mgr_status"}]: dispatch
2024-03-18T15:58:48.586 INFO:journalctl@ceph.mon.a.smithi039.stdout:Mar 18 15:58:48 smithi039 ceph-mon[31721]: mgrmap e12: x(active, since 2s)
2024-03-18T15:58:48.586 INFO:journalctl@ceph.mon.a.smithi039.stdout:Mar 18 15:58:48 smithi039 ceph-mon[31721]: from='client.14164 -' entity='client.admin' cmd=[{"prefix": "dashboard create-self-signed-cert", "target": ["mon-mgr", ""]}]: dispatch
2024-03-18T15:58:48.587 INFO:journalctl@ceph.mon.a.smithi039.stdout:Mar 18 15:58:48 smithi039 ceph-mon[31721]: from='mgr.14152 172.21.15.39:0/3534052698' entity='mgr.x'
2024-03-18T15:58:48.587 INFO:journalctl@ceph.mon.a.smithi039.stdout:Mar 18 15:58:48 smithi039 ceph-mon[31721]: from='mgr.14152 172.21.15.39:0/3534052698' entity='mgr.x'
2024-03-18T15:58:48.949 INFO:teuthology.orchestra.run.smithi039.stdout:/usr/bin/ceph: stdout Self-signed certificate created
2024-03-18T15:58:48.949 INFO:teuthology.orchestra.run.smithi039.stdout:/usr/bin/ceph: stderr
2024-03-18T15:58:47.886+0000 7fdea9600700 1 Processor -- start
2024-03-18T15:58:48.949 INFO:teuthology.orchestra.run.smithi039.stdout:/usr/bin/ceph: stderr
2024-03-18T15:58:47.886+0000 7fdea9600700 1 -- start start
2024-03-18T15:58:48.949 INFO:teuthology.orchestra.run.smithi039.stdout:/usr/bin/ceph: stderr
2024-03-18T15:58:47.886+0000 7fdea9600700 1 --2- >> [v2:172.21.15.39:3300/0,v1:172.21.15.39:6789/0] conn(0x7fdea407de70 0x7fdea407c2d0 unknown :-1 s=NONE pgs=0 cs=0 l=0 rev1=0 crypto rx=0 tx=0 comp rx=0 tx=0).connect
2024-03-18T15:58:48.949 INFO:teuthology.orchestra.run.smithi039.stdout:/usr/bin/ceph: stderr
2024-03-18T15:58:47.886+0000 7fdea9600700 1 -- --> [v2:172.21.15.39:3300/0,v1:172.21.15.39:6789/0] -- mon_getmap magic: 0 -- 0x7fdea407c8a0 con 0x7fdea407de70
2024-03-18T15:58:48.949 INFO:teuthology.orchestra.run.smithi039.stdout:/usr/bin/ceph: stderr
2024-03-18T15:58:47.887+0000 7fdea2a00700 1 --2- >> [v2:172.21.15.39:3300/0,v1:172.21.15.39:6789/0] conn(0x7fdea407de70 0x7fdea407c2d0 unknown :-1 s=BANNER_CONNECTING pgs=0 cs=0 l=0 rev1=0 crypto rx=0 tx=0 comp rx=0 tx=0)._handle_peer_banner_payload supported=3 required=0
2024-03-18T15:58:48.949 INFO:teuthology.orchestra.run.smithi039.stdout:/usr/bin/ceph: stderr
2024-03-18T15:58:47.887+0000 7fdea2a00700 1 --2- >> [v2:172.21.15.39:3300/0,v1:172.21.15.39:6789/0] conn(0x7fdea407de70 0x7fdea407c2d0 unknown :-1 s=HELLO_CONNECTING pgs=0 cs=0 l=0 rev1=1 crypto rx=0 tx=0 comp rx=0 tx=0).handle_hello peer v2:172.21.15.39:3300/0 says I am v2:172.21.15.39:56502/0 (socket says 172.21.15.39:56502)
2024-03-18T15:58:48.950 INFO:teuthology.orchestra.run.smithi039.stdout:/usr/bin/ceph: stderr
2024-03-18T15:58:47.887+0000 7fdea2a00700 1 -- 172.21.15.39:0/3195753994 learned_addr learned my addr 172.21.15.39:0/3195753994 (peer_addr_for_me v2:172.21.15.39:0/0)
2024-03-18T15:58:48.950 INFO:teuthology.orchestra.run.smithi039.stdout:/usr/bin/ceph: stderr
2024-03-18T15:58:47.888+0000 7fdea2a00700 1 -- 172.21.15.39:0/3195753994 --> [v2:172.21.15.39:3300/0,v1:172.21.15.39:6789/0] -- mon_subscribe({config=0+,monmap=0+}) -- 0x7fdea407ca20 con 0x7fdea407de70
2024-03-18T15:58:48.950 INFO:teuthology.orchestra.run.smithi039.stdout:/usr/bin/ceph: stderr
2024-03-18T15:58:47.888+0000 7fdea2a00700 1 --2- 172.21.15.39:0/3195753994 >> [v2:172.21.15.39:3300/0,v1:172.21.15.39:6789/0] conn(0x7fdea407de70 0x7fdea407c2d0 secure :-1 s=READY pgs=70 cs=0 l=1 rev1=1 crypto rx=0x7fde940098a0 tx=0x7fde94009bb0 comp rx=0 tx=0).ready entity=mon.0 client_cookie=5ff8a5e37ac4c74d server_cookie=0 in_seq=0 out_seq=0
2024-03-18T15:58:48.950 INFO:teuthology.orchestra.run.smithi039.stdout:/usr/bin/ceph: stderr
2024-03-18T15:58:47.888+0000 7fdea1600700 1 -- 172.21.15.39:0/3195753994 <== mon.0 v2:172.21.15.39:3300/0 1 ==== mon_map magic: 0 ==== 205+0+0 (secure 0 0 0) 0x7fde94004160 con 0x7fdea407de70
2024-03-18T15:58:48.950 INFO:teuthology.orchestra.run.smithi039.stdout:/usr/bin/ceph: stderr
2024-03-18T15:58:47.888+0000 7fdea1600700 1 -- 172.21.15.39:0/3195753994 <== mon.0 v2:172.21.15.39:3300/0 2 ==== config(27 keys) ==== 1140+0+0 (secure 0 0 0) 0x7fde94004300 con 0x7fdea407de70
2024-03-18T15:58:48.950 INFO:teuthology.orchestra.run.smithi039.stdout:/usr/bin/ceph: stderr
2024-03-18T15:58:47.888+0000 7fdea1600700 1 -- 172.21.15.39:0/3195753994 <== mon.0 v2:172.21.15.39:3300/0 3 ==== mon_map magic: 0 ==== 205+0+0 (secure 0 0 0) 0x7fde94011b20 con 0x7fdea407de70
2024-03-18T15:58:48.950 INFO:teuthology.orchestra.run.smithi039.stdout:/usr/bin/ceph: stderr
2024-03-18T15:58:47.889+0000 7fdea9600700 1 -- 172.21.15.39:0/3195753994 >> [v2:172.21.15.39:3300/0,v1:172.21.15.39:6789/0] conn(0x7fdea407de70 msgr2=0x7fdea407c2d0 secure :-1 s=STATE_CONNECTION_ESTABLISHED l=1).mark_down
2024-03-18T15:58:48.950 INFO:teuthology.orchestra.run.smithi039.stdout:/usr/bin/ceph: stderr
2024-03-18T15:58:47.889+0000 7fdea9600700 1 --2- 172.21.15.39:0/3195753994 >> [v2:172.21.15.39:3300/0,v1:172.21.15.39:6789/0] conn(0x7fdea407de70 0x7fdea407c2d0 secure :-1 s=READY pgs=70 cs=0 l=1 rev1=1 crypto rx=0x7fde940098a0 tx=0x7fde94009bb0 comp rx=0 tx=0).stop
2024-03-18T15:58:48.950 INFO:teuthology.orchestra.run.smithi039.stdout:/usr/bin/ceph: stderr
2024-03-18T15:58:47.889+0000 7fdea9600700 1 -- 172.21.15.39:0/3195753994 shutdown_connections
2024-03-18T15:58:48.950 INFO:teuthology.orchestra.run.smithi039.stdout:/usr/bin/ceph: stderr
2024-03-18T15:58:47.889+0000 7fdea9600700 1 --2- 172.21.15.39:0/3195753994 >> [v2:172.21.15.39:3300/0,v1:172.21.15.39:6789/0] conn(0x7fdea407de70 0x7fdea407c2d0 unknown :-1 s=CLOSED pgs=70 cs=0 l=1 rev1=1 crypto rx=0 tx=0 comp rx=0 tx=0).stop
2024-03-18T15:58:48.950 INFO:teuthology.orchestra.run.smithi039.stdout:/usr/bin/ceph: stderr
2024-03-18T15:58:47.889+0000 7fdea9600700 1 -- 172.21.15.39:0/3195753994 >> 172.21.15.39:0/3195753994 conn(0x7fdea4103180 msgr2=0x7fdea4105600 unknown :-1 s=STATE_NONE l=0).mark_down
2024-03-18T15:58:48.950 INFO:teuthology.orchestra.run.smithi039.stdout:/usr/bin/ceph: stderr
2024-03-18T15:58:47.889+0000 7fdea9600700 1 -- 172.21.15.39:0/3195753994 shutdown_connections
2024-03-18T15:58:48.951 INFO:teuthology.orchestra.run.smithi039.stdout:/usr/bin/ceph: stderr
2024-03-18T15:58:47.889+0000 7fdea9600700 1 -- 172.21.15.39:0/3195753994 wait complete.
2024-03-18T15:58:48.951 INFO:teuthology.orchestra.run.smithi039.stdout:/usr/bin/ceph: stderr
2024-03-18T15:58:47.890+0000 7fdea9600700 1 Processor -- start
2024-03-18T15:58:48.951 INFO:teuthology.orchestra.run.smithi039.stdout:/usr/bin/ceph: stderr
2024-03-18T15:58:47.891+0000 7fdea9600700 1 -- start start
2024-03-18T15:58:48.951 INFO:teuthology.orchestra.run.smithi039.stdout:/usr/bin/ceph: stderr
2024-03-18T15:58:47.891+0000 7fdea9600700 1 --2- >> [v2:172.21.15.39:3300/0,v1:172.21.15.39:6789/0] conn(0x7fdea407de70 0x7fdea419ddd0 unknown :-1 s=NONE pgs=0 cs=0 l=1 rev1=0 crypto rx=0 tx=0 comp rx=0 tx=0).connect
2024-03-18T15:58:48.951 INFO:teuthology.orchestra.run.smithi039.stdout:/usr/bin/ceph: stderr
2024-03-18T15:58:47.891+0000 7fdea9600700 1 -- --> [v2:172.21.15.39:3300/0,v1:172.21.15.39:6789/0] -- mon_getmap magic: 0 -- 0x7fdea410e290 con 0x7fdea407de70
2024-03-18T15:58:48.951 INFO:teuthology.orchestra.run.smithi039.stdout:/usr/bin/ceph: stderr
2024-03-18T15:58:47.891+0000 7fdea2a00700 1 --2- >> [v2:172.21.15.39:3300/0,v1:172.21.15.39:6789/0] conn(0x7fdea407de70 0x7fdea419ddd0 unknown :-1 s=BANNER_CONNECTING pgs=0 cs=0 l=1 rev1=0 crypto rx=0 tx=0 comp rx=0 tx=0)._handle_peer_banner_payload supported=3 required=0
2024-03-18T15:58:48.951 INFO:teuthology.orchestra.run.smithi039.stdout:/usr/bin/ceph: stderr
2024-03-18T15:58:47.891+0000 7fdea2a00700 1 --2- >> [v2:172.21.15.39:3300/0,v1:172.21.15.39:6789/0] conn(0x7fdea407de70 0x7fdea419ddd0 unknown :-1 s=HELLO_CONNECTING pgs=0 cs=0 l=1 rev1=1 crypto rx=0 tx=0 comp rx=0 tx=0).handle_hello peer v2:172.21.15.39:3300/0 says I am v2:172.21.15.39:56510/0 (socket says 172.21.15.39:56510)
2024-03-18T15:58:48.951 INFO:teuthology.orchestra.run.smithi039.stdout:/usr/bin/ceph: stderr
2024-03-18T15:58:47.891+0000 7fdea2a00700 1 -- 172.21.15.39:0/4205534163 learned_addr learned my addr 172.21.15.39:0/4205534163 (peer_addr_for_me v2:172.21.15.39:0/0)
2024-03-18T15:58:48.951 INFO:teuthology.orchestra.run.smithi039.stdout:/usr/bin/ceph: stderr
2024-03-18T15:58:47.892+0000 7fdea2a00700 1 -- 172.21.15.39:0/4205534163 --> [v2:172.21.15.39:3300/0,v1:172.21.15.39:6789/0] -- mon_subscribe({config=0+,monmap=0+}) -- 0x7fdea419e310 con 0x7fdea407de70
2024-03-18T15:58:48.951 INFO:teuthology.orchestra.run.smithi039.stdout:/usr/bin/ceph: stderr
2024-03-18T15:58:47.892+0000 7fdea2a00700 1 --2- 172.21.15.39:0/4205534163 >> [v2:172.21.15.39:3300/0,v1:172.21.15.39:6789/0] conn(0x7fdea407de70 0x7fdea419ddd0 secure :-1 s=READY pgs=71 cs=0 l=1 rev1=1 crypto rx=0x7fde94000c00 tx=0x7fde94011c10 comp rx=0 tx=0).ready entity=mon.0 client_cookie=0 server_cookie=0 in_seq=0 out_seq=0
2024-03-18T15:58:48.951 INFO:teuthology.orchestra.run.smithi039.stdout:/usr/bin/ceph: stderr
2024-03-18T15:58:47.892+0000 7fde9b400700 1 -- 172.21.15.39:0/4205534163 <== mon.0 v2:172.21.15.39:3300/0 1 ==== mon_map magic: 0 ==== 205+0+0 (secure 0 0 0) 0x7fde94003b60 con 0x7fdea407de70
2024-03-18T15:58:48.951 INFO:teuthology.orchestra.run.smithi039.stdout:/usr/bin/ceph: stderr
2024-03-18T15:58:47.892+0000 7fde9b400700 1 -- 172.21.15.39:0/4205534163 <== mon.0 v2:172.21.15.39:3300/0 2 ==== config(27 keys) ==== 1140+0+0 (secure 0 0 0) 0x7fde94003d00 con 0x7fdea407de70
2024-03-18T15:58:48.951 INFO:teuthology.orchestra.run.smithi039.stdout:/usr/bin/ceph: stderr
2024-03-18T15:58:47.892+0000 7fde9b400700 1 -- 172.21.15.39:0/4205534163 <== mon.0 v2:172.21.15.39:3300/0 3 ==== mon_map magic: 0 ==== 205+0+0 (secure 0 0 0) 0x7fde940248a0 con 0x7fdea407de70
2024-03-18T15:58:48.951 INFO:teuthology.orchestra.run.smithi039.stdout:/usr/bin/ceph: stderr
2024-03-18T15:58:47.892+0000 7fdea9600700 1 -- 172.21.15.39:0/4205534163 --> [v2:172.21.15.39:3300/0,v1:172.21.15.39:6789/0] -- mon_subscribe({mgrmap=0+}) -- 0x7fdea419e5a0 con 0x7fdea407de70
2024-03-18T15:58:48.952 INFO:teuthology.orchestra.run.smithi039.stdout:/usr/bin/ceph: stderr
2024-03-18T15:58:47.892+0000 7fdea9600700 1 -- 172.21.15.39:0/4205534163 --> [v2:172.21.15.39:3300/0,v1:172.21.15.39:6789/0] -- mon_subscribe({osdmap=0}) -- 0x7fdea419ea00 con 0x7fdea407de70
2024-03-18T15:58:48.952 INFO:teuthology.orchestra.run.smithi039.stdout:/usr/bin/ceph: stderr
2024-03-18T15:58:47.893+0000 7fdea9600700 1 -- 172.21.15.39:0/4205534163 --> [v2:172.21.15.39:3300/0,v1:172.21.15.39:6789/0] -- mon_command({"prefix": "get_command_descriptions"} v 0) -- 0x7fdea4063900 con 0x7fdea407de70
2024-03-18T15:58:48.952 INFO:teuthology.orchestra.run.smithi039.stdout:/usr/bin/ceph: stderr
2024-03-18T15:58:47.894+0000 7fde9b400700 1 -- 172.21.15.39:0/4205534163 <== mon.0 v2:172.21.15.39:3300/0 4 ==== mgrmap(e 12) ==== 46119+0+0 (secure 0 0 0) 0x7fde94022020 con 0x7fdea407de70
2024-03-18T15:58:48.952 INFO:teuthology.orchestra.run.smithi039.stdout:/usr/bin/ceph: stderr
2024-03-18T15:58:47.894+0000 7fde9b400700 1 --2- 172.21.15.39:0/4205534163 >> [v2:172.21.15.39:6800/2749214286,v1:172.21.15.39:6801/2749214286] conn(0x7fde88038fd0 0x7fde8803b490 unknown :-1 s=NONE pgs=0 cs=0 l=1 rev1=0 crypto rx=0 tx=0 comp rx=0 tx=0).connect
2024-03-18T15:58:48.952 INFO:teuthology.orchestra.run.smithi039.stdout:/usr/bin/ceph: stderr
2024-03-18T15:58:47.894+0000 7fde9b400700 1 -- 172.21.15.39:0/4205534163 <== mon.0 v2:172.21.15.39:3300/0 5 ==== osd_map(3..3 src has 1..3) ==== 1155+0+0 (secure 0 0 0) 0x7fde9404d0a0 con 0x7fdea407de70
2024-03-18T15:58:48.952 INFO:teuthology.orchestra.run.smithi039.stdout:/usr/bin/ceph: stderr
2024-03-18T15:58:47.895+0000 7fdea2000700 1 --2- 172.21.15.39:0/4205534163 >> [v2:172.21.15.39:6800/2749214286,v1:172.21.15.39:6801/2749214286] conn(0x7fde88038fd0 0x7fde8803b490 unknown :-1 s=BANNER_CONNECTING pgs=0 cs=0 l=1 rev1=0 crypto rx=0 tx=0 comp rx=0 tx=0)._handle_peer_banner_payload supported=3 required=0
2024-03-18T15:58:48.952 INFO:teuthology.orchestra.run.smithi039.stdout:/usr/bin/ceph: stderr
2024-03-18T15:58:47.895+0000 7fdea2000700 1 --2- 172.21.15.39:0/4205534163 >> [v2:172.21.15.39:6800/2749214286,v1:172.21.15.39:6801/2749214286] conn(0x7fde88038fd0 0x7fde8803b490 secure :-1 s=READY pgs=7 cs=0 l=1 rev1=1 crypto rx=0x7fde90006fd0 tx=0x7fde90006e40 comp rx=0 tx=0).ready entity=mgr.14152 client_cookie=0 server_cookie=0 in_seq=0 out_seq=0
2024-03-18T15:58:48.952 INFO:teuthology.orchestra.run.smithi039.stdout:/usr/bin/ceph: stderr
2024-03-18T15:58:47.900+0000 7fde9b400700 1 -- 172.21.15.39:0/4205534163 <== mon.0 v2:172.21.15.39:3300/0 6 ==== mon_command_ack([{"prefix": "get_command_descriptions"}]=0 v0) ==== 72+0+186149 (secure 0 0 0) 0x7fde94016260 con 0x7fdea407de70
2024-03-18T15:58:48.952 INFO:teuthology.orchestra.run.smithi039.stdout:/usr/bin/ceph: stderr
2024-03-18T15:58:48.135+0000 7fdea9600700 1 -- 172.21.15.39:0/4205534163 --> [v2:172.21.15.39:6800/2749214286,v1:172.21.15.39:6801/2749214286] -- mgr_command(tid 0: {"prefix": "dashboard create-self-signed-cert", "target": ["mon-mgr", ""]}) -- 0x7fdea4104480 con 0x7fde88038fd0
2024-03-18T15:58:48.952 INFO:teuthology.orchestra.run.smithi039.stdout:/usr/bin/ceph: stderr
2024-03-18T15:58:48.230+0000 7fde9b400700 1 -- 172.21.15.39:0/4205534163 <== mgr.14152 v2:172.21.15.39:6800/2749214286 1 ==== mgr_command_reply(tid 0: 0 ) ==== 8+0+32 (secure 0 0 0) 0x7fdea4104480 con 0x7fde88038fd0
2024-03-18T15:58:48.952 INFO:teuthology.orchestra.run.smithi039.stdout:/usr/bin/ceph: stderr
2024-03-18T15:58:48.234+0000 7fdea9600700 1 -- 172.21.15.39:0/4205534163 >> [v2:172.21.15.39:6800/2749214286,v1:172.21.15.39:6801/2749214286] conn(0x7fde88038fd0 msgr2=0x7fde8803b490 secure :-1 s=STATE_CONNECTION_ESTABLISHED l=1).mark_down
2024-03-18T15:58:48.952 INFO:teuthology.orchestra.run.smithi039.stdout:/usr/bin/ceph: stderr
2024-03-18T15:58:48.234+0000 7fdea9600700 1 --2- 172.21.15.39:0/4205534163 >> [v2:172.21.15.39:6800/2749214286,v1:172.21.15.39:6801/2749214286] conn(0x7fde88038fd0 0x7fde8803b490 secure :-1 s=READY pgs=7 cs=0 l=1 rev1=1 crypto rx=0x7fde90006fd0 tx=0x7fde90006e40 comp rx=0 tx=0).stop
2024-03-18T15:58:48.952 INFO:teuthology.orchestra.run.smithi039.stdout:/usr/bin/ceph: stderr
2024-03-18T15:58:48.234+0000 7fdea9600700 1 -- 172.21.15.39:0/4205534163 >> [v2:172.21.15.39:3300/0,v1:172.21.15.39:6789/0] conn(0x7fdea407de70 msgr2=0x7fdea419ddd0 secure :-1 s=STATE_CONNECTION_ESTABLISHED l=1).mark_down
2024-03-18T15:58:48.952 INFO:teuthology.orchestra.run.smithi039.stdout:/usr/bin/ceph: stderr
2024-03-18T15:58:48.234+0000 7fdea9600700 1 --2- 172.21.15.39:0/4205534163 >> [v2:172.21.15.39:3300/0,v1:172.21.15.39:6789/0] conn(0x7fdea407de70 0x7fdea419ddd0 secure :-1 s=READY pgs=71 cs=0 l=1 rev1=1 crypto rx=0x7fde94000c00 tx=0x7fde94011c10 comp rx=0 tx=0).stop
2024-03-18T15:58:48.953 INFO:teuthology.orchestra.run.smithi039.stdout:/usr/bin/ceph: stderr
2024-03-18T15:58:48.234+0000 7fdea9600700 1 -- 172.21.15.39:0/4205534163 shutdown_connections
2024-03-18T15:58:48.953 INFO:teuthology.orchestra.run.smithi039.stdout:/usr/bin/ceph: stderr
2024-03-18T15:58:48.234+0000 7fdea9600700 1 --2- 172.21.15.39:0/4205534163 >> [v2:172.21.15.39:6800/2749214286,v1:172.21.15.39:6801/2749214286] conn(0x7fde88038fd0 0x7fde8803b490 unknown :-1 s=CLOSED pgs=7 cs=0 l=1 rev1=1 crypto rx=0 tx=0 comp rx=0 tx=0).stop
2024-03-18T15:58:48.953 INFO:teuthology.orchestra.run.smithi039.stdout:/usr/bin/ceph: stderr
2024-03-18T15:58:48.234+0000 7fdea9600700 1 --2- 172.21.15.39:0/4205534163 >> [v2:172.21.15.39:3300/0,v1:172.21.15.39:6789/0] conn(0x7fdea407de70 0x7fdea419ddd0 unknown :-1 s=CLOSED pgs=71 cs=0 l=1 rev1=1 crypto rx=0 tx=0 comp rx=0 tx=0).stop
2024-03-18T15:58:48.953 INFO:teuthology.orchestra.run.smithi039.stdout:/usr/bin/ceph: stderr
2024-03-18T15:58:48.234+0000 7fdea9600700 1 -- 172.21.15.39:0/4205534163 >> 172.21.15.39:0/4205534163 conn(0x7fdea4103180 msgr2=0x7fdea4103d70 unknown :-1 s=STATE_NONE l=0).mark_down
2024-03-18T15:58:48.953 INFO:teuthology.orchestra.run.smithi039.stdout:/usr/bin/ceph: stderr
2024-03-18T15:58:48.234+0000 7fdea9600700 1 -- 172.21.15.39:0/4205534163 shutdown_connections
2024-03-18T15:58:48.953 INFO:teuthology.orchestra.run.smithi039.stdout:/usr/bin/ceph: stderr
2024-03-18T15:58:48.234+0000 7fdea9600700 1 -- 172.21.15.39:0/4205534163 wait complete.
2024-03-18T15:58:48.953 INFO:teuthology.orchestra.run.smithi039.stdout:Creating initial admin user...
2024-03-18T15:58:49.806 INFO:journalctl@ceph.mon.a.smithi039.stdout:Mar 18 15:58:49 smithi039 ceph-mon[31721]: from='mgr.14152 172.21.15.39:0/3534052698' entity='mgr.x'
2024-03-18T15:58:50.823 INFO:teuthology.orchestra.run.smithi039.stdout:/usr/bin/ceph: stdout {"username": "admin", "password": "$2b$12$17JwZum33wMAo0zbxO/xvOU5KgeueKl9ZYVhMzhnKv6fWlP7jX08O", "roles": ["administrator"], "name": null, "email": null, "lastUpdate": 1710777530, "enabled": true, "pwdExpirationDate": null, "pwdUpdateRequired": true}
2024-03-18T15:58:50.823 INFO:teuthology.orchestra.run.smithi039.stdout:/usr/bin/ceph: stderr
2024-03-18T15:58:49.524+0000 7f3f96e00700 1 Processor -- start
2024-03-18T15:58:50.823 INFO:teuthology.orchestra.run.smithi039.stdout:/usr/bin/ceph: stderr
2024-03-18T15:58:49.525+0000 7f3f96e00700 1 -- start start
2024-03-18T15:58:50.823 INFO:teuthology.orchestra.run.smithi039.stdout:/usr/bin/ceph: stderr
2024-03-18T15:58:49.525+0000 7f3f96e00700 1 --2- >> [v2:172.21.15.39:3300/0,v1:172.21.15.39:6789/0] conn(0x7f3f90107a70 0x7f3f90107e90 unknown :-1 s=NONE pgs=0 cs=0 l=0 rev1=0 crypto rx=0 tx=0 comp rx=0 tx=0).connect
2024-03-18T15:58:50.824 INFO:teuthology.orchestra.run.smithi039.stdout:/usr/bin/ceph: stderr
2024-03-18T15:58:49.525+0000 7f3f96e00700 1 -- --> [v2:172.21.15.39:3300/0,v1:172.21.15.39:6789/0] -- mon_getmap magic: 0 -- 0x7f3f90108460 con 0x7f3f90107a70
2024-03-18T15:58:50.824 INFO:teuthology.orchestra.run.smithi039.stdout:/usr/bin/ceph: stderr
2024-03-18T15:58:49.526+0000 7f3f95a00700 1 --2- >> [v2:172.21.15.39:3300/0,v1:172.21.15.39:6789/0] conn(0x7f3f90107a70 0x7f3f90107e90 unknown :-1 s=BANNER_CONNECTING pgs=0 cs=0 l=0 rev1=0 crypto rx=0 tx=0 comp rx=0 tx=0)._handle_peer_banner_payload supported=3 required=0
2024-03-18T15:58:50.824 INFO:teuthology.orchestra.run.smithi039.stdout:/usr/bin/ceph: stderr
2024-03-18T15:58:49.526+0000 7f3f95a00700 1 --2- >> [v2:172.21.15.39:3300/0,v1:172.21.15.39:6789/0] conn(0x7f3f90107a70 0x7f3f90107e90 unknown :-1 s=HELLO_CONNECTING pgs=0 cs=0 l=0 rev1=1 crypto rx=0 tx=0 comp rx=0 tx=0).handle_hello peer v2:172.21.15.39:3300/0 says I am v2:172.21.15.39:46812/0 (socket says 172.21.15.39:46812)
2024-03-18T15:58:50.824 INFO:teuthology.orchestra.run.smithi039.stdout:/usr/bin/ceph: stderr
2024-03-18T15:58:49.526+0000 7f3f95a00700 1 -- 172.21.15.39:0/2544574594 learned_addr learned my addr 172.21.15.39:0/2544574594 (peer_addr_for_me v2:172.21.15.39:0/0)
2024-03-18T15:58:50.824 INFO:teuthology.orchestra.run.smithi039.stdout:/usr/bin/ceph: stderr
2024-03-18T15:58:49.526+0000 7f3f95a00700 1 -- 172.21.15.39:0/2544574594 --> [v2:172.21.15.39:3300/0,v1:172.21.15.39:6789/0] -- mon_subscribe({config=0+,monmap=0+}) -- 0x7f3f90108c70 con 0x7f3f90107a70
2024-03-18T15:58:50.824 INFO:teuthology.orchestra.run.smithi039.stdout:/usr/bin/ceph: stderr
2024-03-18T15:58:49.526+0000 7f3f95a00700 1 --2- 172.21.15.39:0/2544574594 >> [v2:172.21.15.39:3300/0,v1:172.21.15.39:6789/0] conn(0x7f3f90107a70 0x7f3f90107e90 secure :-1 s=READY pgs=72 cs=0 l=1 rev1=1 crypto rx=0x7f3f840098a0 tx=0x7f3f84009bb0 comp rx=0 tx=0).ready entity=mon.0 client_cookie=4cbdbd09c695d68f server_cookie=0 in_seq=0 out_seq=0
2024-03-18T15:58:50.824 INFO:teuthology.orchestra.run.smithi039.stdout:/usr/bin/ceph: stderr
2024-03-18T15:58:49.527+0000 7f3f8fe00700 1 -- 172.21.15.39:0/2544574594 <== mon.0 v2:172.21.15.39:3300/0 1 ==== mon_map magic: 0 ==== 205+0+0 (secure 0 0 0) 0x7f3f84004160 con 0x7f3f90107a70
2024-03-18T15:58:50.824 INFO:teuthology.orchestra.run.smithi039.stdout:/usr/bin/ceph: stderr
2024-03-18T15:58:49.527+0000 7f3f8fe00700 1 -- 172.21.15.39:0/2544574594 <== mon.0 v2:172.21.15.39:3300/0 2 ==== config(27 keys) ==== 1140+0+0 (secure 0 0 0) 0x7f3f84004300 con 0x7f3f90107a70
2024-03-18T15:58:50.824 INFO:teuthology.orchestra.run.smithi039.stdout:/usr/bin/ceph: stderr
2024-03-18T15:58:49.527+0000 7f3f8fe00700 1 -- 172.21.15.39:0/2544574594 <== mon.0 v2:172.21.15.39:3300/0 3 ==== mon_map magic: 0 ==== 205+0+0 (secure 0 0 0) 0x7f3f84011b20 con 0x7f3f90107a70
2024-03-18T15:58:50.824 INFO:teuthology.orchestra.run.smithi039.stdout:/usr/bin/ceph: stderr
2024-03-18T15:58:49.527+0000 7f3f96e00700 1 -- 172.21.15.39:0/2544574594 >> [v2:172.21.15.39:3300/0,v1:172.21.15.39:6789/0] conn(0x7f3f90107a70 msgr2=0x7f3f90107e90 secure :-1 s=STATE_CONNECTION_ESTABLISHED l=1).mark_down
2024-03-18T15:58:50.824 INFO:teuthology.orchestra.run.smithi039.stdout:/usr/bin/ceph: stderr
2024-03-18T15:58:49.527+0000 7f3f96e00700 1 --2- 172.21.15.39:0/2544574594 >> [v2:172.21.15.39:3300/0,v1:172.21.15.39:6789/0] conn(0x7f3f90107a70 0x7f3f90107e90 secure :-1 s=READY pgs=72 cs=0 l=1 rev1=1 crypto rx=0x7f3f840098a0 tx=0x7f3f84009bb0 comp rx=0 tx=0).stop
2024-03-18T15:58:50.824 INFO:teuthology.orchestra.run.smithi039.stdout:/usr/bin/ceph: stderr
2024-03-18T15:58:49.528+0000 7f3f96e00700 1 -- 172.21.15.39:0/2544574594 shutdown_connections
2024-03-18T15:58:50.824 INFO:teuthology.orchestra.run.smithi039.stdout:/usr/bin/ceph: stderr
2024-03-18T15:58:49.528+0000 7f3f96e00700 1 --2- 172.21.15.39:0/2544574594 >> [v2:172.21.15.39:3300/0,v1:172.21.15.39:6789/0] conn(0x7f3f90107a70 0x7f3f90107e90 unknown :-1 s=CLOSED pgs=72 cs=0 l=1 rev1=1 crypto rx=0 tx=0 comp rx=0 tx=0).stop
