2024-03-18T21:49:49.532+0000 7f68e5533700 1 -- 172.21.15.17:0/1475314301 >> 172.21.15.17:0/1475314301 conn(0x7f68e01025b0 msgr2=0x7f68e01049d0 unknown :-1 s=STATE_NONE l=0).mark_down
2024-03-18T21:49:50.320 INFO:teuthology.orchestra.run.smithi017.stdout:/usr/bin/ceph: stderr
2024-03-18T21:49:49.533+0000 7f68e5533700 1 -- 172.21.15.17:0/1475314301 shutdown_connections
2024-03-18T21:49:50.320 INFO:teuthology.orchestra.run.smithi017.stdout:/usr/bin/ceph: stderr
2024-03-18T21:49:49.533+0000 7f68e5533700 1 -- 172.21.15.17:0/1475314301 wait complete.
2024-03-18T21:49:50.320 INFO:teuthology.orchestra.run.smithi017.stdout:/usr/bin/ceph: stderr
2024-03-18T21:49:49.533+0000 7f68e5533700 1 Processor -- start
2024-03-18T21:49:50.320 INFO:teuthology.orchestra.run.smithi017.stdout:/usr/bin/ceph: stderr
2024-03-18T21:49:49.533+0000 7f68e5533700 1 -- start start
2024-03-18T21:49:50.320 INFO:teuthology.orchestra.run.smithi017.stdout:/usr/bin/ceph: stderr
2024-03-18T21:49:49.533+0000 7f68e5533700 1 --2- >> [v2:172.21.15.17:3300/0,v1:172.21.15.17:6789/0] conn(0x7f68e0106fb0 0x7f68e019b040 unknown :-1 s=NONE pgs=0 cs=0 l=1 rev1=0 crypto rx=0 tx=0 comp rx=0 tx=0).connect
2024-03-18T21:49:50.320 INFO:teuthology.orchestra.run.smithi017.stdout:/usr/bin/ceph: stderr
2024-03-18T21:49:49.533+0000 7f68e5533700 1 -- --> [v2:172.21.15.17:3300/0,v1:172.21.15.17:6789/0] -- mon_getmap magic: 0 -- 0x7f68e010b560 con 0x7f68e0106fb0
2024-03-18T21:49:50.320 INFO:teuthology.orchestra.run.smithi017.stdout:/usr/bin/ceph: stderr
2024-03-18T21:49:49.534+0000 7f68deffd700 1 --2- >> [v2:172.21.15.17:3300/0,v1:172.21.15.17:6789/0] conn(0x7f68e0106fb0 0x7f68e019b040 unknown :-1 s=BANNER_CONNECTING pgs=0 cs=0 l=1 rev1=0 crypto rx=0 tx=0 comp rx=0 tx=0)._handle_peer_banner_payload supported=3 required=0
2024-03-18T21:49:50.320 INFO:teuthology.orchestra.run.smithi017.stdout:/usr/bin/ceph: stderr
2024-03-18T21:49:49.534+0000 7f68deffd700 1 --2- >> [v2:172.21.15.17:3300/0,v1:172.21.15.17:6789/0] conn(0x7f68e0106fb0 0x7f68e019b040 unknown :-1 s=HELLO_CONNECTING pgs=0 cs=0 l=1 rev1=1 crypto rx=0 tx=0 comp rx=0 tx=0).handle_hello peer v2:172.21.15.17:3300/0 says I am v2:172.21.15.17:54404/0 (socket says 172.21.15.17:54404)
2024-03-18T21:49:50.320 INFO:teuthology.orchestra.run.smithi017.stdout:/usr/bin/ceph: stderr
2024-03-18T21:49:49.534+0000 7f68deffd700 1 -- 172.21.15.17:0/408004743 learned_addr learned my addr 172.21.15.17:0/408004743 (peer_addr_for_me v2:172.21.15.17:0/0)
2024-03-18T21:49:50.320 INFO:teuthology.orchestra.run.smithi017.stdout:/usr/bin/ceph: stderr
2024-03-18T21:49:49.534+0000 7f68deffd700 1 -- 172.21.15.17:0/408004743 --> [v2:172.21.15.17:3300/0,v1:172.21.15.17:6789/0] -- mon_subscribe({config=0+,monmap=0+}) -- 0x7f68e019b580 con 0x7f68e0106fb0
2024-03-18T21:49:50.320 INFO:teuthology.orchestra.run.smithi017.stdout:/usr/bin/ceph: stderr
2024-03-18T21:49:49.534+0000 7f68deffd700 1 --2- 172.21.15.17:0/408004743 >> [v2:172.21.15.17:3300/0,v1:172.21.15.17:6789/0] conn(0x7f68e0106fb0 0x7f68e019b040 secure :-1 s=READY pgs=46 cs=0 l=1 rev1=1 crypto rx=0x7f68d00117a0 tx=0x7f68d001b6c0 comp rx=0 tx=0).ready entity=mon.0 client_cookie=0 server_cookie=0 in_seq=0 out_seq=0
2024-03-18T21:49:50.320 INFO:teuthology.orchestra.run.smithi017.stdout:/usr/bin/ceph: stderr
2024-03-18T21:49:49.534+0000 7f68c7fff700 1 -- 172.21.15.17:0/408004743 <== mon.0 v2:172.21.15.17:3300/0 1 ==== mon_map magic: 0 ==== 205+0+0 (secure 0 0 0) 0x7f68d001bd70 con 0x7f68e0106fb0
2024-03-18T21:49:50.321 INFO:teuthology.orchestra.run.smithi017.stdout:/usr/bin/ceph: stderr
2024-03-18T21:49:49.534+0000 7f68e5533700 1 -- 172.21.15.17:0/408004743 --> [v2:172.21.15.17:3300/0,v1:172.21.15.17:6789/0] -- mon_subscribe({mgrmap=0+}) -- 0x7f68e019b810 con 0x7f68e0106fb0
2024-03-18T21:49:50.321 INFO:teuthology.orchestra.run.smithi017.stdout:/usr/bin/ceph: stderr
2024-03-18T21:49:49.534+0000 7f68c7fff700 1 -- 172.21.15.17:0/408004743 <== mon.0 v2:172.21.15.17:3300/0 2 ==== config(29 keys) ==== 1178+0+0 (secure 0 0 0) 0x7f68d001c950 con 0x7f68e0106fb0
2024-03-18T21:49:50.321 INFO:teuthology.orchestra.run.smithi017.stdout:/usr/bin/ceph: stderr
2024-03-18T21:49:49.534+0000 7f68c7fff700 1 -- 172.21.15.17:0/408004743 <== mon.0 v2:172.21.15.17:3300/0 3 ==== mon_map magic: 0 ==== 205+0+0 (secure 0 0 0) 0x7f68d0026a90 con 0x7f68e0106fb0
2024-03-18T21:49:50.321 INFO:teuthology.orchestra.run.smithi017.stdout:/usr/bin/ceph: stderr
2024-03-18T21:49:49.534+0000 7f68e5533700 1 -- 172.21.15.17:0/408004743 --> [v2:172.21.15.17:3300/0,v1:172.21.15.17:6789/0] -- mon_subscribe({osdmap=0}) -- 0x7f68e007afc0 con 0x7f68e0106fb0
2024-03-18T21:49:50.321 INFO:teuthology.orchestra.run.smithi017.stdout:/usr/bin/ceph: stderr
2024-03-18T21:49:49.535+0000 7f68c7fff700 1 -- 172.21.15.17:0/408004743 <== mon.0 v2:172.21.15.17:3300/0 4 ==== mgrmap(e 8) ==== 46106+0+0 (secure 0 0 0) 0x7f68d002f3f0 con 0x7f68e0106fb0
2024-03-18T21:49:50.321 INFO:teuthology.orchestra.run.smithi017.stdout:/usr/bin/ceph: stderr
2024-03-18T21:49:49.535+0000 7f68e5533700 1 -- 172.21.15.17:0/408004743 --> [v2:172.21.15.17:3300/0,v1:172.21.15.17:6789/0] -- mon_command({"prefix": "get_command_descriptions"} v 0) -- 0x7f68e0063940 con 0x7f68e0106fb0
2024-03-18T21:49:50.321 INFO:teuthology.orchestra.run.smithi017.stdout:/usr/bin/ceph: stderr
2024-03-18T21:49:49.535+0000 7f68c7fff700 1 --2- 172.21.15.17:0/408004743 >> [v2:172.21.15.17:6800/3496342004,v1:172.21.15.17:6801/3496342004] conn(0x7f68c8038ed0 0x7f68c803b390 unknown :-1 s=NONE pgs=0 cs=0 l=1 rev1=0 crypto rx=0 tx=0 comp rx=0 tx=0).connect
2024-03-18T21:49:50.321 INFO:teuthology.orchestra.run.smithi017.stdout:/usr/bin/ceph: stderr
2024-03-18T21:49:49.535+0000 7f68c7fff700 1 -- 172.21.15.17:0/408004743 <== mon.0 v2:172.21.15.17:3300/0 5 ==== osd_map(2..2 src has 1..2) ==== 940+0+0 (secure 0 0 0) 0x7f68d004f740 con 0x7f68e0106fb0
2024-03-18T21:49:50.321 INFO:teuthology.orchestra.run.smithi017.stdout:/usr/bin/ceph: stderr
2024-03-18T21:49:49.535+0000 7f68de7fc700 1 --2- 172.21.15.17:0/408004743 >> [v2:172.21.15.17:6800/3496342004,v1:172.21.15.17:6801/3496342004] conn(0x7f68c8038ed0 0x7f68c803b390 unknown :-1 s=BANNER_CONNECTING pgs=0 cs=0 l=1 rev1=0 crypto rx=0 tx=0 comp rx=0 tx=0)._handle_peer_banner_payload supported=3 required=0
2024-03-18T21:49:50.321 INFO:teuthology.orchestra.run.smithi017.stdout:/usr/bin/ceph: stderr
2024-03-18T21:49:49.536+0000 7f68de7fc700 1 --2- 172.21.15.17:0/408004743 >> [v2:172.21.15.17:6800/3496342004,v1:172.21.15.17:6801/3496342004] conn(0x7f68c8038ed0 0x7f68c803b390 secure :-1 s=READY pgs=12 cs=0 l=1 rev1=1 crypto rx=0x7f68d4006fd0 tx=0x7f68d4006e40 comp rx=0 tx=0).ready entity=mgr.14118 client_cookie=0 server_cookie=0 in_seq=0 out_seq=0
2024-03-18T21:49:50.321 INFO:teuthology.orchestra.run.smithi017.stdout:/usr/bin/ceph: stderr
2024-03-18T21:49:49.540+0000 7f68c7fff700 1 -- 172.21.15.17:0/408004743 <== mon.0 v2:172.21.15.17:3300/0 6 ==== mon_command_ack([{"prefix": "get_command_descriptions"}]=0 v0) ==== 72+0+186149 (secure 0 0 0) 0x7f68d00172b0 con 0x7f68e0106fb0
2024-03-18T21:49:50.321 INFO:teuthology.orchestra.run.smithi017.stdout:/usr/bin/ceph: stderr
2024-03-18T21:49:49.758+0000 7f68e5533700 1 -- 172.21.15.17:0/408004743 --> [v2:172.21.15.17:6800/3496342004,v1:172.21.15.17:6801/3496342004] -- mgr_command(tid 0: {"prefix": "orch apply", "service_type": "mon", "unmanaged": true, "target": ["mon-mgr", ""]}) -- 0x7f68e01037f0 con 0x7f68c8038ed0
2024-03-18T21:49:50.321 INFO:teuthology.orchestra.run.smithi017.stdout:/usr/bin/ceph: stderr
2024-03-18T21:49:49.763+0000 7f68c7fff700 1 -- 172.21.15.17:0/408004743 <== mgr.14118 v2:172.21.15.17:6800/3496342004 1 ==== mgr_command_reply(tid 0: 0 ) ==== 8+0+24 (secure 0 0 0) 0x7f68e01037f0 con 0x7f68c8038ed0
2024-03-18T21:49:50.322 INFO:teuthology.orchestra.run.smithi017.stdout:/usr/bin/ceph: stderr
2024-03-18T21:49:49.765+0000 7f68e5533700 1 -- 172.21.15.17:0/408004743 >> [v2:172.21.15.17:6800/3496342004,v1:172.21.15.17:6801/3496342004] conn(0x7f68c8038ed0 msgr2=0x7f68c803b390 secure :-1 s=STATE_CONNECTION_ESTABLISHED l=1).mark_down
2024-03-18T21:49:50.322 INFO:teuthology.orchestra.run.smithi017.stdout:/usr/bin/ceph: stderr
2024-03-18T21:49:49.765+0000 7f68e5533700 1 --2- 172.21.15.17:0/408004743 >> [v2:172.21.15.17:6800/3496342004,v1:172.21.15.17:6801/3496342004] conn(0x7f68c8038ed0 0x7f68c803b390 secure :-1 s=READY pgs=12 cs=0 l=1 rev1=1 crypto rx=0x7f68d4006fd0 tx=0x7f68d4006e40 comp rx=0 tx=0).stop
2024-03-18T21:49:50.322 INFO:teuthology.orchestra.run.smithi017.stdout:/usr/bin/ceph: stderr
2024-03-18T21:49:49.765+0000 7f68e5533700 1 -- 172.21.15.17:0/408004743 >> [v2:172.21.15.17:3300/0,v1:172.21.15.17:6789/0] conn(0x7f68e0106fb0 msgr2=0x7f68e019b040 secure :-1 s=STATE_CONNECTION_ESTABLISHED l=1).mark_down
2024-03-18T21:49:50.322 INFO:teuthology.orchestra.run.smithi017.stdout:/usr/bin/ceph: stderr
2024-03-18T21:49:49.765+0000 7f68e5533700 1 --2- 172.21.15.17:0/408004743 >> [v2:172.21.15.17:3300/0,v1:172.21.15.17:6789/0] conn(0x7f68e0106fb0 0x7f68e019b040 secure :-1 s=READY pgs=46 cs=0 l=1 rev1=1 crypto rx=0x7f68d00117a0 tx=0x7f68d001b6c0 comp rx=0 tx=0).stop
2024-03-18T21:49:50.322 INFO:teuthology.orchestra.run.smithi017.stdout:/usr/bin/ceph: stderr
2024-03-18T21:49:49.765+0000 7f68e5533700 1 -- 172.21.15.17:0/408004743 shutdown_connections
2024-03-18T21:49:50.322 INFO:teuthology.orchestra.run.smithi017.stdout:/usr/bin/ceph: stderr
2024-03-18T21:49:49.765+0000 7f68e5533700 1 --2- 172.21.15.17:0/408004743 >> [v2:172.21.15.17:6800/3496342004,v1:172.21.15.17:6801/3496342004] conn(0x7f68c8038ed0 0x7f68c803b390 unknown :-1 s=CLOSED pgs=12 cs=0 l=1 rev1=1 crypto rx=0 tx=0 comp rx=0 tx=0).stop
2024-03-18T21:49:50.322 INFO:teuthology.orchestra.run.smithi017.stdout:/usr/bin/ceph: stderr
2024-03-18T21:49:49.765+0000 7f68e5533700 1 --2- 172.21.15.17:0/408004743 >> [v2:172.21.15.17:3300/0,v1:172.21.15.17:6789/0] conn(0x7f68e0106fb0 0x7f68e019b040 unknown :-1 s=CLOSED pgs=46 cs=0 l=1 rev1=1 crypto rx=0 tx=0 comp rx=0 tx=0).stop
2024-03-18T21:49:50.322 INFO:teuthology.orchestra.run.smithi017.stdout:/usr/bin/ceph: stderr
2024-03-18T21:49:49.765+0000 7f68e5533700 1 -- 172.21.15.17:0/408004743 >> 172.21.15.17:0/408004743 conn(0x7f68e01025b0 msgr2=0x7f68e01030e0 unknown :-1 s=STATE_NONE l=0).mark_down
2024-03-18T21:49:50.322 INFO:teuthology.orchestra.run.smithi017.stdout:/usr/bin/ceph: stderr
2024-03-18T21:49:49.766+0000 7f68e5533700 1 -- 172.21.15.17:0/408004743 shutdown_connections
2024-03-18T21:49:50.322 INFO:teuthology.orchestra.run.smithi017.stdout:/usr/bin/ceph: stderr
2024-03-18T21:49:49.766+0000 7f68e5533700 1 -- 172.21.15.17:0/408004743 wait complete.
2024-03-18T21:49:50.322 INFO:teuthology.orchestra.run.smithi017.stdout:Deploying unmanaged mgr service...
2024-03-18T21:49:50.974 INFO:journalctl@ceph.mon.a.smithi017.stdout:Mar 18 21:49:50 smithi017 ceph-mon[32281]: from='client.14140 -' entity='client.admin' cmd=[{"prefix": "orch apply", "service_type": "mon", "unmanaged": true, "target": ["mon-mgr", ""]}]: dispatch
2024-03-18T21:49:50.974 INFO:journalctl@ceph.mon.a.smithi017.stdout:Mar 18 21:49:50 smithi017 ceph-mon[32281]: Saving service mon spec with placement count:5
2024-03-18T21:49:50.974 INFO:journalctl@ceph.mon.a.smithi017.stdout:Mar 18 21:49:50 smithi017 ceph-mon[32281]: from='mgr.14118 172.21.15.17:0/1745908155' entity='mgr.x'
2024-03-18T21:49:52.456 INFO:journalctl@ceph.mon.a.smithi017.stdout:Mar 18 21:49:52 smithi017 ceph-mon[32281]: from='mgr.14118 172.21.15.17:0/1745908155' entity='mgr.x'
2024-03-18T21:49:52.456 INFO:journalctl@ceph.mon.a.smithi017.stdout:Mar 18 21:49:52 smithi017 ceph-mon[32281]: from='mgr.14118 172.21.15.17:0/1745908155' entity='mgr.x'
2024-03-18T21:49:52.456 INFO:journalctl@ceph.mon.a.smithi017.stdout:Mar 18 21:49:52 smithi017 ceph-mon[32281]: from='mgr.14118 172.21.15.17:0/1745908155' entity='mgr.x'
2024-03-18T21:49:52.463 INFO:teuthology.orchestra.run.smithi017.stdout:/usr/bin/ceph: stdout Scheduled mgr update...
2024-03-18T21:49:52.463 INFO:teuthology.orchestra.run.smithi017.stdout:/usr/bin/ceph: stderr
2024-03-18T21:49:51.645+0000 7f659db51700 1 Processor -- start
2024-03-18T21:49:52.463 INFO:teuthology.orchestra.run.smithi017.stdout:/usr/bin/ceph: stderr
2024-03-18T21:49:51.645+0000 7f659db51700 1 -- start start
2024-03-18T21:49:52.463 INFO:teuthology.orchestra.run.smithi017.stdout:/usr/bin/ceph: stderr
2024-03-18T21:49:51.645+0000 7f659db51700 1 --2- >> [v2:172.21.15.17:3300/0,v1:172.21.15.17:6789/0] conn(0x7f6598108170 0x7f6598108590 unknown :-1 s=NONE pgs=0 cs=0 l=0 rev1=0 crypto rx=0 tx=0 comp rx=0 tx=0).connect
2024-03-18T21:49:52.463 INFO:teuthology.orchestra.run.smithi017.stdout:/usr/bin/ceph: stderr
2024-03-18T21:49:51.645+0000 7f659db51700 1 -- --> [v2:172.21.15.17:3300/0,v1:172.21.15.17:6789/0] -- mon_getmap magic: 0 -- 0x7f6598108ad0 con 0x7f6598108170
2024-03-18T21:49:52.463 INFO:teuthology.orchestra.run.smithi017.stdout:/usr/bin/ceph: stderr
2024-03-18T21:49:51.645+0000 7f65977fe700 1 --2- >> [v2:172.21.15.17:3300/0,v1:172.21.15.17:6789/0] conn(0x7f6598108170 0x7f6598108590 unknown :-1 s=BANNER_CONNECTING pgs=0 cs=0 l=0 rev1=0 crypto rx=0 tx=0 comp rx=0 tx=0)._handle_peer_banner_payload supported=3 required=0
2024-03-18T21:49:52.463 INFO:teuthology.orchestra.run.smithi017.stdout:/usr/bin/ceph: stderr
2024-03-18T21:49:51.645+0000 7f65977fe700 1 --2- >> [v2:172.21.15.17:3300/0,v1:172.21.15.17:6789/0] conn(0x7f6598108170 0x7f6598108590 unknown :-1 s=HELLO_CONNECTING pgs=0 cs=0 l=0 rev1=1 crypto rx=0 tx=0 comp rx=0 tx=0).handle_hello peer v2:172.21.15.17:3300/0 says I am v2:172.21.15.17:54412/0 (socket says 172.21.15.17:54412)
2024-03-18T21:49:52.463 INFO:teuthology.orchestra.run.smithi017.stdout:/usr/bin/ceph: stderr
2024-03-18T21:49:51.645+0000 7f65977fe700 1 -- 172.21.15.17:0/2689559477 learned_addr learned my addr 172.21.15.17:0/2689559477 (peer_addr_for_me v2:172.21.15.17:0/0)
2024-03-18T21:49:52.463 INFO:teuthology.orchestra.run.smithi017.stdout:/usr/bin/ceph: stderr
2024-03-18T21:49:51.645+0000 7f65977fe700 1 -- 172.21.15.17:0/2689559477 --> [v2:172.21.15.17:3300/0,v1:172.21.15.17:6789/0] -- mon_subscribe({config=0+,monmap=0+}) -- 0x7f6598108c50 con 0x7f6598108170
2024-03-18T21:49:52.463 INFO:teuthology.orchestra.run.smithi017.stdout:/usr/bin/ceph: stderr
2024-03-18T21:49:51.646+0000 7f65977fe700 1 --2- 172.21.15.17:0/2689559477 >> [v2:172.21.15.17:3300/0,v1:172.21.15.17:6789/0] conn(0x7f6598108170 0x7f6598108590 secure :-1 s=READY pgs=47 cs=0 l=1 rev1=1 crypto rx=0x7f65880098a0 tx=0x7f6588009bb0 comp rx=0 tx=0).ready entity=mon.0 client_cookie=61e61b6d8c8ea2d1 server_cookie=0 in_seq=0 out_seq=0
2024-03-18T21:49:52.463 INFO:teuthology.orchestra.run.smithi017.stdout:/usr/bin/ceph: stderr
2024-03-18T21:49:51.646+0000 7f65967fc700 1 -- 172.21.15.17:0/2689559477 <== mon.0 v2:172.21.15.17:3300/0 1 ==== mon_map magic: 0 ==== 205+0+0 (secure 0 0 0) 0x7f6588004160 con 0x7f6598108170
2024-03-18T21:49:52.464 INFO:teuthology.orchestra.run.smithi017.stdout:/usr/bin/ceph: stderr
2024-03-18T21:49:51.646+0000 7f65967fc700 1 -- 172.21.15.17:0/2689559477 <== mon.0 v2:172.21.15.17:3300/0 2 ==== config(29 keys) ==== 1209+0+0 (secure 0 0 0) 0x7f6588004300 con 0x7f6598108170
2024-03-18T21:49:52.464 INFO:teuthology.orchestra.run.smithi017.stdout:/usr/bin/ceph: stderr
2024-03-18T21:49:51.646+0000 7f65967fc700 1 -- 172.21.15.17:0/2689559477 <== mon.0 v2:172.21.15.17:3300/0 3 ==== mon_map magic: 0 ==== 205+0+0 (secure 0 0 0) 0x7f6588011c70 con 0x7f6598108170
2024-03-18T21:49:52.464 INFO:teuthology.orchestra.run.smithi017.stdout:/usr/bin/ceph: stderr
2024-03-18T21:49:51.646+0000 7f659db51700 1 -- 172.21.15.17:0/2689559477 >> [v2:172.21.15.17:3300/0,v1:172.21.15.17:6789/0] conn(0x7f6598108170 msgr2=0x7f6598108590 secure :-1 s=STATE_CONNECTION_ESTABLISHED l=1).mark_down
2024-03-18T21:49:52.464 INFO:teuthology.orchestra.run.smithi017.stdout:/usr/bin/ceph: stderr
2024-03-18T21:49:51.646+0000 7f659db51700 1 --2- 172.21.15.17:0/2689559477 >> [v2:172.21.15.17:3300/0,v1:172.21.15.17:6789/0] conn(0x7f6598108170 0x7f6598108590 secure :-1 s=READY pgs=47 cs=0 l=1 rev1=1 crypto rx=0x7f65880098a0 tx=0x7f6588009bb0 comp rx=0 tx=0).stop
2024-03-18T21:49:52.464 INFO:teuthology.orchestra.run.smithi017.stdout:/usr/bin/ceph: stderr
2024-03-18T21:49:51.647+0000 7f659db51700 1 -- 172.21.15.17:0/2689559477 shutdown_connections
2024-03-18T21:49:52.464 INFO:teuthology.orchestra.run.smithi017.stdout:/usr/bin/ceph: stderr
2024-03-18T21:49:51.647+0000 7f659db51700 1 --2- 172.21.15.17:0/2689559477 >> [v2:172.21.15.17:3300/0,v1:172.21.15.17:6789/0] conn(0x7f6598108170 0x7f6598108590 unknown :-1 s=CLOSED pgs=47 cs=0 l=1 rev1=1 crypto rx=0 tx=0 comp rx=0 tx=0).stop
2024-03-18T21:49:52.464 INFO:teuthology.orchestra.run.smithi017.stdout:/usr/bin/ceph: stderr
2024-03-18T21:49:51.647+0000 7f659db51700 1 -- 172.21.15.17:0/2689559477 >> 172.21.15.17:0/2689559477 conn(0x7f6598103810 msgr2=0x7f6598105c30 unknown :-1 s=STATE_NONE l=0).mark_down
2024-03-18T21:49:52.464 INFO:teuthology.orchestra.run.smithi017.stdout:/usr/bin/ceph: stderr
2024-03-18T21:49:51.647+0000 7f659db51700 1 -- 172.21.15.17:0/2689559477 shutdown_connections
2024-03-18T21:49:52.464 INFO:teuthology.orchestra.run.smithi017.stdout:/usr/bin/ceph: stderr
2024-03-18T21:49:51.647+0000 7f659db51700 1 -- 172.21.15.17:0/2689559477 wait complete.
2024-03-18T21:49:52.464 INFO:teuthology.orchestra.run.smithi017.stdout:/usr/bin/ceph: stderr
2024-03-18T21:49:51.647+0000 7f659db51700 1 Processor -- start
2024-03-18T21:49:52.464 INFO:teuthology.orchestra.run.smithi017.stdout:/usr/bin/ceph: stderr
2024-03-18T21:49:51.647+0000 7f659db51700 1 -- start start
2024-03-18T21:49:52.464 INFO:teuthology.orchestra.run.smithi017.stdout:/usr/bin/ceph: stderr
2024-03-18T21:49:51.648+0000 7f659db51700 1 --2- >> [v2:172.21.15.17:3300/0,v1:172.21.15.17:6789/0] conn(0x7f6598108170 0x7f659819c110 unknown :-1 s=NONE pgs=0 cs=0 l=1 rev1=0 crypto rx=0 tx=0 comp rx=0 tx=0).connect
2024-03-18T21:49:52.464 INFO:teuthology.orchestra.run.smithi017.stdout:/usr/bin/ceph: stderr
2024-03-18T21:49:51.648+0000 7f659db51700 1 -- --> [v2:172.21.15.17:3300/0,v1:172.21.15.17:6789/0] -- mon_getmap magic: 0 -- 0x7f659810c540 con 0x7f6598108170
2024-03-18T21:49:52.464 INFO:teuthology.orchestra.run.smithi017.stdout:/usr/bin/ceph: stderr
2024-03-18T21:49:51.648+0000 7f65977fe700 1 --2- >> [v2:172.21.15.17:3300/0,v1:172.21.15.17:6789/0] conn(0x7f6598108170 0x7f659819c110 unknown :-1 s=BANNER_CONNECTING pgs=0 cs=0 l=1 rev1=0 crypto rx=0 tx=0 comp rx=0 tx=0)._handle_peer_banner_payload supported=3 required=0
2024-03-18T21:49:52.465 INFO:teuthology.orchestra.run.smithi017.stdout:/usr/bin/ceph: stderr
2024-03-18T21:49:51.648+0000 7f65977fe700 1 --2- >> [v2:172.21.15.17:3300/0,v1:172.21.15.17:6789/0] conn(0x7f6598108170 0x7f659819c110 unknown :-1 s=HELLO_CONNECTING pgs=0 cs=0 l=1 rev1=1 crypto rx=0 tx=0 comp rx=0 tx=0).handle_hello peer v2:172.21.15.17:3300/0 says I am v2:172.21.15.17:54422/0 (socket says 172.21.15.17:54422)
2024-03-18T21:49:52.465 INFO:teuthology.orchestra.run.smithi017.stdout:/usr/bin/ceph: stderr
2024-03-18T21:49:51.648+0000 7f65977fe700 1 -- 172.21.15.17:0/4111301813 learned_addr learned my addr 172.21.15.17:0/4111301813 (peer_addr_for_me v2:172.21.15.17:0/0)
2024-03-18T21:49:52.465 INFO:teuthology.orchestra.run.smithi017.stdout:/usr/bin/ceph: stderr
2024-03-18T21:49:51.648+0000 7f65977fe700 1 -- 172.21.15.17:0/4111301813 --> [v2:172.21.15.17:3300/0,v1:172.21.15.17:6789/0] -- mon_subscribe({config=0+,monmap=0+}) -- 0x7f659819c650 con 0x7f6598108170
2024-03-18T21:49:52.465 INFO:teuthology.orchestra.run.smithi017.stdout:/usr/bin/ceph: stderr
2024-03-18T21:49:51.648+0000 7f65977fe700 1 --2- 172.21.15.17:0/4111301813 >> [v2:172.21.15.17:3300/0,v1:172.21.15.17:6789/0] conn(0x7f6598108170 0x7f659819c110 secure :-1 s=READY pgs=48 cs=0 l=1 rev1=1 crypto rx=0x7f6588006b20 tx=0x7f6588011ac0 comp rx=0 tx=0).ready entity=mon.0 client_cookie=0 server_cookie=0 in_seq=0 out_seq=0
2024-03-18T21:49:52.465 INFO:teuthology.orchestra.run.smithi017.stdout:/usr/bin/ceph: stderr
2024-03-18T21:49:51.648+0000 7f6594ff9700 1 -- 172.21.15.17:0/4111301813 <== mon.0 v2:172.21.15.17:3300/0 1 ==== mon_map magic: 0 ==== 205+0+0 (secure 0 0 0) 0x7f65880039e0 con 0x7f6598108170
2024-03-18T21:49:52.465 INFO:teuthology.orchestra.run.smithi017.stdout:/usr/bin/ceph: stderr
2024-03-18T21:49:51.648+0000 7f6594ff9700 1 -- 172.21.15.17:0/4111301813 <== mon.0 v2:172.21.15.17:3300/0 2 ==== config(29 keys) ==== 1209+0+0 (secure 0 0 0) 0x7f6588003b80 con 0x7f6598108170
2024-03-18T21:49:52.465 INFO:teuthology.orchestra.run.smithi017.stdout:/usr/bin/ceph: stderr
2024-03-18T21:49:51.648+0000 7f6594ff9700 1 -- 172.21.15.17:0/4111301813 <== mon.0 v2:172.21.15.17:3300/0 3 ==== mon_map magic: 0 ==== 205+0+0 (secure 0 0 0) 0x7f6588024670 con 0x7f6598108170
2024-03-18T21:49:52.465 INFO:teuthology.orchestra.run.smithi017.stdout:/usr/bin/ceph: stderr
2024-03-18T21:49:51.648+0000 7f659db51700 1 -- 172.21.15.17:0/4111301813 --> [v2:172.21.15.17:3300/0,v1:172.21.15.17:6789/0] -- mon_subscribe({mgrmap=0+}) -- 0x7f659819c8e0 con 0x7f6598108170
2024-03-18T21:49:52.465 INFO:teuthology.orchestra.run.smithi017.stdout:/usr/bin/ceph: stderr
2024-03-18T21:49:51.648+0000 7f659db51700 1 -- 172.21.15.17:0/4111301813 --> [v2:172.21.15.17:3300/0,v1:172.21.15.17:6789/0] -- mon_subscribe({osdmap=0}) -- 0x7f659819f5d0 con 0x7f6598108170
2024-03-18T21:49:52.465 INFO:teuthology.orchestra.run.smithi017.stdout:/usr/bin/ceph: stderr
2024-03-18T21:49:51.649+0000 7f6594ff9700 1 -- 172.21.15.17:0/4111301813 <== mon.0 v2:172.21.15.17:3300/0 4 ==== mgrmap(e 8) ==== 46106+0+0 (secure 0 0 0) 0x7f6588022020 con 0x7f6598108170
2024-03-18T21:49:52.465 INFO:teuthology.orchestra.run.smithi017.stdout:/usr/bin/ceph: stderr
2024-03-18T21:49:51.649+0000 7f659db51700 1 -- 172.21.15.17:0/4111301813 --> [v2:172.21.15.17:3300/0,v1:172.21.15.17:6789/0] -- mon_command({"prefix": "get_command_descriptions"} v 0) -- 0x7f6598063940 con 0x7f6598108170
2024-03-18T21:49:52.465 INFO:teuthology.orchestra.run.smithi017.stdout:/usr/bin/ceph: stderr
2024-03-18T21:49:51.649+0000 7f6594ff9700 1 --2- 172.21.15.17:0/4111301813 >> [v2:172.21.15.17:6800/3496342004,v1:172.21.15.17:6801/3496342004] conn(0x7f6580038f70 0x7f658003b430 unknown :-1 s=NONE pgs=0 cs=0 l=1 rev1=0 crypto rx=0 tx=0 comp rx=0 tx=0).connect
2024-03-18T21:49:52.465 INFO:teuthology.orchestra.run.smithi017.stdout:/usr/bin/ceph: stderr
2024-03-18T21:49:51.650+0000 7f6594ff9700 1 -- 172.21.15.17:0/4111301813 <== mon.0 v2:172.21.15.17:3300/0 5 ==== osd_map(2..2 src has 1..2) ==== 940+0+0 (secure 0 0 0) 0x7f658804ccf0 con 0x7f6598108170
2024-03-18T21:49:52.465 INFO:teuthology.orchestra.run.smithi017.stdout:/usr/bin/ceph: stderr
2024-03-18T21:49:51.650+0000 7f6596ffd700 1 --2- 172.21.15.17:0/4111301813 >> [v2:172.21.15.17:6800/3496342004,v1:172.21.15.17:6801/3496342004] conn(0x7f6580038f70 0x7f658003b430 unknown :-1 s=BANNER_CONNECTING pgs=0 cs=0 l=1 rev1=0 crypto rx=0 tx=0 comp rx=0 tx=0)._handle_peer_banner_payload supported=3 required=0
2024-03-18T21:49:52.466 INFO:teuthology.orchestra.run.smithi017.stdout:/usr/bin/ceph: stderr
2024-03-18T21:49:51.650+0000 7f6596ffd700 1 --2- 172.21.15.17:0/4111301813 >> [v2:172.21.15.17:6800/3496342004,v1:172.21.15.17:6801/3496342004] conn(0x7f6580038f70 0x7f658003b430 secure :-1 s=READY pgs=13 cs=0 l=1 rev1=1 crypto rx=0x7f658c006fd0 tx=0x7f658c006e40 comp rx=0 tx=0).ready entity=mgr.14118 client_cookie=0 server_cookie=0 in_seq=0 out_seq=0
2024-03-18T21:49:52.466 INFO:teuthology.orchestra.run.smithi017.stdout:/usr/bin/ceph: stderr
2024-03-18T21:49:51.655+0000 7f6594ff9700 1 -- 172.21.15.17:0/4111301813 <== mon.0 v2:172.21.15.17:3300/0 6 ==== mon_command_ack([{"prefix": "get_command_descriptions"}]=0 v0) ==== 72+0+186149 (secure 0 0 0) 0x7f6588017ca0 con 0x7f6598108170
2024-03-18T21:49:52.466 INFO:teuthology.orchestra.run.smithi017.stdout:/usr/bin/ceph: stderr
2024-03-18T21:49:51.877+0000 7f659db51700 1 -- 172.21.15.17:0/4111301813 --> [v2:172.21.15.17:6800/3496342004,v1:172.21.15.17:6801/3496342004] -- mgr_command(tid 0: {"prefix": "orch apply", "service_type": "mgr", "unmanaged": true, "target": ["mon-mgr", ""]}) -- 0x7f65981049c0 con 0x7f6580038f70
2024-03-18T21:49:52.466 INFO:teuthology.orchestra.run.smithi017.stdout:/usr/bin/ceph: stderr
2024-03-18T21:49:51.882+0000 7f6594ff9700 1 -- 172.21.15.17:0/4111301813 <== mgr.14118 v2:172.21.15.17:6800/3496342004 1 ==== mgr_command_reply(tid 0: 0 ) ==== 8+0+24 (secure 0 0 0) 0x7f65981049c0 con 0x7f6580038f70
2024-03-18T21:49:52.466 INFO:teuthology.orchestra.run.smithi017.stdout:/usr/bin/ceph: stderr
2024-03-18T21:49:51.884+0000 7f659db51700 1 -- 172.21.15.17:0/4111301813 >> [v2:172.21.15.17:6800/3496342004,v1:172.21.15.17:6801/3496342004] conn(0x7f6580038f70 msgr2=0x7f658003b430 secure :-1 s=STATE_CONNECTION_ESTABLISHED l=1).mark_down
2024-03-18T21:49:52.466 INFO:teuthology.orchestra.run.smithi017.stdout:/usr/bin/ceph: stderr
2024-03-18T21:49:51.884+0000 7f659db51700 1 --2- 172.21.15.17:0/4111301813 >> [v2:172.21.15.17:6800/3496342004,v1:172.21.15.17:6801/3496342004] conn(0x7f6580038f70 0x7f658003b430 secure :-1 s=READY pgs=13 cs=0 l=1 rev1=1 crypto rx=0x7f658c006fd0 tx=0x7f658c006e40 comp rx=0 tx=0).stop
2024-03-18T21:49:52.466 INFO:teuthology.orchestra.run.smithi017.stdout:/usr/bin/ceph: stderr
2024-03-18T21:49:51.884+0000 7f659db51700 1 -- 172.21.15.17:0/4111301813 >> [v2:172.21.15.17:3300/0,v1:172.21.15.17:6789/0] conn(0x7f6598108170 msgr2=0x7f659819c110 secure :-1 s=STATE_CONNECTION_ESTABLISHED l=1).mark_down
2024-03-18T21:49:52.466 INFO:teuthology.orchestra.run.smithi017.stdout:/usr/bin/ceph: stderr
2024-03-18T21:49:51.884+0000 7f659db51700 1 --2- 172.21.15.17:0/4111301813 >> [v2:172.21.15.17:3300/0,v1:172.21.15.17:6789/0] conn(0x7f6598108170 0x7f659819c110 secure :-1 s=READY pgs=48 cs=0 l=1 rev1=1 crypto rx=0x7f6588006b20 tx=0x7f6588011ac0 comp rx=0 tx=0).stop
2024-03-18T21:49:52.466 INFO:teuthology.orchestra.run.smithi017.stdout:/usr/bin/ceph: stderr
2024-03-18T21:49:51.885+0000 7f659db51700 1 -- 172.21.15.17:0/4111301813 shutdown_connections
2024-03-18T21:49:52.466 INFO:teuthology.orchestra.run.smithi017.stdout:/usr/bin/ceph: stderr
2024-03-18T21:49:51.885+0000 7f659db51700 1 --2- 172.21.15.17:0/4111301813 >> [v2:172.21.15.17:6800/3496342004,v1:172.21.15.17:6801/3496342004] conn(0x7f6580038f70 0x7f658003b430 unknown :-1 s=CLOSED pgs=13 cs=0 l=1 rev1=1 crypto rx=0 tx=0 comp rx=0 tx=0).stop
2024-03-18T21:49:52.466 INFO:teuthology.orchestra.run.smithi017.stdout:/usr/bin/ceph: stderr
2024-03-18T21:49:51.885+0000 7f659db51700 1 --2- 172.21.15.17:0/4111301813 >> [v2:172.21.15.17:3300/0,v1:172.21.15.17:6789/0] conn(0x7f6598108170 0x7f659819c110 unknown :-1 s=CLOSED pgs=48 cs=0 l=1 rev1=1 crypto rx=0 tx=0 comp rx=0 tx=0).stop
2024-03-18T21:49:52.466 INFO:teuthology.orchestra.run.smithi017.stdout:/usr/bin/ceph: stderr
2024-03-18T21:49:51.885+0000 7f659db51700 1 -- 172.21.15.17:0/4111301813 >> 172.21.15.17:0/4111301813 conn(0x7f6598103810 msgr2=0x7f65981042b0 unknown :-1 s=STATE_NONE l=0).mark_down
2024-03-18T21:49:52.466 INFO:teuthology.orchestra.run.smithi017.stdout:/usr/bin/ceph: stderr
2024-03-18T21:49:51.885+0000 7f659db51700 1 -- 172.21.15.17:0/4111301813 shutdown_connections
2024-03-18T21:49:52.466 INFO:teuthology.orchestra.run.smithi017.stdout:/usr/bin/ceph: stderr
2024-03-18T21:49:51.885+0000 7f659db51700 1 -- 172.21.15.17:0/4111301813 wait complete.
2024-03-18T21:49:53.543 INFO:journalctl@ceph.mon.a.smithi017.stdout:Mar 18 21:49:53 smithi017 ceph-mon[32281]: from='client.14142 -' entity='client.admin' cmd=[{"prefix": "orch apply", "service_type": "mgr", "unmanaged": true, "target": ["mon-mgr", ""]}]: dispatch
2024-03-18T21:49:53.544 INFO:journalctl@ceph.mon.a.smithi017.stdout:Mar 18 21:49:53 smithi017 ceph-mon[32281]: Saving service mgr spec with placement count:2
2024-03-18T21:49:53.544 INFO:journalctl@ceph.mon.a.smithi017.stdout:Mar 18 21:49:53 smithi017 ceph-mon[32281]: from='client.? 172.21.15.17:0/3383186332' entity='client.admin'
2024-03-18T21:49:53.813 INFO:teuthology.orchestra.run.smithi017.stdout:/usr/bin/ceph: stderr
2024-03-18T21:49:52.887+0000 7fb933850700 1 Processor -- start
2024-03-18T21:49:53.813 INFO:teuthology.orchestra.run.smithi017.stdout:/usr/bin/ceph: stderr
2024-03-18T21:49:52.887+0000 7fb933850700 1 -- start start
2024-03-18T21:49:53.813 INFO:teuthology.orchestra.run.smithi017.stdout:/usr/bin/ceph: stderr
2024-03-18T21:49:52.888+0000 7fb933850700 1 --2- >> [v2:172.21.15.17:3300/0,v1:172.21.15.17:6789/0] conn(0x7fb92c108bc0 0x7fb92c10afb0 unknown :-1 s=NONE pgs=0 cs=0 l=0 rev1=0 crypto rx=0 tx=0 comp rx=0 tx=0).connect
2024-03-18T21:49:53.813 INFO:teuthology.orchestra.run.smithi017.stdout:/usr/bin/ceph: stderr
2024-03-18T21:49:52.888+0000 7fb933850700 1 -- --> [v2:172.21.15.17:3300/0,v1:172.21.15.17:6789/0] -- mon_getmap magic: 0 -- 0x7fb92c075b90 con 0x7fb92c108bc0
2024-03-18T21:49:53.813 INFO:teuthology.orchestra.run.smithi017.stdout:/usr/bin/ceph: stderr
2024-03-18T21:49:52.888+0000 7fb9315ec700 1 --2- >> [v2:172.21.15.17:3300/0,v1:172.21.15.17:6789/0] conn(0x7fb92c108bc0 0x7fb92c10afb0 unknown :-1 s=BANNER_CONNECTING pgs=0 cs=0 l=0 rev1=0 crypto rx=0 tx=0 comp rx=0 tx=0)._handle_peer_banner_payload supported=3 required=0
2024-03-18T21:49:53.813 INFO:teuthology.orchestra.run.smithi017.stdout:/usr/bin/ceph: stderr
2024-03-18T21:49:52.888+0000 7fb9315ec700 1 --2- >> [v2:172.21.15.17:3300/0,v1:172.21.15.17:6789/0] conn(0x7fb92c108bc0 0x7fb92c10afb0 unknown :-1 s=HELLO_CONNECTING pgs=0 cs=0 l=0 rev1=1 crypto rx=0 tx=0 comp rx=0 tx=0).handle_hello peer v2:172.21.15.17:3300/0 says I am v2:172.21.15.17:54434/0 (socket says 172.21.15.17:54434)
2024-03-18T21:49:53.814 INFO:teuthology.orchestra.run.smithi017.stdout:/usr/bin/ceph: stderr
2024-03-18T21:49:52.888+0000 7fb9315ec700 1 -- 172.21.15.17:0/1018795778 learned_addr learned my addr 172.21.15.17:0/1018795778 (peer_addr_for_me v2:172.21.15.17:0/0)
2024-03-18T21:49:53.814 INFO:teuthology.orchestra.run.smithi017.stdout:/usr/bin/ceph: stderr
2024-03-18T21:49:52.888+0000 7fb9315ec700 1 -- 172.21.15.17:0/1018795778 --> [v2:172.21.15.17:3300/0,v1:172.21.15.17:6789/0] -- mon_subscribe({config=0+,monmap=0+}) -- 0x7fb92c10b4f0 con 0x7fb92c108bc0
2024-03-18T21:49:53.814 INFO:teuthology.orchestra.run.smithi017.stdout:/usr/bin/ceph: stderr
2024-03-18T21:49:52.888+0000 7fb9315ec700 1 --2- 172.21.15.17:0/1018795778 >> [v2:172.21.15.17:3300/0,v1:172.21.15.17:6789/0] conn(0x7fb92c108bc0 0x7fb92c10afb0 secure :-1 s=READY pgs=49 cs=0 l=1 rev1=1 crypto rx=0x7fb9280098a0 tx=0x7fb928009bb0 comp rx=0 tx=0).ready entity=mon.0 client_cookie=ee7ba1bab382f62b server_cookie=0 in_seq=0 out_seq=0
2024-03-18T21:49:53.814 INFO:teuthology.orchestra.run.smithi017.stdout:/usr/bin/ceph: stderr
2024-03-18T21:49:52.889+0000 7fb923fff700 1 -- 172.21.15.17:0/1018795778 <== mon.0 v2:172.21.15.17:3300/0 1 ==== mon_map magic: 0 ==== 205+0+0 (secure 0 0 0) 0x7fb928004160 con 0x7fb92c108bc0
2024-03-18T21:49:53.814 INFO:teuthology.orchestra.run.smithi017.stdout:/usr/bin/ceph: stderr
2024-03-18T21:49:52.889+0000 7fb923fff700 1 -- 172.21.15.17:0/1018795778 <== mon.0 v2:172.21.15.17:3300/0 2 ==== config(29 keys) ==== 1209+0+0 (secure 0 0 0) 0x7fb928004300 con 0x7fb92c108bc0
2024-03-18T21:49:53.814 INFO:teuthology.orchestra.run.smithi017.stdout:/usr/bin/ceph: stderr
2024-03-18T21:49:52.889+0000 7fb923fff700 1 -- 172.21.15.17:0/1018795778 <== mon.0 v2:172.21.15.17:3300/0 3 ==== mon_map magic: 0 ==== 205+0+0 (secure 0 0 0) 0x7fb928011c70 con 0x7fb92c108bc0
2024-03-18T21:49:53.814 INFO:teuthology.orchestra.run.smithi017.stdout:/usr/bin/ceph: stderr
2024-03-18T21:49:52.889+0000 7fb933850700 1 -- 172.21.15.17:0/1018795778 >> [v2:172.21.15.17:3300/0,v1:172.21.15.17:6789/0] conn(0x7fb92c108bc0 msgr2=0x7fb92c10afb0 secure :-1 s=STATE_CONNECTION_ESTABLISHED l=1).mark_down
2024-03-18T21:49:53.814 INFO:teuthology.orchestra.run.smithi017.stdout:/usr/bin/ceph: stderr
2024-03-18T21:49:52.889+0000 7fb933850700 1 --2- 172.21.15.17:0/1018795778 >> [v2:172.21.15.17:3300/0,v1:172.21.15.17:6789/0] conn(0x7fb92c108bc0 0x7fb92c10afb0 secure :-1 s=READY pgs=49 cs=0 l=1 rev1=1 crypto rx=0x7fb9280098a0 tx=0x7fb928009bb0 comp rx=0 tx=0).stop
2024-03-18T21:49:53.814 INFO:teuthology.orchestra.run.smithi017.stdout:/usr/bin/ceph: stderr
2024-03-18T21:49:52.889+0000 7fb933850700 1 -- 172.21.15.17:0/1018795778 shutdown_connections
2024-03-18T21:49:53.814 INFO:teuthology.orchestra.run.smithi017.stdout:/usr/bin/ceph: stderr
2024-03-18T21:49:52.889+0000 7fb933850700 1 --2- 172.21.15.17:0/1018795778 >> [v2:172.21.15.17:3300/0,v1:172.21.15.17:6789/0] conn(0x7fb92c108bc0 0x7fb92c10afb0 unknown :-1 s=CLOSED pgs=49 cs=0 l=1 rev1=1 crypto rx=0 tx=0 comp rx=0 tx=0).stop
2024-03-18T21:49:53.814 INFO:teuthology.orchestra.run.smithi017.stdout:/usr/bin/ceph: stderr
2024-03-18T21:49:52.889+0000 7fb933850700 1 -- 172.21.15.17:0/1018795778 >> 172.21.15.17:0/1018795778 conn(0x7fb92c1025f0 msgr2=0x7fb92c104a10 unknown :-1 s=STATE_NONE l=0).mark_down
2024-03-18T21:49:53.814 INFO:teuthology.orchestra.run.smithi017.stdout:/usr/bin/ceph: stderr
2024-03-18T21:49:52.890+0000 7fb933850700 1 -- 172.21.15.17:0/1018795778 shutdown_connections
2024-03-18T21:49:53.814 INFO:teuthology.orchestra.run.smithi017.stdout:/usr/bin/ceph: stderr
2024-03-18T21:49:52.890+0000 7fb933850700 1 -- 172.21.15.17:0/1018795778 wait complete.
2024-03-18T21:49:53.815 INFO:teuthology.orchestra.run.smithi017.stdout:/usr/bin/ceph: stderr
2024-03-18T21:49:52.890+0000 7fb933850700 1 Processor -- start
2024-03-18T21:49:53.815 INFO:teuthology.orchestra.run.smithi017.stdout:/usr/bin/ceph: stderr
2024-03-18T21:49:52.890+0000 7fb933850700 1 -- start start
2024-03-18T21:49:53.815 INFO:teuthology.orchestra.run.smithi017.stdout:/usr/bin/ceph: stderr
2024-03-18T21:49:52.890+0000 7fb933850700 1 --2- >> [v2:172.21.15.17:3300/0,v1:172.21.15.17:6789/0] conn(0x7fb92c108bc0 0x7fb92c199f30 unknown :-1 s=NONE pgs=0 cs=0 l=1 rev1=0 crypto rx=0 tx=0 comp rx=0 tx=0).connect
2024-03-18T21:49:53.815 INFO:teuthology.orchestra.run.smithi017.stdout:/usr/bin/ceph: stderr
2024-03-18T21:49:52.890+0000 7fb933850700 1 -- --> [v2:172.21.15.17:3300/0,v1:172.21.15.17:6789/0] -- mon_getmap magic: 0 -- 0x7fb92c1078a0 con 0x7fb92c108bc0
2024-03-18T21:49:53.815 INFO:teuthology.orchestra.run.smithi017.stdout:/usr/bin/ceph: stderr
2024-03-18T21:49:52.891+0000 7fb9315ec700 1 --2- >> [v2:172.21.15.17:3300/0,v1:172.21.15.17:6789/0] conn(0x7fb92c108bc0 0x7fb92c199f30 unknown :-1 s=BANNER_CONNECTING pgs=0 cs=0 l=1 rev1=0 crypto rx=0 tx=0 comp rx=0 tx=0)._handle_peer_banner_payload supported=3 required=0
2024-03-18T21:49:53.815 INFO:teuthology.orchestra.run.smithi017.stdout:/usr/bin/ceph: stderr
2024-03-18T21:49:52.891+0000 7fb9315ec700 1 --2- >> [v2:172.21.15.17:3300/0,v1:172.21.15.17:6789/0] conn(0x7fb92c108bc0 0x7fb92c199f30 unknown :-1 s=HELLO_CONNECTING pgs=0 cs=0 l=1 rev1=1 crypto rx=0 tx=0 comp rx=0 tx=0).handle_hello peer v2:172.21.15.17:3300/0 says I am v2:172.21.15.17:54442/0 (socket says 172.21.15.17:54442)
2024-03-18T21:49:53.815 INFO:teuthology.orchestra.run.smithi017.stdout:/usr/bin/ceph: stderr
2024-03-18T21:49:52.891+0000 7fb9315ec700 1 -- 172.21.15.17:0/3383186332 learned_addr learned my addr 172.21.15.17:0/3383186332 (peer_addr_for_me v2:172.21.15.17:0/0)
2024-03-18T21:49:53.815 INFO:teuthology.orchestra.run.smithi017.stdout:/usr/bin/ceph: stderr
2024-03-18T21:49:52.891+0000 7fb9315ec700 1 -- 172.21.15.17:0/3383186332 --> [v2:172.21.15.17:3300/0,v1:172.21.15.17:6789/0] -- mon_subscribe({config=0+,monmap=0+}) -- 0x7fb92c19a470 con 0x7fb92c108bc0
2024-03-18T21:49:53.815 INFO:teuthology.orchestra.run.smithi017.stdout:/usr/bin/ceph: stderr
2024-03-18T21:49:52.891+0000 7fb9315ec700 1 --2- 172.21.15.17:0/3383186332 >> [v2:172.21.15.17:3300/0,v1:172.21.15.17:6789/0] conn(0x7fb92c108bc0 0x7fb92c199f30 secure :-1 s=READY pgs=50 cs=0 l=1 rev1=1 crypto rx=0x7fb928011930 tx=0x7fb928011a10 comp rx=0 tx=0).ready entity=mon.0 client_cookie=0 server_cookie=0 in_seq=0 out_seq=0
2024-03-18T21:49:53.815 INFO:teuthology.orchestra.run.smithi017.stdout:/usr/bin/ceph: stderr
2024-03-18T21:49:52.891+0000 7fb9227fc700 1 -- 172.21.15.17:0/3383186332 <== mon.0 v2:172.21.15.17:3300/0 1 ==== mon_map magic: 0 ==== 205+0+0 (secure 0 0 0) 0x7fb9280039e0 con 0x7fb92c108bc0
2024-03-18T21:49:53.815 INFO:teuthology.orchestra.run.smithi017.stdout:/usr/bin/ceph: stderr
2024-03-18T21:49:52.891+0000 7fb933850700 1 -- 172.21.15.17:0/3383186332 --> [v2:172.21.15.17:3300/0,v1:172.21.15.17:6789/0] -- mon_subscribe({mgrmap=0+}) -- 0x7fb92c19a700 con 0x7fb92c108bc0
2024-03-18T21:49:53.815 INFO:teuthology.orchestra.run.smithi017.stdout:/usr/bin/ceph: stderr
2024-03-18T21:49:52.891+0000 7fb9227fc700 1 -- 172.21.15.17:0/3383186332 <== mon.0 v2:172.21.15.17:3300/0 2 ==== config(29 keys) ==== 1209+0+0 (secure 0 0 0) 0x7fb928003b80 con 0x7fb92c108bc0
2024-03-18T21:49:53.815 INFO:teuthology.orchestra.run.smithi017.stdout:/usr/bin/ceph: stderr
2024-03-18T21:49:52.891+0000 7fb9227fc700 1 -- 172.21.15.17:0/3383186332 <== mon.0 v2:172.21.15.17:3300/0 3 ==== mon_map magic: 0 ==== 205+0+0 (secure 0 0 0) 0x7fb928024560 con 0x7fb92c108bc0
2024-03-18T21:49:53.815 INFO:teuthology.orchestra.run.smithi017.stdout:/usr/bin/ceph: stderr
2024-03-18T21:49:52.891+0000 7fb933850700 1 -- 172.21.15.17:0/3383186332 --> [v2:172.21.15.17:3300/0,v1:172.21.15.17:6789/0] -- mon_subscribe({osdmap=0}) -- 0x7fb92c19d3f0 con 0x7fb92c108bc0
2024-03-18T21:49:53.815 INFO:teuthology.orchestra.run.smithi017.stdout:/usr/bin/ceph: stderr
2024-03-18T21:49:52.892+0000 7fb9227fc700 1 -- 172.21.15.17:0/3383186332 <== mon.0 v2:172.21.15.17:3300/0 4 ==== mgrmap(e 8) ==== 46106+0+0 (secure 0 0 0) 0x7fb928022020 con 0x7fb92c108bc0
2024-03-18T21:49:53.816 INFO:teuthology.orchestra.run.smithi017.stdout:/usr/bin/ceph: stderr
2024-03-18T21:49:52.893+0000 7fb9227fc700 1 --2- 172.21.15.17:0/3383186332 >> [v2:172.21.15.17:6800/3496342004,v1:172.21.15.17:6801/3496342004] conn(0x7fb91803d3d0 0x7fb91803f890 unknown :-1 s=NONE pgs=0 cs=0 l=1 rev1=0 crypto rx=0 tx=0 comp rx=0 tx=0).connect
2024-03-18T21:49:53.816 INFO:teuthology.orchestra.run.smithi017.stdout:/usr/bin/ceph: stderr
2024-03-18T21:49:52.893+0000 7fb9227fc700 1 -- 172.21.15.17:0/3383186332 <== mon.0 v2:172.21.15.17:3300/0 5 ==== osd_map(2..2 src has 1..2) ==== 940+0+0 (secure 0 0 0) 0x7fb92804cc60 con 0x7fb92c108bc0
2024-03-18T21:49:53.816 INFO:teuthology.orchestra.run.smithi017.stdout:/usr/bin/ceph: stderr
2024-03-18T21:49:52.893+0000 7fb933850700 1 -- 172.21.15.17:0/3383186332 --> [v2:172.21.15.17:3300/0,v1:172.21.15.17:6789/0] -- mon_command({"prefix": "get_command_descriptions"} v 0) -- 0x7fb92c063940 con 0x7fb92c108bc0
2024-03-18T21:49:53.816 INFO:teuthology.orchestra.run.smithi017.stdout:/usr/bin/ceph: stderr
2024-03-18T21:49:52.893+0000 7fb930deb700 1 --2- 172.21.15.17:0/3383186332 >> [v2:172.21.15.17:6800/3496342004,v1:172.21.15.17:6801/3496342004] conn(0x7fb91803d3d0 0x7fb91803f890 unknown :-1 s=BANNER_CONNECTING pgs=0 cs=0 l=1 rev1=0 crypto rx=0 tx=0 comp rx=0 tx=0)._handle_peer_banner_payload supported=3 required=0
2024-03-18T21:49:53.816 INFO:teuthology.orchestra.run.smithi017.stdout:/usr/bin/ceph: stderr
2024-03-18T21:49:52.893+0000 7fb930deb700 1 --2- 172.21.15.17:0/3383186332 >> [v2:172.21.15.17:6800/3496342004,v1:172.21.15.17:6801/3496342004] conn(0x7fb91803d3d0 0x7fb91803f890 secure :-1 s=READY pgs=14 cs=0 l=1 rev1=1 crypto rx=0x7fb91c006fd0 tx=0x7fb91c006e40 comp rx=0 tx=0).ready entity=mgr.14118 client_cookie=0 server_cookie=0 in_seq=0 out_seq=0
2024-03-18T21:49:53.816 INFO:teuthology.orchestra.run.smithi017.stdout:/usr/bin/ceph: stderr
2024-03-18T21:49:52.898+0000 7fb9227fc700 1 -- 172.21.15.17:0/3383186332 <== mon.0 v2:172.21.15.17:3300/0 6 ==== mon_command_ack([{"prefix": "get_command_descriptions"}]=0 v0) ==== 72+0+186149 (secure 0 0 0) 0x7fb928017ca0 con 0x7fb92c108bc0
2024-03-18T21:49:53.816 INFO:teuthology.orchestra.run.smithi017.stdout:/usr/bin/ceph: stderr
2024-03-18T21:49:53.106+0000 7fb933850700 1 -- 172.21.15.17:0/3383186332 --> [v2:172.21.15.17:3300/0,v1:172.21.15.17:6789/0] -- mon_command([{prefix=config set, name=mgr/cephadm/container_init}] v 0) -- 0x7fb92c02dd40 con 0x7fb92c108bc0
2024-03-18T21:49:53.816 INFO:teuthology.orchestra.run.smithi017.stdout:/usr/bin/ceph: stderr
2024-03-18T21:49:53.109+0000 7fb9227fc700 1 -- 172.21.15.17:0/3383186332 <== mon.0 v2:172.21.15.17:3300/0 7 ==== mon_command_ack([{prefix=config set, name=mgr/cephadm/container_init}]=0 v7)=0 v7) ==== 142+0+0 (secure 0 0 0) 0x7fb92800b7e0 con 0x7fb92c108bc0
2024-03-18T21:49:53.816 INFO:teuthology.orchestra.run.smithi017.stdout:/usr/bin/ceph: stderr
2024-03-18T21:49:53.111+0000 7fb933850700 1 -- 172.21.15.17:0/3383186332 >> [v2:172.21.15.17:6800/3496342004,v1:172.21.15.17:6801/3496342004] conn(0x7fb91803d3d0 msgr2=0x7fb91803f890 secure :-1 s=STATE_CONNECTION_ESTABLISHED l=1).mark_down
2024-03-18T21:49:53.816 INFO:teuthology.orchestra.run.smithi017.stdout:/usr/bin/ceph: stderr
2024-03-18T21:49:53.111+0000 7fb933850700 1 --2- 172.21.15.17:0/3383186332 >> [v2:172.21.15.17:6800/3496342004,v1:172.21.15.17:6801/3496342004] conn(0x7fb91803d3d0 0x7fb91803f890 secure :-1 s=READY pgs=14 cs=0 l=1 rev1=1 crypto rx=0x7fb91c006fd0 tx=0x7fb91c006e40 comp rx=0 tx=0).stop
2024-03-18T21:49:53.816 INFO:teuthology.orchestra.run.smithi017.stdout:/usr/bin/ceph: stderr
2024-03-18T21:49:53.111+0000 7fb933850700 1 -- 172.21.15.17:0/3383186332 >> [v2:172.21.15.17:3300/0,v1:172.21.15.17:6789/0] conn(0x7fb92c108bc0 msgr2=0x7fb92c199f30 secure :-1 s=STATE_CONNECTION_ESTABLISHED l=1).mark_down
2024-03-18T21:49:53.816 INFO:teuthology.orchestra.run.smithi017.stdout:/usr/bin/ceph: stderr
2024-03-18T21:49:53.111+0000 7fb933850700 1 --2- 172.21.15.17:0/3383186332 >> [v2:172.21.15.17:3300/0,v1:172.21.15.17:6789/0] conn(0x7fb92c108bc0 0x7fb92c199f30 secure :-1 s=READY pgs=50 cs=0 l=1 rev1=1 crypto rx=0x7fb928011930 tx=0x7fb928011a10 comp rx=0 tx=0).stop
2024-03-18T21:49:53.817 INFO:teuthology.orchestra.run.smithi017.stdout:/usr/bin/ceph: stderr
2024-03-18T21:49:53.111+0000 7fb933850700 1 -- 172.21.15.17:0/3383186332 shutdown_connections
2024-03-18T21:49:53.817 INFO:teuthology.orchestra.run.smithi017.stdout:/usr/bin/ceph: stderr
2024-03-18T21:49:53.111+0000 7fb933850700 1 --2- 172.21.15.17:0/3383186332 >> [v2:172.21.15.17:6800/3496342004,v1:172.21.15.17:6801/3496342004] conn(0x7fb91803d3d0 0x7fb91803f890 unknown :-1 s=CLOSED pgs=14 cs=0 l=1 rev1=1 crypto rx=0 tx=0 comp rx=0 tx=0).stop
2024-03-18T21:49:53.817 INFO:teuthology.orchestra.run.smithi017.stdout:/usr/bin/ceph: stderr
2024-03-18T21:49:53.111+0000 7fb933850700 1 --2- 172.21.15.17:0/3383186332 >> [v2:172.21.15.17:3300/0,v1:172.21.15.17:6789/0] conn(0x7fb92c108bc0 0x7fb92c199f30 unknown :-1 s=CLOSED pgs=50 cs=0 l=1 rev1=1 crypto rx=0 tx=0 comp rx=0 tx=0).stop
2024-03-18T21:49:53.817 INFO:teuthology.orchestra.run.smithi017.stdout:/usr/bin/ceph: stderr
2024-03-18T21:49:53.111+0000 7fb933850700 1 -- 172.21.15.17:0/3383186332 >> 172.21.15.17:0/3383186332 conn(0x7fb92c1025f0 msgr2=0x7fb92c103050 unknown :-1 s=STATE_NONE l=0).mark_down
2024-03-18T21:49:53.817 INFO:teuthology.orchestra.run.smithi017.stdout:/usr/bin/ceph: stderr
2024-03-18T21:49:53.111+0000 7fb933850700 1 -- 172.21.15.17:0/3383186332 shutdown_connections
2024-03-18T21:49:53.817 INFO:teuthology.orchestra.run.smithi017.stdout:/usr/bin/ceph: stderr
2024-03-18T21:49:53.111+0000 7fb933850700 1 -- 172.21.15.17:0/3383186332 wait complete.
2024-03-18T21:49:55.113 INFO:teuthology.orchestra.run.smithi017.stdout:/usr/bin/ceph: stderr
2024-03-18T21:49:54.212+0000 7f393cc29700 1 Processor -- start
2024-03-18T21:49:55.113 INFO:teuthology.orchestra.run.smithi017.stdout:/usr/bin/ceph: stderr
2024-03-18T21:49:54.212+0000 7f393cc29700 1 -- start start
2024-03-18T21:49:55.113 INFO:teuthology.orchestra.run.smithi017.stdout:/usr/bin/ceph: stderr
2024-03-18T21:49:54.213+0000 7f393cc29700 1 --2- >> [v2:172.21.15.17:3300/0,v1:172.21.15.17:6789/0] conn(0x7f3938106940 0x7f3938106d60 unknown :-1 s=NONE pgs=0 cs=0 l=0 rev1=0 crypto rx=0 tx=0 comp rx=0 tx=0).connect
2024-03-18T21:49:55.113 INFO:teuthology.orchestra.run.smithi017.stdout:/usr/bin/ceph: stderr
2024-03-18T21:49:54.213+0000 7f393cc29700 1 -- --> [v2:172.21.15.17:3300/0,v1:172.21.15.17:6789/0] -- mon_getmap magic: 0 -- 0x7f393807be40 con 0x7f3938106940
2024-03-18T21:49:55.113 INFO:teuthology.orchestra.run.smithi017.stdout:/usr/bin/ceph: stderr
2024-03-18T21:49:54.213+0000 7f393659c700 1 --2- >> [v2:172.21.15.17:3300/0,v1:172.21.15.17:6789/0] conn(0x7f3938106940 0x7f3938106d60 unknown :-1 s=BANNER_CONNECTING pgs=0 cs=0 l=0 rev1=0 crypto rx=0 tx=0 comp rx=0 tx=0)._handle_peer_banner_payload supported=3 required=0
2024-03-18T21:49:55.113 INFO:teuthology.orchestra.run.smithi017.stdout:/usr/bin/ceph: stderr
2024-03-18T21:49:54.213+0000 7f393659c700 1 --2- >> [v2:172.21.15.17:3300/0,v1:172.21.15.17:6789/0] conn(0x7f3938106940 0x7f3938106d60 unknown :-1 s=HELLO_CONNECTING pgs=0 cs=0 l=0 rev1=1 crypto rx=0 tx=0 comp rx=0 tx=0).handle_hello peer v2:172.21.15.17:3300/0 says I am v2:172.21.15.17:54456/0 (socket says 172.21.15.17:54456)
2024-03-18T21:49:55.113 INFO:teuthology.orchestra.run.smithi017.stdout:/usr/bin/ceph: stderr
2024-03-18T21:49:54.213+0000 7f393659c700 1 -- 172.21.15.17:0/4267863550 learned_addr learned my addr 172.21.15.17:0/4267863550 (peer_addr_for_me v2:172.21.15.17:0/0)
2024-03-18T21:49:55.114 INFO:teuthology.orchestra.run.smithi017.stdout:/usr/bin/ceph: stderr
2024-03-18T21:49:54.213+0000 7f393659c700 1 -- 172.21.15.17:0/4267863550 --> [v2:172.21.15.17:3300/0,v1:172.21.15.17:6789/0] -- mon_subscribe({config=0+,monmap=0+}) -- 0x7f39381072a0 con 0x7f3938106940
2024-03-18T21:49:55.114 INFO:teuthology.orchestra.run.smithi017.stdout:/usr/bin/ceph: stderr
2024-03-18T21:49:54.213+0000 7f393659c700 1 --2- 172.21.15.17:0/4267863550 >> [v2:172.21.15.17:3300/0,v1:172.21.15.17:6789/0] conn(0x7f3938106940 0x7f3938106d60 secure :-1 s=READY pgs=51 cs=0 l=1 rev1=1 crypto rx=0x7f39280098a0 tx=0x7f3928009bb0 comp rx=0 tx=0).ready entity=mon.0 client_cookie=32ff2c44d16ad28e server_cookie=0 in_seq=0 out_seq=0
2024-03-18T21:49:55.114 INFO:teuthology.orchestra.run.smithi017.stdout:/usr/bin/ceph: stderr
2024-03-18T21:49:54.213+0000 7f393559a700 1 -- 172.21.15.17:0/4267863550 <== mon.0 v2:172.21.15.17:3300/0 1 ==== mon_map magic: 0 ==== 205+0+0 (secure 0 0 0) 0x7f3928004160 con 0x7f3938106940
2024-03-18T21:49:55.114 INFO:teuthology.orchestra.run.smithi017.stdout:/usr/bin/ceph: stderr
2024-03-18T21:49:54.213+0000 7f393559a700 1 -- 172.21.15.17:0/4267863550 <== mon.0 v2:172.21.15.17:3300/0 2 ==== config(29 keys) ==== 1209+0+0 (secure 0 0 0) 0x7f3928004300 con 0x7f3938106940
2024-03-18T21:49:55.114 INFO:teuthology.orchestra.run.smithi017.stdout:/usr/bin/ceph: stderr
2024-03-18T21:49:54.213+0000 7f393559a700 1 -- 172.21.15.17:0/4267863550 <== mon.0 v2:172.21.15.17:3300/0 3 ==== mon_map magic: 0 ==== 205+0+0 (secure 0 0 0) 0x7f3928011c70 con 0x7f3938106940
2024-03-18T21:49:55.114 INFO:teuthology.orchestra.run.smithi017.stdout:/usr/bin/ceph: stderr
2024-03-18T21:49:54.214+0000 7f393cc29700 1 -- 172.21.15.17:0/4267863550 >> [v2:172.21.15.17:3300/0,v1:172.21.15.17:6789/0] conn(0x7f3938106940 msgr2=0x7f3938106d60 secure :-1 s=STATE_CONNECTION_ESTABLISHED l=1).mark_down
2024-03-18T21:49:55.114 INFO:teuthology.orchestra.run.smithi017.stdout:/usr/bin/ceph: stderr
2024-03-18T21:49:54.214+0000 7f393cc29700 1 --2- 172.21.15.17:0/4267863550 >> [v2:172.21.15.17:3300/0,v1:172.21.15.17:6789/0] conn(0x7f3938106940 0x7f3938106d60 secure :-1 s=READY pgs=51 cs=0 l=1 rev1=1 crypto rx=0x7f39280098a0 tx=0x7f3928009bb0 comp rx=0 tx=0).stop
2024-03-18T21:49:55.114 INFO:teuthology.orchestra.run.smithi017.stdout:/usr/bin/ceph: stderr
2024-03-18T21:49:54.214+0000 7f393cc29700 1 -- 172.21.15.17:0/4267863550 shutdown_connections
2024-03-18T21:49:55.114 INFO:teuthology.orchestra.run.smithi017.stdout:/usr/bin/ceph: stderr
2024-03-18T21:49:54.214+0000 7f393cc29700 1 --2- 172.21.15.17:0/4267863550 >> [v2:172.21.15.17:3300/0,v1:172.21.15.17:6789/0] conn(0x7f3938106940 0x7f3938106d60 unknown :-1 s=CLOSED pgs=51 cs=0 l=1 rev1=1 crypto rx=0 tx=0 comp rx=0 tx=0).stop
2024-03-18T21:49:55.114 INFO:teuthology.orchestra.run.smithi017.stdout:/usr/bin/ceph: stderr
2024-03-18T21:49:54.214+0000 7f393cc29700 1 -- 172.21.15.17:0/4267863550 >> 172.21.15.17:0/4267863550 conn(0x7f3938102520 msgr2=0x7f3938104960 unknown :-1 s=STATE_NONE l=0).mark_down
2024-03-18T21:49:55.114 INFO:teuthology.orchestra.run.smithi017.stdout:/usr/bin/ceph: stderr
2024-03-18T21:49:54.214+0000 7f393cc29700 1 -- 172.21.15.17:0/4267863550 shutdown_connections
2024-03-18T21:49:55.114 INFO:teuthology.orchestra.run.smithi017.stdout:/usr/bin/ceph: stderr
2024-03-18T21:49:54.214+0000 7f393cc29700 1 -- 172.21.15.17:0/4267863550 wait complete.
2024-03-18T21:49:55.115 INFO:teuthology.orchestra.run.smithi017.stdout:/usr/bin/ceph: stderr
2024-03-18T21:49:54.215+0000 7f393cc29700 1 Processor -- start
2024-03-18T21:49:55.115 INFO:teuthology.orchestra.run.smithi017.stdout:/usr/bin/ceph: stderr
2024-03-18T21:49:54.215+0000 7f393cc29700 1 -- start start
2024-03-18T21:49:55.115 INFO:teuthology.orchestra.run.smithi017.stdout:/usr/bin/ceph: stderr
2024-03-18T21:49:54.215+0000 7f393cc29700 1 --2- >> [v2:172.21.15.17:3300/0,v1:172.21.15.17:6789/0] conn(0x7f3938106940 0x7f393819e2e0 unknown :-1 s=NONE pgs=0 cs=0 l=1 rev1=0 crypto rx=0 tx=0 comp rx=0 tx=0).connect
2024-03-18T21:49:55.115 INFO:teuthology.orchestra.run.smithi017.stdout:/usr/bin/ceph: stderr
2024-03-18T21:49:54.215+0000 7f393cc29700 1 -- --> [v2:172.21.15.17:3300/0,v1:172.21.15.17:6789/0] -- mon_getmap magic: 0 -- 0x7f3938108430 con 0x7f3938106940
2024-03-18T21:49:55.115 INFO:teuthology.orchestra.run.smithi017.stdout:/usr/bin/ceph: stderr
