2024-03-18T21:49:42.205 INFO:teuthology.orchestra.run.smithi017.stdout:/usr/bin/ceph: stderr
2024-03-18T21:49:41.138+0000 7f29ec173700 1 -- 172.21.15.17:0/2886063782 shutdown_connections
2024-03-18T21:49:42.206 INFO:teuthology.orchestra.run.smithi017.stdout:/usr/bin/ceph: stderr
2024-03-18T21:49:41.138+0000 7f29ec173700 1 --2- 172.21.15.17:0/2886063782 >> [v2:172.21.15.17:3300/0,v1:172.21.15.17:6789/0] conn(0x7f29e4108b70 0x7f29e410af60 unknown :-1 s=CLOSED pgs=39 cs=0 l=1 rev1=1 crypto rx=0 tx=0 comp rx=0 tx=0).stop
2024-03-18T21:49:42.206 INFO:teuthology.orchestra.run.smithi017.stdout:/usr/bin/ceph: stderr
2024-03-18T21:49:41.138+0000 7f29ec173700 1 -- 172.21.15.17:0/2886063782 >> 172.21.15.17:0/2886063782 conn(0x7f29e4102520 msgr2=0x7f29e4104960 unknown :-1 s=STATE_NONE l=0).mark_down
2024-03-18T21:49:42.206 INFO:teuthology.orchestra.run.smithi017.stdout:/usr/bin/ceph: stderr
2024-03-18T21:49:41.138+0000 7f29ec173700 1 -- 172.21.15.17:0/2886063782 shutdown_connections
2024-03-18T21:49:42.206 INFO:teuthology.orchestra.run.smithi017.stdout:/usr/bin/ceph: stderr
2024-03-18T21:49:41.138+0000 7f29ec173700 1 -- 172.21.15.17:0/2886063782 wait complete.
2024-03-18T21:49:42.206 INFO:teuthology.orchestra.run.smithi017.stdout:/usr/bin/ceph: stderr
2024-03-18T21:49:41.139+0000 7f29ec173700 1 Processor -- start
2024-03-18T21:49:42.206 INFO:teuthology.orchestra.run.smithi017.stdout:/usr/bin/ceph: stderr
2024-03-18T21:49:41.139+0000 7f29ec173700 1 -- start start
2024-03-18T21:49:42.206 INFO:teuthology.orchestra.run.smithi017.stdout:/usr/bin/ceph: stderr
2024-03-18T21:49:41.139+0000 7f29ec173700 1 --2- >> [v2:172.21.15.17:3300/0,v1:172.21.15.17:6789/0] conn(0x7f29e4108b70 0x7f29e41083f0 unknown :-1 s=NONE pgs=0 cs=0 l=1 rev1=0 crypto rx=0 tx=0 comp rx=0 tx=0).connect
2024-03-18T21:49:42.206 INFO:teuthology.orchestra.run.smithi017.stdout:/usr/bin/ceph: stderr
2024-03-18T21:49:41.139+0000 7f29ec173700 1 -- --> [v2:172.21.15.17:3300/0,v1:172.21.15.17:6789/0] -- mon_getmap magic: 0 -- 0x7f29e410c520 con 0x7f29e4108b70
2024-03-18T21:49:42.206 INFO:teuthology.orchestra.run.smithi017.stdout:/usr/bin/ceph: stderr
2024-03-18T21:49:41.139+0000 7f29e9f0f700 1 --2- >> [v2:172.21.15.17:3300/0,v1:172.21.15.17:6789/0] conn(0x7f29e4108b70 0x7f29e41083f0 unknown :-1 s=BANNER_CONNECTING pgs=0 cs=0 l=1 rev1=0 crypto rx=0 tx=0 comp rx=0 tx=0)._handle_peer_banner_payload supported=3 required=0
2024-03-18T21:49:42.206 INFO:teuthology.orchestra.run.smithi017.stdout:/usr/bin/ceph: stderr
2024-03-18T21:49:41.139+0000 7f29e9f0f700 1 --2- >> [v2:172.21.15.17:3300/0,v1:172.21.15.17:6789/0] conn(0x7f29e4108b70 0x7f29e41083f0 unknown :-1 s=HELLO_CONNECTING pgs=0 cs=0 l=1 rev1=1 crypto rx=0 tx=0 comp rx=0 tx=0).handle_hello peer v2:172.21.15.17:3300/0 says I am v2:172.21.15.17:60846/0 (socket says 172.21.15.17:60846)
2024-03-18T21:49:42.206 INFO:teuthology.orchestra.run.smithi017.stdout:/usr/bin/ceph: stderr
2024-03-18T21:49:41.139+0000 7f29e9f0f700 1 -- 172.21.15.17:0/2781102201 learned_addr learned my addr 172.21.15.17:0/2781102201 (peer_addr_for_me v2:172.21.15.17:0/0)
2024-03-18T21:49:42.206 INFO:teuthology.orchestra.run.smithi017.stdout:/usr/bin/ceph: stderr
2024-03-18T21:49:41.139+0000 7f29e9f0f700 1 -- 172.21.15.17:0/2781102201 --> [v2:172.21.15.17:3300/0,v1:172.21.15.17:6789/0] -- mon_subscribe({config=0+,monmap=0+}) -- 0x7f29e4108930 con 0x7f29e4108b70
2024-03-18T21:49:42.206 INFO:teuthology.orchestra.run.smithi017.stdout:/usr/bin/ceph: stderr
2024-03-18T21:49:41.139+0000 7f29e9f0f700 1 --2- 172.21.15.17:0/2781102201 >> [v2:172.21.15.17:3300/0,v1:172.21.15.17:6789/0] conn(0x7f29e4108b70 0x7f29e41083f0 secure :-1 s=READY pgs=40 cs=0 l=1 rev1=1 crypto rx=0x7f29e00117a0 tx=0x7f29e0003980 comp rx=0 tx=0).ready entity=mon.0 client_cookie=0 server_cookie=0 in_seq=0 out_seq=0
2024-03-18T21:49:42.206 INFO:teuthology.orchestra.run.smithi017.stdout:/usr/bin/ceph: stderr
2024-03-18T21:49:41.139+0000 7f29daffd700 1 -- 172.21.15.17:0/2781102201 <== mon.0 v2:172.21.15.17:3300/0 1 ==== mon_map magic: 0 ==== 205+0+0 (secure 0 0 0) 0x7f29e0011dd0 con 0x7f29e4108b70
2024-03-18T21:49:42.207 INFO:teuthology.orchestra.run.smithi017.stdout:/usr/bin/ceph: stderr
2024-03-18T21:49:41.139+0000 7f29ec173700 1 -- 172.21.15.17:0/2781102201 --> [v2:172.21.15.17:3300/0,v1:172.21.15.17:6789/0] -- mon_subscribe({mgrmap=0+}) -- 0x7f29e4106b20 con 0x7f29e4108b70
2024-03-18T21:49:42.207 INFO:teuthology.orchestra.run.smithi017.stdout:/usr/bin/ceph: stderr
2024-03-18T21:49:41.139+0000 7f29daffd700 1 -- 172.21.15.17:0/2781102201 <== mon.0 v2:172.21.15.17:3300/0 2 ==== config(29 keys) ==== 1178+0+0 (secure 0 0 0) 0x7f29e0024430 con 0x7f29e4108b70
2024-03-18T21:49:42.207 INFO:teuthology.orchestra.run.smithi017.stdout:/usr/bin/ceph: stderr
2024-03-18T21:49:41.140+0000 7f29daffd700 1 -- 172.21.15.17:0/2781102201 <== mon.0 v2:172.21.15.17:3300/0 3 ==== mon_map magic: 0 ==== 205+0+0 (secure 0 0 0) 0x7f29e001a6d0 con 0x7f29e4108b70
2024-03-18T21:49:42.207 INFO:teuthology.orchestra.run.smithi017.stdout:/usr/bin/ceph: stderr
2024-03-18T21:49:41.140+0000 7f29ec173700 1 -- 172.21.15.17:0/2781102201 --> [v2:172.21.15.17:3300/0,v1:172.21.15.17:6789/0] -- mon_subscribe({osdmap=0}) -- 0x7f29e4107060 con 0x7f29e4108b70
2024-03-18T21:49:42.207 INFO:teuthology.orchestra.run.smithi017.stdout:/usr/bin/ceph: stderr
2024-03-18T21:49:41.140+0000 7f29daffd700 1 -- 172.21.15.17:0/2781102201 <== mon.0 v2:172.21.15.17:3300/0 4 ==== mgrmap(e 8) ==== 46106+0+0 (secure 0 0 0) 0x7f29e001aa00 con 0x7f29e4108b70
2024-03-18T21:49:42.207 INFO:teuthology.orchestra.run.smithi017.stdout:/usr/bin/ceph: stderr
2024-03-18T21:49:41.140+0000 7f29daffd700 1 --2- 172.21.15.17:0/2781102201 >> [v2:172.21.15.17:6800/3496342004,v1:172.21.15.17:6801/3496342004] conn(0x7f29d0038ed0 0x7f29d003b390 unknown :-1 s=NONE pgs=0 cs=0 l=1 rev1=0 crypto rx=0 tx=0 comp rx=0 tx=0).connect
2024-03-18T21:49:42.207 INFO:teuthology.orchestra.run.smithi017.stdout:/usr/bin/ceph: stderr
2024-03-18T21:49:41.141+0000 7f29daffd700 1 -- 172.21.15.17:0/2781102201 <== mon.0 v2:172.21.15.17:3300/0 5 ==== osd_map(2..2 src has 1..2) ==== 940+0+0 (secure 0 0 0) 0x7f29e004d270 con 0x7f29e4108b70
2024-03-18T21:49:42.207 INFO:teuthology.orchestra.run.smithi017.stdout:/usr/bin/ceph: stderr
2024-03-18T21:49:41.141+0000 7f29ec173700 1 -- 172.21.15.17:0/2781102201 --> [v2:172.21.15.17:3300/0,v1:172.21.15.17:6789/0] -- mon_command({"prefix": "get_command_descriptions"} v 0) -- 0x7f29e4063940 con 0x7f29e4108b70
2024-03-18T21:49:42.207 INFO:teuthology.orchestra.run.smithi017.stdout:/usr/bin/ceph: stderr
2024-03-18T21:49:41.141+0000 7f29e970e700 1 --2- 172.21.15.17:0/2781102201 >> [v2:172.21.15.17:6800/3496342004,v1:172.21.15.17:6801/3496342004] conn(0x7f29d0038ed0 0x7f29d003b390 unknown :-1 s=BANNER_CONNECTING pgs=0 cs=0 l=1 rev1=0 crypto rx=0 tx=0 comp rx=0 tx=0)._handle_peer_banner_payload supported=3 required=0
2024-03-18T21:49:42.207 INFO:teuthology.orchestra.run.smithi017.stdout:/usr/bin/ceph: stderr
2024-03-18T21:49:41.141+0000 7f29e970e700 1 --2- 172.21.15.17:0/2781102201 >> [v2:172.21.15.17:6800/3496342004,v1:172.21.15.17:6801/3496342004] conn(0x7f29d0038ed0 0x7f29d003b390 secure :-1 s=READY pgs=9 cs=0 l=1 rev1=1 crypto rx=0x7f29d4006fd0 tx=0x7f29d4006e40 comp rx=0 tx=0).ready entity=mgr.14118 client_cookie=0 server_cookie=0 in_seq=0 out_seq=0
2024-03-18T21:49:42.207 INFO:teuthology.orchestra.run.smithi017.stdout:/usr/bin/ceph: stderr
2024-03-18T21:49:41.146+0000 7f29daffd700 1 -- 172.21.15.17:0/2781102201 <== mon.0 v2:172.21.15.17:3300/0 6 ==== mon_command_ack([{"prefix": "get_command_descriptions"}]=0 v0) ==== 72+0+186149 (secure 0 0 0) 0x7f29e0024650 con 0x7f29e4108b70
2024-03-18T21:49:42.207 INFO:teuthology.orchestra.run.smithi017.stdout:/usr/bin/ceph: stderr
2024-03-18T21:49:41.349+0000 7f29ec173700 1 -- 172.21.15.17:0/2781102201 --> [v2:172.21.15.17:6800/3496342004,v1:172.21.15.17:6801/3496342004] -- mgr_command(tid 0: {"prefix": "cephadm generate-key", "target": ["mon-mgr", ""]}) -- 0x7f29e4107990 con 0x7f29d0038ed0
2024-03-18T21:49:42.207 INFO:teuthology.orchestra.run.smithi017.stdout:/usr/bin/ceph: stderr
2024-03-18T21:49:41.620+0000 7f29daffd700 1 -- 172.21.15.17:0/2781102201 <== mgr.14118 v2:172.21.15.17:6800/3496342004 1 ==== mgr_command_reply(tid 0: 0 ) ==== 8+0+0 (secure 0 0 0) 0x7f29e4107990 con 0x7f29d0038ed0
2024-03-18T21:49:42.207 INFO:teuthology.orchestra.run.smithi017.stdout:/usr/bin/ceph: stderr
2024-03-18T21:49:41.622+0000 7f29ec173700 1 -- 172.21.15.17:0/2781102201 >> [v2:172.21.15.17:6800/3496342004,v1:172.21.15.17:6801/3496342004] conn(0x7f29d0038ed0 msgr2=0x7f29d003b390 secure :-1 s=STATE_CONNECTION_ESTABLISHED l=1).mark_down
2024-03-18T21:49:42.208 INFO:teuthology.orchestra.run.smithi017.stdout:/usr/bin/ceph: stderr
2024-03-18T21:49:41.622+0000 7f29ec173700 1 --2- 172.21.15.17:0/2781102201 >> [v2:172.21.15.17:6800/3496342004,v1:172.21.15.17:6801/3496342004] conn(0x7f29d0038ed0 0x7f29d003b390 secure :-1 s=READY pgs=9 cs=0 l=1 rev1=1 crypto rx=0x7f29d4006fd0 tx=0x7f29d4006e40 comp rx=0 tx=0).stop
2024-03-18T21:49:42.208 INFO:teuthology.orchestra.run.smithi017.stdout:/usr/bin/ceph: stderr
2024-03-18T21:49:41.622+0000 7f29ec173700 1 -- 172.21.15.17:0/2781102201 >> [v2:172.21.15.17:3300/0,v1:172.21.15.17:6789/0] conn(0x7f29e4108b70 msgr2=0x7f29e41083f0 secure :-1 s=STATE_CONNECTION_ESTABLISHED l=1).mark_down
2024-03-18T21:49:42.208 INFO:teuthology.orchestra.run.smithi017.stdout:/usr/bin/ceph: stderr
2024-03-18T21:49:41.622+0000 7f29ec173700 1 --2- 172.21.15.17:0/2781102201 >> [v2:172.21.15.17:3300/0,v1:172.21.15.17:6789/0] conn(0x7f29e4108b70 0x7f29e41083f0 secure :-1 s=READY pgs=40 cs=0 l=1 rev1=1 crypto rx=0x7f29e00117a0 tx=0x7f29e0003980 comp rx=0 tx=0).stop
2024-03-18T21:49:42.208 INFO:teuthology.orchestra.run.smithi017.stdout:/usr/bin/ceph: stderr
2024-03-18T21:49:41.622+0000 7f29ec173700 1 -- 172.21.15.17:0/2781102201 shutdown_connections
2024-03-18T21:49:42.208 INFO:teuthology.orchestra.run.smithi017.stdout:/usr/bin/ceph: stderr
2024-03-18T21:49:41.622+0000 7f29ec173700 1 --2- 172.21.15.17:0/2781102201 >> [v2:172.21.15.17:6800/3496342004,v1:172.21.15.17:6801/3496342004] conn(0x7f29d0038ed0 0x7f29d003b390 unknown :-1 s=CLOSED pgs=9 cs=0 l=1 rev1=1 crypto rx=0 tx=0 comp rx=0 tx=0).stop
2024-03-18T21:49:42.208 INFO:teuthology.orchestra.run.smithi017.stdout:/usr/bin/ceph: stderr
2024-03-18T21:49:41.622+0000 7f29ec173700 1 --2- 172.21.15.17:0/2781102201 >> [v2:172.21.15.17:3300/0,v1:172.21.15.17:6789/0] conn(0x7f29e4108b70 0x7f29e41083f0 unknown :-1 s=CLOSED pgs=40 cs=0 l=1 rev1=1 crypto rx=0 tx=0 comp rx=0 tx=0).stop
2024-03-18T21:49:42.208 INFO:teuthology.orchestra.run.smithi017.stdout:/usr/bin/ceph: stderr
2024-03-18T21:49:41.622+0000 7f29ec173700 1 -- 172.21.15.17:0/2781102201 >> 172.21.15.17:0/2781102201 conn(0x7f29e4102520 msgr2=0x7f29e4103060 unknown :-1 s=STATE_NONE l=0).mark_down
2024-03-18T21:49:42.208 INFO:teuthology.orchestra.run.smithi017.stdout:/usr/bin/ceph: stderr
2024-03-18T21:49:41.622+0000 7f29ec173700 1 -- 172.21.15.17:0/2781102201 shutdown_connections
2024-03-18T21:49:42.208 INFO:teuthology.orchestra.run.smithi017.stdout:/usr/bin/ceph: stderr
2024-03-18T21:49:41.622+0000 7f29ec173700 1 -- 172.21.15.17:0/2781102201 wait complete.
2024-03-18T21:49:42.793 INFO:journalctl@ceph.mon.a.smithi017.stdout:Mar 18 21:49:42 smithi017 ceph-mon[32281]: from='mgr.14118 172.21.15.17:0/1745908155' entity='mgr.x'
2024-03-18T21:49:42.793 INFO:journalctl@ceph.mon.a.smithi017.stdout:Mar 18 21:49:42 smithi017 ceph-mon[32281]: from='mgr.14118 172.21.15.17:0/1745908155' entity='mgr.x'
2024-03-18T21:49:43.470 INFO:teuthology.orchestra.run.smithi017.stdout:/usr/bin/ceph: stdout ssh-rsa AAAAB3NzaC1yc2EAAAADAQABAAABgQCnLpLDBlgpAGJCHSFgw49CfY0i+LZmEpxo7a0KPk28WP+HlLbUblZ1cnRfDIrcixqygdJ6bpER0DWpSZESO+Gq0DK4E02lM/pj2n0aIIB689C7mURVzCWtEiUJU8jBmu+g/zBTt1SJv9LsT8bACpDhM+MQPJXJbJl4p27dehOyeENnCgNraOa9ws3at4ONsfBo/t/FV+jjoP9rWtpEK8wBwO1j4YZC+2W20iknXf+CTzbM2Sh5YR7s8D9eAMFxDW7C7WlEIrntTF6o3xOEjIP+X5dkIlclF3l5gxf3vQ3dzowXx24ubCVSdCO+oKB/zSfWyuxkAvmVcS+OnqAZ/tuzli/CJCRv0mEjBUWEzGp7aZu5kK4csm5LRxJH/+EhUnS3yFdH7LIfkUIQKikhwsE5JZdd+V8v6I/plUgOAf6xr0mdTXVu8zevc67KW31gFRFp5Mx5W/y53fE51fv8dNO9saObSy7sNqrRCDWoOwdRbCoF9k+oOmK7k3r63YP4IUM= ceph-3d853d18-e571-11ee-95c9-87774f69a715
2024-03-18T21:49:43.470 INFO:teuthology.orchestra.run.smithi017.stdout:/usr/bin/ceph: stderr
2024-03-18T21:49:42.615+0000 7feba5914700 1 Processor -- start
2024-03-18T21:49:43.470 INFO:teuthology.orchestra.run.smithi017.stdout:/usr/bin/ceph: stderr
2024-03-18T21:49:42.615+0000 7feba5914700 1 -- start start
2024-03-18T21:49:43.470 INFO:teuthology.orchestra.run.smithi017.stdout:/usr/bin/ceph: stderr
2024-03-18T21:49:42.615+0000 7feba5914700 1 --2- >> [v2:172.21.15.17:3300/0,v1:172.21.15.17:6789/0] conn(0x7feba0108b50 0x7feba010af40 unknown :-1 s=NONE pgs=0 cs=0 l=0 rev1=0 crypto rx=0 tx=0 comp rx=0 tx=0).connect
2024-03-18T21:49:43.470 INFO:teuthology.orchestra.run.smithi017.stdout:/usr/bin/ceph: stderr
2024-03-18T21:49:42.615+0000 7feba5914700 1 -- --> [v2:172.21.15.17:3300/0,v1:172.21.15.17:6789/0] -- mon_getmap magic: 0 -- 0x7feba007be50 con 0x7feba0108b50
2024-03-18T21:49:43.471 INFO:teuthology.orchestra.run.smithi017.stdout:/usr/bin/ceph: stderr
2024-03-18T21:49:42.616+0000 7feb9effd700 1 --2- >> [v2:172.21.15.17:3300/0,v1:172.21.15.17:6789/0] conn(0x7feba0108b50 0x7feba010af40 unknown :-1 s=BANNER_CONNECTING pgs=0 cs=0 l=0 rev1=0 crypto rx=0 tx=0 comp rx=0 tx=0)._handle_peer_banner_payload supported=3 required=0
2024-03-18T21:49:43.471 INFO:teuthology.orchestra.run.smithi017.stdout:/usr/bin/ceph: stderr
2024-03-18T21:49:42.616+0000 7feb9effd700 1 --2- >> [v2:172.21.15.17:3300/0,v1:172.21.15.17:6789/0] conn(0x7feba0108b50 0x7feba010af40 unknown :-1 s=HELLO_CONNECTING pgs=0 cs=0 l=0 rev1=1 crypto rx=0 tx=0 comp rx=0 tx=0).handle_hello peer v2:172.21.15.17:3300/0 says I am v2:172.21.15.17:60862/0 (socket says 172.21.15.17:60862)
2024-03-18T21:49:43.471 INFO:teuthology.orchestra.run.smithi017.stdout:/usr/bin/ceph: stderr
2024-03-18T21:49:42.616+0000 7feb9effd700 1 -- 172.21.15.17:0/3471727112 learned_addr learned my addr 172.21.15.17:0/3471727112 (peer_addr_for_me v2:172.21.15.17:0/0)
2024-03-18T21:49:43.471 INFO:teuthology.orchestra.run.smithi017.stdout:/usr/bin/ceph: stderr
2024-03-18T21:49:42.616+0000 7feb9effd700 1 -- 172.21.15.17:0/3471727112 --> [v2:172.21.15.17:3300/0,v1:172.21.15.17:6789/0] -- mon_subscribe({config=0+,monmap=0+}) -- 0x7feba010b480 con 0x7feba0108b50
2024-03-18T21:49:43.471 INFO:teuthology.orchestra.run.smithi017.stdout:/usr/bin/ceph: stderr
2024-03-18T21:49:42.616+0000 7feb9effd700 1 --2- 172.21.15.17:0/3471727112 >> [v2:172.21.15.17:3300/0,v1:172.21.15.17:6789/0] conn(0x7feba0108b50 0x7feba010af40 secure :-1 s=READY pgs=41 cs=0 l=1 rev1=1 crypto rx=0x7feb98009e80 tx=0x7feb9800b330 comp rx=0 tx=0).ready entity=mon.0 client_cookie=40d5bbb39cd6657d server_cookie=0 in_seq=0 out_seq=0
2024-03-18T21:49:43.471 INFO:teuthology.orchestra.run.smithi017.stdout:/usr/bin/ceph: stderr
2024-03-18T21:49:42.616+0000 7feb9dffb700 1 -- 172.21.15.17:0/3471727112 <== mon.0 v2:172.21.15.17:3300/0 1 ==== mon_map magic: 0 ==== 205+0+0 (secure 0 0 0) 0x7feb98017070 con 0x7feba0108b50
2024-03-18T21:49:43.471 INFO:teuthology.orchestra.run.smithi017.stdout:/usr/bin/ceph: stderr
2024-03-18T21:49:42.616+0000 7feb9dffb700 1 -- 172.21.15.17:0/3471727112 <== mon.0 v2:172.21.15.17:3300/0 2 ==== config(29 keys) ==== 1178+0+0 (secure 0 0 0) 0x7feb9800b8c0 con 0x7feba0108b50
2024-03-18T21:49:43.471 INFO:teuthology.orchestra.run.smithi017.stdout:/usr/bin/ceph: stderr
2024-03-18T21:49:42.616+0000 7feb9dffb700 1 -- 172.21.15.17:0/3471727112 <== mon.0 v2:172.21.15.17:3300/0 3 ==== mon_map magic: 0 ==== 205+0+0 (secure 0 0 0) 0x7feb980046f0 con 0x7feba0108b50
2024-03-18T21:49:43.471 INFO:teuthology.orchestra.run.smithi017.stdout:/usr/bin/ceph: stderr
2024-03-18T21:49:42.617+0000 7feba5914700 1 -- 172.21.15.17:0/3471727112 >> [v2:172.21.15.17:3300/0,v1:172.21.15.17:6789/0] conn(0x7feba0108b50 msgr2=0x7feba010af40 secure :-1 s=STATE_CONNECTION_ESTABLISHED l=1).mark_down
2024-03-18T21:49:43.471 INFO:teuthology.orchestra.run.smithi017.stdout:/usr/bin/ceph: stderr
2024-03-18T21:49:42.617+0000 7feba5914700 1 --2- 172.21.15.17:0/3471727112 >> [v2:172.21.15.17:3300/0,v1:172.21.15.17:6789/0] conn(0x7feba0108b50 0x7feba010af40 secure :-1 s=READY pgs=41 cs=0 l=1 rev1=1 crypto rx=0x7feb98009e80 tx=0x7feb9800b330 comp rx=0 tx=0).stop
2024-03-18T21:49:43.471 INFO:teuthology.orchestra.run.smithi017.stdout:/usr/bin/ceph: stderr
2024-03-18T21:49:42.617+0000 7feba5914700 1 -- 172.21.15.17:0/3471727112 shutdown_connections
2024-03-18T21:49:43.471 INFO:teuthology.orchestra.run.smithi017.stdout:/usr/bin/ceph: stderr
2024-03-18T21:49:42.617+0000 7feba5914700 1 --2- 172.21.15.17:0/3471727112 >> [v2:172.21.15.17:3300/0,v1:172.21.15.17:6789/0] conn(0x7feba0108b50 0x7feba010af40 unknown :-1 s=CLOSED pgs=41 cs=0 l=1 rev1=1 crypto rx=0 tx=0 comp rx=0 tx=0).stop
2024-03-18T21:49:43.471 INFO:teuthology.orchestra.run.smithi017.stdout:/usr/bin/ceph: stderr
2024-03-18T21:49:42.617+0000 7feba5914700 1 -- 172.21.15.17:0/3471727112 >> 172.21.15.17:0/3471727112 conn(0x7feba0102580 msgr2=0x7feba01049c0 unknown :-1 s=STATE_NONE l=0).mark_down
2024-03-18T21:49:43.472 INFO:teuthology.orchestra.run.smithi017.stdout:/usr/bin/ceph: stderr
2024-03-18T21:49:42.617+0000 7feba5914700 1 -- 172.21.15.17:0/3471727112 shutdown_connections
2024-03-18T21:49:43.472 INFO:teuthology.orchestra.run.smithi017.stdout:/usr/bin/ceph: stderr
2024-03-18T21:49:42.617+0000 7feba5914700 1 -- 172.21.15.17:0/3471727112 wait complete.
2024-03-18T21:49:43.472 INFO:teuthology.orchestra.run.smithi017.stdout:/usr/bin/ceph: stderr
2024-03-18T21:49:42.618+0000 7feba5914700 1 Processor -- start
2024-03-18T21:49:43.472 INFO:teuthology.orchestra.run.smithi017.stdout:/usr/bin/ceph: stderr
2024-03-18T21:49:42.618+0000 7feba5914700 1 -- start start
2024-03-18T21:49:43.472 INFO:teuthology.orchestra.run.smithi017.stdout:/usr/bin/ceph: stderr
2024-03-18T21:49:42.618+0000 7feba5914700 1 --2- >> [v2:172.21.15.17:3300/0,v1:172.21.15.17:6789/0] conn(0x7feba0108b50 0x7feba019e2f0 unknown :-1 s=NONE pgs=0 cs=0 l=1 rev1=0 crypto rx=0 tx=0 comp rx=0 tx=0).connect
2024-03-18T21:49:43.472 INFO:teuthology.orchestra.run.smithi017.stdout:/usr/bin/ceph: stderr
2024-03-18T21:49:42.618+0000 7feba5914700 1 -- --> [v2:172.21.15.17:3300/0,v1:172.21.15.17:6789/0] -- mon_getmap magic: 0 -- 0x7feba010c560 con 0x7feba0108b50
2024-03-18T21:49:43.472 INFO:teuthology.orchestra.run.smithi017.stdout:/usr/bin/ceph: stderr
2024-03-18T21:49:42.618+0000 7feb9effd700 1 --2- >> [v2:172.21.15.17:3300/0,v1:172.21.15.17:6789/0] conn(0x7feba0108b50 0x7feba019e2f0 unknown :-1 s=BANNER_CONNECTING pgs=0 cs=0 l=1 rev1=0 crypto rx=0 tx=0 comp rx=0 tx=0)._handle_peer_banner_payload supported=3 required=0
2024-03-18T21:49:43.472 INFO:teuthology.orchestra.run.smithi017.stdout:/usr/bin/ceph: stderr
2024-03-18T21:49:42.618+0000 7feb9effd700 1 --2- >> [v2:172.21.15.17:3300/0,v1:172.21.15.17:6789/0] conn(0x7feba0108b50 0x7feba019e2f0 unknown :-1 s=HELLO_CONNECTING pgs=0 cs=0 l=1 rev1=1 crypto rx=0 tx=0 comp rx=0 tx=0).handle_hello peer v2:172.21.15.17:3300/0 says I am v2:172.21.15.17:60874/0 (socket says 172.21.15.17:60874)
2024-03-18T21:49:43.472 INFO:teuthology.orchestra.run.smithi017.stdout:/usr/bin/ceph: stderr
2024-03-18T21:49:42.618+0000 7feb9effd700 1 -- 172.21.15.17:0/3751127709 learned_addr learned my addr 172.21.15.17:0/3751127709 (peer_addr_for_me v2:172.21.15.17:0/0)
2024-03-18T21:49:43.472 INFO:teuthology.orchestra.run.smithi017.stdout:/usr/bin/ceph: stderr
2024-03-18T21:49:42.619+0000 7feb9effd700 1 -- 172.21.15.17:0/3751127709 --> [v2:172.21.15.17:3300/0,v1:172.21.15.17:6789/0] -- mon_subscribe({config=0+,monmap=0+}) -- 0x7feba019e830 con 0x7feba0108b50
2024-03-18T21:49:43.472 INFO:teuthology.orchestra.run.smithi017.stdout:/usr/bin/ceph: stderr
2024-03-18T21:49:42.619+0000 7feb9effd700 1 --2- 172.21.15.17:0/3751127709 >> [v2:172.21.15.17:3300/0,v1:172.21.15.17:6789/0] conn(0x7feba0108b50 0x7feba019e2f0 secure :-1 s=READY pgs=42 cs=0 l=1 rev1=1 crypto rx=0x7feb98009fd0 tx=0x7feb980093b0 comp rx=0 tx=0).ready entity=mon.0 client_cookie=0 server_cookie=0 in_seq=0 out_seq=0
2024-03-18T21:49:43.472 INFO:teuthology.orchestra.run.smithi017.stdout:/usr/bin/ceph: stderr
2024-03-18T21:49:42.619+0000 7feba4912700 1 -- 172.21.15.17:0/3751127709 <== mon.0 v2:172.21.15.17:3300/0 1 ==== mon_map magic: 0 ==== 205+0+0 (secure 0 0 0) 0x7feb98021020 con 0x7feba0108b50
2024-03-18T21:49:43.472 INFO:teuthology.orchestra.run.smithi017.stdout:/usr/bin/ceph: stderr
2024-03-18T21:49:42.619+0000 7feba5914700 1 -- 172.21.15.17:0/3751127709 --> [v2:172.21.15.17:3300/0,v1:172.21.15.17:6789/0] -- mon_subscribe({mgrmap=0+}) -- 0x7feba019eac0 con 0x7feba0108b50
2024-03-18T21:49:43.473 INFO:teuthology.orchestra.run.smithi017.stdout:/usr/bin/ceph: stderr
2024-03-18T21:49:42.619+0000 7feba5914700 1 -- 172.21.15.17:0/3751127709 --> [v2:172.21.15.17:3300/0,v1:172.21.15.17:6789/0] -- mon_subscribe({osdmap=0}) -- 0x7feba01a17b0 con 0x7feba0108b50
2024-03-18T21:49:43.473 INFO:teuthology.orchestra.run.smithi017.stdout:/usr/bin/ceph: stderr
2024-03-18T21:49:42.619+0000 7feba4912700 1 -- 172.21.15.17:0/3751127709 <== mon.0 v2:172.21.15.17:3300/0 2 ==== config(29 keys) ==== 1178+0+0 (secure 0 0 0) 0x7feb98003c90 con 0x7feba0108b50
2024-03-18T21:49:43.473 INFO:teuthology.orchestra.run.smithi017.stdout:/usr/bin/ceph: stderr
2024-03-18T21:49:42.619+0000 7feba4912700 1 -- 172.21.15.17:0/3751127709 <== mon.0 v2:172.21.15.17:3300/0 3 ==== mon_map magic: 0 ==== 205+0+0 (secure 0 0 0) 0x7feb98017040 con 0x7feba0108b50
2024-03-18T21:49:43.473 INFO:teuthology.orchestra.run.smithi017.stdout:/usr/bin/ceph: stderr
2024-03-18T21:49:42.620+0000 7feba4912700 1 -- 172.21.15.17:0/3751127709 <== mon.0 v2:172.21.15.17:3300/0 4 ==== mgrmap(e 8) ==== 46106+0+0 (secure 0 0 0) 0x7feb98024020 con 0x7feba0108b50
2024-03-18T21:49:43.473 INFO:teuthology.orchestra.run.smithi017.stdout:/usr/bin/ceph: stderr
2024-03-18T21:49:42.620+0000 7feba5914700 1 -- 172.21.15.17:0/3751127709 --> [v2:172.21.15.17:3300/0,v1:172.21.15.17:6789/0] -- mon_command({"prefix": "get_command_descriptions"} v 0) -- 0x7feba0063940 con 0x7feba0108b50
2024-03-18T21:49:43.473 INFO:teuthology.orchestra.run.smithi017.stdout:/usr/bin/ceph: stderr
2024-03-18T21:49:42.620+0000 7feba4912700 1 --2- 172.21.15.17:0/3751127709 >> [v2:172.21.15.17:6800/3496342004,v1:172.21.15.17:6801/3496342004] conn(0x7feb8c038f20 0x7feb8c03b3e0 unknown :-1 s=NONE pgs=0 cs=0 l=1 rev1=0 crypto rx=0 tx=0 comp rx=0 tx=0).connect
2024-03-18T21:49:43.473 INFO:teuthology.orchestra.run.smithi017.stdout:/usr/bin/ceph: stderr
2024-03-18T21:49:42.620+0000 7feba4912700 1 -- 172.21.15.17:0/3751127709 <== mon.0 v2:172.21.15.17:3300/0 5 ==== osd_map(2..2 src has 1..2) ==== 940+0+0 (secure 0 0 0) 0x7feb9800f050 con 0x7feba0108b50
2024-03-18T21:49:43.473 INFO:teuthology.orchestra.run.smithi017.stdout:/usr/bin/ceph: stderr
2024-03-18T21:49:42.621+0000 7feb9e7fc700 1 --2- 172.21.15.17:0/3751127709 >> [v2:172.21.15.17:6800/3496342004,v1:172.21.15.17:6801/3496342004] conn(0x7feb8c038f20 0x7feb8c03b3e0 unknown :-1 s=BANNER_CONNECTING pgs=0 cs=0 l=1 rev1=0 crypto rx=0 tx=0 comp rx=0 tx=0)._handle_peer_banner_payload supported=3 required=0
2024-03-18T21:49:43.473 INFO:teuthology.orchestra.run.smithi017.stdout:/usr/bin/ceph: stderr
2024-03-18T21:49:42.621+0000 7feb9e7fc700 1 --2- 172.21.15.17:0/3751127709 >> [v2:172.21.15.17:6800/3496342004,v1:172.21.15.17:6801/3496342004] conn(0x7feb8c038f20 0x7feb8c03b3e0 secure :-1 s=READY pgs=10 cs=0 l=1 rev1=1 crypto rx=0x7feb88006fd0 tx=0x7feb88006e40 comp rx=0 tx=0).ready entity=mgr.14118 client_cookie=0 server_cookie=0 in_seq=0 out_seq=0
2024-03-18T21:49:43.473 INFO:teuthology.orchestra.run.smithi017.stdout:/usr/bin/ceph: stderr
2024-03-18T21:49:42.625+0000 7feba4912700 1 -- 172.21.15.17:0/3751127709 <== mon.0 v2:172.21.15.17:3300/0 6 ==== mon_command_ack([{"prefix": "get_command_descriptions"}]=0 v0) ==== 72+0+186149 (secure 0 0 0) 0x7feb9802b030 con 0x7feba0108b50
2024-03-18T21:49:43.473 INFO:teuthology.orchestra.run.smithi017.stdout:/usr/bin/ceph: stderr
2024-03-18T21:49:42.831+0000 7feba5914700 1 -- 172.21.15.17:0/3751127709 --> [v2:172.21.15.17:6800/3496342004,v1:172.21.15.17:6801/3496342004] -- mgr_command(tid 0: {"prefix": "cephadm get-pub-key", "target": ["mon-mgr", ""]}) -- 0x7feba01036f0 con 0x7feb8c038f20
2024-03-18T21:49:43.473 INFO:teuthology.orchestra.run.smithi017.stdout:/usr/bin/ceph: stderr
2024-03-18T21:49:42.832+0000 7feba4912700 1 -- 172.21.15.17:0/3751127709 <== mgr.14118 v2:172.21.15.17:6800/3496342004 1 ==== mgr_command_reply(tid 0: 0 ) ==== 8+0+595 (secure 0 0 0) 0x7feba01036f0 con 0x7feb8c038f20
2024-03-18T21:49:43.473 INFO:teuthology.orchestra.run.smithi017.stdout:/usr/bin/ceph: stderr
2024-03-18T21:49:42.834+0000 7feba5914700 1 -- 172.21.15.17:0/3751127709 >> [v2:172.21.15.17:6800/3496342004,v1:172.21.15.17:6801/3496342004] conn(0x7feb8c038f20 msgr2=0x7feb8c03b3e0 secure :-1 s=STATE_CONNECTION_ESTABLISHED l=1).mark_down
2024-03-18T21:49:43.473 INFO:teuthology.orchestra.run.smithi017.stdout:/usr/bin/ceph: stderr
2024-03-18T21:49:42.834+0000 7feba5914700 1 --2- 172.21.15.17:0/3751127709 >> [v2:172.21.15.17:6800/3496342004,v1:172.21.15.17:6801/3496342004] conn(0x7feb8c038f20 0x7feb8c03b3e0 secure :-1 s=READY pgs=10 cs=0 l=1 rev1=1 crypto rx=0x7feb88006fd0 tx=0x7feb88006e40 comp rx=0 tx=0).stop
2024-03-18T21:49:43.473 INFO:teuthology.orchestra.run.smithi017.stdout:/usr/bin/ceph: stderr
2024-03-18T21:49:42.834+0000 7feba5914700 1 -- 172.21.15.17:0/3751127709 >> [v2:172.21.15.17:3300/0,v1:172.21.15.17:6789/0] conn(0x7feba0108b50 msgr2=0x7feba019e2f0 secure :-1 s=STATE_CONNECTION_ESTABLISHED l=1).mark_down
2024-03-18T21:49:43.474 INFO:teuthology.orchestra.run.smithi017.stdout:/usr/bin/ceph: stderr
2024-03-18T21:49:42.834+0000 7feba5914700 1 --2- 172.21.15.17:0/3751127709 >> [v2:172.21.15.17:3300/0,v1:172.21.15.17:6789/0] conn(0x7feba0108b50 0x7feba019e2f0 secure :-1 s=READY pgs=42 cs=0 l=1 rev1=1 crypto rx=0x7feb98009fd0 tx=0x7feb980093b0 comp rx=0 tx=0).stop
2024-03-18T21:49:43.474 INFO:teuthology.orchestra.run.smithi017.stdout:/usr/bin/ceph: stderr
2024-03-18T21:49:42.834+0000 7feba5914700 1 -- 172.21.15.17:0/3751127709 shutdown_connections
2024-03-18T21:49:43.474 INFO:teuthology.orchestra.run.smithi017.stdout:/usr/bin/ceph: stderr
2024-03-18T21:49:42.834+0000 7feba5914700 1 --2- 172.21.15.17:0/3751127709 >> [v2:172.21.15.17:6800/3496342004,v1:172.21.15.17:6801/3496342004] conn(0x7feb8c038f20 0x7feb8c03b3e0 unknown :-1 s=CLOSED pgs=10 cs=0 l=1 rev1=1 crypto rx=0 tx=0 comp rx=0 tx=0).stop
2024-03-18T21:49:43.474 INFO:teuthology.orchestra.run.smithi017.stdout:/usr/bin/ceph: stderr
2024-03-18T21:49:42.834+0000 7feba5914700 1 --2- 172.21.15.17:0/3751127709 >> [v2:172.21.15.17:3300/0,v1:172.21.15.17:6789/0] conn(0x7feba0108b50 0x7feba019e2f0 unknown :-1 s=CLOSED pgs=42 cs=0 l=1 rev1=1 crypto rx=0 tx=0 comp rx=0 tx=0).stop
2024-03-18T21:49:43.474 INFO:teuthology.orchestra.run.smithi017.stdout:/usr/bin/ceph: stderr
2024-03-18T21:49:42.834+0000 7feba5914700 1 -- 172.21.15.17:0/3751127709 >> 172.21.15.17:0/3751127709 conn(0x7feba0102580 msgr2=0x7feba0102fe0 unknown :-1 s=STATE_NONE l=0).mark_down
2024-03-18T21:49:43.474 INFO:teuthology.orchestra.run.smithi017.stdout:/usr/bin/ceph: stderr
2024-03-18T21:49:42.834+0000 7feba5914700 1 -- 172.21.15.17:0/3751127709 shutdown_connections
2024-03-18T21:49:43.474 INFO:teuthology.orchestra.run.smithi017.stdout:/usr/bin/ceph: stderr
2024-03-18T21:49:42.834+0000 7feba5914700 1 -- 172.21.15.17:0/3751127709 wait complete.
2024-03-18T21:49:43.474 INFO:teuthology.orchestra.run.smithi017.stdout:Wrote public SSH key to /home/ubuntu/cephtest/ceph.pub
2024-03-18T21:49:43.474 INFO:teuthology.orchestra.run.smithi017.stdout:Adding key to root@localhost authorized_keys...
2024-03-18T21:49:43.474 INFO:teuthology.orchestra.run.smithi017.stdout:Adding host smithi017...
2024-03-18T21:49:43.873 INFO:journalctl@ceph.mon.a.smithi017.stdout:Mar 18 21:49:43 smithi017 ceph-mon[32281]: from='client.14136 -' entity='client.admin' cmd=[{"prefix": "cephadm get-pub-key", "target": ["mon-mgr", ""]}]: dispatch
2024-03-18T21:49:44.665 INFO:journalctl@ceph.mon.a.smithi017.stdout:Mar 18 21:49:44 smithi017 ceph-mon[32281]: from='client.14138 -' entity='client.admin' cmd=[{"prefix": "orch host add", "hostname": "smithi017", "addr": "172.21.15.17", "target": ["mon-mgr", ""]}]: dispatch
2024-03-18T21:49:46.043 INFO:journalctl@ceph.mon.a.smithi017.stdout:Mar 18 21:49:45 smithi017 ceph-mon[32281]: Deploying cephadm binary to smithi017
2024-03-18T21:49:49.084 INFO:teuthology.orchestra.run.smithi017.stdout:/usr/bin/ceph: stdout Added host 'smithi017' with addr '172.21.15.17'
2024-03-18T21:49:49.084 INFO:teuthology.orchestra.run.smithi017.stdout:/usr/bin/ceph: stderr
2024-03-18T21:49:43.914+0000 7fe7f4365700 1 Processor -- start
2024-03-18T21:49:49.085 INFO:teuthology.orchestra.run.smithi017.stdout:/usr/bin/ceph: stderr
2024-03-18T21:49:43.914+0000 7fe7f4365700 1 -- start start
2024-03-18T21:49:49.085 INFO:teuthology.orchestra.run.smithi017.stdout:/usr/bin/ceph: stderr
2024-03-18T21:49:43.914+0000 7fe7f4365700 1 --2- >> [v2:172.21.15.17:3300/0,v1:172.21.15.17:6789/0] conn(0x7fe7ec106f80 0x7fe7ec1073a0 unknown :-1 s=NONE pgs=0 cs=0 l=0 rev1=0 crypto rx=0 tx=0 comp rx=0 tx=0).connect
2024-03-18T21:49:49.085 INFO:teuthology.orchestra.run.smithi017.stdout:/usr/bin/ceph: stderr
2024-03-18T21:49:43.914+0000 7fe7f4365700 1 -- --> [v2:172.21.15.17:3300/0,v1:172.21.15.17:6789/0] -- mon_getmap magic: 0 -- 0x7fe7ec107970 con 0x7fe7ec106f80
2024-03-18T21:49:49.085 INFO:teuthology.orchestra.run.smithi017.stdout:/usr/bin/ceph: stderr
2024-03-18T21:49:43.914+0000 7fe7f2101700 1 --2- >> [v2:172.21.15.17:3300/0,v1:172.21.15.17:6789/0] conn(0x7fe7ec106f80 0x7fe7ec1073a0 unknown :-1 s=BANNER_CONNECTING pgs=0 cs=0 l=0 rev1=0 crypto rx=0 tx=0 comp rx=0 tx=0)._handle_peer_banner_payload supported=3 required=0
2024-03-18T21:49:49.085 INFO:teuthology.orchestra.run.smithi017.stdout:/usr/bin/ceph: stderr
2024-03-18T21:49:43.914+0000 7fe7f2101700 1 --2- >> [v2:172.21.15.17:3300/0,v1:172.21.15.17:6789/0] conn(0x7fe7ec106f80 0x7fe7ec1073a0 unknown :-1 s=HELLO_CONNECTING pgs=0 cs=0 l=0 rev1=1 crypto rx=0 tx=0 comp rx=0 tx=0).handle_hello peer v2:172.21.15.17:3300/0 says I am v2:172.21.15.17:60890/0 (socket says 172.21.15.17:60890)
2024-03-18T21:49:49.085 INFO:teuthology.orchestra.run.smithi017.stdout:/usr/bin/ceph: stderr
2024-03-18T21:49:43.914+0000 7fe7f2101700 1 -- 172.21.15.17:0/865967743 learned_addr learned my addr 172.21.15.17:0/865967743 (peer_addr_for_me v2:172.21.15.17:0/0)
2024-03-18T21:49:49.085 INFO:teuthology.orchestra.run.smithi017.stdout:/usr/bin/ceph: stderr
2024-03-18T21:49:43.915+0000 7fe7f2101700 1 -- 172.21.15.17:0/865967743 --> [v2:172.21.15.17:3300/0,v1:172.21.15.17:6789/0] -- mon_subscribe({config=0+,monmap=0+}) -- 0x7fe7ec108180 con 0x7fe7ec106f80
2024-03-18T21:49:49.085 INFO:teuthology.orchestra.run.smithi017.stdout:/usr/bin/ceph: stderr
2024-03-18T21:49:43.915+0000 7fe7f2101700 1 --2- 172.21.15.17:0/865967743 >> [v2:172.21.15.17:3300/0,v1:172.21.15.17:6789/0] conn(0x7fe7ec106f80 0x7fe7ec1073a0 secure :-1 s=READY pgs=43 cs=0 l=1 rev1=1 crypto rx=0x7fe7e4009e80 tx=0x7fe7e400b330 comp rx=0 tx=0).ready entity=mon.0 client_cookie=f77279219b16f823 server_cookie=0 in_seq=0 out_seq=0
2024-03-18T21:49:49.085 INFO:teuthology.orchestra.run.smithi017.stdout:/usr/bin/ceph: stderr
2024-03-18T21:49:43.915+0000 7fe7f10ff700 1 -- 172.21.15.17:0/865967743 <== mon.0 v2:172.21.15.17:3300/0 1 ==== mon_map magic: 0 ==== 205+0+0 (secure 0 0 0) 0x7fe7e4017070 con 0x7fe7ec106f80
2024-03-18T21:49:49.085 INFO:teuthology.orchestra.run.smithi017.stdout:/usr/bin/ceph: stderr
2024-03-18T21:49:43.915+0000 7fe7f10ff700 1 -- 172.21.15.17:0/865967743 <== mon.0 v2:172.21.15.17:3300/0 2 ==== config(29 keys) ==== 1178+0+0 (secure 0 0 0) 0x7fe7e400b8c0 con 0x7fe7ec106f80
2024-03-18T21:49:49.085 INFO:teuthology.orchestra.run.smithi017.stdout:/usr/bin/ceph: stderr
2024-03-18T21:49:43.915+0000 7fe7f10ff700 1 -- 172.21.15.17:0/865967743 <== mon.0 v2:172.21.15.17:3300/0 3 ==== mon_map magic: 0 ==== 205+0+0 (secure 0 0 0) 0x7fe7e40046f0 con 0x7fe7ec106f80
2024-03-18T21:49:49.085 INFO:teuthology.orchestra.run.smithi017.stdout:/usr/bin/ceph: stderr
2024-03-18T21:49:43.916+0000 7fe7f4365700 1 -- 172.21.15.17:0/865967743 >> [v2:172.21.15.17:3300/0,v1:172.21.15.17:6789/0] conn(0x7fe7ec106f80 msgr2=0x7fe7ec1073a0 secure :-1 s=STATE_CONNECTION_ESTABLISHED l=1).mark_down
2024-03-18T21:49:49.085 INFO:teuthology.orchestra.run.smithi017.stdout:/usr/bin/ceph: stderr
2024-03-18T21:49:43.916+0000 7fe7f4365700 1 --2- 172.21.15.17:0/865967743 >> [v2:172.21.15.17:3300/0,v1:172.21.15.17:6789/0] conn(0x7fe7ec106f80 0x7fe7ec1073a0 secure :-1 s=READY pgs=43 cs=0 l=1 rev1=1 crypto rx=0x7fe7e4009e80 tx=0x7fe7e400b330 comp rx=0 tx=0).stop
2024-03-18T21:49:49.085 INFO:teuthology.orchestra.run.smithi017.stdout:/usr/bin/ceph: stderr
2024-03-18T21:49:43.916+0000 7fe7f4365700 1 -- 172.21.15.17:0/865967743 shutdown_connections
2024-03-18T21:49:49.086 INFO:teuthology.orchestra.run.smithi017.stdout:/usr/bin/ceph: stderr
2024-03-18T21:49:43.916+0000 7fe7f4365700 1 --2- 172.21.15.17:0/865967743 >> [v2:172.21.15.17:3300/0,v1:172.21.15.17:6789/0] conn(0x7fe7ec106f80 0x7fe7ec1073a0 unknown :-1 s=CLOSED pgs=43 cs=0 l=1 rev1=1 crypto rx=0 tx=0 comp rx=0 tx=0).stop
2024-03-18T21:49:49.086 INFO:teuthology.orchestra.run.smithi017.stdout:/usr/bin/ceph: stderr
2024-03-18T21:49:43.916+0000 7fe7f4365700 1 -- 172.21.15.17:0/865967743 >> 172.21.15.17:0/865967743 conn(0x7fe7ec102520 msgr2=0x7fe7ec104960 unknown :-1 s=STATE_NONE l=0).mark_down
2024-03-18T21:49:49.086 INFO:teuthology.orchestra.run.smithi017.stdout:/usr/bin/ceph: stderr
2024-03-18T21:49:43.916+0000 7fe7f4365700 1 -- 172.21.15.17:0/865967743 shutdown_connections
2024-03-18T21:49:49.086 INFO:teuthology.orchestra.run.smithi017.stdout:/usr/bin/ceph: stderr
2024-03-18T21:49:43.916+0000 7fe7f4365700 1 -- 172.21.15.17:0/865967743 wait complete.
2024-03-18T21:49:49.086 INFO:teuthology.orchestra.run.smithi017.stdout:/usr/bin/ceph: stderr
2024-03-18T21:49:43.916+0000 7fe7f4365700 1 Processor -- start
2024-03-18T21:49:49.086 INFO:teuthology.orchestra.run.smithi017.stdout:/usr/bin/ceph: stderr
2024-03-18T21:49:43.917+0000 7fe7f4365700 1 -- start start
2024-03-18T21:49:49.086 INFO:teuthology.orchestra.run.smithi017.stdout:/usr/bin/ceph: stderr
2024-03-18T21:49:43.917+0000 7fe7f4365700 1 --2- >> [v2:172.21.15.17:3300/0,v1:172.21.15.17:6789/0] conn(0x7fe7ec106f80 0x7fe7ec19c110 unknown :-1 s=NONE pgs=0 cs=0 l=1 rev1=0 crypto rx=0 tx=0 comp rx=0 tx=0).connect
2024-03-18T21:49:49.086 INFO:teuthology.orchestra.run.smithi017.stdout:/usr/bin/ceph: stderr
2024-03-18T21:49:43.917+0000 7fe7f4365700 1 -- --> [v2:172.21.15.17:3300/0,v1:172.21.15.17:6789/0] -- mon_getmap magic: 0 -- 0x7fe7ec10b530 con 0x7fe7ec106f80
2024-03-18T21:49:49.086 INFO:teuthology.orchestra.run.smithi017.stdout:/usr/bin/ceph: stderr
2024-03-18T21:49:43.917+0000 7fe7f2101700 1 --2- >> [v2:172.21.15.17:3300/0,v1:172.21.15.17:6789/0] conn(0x7fe7ec106f80 0x7fe7ec19c110 unknown :-1 s=BANNER_CONNECTING pgs=0 cs=0 l=1 rev1=0 crypto rx=0 tx=0 comp rx=0 tx=0)._handle_peer_banner_payload supported=3 required=0
2024-03-18T21:49:49.086 INFO:teuthology.orchestra.run.smithi017.stdout:/usr/bin/ceph: stderr
2024-03-18T21:49:43.917+0000 7fe7f2101700 1 --2- >> [v2:172.21.15.17:3300/0,v1:172.21.15.17:6789/0] conn(0x7fe7ec106f80 0x7fe7ec19c110 unknown :-1 s=HELLO_CONNECTING pgs=0 cs=0 l=1 rev1=1 crypto rx=0 tx=0 comp rx=0 tx=0).handle_hello peer v2:172.21.15.17:3300/0 says I am v2:172.21.15.17:60898/0 (socket says 172.21.15.17:60898)
2024-03-18T21:49:49.086 INFO:teuthology.orchestra.run.smithi017.stdout:/usr/bin/ceph: stderr
2024-03-18T21:49:43.917+0000 7fe7f2101700 1 -- 172.21.15.17:0/1941255450 learned_addr learned my addr 172.21.15.17:0/1941255450 (peer_addr_for_me v2:172.21.15.17:0/0)
2024-03-18T21:49:49.086 INFO:teuthology.orchestra.run.smithi017.stdout:/usr/bin/ceph: stderr
2024-03-18T21:49:43.917+0000 7fe7f2101700 1 -- 172.21.15.17:0/1941255450 --> [v2:172.21.15.17:3300/0,v1:172.21.15.17:6789/0] -- mon_subscribe({config=0+,monmap=0+}) -- 0x7fe7ec19c650 con 0x7fe7ec106f80
2024-03-18T21:49:49.086 INFO:teuthology.orchestra.run.smithi017.stdout:/usr/bin/ceph: stderr
2024-03-18T21:49:43.917+0000 7fe7f2101700 1 --2- 172.21.15.17:0/1941255450 >> [v2:172.21.15.17:3300/0,v1:172.21.15.17:6789/0] conn(0x7fe7ec106f80 0x7fe7ec19c110 secure :-1 s=READY pgs=44 cs=0 l=1 rev1=1 crypto rx=0x7fe7e4009e50 tx=0x7fe7e4003d00 comp rx=0 tx=0).ready entity=mon.0 client_cookie=0 server_cookie=0 in_seq=0 out_seq=0
2024-03-18T21:49:49.087 INFO:teuthology.orchestra.run.smithi017.stdout:/usr/bin/ceph: stderr
2024-03-18T21:49:43.917+0000 7fe7e37fe700 1 -- 172.21.15.17:0/1941255450 <== mon.0 v2:172.21.15.17:3300/0 1 ==== mon_map magic: 0 ==== 205+0+0 (secure 0 0 0) 0x7fe7e4021020 con 0x7fe7ec106f80
2024-03-18T21:49:49.087 INFO:teuthology.orchestra.run.smithi017.stdout:/usr/bin/ceph: stderr
2024-03-18T21:49:43.917+0000 7fe7e37fe700 1 -- 172.21.15.17:0/1941255450 <== mon.0 v2:172.21.15.17:3300/0 2 ==== config(29 keys) ==== 1178+0+0 (secure 0 0 0) 0x7fe7e400bde0 con 0x7fe7ec106f80
2024-03-18T21:49:49.087 INFO:teuthology.orchestra.run.smithi017.stdout:/usr/bin/ceph: stderr
2024-03-18T21:49:43.917+0000 7fe7f4365700 1 -- 172.21.15.17:0/1941255450 --> [v2:172.21.15.17:3300/0,v1:172.21.15.17:6789/0] -- mon_subscribe({mgrmap=0+}) -- 0x7fe7ec19c8e0 con 0x7fe7ec106f80
2024-03-18T21:49:49.087 INFO:teuthology.orchestra.run.smithi017.stdout:/usr/bin/ceph: stderr
2024-03-18T21:49:43.917+0000 7fe7e37fe700 1 -- 172.21.15.17:0/1941255450 <== mon.0 v2:172.21.15.17:3300/0 3 ==== mon_map magic: 0 ==== 205+0+0 (secure 0 0 0) 0x7fe7e4017040 con 0x7fe7ec106f80
2024-03-18T21:49:49.087 INFO:teuthology.orchestra.run.smithi017.stdout:/usr/bin/ceph: stderr
2024-03-18T21:49:43.918+0000 7fe7f4365700 1 -- 172.21.15.17:0/1941255450 --> [v2:172.21.15.17:3300/0,v1:172.21.15.17:6789/0] -- mon_subscribe({osdmap=0}) -- 0x7fe7ec19f5d0 con 0x7fe7ec106f80
2024-03-18T21:49:49.087 INFO:teuthology.orchestra.run.smithi017.stdout:/usr/bin/ceph: stderr
2024-03-18T21:49:43.918+0000 7fe7e37fe700 1 -- 172.21.15.17:0/1941255450 <== mon.0 v2:172.21.15.17:3300/0 4 ==== mgrmap(e 8) ==== 46106+0+0 (secure 0 0 0) 0x7fe7e4024020 con 0x7fe7ec106f80
2024-03-18T21:49:49.087 INFO:teuthology.orchestra.run.smithi017.stdout:/usr/bin/ceph: stderr
2024-03-18T21:49:43.918+0000 7fe7f4365700 1 -- 172.21.15.17:0/1941255450 --> [v2:172.21.15.17:3300/0,v1:172.21.15.17:6789/0] -- mon_command({"prefix": "get_command_descriptions"} v 0) -- 0x7fe7ec063940 con 0x7fe7ec106f80
2024-03-18T21:49:49.087 INFO:teuthology.orchestra.run.smithi017.stdout:/usr/bin/ceph: stderr
2024-03-18T21:49:43.918+0000 7fe7e37fe700 1 --2- 172.21.15.17:0/1941255450 >> [v2:172.21.15.17:6800/3496342004,v1:172.21.15.17:6801/3496342004] conn(0x7fe7d8038f20 0x7fe7d803b3e0 unknown :-1 s=NONE pgs=0 cs=0 l=1 rev1=0 crypto rx=0 tx=0 comp rx=0 tx=0).connect
2024-03-18T21:49:49.087 INFO:teuthology.orchestra.run.smithi017.stdout:/usr/bin/ceph: stderr
2024-03-18T21:49:43.919+0000 7fe7e37fe700 1 -- 172.21.15.17:0/1941255450 <== mon.0 v2:172.21.15.17:3300/0 5 ==== osd_map(2..2 src has 1..2) ==== 940+0+0 (secure 0 0 0) 0x7fe7e400f050 con 0x7fe7ec106f80
2024-03-18T21:49:49.087 INFO:teuthology.orchestra.run.smithi017.stdout:/usr/bin/ceph: stderr
2024-03-18T21:49:43.919+0000 7fe7f1900700 1 --2- 172.21.15.17:0/1941255450 >> [v2:172.21.15.17:6800/3496342004,v1:172.21.15.17:6801/3496342004] conn(0x7fe7d8038f20 0x7fe7d803b3e0 unknown :-1 s=BANNER_CONNECTING pgs=0 cs=0 l=1 rev1=0 crypto rx=0 tx=0 comp rx=0 tx=0)._handle_peer_banner_payload supported=3 required=0
2024-03-18T21:49:49.087 INFO:teuthology.orchestra.run.smithi017.stdout:/usr/bin/ceph: stderr
2024-03-18T21:49:43.919+0000 7fe7f1900700 1 --2- 172.21.15.17:0/1941255450 >> [v2:172.21.15.17:6800/3496342004,v1:172.21.15.17:6801/3496342004] conn(0x7fe7d8038f20 0x7fe7d803b3e0 secure :-1 s=READY pgs=11 cs=0 l=1 rev1=1 crypto rx=0x7fe7dc006fd0 tx=0x7fe7dc006e40 comp rx=0 tx=0).ready entity=mgr.14118 client_cookie=0 server_cookie=0 in_seq=0 out_seq=0
2024-03-18T21:49:49.087 INFO:teuthology.orchestra.run.smithi017.stdout:/usr/bin/ceph: stderr
2024-03-18T21:49:43.924+0000 7fe7e37fe700 1 -- 172.21.15.17:0/1941255450 <== mon.0 v2:172.21.15.17:3300/0 6 ==== mon_command_ack([{"prefix": "get_command_descriptions"}]=0 v0) ==== 72+0+186149 (secure 0 0 0) 0x7fe7e402b020 con 0x7fe7ec106f80
2024-03-18T21:49:49.087 INFO:teuthology.orchestra.run.smithi017.stdout:/usr/bin/ceph: stderr
2024-03-18T21:49:44.133+0000 7fe7f4365700 1 -- 172.21.15.17:0/1941255450 --> [v2:172.21.15.17:6800/3496342004,v1:172.21.15.17:6801/3496342004] -- mgr_command(tid 0: {"prefix": "orch host add", "hostname": "smithi017", "addr": "172.21.15.17", "target": ["mon-mgr", ""]}) -- 0x7fe7ec02df90 con 0x7fe7d8038f20
2024-03-18T21:49:49.087 INFO:teuthology.orchestra.run.smithi017.stdout:/usr/bin/ceph: stderr
2024-03-18T21:49:48.491+0000 7fe7e37fe700 1 -- 172.21.15.17:0/1941255450 <== mgr.14118 v2:172.21.15.17:6800/3496342004 1 ==== mgr_command_reply(tid 0: 0 ) ==== 8+0+48 (secure 0 0 0) 0x7fe7ec02df90 con 0x7fe7d8038f20
2024-03-18T21:49:49.088 INFO:teuthology.orchestra.run.smithi017.stdout:/usr/bin/ceph: stderr
2024-03-18T21:49:48.493+0000 7fe7f4365700 1 -- 172.21.15.17:0/1941255450 >> [v2:172.21.15.17:6800/3496342004,v1:172.21.15.17:6801/3496342004] conn(0x7fe7d8038f20 msgr2=0x7fe7d803b3e0 secure :-1 s=STATE_CONNECTION_ESTABLISHED l=1).mark_down
2024-03-18T21:49:49.088 INFO:teuthology.orchestra.run.smithi017.stdout:/usr/bin/ceph: stderr
2024-03-18T21:49:48.493+0000 7fe7f4365700 1 --2- 172.21.15.17:0/1941255450 >> [v2:172.21.15.17:6800/3496342004,v1:172.21.15.17:6801/3496342004] conn(0x7fe7d8038f20 0x7fe7d803b3e0 secure :-1 s=READY pgs=11 cs=0 l=1 rev1=1 crypto rx=0x7fe7dc006fd0 tx=0x7fe7dc006e40 comp rx=0 tx=0).stop
2024-03-18T21:49:49.088 INFO:teuthology.orchestra.run.smithi017.stdout:/usr/bin/ceph: stderr
2024-03-18T21:49:48.494+0000 7fe7f4365700 1 -- 172.21.15.17:0/1941255450 >> [v2:172.21.15.17:3300/0,v1:172.21.15.17:6789/0] conn(0x7fe7ec106f80 msgr2=0x7fe7ec19c110 secure :-1 s=STATE_CONNECTION_ESTABLISHED l=1).mark_down
2024-03-18T21:49:49.088 INFO:teuthology.orchestra.run.smithi017.stdout:/usr/bin/ceph: stderr
2024-03-18T21:49:48.494+0000 7fe7f4365700 1 --2- 172.21.15.17:0/1941255450 >> [v2:172.21.15.17:3300/0,v1:172.21.15.17:6789/0] conn(0x7fe7ec106f80 0x7fe7ec19c110 secure :-1 s=READY pgs=44 cs=0 l=1 rev1=1 crypto rx=0x7fe7e4009e50 tx=0x7fe7e4003d00 comp rx=0 tx=0).stop
2024-03-18T21:49:49.088 INFO:teuthology.orchestra.run.smithi017.stdout:/usr/bin/ceph: stderr
2024-03-18T21:49:48.494+0000 7fe7f4365700 1 -- 172.21.15.17:0/1941255450 shutdown_connections
2024-03-18T21:49:49.088 INFO:teuthology.orchestra.run.smithi017.stdout:/usr/bin/ceph: stderr
2024-03-18T21:49:48.494+0000 7fe7f4365700 1 --2- 172.21.15.17:0/1941255450 >> [v2:172.21.15.17:6800/3496342004,v1:172.21.15.17:6801/3496342004] conn(0x7fe7d8038f20 0x7fe7d803b3e0 unknown :-1 s=CLOSED pgs=11 cs=0 l=1 rev1=1 crypto rx=0 tx=0 comp rx=0 tx=0).stop
2024-03-18T21:49:49.088 INFO:teuthology.orchestra.run.smithi017.stdout:/usr/bin/ceph: stderr
2024-03-18T21:49:48.494+0000 7fe7f4365700 1 --2- 172.21.15.17:0/1941255450 >> [v2:172.21.15.17:3300/0,v1:172.21.15.17:6789/0] conn(0x7fe7ec106f80 0x7fe7ec19c110 unknown :-1 s=CLOSED pgs=44 cs=0 l=1 rev1=1 crypto rx=0 tx=0 comp rx=0 tx=0).stop
2024-03-18T21:49:49.088 INFO:teuthology.orchestra.run.smithi017.stdout:/usr/bin/ceph: stderr
2024-03-18T21:49:48.494+0000 7fe7f4365700 1 -- 172.21.15.17:0/1941255450 >> 172.21.15.17:0/1941255450 conn(0x7fe7ec102520 msgr2=0x7fe7ec103400 unknown :-1 s=STATE_NONE l=0).mark_down
2024-03-18T21:49:49.088 INFO:teuthology.orchestra.run.smithi017.stdout:/usr/bin/ceph: stderr
2024-03-18T21:49:48.494+0000 7fe7f4365700 1 -- 172.21.15.17:0/1941255450 shutdown_connections
2024-03-18T21:49:49.088 INFO:teuthology.orchestra.run.smithi017.stdout:/usr/bin/ceph: stderr
2024-03-18T21:49:48.494+0000 7fe7f4365700 1 -- 172.21.15.17:0/1941255450 wait complete.
2024-03-18T21:49:49.088 INFO:teuthology.orchestra.run.smithi017.stdout:Deploying unmanaged mon service...
2024-03-18T21:49:49.761 INFO:journalctl@ceph.mon.a.smithi017.stdout:Mar 18 21:49:49 smithi017 ceph-mon[32281]: from='mgr.14118 172.21.15.17:0/1745908155' entity='mgr.x'
2024-03-18T21:49:49.761 INFO:journalctl@ceph.mon.a.smithi017.stdout:Mar 18 21:49:49 smithi017 ceph-mon[32281]: Added host smithi017
2024-03-18T21:49:49.761 INFO:journalctl@ceph.mon.a.smithi017.stdout:Mar 18 21:49:49 smithi017 ceph-mon[32281]: from='mgr.14118 172.21.15.17:0/1745908155' entity='mgr.x' cmd=[{"prefix": "config dump", "format": "json"}]: dispatch
2024-03-18T21:49:50.318 INFO:teuthology.orchestra.run.smithi017.stdout:/usr/bin/ceph: stdout Scheduled mon update...
2024-03-18T21:49:50.318 INFO:teuthology.orchestra.run.smithi017.stdout:/usr/bin/ceph: stderr
2024-03-18T21:49:49.531+0000 7f68e5533700 1 Processor -- start
2024-03-18T21:49:50.318 INFO:teuthology.orchestra.run.smithi017.stdout:/usr/bin/ceph: stderr
2024-03-18T21:49:49.531+0000 7f68e5533700 1 -- start start
2024-03-18T21:49:50.318 INFO:teuthology.orchestra.run.smithi017.stdout:/usr/bin/ceph: stderr
2024-03-18T21:49:49.531+0000 7f68e5533700 1 --2- >> [v2:172.21.15.17:3300/0,v1:172.21.15.17:6789/0] conn(0x7f68e0106fb0 0x7f68e01073d0 unknown :-1 s=NONE pgs=0 cs=0 l=0 rev1=0 crypto rx=0 tx=0 comp rx=0 tx=0).connect
2024-03-18T21:49:50.319 INFO:teuthology.orchestra.run.smithi017.stdout:/usr/bin/ceph: stderr
2024-03-18T21:49:49.531+0000 7f68e5533700 1 -- --> [v2:172.21.15.17:3300/0,v1:172.21.15.17:6789/0] -- mon_getmap magic: 0 -- 0x7f68e01079a0 con 0x7f68e0106fb0
2024-03-18T21:49:50.319 INFO:teuthology.orchestra.run.smithi017.stdout:/usr/bin/ceph: stderr
2024-03-18T21:49:49.531+0000 7f68deffd700 1 --2- >> [v2:172.21.15.17:3300/0,v1:172.21.15.17:6789/0] conn(0x7f68e0106fb0 0x7f68e01073d0 unknown :-1 s=BANNER_CONNECTING pgs=0 cs=0 l=0 rev1=0 crypto rx=0 tx=0 comp rx=0 tx=0)._handle_peer_banner_payload supported=3 required=0
2024-03-18T21:49:50.319 INFO:teuthology.orchestra.run.smithi017.stdout:/usr/bin/ceph: stderr
2024-03-18T21:49:49.531+0000 7f68deffd700 1 --2- >> [v2:172.21.15.17:3300/0,v1:172.21.15.17:6789/0] conn(0x7f68e0106fb0 0x7f68e01073d0 unknown :-1 s=HELLO_CONNECTING pgs=0 cs=0 l=0 rev1=1 crypto rx=0 tx=0 comp rx=0 tx=0).handle_hello peer v2:172.21.15.17:3300/0 says I am v2:172.21.15.17:54392/0 (socket says 172.21.15.17:54392)
2024-03-18T21:49:50.319 INFO:teuthology.orchestra.run.smithi017.stdout:/usr/bin/ceph: stderr
2024-03-18T21:49:49.531+0000 7f68deffd700 1 -- 172.21.15.17:0/1475314301 learned_addr learned my addr 172.21.15.17:0/1475314301 (peer_addr_for_me v2:172.21.15.17:0/0)
2024-03-18T21:49:50.319 INFO:teuthology.orchestra.run.smithi017.stdout:/usr/bin/ceph: stderr
2024-03-18T21:49:49.532+0000 7f68deffd700 1 -- 172.21.15.17:0/1475314301 --> [v2:172.21.15.17:3300/0,v1:172.21.15.17:6789/0] -- mon_subscribe({config=0+,monmap=0+}) -- 0x7f68e01081b0 con 0x7f68e0106fb0
2024-03-18T21:49:50.319 INFO:teuthology.orchestra.run.smithi017.stdout:/usr/bin/ceph: stderr
2024-03-18T21:49:49.532+0000 7f68deffd700 1 --2- 172.21.15.17:0/1475314301 >> [v2:172.21.15.17:3300/0,v1:172.21.15.17:6789/0] conn(0x7f68e0106fb0 0x7f68e01073d0 secure :-1 s=READY pgs=45 cs=0 l=1 rev1=1 crypto rx=0x7f68d00098a0 tx=0x7f68d0009bb0 comp rx=0 tx=0).ready entity=mon.0 client_cookie=bdb3b05ec934683d server_cookie=0 in_seq=0 out_seq=0
2024-03-18T21:49:50.319 INFO:teuthology.orchestra.run.smithi017.stdout:/usr/bin/ceph: stderr
2024-03-18T21:49:49.532+0000 7f68ddffb700 1 -- 172.21.15.17:0/1475314301 <== mon.0 v2:172.21.15.17:3300/0 1 ==== mon_map magic: 0 ==== 205+0+0 (secure 0 0 0) 0x7f68d0004160 con 0x7f68e0106fb0
2024-03-18T21:49:50.319 INFO:teuthology.orchestra.run.smithi017.stdout:/usr/bin/ceph: stderr
2024-03-18T21:49:49.532+0000 7f68ddffb700 1 -- 172.21.15.17:0/1475314301 <== mon.0 v2:172.21.15.17:3300/0 2 ==== config(29 keys) ==== 1178+0+0 (secure 0 0 0) 0x7f68d0004300 con 0x7f68e0106fb0
2024-03-18T21:49:50.319 INFO:teuthology.orchestra.run.smithi017.stdout:/usr/bin/ceph: stderr
2024-03-18T21:49:49.532+0000 7f68ddffb700 1 -- 172.21.15.17:0/1475314301 <== mon.0 v2:172.21.15.17:3300/0 3 ==== mon_map magic: 0 ==== 205+0+0 (secure 0 0 0) 0x7f68d0011cc0 con 0x7f68e0106fb0
2024-03-18T21:49:50.319 INFO:teuthology.orchestra.run.smithi017.stdout:/usr/bin/ceph: stderr
2024-03-18T21:49:49.532+0000 7f68e5533700 1 -- 172.21.15.17:0/1475314301 >> [v2:172.21.15.17:3300/0,v1:172.21.15.17:6789/0] conn(0x7f68e0106fb0 msgr2=0x7f68e01073d0 secure :-1 s=STATE_CONNECTION_ESTABLISHED l=1).mark_down
2024-03-18T21:49:50.319 INFO:teuthology.orchestra.run.smithi017.stdout:/usr/bin/ceph: stderr
2024-03-18T21:49:49.532+0000 7f68e5533700 1 --2- 172.21.15.17:0/1475314301 >> [v2:172.21.15.17:3300/0,v1:172.21.15.17:6789/0] conn(0x7f68e0106fb0 0x7f68e01073d0 secure :-1 s=READY pgs=45 cs=0 l=1 rev1=1 crypto rx=0x7f68d00098a0 tx=0x7f68d0009bb0 comp rx=0 tx=0).stop
2024-03-18T21:49:50.319 INFO:teuthology.orchestra.run.smithi017.stdout:/usr/bin/ceph: stderr
2024-03-18T21:49:49.532+0000 7f68e5533700 1 -- 172.21.15.17:0/1475314301 shutdown_connections
2024-03-18T21:49:50.319 INFO:teuthology.orchestra.run.smithi017.stdout:/usr/bin/ceph: stderr
2024-03-18T21:49:49.532+0000 7f68e5533700 1 --2- 172.21.15.17:0/1475314301 >> [v2:172.21.15.17:3300/0,v1:172.21.15.17:6789/0] conn(0x7f68e0106fb0 0x7f68e01073d0 unknown :-1 s=CLOSED pgs=45 cs=0 l=1 rev1=1 crypto rx=0 tx=0 comp rx=0 tx=0).stop
2024-03-18T21:49:50.320 INFO:teuthology.orchestra.run.smithi017.stdout:/usr/bin/ceph: stderr
