2024-03-18T22:33:33.037 INFO:teuthology.orchestra.run.smithi040.stdout:/usr/bin/ceph: stderr
2024-03-18T22:33:32.241+0000 7fa302ffd700 1 -- 172.21.15.40:0/3835861628 <== mon.0 v2:172.21.15.40:3300/0 2 ==== config(26 keys) ==== 1102+0+0 (secure 0 0 0) 0x7fa30801a8e0 con 0x7fa30c107b50
2024-03-18T22:33:33.037 INFO:teuthology.orchestra.run.smithi040.stdout:/usr/bin/ceph: stderr
2024-03-18T22:33:32.241+0000 7fa313c2a700 1 -- 172.21.15.40:0/3835861628 --> [v2:172.21.15.40:3300/0,v1:172.21.15.40:6789/0] -- mon_subscribe({mgrmap=0+}) -- 0x7fa30c07c270 con 0x7fa30c107b50
2024-03-18T22:33:33.037 INFO:teuthology.orchestra.run.smithi040.stdout:/usr/bin/ceph: stderr
2024-03-18T22:33:32.241+0000 7fa302ffd700 1 -- 172.21.15.40:0/3835861628 <== mon.0 v2:172.21.15.40:3300/0 3 ==== mon_map magic: 0 ==== 205+0+0 (secure 0 0 0) 0x7fa308024860 con 0x7fa30c107b50
2024-03-18T22:33:33.037 INFO:teuthology.orchestra.run.smithi040.stdout:/usr/bin/ceph: stderr
2024-03-18T22:33:32.241+0000 7fa313c2a700 1 -- 172.21.15.40:0/3835861628 --> [v2:172.21.15.40:3300/0,v1:172.21.15.40:6789/0] -- mon_subscribe({osdmap=0}) -- 0x7fa30c07c7b0 con 0x7fa30c107b50
2024-03-18T22:33:33.037 INFO:teuthology.orchestra.run.smithi040.stdout:/usr/bin/ceph: stderr
2024-03-18T22:33:32.242+0000 7fa302ffd700 1 -- 172.21.15.40:0/3835861628 <== mon.0 v2:172.21.15.40:3300/0 4 ==== mgrmap(e 8) ==== 46106+0+0 (secure 0 0 0) 0x7fa308022020 con 0x7fa30c107b50
2024-03-18T22:33:33.037 INFO:teuthology.orchestra.run.smithi040.stdout:/usr/bin/ceph: stderr
2024-03-18T22:33:32.242+0000 7fa313c2a700 1 -- 172.21.15.40:0/3835861628 --> [v2:172.21.15.40:3300/0,v1:172.21.15.40:6789/0] -- mon_command({"prefix": "get_command_descriptions"} v 0) -- 0x7fa30c063940 con 0x7fa30c107b50
2024-03-18T22:33:33.038 INFO:teuthology.orchestra.run.smithi040.stdout:/usr/bin/ceph: stderr
2024-03-18T22:33:32.242+0000 7fa302ffd700 1 --2- 172.21.15.40:0/3835861628 >> [v2:172.21.15.40:6800/3876208039,v1:172.21.15.40:6801/3876208039] conn(0x7fa2f8038f70 0x7fa2f803b430 unknown :-1 s=NONE pgs=0 cs=0 l=1 rev1=0 crypto rx=0 tx=0 comp rx=0 tx=0).connect
2024-03-18T22:33:33.038 INFO:teuthology.orchestra.run.smithi040.stdout:/usr/bin/ceph: stderr
2024-03-18T22:33:32.242+0000 7fa302ffd700 1 -- 172.21.15.40:0/3835861628 <== mon.0 v2:172.21.15.40:3300/0 5 ==== osd_map(2..2 src has 1..2) ==== 940+0+0 (secure 0 0 0) 0x7fa30804d0f0 con 0x7fa30c107b50
2024-03-18T22:33:33.038 INFO:teuthology.orchestra.run.smithi040.stdout:/usr/bin/ceph: stderr
2024-03-18T22:33:32.242+0000 7fa3111c5700 1 --2- 172.21.15.40:0/3835861628 >> [v2:172.21.15.40:6800/3876208039,v1:172.21.15.40:6801/3876208039] conn(0x7fa2f8038f70 0x7fa2f803b430 unknown :-1 s=BANNER_CONNECTING pgs=0 cs=0 l=1 rev1=0 crypto rx=0 tx=0 comp rx=0 tx=0)._handle_peer_banner_payload supported=3 required=0
2024-03-18T22:33:33.038 INFO:teuthology.orchestra.run.smithi040.stdout:/usr/bin/ceph: stderr
2024-03-18T22:33:32.242+0000 7fa3111c5700 1 --2- 172.21.15.40:0/3835861628 >> [v2:172.21.15.40:6800/3876208039,v1:172.21.15.40:6801/3876208039] conn(0x7fa2f8038f70 0x7fa2f803b430 secure :-1 s=READY pgs=14 cs=0 l=1 rev1=1 crypto rx=0x7fa2fc006fd0 tx=0x7fa2fc006e40 comp rx=0 tx=0).ready entity=mgr.14116 client_cookie=0 server_cookie=0 in_seq=0 out_seq=0
2024-03-18T22:33:33.038 INFO:teuthology.orchestra.run.smithi040.stdout:/usr/bin/ceph: stderr
2024-03-18T22:33:32.247+0000 7fa302ffd700 1 -- 172.21.15.40:0/3835861628 <== mon.0 v2:172.21.15.40:3300/0 6 ==== mon_command_ack([{"prefix": "get_command_descriptions"}]=0 v0) ==== 72+0+186149 (secure 0 0 0) 0x7fa30800b3e0 con 0x7fa30c107b50
2024-03-18T22:33:33.038 INFO:teuthology.orchestra.run.smithi040.stdout:/usr/bin/ceph: stderr
2024-03-18T22:33:32.453+0000 7fa313c2a700 1 -- 172.21.15.40:0/3835861628 --> [v2:172.21.15.40:3300/0,v1:172.21.15.40:6789/0] -- mon_command([{prefix=config set, name=mgr/cephadm/container_init}] v 0) -- 0x7fa30c07d050 con 0x7fa30c107b50
2024-03-18T22:33:33.038 INFO:teuthology.orchestra.run.smithi040.stdout:/usr/bin/ceph: stderr
2024-03-18T22:33:32.455+0000 7fa302ffd700 1 -- 172.21.15.40:0/3835861628 <== mon.0 v2:172.21.15.40:3300/0 7 ==== mon_command_ack([{prefix=config set, name=mgr/cephadm/container_init}]=0 v7)=0 v7) ==== 142+0+0 (secure 0 0 0) 0x7fa308029de0 con 0x7fa30c107b50
2024-03-18T22:33:33.038 INFO:teuthology.orchestra.run.smithi040.stdout:/usr/bin/ceph: stderr
2024-03-18T22:33:32.458+0000 7fa313c2a700 1 -- 172.21.15.40:0/3835861628 >> [v2:172.21.15.40:6800/3876208039,v1:172.21.15.40:6801/3876208039] conn(0x7fa2f8038f70 msgr2=0x7fa2f803b430 secure :-1 s=STATE_CONNECTION_ESTABLISHED l=1).mark_down
2024-03-18T22:33:33.038 INFO:teuthology.orchestra.run.smithi040.stdout:/usr/bin/ceph: stderr
2024-03-18T22:33:32.458+0000 7fa313c2a700 1 --2- 172.21.15.40:0/3835861628 >> [v2:172.21.15.40:6800/3876208039,v1:172.21.15.40:6801/3876208039] conn(0x7fa2f8038f70 0x7fa2f803b430 secure :-1 s=READY pgs=14 cs=0 l=1 rev1=1 crypto rx=0x7fa2fc006fd0 tx=0x7fa2fc006e40 comp rx=0 tx=0).stop
2024-03-18T22:33:33.038 INFO:teuthology.orchestra.run.smithi040.stdout:/usr/bin/ceph: stderr
2024-03-18T22:33:32.458+0000 7fa313c2a700 1 -- 172.21.15.40:0/3835861628 >> [v2:172.21.15.40:3300/0,v1:172.21.15.40:6789/0] conn(0x7fa30c107b50 msgr2=0x7fa30c07db40 secure :-1 s=STATE_CONNECTION_ESTABLISHED l=1).mark_down
2024-03-18T22:33:33.038 INFO:teuthology.orchestra.run.smithi040.stdout:/usr/bin/ceph: stderr
2024-03-18T22:33:32.458+0000 7fa313c2a700 1 --2- 172.21.15.40:0/3835861628 >> [v2:172.21.15.40:3300/0,v1:172.21.15.40:6789/0] conn(0x7fa30c107b50 0x7fa30c07db40 secure :-1 s=READY pgs=48 cs=0 l=1 rev1=1 crypto rx=0x7fa308011a20 tx=0x7fa308011b00 comp rx=0 tx=0).stop
2024-03-18T22:33:33.038 INFO:teuthology.orchestra.run.smithi040.stdout:/usr/bin/ceph: stderr
2024-03-18T22:33:32.458+0000 7fa313c2a700 1 -- 172.21.15.40:0/3835861628 shutdown_connections
2024-03-18T22:33:33.038 INFO:teuthology.orchestra.run.smithi040.stdout:/usr/bin/ceph: stderr
2024-03-18T22:33:32.458+0000 7fa313c2a700 1 --2- 172.21.15.40:0/3835861628 >> [v2:172.21.15.40:6800/3876208039,v1:172.21.15.40:6801/3876208039] conn(0x7fa2f8038f70 0x7fa2f803b430 unknown :-1 s=CLOSED pgs=14 cs=0 l=1 rev1=1 crypto rx=0 tx=0 comp rx=0 tx=0).stop
2024-03-18T22:33:33.038 INFO:teuthology.orchestra.run.smithi040.stdout:/usr/bin/ceph: stderr
2024-03-18T22:33:32.459+0000 7fa313c2a700 1 --2- 172.21.15.40:0/3835861628 >> [v2:172.21.15.40:3300/0,v1:172.21.15.40:6789/0] conn(0x7fa30c107b50 0x7fa30c07db40 unknown :-1 s=CLOSED pgs=48 cs=0 l=1 rev1=1 crypto rx=0 tx=0 comp rx=0 tx=0).stop
2024-03-18T22:33:33.038 INFO:teuthology.orchestra.run.smithi040.stdout:/usr/bin/ceph: stderr
2024-03-18T22:33:32.459+0000 7fa313c2a700 1 -- 172.21.15.40:0/3835861628 >> 172.21.15.40:0/3835861628 conn(0x7fa30c1030f0 msgr2=0x7fa30c103b90 unknown :-1 s=STATE_NONE l=0).mark_down
2024-03-18T22:33:33.038 INFO:teuthology.orchestra.run.smithi040.stdout:/usr/bin/ceph: stderr
2024-03-18T22:33:32.459+0000 7fa313c2a700 1 -- 172.21.15.40:0/3835861628 shutdown_connections
2024-03-18T22:33:33.039 INFO:teuthology.orchestra.run.smithi040.stdout:/usr/bin/ceph: stderr
2024-03-18T22:33:32.459+0000 7fa313c2a700 1 -- 172.21.15.40:0/3835861628 wait complete.
2024-03-18T22:33:34.344 INFO:teuthology.orchestra.run.smithi040.stdout:/usr/bin/ceph: stderr
2024-03-18T22:33:33.444+0000 7fb803884700 1 Processor -- start
2024-03-18T22:33:34.344 INFO:teuthology.orchestra.run.smithi040.stdout:/usr/bin/ceph: stderr
2024-03-18T22:33:33.444+0000 7fb803884700 1 -- start start
2024-03-18T22:33:34.345 INFO:teuthology.orchestra.run.smithi040.stdout:/usr/bin/ceph: stderr
2024-03-18T22:33:33.444+0000 7fb803884700 1 --2- >> [v2:172.21.15.40:3300/0,v1:172.21.15.40:6789/0] conn(0x7fb7fc105e10 0x7fb7fc106230 unknown :-1 s=NONE pgs=0 cs=0 l=0 rev1=0 crypto rx=0 tx=0 comp rx=0 tx=0).connect
2024-03-18T22:33:34.345 INFO:teuthology.orchestra.run.smithi040.stdout:/usr/bin/ceph: stderr
2024-03-18T22:33:33.444+0000 7fb803884700 1 -- --> [v2:172.21.15.40:3300/0,v1:172.21.15.40:6789/0] -- mon_getmap magic: 0 -- 0x7fb7fc106800 con 0x7fb7fc105e10
2024-03-18T22:33:34.345 INFO:teuthology.orchestra.run.smithi040.stdout:/usr/bin/ceph: stderr
2024-03-18T22:33:33.444+0000 7fb801620700 1 --2- >> [v2:172.21.15.40:3300/0,v1:172.21.15.40:6789/0] conn(0x7fb7fc105e10 0x7fb7fc106230 unknown :-1 s=BANNER_CONNECTING pgs=0 cs=0 l=0 rev1=0 crypto rx=0 tx=0 comp rx=0 tx=0)._handle_peer_banner_payload supported=3 required=0
2024-03-18T22:33:34.345 INFO:teuthology.orchestra.run.smithi040.stdout:/usr/bin/ceph: stderr
2024-03-18T22:33:33.444+0000 7fb801620700 1 --2- >> [v2:172.21.15.40:3300/0,v1:172.21.15.40:6789/0] conn(0x7fb7fc105e10 0x7fb7fc106230 unknown :-1 s=HELLO_CONNECTING pgs=0 cs=0 l=0 rev1=1 crypto rx=0 tx=0 comp rx=0 tx=0).handle_hello peer v2:172.21.15.40:3300/0 says I am v2:172.21.15.40:33174/0 (socket says 172.21.15.40:33174)
2024-03-18T22:33:34.345 INFO:teuthology.orchestra.run.smithi040.stdout:/usr/bin/ceph: stderr
2024-03-18T22:33:33.444+0000 7fb801620700 1 -- 172.21.15.40:0/4079464861 learned_addr learned my addr 172.21.15.40:0/4079464861 (peer_addr_for_me v2:172.21.15.40:0/0)
2024-03-18T22:33:34.345 INFO:teuthology.orchestra.run.smithi040.stdout:/usr/bin/ceph: stderr
2024-03-18T22:33:33.444+0000 7fb801620700 1 -- 172.21.15.40:0/4079464861 --> [v2:172.21.15.40:3300/0,v1:172.21.15.40:6789/0] -- mon_subscribe({config=0+,monmap=0+}) -- 0x7fb7fc106980 con 0x7fb7fc105e10
2024-03-18T22:33:34.345 INFO:teuthology.orchestra.run.smithi040.stdout:/usr/bin/ceph: stderr
2024-03-18T22:33:33.445+0000 7fb801620700 1 --2- 172.21.15.40:0/4079464861 >> [v2:172.21.15.40:3300/0,v1:172.21.15.40:6789/0] conn(0x7fb7fc105e10 0x7fb7fc106230 secure :-1 s=READY pgs=49 cs=0 l=1 rev1=1 crypto rx=0x7fb7f80098a0 tx=0x7fb7f8009bb0 comp rx=0 tx=0).ready entity=mon.0 client_cookie=358a0f319faf7306 server_cookie=0 in_seq=0 out_seq=0
2024-03-18T22:33:34.345 INFO:teuthology.orchestra.run.smithi040.stdout:/usr/bin/ceph: stderr
2024-03-18T22:33:33.445+0000 7fb7f3fff700 1 -- 172.21.15.40:0/4079464861 <== mon.0 v2:172.21.15.40:3300/0 1 ==== mon_map magic: 0 ==== 205+0+0 (secure 0 0 0) 0x7fb7f8004160 con 0x7fb7fc105e10
2024-03-18T22:33:34.345 INFO:teuthology.orchestra.run.smithi040.stdout:/usr/bin/ceph: stderr
2024-03-18T22:33:33.445+0000 7fb7f3fff700 1 -- 172.21.15.40:0/4079464861 <== mon.0 v2:172.21.15.40:3300/0 2 ==== config(26 keys) ==== 1102+0+0 (secure 0 0 0) 0x7fb7f8004300 con 0x7fb7fc105e10
2024-03-18T22:33:34.345 INFO:teuthology.orchestra.run.smithi040.stdout:/usr/bin/ceph: stderr
2024-03-18T22:33:33.445+0000 7fb7f3fff700 1 -- 172.21.15.40:0/4079464861 <== mon.0 v2:172.21.15.40:3300/0 3 ==== mon_map magic: 0 ==== 205+0+0 (secure 0 0 0) 0x7fb7f8011a50 con 0x7fb7fc105e10
2024-03-18T22:33:34.345 INFO:teuthology.orchestra.run.smithi040.stdout:/usr/bin/ceph: stderr
2024-03-18T22:33:33.446+0000 7fb803884700 1 -- 172.21.15.40:0/4079464861 >> [v2:172.21.15.40:3300/0,v1:172.21.15.40:6789/0] conn(0x7fb7fc105e10 msgr2=0x7fb7fc106230 secure :-1 s=STATE_CONNECTION_ESTABLISHED l=1).mark_down
2024-03-18T22:33:34.345 INFO:teuthology.orchestra.run.smithi040.stdout:/usr/bin/ceph: stderr
2024-03-18T22:33:33.446+0000 7fb803884700 1 --2- 172.21.15.40:0/4079464861 >> [v2:172.21.15.40:3300/0,v1:172.21.15.40:6789/0] conn(0x7fb7fc105e10 0x7fb7fc106230 secure :-1 s=READY pgs=49 cs=0 l=1 rev1=1 crypto rx=0x7fb7f80098a0 tx=0x7fb7f8009bb0 comp rx=0 tx=0).stop
2024-03-18T22:33:34.345 INFO:teuthology.orchestra.run.smithi040.stdout:/usr/bin/ceph: stderr
2024-03-18T22:33:33.446+0000 7fb803884700 1 -- 172.21.15.40:0/4079464861 shutdown_connections
2024-03-18T22:33:34.345 INFO:teuthology.orchestra.run.smithi040.stdout:/usr/bin/ceph: stderr
2024-03-18T22:33:33.446+0000 7fb803884700 1 --2- 172.21.15.40:0/4079464861 >> [v2:172.21.15.40:3300/0,v1:172.21.15.40:6789/0] conn(0x7fb7fc105e10 0x7fb7fc106230 unknown :-1 s=CLOSED pgs=49 cs=0 l=1 rev1=1 crypto rx=0 tx=0 comp rx=0 tx=0).stop
2024-03-18T22:33:34.346 INFO:teuthology.orchestra.run.smithi040.stdout:/usr/bin/ceph: stderr
2024-03-18T22:33:33.446+0000 7fb803884700 1 -- 172.21.15.40:0/4079464861 >> 172.21.15.40:0/4079464861 conn(0x7fb7fc101770 msgr2=0x7fb7fc103b90 unknown :-1 s=STATE_NONE l=0).mark_down
2024-03-18T22:33:34.346 INFO:teuthology.orchestra.run.smithi040.stdout:/usr/bin/ceph: stderr
2024-03-18T22:33:33.446+0000 7fb803884700 1 -- 172.21.15.40:0/4079464861 shutdown_connections
2024-03-18T22:33:34.346 INFO:teuthology.orchestra.run.smithi040.stdout:/usr/bin/ceph: stderr
2024-03-18T22:33:33.446+0000 7fb803884700 1 -- 172.21.15.40:0/4079464861 wait complete.
2024-03-18T22:33:34.346 INFO:teuthology.orchestra.run.smithi040.stdout:/usr/bin/ceph: stderr
2024-03-18T22:33:33.447+0000 7fb803884700 1 Processor -- start
2024-03-18T22:33:34.346 INFO:teuthology.orchestra.run.smithi040.stdout:/usr/bin/ceph: stderr
2024-03-18T22:33:33.447+0000 7fb803884700 1 -- start start
2024-03-18T22:33:34.346 INFO:teuthology.orchestra.run.smithi040.stdout:/usr/bin/ceph: stderr
2024-03-18T22:33:33.447+0000 7fb803884700 1 --2- >> [v2:172.21.15.40:3300/0,v1:172.21.15.40:6789/0] conn(0x7fb7fc105e10 0x7fb7fc108710 unknown :-1 s=NONE pgs=0 cs=0 l=1 rev1=0 crypto rx=0 tx=0 comp rx=0 tx=0).connect
2024-03-18T22:33:34.346 INFO:teuthology.orchestra.run.smithi040.stdout:/usr/bin/ceph: stderr
2024-03-18T22:33:33.447+0000 7fb803884700 1 -- --> [v2:172.21.15.40:3300/0,v1:172.21.15.40:6789/0] -- mon_getmap magic: 0 -- 0x7fb7fc109d20 con 0x7fb7fc105e10
2024-03-18T22:33:34.346 INFO:teuthology.orchestra.run.smithi040.stdout:/usr/bin/ceph: stderr
2024-03-18T22:33:33.447+0000 7fb801620700 1 --2- >> [v2:172.21.15.40:3300/0,v1:172.21.15.40:6789/0] conn(0x7fb7fc105e10 0x7fb7fc108710 unknown :-1 s=BANNER_CONNECTING pgs=0 cs=0 l=1 rev1=0 crypto rx=0 tx=0 comp rx=0 tx=0)._handle_peer_banner_payload supported=3 required=0
2024-03-18T22:33:34.346 INFO:teuthology.orchestra.run.smithi040.stdout:/usr/bin/ceph: stderr
2024-03-18T22:33:33.447+0000 7fb801620700 1 --2- >> [v2:172.21.15.40:3300/0,v1:172.21.15.40:6789/0] conn(0x7fb7fc105e10 0x7fb7fc108710 unknown :-1 s=HELLO_CONNECTING pgs=0 cs=0 l=1 rev1=1 crypto rx=0 tx=0 comp rx=0 tx=0).handle_hello peer v2:172.21.15.40:3300/0 says I am v2:172.21.15.40:33178/0 (socket says 172.21.15.40:33178)
2024-03-18T22:33:34.346 INFO:teuthology.orchestra.run.smithi040.stdout:/usr/bin/ceph: stderr
2024-03-18T22:33:33.447+0000 7fb801620700 1 -- 172.21.15.40:0/1550015185 learned_addr learned my addr 172.21.15.40:0/1550015185 (peer_addr_for_me v2:172.21.15.40:0/0)
2024-03-18T22:33:34.346 INFO:teuthology.orchestra.run.smithi040.stdout:/usr/bin/ceph: stderr
2024-03-18T22:33:33.448+0000 7fb801620700 1 -- 172.21.15.40:0/1550015185 --> [v2:172.21.15.40:3300/0,v1:172.21.15.40:6789/0] -- mon_subscribe({config=0+,monmap=0+}) -- 0x7fb7fc108c50 con 0x7fb7fc105e10
2024-03-18T22:33:34.346 INFO:teuthology.orchestra.run.smithi040.stdout:/usr/bin/ceph: stderr
2024-03-18T22:33:33.448+0000 7fb801620700 1 --2- 172.21.15.40:0/1550015185 >> [v2:172.21.15.40:3300/0,v1:172.21.15.40:6789/0] conn(0x7fb7fc105e10 0x7fb7fc108710 secure :-1 s=READY pgs=50 cs=0 l=1 rev1=1 crypto rx=0x7fb7f8011710 tx=0x7fb7f8011ad0 comp rx=0 tx=0).ready entity=mon.0 client_cookie=0 server_cookie=0 in_seq=0 out_seq=0
2024-03-18T22:33:34.346 INFO:teuthology.orchestra.run.smithi040.stdout:/usr/bin/ceph: stderr
2024-03-18T22:33:33.448+0000 7fb7f27fc700 1 -- 172.21.15.40:0/1550015185 <== mon.0 v2:172.21.15.40:3300/0 1 ==== mon_map magic: 0 ==== 205+0+0 (secure 0 0 0) 0x7fb7f80039c0 con 0x7fb7fc105e10
2024-03-18T22:33:34.347 INFO:teuthology.orchestra.run.smithi040.stdout:/usr/bin/ceph: stderr
2024-03-18T22:33:33.448+0000 7fb7f27fc700 1 -- 172.21.15.40:0/1550015185 <== mon.0 v2:172.21.15.40:3300/0 2 ==== config(26 keys) ==== 1102+0+0 (secure 0 0 0) 0x7fb7f8003b60 con 0x7fb7fc105e10
2024-03-18T22:33:34.347 INFO:teuthology.orchestra.run.smithi040.stdout:/usr/bin/ceph: stderr
2024-03-18T22:33:33.448+0000 7fb803884700 1 -- 172.21.15.40:0/1550015185 --> [v2:172.21.15.40:3300/0,v1:172.21.15.40:6789/0] -- mon_subscribe({mgrmap=0+}) -- 0x7fb7fc106e40 con 0x7fb7fc105e10
2024-03-18T22:33:34.347 INFO:teuthology.orchestra.run.smithi040.stdout:/usr/bin/ceph: stderr
2024-03-18T22:33:33.448+0000 7fb7f27fc700 1 -- 172.21.15.40:0/1550015185 <== mon.0 v2:172.21.15.40:3300/0 3 ==== mon_map magic: 0 ==== 205+0+0 (secure 0 0 0) 0x7fb7f801a690 con 0x7fb7fc105e10
2024-03-18T22:33:34.347 INFO:teuthology.orchestra.run.smithi040.stdout:/usr/bin/ceph: stderr
2024-03-18T22:33:33.448+0000 7fb803884700 1 -- 172.21.15.40:0/1550015185 --> [v2:172.21.15.40:3300/0,v1:172.21.15.40:6789/0] -- mon_subscribe({osdmap=0}) -- 0x7fb7fc107380 con 0x7fb7fc105e10
2024-03-18T22:33:34.347 INFO:teuthology.orchestra.run.smithi040.stdout:/usr/bin/ceph: stderr
2024-03-18T22:33:33.449+0000 7fb7f27fc700 1 -- 172.21.15.40:0/1550015185 <== mon.0 v2:172.21.15.40:3300/0 4 ==== mgrmap(e 8) ==== 46106+0+0 (secure 0 0 0) 0x7fb7f801a990 con 0x7fb7fc105e10
2024-03-18T22:33:34.347 INFO:teuthology.orchestra.run.smithi040.stdout:/usr/bin/ceph: stderr
2024-03-18T22:33:33.449+0000 7fb7f27fc700 1 --2- 172.21.15.40:0/1550015185 >> [v2:172.21.15.40:6800/3876208039,v1:172.21.15.40:6801/3876208039] conn(0x7fb7e8038ed0 0x7fb7e803b390 unknown :-1 s=NONE pgs=0 cs=0 l=1 rev1=0 crypto rx=0 tx=0 comp rx=0 tx=0).connect
2024-03-18T22:33:34.347 INFO:teuthology.orchestra.run.smithi040.stdout:/usr/bin/ceph: stderr
2024-03-18T22:33:33.449+0000 7fb803884700 1 -- 172.21.15.40:0/1550015185 --> [v2:172.21.15.40:3300/0,v1:172.21.15.40:6789/0] -- mon_command({"prefix": "get_command_descriptions"} v 0) -- 0x7fb7fc063940 con 0x7fb7fc105e10
2024-03-18T22:33:34.347 INFO:teuthology.orchestra.run.smithi040.stdout:/usr/bin/ceph: stderr
2024-03-18T22:33:33.449+0000 7fb7f27fc700 1 -- 172.21.15.40:0/1550015185 <== mon.0 v2:172.21.15.40:3300/0 5 ==== osd_map(2..2 src has 1..2) ==== 940+0+0 (secure 0 0 0) 0x7fb7f804d440 con 0x7fb7fc105e10
2024-03-18T22:33:34.347 INFO:teuthology.orchestra.run.smithi040.stdout:/usr/bin/ceph: stderr
2024-03-18T22:33:33.449+0000 7fb800e1f700 1 --2- 172.21.15.40:0/1550015185 >> [v2:172.21.15.40:6800/3876208039,v1:172.21.15.40:6801/3876208039] conn(0x7fb7e8038ed0 0x7fb7e803b390 unknown :-1 s=BANNER_CONNECTING pgs=0 cs=0 l=1 rev1=0 crypto rx=0 tx=0 comp rx=0 tx=0)._handle_peer_banner_payload supported=3 required=0
2024-03-18T22:33:34.347 INFO:teuthology.orchestra.run.smithi040.stdout:/usr/bin/ceph: stderr
2024-03-18T22:33:33.450+0000 7fb800e1f700 1 --2- 172.21.15.40:0/1550015185 >> [v2:172.21.15.40:6800/3876208039,v1:172.21.15.40:6801/3876208039] conn(0x7fb7e8038ed0 0x7fb7e803b390 secure :-1 s=READY pgs=15 cs=0 l=1 rev1=1 crypto rx=0x7fb7ec006fd0 tx=0x7fb7ec006e40 comp rx=0 tx=0).ready entity=mgr.14116 client_cookie=0 server_cookie=0 in_seq=0 out_seq=0
2024-03-18T22:33:34.347 INFO:teuthology.orchestra.run.smithi040.stdout:/usr/bin/ceph: stderr
2024-03-18T22:33:33.455+0000 7fb7f27fc700 1 -- 172.21.15.40:0/1550015185 <== mon.0 v2:172.21.15.40:3300/0 6 ==== mon_command_ack([{"prefix": "get_command_descriptions"}]=0 v0) ==== 72+0+186149 (secure 0 0 0) 0x7fb7f8019c70 con 0x7fb7fc105e10
2024-03-18T22:33:34.347 INFO:teuthology.orchestra.run.smithi040.stdout:/usr/bin/ceph: stderr
2024-03-18T22:33:33.667+0000 7fb803884700 1 -- 172.21.15.40:0/1550015185 --> [v2:172.21.15.40:3300/0,v1:172.21.15.40:6789/0] -- mon_command([{prefix=config set, name=mgr/dashboard/ssl_server_port}] v 0) -- 0x7fb7fc107660 con 0x7fb7fc105e10
2024-03-18T22:33:34.347 INFO:teuthology.orchestra.run.smithi040.stdout:/usr/bin/ceph: stderr
2024-03-18T22:33:33.670+0000 7fb7f27fc700 1 -- 172.21.15.40:0/1550015185 <== mon.0 v2:172.21.15.40:3300/0 7 ==== mon_command_ack([{prefix=config set, name=mgr/dashboard/ssl_server_port}]=0 v8)=0 v8) ==== 130+0+0 (secure 0 0 0) 0x7fb7f800f2e0 con 0x7fb7fc105e10
2024-03-18T22:33:34.348 INFO:teuthology.orchestra.run.smithi040.stdout:/usr/bin/ceph: stderr
2024-03-18T22:33:33.672+0000 7fb803884700 1 -- 172.21.15.40:0/1550015185 >> [v2:172.21.15.40:6800/3876208039,v1:172.21.15.40:6801/3876208039] conn(0x7fb7e8038ed0 msgr2=0x7fb7e803b390 secure :-1 s=STATE_CONNECTION_ESTABLISHED l=1).mark_down
2024-03-18T22:33:34.348 INFO:teuthology.orchestra.run.smithi040.stdout:/usr/bin/ceph: stderr
2024-03-18T22:33:33.672+0000 7fb803884700 1 --2- 172.21.15.40:0/1550015185 >> [v2:172.21.15.40:6800/3876208039,v1:172.21.15.40:6801/3876208039] conn(0x7fb7e8038ed0 0x7fb7e803b390 secure :-1 s=READY pgs=15 cs=0 l=1 rev1=1 crypto rx=0x7fb7ec006fd0 tx=0x7fb7ec006e40 comp rx=0 tx=0).stop
2024-03-18T22:33:34.348 INFO:teuthology.orchestra.run.smithi040.stdout:/usr/bin/ceph: stderr
2024-03-18T22:33:33.672+0000 7fb803884700 1 -- 172.21.15.40:0/1550015185 >> [v2:172.21.15.40:3300/0,v1:172.21.15.40:6789/0] conn(0x7fb7fc105e10 msgr2=0x7fb7fc108710 secure :-1 s=STATE_CONNECTION_ESTABLISHED l=1).mark_down
2024-03-18T22:33:34.348 INFO:teuthology.orchestra.run.smithi040.stdout:/usr/bin/ceph: stderr
2024-03-18T22:33:33.672+0000 7fb803884700 1 --2- 172.21.15.40:0/1550015185 >> [v2:172.21.15.40:3300/0,v1:172.21.15.40:6789/0] conn(0x7fb7fc105e10 0x7fb7fc108710 secure :-1 s=READY pgs=50 cs=0 l=1 rev1=1 crypto rx=0x7fb7f8011710 tx=0x7fb7f8011ad0 comp rx=0 tx=0).stop
2024-03-18T22:33:34.348 INFO:teuthology.orchestra.run.smithi040.stdout:/usr/bin/ceph: stderr
2024-03-18T22:33:33.672+0000 7fb803884700 1 -- 172.21.15.40:0/1550015185 shutdown_connections
2024-03-18T22:33:34.348 INFO:teuthology.orchestra.run.smithi040.stdout:/usr/bin/ceph: stderr
2024-03-18T22:33:33.672+0000 7fb803884700 1 --2- 172.21.15.40:0/1550015185 >> [v2:172.21.15.40:6800/3876208039,v1:172.21.15.40:6801/3876208039] conn(0x7fb7e8038ed0 0x7fb7e803b390 unknown :-1 s=CLOSED pgs=15 cs=0 l=1 rev1=1 crypto rx=0 tx=0 comp rx=0 tx=0).stop
2024-03-18T22:33:34.348 INFO:teuthology.orchestra.run.smithi040.stdout:/usr/bin/ceph: stderr
2024-03-18T22:33:33.672+0000 7fb803884700 1 --2- 172.21.15.40:0/1550015185 >> [v2:172.21.15.40:3300/0,v1:172.21.15.40:6789/0] conn(0x7fb7fc105e10 0x7fb7fc108710 unknown :-1 s=CLOSED pgs=50 cs=0 l=1 rev1=1 crypto rx=0 tx=0 comp rx=0 tx=0).stop
2024-03-18T22:33:34.348 INFO:teuthology.orchestra.run.smithi040.stdout:/usr/bin/ceph: stderr
2024-03-18T22:33:33.672+0000 7fb803884700 1 -- 172.21.15.40:0/1550015185 >> 172.21.15.40:0/1550015185 conn(0x7fb7fc101770 msgr2=0x7fb7fc102210 unknown :-1 s=STATE_NONE l=0).mark_down
2024-03-18T22:33:34.348 INFO:teuthology.orchestra.run.smithi040.stdout:/usr/bin/ceph: stderr
2024-03-18T22:33:33.673+0000 7fb803884700 1 -- 172.21.15.40:0/1550015185 shutdown_connections
2024-03-18T22:33:34.348 INFO:teuthology.orchestra.run.smithi040.stdout:/usr/bin/ceph: stderr
2024-03-18T22:33:33.673+0000 7fb803884700 1 -- 172.21.15.40:0/1550015185 wait complete.
2024-03-18T22:33:34.348 INFO:teuthology.orchestra.run.smithi040.stdout:Enabling the dashboard module...
2024-03-18T22:33:34.798 INFO:journalctl@ceph.mon.a.smithi040.stdout:Mar 18 22:33:34 smithi040 ceph-mon[62643]: from='client.? 172.21.15.40:0/1550015185' entity='client.admin'
2024-03-18T22:33:36.012 INFO:journalctl@ceph.mon.a.smithi040.stdout:Mar 18 22:33:35 smithi040 ceph-mon[62643]: from='mgr.14116 172.21.15.40:0/207674194' entity='mgr.x'
2024-03-18T22:33:36.012 INFO:journalctl@ceph.mon.a.smithi040.stdout:Mar 18 22:33:35 smithi040 ceph-mon[62643]: from='client.? 172.21.15.40:0/3426801337' entity='client.admin' cmd=[{"prefix": "mgr module enable", "module": "dashboard"}]: dispatch
2024-03-18T22:33:36.012 INFO:journalctl@ceph.mgr.x.smithi040.stdout:Mar 18 22:33:35 smithi040 ceph-410ef414-e577-11ee-95c9-87774f69a715-mgr-x[62875]: ignoring --setuser ceph since I am not root
2024-03-18T22:33:36.012 INFO:journalctl@ceph.mgr.x.smithi040.stdout:Mar 18 22:33:35 smithi040 ceph-410ef414-e577-11ee-95c9-87774f69a715-mgr-x[62875]: ignoring --setgroup ceph since I am not root
2024-03-18T22:33:36.296 INFO:teuthology.orchestra.run.smithi040.stdout:/usr/bin/ceph: stderr
2024-03-18T22:33:35.128+0000 7f02f9dd0700 1 Processor -- start
2024-03-18T22:33:36.296 INFO:teuthology.orchestra.run.smithi040.stdout:/usr/bin/ceph: stderr
2024-03-18T22:33:35.128+0000 7f02f9dd0700 1 -- start start
2024-03-18T22:33:36.296 INFO:teuthology.orchestra.run.smithi040.stdout:/usr/bin/ceph: stderr
2024-03-18T22:33:35.128+0000 7f02f9dd0700 1 --2- >> [v2:172.21.15.40:3300/0,v1:172.21.15.40:6789/0] conn(0x7f02f4108640 0x7f02f410aa30 unknown :-1 s=NONE pgs=0 cs=0 l=0 rev1=0 crypto rx=0 tx=0 comp rx=0 tx=0).connect
2024-03-18T22:33:36.296 INFO:teuthology.orchestra.run.smithi040.stdout:/usr/bin/ceph: stderr
2024-03-18T22:33:35.128+0000 7f02f9dd0700 1 -- --> [v2:172.21.15.40:3300/0,v1:172.21.15.40:6789/0] -- mon_getmap magic: 0 -- 0x7f02f407be20 con 0x7f02f4108640
2024-03-18T22:33:36.296 INFO:teuthology.orchestra.run.smithi040.stdout:/usr/bin/ceph: stderr
2024-03-18T22:33:35.128+0000 7f02f37fe700 1 --2- >> [v2:172.21.15.40:3300/0,v1:172.21.15.40:6789/0] conn(0x7f02f4108640 0x7f02f410aa30 unknown :-1 s=BANNER_CONNECTING pgs=0 cs=0 l=0 rev1=0 crypto rx=0 tx=0 comp rx=0 tx=0)._handle_peer_banner_payload supported=3 required=0
2024-03-18T22:33:36.296 INFO:teuthology.orchestra.run.smithi040.stdout:/usr/bin/ceph: stderr
2024-03-18T22:33:35.128+0000 7f02f37fe700 1 --2- >> [v2:172.21.15.40:3300/0,v1:172.21.15.40:6789/0] conn(0x7f02f4108640 0x7f02f410aa30 unknown :-1 s=HELLO_CONNECTING pgs=0 cs=0 l=0 rev1=1 crypto rx=0 tx=0 comp rx=0 tx=0).handle_hello peer v2:172.21.15.40:3300/0 says I am v2:172.21.15.40:33188/0 (socket says 172.21.15.40:33188)
2024-03-18T22:33:36.296 INFO:teuthology.orchestra.run.smithi040.stdout:/usr/bin/ceph: stderr
2024-03-18T22:33:35.128+0000 7f02f37fe700 1 -- 172.21.15.40:0/479460772 learned_addr learned my addr 172.21.15.40:0/479460772 (peer_addr_for_me v2:172.21.15.40:0/0)
2024-03-18T22:33:36.296 INFO:teuthology.orchestra.run.smithi040.stdout:/usr/bin/ceph: stderr
2024-03-18T22:33:35.129+0000 7f02f37fe700 1 -- 172.21.15.40:0/479460772 --> [v2:172.21.15.40:3300/0,v1:172.21.15.40:6789/0] -- mon_subscribe({config=0+,monmap=0+}) -- 0x7f02f410af70 con 0x7f02f4108640
2024-03-18T22:33:36.296 INFO:teuthology.orchestra.run.smithi040.stdout:/usr/bin/ceph: stderr
2024-03-18T22:33:35.129+0000 7f02f37fe700 1 --2- 172.21.15.40:0/479460772 >> [v2:172.21.15.40:3300/0,v1:172.21.15.40:6789/0] conn(0x7f02f4108640 0x7f02f410aa30 secure :-1 s=READY pgs=51 cs=0 l=1 rev1=1 crypto rx=0x7f02e40098a0 tx=0x7f02e4009bb0 comp rx=0 tx=0).ready entity=mon.0 client_cookie=4ad7683a5c9b63c7 server_cookie=0 in_seq=0 out_seq=0
2024-03-18T22:33:36.296 INFO:teuthology.orchestra.run.smithi040.stdout:/usr/bin/ceph: stderr
2024-03-18T22:33:35.129+0000 7f02f27fc700 1 -- 172.21.15.40:0/479460772 <== mon.0 v2:172.21.15.40:3300/0 1 ==== mon_map magic: 0 ==== 205+0+0 (secure 0 0 0) 0x7f02e4004160 con 0x7f02f4108640
2024-03-18T22:33:36.296 INFO:teuthology.orchestra.run.smithi040.stdout:/usr/bin/ceph: stderr
2024-03-18T22:33:35.129+0000 7f02f27fc700 1 -- 172.21.15.40:0/479460772 <== mon.0 v2:172.21.15.40:3300/0 2 ==== config(26 keys) ==== 1102+0+0 (secure 0 0 0) 0x7f02e4004300 con 0x7f02f4108640
2024-03-18T22:33:36.296 INFO:teuthology.orchestra.run.smithi040.stdout:/usr/bin/ceph: stderr
2024-03-18T22:33:35.129+0000 7f02f27fc700 1 -- 172.21.15.40:0/479460772 <== mon.0 v2:172.21.15.40:3300/0 3 ==== mon_map magic: 0 ==== 205+0+0 (secure 0 0 0) 0x7f02e4011a50 con 0x7f02f4108640
2024-03-18T22:33:36.297 INFO:teuthology.orchestra.run.smithi040.stdout:/usr/bin/ceph: stderr
2024-03-18T22:33:35.130+0000 7f02f9dd0700 1 -- 172.21.15.40:0/479460772 >> [v2:172.21.15.40:3300/0,v1:172.21.15.40:6789/0] conn(0x7f02f4108640 msgr2=0x7f02f410aa30 secure :-1 s=STATE_CONNECTION_ESTABLISHED l=1).mark_down
2024-03-18T22:33:36.297 INFO:teuthology.orchestra.run.smithi040.stdout:/usr/bin/ceph: stderr
2024-03-18T22:33:35.130+0000 7f02f9dd0700 1 --2- 172.21.15.40:0/479460772 >> [v2:172.21.15.40:3300/0,v1:172.21.15.40:6789/0] conn(0x7f02f4108640 0x7f02f410aa30 secure :-1 s=READY pgs=51 cs=0 l=1 rev1=1 crypto rx=0x7f02e40098a0 tx=0x7f02e4009bb0 comp rx=0 tx=0).stop
2024-03-18T22:33:36.297 INFO:teuthology.orchestra.run.smithi040.stdout:/usr/bin/ceph: stderr
2024-03-18T22:33:35.130+0000 7f02f9dd0700 1 -- 172.21.15.40:0/479460772 shutdown_connections
2024-03-18T22:33:36.297 INFO:teuthology.orchestra.run.smithi040.stdout:/usr/bin/ceph: stderr
2024-03-18T22:33:35.130+0000 7f02f9dd0700 1 --2- 172.21.15.40:0/479460772 >> [v2:172.21.15.40:3300/0,v1:172.21.15.40:6789/0] conn(0x7f02f4108640 0x7f02f410aa30 unknown :-1 s=CLOSED pgs=51 cs=0 l=1 rev1=1 crypto rx=0 tx=0 comp rx=0 tx=0).stop
2024-03-18T22:33:36.297 INFO:teuthology.orchestra.run.smithi040.stdout:/usr/bin/ceph: stderr
2024-03-18T22:33:35.130+0000 7f02f9dd0700 1 -- 172.21.15.40:0/479460772 >> 172.21.15.40:0/479460772 conn(0x7f02f4102010 msgr2=0x7f02f4104450 unknown :-1 s=STATE_NONE l=0).mark_down
2024-03-18T22:33:36.297 INFO:teuthology.orchestra.run.smithi040.stdout:/usr/bin/ceph: stderr
2024-03-18T22:33:35.130+0000 7f02f9dd0700 1 -- 172.21.15.40:0/479460772 shutdown_connections
2024-03-18T22:33:36.297 INFO:teuthology.orchestra.run.smithi040.stdout:/usr/bin/ceph: stderr
2024-03-18T22:33:35.130+0000 7f02f9dd0700 1 -- 172.21.15.40:0/479460772 wait complete.
2024-03-18T22:33:36.297 INFO:teuthology.orchestra.run.smithi040.stdout:/usr/bin/ceph: stderr
2024-03-18T22:33:35.131+0000 7f02f9dd0700 1 Processor -- start
2024-03-18T22:33:36.297 INFO:teuthology.orchestra.run.smithi040.stdout:/usr/bin/ceph: stderr
2024-03-18T22:33:35.131+0000 7f02f9dd0700 1 -- start start
2024-03-18T22:33:36.297 INFO:teuthology.orchestra.run.smithi040.stdout:/usr/bin/ceph: stderr
2024-03-18T22:33:35.131+0000 7f02f9dd0700 1 --2- >> [v2:172.21.15.40:3300/0,v1:172.21.15.40:6789/0] conn(0x7f02f4108640 0x7f02f419ba10 unknown :-1 s=NONE pgs=0 cs=0 l=1 rev1=0 crypto rx=0 tx=0 comp rx=0 tx=0).connect
2024-03-18T22:33:36.297 INFO:teuthology.orchestra.run.smithi040.stdout:/usr/bin/ceph: stderr
2024-03-18T22:33:35.131+0000 7f02f9dd0700 1 -- --> [v2:172.21.15.40:3300/0,v1:172.21.15.40:6789/0] -- mon_getmap magic: 0 -- 0x7f02f410bf20 con 0x7f02f4108640
2024-03-18T22:33:36.297 INFO:teuthology.orchestra.run.smithi040.stdout:/usr/bin/ceph: stderr
2024-03-18T22:33:35.131+0000 7f02f37fe700 1 --2- >> [v2:172.21.15.40:3300/0,v1:172.21.15.40:6789/0] conn(0x7f02f4108640 0x7f02f419ba10 unknown :-1 s=BANNER_CONNECTING pgs=0 cs=0 l=1 rev1=0 crypto rx=0 tx=0 comp rx=0 tx=0)._handle_peer_banner_payload supported=3 required=0
2024-03-18T22:33:36.297 INFO:teuthology.orchestra.run.smithi040.stdout:/usr/bin/ceph: stderr
2024-03-18T22:33:35.131+0000 7f02f37fe700 1 --2- >> [v2:172.21.15.40:3300/0,v1:172.21.15.40:6789/0] conn(0x7f02f4108640 0x7f02f419ba10 unknown :-1 s=HELLO_CONNECTING pgs=0 cs=0 l=1 rev1=1 crypto rx=0 tx=0 comp rx=0 tx=0).handle_hello peer v2:172.21.15.40:3300/0 says I am v2:172.21.15.40:33192/0 (socket says 172.21.15.40:33192)
2024-03-18T22:33:36.297 INFO:teuthology.orchestra.run.smithi040.stdout:/usr/bin/ceph: stderr
2024-03-18T22:33:35.131+0000 7f02f37fe700 1 -- 172.21.15.40:0/3426801337 learned_addr learned my addr 172.21.15.40:0/3426801337 (peer_addr_for_me v2:172.21.15.40:0/0)
2024-03-18T22:33:36.298 INFO:teuthology.orchestra.run.smithi040.stdout:/usr/bin/ceph: stderr
2024-03-18T22:33:35.131+0000 7f02f37fe700 1 -- 172.21.15.40:0/3426801337 --> [v2:172.21.15.40:3300/0,v1:172.21.15.40:6789/0] -- mon_subscribe({config=0+,monmap=0+}) -- 0x7f02f419bf50 con 0x7f02f4108640
2024-03-18T22:33:36.298 INFO:teuthology.orchestra.run.smithi040.stdout:/usr/bin/ceph: stderr
2024-03-18T22:33:35.132+0000 7f02f37fe700 1 --2- 172.21.15.40:0/3426801337 >> [v2:172.21.15.40:3300/0,v1:172.21.15.40:6789/0] conn(0x7f02f4108640 0x7f02f419ba10 secure :-1 s=READY pgs=52 cs=0 l=1 rev1=1 crypto rx=0x7f02e4011a20 tx=0x7f02e4011b00 comp rx=0 tx=0).ready entity=mon.0 client_cookie=0 server_cookie=0 in_seq=0 out_seq=0
2024-03-18T22:33:36.298 INFO:teuthology.orchestra.run.smithi040.stdout:/usr/bin/ceph: stderr
2024-03-18T22:33:35.132+0000 7f02f0ff9700 1 -- 172.21.15.40:0/3426801337 <== mon.0 v2:172.21.15.40:3300/0 1 ==== mon_map magic: 0 ==== 205+0+0 (secure 0 0 0) 0x7f02e40039c0 con 0x7f02f4108640
2024-03-18T22:33:36.298 INFO:teuthology.orchestra.run.smithi040.stdout:/usr/bin/ceph: stderr
2024-03-18T22:33:35.132+0000 7f02f9dd0700 1 -- 172.21.15.40:0/3426801337 --> [v2:172.21.15.40:3300/0,v1:172.21.15.40:6789/0] -- mon_subscribe({mgrmap=0+}) -- 0x7f02f419c1e0 con 0x7f02f4108640
2024-03-18T22:33:36.298 INFO:teuthology.orchestra.run.smithi040.stdout:/usr/bin/ceph: stderr
2024-03-18T22:33:35.132+0000 7f02f0ff9700 1 -- 172.21.15.40:0/3426801337 <== mon.0 v2:172.21.15.40:3300/0 2 ==== config(26 keys) ==== 1102+0+0 (secure 0 0 0) 0x7f02e4003b60 con 0x7f02f4108640
2024-03-18T22:33:36.298 INFO:teuthology.orchestra.run.smithi040.stdout:/usr/bin/ceph: stderr
2024-03-18T22:33:35.132+0000 7f02f0ff9700 1 -- 172.21.15.40:0/3426801337 <== mon.0 v2:172.21.15.40:3300/0 3 ==== mon_map magic: 0 ==== 205+0+0 (secure 0 0 0) 0x7f02e401a6b0 con 0x7f02f4108640
2024-03-18T22:33:36.298 INFO:teuthology.orchestra.run.smithi040.stdout:/usr/bin/ceph: stderr
2024-03-18T22:33:35.132+0000 7f02f9dd0700 1 -- 172.21.15.40:0/3426801337 --> [v2:172.21.15.40:3300/0,v1:172.21.15.40:6789/0] -- mon_subscribe({osdmap=0}) -- 0x7f02f419eed0 con 0x7f02f4108640
2024-03-18T22:33:36.298 INFO:teuthology.orchestra.run.smithi040.stdout:/usr/bin/ceph: stderr
2024-03-18T22:33:35.133+0000 7f02f0ff9700 1 -- 172.21.15.40:0/3426801337 <== mon.0 v2:172.21.15.40:3300/0 4 ==== mgrmap(e 8) ==== 46106+0+0 (secure 0 0 0) 0x7f02e401a9e0 con 0x7f02f4108640
2024-03-18T22:33:36.298 INFO:teuthology.orchestra.run.smithi040.stdout:/usr/bin/ceph: stderr
2024-03-18T22:33:35.133+0000 7f02f9dd0700 1 -- 172.21.15.40:0/3426801337 --> [v2:172.21.15.40:3300/0,v1:172.21.15.40:6789/0] -- mon_command({"prefix": "get_command_descriptions"} v 0) -- 0x7f02f4063940 con 0x7f02f4108640
2024-03-18T22:33:36.298 INFO:teuthology.orchestra.run.smithi040.stdout:/usr/bin/ceph: stderr
2024-03-18T22:33:35.133+0000 7f02f0ff9700 1 --2- 172.21.15.40:0/3426801337 >> [v2:172.21.15.40:6800/3876208039,v1:172.21.15.40:6801/3876208039] conn(0x7f02dc038f20 0x7f02dc03b3e0 unknown :-1 s=NONE pgs=0 cs=0 l=1 rev1=0 crypto rx=0 tx=0 comp rx=0 tx=0).connect
2024-03-18T22:33:36.298 INFO:teuthology.orchestra.run.smithi040.stdout:/usr/bin/ceph: stderr
2024-03-18T22:33:35.133+0000 7f02f0ff9700 1 -- 172.21.15.40:0/3426801337 <== mon.0 v2:172.21.15.40:3300/0 5 ==== osd_map(2..2 src has 1..2) ==== 940+0+0 (secure 0 0 0) 0x7f02e404d470 con 0x7f02f4108640
2024-03-18T22:33:36.298 INFO:teuthology.orchestra.run.smithi040.stdout:/usr/bin/ceph: stderr
2024-03-18T22:33:35.133+0000 7f02f2ffd700 1 --2- 172.21.15.40:0/3426801337 >> [v2:172.21.15.40:6800/3876208039,v1:172.21.15.40:6801/3876208039] conn(0x7f02dc038f20 0x7f02dc03b3e0 unknown :-1 s=BANNER_CONNECTING pgs=0 cs=0 l=1 rev1=0 crypto rx=0 tx=0 comp rx=0 tx=0)._handle_peer_banner_payload supported=3 required=0
2024-03-18T22:33:36.298 INFO:teuthology.orchestra.run.smithi040.stdout:/usr/bin/ceph: stderr
2024-03-18T22:33:35.134+0000 7f02f2ffd700 1 --2- 172.21.15.40:0/3426801337 >> [v2:172.21.15.40:6800/3876208039,v1:172.21.15.40:6801/3876208039] conn(0x7f02dc038f20 0x7f02dc03b3e0 secure :-1 s=READY pgs=16 cs=0 l=1 rev1=1 crypto rx=0x7f02e8006fd0 tx=0x7f02e8006e40 comp rx=0 tx=0).ready entity=mgr.14116 client_cookie=0 server_cookie=0 in_seq=0 out_seq=0
2024-03-18T22:33:36.299 INFO:teuthology.orchestra.run.smithi040.stdout:/usr/bin/ceph: stderr
2024-03-18T22:33:35.138+0000 7f02f0ff9700 1 -- 172.21.15.40:0/3426801337 <== mon.0 v2:172.21.15.40:3300/0 6 ==== mon_command_ack([{"prefix": "get_command_descriptions"}]=0 v0) ==== 72+0+186149 (secure 0 0 0) 0x7f02e4024a70 con 0x7f02f4108640
2024-03-18T22:33:36.299 INFO:teuthology.orchestra.run.smithi040.stdout:/usr/bin/ceph: stderr
2024-03-18T22:33:35.405+0000 7f02f9dd0700 1 -- 172.21.15.40:0/3426801337 --> [v2:172.21.15.40:3300/0,v1:172.21.15.40:6789/0] -- mon_command({"prefix": "mgr module enable", "module": "dashboard"} v 0) -- 0x7f02f419f0a0 con 0x7f02f4108640
2024-03-18T22:33:36.299 INFO:teuthology.orchestra.run.smithi040.stdout:/usr/bin/ceph: stderr
2024-03-18T22:33:35.695+0000 7f02f0ff9700 1 -- 172.21.15.40:0/3426801337 <== mon.0 v2:172.21.15.40:3300/0 7 ==== mon_command_ack([{"prefix": "mgr module enable", "module": "dashboard"}]=0 v9) ==== 88+0+0 (secure 0 0 0) 0x7f02e402d910 con 0x7f02f4108640
2024-03-18T22:33:36.299 INFO:teuthology.orchestra.run.smithi040.stdout:/usr/bin/ceph: stderr
2024-03-18T22:33:35.697+0000 7f02f0ff9700 1 -- 172.21.15.40:0/3426801337 <== mon.0 v2:172.21.15.40:3300/0 8 ==== mgrmap(e 9) ==== 46119+0+0 (secure 0 0 0) 0x7f02e402d3f0 con 0x7f02f4108640
2024-03-18T22:33:36.299 INFO:teuthology.orchestra.run.smithi040.stdout:/usr/bin/ceph: stderr
2024-03-18T22:33:35.699+0000 7f02f9dd0700 1 -- 172.21.15.40:0/3426801337 >> [v2:172.21.15.40:6800/3876208039,v1:172.21.15.40:6801/3876208039] conn(0x7f02dc038f20 msgr2=0x7f02dc03b3e0 secure :-1 s=STATE_CONNECTION_ESTABLISHED l=1).mark_down
2024-03-18T22:33:36.299 INFO:teuthology.orchestra.run.smithi040.stdout:/usr/bin/ceph: stderr
2024-03-18T22:33:35.699+0000 7f02f9dd0700 1 --2- 172.21.15.40:0/3426801337 >> [v2:172.21.15.40:6800/3876208039,v1:172.21.15.40:6801/3876208039] conn(0x7f02dc038f20 0x7f02dc03b3e0 secure :-1 s=READY pgs=16 cs=0 l=1 rev1=1 crypto rx=0x7f02e8006fd0 tx=0x7f02e8006e40 comp rx=0 tx=0).stop
2024-03-18T22:33:36.299 INFO:teuthology.orchestra.run.smithi040.stdout:/usr/bin/ceph: stderr
2024-03-18T22:33:35.699+0000 7f02f9dd0700 1 -- 172.21.15.40:0/3426801337 >> [v2:172.21.15.40:3300/0,v1:172.21.15.40:6789/0] conn(0x7f02f4108640 msgr2=0x7f02f419ba10 secure :-1 s=STATE_CONNECTION_ESTABLISHED l=1).mark_down
2024-03-18T22:33:36.299 INFO:teuthology.orchestra.run.smithi040.stdout:/usr/bin/ceph: stderr
2024-03-18T22:33:35.699+0000 7f02f9dd0700 1 --2- 172.21.15.40:0/3426801337 >> [v2:172.21.15.40:3300/0,v1:172.21.15.40:6789/0] conn(0x7f02f4108640 0x7f02f419ba10 secure :-1 s=READY pgs=52 cs=0 l=1 rev1=1 crypto rx=0x7f02e4011a20 tx=0x7f02e4011b00 comp rx=0 tx=0).stop
2024-03-18T22:33:36.299 INFO:teuthology.orchestra.run.smithi040.stdout:/usr/bin/ceph: stderr
2024-03-18T22:33:35.699+0000 7f02f9dd0700 1 -- 172.21.15.40:0/3426801337 shutdown_connections
2024-03-18T22:33:36.299 INFO:teuthology.orchestra.run.smithi040.stdout:/usr/bin/ceph: stderr
2024-03-18T22:33:35.699+0000 7f02f9dd0700 1 --2- 172.21.15.40:0/3426801337 >> [v2:172.21.15.40:6800/3876208039,v1:172.21.15.40:6801/3876208039] conn(0x7f02dc038f20 0x7f02dc03b3e0 unknown :-1 s=CLOSED pgs=16 cs=0 l=1 rev1=1 crypto rx=0 tx=0 comp rx=0 tx=0).stop
2024-03-18T22:33:36.299 INFO:teuthology.orchestra.run.smithi040.stdout:/usr/bin/ceph: stderr
2024-03-18T22:33:35.699+0000 7f02f9dd0700 1 --2- 172.21.15.40:0/3426801337 >> [v2:172.21.15.40:3300/0,v1:172.21.15.40:6789/0] conn(0x7f02f4108640 0x7f02f419ba10 unknown :-1 s=CLOSED pgs=52 cs=0 l=1 rev1=1 crypto rx=0 tx=0 comp rx=0 tx=0).stop
2024-03-18T22:33:36.299 INFO:teuthology.orchestra.run.smithi040.stdout:/usr/bin/ceph: stderr
2024-03-18T22:33:35.699+0000 7f02f9dd0700 1 -- 172.21.15.40:0/3426801337 >> 172.21.15.40:0/3426801337 conn(0x7f02f4102010 msgr2=0x7f02f4102a80 unknown :-1 s=STATE_NONE l=0).mark_down
2024-03-18T22:33:36.299 INFO:teuthology.orchestra.run.smithi040.stdout:/usr/bin/ceph: stderr
2024-03-18T22:33:35.699+0000 7f02f9dd0700 1 -- 172.21.15.40:0/3426801337 shutdown_connections
2024-03-18T22:33:36.299 INFO:teuthology.orchestra.run.smithi040.stdout:/usr/bin/ceph: stderr
2024-03-18T22:33:35.699+0000 7f02f9dd0700 1 -- 172.21.15.40:0/3426801337 wait complete.
2024-03-18T22:33:36.533 INFO:journalctl@ceph.mgr.x.smithi040.stdout:Mar 18 22:33:36 smithi040 ceph-410ef414-e577-11ee-95c9-87774f69a715-mgr-x[62875]:
2024-03-18T22:33:36.279+0000 7fa7f567b200 -1 mgr[py] Module osd_perf_query has missing NOTIFY_TYPES member
2024-03-18T22:33:36.533 INFO:journalctl@ceph.mgr.x.smithi040.stdout:Mar 18 22:33:36 smithi040 ceph-410ef414-e577-11ee-95c9-87774f69a715-mgr-x[62875]:
2024-03-18T22:33:36.379+0000 7fa7f567b200 -1 mgr[py] Module snap_schedule has missing NOTIFY_TYPES member
2024-03-18T22:33:36.783 INFO:journalctl@ceph.mon.a.smithi040.stdout:Mar 18 22:33:36 smithi040 ceph-mon[62643]: from='client.? 172.21.15.40:0/3426801337' entity='client.admin' cmd='[{"prefix": "mgr module enable", "module": "dashboard"}]': finished
2024-03-18T22:33:36.783 INFO:journalctl@ceph.mon.a.smithi040.stdout:Mar 18 22:33:36 smithi040 ceph-mon[62643]: mgrmap e9: x(active, since 19s)
2024-03-18T22:33:37.393 INFO:journalctl@ceph.mgr.x.smithi040.stdout:Mar 18 22:33:37 smithi040 ceph-410ef414-e577-11ee-95c9-87774f69a715-mgr-x[62875]:
2024-03-18T22:33:37.051+0000 7fa7f567b200 -1 mgr[py] Module zabbix has missing NOTIFY_TYPES member
2024-03-18T22:33:37.394 INFO:journalctl@ceph.mgr.x.smithi040.stdout:Mar 18 22:33:37 smithi040 ceph-410ef414-e577-11ee-95c9-87774f69a715-mgr-x[62875]:
2024-03-18T22:33:37.151+0000 7fa7f567b200 -1 mgr[py] Module balancer has missing NOTIFY_TYPES member
2024-03-18T22:33:37.394 INFO:journalctl@ceph.mgr.x.smithi040.stdout:Mar 18 22:33:37 smithi040 ceph-410ef414-e577-11ee-95c9-87774f69a715-mgr-x[62875]:
2024-03-18T22:33:37.296+0000 7fa7f567b200 -1 mgr[py] Module influx has missing NOTIFY_TYPES member
2024-03-18T22:33:37.585 INFO:teuthology.orchestra.run.smithi040.stdout:/usr/bin/ceph: stdout {
2024-03-18T22:33:37.586 INFO:teuthology.orchestra.run.smithi040.stdout:/usr/bin/ceph: stdout "epoch": 9,
2024-03-18T22:33:37.586 INFO:teuthology.orchestra.run.smithi040.stdout:/usr/bin/ceph: stdout "available": true,
2024-03-18T22:33:37.586 INFO:teuthology.orchestra.run.smithi040.stdout:/usr/bin/ceph: stdout "active_name": "x",
2024-03-18T22:33:37.586 INFO:teuthology.orchestra.run.smithi040.stdout:/usr/bin/ceph: stdout "num_standby": 0
2024-03-18T22:33:37.586 INFO:teuthology.orchestra.run.smithi040.stdout:/usr/bin/ceph: stdout }
2024-03-18T22:33:37.586 INFO:teuthology.orchestra.run.smithi040.stdout:/usr/bin/ceph: stderr
2024-03-18T22:33:36.781+0000 7f650c5ab700 1 Processor -- start
2024-03-18T22:33:37.586 INFO:teuthology.orchestra.run.smithi040.stdout:/usr/bin/ceph: stderr
2024-03-18T22:33:36.781+0000 7f650c5ab700 1 -- start start
2024-03-18T22:33:37.586 INFO:teuthology.orchestra.run.smithi040.stdout:/usr/bin/ceph: stderr
2024-03-18T22:33:36.781+0000 7f650c5ab700 1 --2- >> [v2:172.21.15.40:3300/0,v1:172.21.15.40:6789/0] conn(0x7f6504107b70 0x7f6504107f90 unknown :-1 s=NONE pgs=0 cs=0 l=0 rev1=0 crypto rx=0 tx=0 comp rx=0 tx=0).connect
2024-03-18T22:33:37.586 INFO:teuthology.orchestra.run.smithi040.stdout:/usr/bin/ceph: stderr
2024-03-18T22:33:36.781+0000 7f650c5ab700 1 -- --> [v2:172.21.15.40:3300/0,v1:172.21.15.40:6789/0] -- mon_getmap magic: 0 -- 0x7f6504108560 con 0x7f6504107b70
2024-03-18T22:33:37.586 INFO:teuthology.orchestra.run.smithi040.stdout:/usr/bin/ceph: stderr
2024-03-18T22:33:36.782+0000 7f650a347700 1 --2- >> [v2:172.21.15.40:3300/0,v1:172.21.15.40:6789/0] conn(0x7f6504107b70 0x7f6504107f90 unknown :-1 s=BANNER_CONNECTING pgs=0 cs=0 l=0 rev1=0 crypto rx=0 tx=0 comp rx=0 tx=0)._handle_peer_banner_payload supported=3 required=0
2024-03-18T22:33:37.586 INFO:teuthology.orchestra.run.smithi040.stdout:/usr/bin/ceph: stderr
2024-03-18T22:33:36.782+0000 7f650a347700 1 --2- >> [v2:172.21.15.40:3300/0,v1:172.21.15.40:6789/0] conn(0x7f6504107b70 0x7f6504107f90 unknown :-1 s=HELLO_CONNECTING pgs=0 cs=0 l=0 rev1=1 crypto rx=0 tx=0 comp rx=0 tx=0).handle_hello peer v2:172.21.15.40:3300/0 says I am v2:172.21.15.40:33220/0 (socket says 172.21.15.40:33220)
2024-03-18T22:33:37.586 INFO:teuthology.orchestra.run.smithi040.stdout:/usr/bin/ceph: stderr
2024-03-18T22:33:36.782+0000 7f650a347700 1 -- 172.21.15.40:0/3885973010 learned_addr learned my addr 172.21.15.40:0/3885973010 (peer_addr_for_me v2:172.21.15.40:0/0)
2024-03-18T22:33:37.586 INFO:teuthology.orchestra.run.smithi040.stdout:/usr/bin/ceph: stderr
2024-03-18T22:33:36.782+0000 7f650a347700 1 -- 172.21.15.40:0/3885973010 --> [v2:172.21.15.40:3300/0,v1:172.21.15.40:6789/0] -- mon_subscribe({config=0+,monmap=0+}) -- 0x7f6504108d70 con 0x7f6504107b70
2024-03-18T22:33:37.586 INFO:teuthology.orchestra.run.smithi040.stdout:/usr/bin/ceph: stderr
2024-03-18T22:33:36.782+0000 7f650a347700 1 --2- 172.21.15.40:0/3885973010 >> [v2:172.21.15.40:3300/0,v1:172.21.15.40:6789/0] conn(0x7f6504107b70 0x7f6504107f90 secure :-1 s=READY pgs=55 cs=0 l=1 rev1=1 crypto rx=0x7f65000098a0 tx=0x7f6500009bb0 comp rx=0 tx=0).ready entity=mon.0 client_cookie=6b991469efb3db41 server_cookie=0 in_seq=0 out_seq=0
2024-03-18T22:33:37.586 INFO:teuthology.orchestra.run.smithi040.stdout:/usr/bin/ceph: stderr
2024-03-18T22:33:36.782+0000 7f6509345700 1 -- 172.21.15.40:0/3885973010 <== mon.0 v2:172.21.15.40:3300/0 1 ==== mon_map magic: 0 ==== 205+0+0 (secure 0 0 0) 0x7f6500004160 con 0x7f6504107b70
2024-03-18T22:33:37.587 INFO:teuthology.orchestra.run.smithi040.stdout:/usr/bin/ceph: stderr
2024-03-18T22:33:36.782+0000 7f6509345700 1 -- 172.21.15.40:0/3885973010 <== mon.0 v2:172.21.15.40:3300/0 2 ==== config(26 keys) ==== 1102+0+0 (secure 0 0 0) 0x7f6500004300 con 0x7f6504107b70
2024-03-18T22:33:37.587 INFO:teuthology.orchestra.run.smithi040.stdout:/usr/bin/ceph: stderr
2024-03-18T22:33:36.782+0000 7f6509345700 1 -- 172.21.15.40:0/3885973010 <== mon.0 v2:172.21.15.40:3300/0 3 ==== mon_map magic: 0 ==== 205+0+0 (secure 0 0 0) 0x7f6500011a50 con 0x7f6504107b70
2024-03-18T22:33:37.587 INFO:teuthology.orchestra.run.smithi040.stdout:/usr/bin/ceph: stderr
2024-03-18T22:33:36.783+0000 7f650c5ab700 1 -- 172.21.15.40:0/3885973010 >> [v2:172.21.15.40:3300/0,v1:172.21.15.40:6789/0] conn(0x7f6504107b70 msgr2=0x7f6504107f90 secure :-1 s=STATE_CONNECTION_ESTABLISHED l=1).mark_down
2024-03-18T22:33:37.587 INFO:teuthology.orchestra.run.smithi040.stdout:/usr/bin/ceph: stderr
2024-03-18T22:33:36.783+0000 7f650c5ab700 1 --2- 172.21.15.40:0/3885973010 >> [v2:172.21.15.40:3300/0,v1:172.21.15.40:6789/0] conn(0x7f6504107b70 0x7f6504107f90 secure :-1 s=READY pgs=55 cs=0 l=1 rev1=1 crypto rx=0x7f65000098a0 tx=0x7f6500009bb0 comp rx=0 tx=0).stop
2024-03-18T22:33:37.587 INFO:teuthology.orchestra.run.smithi040.stdout:/usr/bin/ceph: stderr
2024-03-18T22:33:36.783+0000 7f650c5ab700 1 -- 172.21.15.40:0/3885973010 shutdown_connections
2024-03-18T22:33:37.587 INFO:teuthology.orchestra.run.smithi040.stdout:/usr/bin/ceph: stderr
2024-03-18T22:33:36.783+0000 7f650c5ab700 1 --2- 172.21.15.40:0/3885973010 >> [v2:172.21.15.40:3300/0,v1:172.21.15.40:6789/0] conn(0x7f6504107b70 0x7f6504107f90 unknown :-1 s=CLOSED pgs=55 cs=0 l=1 rev1=1 crypto rx=0 tx=0 comp rx=0 tx=0).stop
2024-03-18T22:33:37.587 INFO:teuthology.orchestra.run.smithi040.stdout:/usr/bin/ceph: stderr
2024-03-18T22:33:36.783+0000 7f650c5ab700 1 -- 172.21.15.40:0/3885973010 >> 172.21.15.40:0/3885973010 conn(0x7f65041030f0 msgr2=0x7f6504105550 unknown :-1 s=STATE_NONE l=0).mark_down
2024-03-18T22:33:37.587 INFO:teuthology.orchestra.run.smithi040.stdout:/usr/bin/ceph: stderr
2024-03-18T22:33:36.783+0000 7f650c5ab700 1 -- 172.21.15.40:0/3885973010 shutdown_connections
2024-03-18T22:33:37.587 INFO:teuthology.orchestra.run.smithi040.stdout:/usr/bin/ceph: stderr
2024-03-18T22:33:36.783+0000 7f650c5ab700 1 -- 172.21.15.40:0/3885973010 wait complete.
2024-03-18T22:33:37.587 INFO:teuthology.orchestra.run.smithi040.stdout:/usr/bin/ceph: stderr
2024-03-18T22:33:36.784+0000 7f650c5ab700 1 Processor -- start
2024-03-18T22:33:37.587 INFO:teuthology.orchestra.run.smithi040.stdout:/usr/bin/ceph: stderr
2024-03-18T22:33:36.784+0000 7f650c5ab700 1 -- start start
2024-03-18T22:33:37.587 INFO:teuthology.orchestra.run.smithi040.stdout:/usr/bin/ceph: stderr
2024-03-18T22:33:36.784+0000 7f650c5ab700 1 --2- >> [v2:172.21.15.40:3300/0,v1:172.21.15.40:6789/0] conn(0x7f6504107b70 0x7f650407db40 unknown :-1 s=NONE pgs=0 cs=0 l=1 rev1=0 crypto rx=0 tx=0 comp rx=0 tx=0).connect
2024-03-18T22:33:37.587 INFO:teuthology.orchestra.run.smithi040.stdout:/usr/bin/ceph: stderr
2024-03-18T22:33:36.784+0000 7f650c5ab700 1 -- --> [v2:172.21.15.40:3300/0,v1:172.21.15.40:6789/0] -- mon_getmap magic: 0 -- 0x7f650410c120 con 0x7f6504107b70
2024-03-18T22:33:37.587 INFO:teuthology.orchestra.run.smithi040.stdout:/usr/bin/ceph: stderr
2024-03-18T22:33:36.784+0000 7f650a347700 1 --2- >> [v2:172.21.15.40:3300/0,v1:172.21.15.40:6789/0] conn(0x7f6504107b70 0x7f650407db40 unknown :-1 s=BANNER_CONNECTING pgs=0 cs=0 l=1 rev1=0 crypto rx=0 tx=0 comp rx=0 tx=0)._handle_peer_banner_payload supported=3 required=0
2024-03-18T22:33:37.587 INFO:teuthology.orchestra.run.smithi040.stdout:/usr/bin/ceph: stderr
2024-03-18T22:33:36.784+0000 7f650a347700 1 --2- >> [v2:172.21.15.40:3300/0,v1:172.21.15.40:6789/0] conn(0x7f6504107b70 0x7f650407db40 unknown :-1 s=HELLO_CONNECTING pgs=0 cs=0 l=1 rev1=1 crypto rx=0 tx=0 comp rx=0 tx=0).handle_hello peer v2:172.21.15.40:3300/0 says I am v2:172.21.15.40:33234/0 (socket says 172.21.15.40:33234)
2024-03-18T22:33:37.588 INFO:teuthology.orchestra.run.smithi040.stdout:/usr/bin/ceph: stderr
2024-03-18T22:33:36.784+0000 7f650a347700 1 -- 172.21.15.40:0/515034852 learned_addr learned my addr 172.21.15.40:0/515034852 (peer_addr_for_me v2:172.21.15.40:0/0)
2024-03-18T22:33:37.588 INFO:teuthology.orchestra.run.smithi040.stdout:/usr/bin/ceph: stderr
2024-03-18T22:33:36.784+0000 7f650a347700 1 -- 172.21.15.40:0/515034852 --> [v2:172.21.15.40:3300/0,v1:172.21.15.40:6789/0] -- mon_subscribe({config=0+,monmap=0+}) -- 0x7f650407e080 con 0x7f6504107b70
2024-03-18T22:33:37.588 INFO:teuthology.orchestra.run.smithi040.stdout:/usr/bin/ceph: stderr
2024-03-18T22:33:36.785+0000 7f650a347700 1 --2- 172.21.15.40:0/515034852 >> [v2:172.21.15.40:3300/0,v1:172.21.15.40:6789/0] conn(0x7f6504107b70 0x7f650407db40 secure :-1 s=READY pgs=56 cs=0 l=1 rev1=1 crypto rx=0x7f6500011a20 tx=0x7f6500011b00 comp rx=0 tx=0).ready entity=mon.0 client_cookie=0 server_cookie=0 in_seq=0 out_seq=0
2024-03-18T22:33:37.588 INFO:teuthology.orchestra.run.smithi040.stdout:/usr/bin/ceph: stderr
2024-03-18T22:33:36.785+0000 7f64f77fe700 1 -- 172.21.15.40:0/515034852 <== mon.0 v2:172.21.15.40:3300/0 1 ==== mon_map magic: 0 ==== 205+0+0 (secure 0 0 0) 0x7f6500003af0 con 0x7f6504107b70
