2024-03-18T22:47:20.137+0000 7f40baffd700 1 -- 172.21.15.52:0/1452666502 <== mon.0 v2:172.21.15.52:3300/0 4 ==== mgrmap(e 5) ==== 46106+0+0 (secure 0 0 0) 0x7f40c401a9a0 con 0x7f40c8107e80
2024-03-18T22:47:20.957 INFO:teuthology.orchestra.run.smithi052.stdout:/usr/bin/ceph: stderr
2024-03-18T22:47:20.137+0000 7f40baffd700 1 --2- 172.21.15.52:0/1452666502 >> [v2:172.21.15.52:6800/3572762748,v1:172.21.15.52:6801/3572762748] conn(0x7f40b4038f70 0x7f40b403b430 unknown :-1 s=NONE pgs=0 cs=0 l=1 rev1=0 crypto rx=0 tx=0 comp rx=0 tx=0).connect
2024-03-18T22:47:20.957 INFO:teuthology.orchestra.run.smithi052.stdout:/usr/bin/ceph: stderr
2024-03-18T22:47:20.137+0000 7f40baffd700 1 -- 172.21.15.52:0/1452666502 <== mon.0 v2:172.21.15.52:3300/0 5 ==== osd_map(1..1 src has 1..1) ==== 725+0+0 (secure 0 0 0) 0x7f40c404d0b0 con 0x7f40c8107e80
2024-03-18T22:47:20.957 INFO:teuthology.orchestra.run.smithi052.stdout:/usr/bin/ceph: stderr
2024-03-18T22:47:20.137+0000 7f40cd51d700 1 -- 172.21.15.52:0/1452666502 >> [v2:172.21.15.52:6800/3572762748,v1:172.21.15.52:6801/3572762748] conn(0x7f40b4038f70 msgr2=0x7f40b403b430 unknown :-1 s=STATE_CONNECTING_RE l=1).process reconnect failed to v2:172.21.15.52:6800/3572762748
2024-03-18T22:47:20.957 INFO:teuthology.orchestra.run.smithi052.stdout:/usr/bin/ceph: stderr
2024-03-18T22:47:20.137+0000 7f40cd51d700 1 --2- 172.21.15.52:0/1452666502 >> [v2:172.21.15.52:6800/3572762748,v1:172.21.15.52:6801/3572762748] conn(0x7f40b4038f70 0x7f40b403b430 unknown :-1 s=START_CONNECT pgs=0 cs=0 l=1 rev1=0 crypto rx=0 tx=0 comp rx=0 tx=0)._fault waiting 0.200000
2024-03-18T22:47:20.957 INFO:teuthology.orchestra.run.smithi052.stdout:/usr/bin/ceph: stderr
2024-03-18T22:47:20.142+0000 7f40baffd700 1 -- 172.21.15.52:0/1452666502 <== mon.0 v2:172.21.15.52:3300/0 6 ==== mon_command_ack([{"prefix": "get_command_descriptions"}]=0 v0) ==== 72+0+186149 (secure 0 0 0) 0x7f40c4019800 con 0x7f40c8107e80
2024-03-18T22:47:20.957 INFO:teuthology.orchestra.run.smithi052.stdout:/usr/bin/ceph: stderr
2024-03-18T22:47:20.338+0000 7f40cd51d700 1 -- 172.21.15.52:0/1452666502 >> [v2:172.21.15.52:6800/3572762748,v1:172.21.15.52:6801/3572762748] conn(0x7f40b4038f70 msgr2=0x7f40b403b430 unknown :-1 s=STATE_CONNECTING_RE l=1).process reconnect failed to v2:172.21.15.52:6800/3572762748
2024-03-18T22:47:20.957 INFO:teuthology.orchestra.run.smithi052.stdout:/usr/bin/ceph: stderr
2024-03-18T22:47:20.338+0000 7f40cd51d700 1 --2- 172.21.15.52:0/1452666502 >> [v2:172.21.15.52:6800/3572762748,v1:172.21.15.52:6801/3572762748] conn(0x7f40b4038f70 0x7f40b403b430 unknown :-1 s=START_CONNECT pgs=0 cs=0 l=1 rev1=0 crypto rx=0 tx=0 comp rx=0 tx=0)._fault waiting 0.400000
2024-03-18T22:47:20.957 INFO:teuthology.orchestra.run.smithi052.stdout:/usr/bin/ceph: stderr
2024-03-18T22:47:20.405+0000 7f40cff82700 1 -- 172.21.15.52:0/1452666502 --> [v2:172.21.15.52:3300/0,v1:172.21.15.52:6789/0] -- mon_command({"prefix": "mgr stat"} v 0) -- 0x7f40c819f6c0 con 0x7f40c8107e80
2024-03-18T22:47:20.957 INFO:teuthology.orchestra.run.smithi052.stdout:/usr/bin/ceph: stderr
2024-03-18T22:47:20.405+0000 7f40baffd700 1 -- 172.21.15.52:0/1452666502 <== mon.0 v2:172.21.15.52:3300/0 7 ==== mon_command_ack([{"prefix": "mgr stat"}]=0 v5) ==== 56+0+88 (secure 0 0 0) 0x7f40c819f6c0 con 0x7f40c8107e80
2024-03-18T22:47:20.957 INFO:teuthology.orchestra.run.smithi052.stdout:/usr/bin/ceph: stderr
2024-03-18T22:47:20.407+0000 7f40cff82700 1 -- 172.21.15.52:0/1452666502 >> [v2:172.21.15.52:6800/3572762748,v1:172.21.15.52:6801/3572762748] conn(0x7f40b4038f70 msgr2=0x7f40b403b430 unknown :-1 s=STATE_CONNECTING l=1).mark_down
2024-03-18T22:47:20.957 INFO:teuthology.orchestra.run.smithi052.stdout:/usr/bin/ceph: stderr
2024-03-18T22:47:20.407+0000 7f40cff82700 1 --2- 172.21.15.52:0/1452666502 >> [v2:172.21.15.52:6800/3572762748,v1:172.21.15.52:6801/3572762748] conn(0x7f40b4038f70 0x7f40b403b430 unknown :-1 s=START_CONNECT pgs=0 cs=0 l=1 rev1=0 crypto rx=0 tx=0 comp rx=0 tx=0).stop
2024-03-18T22:47:20.958 INFO:teuthology.orchestra.run.smithi052.stdout:/usr/bin/ceph: stderr
2024-03-18T22:47:20.407+0000 7f40cff82700 1 -- 172.21.15.52:0/1452666502 >> [v2:172.21.15.52:3300/0,v1:172.21.15.52:6789/0] conn(0x7f40c8107e80 msgr2=0x7f40c819c030 secure :-1 s=STATE_CONNECTION_ESTABLISHED l=1).mark_down
2024-03-18T22:47:20.958 INFO:teuthology.orchestra.run.smithi052.stdout:/usr/bin/ceph: stderr
2024-03-18T22:47:20.407+0000 7f40cff82700 1 --2- 172.21.15.52:0/1452666502 >> [v2:172.21.15.52:3300/0,v1:172.21.15.52:6789/0] conn(0x7f40c8107e80 0x7f40c819c030 secure :-1 s=READY pgs=27 cs=0 l=1 rev1=1 crypto rx=0x7f40c40118c0 tx=0x7f40c4011c80 comp rx=0 tx=0).stop
2024-03-18T22:47:20.958 INFO:teuthology.orchestra.run.smithi052.stdout:/usr/bin/ceph: stderr
2024-03-18T22:47:20.407+0000 7f40cff82700 1 -- 172.21.15.52:0/1452666502 shutdown_connections
2024-03-18T22:47:20.958 INFO:teuthology.orchestra.run.smithi052.stdout:/usr/bin/ceph: stderr
2024-03-18T22:47:20.407+0000 7f40cff82700 1 --2- 172.21.15.52:0/1452666502 >> [v2:172.21.15.52:6800/3572762748,v1:172.21.15.52:6801/3572762748] conn(0x7f40b4038f70 0x7f40b403b430 unknown :-1 s=CLOSED pgs=0 cs=0 l=1 rev1=0 crypto rx=0 tx=0 comp rx=0 tx=0).stop
2024-03-18T22:47:20.958 INFO:teuthology.orchestra.run.smithi052.stdout:/usr/bin/ceph: stderr
2024-03-18T22:47:20.407+0000 7f40cff82700 1 --2- 172.21.15.52:0/1452666502 >> [v2:172.21.15.52:3300/0,v1:172.21.15.52:6789/0] conn(0x7f40c8107e80 0x7f40c819c030 unknown :-1 s=CLOSED pgs=27 cs=0 l=1 rev1=1 crypto rx=0 tx=0 comp rx=0 tx=0).stop
2024-03-18T22:47:20.958 INFO:teuthology.orchestra.run.smithi052.stdout:/usr/bin/ceph: stderr
2024-03-18T22:47:20.407+0000 7f40cff82700 1 -- 172.21.15.52:0/1452666502 >> 172.21.15.52:0/1452666502 conn(0x7f40c81034d0 msgr2=0x7f40c8104080 unknown :-1 s=STATE_NONE l=0).mark_down
2024-03-18T22:47:20.958 INFO:teuthology.orchestra.run.smithi052.stdout:/usr/bin/ceph: stderr
2024-03-18T22:47:20.408+0000 7f40cff82700 1 -- 172.21.15.52:0/1452666502 shutdown_connections
2024-03-18T22:47:20.958 INFO:teuthology.orchestra.run.smithi052.stdout:/usr/bin/ceph: stderr
2024-03-18T22:47:20.408+0000 7f40cff82700 1 -- 172.21.15.52:0/1452666502 wait complete.
2024-03-18T22:47:20.958 INFO:teuthology.orchestra.run.smithi052.stdout:Waiting for the mgr to restart...
2024-03-18T22:47:20.958 INFO:teuthology.orchestra.run.smithi052.stdout:Waiting for mgr epoch 5...
2024-03-18T22:47:21.222 INFO:journalctl@ceph.mon.a.smithi052.stdout:Mar 18 22:47:21 smithi052 ceph-mon[32520]: from='client.? 172.21.15.52:0/1452666502' entity='client.admin' cmd=[{"prefix": "mgr stat"}]: dispatch
2024-03-18T22:47:21.488 INFO:journalctl@ceph.mgr.x.smithi052.stdout:Mar 18 22:47:21 smithi052 ceph-444ca0c0-e579-11ee-95c9-87774f69a715-mgr-x[32748]:
2024-03-18T22:47:21.222+0000 7f8eac556200 -1 mgr[py] Module rgw has missing NOTIFY_TYPES member
2024-03-18T22:47:21.489 INFO:journalctl@ceph.mgr.x.smithi052.stdout:Mar 18 22:47:21 smithi052 ceph-444ca0c0-e579-11ee-95c9-87774f69a715-mgr-x[32748]:
2024-03-18T22:47:21.337+0000 7f8eac556200 -1 mgr[py] Module rbd_support has missing NOTIFY_TYPES member
2024-03-18T22:47:21.489 INFO:journalctl@ceph.mgr.x.smithi052.stdout:Mar 18 22:47:21 smithi052 ceph-444ca0c0-e579-11ee-95c9-87774f69a715-mgr-x[32748]:
2024-03-18T22:47:21.429+0000 7f8eac556200 -1 mgr[py] Module progress has missing NOTIFY_TYPES member
2024-03-18T22:47:21.971 INFO:journalctl@ceph.mgr.x.smithi052.stdout:Mar 18 22:47:21 smithi052 ceph-444ca0c0-e579-11ee-95c9-87774f69a715-mgr-x[32748]:
2024-03-18T22:47:21.528+0000 7f8eac556200 -1 mgr[py] Module pg_autoscaler has missing NOTIFY_TYPES member
2024-03-18T22:47:21.971 INFO:journalctl@ceph.mgr.x.smithi052.stdout:Mar 18 22:47:21 smithi052 ceph-444ca0c0-e579-11ee-95c9-87774f69a715-mgr-x[32748]:
2024-03-18T22:47:21.706+0000 7f8eac556200 -1 mgr[py] Module devicehealth has missing NOTIFY_TYPES member
2024-03-18T22:47:22.988 INFO:journalctl@ceph.mgr.x.smithi052.stdout:Mar 18 22:47:22 smithi052 ceph-444ca0c0-e579-11ee-95c9-87774f69a715-mgr-x[32748]:
2024-03-18T22:47:22.716+0000 7f8eac556200 -1 mgr[py] Module rook has missing NOTIFY_TYPES member
2024-03-18T22:47:22.988 INFO:journalctl@ceph.mgr.x.smithi052.stdout:Mar 18 22:47:22 smithi052 ceph-444ca0c0-e579-11ee-95c9-87774f69a715-mgr-x[32748]:
2024-03-18T22:47:22.852+0000 7f8eac556200 -1 mgr[py] Module diskprediction_local has missing NOTIFY_TYPES member
2024-03-18T22:47:23.488 INFO:journalctl@ceph.mgr.x.smithi052.stdout:Mar 18 22:47:23 smithi052 ceph-444ca0c0-e579-11ee-95c9-87774f69a715-mgr-x[32748]:
2024-03-18T22:47:23.192+0000 7f8eac556200 -1 mgr[py] Module selftest has missing NOTIFY_TYPES member
2024-03-18T22:47:23.489 INFO:journalctl@ceph.mgr.x.smithi052.stdout:Mar 18 22:47:23 smithi052 ceph-444ca0c0-e579-11ee-95c9-87774f69a715-mgr-x[32748]:
2024-03-18T22:47:23.285+0000 7f8eac556200 -1 mgr[py] Module telegraf has missing NOTIFY_TYPES member
2024-03-18T22:47:23.976 INFO:journalctl@ceph.mgr.x.smithi052.stdout:Mar 18 22:47:23 smithi052 ceph-444ca0c0-e579-11ee-95c9-87774f69a715-mgr-x[32748]:
2024-03-18T22:47:23.488+0000 7f8eac556200 -1 mgr[py] Module test_orchestrator has missing NOTIFY_TYPES member
2024-03-18T22:47:23.976 INFO:journalctl@ceph.mgr.x.smithi052.stdout:Mar 18 22:47:23 smithi052 ceph-444ca0c0-e579-11ee-95c9-87774f69a715-mgr-x[32748]:
2024-03-18T22:47:23.681+0000 7f8eac556200 -1 mgr[py] Module crash has missing NOTIFY_TYPES member
2024-03-18T22:47:24.237 INFO:journalctl@ceph.mgr.x.smithi052.stdout:Mar 18 22:47:23 smithi052 ceph-444ca0c0-e579-11ee-95c9-87774f69a715-mgr-x[32748]:
2024-03-18T22:47:23.975+0000 7f8eac556200 -1 mgr[py] Module orchestrator has missing NOTIFY_TYPES member
2024-03-18T22:47:24.237 INFO:journalctl@ceph.mgr.x.smithi052.stdout:Mar 18 22:47:24 smithi052 ceph-444ca0c0-e579-11ee-95c9-87774f69a715-mgr-x[32748]:
2024-03-18T22:47:24.236+0000 7f8eac556200 -1 mgr[py] Module osd_support has missing NOTIFY_TYPES member
2024-03-18T22:47:24.488 INFO:journalctl@ceph.mgr.x.smithi052.stdout:Mar 18 22:47:24 smithi052 ceph-444ca0c0-e579-11ee-95c9-87774f69a715-mgr-x[32748]:
2024-03-18T22:47:24.481+0000 7f8eac556200 -1 mgr[py] Module volumes has missing NOTIFY_TYPES member
2024-03-18T22:47:25.738 INFO:journalctl@ceph.mgr.x.smithi052.stdout:Mar 18 22:47:25 smithi052 ceph-444ca0c0-e579-11ee-95c9-87774f69a715-mgr-x[32748]:
2024-03-18T22:47:25.322+0000 7f8eac556200 -1 mgr[py] Module telemetry has missing NOTIFY_TYPES member
2024-03-18T22:47:26.238 INFO:journalctl@ceph.mgr.x.smithi052.stdout:Mar 18 22:47:25 smithi052 ceph-444ca0c0-e579-11ee-95c9-87774f69a715-mgr-x[32748]:
2024-03-18T22:47:25.935+0000 7f8eac556200 -1 mgr[py] Module prometheus has missing NOTIFY_TYPES member
2024-03-18T22:47:26.239 INFO:journalctl@ceph.mgr.x.smithi052.stdout:Mar 18 22:47:26 smithi052 ceph-444ca0c0-e579-11ee-95c9-87774f69a715-mgr-x[32748]:
2024-03-18T22:47:26.037+0000 7f8eac556200 -1 mgr[py] Module status has missing NOTIFY_TYPES member
2024-03-18T22:47:26.738 INFO:journalctl@ceph.mgr.x.smithi052.stdout:Mar 18 22:47:26 smithi052 ceph-444ca0c0-e579-11ee-95c9-87774f69a715-mgr-x[32748]:
2024-03-18T22:47:26.260+0000 7f8eac556200 -1 mgr[py] Module nfs has missing NOTIFY_TYPES member
2024-03-18T22:47:26.739 INFO:journalctl@ceph.mon.a.smithi052.stdout:Mar 18 22:47:26 smithi052 ceph-mon[32520]: Active manager daemon x restarted
2024-03-18T22:47:26.739 INFO:journalctl@ceph.mon.a.smithi052.stdout:Mar 18 22:47:26 smithi052 ceph-mon[32520]: Activating manager daemon x
2024-03-18T22:47:26.739 INFO:journalctl@ceph.mon.a.smithi052.stdout:Mar 18 22:47:26 smithi052 ceph-mon[32520]: osdmap e2: 0 total, 0 up, 0 in
2024-03-18T22:47:26.739 INFO:journalctl@ceph.mon.a.smithi052.stdout:Mar 18 22:47:26 smithi052 ceph-mon[32520]: mgrmap e6: x(active, starting, since 0.00362697s)
2024-03-18T22:47:26.739 INFO:journalctl@ceph.mon.a.smithi052.stdout:Mar 18 22:47:26 smithi052 ceph-mon[32520]: from='mgr.14120 172.21.15.52:0/3568061654' entity='mgr.x' cmd=[{"prefix": "mon metadata", "id": "a"}]: dispatch
2024-03-18T22:47:26.739 INFO:journalctl@ceph.mon.a.smithi052.stdout:Mar 18 22:47:26 smithi052 ceph-mon[32520]: from='mgr.14120 172.21.15.52:0/3568061654' entity='mgr.x' cmd=[{"prefix": "mgr metadata", "who": "x", "id": "x"}]: dispatch
2024-03-18T22:47:26.739 INFO:journalctl@ceph.mon.a.smithi052.stdout:Mar 18 22:47:26 smithi052 ceph-mon[32520]: from='mgr.14120 172.21.15.52:0/3568061654' entity='mgr.x' cmd=[{"prefix": "mds metadata"}]: dispatch
2024-03-18T22:47:26.739 INFO:journalctl@ceph.mon.a.smithi052.stdout:Mar 18 22:47:26 smithi052 ceph-mon[32520]: from='mgr.14120 172.21.15.52:0/3568061654' entity='mgr.x' cmd=[{"prefix": "osd metadata"}]: dispatch
2024-03-18T22:47:26.739 INFO:journalctl@ceph.mon.a.smithi052.stdout:Mar 18 22:47:26 smithi052 ceph-mon[32520]: from='mgr.14120 172.21.15.52:0/3568061654' entity='mgr.x' cmd=[{"prefix": "mon metadata"}]: dispatch
2024-03-18T22:47:26.739 INFO:journalctl@ceph.mon.a.smithi052.stdout:Mar 18 22:47:26 smithi052 ceph-mon[32520]: Manager daemon x is now available
2024-03-18T22:47:26.740 INFO:journalctl@ceph.mon.a.smithi052.stdout:Mar 18 22:47:26 smithi052 ceph-mon[32520]: from='mgr.14120 172.21.15.52:0/3568061654' entity='mgr.x'
2024-03-18T22:47:26.740 INFO:journalctl@ceph.mon.a.smithi052.stdout:Mar 18 22:47:26 smithi052 ceph-mon[32520]: from='mgr.14120 172.21.15.52:0/3568061654' entity='mgr.x'
2024-03-18T22:47:26.740 INFO:journalctl@ceph.mon.a.smithi052.stdout:Mar 18 22:47:26 smithi052 ceph-mon[32520]: from='mgr.14120 172.21.15.52:0/3568061654' entity='mgr.x' cmd=[{"prefix": "config dump", "format": "json"}]: dispatch
2024-03-18T22:47:26.740 INFO:journalctl@ceph.mon.a.smithi052.stdout:Mar 18 22:47:26 smithi052 ceph-mon[32520]: from='mgr.14120 172.21.15.52:0/3568061654' entity='mgr.x' cmd=[{"prefix": "config dump", "format": "json"}]: dispatch
2024-03-18T22:47:27.584 INFO:journalctl@ceph.mon.a.smithi052.stdout:Mar 18 22:47:27 smithi052 ceph-mon[32520]: Found migration_current of "None". Setting to last migration.
2024-03-18T22:47:27.584 INFO:journalctl@ceph.mon.a.smithi052.stdout:Mar 18 22:47:27 smithi052 ceph-mon[32520]: from='mgr.14120 172.21.15.52:0/3568061654' entity='mgr.x' cmd=[{"prefix": "config dump", "format": "json"}]: dispatch
2024-03-18T22:47:27.585 INFO:journalctl@ceph.mon.a.smithi052.stdout:Mar 18 22:47:27 smithi052 ceph-mon[32520]: from='mgr.14120 172.21.15.52:0/3568061654' entity='mgr.x' cmd=[{"prefix":"config rm","who":"mgr","name":"mgr/rbd_support/x/mirror_snapshot_schedule"}]: dispatch
2024-03-18T22:47:27.585 INFO:journalctl@ceph.mon.a.smithi052.stdout:Mar 18 22:47:27 smithi052 ceph-mon[32520]: from='mgr.14120 172.21.15.52:0/3568061654' entity='mgr.x' cmd=[{"prefix":"config rm","who":"mgr","name":"mgr/rbd_support/x/trash_purge_schedule"}]: dispatch
2024-03-18T22:47:27.585 INFO:journalctl@ceph.mon.a.smithi052.stdout:Mar 18 22:47:27 smithi052 ceph-mon[32520]: mgrmap e7: x(active, since 1.00569s)
2024-03-18T22:47:27.853 INFO:teuthology.orchestra.run.smithi052.stdout:/usr/bin/ceph: stdout {
2024-03-18T22:47:27.854 INFO:teuthology.orchestra.run.smithi052.stdout:/usr/bin/ceph: stdout "mgrmap_epoch": 7,
2024-03-18T22:47:27.854 INFO:teuthology.orchestra.run.smithi052.stdout:/usr/bin/ceph: stdout "initialized": true
2024-03-18T22:47:27.854 INFO:teuthology.orchestra.run.smithi052.stdout:/usr/bin/ceph: stdout }
2024-03-18T22:47:27.854 INFO:teuthology.orchestra.run.smithi052.stdout:/usr/bin/ceph: stderr
2024-03-18T22:47:21.365+0000 7f0f7f1d4700 1 Processor -- start
2024-03-18T22:47:27.854 INFO:teuthology.orchestra.run.smithi052.stdout:/usr/bin/ceph: stderr
2024-03-18T22:47:21.365+0000 7f0f7f1d4700 1 -- start start
2024-03-18T22:47:27.854 INFO:teuthology.orchestra.run.smithi052.stdout:/usr/bin/ceph: stderr
2024-03-18T22:47:21.365+0000 7f0f7f1d4700 1 --2- >> [v2:172.21.15.52:3300/0,v1:172.21.15.52:6789/0] conn(0x7f0f78108a00 0x7f0f7810adf0 unknown :-1 s=NONE pgs=0 cs=0 l=0 rev1=0 crypto rx=0 tx=0 comp rx=0 tx=0).connect
2024-03-18T22:47:27.854 INFO:teuthology.orchestra.run.smithi052.stdout:/usr/bin/ceph: stderr
2024-03-18T22:47:21.365+0000 7f0f7f1d4700 1 -- --> [v2:172.21.15.52:3300/0,v1:172.21.15.52:6789/0] -- mon_getmap magic: 0 -- 0x7f0f7807be60 con 0x7f0f78108a00
2024-03-18T22:47:27.854 INFO:teuthology.orchestra.run.smithi052.stdout:/usr/bin/ceph: stderr
2024-03-18T22:47:21.365+0000 7f0f7cf70700 1 --2- >> [v2:172.21.15.52:3300/0,v1:172.21.15.52:6789/0] conn(0x7f0f78108a00 0x7f0f7810adf0 unknown :-1 s=BANNER_CONNECTING pgs=0 cs=0 l=0 rev1=0 crypto rx=0 tx=0 comp rx=0 tx=0)._handle_peer_banner_payload supported=3 required=0
2024-03-18T22:47:27.854 INFO:teuthology.orchestra.run.smithi052.stdout:/usr/bin/ceph: stderr
2024-03-18T22:47:21.365+0000 7f0f7cf70700 1 --2- >> [v2:172.21.15.52:3300/0,v1:172.21.15.52:6789/0] conn(0x7f0f78108a00 0x7f0f7810adf0 unknown :-1 s=HELLO_CONNECTING pgs=0 cs=0 l=0 rev1=1 crypto rx=0 tx=0 comp rx=0 tx=0).handle_hello peer v2:172.21.15.52:3300/0 says I am v2:172.21.15.52:53312/0 (socket says 172.21.15.52:53312)
2024-03-18T22:47:27.854 INFO:teuthology.orchestra.run.smithi052.stdout:/usr/bin/ceph: stderr
2024-03-18T22:47:21.365+0000 7f0f7cf70700 1 -- 172.21.15.52:0/2675060957 learned_addr learned my addr 172.21.15.52:0/2675060957 (peer_addr_for_me v2:172.21.15.52:0/0)
2024-03-18T22:47:27.854 INFO:teuthology.orchestra.run.smithi052.stdout:/usr/bin/ceph: stderr
2024-03-18T22:47:21.365+0000 7f0f7cf70700 1 -- 172.21.15.52:0/2675060957 --> [v2:172.21.15.52:3300/0,v1:172.21.15.52:6789/0] -- mon_subscribe({config=0+,monmap=0+}) -- 0x7f0f7810b330 con 0x7f0f78108a00
2024-03-18T22:47:27.854 INFO:teuthology.orchestra.run.smithi052.stdout:/usr/bin/ceph: stderr
2024-03-18T22:47:21.365+0000 7f0f7cf70700 1 --2- 172.21.15.52:0/2675060957 >> [v2:172.21.15.52:3300/0,v1:172.21.15.52:6789/0] conn(0x7f0f78108a00 0x7f0f7810adf0 secure :-1 s=READY pgs=28 cs=0 l=1 rev1=1 crypto rx=0x7f0f6c0098a0 tx=0x7f0f6c009bb0 comp rx=0 tx=0).ready entity=mon.0 client_cookie=4bac587c911a9db5 server_cookie=0 in_seq=0 out_seq=0
2024-03-18T22:47:27.855 INFO:teuthology.orchestra.run.smithi052.stdout:/usr/bin/ceph: stderr
2024-03-18T22:47:21.366+0000 7f0f777fe700 1 -- 172.21.15.52:0/2675060957 <== mon.0 v2:172.21.15.52:3300/0 1 ==== mon_map magic: 0 ==== 205+0+0 (secure 0 0 0) 0x7f0f6c004160 con 0x7f0f78108a00
2024-03-18T22:47:27.855 INFO:teuthology.orchestra.run.smithi052.stdout:/usr/bin/ceph: stderr
2024-03-18T22:47:21.366+0000 7f0f777fe700 1 -- 172.21.15.52:0/2675060957 <== mon.0 v2:172.21.15.52:3300/0 2 ==== config(28 keys) ==== 1143+0+0 (secure 0 0 0) 0x7f0f6c004300 con 0x7f0f78108a00
2024-03-18T22:47:27.855 INFO:teuthology.orchestra.run.smithi052.stdout:/usr/bin/ceph: stderr
2024-03-18T22:47:21.366+0000 7f0f777fe700 1 -- 172.21.15.52:0/2675060957 <== mon.0 v2:172.21.15.52:3300/0 3 ==== mon_map magic: 0 ==== 205+0+0 (secure 0 0 0) 0x7f0f6c011c00 con 0x7f0f78108a00
2024-03-18T22:47:27.855 INFO:teuthology.orchestra.run.smithi052.stdout:/usr/bin/ceph: stderr
2024-03-18T22:47:21.366+0000 7f0f7f1d4700 1 -- 172.21.15.52:0/2675060957 >> [v2:172.21.15.52:3300/0,v1:172.21.15.52:6789/0] conn(0x7f0f78108a00 msgr2=0x7f0f7810adf0 secure :-1 s=STATE_CONNECTION_ESTABLISHED l=1).mark_down
2024-03-18T22:47:27.855 INFO:teuthology.orchestra.run.smithi052.stdout:/usr/bin/ceph: stderr
2024-03-18T22:47:21.366+0000 7f0f7f1d4700 1 --2- 172.21.15.52:0/2675060957 >> [v2:172.21.15.52:3300/0,v1:172.21.15.52:6789/0] conn(0x7f0f78108a00 0x7f0f7810adf0 secure :-1 s=READY pgs=28 cs=0 l=1 rev1=1 crypto rx=0x7f0f6c0098a0 tx=0x7f0f6c009bb0 comp rx=0 tx=0).stop
2024-03-18T22:47:27.855 INFO:teuthology.orchestra.run.smithi052.stdout:/usr/bin/ceph: stderr
2024-03-18T22:47:21.366+0000 7f0f7f1d4700 1 -- 172.21.15.52:0/2675060957 shutdown_connections
2024-03-18T22:47:27.855 INFO:teuthology.orchestra.run.smithi052.stdout:/usr/bin/ceph: stderr
2024-03-18T22:47:21.366+0000 7f0f7f1d4700 1 --2- 172.21.15.52:0/2675060957 >> [v2:172.21.15.52:3300/0,v1:172.21.15.52:6789/0] conn(0x7f0f78108a00 0x7f0f7810adf0 unknown :-1 s=CLOSED pgs=28 cs=0 l=1 rev1=1 crypto rx=0 tx=0 comp rx=0 tx=0).stop
2024-03-18T22:47:27.855 INFO:teuthology.orchestra.run.smithi052.stdout:/usr/bin/ceph: stderr
2024-03-18T22:47:21.366+0000 7f0f7f1d4700 1 -- 172.21.15.52:0/2675060957 >> 172.21.15.52:0/2675060957 conn(0x7f0f781023b0 msgr2=0x7f0f78104810 unknown :-1 s=STATE_NONE l=0).mark_down
2024-03-18T22:47:27.855 INFO:teuthology.orchestra.run.smithi052.stdout:/usr/bin/ceph: stderr
2024-03-18T22:47:21.367+0000 7f0f7f1d4700 1 -- 172.21.15.52:0/2675060957 shutdown_connections
2024-03-18T22:47:27.855 INFO:teuthology.orchestra.run.smithi052.stdout:/usr/bin/ceph: stderr
2024-03-18T22:47:21.367+0000 7f0f7f1d4700 1 -- 172.21.15.52:0/2675060957 wait complete.
2024-03-18T22:47:27.855 INFO:teuthology.orchestra.run.smithi052.stdout:/usr/bin/ceph: stderr
2024-03-18T22:47:21.367+0000 7f0f7f1d4700 1 Processor -- start
2024-03-18T22:47:27.855 INFO:teuthology.orchestra.run.smithi052.stdout:/usr/bin/ceph: stderr
2024-03-18T22:47:21.367+0000 7f0f7f1d4700 1 -- start start
2024-03-18T22:47:27.855 INFO:teuthology.orchestra.run.smithi052.stdout:/usr/bin/ceph: stderr
2024-03-18T22:47:21.367+0000 7f0f7f1d4700 1 --2- >> [v2:172.21.15.52:3300/0,v1:172.21.15.52:6789/0] conn(0x7f0f78108a00 0x7f0f7819bfc0 unknown :-1 s=NONE pgs=0 cs=0 l=1 rev1=0 crypto rx=0 tx=0 comp rx=0 tx=0).connect
2024-03-18T22:47:27.855 INFO:teuthology.orchestra.run.smithi052.stdout:/usr/bin/ceph: stderr
2024-03-18T22:47:21.367+0000 7f0f7f1d4700 1 -- --> [v2:172.21.15.52:3300/0,v1:172.21.15.52:6789/0] -- mon_getmap magic: 0 -- 0x7f0f7810c360 con 0x7f0f78108a00
2024-03-18T22:47:27.856 INFO:teuthology.orchestra.run.smithi052.stdout:/usr/bin/ceph: stderr
2024-03-18T22:47:21.367+0000 7f0f7cf70700 1 --2- >> [v2:172.21.15.52:3300/0,v1:172.21.15.52:6789/0] conn(0x7f0f78108a00 0x7f0f7819bfc0 unknown :-1 s=BANNER_CONNECTING pgs=0 cs=0 l=1 rev1=0 crypto rx=0 tx=0 comp rx=0 tx=0)._handle_peer_banner_payload supported=3 required=0
2024-03-18T22:47:27.856 INFO:teuthology.orchestra.run.smithi052.stdout:/usr/bin/ceph: stderr
2024-03-18T22:47:21.367+0000 7f0f7cf70700 1 --2- >> [v2:172.21.15.52:3300/0,v1:172.21.15.52:6789/0] conn(0x7f0f78108a00 0x7f0f7819bfc0 unknown :-1 s=HELLO_CONNECTING pgs=0 cs=0 l=1 rev1=1 crypto rx=0 tx=0 comp rx=0 tx=0).handle_hello peer v2:172.21.15.52:3300/0 says I am v2:172.21.15.52:53322/0 (socket says 172.21.15.52:53322)
2024-03-18T22:47:27.856 INFO:teuthology.orchestra.run.smithi052.stdout:/usr/bin/ceph: stderr
2024-03-18T22:47:21.367+0000 7f0f7cf70700 1 -- 172.21.15.52:0/82727438 learned_addr learned my addr 172.21.15.52:0/82727438 (peer_addr_for_me v2:172.21.15.52:0/0)
2024-03-18T22:47:27.856 INFO:teuthology.orchestra.run.smithi052.stdout:/usr/bin/ceph: stderr
2024-03-18T22:47:21.368+0000 7f0f7cf70700 1 -- 172.21.15.52:0/82727438 --> [v2:172.21.15.52:3300/0,v1:172.21.15.52:6789/0] -- mon_subscribe({config=0+,monmap=0+}) -- 0x7f0f7819c500 con 0x7f0f78108a00
2024-03-18T22:47:27.856 INFO:teuthology.orchestra.run.smithi052.stdout:/usr/bin/ceph: stderr
2024-03-18T22:47:21.368+0000 7f0f7cf70700 1 --2- 172.21.15.52:0/82727438 >> [v2:172.21.15.52:3300/0,v1:172.21.15.52:6789/0] conn(0x7f0f78108a00 0x7f0f7819bfc0 secure :-1 s=READY pgs=29 cs=0 l=1 rev1=1 crypto rx=0x7f0f6c009fb0 tx=0x7f0f6c011c60 comp rx=0 tx=0).ready entity=mon.0 client_cookie=0 server_cookie=0 in_seq=0 out_seq=0
2024-03-18T22:47:27.856 INFO:teuthology.orchestra.run.smithi052.stdout:/usr/bin/ceph: stderr
2024-03-18T22:47:21.368+0000 7f0f75ffb700 1 -- 172.21.15.52:0/82727438 <== mon.0 v2:172.21.15.52:3300/0 1 ==== mon_map magic: 0 ==== 205+0+0 (secure 0 0 0) 0x7f0f6c0038b0 con 0x7f0f78108a00
2024-03-18T22:47:27.856 INFO:teuthology.orchestra.run.smithi052.stdout:/usr/bin/ceph: stderr
2024-03-18T22:47:21.368+0000 7f0f75ffb700 1 -- 172.21.15.52:0/82727438 <== mon.0 v2:172.21.15.52:3300/0 2 ==== config(28 keys) ==== 1143+0+0 (secure 0 0 0) 0x7f0f6c01a430 con 0x7f0f78108a00
2024-03-18T22:47:27.856 INFO:teuthology.orchestra.run.smithi052.stdout:/usr/bin/ceph: stderr
2024-03-18T22:47:21.368+0000 7f0f7f1d4700 1 -- 172.21.15.52:0/82727438 --> [v2:172.21.15.52:3300/0,v1:172.21.15.52:6789/0] -- mon_subscribe({mgrmap=0+}) -- 0x7f0f7819c790 con 0x7f0f78108a00
2024-03-18T22:47:27.856 INFO:teuthology.orchestra.run.smithi052.stdout:/usr/bin/ceph: stderr
2024-03-18T22:47:21.368+0000 7f0f75ffb700 1 -- 172.21.15.52:0/82727438 <== mon.0 v2:172.21.15.52:3300/0 3 ==== mon_map magic: 0 ==== 205+0+0 (secure 0 0 0) 0x7f0f6c019630 con 0x7f0f78108a00
2024-03-18T22:47:27.856 INFO:teuthology.orchestra.run.smithi052.stdout:/usr/bin/ceph: stderr
2024-03-18T22:47:21.368+0000 7f0f7f1d4700 1 -- 172.21.15.52:0/82727438 --> [v2:172.21.15.52:3300/0,v1:172.21.15.52:6789/0] -- mon_subscribe({osdmap=0}) -- 0x7f0f7819f480 con 0x7f0f78108a00
2024-03-18T22:47:27.856 INFO:teuthology.orchestra.run.smithi052.stdout:/usr/bin/ceph: stderr
2024-03-18T22:47:21.369+0000 7f0f75ffb700 1 -- 172.21.15.52:0/82727438 <== mon.0 v2:172.21.15.52:3300/0 4 ==== mgrmap(e 5) ==== 46106+0+0 (secure 0 0 0) 0x7f0f6c0198e0 con 0x7f0f78108a00
2024-03-18T22:47:27.856 INFO:teuthology.orchestra.run.smithi052.stdout:/usr/bin/ceph: stderr
2024-03-18T22:47:21.369+0000 7f0f75ffb700 1 --2- 172.21.15.52:0/82727438 >> [v2:172.21.15.52:6800/3572762748,v1:172.21.15.52:6801/3572762748] conn(0x7f0f68038f20 0x7f0f6803b3e0 unknown :-1 s=NONE pgs=0 cs=0 l=1 rev1=0 crypto rx=0 tx=0 comp rx=0 tx=0).connect
2024-03-18T22:47:27.856 INFO:teuthology.orchestra.run.smithi052.stdout:/usr/bin/ceph: stderr
2024-03-18T22:47:21.369+0000 7f0f7f1d4700 1 -- 172.21.15.52:0/82727438 --> [v2:172.21.15.52:6800/3572762748,v1:172.21.15.52:6801/3572762748] -- command(tid 0: {"prefix": "get_command_descriptions"}) -- 0x7f0f78063940 con 0x7f0f68038f20
2024-03-18T22:47:27.857 INFO:teuthology.orchestra.run.smithi052.stdout:/usr/bin/ceph: stderr
2024-03-18T22:47:21.369+0000 7f0f75ffb700 1 -- 172.21.15.52:0/82727438 <== mon.0 v2:172.21.15.52:3300/0 5 ==== osd_map(1..1 src has 1..1) ==== 725+0+0 (secure 0 0 0) 0x7f0f6c04d080 con 0x7f0f78108a00
2024-03-18T22:47:27.857 INFO:teuthology.orchestra.run.smithi052.stdout:/usr/bin/ceph: stderr
2024-03-18T22:47:21.369+0000 7f0f77fff700 1 -- 172.21.15.52:0/82727438 >> [v2:172.21.15.52:6800/3572762748,v1:172.21.15.52:6801/3572762748] conn(0x7f0f68038f20 msgr2=0x7f0f6803b3e0 unknown :-1 s=STATE_CONNECTING_RE l=1).process reconnect failed to v2:172.21.15.52:6800/3572762748
2024-03-18T22:47:27.857 INFO:teuthology.orchestra.run.smithi052.stdout:/usr/bin/ceph: stderr
2024-03-18T22:47:21.369+0000 7f0f77fff700 1 --2- 172.21.15.52:0/82727438 >> [v2:172.21.15.52:6800/3572762748,v1:172.21.15.52:6801/3572762748] conn(0x7f0f68038f20 0x7f0f6803b3e0 unknown :-1 s=START_CONNECT pgs=0 cs=0 l=1 rev1=0 crypto rx=0 tx=0 comp rx=0 tx=0)._fault waiting 0.200000
2024-03-18T22:47:27.857 INFO:teuthology.orchestra.run.smithi052.stdout:/usr/bin/ceph: stderr
2024-03-18T22:47:21.570+0000 7f0f77fff700 1 -- 172.21.15.52:0/82727438 >> [v2:172.21.15.52:6800/3572762748,v1:172.21.15.52:6801/3572762748] conn(0x7f0f68038f20 msgr2=0x7f0f6803b3e0 unknown :-1 s=STATE_CONNECTING_RE l=1).process reconnect failed to v2:172.21.15.52:6800/3572762748
2024-03-18T22:47:27.857 INFO:teuthology.orchestra.run.smithi052.stdout:/usr/bin/ceph: stderr
2024-03-18T22:47:21.570+0000 7f0f77fff700 1 --2- 172.21.15.52:0/82727438 >> [v2:172.21.15.52:6800/3572762748,v1:172.21.15.52:6801/3572762748] conn(0x7f0f68038f20 0x7f0f6803b3e0 unknown :-1 s=START_CONNECT pgs=0 cs=0 l=1 rev1=0 crypto rx=0 tx=0 comp rx=0 tx=0)._fault waiting 0.400000
2024-03-18T22:47:27.857 INFO:teuthology.orchestra.run.smithi052.stdout:/usr/bin/ceph: stderr
2024-03-18T22:47:21.971+0000 7f0f77fff700 1 -- 172.21.15.52:0/82727438 >> [v2:172.21.15.52:6800/3572762748,v1:172.21.15.52:6801/3572762748] conn(0x7f0f68038f20 msgr2=0x7f0f6803b3e0 unknown :-1 s=STATE_CONNECTING_RE l=1).process reconnect failed to v2:172.21.15.52:6800/3572762748
2024-03-18T22:47:27.857 INFO:teuthology.orchestra.run.smithi052.stdout:/usr/bin/ceph: stderr
2024-03-18T22:47:21.971+0000 7f0f77fff700 1 --2- 172.21.15.52:0/82727438 >> [v2:172.21.15.52:6800/3572762748,v1:172.21.15.52:6801/3572762748] conn(0x7f0f68038f20 0x7f0f6803b3e0 unknown :-1 s=START_CONNECT pgs=0 cs=0 l=1 rev1=0 crypto rx=0 tx=0 comp rx=0 tx=0)._fault waiting 0.800000
2024-03-18T22:47:27.857 INFO:teuthology.orchestra.run.smithi052.stdout:/usr/bin/ceph: stderr
2024-03-18T22:47:22.772+0000 7f0f77fff700 1 -- 172.21.15.52:0/82727438 >> [v2:172.21.15.52:6800/3572762748,v1:172.21.15.52:6801/3572762748] conn(0x7f0f68038f20 msgr2=0x7f0f6803b3e0 unknown :-1 s=STATE_CONNECTING_RE l=1).process reconnect failed to v2:172.21.15.52:6800/3572762748
2024-03-18T22:47:27.857 INFO:teuthology.orchestra.run.smithi052.stdout:/usr/bin/ceph: stderr
2024-03-18T22:47:22.772+0000 7f0f77fff700 1 --2- 172.21.15.52:0/82727438 >> [v2:172.21.15.52:6800/3572762748,v1:172.21.15.52:6801/3572762748] conn(0x7f0f68038f20 0x7f0f6803b3e0 unknown :-1 s=START_CONNECT pgs=0 cs=0 l=1 rev1=0 crypto rx=0 tx=0 comp rx=0 tx=0)._fault waiting 1.600000
2024-03-18T22:47:27.857 INFO:teuthology.orchestra.run.smithi052.stdout:/usr/bin/ceph: stderr
2024-03-18T22:47:24.373+0000 7f0f77fff700 1 -- 172.21.15.52:0/82727438 >> [v2:172.21.15.52:6800/3572762748,v1:172.21.15.52:6801/3572762748] conn(0x7f0f68038f20 msgr2=0x7f0f6803b3e0 unknown :-1 s=STATE_CONNECTING_RE l=1).process reconnect failed to v2:172.21.15.52:6800/3572762748
2024-03-18T22:47:27.857 INFO:teuthology.orchestra.run.smithi052.stdout:/usr/bin/ceph: stderr
2024-03-18T22:47:24.373+0000 7f0f77fff700 1 --2- 172.21.15.52:0/82727438 >> [v2:172.21.15.52:6800/3572762748,v1:172.21.15.52:6801/3572762748] conn(0x7f0f68038f20 0x7f0f6803b3e0 unknown :-1 s=START_CONNECT pgs=0 cs=0 l=1 rev1=0 crypto rx=0 tx=0 comp rx=0 tx=0)._fault waiting 3.200000
2024-03-18T22:47:27.857 INFO:teuthology.orchestra.run.smithi052.stdout:/usr/bin/ceph: stderr
2024-03-18T22:47:26.275+0000 7f0f75ffb700 1 -- 172.21.15.52:0/82727438 <== mon.0 v2:172.21.15.52:3300/0 6 ==== mgrmap(e 6) ==== 45873+0+0 (secure 0 0 0) 0x7f0f6c02d960 con 0x7f0f78108a00
2024-03-18T22:47:27.857 INFO:teuthology.orchestra.run.smithi052.stdout:/usr/bin/ceph: stderr
2024-03-18T22:47:26.275+0000 7f0f75ffb700 1 -- 172.21.15.52:0/82727438 >> [v2:172.21.15.52:6800/3572762748,v1:172.21.15.52:6801/3572762748] conn(0x7f0f68038f20 msgr2=0x7f0f6803b3e0 unknown :-1 s=STATE_CONNECTING l=1).mark_down
2024-03-18T22:47:27.857 INFO:teuthology.orchestra.run.smithi052.stdout:/usr/bin/ceph: stderr
2024-03-18T22:47:26.275+0000 7f0f75ffb700 1 --2- 172.21.15.52:0/82727438 >> [v2:172.21.15.52:6800/3572762748,v1:172.21.15.52:6801/3572762748] conn(0x7f0f68038f20 0x7f0f6803b3e0 unknown :-1 s=START_CONNECT pgs=0 cs=0 l=1 rev1=0 crypto rx=0 tx=0 comp rx=0 tx=0).stop
2024-03-18T22:47:27.857 INFO:teuthology.orchestra.run.smithi052.stdout:/usr/bin/ceph: stderr
2024-03-18T22:47:27.276+0000 7f0f75ffb700 1 -- 172.21.15.52:0/82727438 <== mon.0 v2:172.21.15.52:3300/0 7 ==== mgrmap(e 7) ==== 46000+0+0 (secure 0 0 0) 0x7f0f6c04e8c0 con 0x7f0f78108a00
2024-03-18T22:47:27.858 INFO:teuthology.orchestra.run.smithi052.stdout:/usr/bin/ceph: stderr
2024-03-18T22:47:27.276+0000 7f0f75ffb700 1 --2- 172.21.15.52:0/82727438 >> [v2:172.21.15.52:6800/2150375137,v1:172.21.15.52:6801/2150375137] conn(0x7f0f6803c620 0x7f0f6803ea10 unknown :-1 s=NONE pgs=0 cs=0 l=1 rev1=0 crypto rx=0 tx=0 comp rx=0 tx=0).connect
2024-03-18T22:47:27.858 INFO:teuthology.orchestra.run.smithi052.stdout:/usr/bin/ceph: stderr
2024-03-18T22:47:27.276+0000 7f0f75ffb700 1 -- 172.21.15.52:0/82727438 --> [v2:172.21.15.52:6800/2150375137,v1:172.21.15.52:6801/2150375137] -- command(tid 0: {"prefix": "get_command_descriptions"}) -- 0x7f0f6c04c850 con 0x7f0f6803c620
2024-03-18T22:47:27.858 INFO:teuthology.orchestra.run.smithi052.stdout:/usr/bin/ceph: stderr
2024-03-18T22:47:27.277+0000 7f0f77fff700 1 --2- 172.21.15.52:0/82727438 >> [v2:172.21.15.52:6800/2150375137,v1:172.21.15.52:6801/2150375137] conn(0x7f0f6803c620 0x7f0f6803ea10 unknown :-1 s=BANNER_CONNECTING pgs=0 cs=0 l=1 rev1=0 crypto rx=0 tx=0 comp rx=0 tx=0)._handle_peer_banner_payload supported=3 required=0
2024-03-18T22:47:27.858 INFO:teuthology.orchestra.run.smithi052.stdout:/usr/bin/ceph: stderr
2024-03-18T22:47:27.278+0000 7f0f77fff700 1 --2- 172.21.15.52:0/82727438 >> [v2:172.21.15.52:6800/2150375137,v1:172.21.15.52:6801/2150375137] conn(0x7f0f6803c620 0x7f0f6803ea10 secure :-1 s=READY pgs=3 cs=0 l=1 rev1=1 crypto rx=0x7f0f64003a10 tx=0x7f0f640092b0 comp rx=0 tx=0).ready entity=mgr.14120 client_cookie=0 server_cookie=0 in_seq=0 out_seq=0
2024-03-18T22:47:27.858 INFO:teuthology.orchestra.run.smithi052.stdout:/usr/bin/ceph: stderr
2024-03-18T22:47:27.278+0000 7f0f75ffb700 1 -- 172.21.15.52:0/82727438 <== mgr.14120 v2:172.21.15.52:6800/2150375137 1 ==== command_reply(tid 0: 0 ) ==== 8+0+7774 (secure 0 0 0) 0x7f0f6c04c850 con 0x7f0f6803c620
2024-03-18T22:47:27.858 INFO:teuthology.orchestra.run.smithi052.stdout:/usr/bin/ceph: stderr
2024-03-18T22:47:27.285+0000 7f0f7f1d4700 1 -- 172.21.15.52:0/82727438 --> [v2:172.21.15.52:6800/2150375137,v1:172.21.15.52:6801/2150375137] -- command(tid 1: {"prefix": "mgr_status"}) -- 0x7f0f78103620 con 0x7f0f6803c620
2024-03-18T22:47:27.858 INFO:teuthology.orchestra.run.smithi052.stdout:/usr/bin/ceph: stderr
2024-03-18T22:47:27.285+0000 7f0f75ffb700 1 -- 172.21.15.52:0/82727438 <== mgr.14120 v2:172.21.15.52:6800/2150375137 2 ==== command_reply(tid 1: 0 ) ==== 8+0+51 (secure 0 0 0) 0x7f0f78103620 con 0x7f0f6803c620
2024-03-18T22:47:27.858 INFO:teuthology.orchestra.run.smithi052.stdout:/usr/bin/ceph: stderr
2024-03-18T22:47:27.285+0000 7f0f7f1d4700 1 -- 172.21.15.52:0/82727438 >> [v2:172.21.15.52:6800/2150375137,v1:172.21.15.52:6801/2150375137] conn(0x7f0f6803c620 msgr2=0x7f0f6803ea10 secure :-1 s=STATE_CONNECTION_ESTABLISHED l=1).mark_down
2024-03-18T22:47:27.858 INFO:teuthology.orchestra.run.smithi052.stdout:/usr/bin/ceph: stderr
2024-03-18T22:47:27.285+0000 7f0f7f1d4700 1 --2- 172.21.15.52:0/82727438 >> [v2:172.21.15.52:6800/2150375137,v1:172.21.15.52:6801/2150375137] conn(0x7f0f6803c620 0x7f0f6803ea10 secure :-1 s=READY pgs=3 cs=0 l=1 rev1=1 crypto rx=0x7f0f64003a10 tx=0x7f0f640092b0 comp rx=0 tx=0).stop
2024-03-18T22:47:27.858 INFO:teuthology.orchestra.run.smithi052.stdout:/usr/bin/ceph: stderr
2024-03-18T22:47:27.285+0000 7f0f7f1d4700 1 -- 172.21.15.52:0/82727438 >> [v2:172.21.15.52:3300/0,v1:172.21.15.52:6789/0] conn(0x7f0f78108a00 msgr2=0x7f0f7819bfc0 secure :-1 s=STATE_CONNECTION_ESTABLISHED l=1).mark_down
2024-03-18T22:47:27.858 INFO:teuthology.orchestra.run.smithi052.stdout:/usr/bin/ceph: stderr
2024-03-18T22:47:27.285+0000 7f0f7f1d4700 1 --2- 172.21.15.52:0/82727438 >> [v2:172.21.15.52:3300/0,v1:172.21.15.52:6789/0] conn(0x7f0f78108a00 0x7f0f7819bfc0 secure :-1 s=READY pgs=29 cs=0 l=1 rev1=1 crypto rx=0x7f0f6c009fb0 tx=0x7f0f6c011c60 comp rx=0 tx=0).stop
2024-03-18T22:47:27.858 INFO:teuthology.orchestra.run.smithi052.stdout:/usr/bin/ceph: stderr
2024-03-18T22:47:27.285+0000 7f0f7f1d4700 1 -- 172.21.15.52:0/82727438 shutdown_connections
2024-03-18T22:47:27.858 INFO:teuthology.orchestra.run.smithi052.stdout:/usr/bin/ceph: stderr
2024-03-18T22:47:27.285+0000 7f0f7f1d4700 1 --2- 172.21.15.52:0/82727438 >> [v2:172.21.15.52:6800/2150375137,v1:172.21.15.52:6801/2150375137] conn(0x7f0f6803c620 0x7f0f6803ea10 unknown :-1 s=CLOSED pgs=3 cs=0 l=1 rev1=1 crypto rx=0 tx=0 comp rx=0 tx=0).stop
2024-03-18T22:47:27.859 INFO:teuthology.orchestra.run.smithi052.stdout:/usr/bin/ceph: stderr
2024-03-18T22:47:27.285+0000 7f0f7f1d4700 1 --2- 172.21.15.52:0/82727438 >> [v2:172.21.15.52:3300/0,v1:172.21.15.52:6789/0] conn(0x7f0f78108a00 0x7f0f7819bfc0 unknown :-1 s=CLOSED pgs=29 cs=0 l=1 rev1=1 crypto rx=0 tx=0 comp rx=0 tx=0).stop
2024-03-18T22:47:27.859 INFO:teuthology.orchestra.run.smithi052.stdout:/usr/bin/ceph: stderr
2024-03-18T22:47:27.285+0000 7f0f7f1d4700 1 --2- 172.21.15.52:0/82727438 >> [v2:172.21.15.52:6800/3572762748,v1:172.21.15.52:6801/3572762748] conn(0x7f0f68038f20 0x7f0f6803b3e0 unknown :-1 s=CLOSED pgs=0 cs=0 l=1 rev1=0 crypto rx=0 tx=0 comp rx=0 tx=0).stop
2024-03-18T22:47:27.859 INFO:teuthology.orchestra.run.smithi052.stdout:/usr/bin/ceph: stderr
2024-03-18T22:47:27.285+0000 7f0f7f1d4700 1 -- 172.21.15.52:0/82727438 >> 172.21.15.52:0/82727438 conn(0x7f0f781023b0 msgr2=0x7f0f78102f10 unknown :-1 s=STATE_NONE l=0).mark_down
2024-03-18T22:47:27.859 INFO:teuthology.orchestra.run.smithi052.stdout:/usr/bin/ceph: stderr
2024-03-18T22:47:27.286+0000 7f0f7f1d4700 1 -- 172.21.15.52:0/82727438 shutdown_connections
2024-03-18T22:47:27.859 INFO:teuthology.orchestra.run.smithi052.stdout:/usr/bin/ceph: stderr
2024-03-18T22:47:27.286+0000 7f0f7f1d4700 1 -- 172.21.15.52:0/82727438 wait complete.
2024-03-18T22:47:27.859 INFO:teuthology.orchestra.run.smithi052.stdout:mgr epoch 5 is available
2024-03-18T22:47:27.859 INFO:teuthology.orchestra.run.smithi052.stdout:Setting orchestrator backend to cephadm...
2024-03-18T22:47:28.488 INFO:journalctl@ceph.mon.a.smithi052.stdout:Mar 18 22:47:28 smithi052 ceph-mon[32520]: from='client.14124 -' entity='client.admin' cmd=[{"prefix": "get_command_descriptions"}]: dispatch
2024-03-18T22:47:28.488 INFO:journalctl@ceph.mon.a.smithi052.stdout:Mar 18 22:47:28 smithi052 ceph-mon[32520]: from='client.14124 -' entity='client.admin' cmd=[{"prefix": "mgr_status"}]: dispatch
2024-03-18T22:47:29.075 INFO:teuthology.orchestra.run.smithi052.stdout:/usr/bin/ceph: stderr
2024-03-18T22:47:28.297+0000 7fa3a4c96700 1 Processor -- start
2024-03-18T22:47:29.075 INFO:teuthology.orchestra.run.smithi052.stdout:/usr/bin/ceph: stderr
2024-03-18T22:47:28.297+0000 7fa3a4c96700 1 -- start start
2024-03-18T22:47:29.075 INFO:teuthology.orchestra.run.smithi052.stdout:/usr/bin/ceph: stderr
2024-03-18T22:47:28.297+0000 7fa3a4c96700 1 --2- >> [v2:172.21.15.52:3300/0,v1:172.21.15.52:6789/0] conn(0x7fa3a0108970 0x7fa3a010ad60 unknown :-1 s=NONE pgs=0 cs=0 l=0 rev1=0 crypto rx=0 tx=0 comp rx=0 tx=0).connect
2024-03-18T22:47:29.075 INFO:teuthology.orchestra.run.smithi052.stdout:/usr/bin/ceph: stderr
2024-03-18T22:47:28.297+0000 7fa3a4c96700 1 -- --> [v2:172.21.15.52:3300/0,v1:172.21.15.52:6789/0] -- mon_getmap magic: 0 -- 0x7fa3a007be80 con 0x7fa3a0108970
2024-03-18T22:47:29.075 INFO:teuthology.orchestra.run.smithi052.stdout:/usr/bin/ceph: stderr
2024-03-18T22:47:28.297+0000 7fa39e59c700 1 --2- >> [v2:172.21.15.52:3300/0,v1:172.21.15.52:6789/0] conn(0x7fa3a0108970 0x7fa3a010ad60 unknown :-1 s=BANNER_CONNECTING pgs=0 cs=0 l=0 rev1=0 crypto rx=0 tx=0 comp rx=0 tx=0)._handle_peer_banner_payload supported=3 required=0
2024-03-18T22:47:29.075 INFO:teuthology.orchestra.run.smithi052.stdout:/usr/bin/ceph: stderr
2024-03-18T22:47:28.297+0000 7fa39e59c700 1 --2- >> [v2:172.21.15.52:3300/0,v1:172.21.15.52:6789/0] conn(0x7fa3a0108970 0x7fa3a010ad60 unknown :-1 s=HELLO_CONNECTING pgs=0 cs=0 l=0 rev1=1 crypto rx=0 tx=0 comp rx=0 tx=0).handle_hello peer v2:172.21.15.52:3300/0 says I am v2:172.21.15.52:49032/0 (socket says 172.21.15.52:49032)
2024-03-18T22:47:29.075 INFO:teuthology.orchestra.run.smithi052.stdout:/usr/bin/ceph: stderr
2024-03-18T22:47:28.297+0000 7fa39e59c700 1 -- 172.21.15.52:0/484102460 learned_addr learned my addr 172.21.15.52:0/484102460 (peer_addr_for_me v2:172.21.15.52:0/0)
2024-03-18T22:47:29.075 INFO:teuthology.orchestra.run.smithi052.stdout:/usr/bin/ceph: stderr
2024-03-18T22:47:28.297+0000 7fa39e59c700 1 -- 172.21.15.52:0/484102460 --> [v2:172.21.15.52:3300/0,v1:172.21.15.52:6789/0] -- mon_subscribe({config=0+,monmap=0+}) -- 0x7fa3a010b2a0 con 0x7fa3a0108970
2024-03-18T22:47:29.076 INFO:teuthology.orchestra.run.smithi052.stdout:/usr/bin/ceph: stderr
2024-03-18T22:47:28.298+0000 7fa39e59c700 1 --2- 172.21.15.52:0/484102460 >> [v2:172.21.15.52:3300/0,v1:172.21.15.52:6789/0] conn(0x7fa3a0108970 0x7fa3a010ad60 secure :-1 s=READY pgs=37 cs=0 l=1 rev1=1 crypto rx=0x7fa3900098a0 tx=0x7fa390009bb0 comp rx=0 tx=0).ready entity=mon.0 client_cookie=9d2b723baa06261b server_cookie=0 in_seq=0 out_seq=0
2024-03-18T22:47:29.076 INFO:teuthology.orchestra.run.smithi052.stdout:/usr/bin/ceph: stderr
2024-03-18T22:47:28.298+0000 7fa39d59a700 1 -- 172.21.15.52:0/484102460 <== mon.0 v2:172.21.15.52:3300/0 1 ==== mon_map magic: 0 ==== 205+0+0 (secure 0 0 0) 0x7fa390004160 con 0x7fa3a0108970
2024-03-18T22:47:29.076 INFO:teuthology.orchestra.run.smithi052.stdout:/usr/bin/ceph: stderr
2024-03-18T22:47:28.298+0000 7fa39d59a700 1 -- 172.21.15.52:0/484102460 <== mon.0 v2:172.21.15.52:3300/0 2 ==== config(28 keys) ==== 1143+0+0 (secure 0 0 0) 0x7fa390004300 con 0x7fa3a0108970
2024-03-18T22:47:29.076 INFO:teuthology.orchestra.run.smithi052.stdout:/usr/bin/ceph: stderr
2024-03-18T22:47:28.298+0000 7fa39d59a700 1 -- 172.21.15.52:0/484102460 <== mon.0 v2:172.21.15.52:3300/0 3 ==== mon_map magic: 0 ==== 205+0+0 (secure 0 0 0) 0x7fa390011c00 con 0x7fa3a0108970
2024-03-18T22:47:29.076 INFO:teuthology.orchestra.run.smithi052.stdout:/usr/bin/ceph: stderr
2024-03-18T22:47:28.298+0000 7fa3a4c96700 1 -- 172.21.15.52:0/484102460 >> [v2:172.21.15.52:3300/0,v1:172.21.15.52:6789/0] conn(0x7fa3a0108970 msgr2=0x7fa3a010ad60 secure :-1 s=STATE_CONNECTION_ESTABLISHED l=1).mark_down
2024-03-18T22:47:29.076 INFO:teuthology.orchestra.run.smithi052.stdout:/usr/bin/ceph: stderr
2024-03-18T22:47:28.298+0000 7fa3a4c96700 1 --2- 172.21.15.52:0/484102460 >> [v2:172.21.15.52:3300/0,v1:172.21.15.52:6789/0] conn(0x7fa3a0108970 0x7fa3a010ad60 secure :-1 s=READY pgs=37 cs=0 l=1 rev1=1 crypto rx=0x7fa3900098a0 tx=0x7fa390009bb0 comp rx=0 tx=0).stop
2024-03-18T22:47:29.076 INFO:teuthology.orchestra.run.smithi052.stdout:/usr/bin/ceph: stderr
2024-03-18T22:47:28.298+0000 7fa3a4c96700 1 -- 172.21.15.52:0/484102460 shutdown_connections
2024-03-18T22:47:29.076 INFO:teuthology.orchestra.run.smithi052.stdout:/usr/bin/ceph: stderr
2024-03-18T22:47:28.298+0000 7fa3a4c96700 1 --2- 172.21.15.52:0/484102460 >> [v2:172.21.15.52:3300/0,v1:172.21.15.52:6789/0] conn(0x7fa3a0108970 0x7fa3a010ad60 unknown :-1 s=CLOSED pgs=37 cs=0 l=1 rev1=1 crypto rx=0 tx=0 comp rx=0 tx=0).stop
2024-03-18T22:47:29.076 INFO:teuthology.orchestra.run.smithi052.stdout:/usr/bin/ceph: stderr
2024-03-18T22:47:28.298+0000 7fa3a4c96700 1 -- 172.21.15.52:0/484102460 >> 172.21.15.52:0/484102460 conn(0x7fa3a01023a0 msgr2=0x7fa3a01047c0 unknown :-1 s=STATE_NONE l=0).mark_down
2024-03-18T22:47:29.076 INFO:teuthology.orchestra.run.smithi052.stdout:/usr/bin/ceph: stderr
2024-03-18T22:47:28.299+0000 7fa3a4c96700 1 -- 172.21.15.52:0/484102460 shutdown_connections
2024-03-18T22:47:29.076 INFO:teuthology.orchestra.run.smithi052.stdout:/usr/bin/ceph: stderr
2024-03-18T22:47:28.299+0000 7fa3a4c96700 1 -- 172.21.15.52:0/484102460 wait complete.
2024-03-18T22:47:29.076 INFO:teuthology.orchestra.run.smithi052.stdout:/usr/bin/ceph: stderr
2024-03-18T22:47:28.299+0000 7fa3a4c96700 1 Processor -- start
2024-03-18T22:47:29.076 INFO:teuthology.orchestra.run.smithi052.stdout:/usr/bin/ceph: stderr
2024-03-18T22:47:28.299+0000 7fa3a4c96700 1 -- start start
2024-03-18T22:47:29.076 INFO:teuthology.orchestra.run.smithi052.stdout:/usr/bin/ceph: stderr
2024-03-18T22:47:28.299+0000 7fa3a4c96700 1 --2- >> [v2:172.21.15.52:3300/0,v1:172.21.15.52:6789/0] conn(0x7fa3a0108970 0x7fa3a01081f0 unknown :-1 s=NONE pgs=0 cs=0 l=1 rev1=0 crypto rx=0 tx=0 comp rx=0 tx=0).connect
2024-03-18T22:47:29.077 INFO:teuthology.orchestra.run.smithi052.stdout:/usr/bin/ceph: stderr
2024-03-18T22:47:28.299+0000 7fa3a4c96700 1 -- --> [v2:172.21.15.52:3300/0,v1:172.21.15.52:6789/0] -- mon_getmap magic: 0 -- 0x7fa3a010c320 con 0x7fa3a0108970
2024-03-18T22:47:29.077 INFO:teuthology.orchestra.run.smithi052.stdout:/usr/bin/ceph: stderr
2024-03-18T22:47:28.300+0000 7fa39e59c700 1 --2- >> [v2:172.21.15.52:3300/0,v1:172.21.15.52:6789/0] conn(0x7fa3a0108970 0x7fa3a01081f0 unknown :-1 s=BANNER_CONNECTING pgs=0 cs=0 l=1 rev1=0 crypto rx=0 tx=0 comp rx=0 tx=0)._handle_peer_banner_payload supported=3 required=0
2024-03-18T22:47:29.077 INFO:teuthology.orchestra.run.smithi052.stdout:/usr/bin/ceph: stderr
2024-03-18T22:47:28.300+0000 7fa39e59c700 1 --2- >> [v2:172.21.15.52:3300/0,v1:172.21.15.52:6789/0] conn(0x7fa3a0108970 0x7fa3a01081f0 unknown :-1 s=HELLO_CONNECTING pgs=0 cs=0 l=1 rev1=1 crypto rx=0 tx=0 comp rx=0 tx=0).handle_hello peer v2:172.21.15.52:3300/0 says I am v2:172.21.15.52:49040/0 (socket says 172.21.15.52:49040)
2024-03-18T22:47:29.077 INFO:teuthology.orchestra.run.smithi052.stdout:/usr/bin/ceph: stderr
2024-03-18T22:47:28.300+0000 7fa39e59c700 1 -- 172.21.15.52:0/90262460 learned_addr learned my addr 172.21.15.52:0/90262460 (peer_addr_for_me v2:172.21.15.52:0/0)
2024-03-18T22:47:29.077 INFO:teuthology.orchestra.run.smithi052.stdout:/usr/bin/ceph: stderr
2024-03-18T22:47:28.300+0000 7fa39e59c700 1 -- 172.21.15.52:0/90262460 --> [v2:172.21.15.52:3300/0,v1:172.21.15.52:6789/0] -- mon_subscribe({config=0+,monmap=0+}) -- 0x7fa3a0108730 con 0x7fa3a0108970
2024-03-18T22:47:29.077 INFO:teuthology.orchestra.run.smithi052.stdout:/usr/bin/ceph: stderr
2024-03-18T22:47:28.300+0000 7fa39e59c700 1 --2- 172.21.15.52:0/90262460 >> [v2:172.21.15.52:3300/0,v1:172.21.15.52:6789/0] conn(0x7fa3a0108970 0x7fa3a01081f0 secure :-1 s=READY pgs=38 cs=0 l=1 rev1=1 crypto rx=0x7fa390003fb0 tx=0x7fa390011bd0 comp rx=0 tx=0).ready entity=mon.0 client_cookie=0 server_cookie=0 in_seq=0 out_seq=0
2024-03-18T22:47:29.077 INFO:teuthology.orchestra.run.smithi052.stdout:/usr/bin/ceph: stderr
2024-03-18T22:47:28.300+0000 7fa38f7fe700 1 -- 172.21.15.52:0/90262460 <== mon.0 v2:172.21.15.52:3300/0 1 ==== mon_map magic: 0 ==== 205+0+0 (secure 0 0 0) 0x7fa3900039c0 con 0x7fa3a0108970
2024-03-18T22:47:29.077 INFO:teuthology.orchestra.run.smithi052.stdout:/usr/bin/ceph: stderr
2024-03-18T22:47:28.300+0000 7fa38f7fe700 1 -- 172.21.15.52:0/90262460 <== mon.0 v2:172.21.15.52:3300/0 2 ==== config(28 keys) ==== 1143+0+0 (secure 0 0 0) 0x7fa390003b60 con 0x7fa3a0108970
2024-03-18T22:47:29.077 INFO:teuthology.orchestra.run.smithi052.stdout:/usr/bin/ceph: stderr
2024-03-18T22:47:28.300+0000 7fa3a4c96700 1 -- 172.21.15.52:0/90262460 --> [v2:172.21.15.52:3300/0,v1:172.21.15.52:6789/0] -- mon_subscribe({mgrmap=0+}) -- 0x7fa3a0106920 con 0x7fa3a0108970
2024-03-18T22:47:29.077 INFO:teuthology.orchestra.run.smithi052.stdout:/usr/bin/ceph: stderr
2024-03-18T22:47:28.300+0000 7fa38f7fe700 1 -- 172.21.15.52:0/90262460 <== mon.0 v2:172.21.15.52:3300/0 3 ==== mon_map magic: 0 ==== 205+0+0 (secure 0 0 0) 0x7fa39001a6b0 con 0x7fa3a0108970
2024-03-18T22:47:29.077 INFO:teuthology.orchestra.run.smithi052.stdout:/usr/bin/ceph: stderr
2024-03-18T22:47:28.300+0000 7fa3a4c96700 1 -- 172.21.15.52:0/90262460 --> [v2:172.21.15.52:3300/0,v1:172.21.15.52:6789/0] -- mon_subscribe({osdmap=0}) -- 0x7fa3a0106e60 con 0x7fa3a0108970
2024-03-18T22:47:29.077 INFO:teuthology.orchestra.run.smithi052.stdout:/usr/bin/ceph: stderr
2024-03-18T22:47:28.301+0000 7fa38f7fe700 1 -- 172.21.15.52:0/90262460 <== mon.0 v2:172.21.15.52:3300/0 4 ==== mgrmap(e 7) ==== 46000+0+0 (secure 0 0 0) 0x7fa390024430 con 0x7fa3a0108970
2024-03-18T22:47:29.077 INFO:teuthology.orchestra.run.smithi052.stdout:/usr/bin/ceph: stderr
2024-03-18T22:47:28.301+0000 7fa3a4c96700 1 -- 172.21.15.52:0/90262460 --> [v2:172.21.15.52:3300/0,v1:172.21.15.52:6789/0] -- mon_command({"prefix": "get_command_descriptions"} v 0) -- 0x7fa3a0063940 con 0x7fa3a0108970
2024-03-18T22:47:29.077 INFO:teuthology.orchestra.run.smithi052.stdout:/usr/bin/ceph: stderr
2024-03-18T22:47:28.301+0000 7fa38f7fe700 1 --2- 172.21.15.52:0/90262460 >> [v2:172.21.15.52:6800/2150375137,v1:172.21.15.52:6801/2150375137] conn(0x7fa388038e10 0x7fa38803b2d0 unknown :-1 s=NONE pgs=0 cs=0 l=1 rev1=0 crypto rx=0 tx=0 comp rx=0 tx=0).connect
2024-03-18T22:47:29.078 INFO:teuthology.orchestra.run.smithi052.stdout:/usr/bin/ceph: stderr
2024-03-18T22:47:28.301+0000 7fa38f7fe700 1 -- 172.21.15.52:0/90262460 <== mon.0 v2:172.21.15.52:3300/0 5 ==== osd_map(2..2 src has 1..2) ==== 940+0+0 (secure 0 0 0) 0x7fa39004d060 con 0x7fa3a0108970
2024-03-18T22:47:29.078 INFO:teuthology.orchestra.run.smithi052.stdout:/usr/bin/ceph: stderr
2024-03-18T22:47:28.301+0000 7fa39dd9b700 1 --2- 172.21.15.52:0/90262460 >> [v2:172.21.15.52:6800/2150375137,v1:172.21.15.52:6801/2150375137] conn(0x7fa388038e10 0x7fa38803b2d0 unknown :-1 s=BANNER_CONNECTING pgs=0 cs=0 l=1 rev1=0 crypto rx=0 tx=0 comp rx=0 tx=0)._handle_peer_banner_payload supported=3 required=0
2024-03-18T22:47:29.078 INFO:teuthology.orchestra.run.smithi052.stdout:/usr/bin/ceph: stderr
2024-03-18T22:47:28.302+0000 7fa39dd9b700 1 --2- 172.21.15.52:0/90262460 >> [v2:172.21.15.52:6800/2150375137,v1:172.21.15.52:6801/2150375137] conn(0x7fa388038e10 0x7fa38803b2d0 secure :-1 s=READY pgs=7 cs=0 l=1 rev1=1 crypto rx=0x7fa394006fd0 tx=0x7fa394006e40 comp rx=0 tx=0).ready entity=mgr.14120 client_cookie=0 server_cookie=0 in_seq=0 out_seq=0
2024-03-18T22:47:29.078 INFO:teuthology.orchestra.run.smithi052.stdout:/usr/bin/ceph: stderr
2024-03-18T22:47:28.307+0000 7fa38f7fe700 1 -- 172.21.15.52:0/90262460 <== mon.0 v2:172.21.15.52:3300/0 6 ==== mon_command_ack([{"prefix": "get_command_descriptions"}]=0 v0) ==== 72+0+186149 (secure 0 0 0) 0x7fa390003d10 con 0x7fa3a0108970
2024-03-18T22:47:29.078 INFO:teuthology.orchestra.run.smithi052.stdout:/usr/bin/ceph: stderr
2024-03-18T22:47:28.328+0000 7fa38f7fe700 1 -- 172.21.15.52:0/90262460 <== mon.0 v2:172.21.15.52:3300/0 7 ==== mgrmap(e 8) ==== 46106+0+0 (secure 0 0 0) 0x7fa39002d3f0 con 0x7fa3a0108970
2024-03-18T22:47:29.078 INFO:teuthology.orchestra.run.smithi052.stdout:/usr/bin/ceph: stderr
2024-03-18T22:47:28.529+0000 7fa3a4c96700 1 -- 172.21.15.52:0/90262460 --> [v2:172.21.15.52:6800/2150375137,v1:172.21.15.52:6801/2150375137] -- mgr_command(tid 0: {"prefix": "orch set backend", "module_name": "cephadm", "target": ["mon-mgr", ""]}) -- 0x7fa3a0103610 con 0x7fa388038e10
2024-03-18T22:47:29.078 INFO:teuthology.orchestra.run.smithi052.stdout:/usr/bin/ceph: stderr
2024-03-18T22:47:28.534+0000 7fa38f7fe700 1 -- 172.21.15.52:0/90262460 <== mgr.14120 v2:172.21.15.52:6800/2150375137 1 ==== mgr_command_reply(tid 0: 0 ) ==== 8+0+0 (secure 0 0 0) 0x7fa3a0103610 con 0x7fa388038e10
