2024-03-18T22:47:29.078 INFO:teuthology.orchestra.run.smithi052.stdout:/usr/bin/ceph: stderr
2024-03-18T22:47:28.536+0000 7fa3a4c96700 1 -- 172.21.15.52:0/90262460 >> [v2:172.21.15.52:6800/2150375137,v1:172.21.15.52:6801/2150375137] conn(0x7fa388038e10 msgr2=0x7fa38803b2d0 secure :-1 s=STATE_CONNECTION_ESTABLISHED l=1).mark_down
2024-03-18T22:47:29.078 INFO:teuthology.orchestra.run.smithi052.stdout:/usr/bin/ceph: stderr
2024-03-18T22:47:28.536+0000 7fa3a4c96700 1 --2- 172.21.15.52:0/90262460 >> [v2:172.21.15.52:6800/2150375137,v1:172.21.15.52:6801/2150375137] conn(0x7fa388038e10 0x7fa38803b2d0 secure :-1 s=READY pgs=7 cs=0 l=1 rev1=1 crypto rx=0x7fa394006fd0 tx=0x7fa394006e40 comp rx=0 tx=0).stop
2024-03-18T22:47:29.078 INFO:teuthology.orchestra.run.smithi052.stdout:/usr/bin/ceph: stderr
2024-03-18T22:47:28.536+0000 7fa3a4c96700 1 -- 172.21.15.52:0/90262460 >> [v2:172.21.15.52:3300/0,v1:172.21.15.52:6789/0] conn(0x7fa3a0108970 msgr2=0x7fa3a01081f0 secure :-1 s=STATE_CONNECTION_ESTABLISHED l=1).mark_down
2024-03-18T22:47:29.078 INFO:teuthology.orchestra.run.smithi052.stdout:/usr/bin/ceph: stderr
2024-03-18T22:47:28.536+0000 7fa3a4c96700 1 --2- 172.21.15.52:0/90262460 >> [v2:172.21.15.52:3300/0,v1:172.21.15.52:6789/0] conn(0x7fa3a0108970 0x7fa3a01081f0 secure :-1 s=READY pgs=38 cs=0 l=1 rev1=1 crypto rx=0x7fa390003fb0 tx=0x7fa390011bd0 comp rx=0 tx=0).stop
2024-03-18T22:47:29.078 INFO:teuthology.orchestra.run.smithi052.stdout:/usr/bin/ceph: stderr
2024-03-18T22:47:28.536+0000 7fa3a4c96700 1 -- 172.21.15.52:0/90262460 shutdown_connections
2024-03-18T22:47:29.078 INFO:teuthology.orchestra.run.smithi052.stdout:/usr/bin/ceph: stderr
2024-03-18T22:47:28.536+0000 7fa3a4c96700 1 --2- 172.21.15.52:0/90262460 >> [v2:172.21.15.52:6800/2150375137,v1:172.21.15.52:6801/2150375137] conn(0x7fa388038e10 0x7fa38803b2d0 unknown :-1 s=CLOSED pgs=7 cs=0 l=1 rev1=1 crypto rx=0 tx=0 comp rx=0 tx=0).stop
2024-03-18T22:47:29.079 INFO:teuthology.orchestra.run.smithi052.stdout:/usr/bin/ceph: stderr
2024-03-18T22:47:28.536+0000 7fa3a4c96700 1 --2- 172.21.15.52:0/90262460 >> [v2:172.21.15.52:3300/0,v1:172.21.15.52:6789/0] conn(0x7fa3a0108970 0x7fa3a01081f0 unknown :-1 s=CLOSED pgs=38 cs=0 l=1 rev1=1 crypto rx=0 tx=0 comp rx=0 tx=0).stop
2024-03-18T22:47:29.079 INFO:teuthology.orchestra.run.smithi052.stdout:/usr/bin/ceph: stderr
2024-03-18T22:47:28.536+0000 7fa3a4c96700 1 -- 172.21.15.52:0/90262460 >> 172.21.15.52:0/90262460 conn(0x7fa3a01023a0 msgr2=0x7fa3a0102f00 unknown :-1 s=STATE_NONE l=0).mark_down
2024-03-18T22:47:29.079 INFO:teuthology.orchestra.run.smithi052.stdout:/usr/bin/ceph: stderr
2024-03-18T22:47:28.536+0000 7fa3a4c96700 1 -- 172.21.15.52:0/90262460 shutdown_connections
2024-03-18T22:47:29.079 INFO:teuthology.orchestra.run.smithi052.stdout:/usr/bin/ceph: stderr
2024-03-18T22:47:28.536+0000 7fa3a4c96700 1 -- 172.21.15.52:0/90262460 wait complete.
2024-03-18T22:47:29.462 INFO:journalctl@ceph.mon.a.smithi052.stdout:Mar 18 22:47:29 smithi052 ceph-mon[32520]: mgrmap e8: x(active, since 2s)
2024-03-18T22:47:29.462 INFO:journalctl@ceph.mon.a.smithi052.stdout:Mar 18 22:47:29 smithi052 ceph-mon[32520]: from='client.14132 -' entity='client.admin' cmd=[{"prefix": "orch set backend", "module_name": "cephadm", "target": ["mon-mgr", ""]}]: dispatch
2024-03-18T22:47:29.462 INFO:journalctl@ceph.mon.a.smithi052.stdout:Mar 18 22:47:29 smithi052 ceph-mon[32520]: from='mgr.14120 172.21.15.52:0/3568061654' entity='mgr.x'
2024-03-18T22:47:29.462 INFO:journalctl@ceph.mon.a.smithi052.stdout:Mar 18 22:47:29 smithi052 ceph-mon[32520]: from='mgr.14120 172.21.15.52:0/3568061654' entity='mgr.x' cmd=[{"prefix": "config dump", "format": "json"}]: dispatch
2024-03-18T22:47:29.462 INFO:journalctl@ceph.mon.a.smithi052.stdout:Mar 18 22:47:29 smithi052 ceph-mon[32520]: from='mgr.14120 172.21.15.52:0/3568061654' entity='mgr.x'
2024-03-18T22:47:29.462 INFO:journalctl@ceph.mon.a.smithi052.stdout:Mar 18 22:47:29 smithi052 ceph-mon[32520]: from='mgr.14120 172.21.15.52:0/3568061654' entity='mgr.x'
2024-03-18T22:47:30.249 INFO:teuthology.orchestra.run.smithi052.stdout:/usr/bin/ceph: stdout value unchanged
2024-03-18T22:47:30.249 INFO:teuthology.orchestra.run.smithi052.stdout:/usr/bin/ceph: stderr
2024-03-18T22:47:29.477+0000 7fec00a7a700 1 Processor -- start
2024-03-18T22:47:30.249 INFO:teuthology.orchestra.run.smithi052.stdout:/usr/bin/ceph: stderr
2024-03-18T22:47:29.477+0000 7fec00a7a700 1 -- start start
2024-03-18T22:47:30.249 INFO:teuthology.orchestra.run.smithi052.stdout:/usr/bin/ceph: stderr
2024-03-18T22:47:29.477+0000 7fec00a7a700 1 --2- >> [v2:172.21.15.52:3300/0,v1:172.21.15.52:6789/0] conn(0x7febfc107e80 0x7febfc1082a0 unknown :-1 s=NONE pgs=0 cs=0 l=0 rev1=0 crypto rx=0 tx=0 comp rx=0 tx=0).connect
2024-03-18T22:47:30.249 INFO:teuthology.orchestra.run.smithi052.stdout:/usr/bin/ceph: stderr
2024-03-18T22:47:29.477+0000 7fec00a7a700 1 -- --> [v2:172.21.15.52:3300/0,v1:172.21.15.52:6789/0] -- mon_getmap magic: 0 -- 0x7febfc1087e0 con 0x7febfc107e80
2024-03-18T22:47:30.249 INFO:teuthology.orchestra.run.smithi052.stdout:/usr/bin/ceph: stderr
2024-03-18T22:47:29.478+0000 7febfa59c700 1 --2- >> [v2:172.21.15.52:3300/0,v1:172.21.15.52:6789/0] conn(0x7febfc107e80 0x7febfc1082a0 unknown :-1 s=BANNER_CONNECTING pgs=0 cs=0 l=0 rev1=0 crypto rx=0 tx=0 comp rx=0 tx=0)._handle_peer_banner_payload supported=3 required=0
2024-03-18T22:47:30.249 INFO:teuthology.orchestra.run.smithi052.stdout:/usr/bin/ceph: stderr
2024-03-18T22:47:29.478+0000 7febfa59c700 1 --2- >> [v2:172.21.15.52:3300/0,v1:172.21.15.52:6789/0] conn(0x7febfc107e80 0x7febfc1082a0 unknown :-1 s=HELLO_CONNECTING pgs=0 cs=0 l=0 rev1=1 crypto rx=0 tx=0 comp rx=0 tx=0).handle_hello peer v2:172.21.15.52:3300/0 says I am v2:172.21.15.52:49052/0 (socket says 172.21.15.52:49052)
2024-03-18T22:47:30.250 INFO:teuthology.orchestra.run.smithi052.stdout:/usr/bin/ceph: stderr
2024-03-18T22:47:29.478+0000 7febfa59c700 1 -- 172.21.15.52:0/4189170399 learned_addr learned my addr 172.21.15.52:0/4189170399 (peer_addr_for_me v2:172.21.15.52:0/0)
2024-03-18T22:47:30.250 INFO:teuthology.orchestra.run.smithi052.stdout:/usr/bin/ceph: stderr
2024-03-18T22:47:29.478+0000 7febfa59c700 1 -- 172.21.15.52:0/4189170399 --> [v2:172.21.15.52:3300/0,v1:172.21.15.52:6789/0] -- mon_subscribe({config=0+,monmap=0+}) -- 0x7febfc109070 con 0x7febfc107e80
2024-03-18T22:47:30.250 INFO:teuthology.orchestra.run.smithi052.stdout:/usr/bin/ceph: stderr
2024-03-18T22:47:29.478+0000 7febfa59c700 1 --2- 172.21.15.52:0/4189170399 >> [v2:172.21.15.52:3300/0,v1:172.21.15.52:6789/0] conn(0x7febfc107e80 0x7febfc1082a0 secure :-1 s=READY pgs=39 cs=0 l=1 rev1=1 crypto rx=0x7febe40098a0 tx=0x7febe4009bb0 comp rx=0 tx=0).ready entity=mon.0 client_cookie=1a1a85c59e1f59aa server_cookie=0 in_seq=0 out_seq=0
2024-03-18T22:47:30.250 INFO:teuthology.orchestra.run.smithi052.stdout:/usr/bin/ceph: stderr
2024-03-18T22:47:29.478+0000 7febf959a700 1 -- 172.21.15.52:0/4189170399 <== mon.0 v2:172.21.15.52:3300/0 1 ==== mon_map magic: 0 ==== 205+0+0 (secure 0 0 0) 0x7febe4004160 con 0x7febfc107e80
2024-03-18T22:47:30.250 INFO:teuthology.orchestra.run.smithi052.stdout:/usr/bin/ceph: stderr
2024-03-18T22:47:29.478+0000 7febf959a700 1 -- 172.21.15.52:0/4189170399 <== mon.0 v2:172.21.15.52:3300/0 2 ==== config(28 keys) ==== 1143+0+0 (secure 0 0 0) 0x7febe4004300 con 0x7febfc107e80
2024-03-18T22:47:30.250 INFO:teuthology.orchestra.run.smithi052.stdout:/usr/bin/ceph: stderr
2024-03-18T22:47:29.478+0000 7febf959a700 1 -- 172.21.15.52:0/4189170399 <== mon.0 v2:172.21.15.52:3300/0 3 ==== mon_map magic: 0 ==== 205+0+0 (secure 0 0 0) 0x7febe4011c00 con 0x7febfc107e80
2024-03-18T22:47:30.250 INFO:teuthology.orchestra.run.smithi052.stdout:/usr/bin/ceph: stderr
2024-03-18T22:47:29.479+0000 7fec00a7a700 1 -- 172.21.15.52:0/4189170399 >> [v2:172.21.15.52:3300/0,v1:172.21.15.52:6789/0] conn(0x7febfc107e80 msgr2=0x7febfc1082a0 secure :-1 s=STATE_CONNECTION_ESTABLISHED l=1).mark_down
2024-03-18T22:47:30.250 INFO:teuthology.orchestra.run.smithi052.stdout:/usr/bin/ceph: stderr
2024-03-18T22:47:29.479+0000 7fec00a7a700 1 --2- 172.21.15.52:0/4189170399 >> [v2:172.21.15.52:3300/0,v1:172.21.15.52:6789/0] conn(0x7febfc107e80 0x7febfc1082a0 secure :-1 s=READY pgs=39 cs=0 l=1 rev1=1 crypto rx=0x7febe40098a0 tx=0x7febe4009bb0 comp rx=0 tx=0).stop
2024-03-18T22:47:30.250 INFO:teuthology.orchestra.run.smithi052.stdout:/usr/bin/ceph: stderr
2024-03-18T22:47:29.479+0000 7fec00a7a700 1 -- 172.21.15.52:0/4189170399 shutdown_connections
2024-03-18T22:47:30.250 INFO:teuthology.orchestra.run.smithi052.stdout:/usr/bin/ceph: stderr
2024-03-18T22:47:29.479+0000 7fec00a7a700 1 --2- 172.21.15.52:0/4189170399 >> [v2:172.21.15.52:3300/0,v1:172.21.15.52:6789/0] conn(0x7febfc107e80 0x7febfc1082a0 unknown :-1 s=CLOSED pgs=39 cs=0 l=1 rev1=1 crypto rx=0 tx=0 comp rx=0 tx=0).stop
2024-03-18T22:47:30.250 INFO:teuthology.orchestra.run.smithi052.stdout:/usr/bin/ceph: stderr
2024-03-18T22:47:29.479+0000 7fec00a7a700 1 -- 172.21.15.52:0/4189170399 >> 172.21.15.52:0/4189170399 conn(0x7febfc1034d0 msgr2=0x7febfc1058f0 unknown :-1 s=STATE_NONE l=0).mark_down
2024-03-18T22:47:30.250 INFO:teuthology.orchestra.run.smithi052.stdout:/usr/bin/ceph: stderr
2024-03-18T22:47:29.479+0000 7fec00a7a700 1 -- 172.21.15.52:0/4189170399 shutdown_connections
2024-03-18T22:47:30.250 INFO:teuthology.orchestra.run.smithi052.stdout:/usr/bin/ceph: stderr
2024-03-18T22:47:29.479+0000 7fec00a7a700 1 -- 172.21.15.52:0/4189170399 wait complete.
2024-03-18T22:47:30.250 INFO:teuthology.orchestra.run.smithi052.stdout:/usr/bin/ceph: stderr
2024-03-18T22:47:29.480+0000 7fec00a7a700 1 Processor -- start
2024-03-18T22:47:30.251 INFO:teuthology.orchestra.run.smithi052.stdout:/usr/bin/ceph: stderr
2024-03-18T22:47:29.480+0000 7fec00a7a700 1 -- start start
2024-03-18T22:47:30.251 INFO:teuthology.orchestra.run.smithi052.stdout:/usr/bin/ceph: stderr
2024-03-18T22:47:29.480+0000 7fec00a7a700 1 --2- >> [v2:172.21.15.52:3300/0,v1:172.21.15.52:6789/0] conn(0x7febfc107e80 0x7febfc19c030 unknown :-1 s=NONE pgs=0 cs=0 l=1 rev1=0 crypto rx=0 tx=0 comp rx=0 tx=0).connect
2024-03-18T22:47:30.251 INFO:teuthology.orchestra.run.smithi052.stdout:/usr/bin/ceph: stderr
2024-03-18T22:47:29.480+0000 7fec00a7a700 1 -- --> [v2:172.21.15.52:3300/0,v1:172.21.15.52:6789/0] -- mon_getmap magic: 0 -- 0x7febfc10c330 con 0x7febfc107e80
2024-03-18T22:47:30.251 INFO:teuthology.orchestra.run.smithi052.stdout:/usr/bin/ceph: stderr
2024-03-18T22:47:29.480+0000 7febfa59c700 1 --2- >> [v2:172.21.15.52:3300/0,v1:172.21.15.52:6789/0] conn(0x7febfc107e80 0x7febfc19c030 unknown :-1 s=BANNER_CONNECTING pgs=0 cs=0 l=1 rev1=0 crypto rx=0 tx=0 comp rx=0 tx=0)._handle_peer_banner_payload supported=3 required=0
2024-03-18T22:47:30.251 INFO:teuthology.orchestra.run.smithi052.stdout:/usr/bin/ceph: stderr
2024-03-18T22:47:29.480+0000 7febfa59c700 1 --2- >> [v2:172.21.15.52:3300/0,v1:172.21.15.52:6789/0] conn(0x7febfc107e80 0x7febfc19c030 unknown :-1 s=HELLO_CONNECTING pgs=0 cs=0 l=1 rev1=1 crypto rx=0 tx=0 comp rx=0 tx=0).handle_hello peer v2:172.21.15.52:3300/0 says I am v2:172.21.15.52:49066/0 (socket says 172.21.15.52:49066)
2024-03-18T22:47:30.251 INFO:teuthology.orchestra.run.smithi052.stdout:/usr/bin/ceph: stderr
2024-03-18T22:47:29.480+0000 7febfa59c700 1 -- 172.21.15.52:0/1716859348 learned_addr learned my addr 172.21.15.52:0/1716859348 (peer_addr_for_me v2:172.21.15.52:0/0)
2024-03-18T22:47:30.251 INFO:teuthology.orchestra.run.smithi052.stdout:/usr/bin/ceph: stderr
2024-03-18T22:47:29.480+0000 7febfa59c700 1 -- 172.21.15.52:0/1716859348 --> [v2:172.21.15.52:3300/0,v1:172.21.15.52:6789/0] -- mon_subscribe({config=0+,monmap=0+}) -- 0x7febfc19c570 con 0x7febfc107e80
2024-03-18T22:47:30.251 INFO:teuthology.orchestra.run.smithi052.stdout:/usr/bin/ceph: stderr
2024-03-18T22:47:29.480+0000 7febfa59c700 1 --2- 172.21.15.52:0/1716859348 >> [v2:172.21.15.52:3300/0,v1:172.21.15.52:6789/0] conn(0x7febfc107e80 0x7febfc19c030 secure :-1 s=READY pgs=40 cs=0 l=1 rev1=1 crypto rx=0x7febe4009fb0 tx=0x7febe4011c60 comp rx=0 tx=0).ready entity=mon.0 client_cookie=0 server_cookie=0 in_seq=0 out_seq=0
2024-03-18T22:47:30.251 INFO:teuthology.orchestra.run.smithi052.stdout:/usr/bin/ceph: stderr
2024-03-18T22:47:29.481+0000 7febf37fe700 1 -- 172.21.15.52:0/1716859348 <== mon.0 v2:172.21.15.52:3300/0 1 ==== mon_map magic: 0 ==== 205+0+0 (secure 0 0 0) 0x7febe40038b0 con 0x7febfc107e80
2024-03-18T22:47:30.251 INFO:teuthology.orchestra.run.smithi052.stdout:/usr/bin/ceph: stderr
2024-03-18T22:47:29.481+0000 7fec00a7a700 1 -- 172.21.15.52:0/1716859348 --> [v2:172.21.15.52:3300/0,v1:172.21.15.52:6789/0] -- mon_subscribe({mgrmap=0+}) -- 0x7febfc19c800 con 0x7febfc107e80
2024-03-18T22:47:30.251 INFO:teuthology.orchestra.run.smithi052.stdout:/usr/bin/ceph: stderr
2024-03-18T22:47:29.481+0000 7febf37fe700 1 -- 172.21.15.52:0/1716859348 <== mon.0 v2:172.21.15.52:3300/0 2 ==== config(28 keys) ==== 1143+0+0 (secure 0 0 0) 0x7febe401a430 con 0x7febfc107e80
2024-03-18T22:47:30.251 INFO:teuthology.orchestra.run.smithi052.stdout:/usr/bin/ceph: stderr
2024-03-18T22:47:29.481+0000 7febf37fe700 1 -- 172.21.15.52:0/1716859348 <== mon.0 v2:172.21.15.52:3300/0 3 ==== mon_map magic: 0 ==== 205+0+0 (secure 0 0 0) 0x7febe40195e0 con 0x7febfc107e80
2024-03-18T22:47:30.251 INFO:teuthology.orchestra.run.smithi052.stdout:/usr/bin/ceph: stderr
2024-03-18T22:47:29.481+0000 7fec00a7a700 1 -- 172.21.15.52:0/1716859348 --> [v2:172.21.15.52:3300/0,v1:172.21.15.52:6789/0] -- mon_subscribe({osdmap=0}) -- 0x7febfc19f4f0 con 0x7febfc107e80
2024-03-18T22:47:30.251 INFO:teuthology.orchestra.run.smithi052.stdout:/usr/bin/ceph: stderr
2024-03-18T22:47:29.482+0000 7febf37fe700 1 -- 172.21.15.52:0/1716859348 <== mon.0 v2:172.21.15.52:3300/0 4 ==== mgrmap(e 8) ==== 46106+0+0 (secure 0 0 0) 0x7febe4003a50 con 0x7febfc107e80
2024-03-18T22:47:30.252 INFO:teuthology.orchestra.run.smithi052.stdout:/usr/bin/ceph: stderr
2024-03-18T22:47:29.482+0000 7fec00a7a700 1 -- 172.21.15.52:0/1716859348 --> [v2:172.21.15.52:3300/0,v1:172.21.15.52:6789/0] -- mon_command({"prefix": "get_command_descriptions"} v 0) -- 0x7febfc063940 con 0x7febfc107e80
2024-03-18T22:47:30.252 INFO:teuthology.orchestra.run.smithi052.stdout:/usr/bin/ceph: stderr
2024-03-18T22:47:29.482+0000 7febf37fe700 1 --2- 172.21.15.52:0/1716859348 >> [v2:172.21.15.52:6800/2150375137,v1:172.21.15.52:6801/2150375137] conn(0x7febe8038f20 0x7febe803b3e0 unknown :-1 s=NONE pgs=0 cs=0 l=1 rev1=0 crypto rx=0 tx=0 comp rx=0 tx=0).connect
2024-03-18T22:47:30.252 INFO:teuthology.orchestra.run.smithi052.stdout:/usr/bin/ceph: stderr
2024-03-18T22:47:29.482+0000 7febf37fe700 1 -- 172.21.15.52:0/1716859348 <== mon.0 v2:172.21.15.52:3300/0 5 ==== osd_map(2..2 src has 1..2) ==== 940+0+0 (secure 0 0 0) 0x7febe404d170 con 0x7febfc107e80
2024-03-18T22:47:30.252 INFO:teuthology.orchestra.run.smithi052.stdout:/usr/bin/ceph: stderr
2024-03-18T22:47:29.482+0000 7febf9d9b700 1 --2- 172.21.15.52:0/1716859348 >> [v2:172.21.15.52:6800/2150375137,v1:172.21.15.52:6801/2150375137] conn(0x7febe8038f20 0x7febe803b3e0 unknown :-1 s=BANNER_CONNECTING pgs=0 cs=0 l=1 rev1=0 crypto rx=0 tx=0 comp rx=0 tx=0)._handle_peer_banner_payload supported=3 required=0
2024-03-18T22:47:30.252 INFO:teuthology.orchestra.run.smithi052.stdout:/usr/bin/ceph: stderr
2024-03-18T22:47:29.483+0000 7febf9d9b700 1 --2- 172.21.15.52:0/1716859348 >> [v2:172.21.15.52:6800/2150375137,v1:172.21.15.52:6801/2150375137] conn(0x7febe8038f20 0x7febe803b3e0 secure :-1 s=READY pgs=8 cs=0 l=1 rev1=1 crypto rx=0x7febec006fd0 tx=0x7febec006e40 comp rx=0 tx=0).ready entity=mgr.14120 client_cookie=0 server_cookie=0 in_seq=0 out_seq=0
2024-03-18T22:47:30.252 INFO:teuthology.orchestra.run.smithi052.stdout:/usr/bin/ceph: stderr
2024-03-18T22:47:29.487+0000 7febf37fe700 1 -- 172.21.15.52:0/1716859348 <== mon.0 v2:172.21.15.52:3300/0 6 ==== mon_command_ack([{"prefix": "get_command_descriptions"}]=0 v0) ==== 72+0+186149 (secure 0 0 0) 0x7febe401aaa0 con 0x7febfc107e80
2024-03-18T22:47:30.252 INFO:teuthology.orchestra.run.smithi052.stdout:/usr/bin/ceph: stderr
2024-03-18T22:47:29.693+0000 7fec00a7a700 1 -- 172.21.15.52:0/1716859348 --> [v2:172.21.15.52:6800/2150375137,v1:172.21.15.52:6801/2150375137] -- mgr_command(tid 0: {"prefix": "cephadm set-user", "user": "root", "target": ["mon-mgr", ""]}) -- 0x7febfc1047d0 con 0x7febe8038f20
2024-03-18T22:47:30.252 INFO:teuthology.orchestra.run.smithi052.stdout:/usr/bin/ceph: stderr
2024-03-18T22:47:29.693+0000 7febf37fe700 1 -- 172.21.15.52:0/1716859348 <== mgr.14120 v2:172.21.15.52:6800/2150375137 1 ==== mgr_command_reply(tid 0: 0 ) ==== 8+0+16 (secure 0 0 0) 0x7febfc1047d0 con 0x7febe8038f20
2024-03-18T22:47:30.252 INFO:teuthology.orchestra.run.smithi052.stdout:/usr/bin/ceph: stderr
2024-03-18T22:47:29.695+0000 7fec00a7a700 1 -- 172.21.15.52:0/1716859348 >> [v2:172.21.15.52:6800/2150375137,v1:172.21.15.52:6801/2150375137] conn(0x7febe8038f20 msgr2=0x7febe803b3e0 secure :-1 s=STATE_CONNECTION_ESTABLISHED l=1).mark_down
2024-03-18T22:47:30.252 INFO:teuthology.orchestra.run.smithi052.stdout:/usr/bin/ceph: stderr
2024-03-18T22:47:29.695+0000 7fec00a7a700 1 --2- 172.21.15.52:0/1716859348 >> [v2:172.21.15.52:6800/2150375137,v1:172.21.15.52:6801/2150375137] conn(0x7febe8038f20 0x7febe803b3e0 secure :-1 s=READY pgs=8 cs=0 l=1 rev1=1 crypto rx=0x7febec006fd0 tx=0x7febec006e40 comp rx=0 tx=0).stop
2024-03-18T22:47:30.252 INFO:teuthology.orchestra.run.smithi052.stdout:/usr/bin/ceph: stderr
2024-03-18T22:47:29.695+0000 7fec00a7a700 1 -- 172.21.15.52:0/1716859348 >> [v2:172.21.15.52:3300/0,v1:172.21.15.52:6789/0] conn(0x7febfc107e80 msgr2=0x7febfc19c030 secure :-1 s=STATE_CONNECTION_ESTABLISHED l=1).mark_down
2024-03-18T22:47:30.252 INFO:teuthology.orchestra.run.smithi052.stdout:/usr/bin/ceph: stderr
2024-03-18T22:47:29.695+0000 7fec00a7a700 1 --2- 172.21.15.52:0/1716859348 >> [v2:172.21.15.52:3300/0,v1:172.21.15.52:6789/0] conn(0x7febfc107e80 0x7febfc19c030 secure :-1 s=READY pgs=40 cs=0 l=1 rev1=1 crypto rx=0x7febe4009fb0 tx=0x7febe4011c60 comp rx=0 tx=0).stop
2024-03-18T22:47:30.252 INFO:teuthology.orchestra.run.smithi052.stdout:/usr/bin/ceph: stderr
2024-03-18T22:47:29.695+0000 7fec00a7a700 1 -- 172.21.15.52:0/1716859348 shutdown_connections
2024-03-18T22:47:30.252 INFO:teuthology.orchestra.run.smithi052.stdout:/usr/bin/ceph: stderr
2024-03-18T22:47:29.695+0000 7fec00a7a700 1 --2- 172.21.15.52:0/1716859348 >> [v2:172.21.15.52:6800/2150375137,v1:172.21.15.52:6801/2150375137] conn(0x7febe8038f20 0x7febe803b3e0 unknown :-1 s=CLOSED pgs=8 cs=0 l=1 rev1=1 crypto rx=0 tx=0 comp rx=0 tx=0).stop
2024-03-18T22:47:30.253 INFO:teuthology.orchestra.run.smithi052.stdout:/usr/bin/ceph: stderr
2024-03-18T22:47:29.695+0000 7fec00a7a700 1 --2- 172.21.15.52:0/1716859348 >> [v2:172.21.15.52:3300/0,v1:172.21.15.52:6789/0] conn(0x7febfc107e80 0x7febfc19c030 unknown :-1 s=CLOSED pgs=40 cs=0 l=1 rev1=1 crypto rx=0 tx=0 comp rx=0 tx=0).stop
2024-03-18T22:47:30.253 INFO:teuthology.orchestra.run.smithi052.stdout:/usr/bin/ceph: stderr
2024-03-18T22:47:29.695+0000 7fec00a7a700 1 -- 172.21.15.52:0/1716859348 >> 172.21.15.52:0/1716859348 conn(0x7febfc1034d0 msgr2=0x7febfc104080 unknown :-1 s=STATE_NONE l=0).mark_down
2024-03-18T22:47:30.253 INFO:teuthology.orchestra.run.smithi052.stdout:/usr/bin/ceph: stderr
2024-03-18T22:47:29.695+0000 7fec00a7a700 1 -- 172.21.15.52:0/1716859348 shutdown_connections
2024-03-18T22:47:30.253 INFO:teuthology.orchestra.run.smithi052.stdout:/usr/bin/ceph: stderr
2024-03-18T22:47:29.696+0000 7fec00a7a700 1 -- 172.21.15.52:0/1716859348 wait complete.
2024-03-18T22:47:30.253 INFO:teuthology.orchestra.run.smithi052.stdout:Generating ssh key...
2024-03-18T22:47:30.535 INFO:journalctl@ceph.mon.a.smithi052.stdout:Mar 18 22:47:30 smithi052 ceph-mon[32520]: from='client.14134 -' entity='client.admin' cmd=[{"prefix": "cephadm set-user", "user": "root", "target": ["mon-mgr", ""]}]: dispatch
2024-03-18T22:47:30.536 INFO:journalctl@ceph.mon.a.smithi052.stdout:Mar 18 22:47:30 smithi052 ceph-mon[32520]: [18/Mar/2024:22:47:29] ENGINE Bus STARTING
2024-03-18T22:47:30.536 INFO:journalctl@ceph.mon.a.smithi052.stdout:Mar 18 22:47:30 smithi052 ceph-mon[32520]: [18/Mar/2024:22:47:30] ENGINE Serving on http://172.21.15.52:8765
2024-03-18T22:47:30.536 INFO:journalctl@ceph.mon.a.smithi052.stdout:Mar 18 22:47:30 smithi052 ceph-mon[32520]: [18/Mar/2024:22:47:30] ENGINE Serving on https://172.21.15.52:7150
2024-03-18T22:47:30.536 INFO:journalctl@ceph.mon.a.smithi052.stdout:Mar 18 22:47:30 smithi052 ceph-mon[32520]: [18/Mar/2024:22:47:30] ENGINE Bus STARTED
2024-03-18T22:47:30.536 INFO:journalctl@ceph.mon.a.smithi052.stdout:Mar 18 22:47:30 smithi052 ceph-mon[32520]: from='mgr.14120 172.21.15.52:0/3568061654' entity='mgr.x' cmd=[{"prefix": "config dump", "format": "json"}]: dispatch
2024-03-18T22:47:31.239 INFO:journalctl@ceph.mgr.x.smithi052.stdout:Mar 18 22:47:31 smithi052 ceph-444ca0c0-e579-11ee-95c9-87774f69a715-mgr-x[32748]: Generating public/private rsa key pair.
2024-03-18T22:47:31.239 INFO:journalctl@ceph.mgr.x.smithi052.stdout:Mar 18 22:47:31 smithi052 ceph-444ca0c0-e579-11ee-95c9-87774f69a715-mgr-x[32748]: Your identification has been saved in /tmp/tmptaeu20ez/key.
2024-03-18T22:47:31.239 INFO:journalctl@ceph.mgr.x.smithi052.stdout:Mar 18 22:47:31 smithi052 ceph-444ca0c0-e579-11ee-95c9-87774f69a715-mgr-x[32748]: Your public key has been saved in /tmp/tmptaeu20ez/key.pub.
2024-03-18T22:47:31.239 INFO:journalctl@ceph.mgr.x.smithi052.stdout:Mar 18 22:47:31 smithi052 ceph-444ca0c0-e579-11ee-95c9-87774f69a715-mgr-x[32748]: The key fingerprint is:
2024-03-18T22:47:31.239 INFO:journalctl@ceph.mgr.x.smithi052.stdout:Mar 18 22:47:31 smithi052 ceph-444ca0c0-e579-11ee-95c9-87774f69a715-mgr-x[32748]: SHA256:sf2Jlr82d63FKRR0mG9ngAXwez1fw8akK628+clS8m8 ceph-444ca0c0-e579-11ee-95c9-87774f69a715
2024-03-18T22:47:31.239 INFO:journalctl@ceph.mgr.x.smithi052.stdout:Mar 18 22:47:31 smithi052 ceph-444ca0c0-e579-11ee-95c9-87774f69a715-mgr-x[32748]: The key's randomart image is:
2024-03-18T22:47:31.239 INFO:journalctl@ceph.mgr.x.smithi052.stdout:Mar 18 22:47:31 smithi052 ceph-444ca0c0-e579-11ee-95c9-87774f69a715-mgr-x[32748]: +---[RSA 3072]----+
2024-03-18T22:47:31.239 INFO:journalctl@ceph.mgr.x.smithi052.stdout:Mar 18 22:47:31 smithi052 ceph-444ca0c0-e579-11ee-95c9-87774f69a715-mgr-x[32748]: | ...=+. |
2024-03-18T22:47:31.239 INFO:journalctl@ceph.mgr.x.smithi052.stdout:Mar 18 22:47:31 smithi052 ceph-444ca0c0-e579-11ee-95c9-87774f69a715-mgr-x[32748]: | .ooo |
2024-03-18T22:47:31.239 INFO:journalctl@ceph.mgr.x.smithi052.stdout:Mar 18 22:47:31 smithi052 ceph-444ca0c0-e579-11ee-95c9-87774f69a715-mgr-x[32748]: | . ...o |
2024-03-18T22:47:31.240 INFO:journalctl@ceph.mgr.x.smithi052.stdout:Mar 18 22:47:31 smithi052 ceph-444ca0c0-e579-11ee-95c9-87774f69a715-mgr-x[32748]: | + .*+o|
2024-03-18T22:47:31.240 INFO:journalctl@ceph.mgr.x.smithi052.stdout:Mar 18 22:47:31 smithi052 ceph-444ca0c0-e579-11ee-95c9-87774f69a715-mgr-x[32748]: | S . .ooB+|
2024-03-18T22:47:31.240 INFO:journalctl@ceph.mgr.x.smithi052.stdout:Mar 18 22:47:31 smithi052 ceph-444ca0c0-e579-11ee-95c9-87774f69a715-mgr-x[32748]: | =o+o.*|
2024-03-18T22:47:31.240 INFO:journalctl@ceph.mgr.x.smithi052.stdout:Mar 18 22:47:31 smithi052 ceph-444ca0c0-e579-11ee-95c9-87774f69a715-mgr-x[32748]: | +.*+ .=|
2024-03-18T22:47:31.240 INFO:journalctl@ceph.mgr.x.smithi052.stdout:Mar 18 22:47:31 smithi052 ceph-444ca0c0-e579-11ee-95c9-87774f69a715-mgr-x[32748]: | ..oB.+Eo|
2024-03-18T22:47:31.240 INFO:journalctl@ceph.mgr.x.smithi052.stdout:Mar 18 22:47:31 smithi052 ceph-444ca0c0-e579-11ee-95c9-87774f69a715-mgr-x[32748]: | **B++ |
2024-03-18T22:47:31.240 INFO:journalctl@ceph.mgr.x.smithi052.stdout:Mar 18 22:47:31 smithi052 ceph-444ca0c0-e579-11ee-95c9-87774f69a715-mgr-x[32748]: +----[SHA256]-----+
2024-03-18T22:47:31.639 INFO:teuthology.orchestra.run.smithi052.stdout:/usr/bin/ceph: stderr
2024-03-18T22:47:30.633+0000 7f310fd6b700 1 Processor -- start
2024-03-18T22:47:31.639 INFO:teuthology.orchestra.run.smithi052.stdout:/usr/bin/ceph: stderr
2024-03-18T22:47:30.633+0000 7f310fd6b700 1 -- start start
2024-03-18T22:47:31.639 INFO:teuthology.orchestra.run.smithi052.stdout:/usr/bin/ceph: stderr
2024-03-18T22:47:30.633+0000 7f310fd6b700 1 --2- >> [v2:172.21.15.52:3300/0,v1:172.21.15.52:6789/0] conn(0x7f31081089a0 0x7f310810ad90 unknown :-1 s=NONE pgs=0 cs=0 l=0 rev1=0 crypto rx=0 tx=0 comp rx=0 tx=0).connect
2024-03-18T22:47:31.639 INFO:teuthology.orchestra.run.smithi052.stdout:/usr/bin/ceph: stderr
2024-03-18T22:47:30.633+0000 7f310fd6b700 1 -- --> [v2:172.21.15.52:3300/0,v1:172.21.15.52:6789/0] -- mon_getmap magic: 0 -- 0x7f310807bea0 con 0x7f31081089a0
2024-03-18T22:47:31.639 INFO:teuthology.orchestra.run.smithi052.stdout:/usr/bin/ceph: stderr
2024-03-18T22:47:30.634+0000 7f310db07700 1 --2- >> [v2:172.21.15.52:3300/0,v1:172.21.15.52:6789/0] conn(0x7f31081089a0 0x7f310810ad90 unknown :-1 s=BANNER_CONNECTING pgs=0 cs=0 l=0 rev1=0 crypto rx=0 tx=0 comp rx=0 tx=0)._handle_peer_banner_payload supported=3 required=0
2024-03-18T22:47:31.639 INFO:teuthology.orchestra.run.smithi052.stdout:/usr/bin/ceph: stderr
2024-03-18T22:47:30.634+0000 7f310db07700 1 --2- >> [v2:172.21.15.52:3300/0,v1:172.21.15.52:6789/0] conn(0x7f31081089a0 0x7f310810ad90 unknown :-1 s=HELLO_CONNECTING pgs=0 cs=0 l=0 rev1=1 crypto rx=0 tx=0 comp rx=0 tx=0).handle_hello peer v2:172.21.15.52:3300/0 says I am v2:172.21.15.52:49070/0 (socket says 172.21.15.52:49070)
2024-03-18T22:47:31.639 INFO:teuthology.orchestra.run.smithi052.stdout:/usr/bin/ceph: stderr
2024-03-18T22:47:30.634+0000 7f310db07700 1 -- 172.21.15.52:0/2468278796 learned_addr learned my addr 172.21.15.52:0/2468278796 (peer_addr_for_me v2:172.21.15.52:0/0)
2024-03-18T22:47:31.640 INFO:teuthology.orchestra.run.smithi052.stdout:/usr/bin/ceph: stderr
2024-03-18T22:47:30.634+0000 7f310db07700 1 -- 172.21.15.52:0/2468278796 --> [v2:172.21.15.52:3300/0,v1:172.21.15.52:6789/0] -- mon_subscribe({config=0+,monmap=0+}) -- 0x7f310810b2d0 con 0x7f31081089a0
2024-03-18T22:47:31.640 INFO:teuthology.orchestra.run.smithi052.stdout:/usr/bin/ceph: stderr
2024-03-18T22:47:30.634+0000 7f310db07700 1 --2- 172.21.15.52:0/2468278796 >> [v2:172.21.15.52:3300/0,v1:172.21.15.52:6789/0] conn(0x7f31081089a0 0x7f310810ad90 secure :-1 s=READY pgs=41 cs=0 l=1 rev1=1 crypto rx=0x7f30fc0098a0 tx=0x7f30fc009bb0 comp rx=0 tx=0).ready entity=mon.0 client_cookie=f1d3ba4ebf8e1207 server_cookie=0 in_seq=0 out_seq=0
2024-03-18T22:47:31.640 INFO:teuthology.orchestra.run.smithi052.stdout:/usr/bin/ceph: stderr
2024-03-18T22:47:30.634+0000 7f310cb05700 1 -- 172.21.15.52:0/2468278796 <== mon.0 v2:172.21.15.52:3300/0 1 ==== mon_map magic: 0 ==== 205+0+0 (secure 0 0 0) 0x7f30fc004160 con 0x7f31081089a0
2024-03-18T22:47:31.640 INFO:teuthology.orchestra.run.smithi052.stdout:/usr/bin/ceph: stderr
2024-03-18T22:47:30.634+0000 7f310cb05700 1 -- 172.21.15.52:0/2468278796 <== mon.0 v2:172.21.15.52:3300/0 2 ==== config(28 keys) ==== 1143+0+0 (secure 0 0 0) 0x7f30fc004300 con 0x7f31081089a0
2024-03-18T22:47:31.640 INFO:teuthology.orchestra.run.smithi052.stdout:/usr/bin/ceph: stderr
2024-03-18T22:47:30.634+0000 7f310cb05700 1 -- 172.21.15.52:0/2468278796 <== mon.0 v2:172.21.15.52:3300/0 3 ==== mon_map magic: 0 ==== 205+0+0 (secure 0 0 0) 0x7f30fc011c00 con 0x7f31081089a0
2024-03-18T22:47:31.640 INFO:teuthology.orchestra.run.smithi052.stdout:/usr/bin/ceph: stderr
2024-03-18T22:47:30.635+0000 7f310fd6b700 1 -- 172.21.15.52:0/2468278796 >> [v2:172.21.15.52:3300/0,v1:172.21.15.52:6789/0] conn(0x7f31081089a0 msgr2=0x7f310810ad90 secure :-1 s=STATE_CONNECTION_ESTABLISHED l=1).mark_down
2024-03-18T22:47:31.640 INFO:teuthology.orchestra.run.smithi052.stdout:/usr/bin/ceph: stderr
2024-03-18T22:47:30.635+0000 7f310fd6b700 1 --2- 172.21.15.52:0/2468278796 >> [v2:172.21.15.52:3300/0,v1:172.21.15.52:6789/0] conn(0x7f31081089a0 0x7f310810ad90 secure :-1 s=READY pgs=41 cs=0 l=1 rev1=1 crypto rx=0x7f30fc0098a0 tx=0x7f30fc009bb0 comp rx=0 tx=0).stop
2024-03-18T22:47:31.640 INFO:teuthology.orchestra.run.smithi052.stdout:/usr/bin/ceph: stderr
2024-03-18T22:47:30.635+0000 7f310fd6b700 1 -- 172.21.15.52:0/2468278796 shutdown_connections
2024-03-18T22:47:31.640 INFO:teuthology.orchestra.run.smithi052.stdout:/usr/bin/ceph: stderr
2024-03-18T22:47:30.635+0000 7f310fd6b700 1 --2- 172.21.15.52:0/2468278796 >> [v2:172.21.15.52:3300/0,v1:172.21.15.52:6789/0] conn(0x7f31081089a0 0x7f310810ad90 unknown :-1 s=CLOSED pgs=41 cs=0 l=1 rev1=1 crypto rx=0 tx=0 comp rx=0 tx=0).stop
2024-03-18T22:47:31.640 INFO:teuthology.orchestra.run.smithi052.stdout:/usr/bin/ceph: stderr
2024-03-18T22:47:30.635+0000 7f310fd6b700 1 -- 172.21.15.52:0/2468278796 >> 172.21.15.52:0/2468278796 conn(0x7f31081023f0 msgr2=0x7f3108104810 unknown :-1 s=STATE_NONE l=0).mark_down
2024-03-18T22:47:31.640 INFO:teuthology.orchestra.run.smithi052.stdout:/usr/bin/ceph: stderr
2024-03-18T22:47:30.635+0000 7f310fd6b700 1 -- 172.21.15.52:0/2468278796 shutdown_connections
2024-03-18T22:47:31.640 INFO:teuthology.orchestra.run.smithi052.stdout:/usr/bin/ceph: stderr
2024-03-18T22:47:30.635+0000 7f310fd6b700 1 -- 172.21.15.52:0/2468278796 wait complete.
2024-03-18T22:47:31.641 INFO:teuthology.orchestra.run.smithi052.stdout:/usr/bin/ceph: stderr
2024-03-18T22:47:30.636+0000 7f310fd6b700 1 Processor -- start
2024-03-18T22:47:31.641 INFO:teuthology.orchestra.run.smithi052.stdout:/usr/bin/ceph: stderr
2024-03-18T22:47:30.636+0000 7f310fd6b700 1 -- start start
2024-03-18T22:47:31.641 INFO:teuthology.orchestra.run.smithi052.stdout:/usr/bin/ceph: stderr
2024-03-18T22:47:30.636+0000 7f310fd6b700 1 --2- >> [v2:172.21.15.52:3300/0,v1:172.21.15.52:6789/0] conn(0x7f31081089a0 0x7f310819bee0 unknown :-1 s=NONE pgs=0 cs=0 l=1 rev1=0 crypto rx=0 tx=0 comp rx=0 tx=0).connect
2024-03-18T22:47:31.641 INFO:teuthology.orchestra.run.smithi052.stdout:/usr/bin/ceph: stderr
2024-03-18T22:47:30.636+0000 7f310fd6b700 1 -- --> [v2:172.21.15.52:3300/0,v1:172.21.15.52:6789/0] -- mon_getmap magic: 0 -- 0x7f310810c2e0 con 0x7f31081089a0
2024-03-18T22:47:31.641 INFO:teuthology.orchestra.run.smithi052.stdout:/usr/bin/ceph: stderr
2024-03-18T22:47:30.636+0000 7f310db07700 1 --2- >> [v2:172.21.15.52:3300/0,v1:172.21.15.52:6789/0] conn(0x7f31081089a0 0x7f310819bee0 unknown :-1 s=BANNER_CONNECTING pgs=0 cs=0 l=1 rev1=0 crypto rx=0 tx=0 comp rx=0 tx=0)._handle_peer_banner_payload supported=3 required=0
2024-03-18T22:47:31.641 INFO:teuthology.orchestra.run.smithi052.stdout:/usr/bin/ceph: stderr
2024-03-18T22:47:30.636+0000 7f310db07700 1 --2- >> [v2:172.21.15.52:3300/0,v1:172.21.15.52:6789/0] conn(0x7f31081089a0 0x7f310819bee0 unknown :-1 s=HELLO_CONNECTING pgs=0 cs=0 l=1 rev1=1 crypto rx=0 tx=0 comp rx=0 tx=0).handle_hello peer v2:172.21.15.52:3300/0 says I am v2:172.21.15.52:49082/0 (socket says 172.21.15.52:49082)
2024-03-18T22:47:31.641 INFO:teuthology.orchestra.run.smithi052.stdout:/usr/bin/ceph: stderr
2024-03-18T22:47:30.636+0000 7f310db07700 1 -- 172.21.15.52:0/1400014874 learned_addr learned my addr 172.21.15.52:0/1400014874 (peer_addr_for_me v2:172.21.15.52:0/0)
2024-03-18T22:47:31.641 INFO:teuthology.orchestra.run.smithi052.stdout:/usr/bin/ceph: stderr
2024-03-18T22:47:30.636+0000 7f310db07700 1 -- 172.21.15.52:0/1400014874 --> [v2:172.21.15.52:3300/0,v1:172.21.15.52:6789/0] -- mon_subscribe({config=0+,monmap=0+}) -- 0x7f310819c420 con 0x7f31081089a0
2024-03-18T22:47:31.641 INFO:teuthology.orchestra.run.smithi052.stdout:/usr/bin/ceph: stderr
2024-03-18T22:47:30.636+0000 7f310db07700 1 --2- 172.21.15.52:0/1400014874 >> [v2:172.21.15.52:3300/0,v1:172.21.15.52:6789/0] conn(0x7f31081089a0 0x7f310819bee0 secure :-1 s=READY pgs=42 cs=0 l=1 rev1=1 crypto rx=0x7f30fc003fb0 tx=0x7f30fc011bd0 comp rx=0 tx=0).ready entity=mon.0 client_cookie=0 server_cookie=0 in_seq=0 out_seq=0
2024-03-18T22:47:31.641 INFO:teuthology.orchestra.run.smithi052.stdout:/usr/bin/ceph: stderr
2024-03-18T22:47:30.636+0000 7f30faffd700 1 -- 172.21.15.52:0/1400014874 <== mon.0 v2:172.21.15.52:3300/0 1 ==== mon_map magic: 0 ==== 205+0+0 (secure 0 0 0) 0x7f30fc0039c0 con 0x7f31081089a0
2024-03-18T22:47:31.641 INFO:teuthology.orchestra.run.smithi052.stdout:/usr/bin/ceph: stderr
2024-03-18T22:47:30.636+0000 7f30faffd700 1 -- 172.21.15.52:0/1400014874 <== mon.0 v2:172.21.15.52:3300/0 2 ==== config(28 keys) ==== 1143+0+0 (secure 0 0 0) 0x7f30fc003b60 con 0x7f31081089a0
2024-03-18T22:47:31.641 INFO:teuthology.orchestra.run.smithi052.stdout:/usr/bin/ceph: stderr
2024-03-18T22:47:30.636+0000 7f310fd6b700 1 -- 172.21.15.52:0/1400014874 --> [v2:172.21.15.52:3300/0,v1:172.21.15.52:6789/0] -- mon_subscribe({mgrmap=0+}) -- 0x7f310819c710 con 0x7f31081089a0
2024-03-18T22:47:31.641 INFO:teuthology.orchestra.run.smithi052.stdout:/usr/bin/ceph: stderr
2024-03-18T22:47:30.636+0000 7f30faffd700 1 -- 172.21.15.52:0/1400014874 <== mon.0 v2:172.21.15.52:3300/0 3 ==== mon_map magic: 0 ==== 205+0+0 (secure 0 0 0) 0x7f30fc01a6b0 con 0x7f31081089a0
2024-03-18T22:47:31.642 INFO:teuthology.orchestra.run.smithi052.stdout:/usr/bin/ceph: stderr
2024-03-18T22:47:30.637+0000 7f310fd6b700 1 -- 172.21.15.52:0/1400014874 --> [v2:172.21.15.52:3300/0,v1:172.21.15.52:6789/0] -- mon_subscribe({osdmap=0}) -- 0x7f310819f3a0 con 0x7f31081089a0
2024-03-18T22:47:31.642 INFO:teuthology.orchestra.run.smithi052.stdout:/usr/bin/ceph: stderr
2024-03-18T22:47:30.637+0000 7f30faffd700 1 -- 172.21.15.52:0/1400014874 <== mon.0 v2:172.21.15.52:3300/0 4 ==== mgrmap(e 8) ==== 46106+0+0 (secure 0 0 0) 0x7f30fc01a960 con 0x7f31081089a0
2024-03-18T22:47:31.642 INFO:teuthology.orchestra.run.smithi052.stdout:/usr/bin/ceph: stderr
2024-03-18T22:47:30.637+0000 7f310fd6b700 1 -- 172.21.15.52:0/1400014874 --> [v2:172.21.15.52:3300/0,v1:172.21.15.52:6789/0] -- mon_command({"prefix": "get_command_descriptions"} v 0) -- 0x7f3108063940 con 0x7f31081089a0
2024-03-18T22:47:31.642 INFO:teuthology.orchestra.run.smithi052.stdout:/usr/bin/ceph: stderr
2024-03-18T22:47:30.637+0000 7f30faffd700 1 --2- 172.21.15.52:0/1400014874 >> [v2:172.21.15.52:6800/2150375137,v1:172.21.15.52:6801/2150375137] conn(0x7f30f4038f20 0x7f30f403b3e0 unknown :-1 s=NONE pgs=0 cs=0 l=1 rev1=0 crypto rx=0 tx=0 comp rx=0 tx=0).connect
2024-03-18T22:47:31.642 INFO:teuthology.orchestra.run.smithi052.stdout:/usr/bin/ceph: stderr
2024-03-18T22:47:30.638+0000 7f30faffd700 1 -- 172.21.15.52:0/1400014874 <== mon.0 v2:172.21.15.52:3300/0 5 ==== osd_map(2..2 src has 1..2) ==== 940+0+0 (secure 0 0 0) 0x7f30fc04d300 con 0x7f31081089a0
2024-03-18T22:47:31.642 INFO:teuthology.orchestra.run.smithi052.stdout:/usr/bin/ceph: stderr
2024-03-18T22:47:30.638+0000 7f310d306700 1 --2- 172.21.15.52:0/1400014874 >> [v2:172.21.15.52:6800/2150375137,v1:172.21.15.52:6801/2150375137] conn(0x7f30f4038f20 0x7f30f403b3e0 unknown :-1 s=BANNER_CONNECTING pgs=0 cs=0 l=1 rev1=0 crypto rx=0 tx=0 comp rx=0 tx=0)._handle_peer_banner_payload supported=3 required=0
2024-03-18T22:47:31.642 INFO:teuthology.orchestra.run.smithi052.stdout:/usr/bin/ceph: stderr
2024-03-18T22:47:30.638+0000 7f310d306700 1 --2- 172.21.15.52:0/1400014874 >> [v2:172.21.15.52:6800/2150375137,v1:172.21.15.52:6801/2150375137] conn(0x7f30f4038f20 0x7f30f403b3e0 secure :-1 s=READY pgs=9 cs=0 l=1 rev1=1 crypto rx=0x7f3104006fd0 tx=0x7f3104006e40 comp rx=0 tx=0).ready entity=mgr.14120 client_cookie=0 server_cookie=0 in_seq=0 out_seq=0
2024-03-18T22:47:31.642 INFO:teuthology.orchestra.run.smithi052.stdout:/usr/bin/ceph: stderr
2024-03-18T22:47:30.643+0000 7f30faffd700 1 -- 172.21.15.52:0/1400014874 <== mon.0 v2:172.21.15.52:3300/0 6 ==== mon_command_ack([{"prefix": "get_command_descriptions"}]=0 v0) ==== 72+0+186149 (secure 0 0 0) 0x7f30fc0249a0 con 0x7f31081089a0
2024-03-18T22:47:31.642 INFO:teuthology.orchestra.run.smithi052.stdout:/usr/bin/ceph: stderr
2024-03-18T22:47:30.849+0000 7f310fd6b700 1 -- 172.21.15.52:0/1400014874 --> [v2:172.21.15.52:6800/2150375137,v1:172.21.15.52:6801/2150375137] -- mgr_command(tid 0: {"prefix": "cephadm generate-key", "target": ["mon-mgr", ""]}) -- 0x7f310819f570 con 0x7f30f4038f20
2024-03-18T22:47:31.642 INFO:teuthology.orchestra.run.smithi052.stdout:/usr/bin/ceph: stderr
2024-03-18T22:47:31.084+0000 7f30faffd700 1 -- 172.21.15.52:0/1400014874 <== mgr.14120 v2:172.21.15.52:6800/2150375137 1 ==== mgr_command_reply(tid 0: 0 ) ==== 8+0+0 (secure 0 0 0) 0x7f310819f570 con 0x7f30f4038f20
2024-03-18T22:47:31.642 INFO:teuthology.orchestra.run.smithi052.stdout:/usr/bin/ceph: stderr
2024-03-18T22:47:31.086+0000 7f310fd6b700 1 -- 172.21.15.52:0/1400014874 >> [v2:172.21.15.52:6800/2150375137,v1:172.21.15.52:6801/2150375137] conn(0x7f30f4038f20 msgr2=0x7f30f403b3e0 secure :-1 s=STATE_CONNECTION_ESTABLISHED l=1).mark_down
2024-03-18T22:47:31.642 INFO:teuthology.orchestra.run.smithi052.stdout:/usr/bin/ceph: stderr
2024-03-18T22:47:31.086+0000 7f310fd6b700 1 --2- 172.21.15.52:0/1400014874 >> [v2:172.21.15.52:6800/2150375137,v1:172.21.15.52:6801/2150375137] conn(0x7f30f4038f20 0x7f30f403b3e0 secure :-1 s=READY pgs=9 cs=0 l=1 rev1=1 crypto rx=0x7f3104006fd0 tx=0x7f3104006e40 comp rx=0 tx=0).stop
2024-03-18T22:47:31.642 INFO:teuthology.orchestra.run.smithi052.stdout:/usr/bin/ceph: stderr
2024-03-18T22:47:31.086+0000 7f310fd6b700 1 -- 172.21.15.52:0/1400014874 >> [v2:172.21.15.52:3300/0,v1:172.21.15.52:6789/0] conn(0x7f31081089a0 msgr2=0x7f310819bee0 secure :-1 s=STATE_CONNECTION_ESTABLISHED l=1).mark_down
2024-03-18T22:47:31.643 INFO:teuthology.orchestra.run.smithi052.stdout:/usr/bin/ceph: stderr
2024-03-18T22:47:31.086+0000 7f310fd6b700 1 --2- 172.21.15.52:0/1400014874 >> [v2:172.21.15.52:3300/0,v1:172.21.15.52:6789/0] conn(0x7f31081089a0 0x7f310819bee0 secure :-1 s=READY pgs=42 cs=0 l=1 rev1=1 crypto rx=0x7f30fc003fb0 tx=0x7f30fc011bd0 comp rx=0 tx=0).stop
2024-03-18T22:47:31.643 INFO:teuthology.orchestra.run.smithi052.stdout:/usr/bin/ceph: stderr
2024-03-18T22:47:31.086+0000 7f310fd6b700 1 -- 172.21.15.52:0/1400014874 shutdown_connections
2024-03-18T22:47:31.643 INFO:teuthology.orchestra.run.smithi052.stdout:/usr/bin/ceph: stderr
2024-03-18T22:47:31.086+0000 7f310fd6b700 1 --2- 172.21.15.52:0/1400014874 >> [v2:172.21.15.52:6800/2150375137,v1:172.21.15.52:6801/2150375137] conn(0x7f30f4038f20 0x7f30f403b3e0 unknown :-1 s=CLOSED pgs=9 cs=0 l=1 rev1=1 crypto rx=0 tx=0 comp rx=0 tx=0).stop
2024-03-18T22:47:31.643 INFO:teuthology.orchestra.run.smithi052.stdout:/usr/bin/ceph: stderr
2024-03-18T22:47:31.086+0000 7f310fd6b700 1 --2- 172.21.15.52:0/1400014874 >> [v2:172.21.15.52:3300/0,v1:172.21.15.52:6789/0] conn(0x7f31081089a0 0x7f310819bee0 unknown :-1 s=CLOSED pgs=42 cs=0 l=1 rev1=1 crypto rx=0 tx=0 comp rx=0 tx=0).stop
2024-03-18T22:47:31.643 INFO:teuthology.orchestra.run.smithi052.stdout:/usr/bin/ceph: stderr
2024-03-18T22:47:31.086+0000 7f310fd6b700 1 -- 172.21.15.52:0/1400014874 >> 172.21.15.52:0/1400014874 conn(0x7f31081023f0 msgr2=0x7f3108102fa0 unknown :-1 s=STATE_NONE l=0).mark_down
2024-03-18T22:47:31.643 INFO:teuthology.orchestra.run.smithi052.stdout:/usr/bin/ceph: stderr
2024-03-18T22:47:31.086+0000 7f310fd6b700 1 -- 172.21.15.52:0/1400014874 shutdown_connections
2024-03-18T22:47:31.643 INFO:teuthology.orchestra.run.smithi052.stdout:/usr/bin/ceph: stderr
2024-03-18T22:47:31.086+0000 7f310fd6b700 1 -- 172.21.15.52:0/1400014874 wait complete.
2024-03-18T22:47:32.277 INFO:journalctl@ceph.mon.a.smithi052.stdout:Mar 18 22:47:32 smithi052 ceph-mon[32520]: from='client.14136 -' entity='client.admin' cmd=[{"prefix": "cephadm generate-key", "target": ["mon-mgr", ""]}]: dispatch
2024-03-18T22:47:32.277 INFO:journalctl@ceph.mon.a.smithi052.stdout:Mar 18 22:47:32 smithi052 ceph-mon[32520]: Generating ssh key...
2024-03-18T22:47:32.277 INFO:journalctl@ceph.mon.a.smithi052.stdout:Mar 18 22:47:32 smithi052 ceph-mon[32520]: from='mgr.14120 172.21.15.52:0/3568061654' entity='mgr.x'
2024-03-18T22:47:32.277 INFO:journalctl@ceph.mon.a.smithi052.stdout:Mar 18 22:47:32 smithi052 ceph-mon[32520]: from='mgr.14120 172.21.15.52:0/3568061654' entity='mgr.x'
2024-03-18T22:47:32.837 INFO:teuthology.orchestra.run.smithi052.stdout:/usr/bin/ceph: stdout ssh-rsa AAAAB3NzaC1yc2EAAAADAQABAAABgQCfe4YPvduWNRnSI4ent8oKol7KcsqDaEhctY41ZZYfJEh5xICQha1may6yQJiHx5XhJZvmJ02k22a97wV4oCNGKYw6li5jHRWqWH+71fhqMmJXgNeyUBH3oPO8KiUDnSCTIu6YWbSN8eD48FoKrejwjPPYI/gzQEDTTL+TDBs+xp85fvLnBFgX+h36gR8U9FtCvHb7XtCBqXLnWmFn/9Ll5Hf6HAu3nf/T1zoXgtV5s3/DefZPwh5tCmS4eMCCqCdV+3rO5l6YY9lXwLlLDlwslGQ641ww1u3Z9jVVxiW3ZMmSQuqFC+cIODF6Oa2bXt0nNyCkRq+T6LziOBv01q6tamLpHVmxLP/Ek35cSChifjtnk54wIBoPlFHgU4wpjEH8749PQ2TMrXMN0I308voG7mVavNXql3pZNzbLV6AO3qK2S6qXHm5NiVYxe3CuXIrdRSEPBfNLoClbDuYjX2apWJttBU5CLJ1bIVvI1uV7wLum9VR3WP1rUsyQHqKsHQc= ceph-444ca0c0-e579-11ee-95c9-87774f69a715
2024-03-18T22:47:32.837 INFO:teuthology.orchestra.run.smithi052.stdout:/usr/bin/ceph: stderr
2024-03-18T22:47:32.048+0000 7f83dbbac700 1 Processor -- start
2024-03-18T22:47:32.837 INFO:teuthology.orchestra.run.smithi052.stdout:/usr/bin/ceph: stderr
2024-03-18T22:47:32.049+0000 7f83dbbac700 1 -- start start
2024-03-18T22:47:32.838 INFO:teuthology.orchestra.run.smithi052.stdout:/usr/bin/ceph: stderr
2024-03-18T22:47:32.049+0000 7f83dbbac700 1 --2- >> [v2:172.21.15.52:3300/0,v1:172.21.15.52:6789/0] conn(0x7f83d41061a0 0x7f83d41065c0 unknown :-1 s=NONE pgs=0 cs=0 l=0 rev1=0 crypto rx=0 tx=0 comp rx=0 tx=0).connect
2024-03-18T22:47:32.838 INFO:teuthology.orchestra.run.smithi052.stdout:/usr/bin/ceph: stderr
2024-03-18T22:47:32.049+0000 7f83dbbac700 1 -- --> [v2:172.21.15.52:3300/0,v1:172.21.15.52:6789/0] -- mon_getmap magic: 0 -- 0x7f83d4106b90 con 0x7f83d41061a0
2024-03-18T22:47:32.838 INFO:teuthology.orchestra.run.smithi052.stdout:/usr/bin/ceph: stderr
2024-03-18T22:47:32.049+0000 7f83d9948700 1 --2- >> [v2:172.21.15.52:3300/0,v1:172.21.15.52:6789/0] conn(0x7f83d41061a0 0x7f83d41065c0 unknown :-1 s=BANNER_CONNECTING pgs=0 cs=0 l=0 rev1=0 crypto rx=0 tx=0 comp rx=0 tx=0)._handle_peer_banner_payload supported=3 required=0
2024-03-18T22:47:32.838 INFO:teuthology.orchestra.run.smithi052.stdout:/usr/bin/ceph: stderr
2024-03-18T22:47:32.049+0000 7f83d9948700 1 --2- >> [v2:172.21.15.52:3300/0,v1:172.21.15.52:6789/0] conn(0x7f83d41061a0 0x7f83d41065c0 unknown :-1 s=HELLO_CONNECTING pgs=0 cs=0 l=0 rev1=1 crypto rx=0 tx=0 comp rx=0 tx=0).handle_hello peer v2:172.21.15.52:3300/0 says I am v2:172.21.15.52:49096/0 (socket says 172.21.15.52:49096)
2024-03-18T22:47:32.838 INFO:teuthology.orchestra.run.smithi052.stdout:/usr/bin/ceph: stderr
2024-03-18T22:47:32.049+0000 7f83d9948700 1 -- 172.21.15.52:0/130681987 learned_addr learned my addr 172.21.15.52:0/130681987 (peer_addr_for_me v2:172.21.15.52:0/0)
2024-03-18T22:47:32.838 INFO:teuthology.orchestra.run.smithi052.stdout:/usr/bin/ceph: stderr
2024-03-18T22:47:32.049+0000 7f83d9948700 1 -- 172.21.15.52:0/130681987 --> [v2:172.21.15.52:3300/0,v1:172.21.15.52:6789/0] -- mon_subscribe({config=0+,monmap=0+}) -- 0x7f83d4109130 con 0x7f83d41061a0
2024-03-18T22:47:32.838 INFO:teuthology.orchestra.run.smithi052.stdout:/usr/bin/ceph: stderr
2024-03-18T22:47:32.049+0000 7f83d9948700 1 --2- 172.21.15.52:0/130681987 >> [v2:172.21.15.52:3300/0,v1:172.21.15.52:6789/0] conn(0x7f83d41061a0 0x7f83d41065c0 secure :-1 s=READY pgs=43 cs=0 l=1 rev1=1 crypto rx=0x7f83c4009e80 tx=0x7f83c400b330 comp rx=0 tx=0).ready entity=mon.0 client_cookie=11a403af074bf155 server_cookie=0 in_seq=0 out_seq=0
2024-03-18T22:47:32.838 INFO:teuthology.orchestra.run.smithi052.stdout:/usr/bin/ceph: stderr
2024-03-18T22:47:32.050+0000 7f83d8946700 1 -- 172.21.15.52:0/130681987 <== mon.0 v2:172.21.15.52:3300/0 1 ==== mon_map magic: 0 ==== 205+0+0 (secure 0 0 0) 0x7f83c4017070 con 0x7f83d41061a0
2024-03-18T22:47:32.838 INFO:teuthology.orchestra.run.smithi052.stdout:/usr/bin/ceph: stderr
2024-03-18T22:47:32.050+0000 7f83d8946700 1 -- 172.21.15.52:0/130681987 <== mon.0 v2:172.21.15.52:3300/0 2 ==== config(28 keys) ==== 1143+0+0 (secure 0 0 0) 0x7f83c400b8c0 con 0x7f83d41061a0
2024-03-18T22:47:32.838 INFO:teuthology.orchestra.run.smithi052.stdout:/usr/bin/ceph: stderr
2024-03-18T22:47:32.050+0000 7f83d8946700 1 -- 172.21.15.52:0/130681987 <== mon.0 v2:172.21.15.52:3300/0 3 ==== mon_map magic: 0 ==== 205+0+0 (secure 0 0 0) 0x7f83c4004620 con 0x7f83d41061a0
2024-03-18T22:47:32.838 INFO:teuthology.orchestra.run.smithi052.stdout:/usr/bin/ceph: stderr
2024-03-18T22:47:32.050+0000 7f83dbbac700 1 -- 172.21.15.52:0/130681987 >> [v2:172.21.15.52:3300/0,v1:172.21.15.52:6789/0] conn(0x7f83d41061a0 msgr2=0x7f83d41065c0 secure :-1 s=STATE_CONNECTION_ESTABLISHED l=1).mark_down
2024-03-18T22:47:32.839 INFO:teuthology.orchestra.run.smithi052.stdout:/usr/bin/ceph: stderr
2024-03-18T22:47:32.050+0000 7f83dbbac700 1 --2- 172.21.15.52:0/130681987 >> [v2:172.21.15.52:3300/0,v1:172.21.15.52:6789/0] conn(0x7f83d41061a0 0x7f83d41065c0 secure :-1 s=READY pgs=43 cs=0 l=1 rev1=1 crypto rx=0x7f83c4009e80 tx=0x7f83c400b330 comp rx=0 tx=0).stop
2024-03-18T22:47:32.839 INFO:teuthology.orchestra.run.smithi052.stdout:/usr/bin/ceph: stderr
2024-03-18T22:47:32.050+0000 7f83dbbac700 1 -- 172.21.15.52:0/130681987 shutdown_connections
2024-03-18T22:47:32.839 INFO:teuthology.orchestra.run.smithi052.stdout:/usr/bin/ceph: stderr
2024-03-18T22:47:32.050+0000 7f83dbbac700 1 --2- 172.21.15.52:0/130681987 >> [v2:172.21.15.52:3300/0,v1:172.21.15.52:6789/0] conn(0x7f83d41061a0 0x7f83d41065c0 unknown :-1 s=CLOSED pgs=43 cs=0 l=1 rev1=1 crypto rx=0 tx=0 comp rx=0 tx=0).stop
2024-03-18T22:47:32.839 INFO:teuthology.orchestra.run.smithi052.stdout:/usr/bin/ceph: stderr
2024-03-18T22:47:32.050+0000 7f83dbbac700 1 -- 172.21.15.52:0/130681987 >> 172.21.15.52:0/130681987 conn(0x7f83d4101b10 msgr2=0x7f83d4103f30 unknown :-1 s=STATE_NONE l=0).mark_down
2024-03-18T22:47:32.839 INFO:teuthology.orchestra.run.smithi052.stdout:/usr/bin/ceph: stderr
2024-03-18T22:47:32.050+0000 7f83dbbac700 1 -- 172.21.15.52:0/130681987 shutdown_connections
2024-03-18T22:47:32.839 INFO:teuthology.orchestra.run.smithi052.stdout:/usr/bin/ceph: stderr
2024-03-18T22:47:32.050+0000 7f83dbbac700 1 -- 172.21.15.52:0/130681987 wait complete.
2024-03-18T22:47:32.839 INFO:teuthology.orchestra.run.smithi052.stdout:/usr/bin/ceph: stderr
2024-03-18T22:47:32.051+0000 7f83dbbac700 1 Processor -- start
2024-03-18T22:47:32.839 INFO:teuthology.orchestra.run.smithi052.stdout:/usr/bin/ceph: stderr
2024-03-18T22:47:32.051+0000 7f83dbbac700 1 -- start start
2024-03-18T22:47:32.839 INFO:teuthology.orchestra.run.smithi052.stdout:/usr/bin/ceph: stderr
2024-03-18T22:47:32.051+0000 7f83dbbac700 1 --2- >> [v2:172.21.15.52:3300/0,v1:172.21.15.52:6789/0] conn(0x7f83d41061a0 0x7f83d419bf10 unknown :-1 s=NONE pgs=0 cs=0 l=1 rev1=0 crypto rx=0 tx=0 comp rx=0 tx=0).connect
2024-03-18T22:47:32.839 INFO:teuthology.orchestra.run.smithi052.stdout:/usr/bin/ceph: stderr
2024-03-18T22:47:32.051+0000 7f83dbbac700 1 -- --> [v2:172.21.15.52:3300/0,v1:172.21.15.52:6789/0] -- mon_getmap magic: 0 -- 0x7f83d410c4e0 con 0x7f83d41061a0
2024-03-18T22:47:32.839 INFO:teuthology.orchestra.run.smithi052.stdout:/usr/bin/ceph: stderr
2024-03-18T22:47:32.051+0000 7f83d9948700 1 --2- >> [v2:172.21.15.52:3300/0,v1:172.21.15.52:6789/0] conn(0x7f83d41061a0 0x7f83d419bf10 unknown :-1 s=BANNER_CONNECTING pgs=0 cs=0 l=1 rev1=0 crypto rx=0 tx=0 comp rx=0 tx=0)._handle_peer_banner_payload supported=3 required=0
2024-03-18T22:47:32.839 INFO:teuthology.orchestra.run.smithi052.stdout:/usr/bin/ceph: stderr
2024-03-18T22:47:32.051+0000 7f83d9948700 1 --2- >> [v2:172.21.15.52:3300/0,v1:172.21.15.52:6789/0] conn(0x7f83d41061a0 0x7f83d419bf10 unknown :-1 s=HELLO_CONNECTING pgs=0 cs=0 l=1 rev1=1 crypto rx=0 tx=0 comp rx=0 tx=0).handle_hello peer v2:172.21.15.52:3300/0 says I am v2:172.21.15.52:49112/0 (socket says 172.21.15.52:49112)
2024-03-18T22:47:32.839 INFO:teuthology.orchestra.run.smithi052.stdout:/usr/bin/ceph: stderr
2024-03-18T22:47:32.051+0000 7f83d9948700 1 -- 172.21.15.52:0/293382404 learned_addr learned my addr 172.21.15.52:0/293382404 (peer_addr_for_me v2:172.21.15.52:0/0)
2024-03-18T22:47:32.840 INFO:teuthology.orchestra.run.smithi052.stdout:/usr/bin/ceph: stderr
2024-03-18T22:47:32.052+0000 7f83d9948700 1 -- 172.21.15.52:0/293382404 --> [v2:172.21.15.52:3300/0,v1:172.21.15.52:6789/0] -- mon_subscribe({config=0+,monmap=0+}) -- 0x7f83d419c450 con 0x7f83d41061a0
2024-03-18T22:47:32.840 INFO:teuthology.orchestra.run.smithi052.stdout:/usr/bin/ceph: stderr
2024-03-18T22:47:32.052+0000 7f83d9948700 1 --2- 172.21.15.52:0/293382404 >> [v2:172.21.15.52:3300/0,v1:172.21.15.52:6789/0] conn(0x7f83d41061a0 0x7f83d419bf10 secure :-1 s=READY pgs=44 cs=0 l=1 rev1=1 crypto rx=0x7f83c400d010 tx=0x7f83c4003d00 comp rx=0 tx=0).ready entity=mon.0 client_cookie=0 server_cookie=0 in_seq=0 out_seq=0
2024-03-18T22:47:32.840 INFO:teuthology.orchestra.run.smithi052.stdout:/usr/bin/ceph: stderr
2024-03-18T22:47:32.052+0000 7f83d2ffd700 1 -- 172.21.15.52:0/293382404 <== mon.0 v2:172.21.15.52:3300/0 1 ==== mon_map magic: 0 ==== 205+0+0 (secure 0 0 0) 0x7f83c4021020 con 0x7f83d41061a0
2024-03-18T22:47:32.840 INFO:teuthology.orchestra.run.smithi052.stdout:/usr/bin/ceph: stderr
2024-03-18T22:47:32.052+0000 7f83d2ffd700 1 -- 172.21.15.52:0/293382404 <== mon.0 v2:172.21.15.52:3300/0 2 ==== config(28 keys) ==== 1143+0+0 (secure 0 0 0) 0x7f83c40094d0 con 0x7f83d41061a0
2024-03-18T22:47:32.840 INFO:teuthology.orchestra.run.smithi052.stdout:/usr/bin/ceph: stderr
2024-03-18T22:47:32.052+0000 7f83d2ffd700 1 -- 172.21.15.52:0/293382404 <== mon.0 v2:172.21.15.52:3300/0 3 ==== mon_map magic: 0 ==== 205+0+0 (secure 0 0 0) 0x7f83c4017040 con 0x7f83d41061a0
2024-03-18T22:47:32.840 INFO:teuthology.orchestra.run.smithi052.stdout:/usr/bin/ceph: stderr
2024-03-18T22:47:32.052+0000 7f83dbbac700 1 -- 172.21.15.52:0/293382404 --> [v2:172.21.15.52:3300/0,v1:172.21.15.52:6789/0] -- mon_subscribe({mgrmap=0+}) -- 0x7f83d419c6e0 con 0x7f83d41061a0
2024-03-18T22:47:32.840 INFO:teuthology.orchestra.run.smithi052.stdout:/usr/bin/ceph: stderr
2024-03-18T22:47:32.052+0000 7f83dbbac700 1 -- 172.21.15.52:0/293382404 --> [v2:172.21.15.52:3300/0,v1:172.21.15.52:6789/0] -- mon_subscribe({osdmap=0}) -- 0x7f83d419f3d0 con 0x7f83d41061a0
