2024-03-18T22:47:45.423+0000 7ff6f77fe700 1 -- 172.21.15.52:0/4211015316 <== mon.0 v2:172.21.15.52:3300/0 6 ==== mon_command_ack([{"prefix": "get_command_descriptions"}]=0 v0) ==== 72+0+186149 (secure 0 0 0) 0x7ff6fc02b350 con 0x7ff700106190
2024-03-18T22:47:46.671 INFO:teuthology.orchestra.run.smithi052.stdout:/usr/bin/ceph: stderr
2024-03-18T22:47:45.695+0000 7ff70849d700 1 -- 172.21.15.52:0/4211015316 --> [v2:172.21.15.52:3300/0,v1:172.21.15.52:6789/0] -- mon_command({"prefix": "mgr module enable", "module": "dashboard"} v 0) -- 0x7ff7001078d0 con 0x7ff700106190
2024-03-18T22:47:46.671 INFO:teuthology.orchestra.run.smithi052.stdout:/usr/bin/ceph: stderr
2024-03-18T22:47:46.030+0000 7ff6f77fe700 1 -- 172.21.15.52:0/4211015316 <== mon.0 v2:172.21.15.52:3300/0 7 ==== mon_command_ack([{"prefix": "mgr module enable", "module": "dashboard"}]=0 v9) ==== 88+0+0 (secure 0 0 0) 0x7ff7001078d0 con 0x7ff700106190
2024-03-18T22:47:46.671 INFO:teuthology.orchestra.run.smithi052.stdout:/usr/bin/ceph: stderr
2024-03-18T22:47:46.031+0000 7ff6f77fe700 1 -- 172.21.15.52:0/4211015316 <== mon.0 v2:172.21.15.52:3300/0 8 ==== mgrmap(e 9) ==== 46119+0+0 (secure 0 0 0) 0x7ff6fc01a430 con 0x7ff700106190
2024-03-18T22:47:46.671 INFO:teuthology.orchestra.run.smithi052.stdout:/usr/bin/ceph: stderr
2024-03-18T22:47:46.033+0000 7ff70849d700 1 -- 172.21.15.52:0/4211015316 >> [v2:172.21.15.52:6800/2150375137,v1:172.21.15.52:6801/2150375137] conn(0x7ff6ec038f20 msgr2=0x7ff6ec03b3e0 secure :-1 s=STATE_CONNECTION_ESTABLISHED l=1).mark_down
2024-03-18T22:47:46.671 INFO:teuthology.orchestra.run.smithi052.stdout:/usr/bin/ceph: stderr
2024-03-18T22:47:46.033+0000 7ff70849d700 1 --2- 172.21.15.52:0/4211015316 >> [v2:172.21.15.52:6800/2150375137,v1:172.21.15.52:6801/2150375137] conn(0x7ff6ec038f20 0x7ff6ec03b3e0 secure :-1 s=READY pgs=16 cs=0 l=1 rev1=1 crypto rx=0x7ff6f0006fd0 tx=0x7ff6f0006e40 comp rx=0 tx=0).stop
2024-03-18T22:47:46.671 INFO:teuthology.orchestra.run.smithi052.stdout:/usr/bin/ceph: stderr
2024-03-18T22:47:46.033+0000 7ff70849d700 1 -- 172.21.15.52:0/4211015316 >> [v2:172.21.15.52:3300/0,v1:172.21.15.52:6789/0] conn(0x7ff700106190 msgr2=0x7ff7001089a0 secure :-1 s=STATE_CONNECTION_ESTABLISHED l=1).mark_down
2024-03-18T22:47:46.671 INFO:teuthology.orchestra.run.smithi052.stdout:/usr/bin/ceph: stderr
2024-03-18T22:47:46.033+0000 7ff70849d700 1 --2- 172.21.15.52:0/4211015316 >> [v2:172.21.15.52:3300/0,v1:172.21.15.52:6789/0] conn(0x7ff700106190 0x7ff7001089a0 secure :-1 s=READY pgs=56 cs=0 l=1 rev1=1 crypto rx=0x7ff6fc011690 tx=0x7ff6fc011ca0 comp rx=0 tx=0).stop
2024-03-18T22:47:46.671 INFO:teuthology.orchestra.run.smithi052.stdout:/usr/bin/ceph: stderr
2024-03-18T22:47:46.033+0000 7ff70849d700 1 -- 172.21.15.52:0/4211015316 shutdown_connections
2024-03-18T22:47:46.671 INFO:teuthology.orchestra.run.smithi052.stdout:/usr/bin/ceph: stderr
2024-03-18T22:47:46.033+0000 7ff70849d700 1 --2- 172.21.15.52:0/4211015316 >> [v2:172.21.15.52:6800/2150375137,v1:172.21.15.52:6801/2150375137] conn(0x7ff6ec038f20 0x7ff6ec03b3e0 unknown :-1 s=CLOSED pgs=16 cs=0 l=1 rev1=1 crypto rx=0 tx=0 comp rx=0 tx=0).stop
2024-03-18T22:47:46.672 INFO:teuthology.orchestra.run.smithi052.stdout:/usr/bin/ceph: stderr
2024-03-18T22:47:46.033+0000 7ff70849d700 1 --2- 172.21.15.52:0/4211015316 >> [v2:172.21.15.52:3300/0,v1:172.21.15.52:6789/0] conn(0x7ff700106190 0x7ff7001089a0 unknown :-1 s=CLOSED pgs=56 cs=0 l=1 rev1=1 crypto rx=0 tx=0 comp rx=0 tx=0).stop
2024-03-18T22:47:46.672 INFO:teuthology.orchestra.run.smithi052.stdout:/usr/bin/ceph: stderr
2024-03-18T22:47:46.033+0000 7ff70849d700 1 -- 172.21.15.52:0/4211015316 >> 172.21.15.52:0/4211015316 conn(0x7ff700101b40 msgr2=0x7ff7001025e0 unknown :-1 s=STATE_NONE l=0).mark_down
2024-03-18T22:47:46.672 INFO:teuthology.orchestra.run.smithi052.stdout:/usr/bin/ceph: stderr
2024-03-18T22:47:46.033+0000 7ff70849d700 1 -- 172.21.15.52:0/4211015316 shutdown_connections
2024-03-18T22:47:46.672 INFO:teuthology.orchestra.run.smithi052.stdout:/usr/bin/ceph: stderr
2024-03-18T22:47:46.034+0000 7ff70849d700 1 -- 172.21.15.52:0/4211015316 wait complete.
2024-03-18T22:47:46.891 INFO:journalctl@ceph.mgr.x.smithi052.stdout:Mar 18 22:47:46 smithi052 ceph-444ca0c0-e579-11ee-95c9-87774f69a715-mgr-x[32748]:
2024-03-18T22:47:46.634+0000 7f015142f200 -1 mgr[py] Module osd_perf_query has missing NOTIFY_TYPES member
2024-03-18T22:47:46.892 INFO:journalctl@ceph.mgr.x.smithi052.stdout:Mar 18 22:47:46 smithi052 ceph-444ca0c0-e579-11ee-95c9-87774f69a715-mgr-x[32748]:
2024-03-18T22:47:46.739+0000 7f015142f200 -1 mgr[py] Module snap_schedule has missing NOTIFY_TYPES member
2024-03-18T22:47:47.238 INFO:journalctl@ceph.mon.a.smithi052.stdout:Mar 18 22:47:47 smithi052 ceph-mon[32520]: from='client.? 172.21.15.52:0/4211015316' entity='client.admin' cmd='[{"prefix": "mgr module enable", "module": "dashboard"}]': finished
2024-03-18T22:47:47.239 INFO:journalctl@ceph.mon.a.smithi052.stdout:Mar 18 22:47:47 smithi052 ceph-mon[32520]: mgrmap e9: x(active, since 19s)
2024-03-18T22:47:47.680 INFO:journalctl@ceph.mgr.x.smithi052.stdout:Mar 18 22:47:47 smithi052 ceph-444ca0c0-e579-11ee-95c9-87774f69a715-mgr-x[32748]:
2024-03-18T22:47:47.433+0000 7f015142f200 -1 mgr[py] Module zabbix has missing NOTIFY_TYPES member
2024-03-18T22:47:47.680 INFO:journalctl@ceph.mgr.x.smithi052.stdout:Mar 18 22:47:47 smithi052 ceph-444ca0c0-e579-11ee-95c9-87774f69a715-mgr-x[32748]:
2024-03-18T22:47:47.532+0000 7f015142f200 -1 mgr[py] Module balancer has missing NOTIFY_TYPES member
2024-03-18T22:47:47.680 INFO:journalctl@ceph.mgr.x.smithi052.stdout:Mar 18 22:47:47 smithi052 ceph-444ca0c0-e579-11ee-95c9-87774f69a715-mgr-x[32748]:
2024-03-18T22:47:47.678+0000 7f015142f200 -1 mgr[py] Module influx has missing NOTIFY_TYPES member
2024-03-18T22:47:47.988 INFO:journalctl@ceph.mgr.x.smithi052.stdout:Mar 18 22:47:47 smithi052 ceph-444ca0c0-e579-11ee-95c9-87774f69a715-mgr-x[32748]:
2024-03-18T22:47:47.778+0000 7f015142f200 -1 mgr[py] Module alerts has missing NOTIFY_TYPES member
2024-03-18T22:47:47.989 INFO:journalctl@ceph.mgr.x.smithi052.stdout:Mar 18 22:47:47 smithi052 ceph-444ca0c0-e579-11ee-95c9-87774f69a715-mgr-x[32748]:
2024-03-18T22:47:47.864+0000 7f015142f200 -1 mgr[py] Module iostat has missing NOTIFY_TYPES member
2024-03-18T22:47:48.005 INFO:teuthology.orchestra.run.smithi052.stdout:/usr/bin/ceph: stdout {
2024-03-18T22:47:48.005 INFO:teuthology.orchestra.run.smithi052.stdout:/usr/bin/ceph: stdout "epoch": 9,
2024-03-18T22:47:48.005 INFO:teuthology.orchestra.run.smithi052.stdout:/usr/bin/ceph: stdout "available": true,
2024-03-18T22:47:48.005 INFO:teuthology.orchestra.run.smithi052.stdout:/usr/bin/ceph: stdout "active_name": "x",
2024-03-18T22:47:48.005 INFO:teuthology.orchestra.run.smithi052.stdout:/usr/bin/ceph: stdout "num_standby": 0
2024-03-18T22:47:48.005 INFO:teuthology.orchestra.run.smithi052.stdout:/usr/bin/ceph: stdout }
2024-03-18T22:47:48.005 INFO:teuthology.orchestra.run.smithi052.stdout:/usr/bin/ceph: stderr
2024-03-18T22:47:47.094+0000 7fac3373b700 1 Processor -- start
2024-03-18T22:47:48.006 INFO:teuthology.orchestra.run.smithi052.stdout:/usr/bin/ceph: stderr
2024-03-18T22:47:47.094+0000 7fac3373b700 1 -- start start
2024-03-18T22:47:48.006 INFO:teuthology.orchestra.run.smithi052.stdout:/usr/bin/ceph: stderr
2024-03-18T22:47:47.094+0000 7fac3373b700 1 --2- >> [v2:172.21.15.52:3300/0,v1:172.21.15.52:6789/0] conn(0x7fac2c108970 0x7fac2c10ad60 unknown :-1 s=NONE pgs=0 cs=0 l=0 rev1=0 crypto rx=0 tx=0 comp rx=0 tx=0).connect
2024-03-18T22:47:48.006 INFO:teuthology.orchestra.run.smithi052.stdout:/usr/bin/ceph: stderr
2024-03-18T22:47:47.094+0000 7fac3373b700 1 -- --> [v2:172.21.15.52:3300/0,v1:172.21.15.52:6789/0] -- mon_getmap magic: 0 -- 0x7fac2c07bec0 con 0x7fac2c108970
2024-03-18T22:47:48.006 INFO:teuthology.orchestra.run.smithi052.stdout:/usr/bin/ceph: stderr
2024-03-18T22:47:47.095+0000 7fac314d7700 1 --2- >> [v2:172.21.15.52:3300/0,v1:172.21.15.52:6789/0] conn(0x7fac2c108970 0x7fac2c10ad60 unknown :-1 s=BANNER_CONNECTING pgs=0 cs=0 l=0 rev1=0 crypto rx=0 tx=0 comp rx=0 tx=0)._handle_peer_banner_payload supported=3 required=0
2024-03-18T22:47:48.006 INFO:teuthology.orchestra.run.smithi052.stdout:/usr/bin/ceph: stderr
2024-03-18T22:47:47.095+0000 7fac314d7700 1 --2- >> [v2:172.21.15.52:3300/0,v1:172.21.15.52:6789/0] conn(0x7fac2c108970 0x7fac2c10ad60 unknown :-1 s=HELLO_CONNECTING pgs=0 cs=0 l=0 rev1=1 crypto rx=0 tx=0 comp rx=0 tx=0).handle_hello peer v2:172.21.15.52:3300/0 says I am v2:172.21.15.52:52432/0 (socket says 172.21.15.52:52432)
2024-03-18T22:47:48.006 INFO:teuthology.orchestra.run.smithi052.stdout:/usr/bin/ceph: stderr
2024-03-18T22:47:47.095+0000 7fac314d7700 1 -- 172.21.15.52:0/3144085861 learned_addr learned my addr 172.21.15.52:0/3144085861 (peer_addr_for_me v2:172.21.15.52:0/0)
2024-03-18T22:47:48.006 INFO:teuthology.orchestra.run.smithi052.stdout:/usr/bin/ceph: stderr
2024-03-18T22:47:47.095+0000 7fac314d7700 1 -- 172.21.15.52:0/3144085861 --> [v2:172.21.15.52:3300/0,v1:172.21.15.52:6789/0] -- mon_subscribe({config=0+,monmap=0+}) -- 0x7fac2c10b2a0 con 0x7fac2c108970
2024-03-18T22:47:48.006 INFO:teuthology.orchestra.run.smithi052.stdout:/usr/bin/ceph: stderr
2024-03-18T22:47:47.095+0000 7fac314d7700 1 --2- 172.21.15.52:0/3144085861 >> [v2:172.21.15.52:3300/0,v1:172.21.15.52:6789/0] conn(0x7fac2c108970 0x7fac2c10ad60 secure :-1 s=READY pgs=59 cs=0 l=1 rev1=1 crypto rx=0x7fac280098a0 tx=0x7fac28009bb0 comp rx=0 tx=0).ready entity=mon.0 client_cookie=44230a6620747ff9 server_cookie=0 in_seq=0 out_seq=0
2024-03-18T22:47:48.006 INFO:teuthology.orchestra.run.smithi052.stdout:/usr/bin/ceph: stderr
2024-03-18T22:47:47.095+0000 7fac1ffff700 1 -- 172.21.15.52:0/3144085861 <== mon.0 v2:172.21.15.52:3300/0 1 ==== mon_map magic: 0 ==== 205+0+0 (secure 0 0 0) 0x7fac28004160 con 0x7fac2c108970
2024-03-18T22:47:48.006 INFO:teuthology.orchestra.run.smithi052.stdout:/usr/bin/ceph: stderr
2024-03-18T22:47:47.095+0000 7fac1ffff700 1 -- 172.21.15.52:0/3144085861 <== mon.0 v2:172.21.15.52:3300/0 2 ==== config(28 keys) ==== 1174+0+0 (secure 0 0 0) 0x7fac28004300 con 0x7fac2c108970
2024-03-18T22:47:48.006 INFO:teuthology.orchestra.run.smithi052.stdout:/usr/bin/ceph: stderr
2024-03-18T22:47:47.095+0000 7fac1ffff700 1 -- 172.21.15.52:0/3144085861 <== mon.0 v2:172.21.15.52:3300/0 3 ==== mon_map magic: 0 ==== 205+0+0 (secure 0 0 0) 0x7fac28011bb0 con 0x7fac2c108970
2024-03-18T22:47:48.006 INFO:teuthology.orchestra.run.smithi052.stdout:/usr/bin/ceph: stderr
2024-03-18T22:47:47.096+0000 7fac3373b700 1 -- 172.21.15.52:0/3144085861 >> [v2:172.21.15.52:3300/0,v1:172.21.15.52:6789/0] conn(0x7fac2c108970 msgr2=0x7fac2c10ad60 secure :-1 s=STATE_CONNECTION_ESTABLISHED l=1).mark_down
2024-03-18T22:47:48.007 INFO:teuthology.orchestra.run.smithi052.stdout:/usr/bin/ceph: stderr
2024-03-18T22:47:47.096+0000 7fac3373b700 1 --2- 172.21.15.52:0/3144085861 >> [v2:172.21.15.52:3300/0,v1:172.21.15.52:6789/0] conn(0x7fac2c108970 0x7fac2c10ad60 secure :-1 s=READY pgs=59 cs=0 l=1 rev1=1 crypto rx=0x7fac280098a0 tx=0x7fac28009bb0 comp rx=0 tx=0).stop
2024-03-18T22:47:48.007 INFO:teuthology.orchestra.run.smithi052.stdout:/usr/bin/ceph: stderr
2024-03-18T22:47:47.096+0000 7fac3373b700 1 -- 172.21.15.52:0/3144085861 shutdown_connections
2024-03-18T22:47:48.007 INFO:teuthology.orchestra.run.smithi052.stdout:/usr/bin/ceph: stderr
2024-03-18T22:47:47.096+0000 7fac3373b700 1 --2- 172.21.15.52:0/3144085861 >> [v2:172.21.15.52:3300/0,v1:172.21.15.52:6789/0] conn(0x7fac2c108970 0x7fac2c10ad60 unknown :-1 s=CLOSED pgs=59 cs=0 l=1 rev1=1 crypto rx=0 tx=0 comp rx=0 tx=0).stop
2024-03-18T22:47:48.007 INFO:teuthology.orchestra.run.smithi052.stdout:/usr/bin/ceph: stderr
2024-03-18T22:47:47.096+0000 7fac3373b700 1 -- 172.21.15.52:0/3144085861 >> 172.21.15.52:0/3144085861 conn(0x7fac2c102460 msgr2=0x7fac2c104880 unknown :-1 s=STATE_NONE l=0).mark_down
2024-03-18T22:47:48.007 INFO:teuthology.orchestra.run.smithi052.stdout:/usr/bin/ceph: stderr
2024-03-18T22:47:47.096+0000 7fac3373b700 1 -- 172.21.15.52:0/3144085861 shutdown_connections
2024-03-18T22:47:48.007 INFO:teuthology.orchestra.run.smithi052.stdout:/usr/bin/ceph: stderr
2024-03-18T22:47:47.096+0000 7fac3373b700 1 -- 172.21.15.52:0/3144085861 wait complete.
2024-03-18T22:47:48.007 INFO:teuthology.orchestra.run.smithi052.stdout:/usr/bin/ceph: stderr
2024-03-18T22:47:47.097+0000 7fac3373b700 1 Processor -- start
2024-03-18T22:47:48.007 INFO:teuthology.orchestra.run.smithi052.stdout:/usr/bin/ceph: stderr
2024-03-18T22:47:47.097+0000 7fac3373b700 1 -- start start
2024-03-18T22:47:48.007 INFO:teuthology.orchestra.run.smithi052.stdout:/usr/bin/ceph: stderr
2024-03-18T22:47:47.097+0000 7fac3373b700 1 --2- >> [v2:172.21.15.52:3300/0,v1:172.21.15.52:6789/0] conn(0x7fac2c108970 0x7fac2c19bea0 unknown :-1 s=NONE pgs=0 cs=0 l=1 rev1=0 crypto rx=0 tx=0 comp rx=0 tx=0).connect
2024-03-18T22:47:48.007 INFO:teuthology.orchestra.run.smithi052.stdout:/usr/bin/ceph: stderr
2024-03-18T22:47:47.097+0000 7fac3373b700 1 -- --> [v2:172.21.15.52:3300/0,v1:172.21.15.52:6789/0] -- mon_getmap magic: 0 -- 0x7fac2c10c370 con 0x7fac2c108970
2024-03-18T22:47:48.007 INFO:teuthology.orchestra.run.smithi052.stdout:/usr/bin/ceph: stderr
2024-03-18T22:47:47.097+0000 7fac314d7700 1 --2- >> [v2:172.21.15.52:3300/0,v1:172.21.15.52:6789/0] conn(0x7fac2c108970 0x7fac2c19bea0 unknown :-1 s=BANNER_CONNECTING pgs=0 cs=0 l=1 rev1=0 crypto rx=0 tx=0 comp rx=0 tx=0)._handle_peer_banner_payload supported=3 required=0
2024-03-18T22:47:48.007 INFO:teuthology.orchestra.run.smithi052.stdout:/usr/bin/ceph: stderr
2024-03-18T22:47:47.097+0000 7fac314d7700 1 --2- >> [v2:172.21.15.52:3300/0,v1:172.21.15.52:6789/0] conn(0x7fac2c108970 0x7fac2c19bea0 unknown :-1 s=HELLO_CONNECTING pgs=0 cs=0 l=1 rev1=1 crypto rx=0 tx=0 comp rx=0 tx=0).handle_hello peer v2:172.21.15.52:3300/0 says I am v2:172.21.15.52:52436/0 (socket says 172.21.15.52:52436)
2024-03-18T22:47:48.007 INFO:teuthology.orchestra.run.smithi052.stdout:/usr/bin/ceph: stderr
2024-03-18T22:47:47.097+0000 7fac314d7700 1 -- 172.21.15.52:0/4267763337 learned_addr learned my addr 172.21.15.52:0/4267763337 (peer_addr_for_me v2:172.21.15.52:0/0)
2024-03-18T22:47:48.008 INFO:teuthology.orchestra.run.smithi052.stdout:/usr/bin/ceph: stderr
2024-03-18T22:47:47.097+0000 7fac314d7700 1 -- 172.21.15.52:0/4267763337 --> [v2:172.21.15.52:3300/0,v1:172.21.15.52:6789/0] -- mon_subscribe({config=0+,monmap=0+}) -- 0x7fac2c19c3e0 con 0x7fac2c108970
2024-03-18T22:47:48.008 INFO:teuthology.orchestra.run.smithi052.stdout:/usr/bin/ceph: stderr
2024-03-18T22:47:47.097+0000 7fac314d7700 1 --2- 172.21.15.52:0/4267763337 >> [v2:172.21.15.52:3300/0,v1:172.21.15.52:6789/0] conn(0x7fac2c108970 0x7fac2c19bea0 secure :-1 s=READY pgs=60 cs=0 l=1 rev1=1 crypto rx=0x7fac28011870 tx=0x7fac28011d70 comp rx=0 tx=0).ready entity=mon.0 client_cookie=0 server_cookie=0 in_seq=0 out_seq=0
2024-03-18T22:47:48.008 INFO:teuthology.orchestra.run.smithi052.stdout:/usr/bin/ceph: stderr
2024-03-18T22:47:47.098+0000 7fac1e7fc700 1 -- 172.21.15.52:0/4267763337 <== mon.0 v2:172.21.15.52:3300/0 1 ==== mon_map magic: 0 ==== 205+0+0 (secure 0 0 0) 0x7fac28003af0 con 0x7fac2c108970
2024-03-18T22:47:48.008 INFO:teuthology.orchestra.run.smithi052.stdout:/usr/bin/ceph: stderr
2024-03-18T22:47:47.098+0000 7fac3373b700 1 -- 172.21.15.52:0/4267763337 --> [v2:172.21.15.52:3300/0,v1:172.21.15.52:6789/0] -- mon_subscribe({mgrmap=0+}) -- 0x7fac2c19c670 con 0x7fac2c108970
2024-03-18T22:47:48.008 INFO:teuthology.orchestra.run.smithi052.stdout:/usr/bin/ceph: stderr
2024-03-18T22:47:47.098+0000 7fac1e7fc700 1 -- 172.21.15.52:0/4267763337 <== mon.0 v2:172.21.15.52:3300/0 2 ==== config(28 keys) ==== 1174+0+0 (secure 0 0 0) 0x7fac28003c90 con 0x7fac2c108970
2024-03-18T22:47:48.008 INFO:teuthology.orchestra.run.smithi052.stdout:/usr/bin/ceph: stderr
2024-03-18T22:47:47.098+0000 7fac1e7fc700 1 -- 172.21.15.52:0/4267763337 <== mon.0 v2:172.21.15.52:3300/0 3 ==== mon_map magic: 0 ==== 205+0+0 (secure 0 0 0) 0x7fac28019960 con 0x7fac2c108970
2024-03-18T22:47:48.008 INFO:teuthology.orchestra.run.smithi052.stdout:/usr/bin/ceph: stderr
2024-03-18T22:47:47.098+0000 7fac3373b700 1 -- 172.21.15.52:0/4267763337 --> [v2:172.21.15.52:3300/0,v1:172.21.15.52:6789/0] -- mon_subscribe({osdmap=0}) -- 0x7fac2c19cad0 con 0x7fac2c108970
2024-03-18T22:47:48.008 INFO:teuthology.orchestra.run.smithi052.stdout:/usr/bin/ceph: stderr
2024-03-18T22:47:47.099+0000 7fac3373b700 1 -- 172.21.15.52:0/4267763337 --> [v2:172.21.15.52:3300/0,v1:172.21.15.52:6789/0] -- mon_command({"prefix": "get_command_descriptions"} v 0) -- 0x7fac2c063940 con 0x7fac2c108970
2024-03-18T22:47:48.008 INFO:teuthology.orchestra.run.smithi052.stdout:/usr/bin/ceph: stderr
2024-03-18T22:47:47.099+0000 7fac1e7fc700 1 -- 172.21.15.52:0/4267763337 <== mon.0 v2:172.21.15.52:3300/0 4 ==== mgrmap(e 9) ==== 46119+0+0 (secure 0 0 0) 0x7fac28019c60 con 0x7fac2c108970
2024-03-18T22:47:48.008 INFO:teuthology.orchestra.run.smithi052.stdout:/usr/bin/ceph: stderr
2024-03-18T22:47:47.099+0000 7fac1e7fc700 1 --2- 172.21.15.52:0/4267763337 >> [v2:172.21.15.52:6800/2150375137,v1:172.21.15.52:6801/2150375137] conn(0x7fac18038f20 0x7fac1803b3e0 unknown :-1 s=NONE pgs=0 cs=0 l=1 rev1=0 crypto rx=0 tx=0 comp rx=0 tx=0).connect
2024-03-18T22:47:48.008 INFO:teuthology.orchestra.run.smithi052.stdout:/usr/bin/ceph: stderr
2024-03-18T22:47:47.099+0000 7fac1e7fc700 1 -- 172.21.15.52:0/4267763337 <== mon.0 v2:172.21.15.52:3300/0 5 ==== osd_map(2..2 src has 1..2) ==== 940+0+0 (secure 0 0 0) 0x7fac2804d1f0 con 0x7fac2c108970
2024-03-18T22:47:48.008 INFO:teuthology.orchestra.run.smithi052.stdout:/usr/bin/ceph: stderr
2024-03-18T22:47:47.099+0000 7fac30cd6700 1 -- 172.21.15.52:0/4267763337 >> [v2:172.21.15.52:6800/2150375137,v1:172.21.15.52:6801/2150375137] conn(0x7fac18038f20 msgr2=0x7fac1803b3e0 unknown :-1 s=STATE_CONNECTING_RE l=1).process reconnect failed to v2:172.21.15.52:6800/2150375137
2024-03-18T22:47:48.008 INFO:teuthology.orchestra.run.smithi052.stdout:/usr/bin/ceph: stderr
2024-03-18T22:47:47.099+0000 7fac30cd6700 1 --2- 172.21.15.52:0/4267763337 >> [v2:172.21.15.52:6800/2150375137,v1:172.21.15.52:6801/2150375137] conn(0x7fac18038f20 0x7fac1803b3e0 unknown :-1 s=START_CONNECT pgs=0 cs=0 l=1 rev1=0 crypto rx=0 tx=0 comp rx=0 tx=0)._fault waiting 0.200000
2024-03-18T22:47:48.008 INFO:teuthology.orchestra.run.smithi052.stdout:/usr/bin/ceph: stderr
2024-03-18T22:47:47.104+0000 7fac1e7fc700 1 -- 172.21.15.52:0/4267763337 <== mon.0 v2:172.21.15.52:3300/0 6 ==== mon_command_ack([{"prefix": "get_command_descriptions"}]=0 v0) ==== 72+0+186149 (secure 0 0 0) 0x7fac2804cf50 con 0x7fac2c108970
2024-03-18T22:47:48.009 INFO:teuthology.orchestra.run.smithi052.stdout:/usr/bin/ceph: stderr
2024-03-18T22:47:47.300+0000 7fac30cd6700 1 -- 172.21.15.52:0/4267763337 >> [v2:172.21.15.52:6800/2150375137,v1:172.21.15.52:6801/2150375137] conn(0x7fac18038f20 msgr2=0x7fac1803b3e0 unknown :-1 s=STATE_CONNECTING_RE l=1).process reconnect failed to v2:172.21.15.52:6800/2150375137
2024-03-18T22:47:48.009 INFO:teuthology.orchestra.run.smithi052.stdout:/usr/bin/ceph: stderr
2024-03-18T22:47:47.300+0000 7fac30cd6700 1 --2- 172.21.15.52:0/4267763337 >> [v2:172.21.15.52:6800/2150375137,v1:172.21.15.52:6801/2150375137] conn(0x7fac18038f20 0x7fac1803b3e0 unknown :-1 s=START_CONNECT pgs=0 cs=0 l=1 rev1=0 crypto rx=0 tx=0 comp rx=0 tx=0)._fault waiting 0.400000
2024-03-18T22:47:48.009 INFO:teuthology.orchestra.run.smithi052.stdout:/usr/bin/ceph: stderr
2024-03-18T22:47:47.387+0000 7fac3373b700 1 -- 172.21.15.52:0/4267763337 --> [v2:172.21.15.52:3300/0,v1:172.21.15.52:6789/0] -- mon_command({"prefix": "mgr stat"} v 0) -- 0x7fac2c19f540 con 0x7fac2c108970
2024-03-18T22:47:48.009 INFO:teuthology.orchestra.run.smithi052.stdout:/usr/bin/ceph: stderr
2024-03-18T22:47:47.387+0000 7fac1e7fc700 1 -- 172.21.15.52:0/4267763337 <== mon.0 v2:172.21.15.52:3300/0 7 ==== mon_command_ack([{"prefix": "mgr stat"}]=0 v9) ==== 56+0+88 (secure 0 0 0) 0x7fac28020c30 con 0x7fac2c108970
2024-03-18T22:47:48.009 INFO:teuthology.orchestra.run.smithi052.stdout:/usr/bin/ceph: stderr
2024-03-18T22:47:47.389+0000 7fac3373b700 1 -- 172.21.15.52:0/4267763337 >> [v2:172.21.15.52:6800/2150375137,v1:172.21.15.52:6801/2150375137] conn(0x7fac18038f20 msgr2=0x7fac1803b3e0 unknown :-1 s=STATE_CONNECTING l=1).mark_down
2024-03-18T22:47:48.009 INFO:teuthology.orchestra.run.smithi052.stdout:/usr/bin/ceph: stderr
2024-03-18T22:47:47.389+0000 7fac3373b700 1 --2- 172.21.15.52:0/4267763337 >> [v2:172.21.15.52:6800/2150375137,v1:172.21.15.52:6801/2150375137] conn(0x7fac18038f20 0x7fac1803b3e0 unknown :-1 s=START_CONNECT pgs=0 cs=0 l=1 rev1=0 crypto rx=0 tx=0 comp rx=0 tx=0).stop
2024-03-18T22:47:48.009 INFO:teuthology.orchestra.run.smithi052.stdout:/usr/bin/ceph: stderr
2024-03-18T22:47:47.389+0000 7fac3373b700 1 -- 172.21.15.52:0/4267763337 >> [v2:172.21.15.52:3300/0,v1:172.21.15.52:6789/0] conn(0x7fac2c108970 msgr2=0x7fac2c19bea0 secure :-1 s=STATE_CONNECTION_ESTABLISHED l=1).mark_down
2024-03-18T22:47:48.009 INFO:teuthology.orchestra.run.smithi052.stdout:/usr/bin/ceph: stderr
2024-03-18T22:47:47.389+0000 7fac3373b700 1 --2- 172.21.15.52:0/4267763337 >> [v2:172.21.15.52:3300/0,v1:172.21.15.52:6789/0] conn(0x7fac2c108970 0x7fac2c19bea0 secure :-1 s=READY pgs=60 cs=0 l=1 rev1=1 crypto rx=0x7fac28011870 tx=0x7fac28011d70 comp rx=0 tx=0).stop
2024-03-18T22:47:48.009 INFO:teuthology.orchestra.run.smithi052.stdout:/usr/bin/ceph: stderr
2024-03-18T22:47:47.389+0000 7fac3373b700 1 -- 172.21.15.52:0/4267763337 shutdown_connections
2024-03-18T22:47:48.009 INFO:teuthology.orchestra.run.smithi052.stdout:/usr/bin/ceph: stderr
2024-03-18T22:47:47.389+0000 7fac3373b700 1 --2- 172.21.15.52:0/4267763337 >> [v2:172.21.15.52:6800/2150375137,v1:172.21.15.52:6801/2150375137] conn(0x7fac18038f20 0x7fac1803b3e0 unknown :-1 s=CLOSED pgs=0 cs=0 l=1 rev1=0 crypto rx=0 tx=0 comp rx=0 tx=0).stop
2024-03-18T22:47:48.009 INFO:teuthology.orchestra.run.smithi052.stdout:/usr/bin/ceph: stderr
2024-03-18T22:47:47.389+0000 7fac3373b700 1 --2- 172.21.15.52:0/4267763337 >> [v2:172.21.15.52:3300/0,v1:172.21.15.52:6789/0] conn(0x7fac2c108970 0x7fac2c19bea0 unknown :-1 s=CLOSED pgs=60 cs=0 l=1 rev1=1 crypto rx=0 tx=0 comp rx=0 tx=0).stop
2024-03-18T22:47:48.009 INFO:teuthology.orchestra.run.smithi052.stdout:/usr/bin/ceph: stderr
2024-03-18T22:47:47.389+0000 7fac3373b700 1 -- 172.21.15.52:0/4267763337 >> 172.21.15.52:0/4267763337 conn(0x7fac2c102460 msgr2=0x7fac2c102eb0 unknown :-1 s=STATE_NONE l=0).mark_down
2024-03-18T22:47:48.009 INFO:teuthology.orchestra.run.smithi052.stdout:/usr/bin/ceph: stderr
2024-03-18T22:47:47.389+0000 7fac3373b700 1 -- 172.21.15.52:0/4267763337 shutdown_connections
2024-03-18T22:47:48.009 INFO:teuthology.orchestra.run.smithi052.stdout:/usr/bin/ceph: stderr
2024-03-18T22:47:47.389+0000 7fac3373b700 1 -- 172.21.15.52:0/4267763337 wait complete.
2024-03-18T22:47:48.010 INFO:teuthology.orchestra.run.smithi052.stdout:Waiting for the mgr to restart...
2024-03-18T22:47:48.010 INFO:teuthology.orchestra.run.smithi052.stdout:Waiting for mgr epoch 9...
2024-03-18T22:47:48.263 INFO:journalctl@ceph.mon.a.smithi052.stdout:Mar 18 22:47:48 smithi052 ceph-mon[32520]: from='client.? 172.21.15.52:0/4267763337' entity='client.admin' cmd=[{"prefix": "mgr stat"}]: dispatch
2024-03-18T22:47:48.263 INFO:journalctl@ceph.mgr.x.smithi052.stdout:Mar 18 22:47:48 smithi052 ceph-444ca0c0-e579-11ee-95c9-87774f69a715-mgr-x[32748]:
2024-03-18T22:47:48.147+0000 7f015142f200 -1 mgr[py] Module rgw has missing NOTIFY_TYPES member
2024-03-18T22:47:48.263 INFO:journalctl@ceph.mgr.x.smithi052.stdout:Mar 18 22:47:48 smithi052 ceph-444ca0c0-e579-11ee-95c9-87774f69a715-mgr-x[32748]:
2024-03-18T22:47:48.261+0000 7f015142f200 -1 mgr[py] Module rbd_support has missing NOTIFY_TYPES member
2024-03-18T22:47:48.549 INFO:journalctl@ceph.mgr.x.smithi052.stdout:Mar 18 22:47:48 smithi052 ceph-444ca0c0-e579-11ee-95c9-87774f69a715-mgr-x[32748]:
2024-03-18T22:47:48.350+0000 7f015142f200 -1 mgr[py] Module progress has missing NOTIFY_TYPES member
2024-03-18T22:47:48.549 INFO:journalctl@ceph.mgr.x.smithi052.stdout:Mar 18 22:47:48 smithi052 ceph-444ca0c0-e579-11ee-95c9-87774f69a715-mgr-x[32748]:
2024-03-18T22:47:48.449+0000 7f015142f200 -1 mgr[py] Module pg_autoscaler has missing NOTIFY_TYPES member
2024-03-18T22:47:48.856 INFO:journalctl@ceph.mgr.x.smithi052.stdout:Mar 18 22:47:48 smithi052 ceph-444ca0c0-e579-11ee-95c9-87774f69a715-mgr-x[32748]:
2024-03-18T22:47:48.631+0000 7f015142f200 -1 mgr[py] Module devicehealth has missing NOTIFY_TYPES member
2024-03-18T22:47:49.988 INFO:journalctl@ceph.mgr.x.smithi052.stdout:Mar 18 22:47:49 smithi052 ceph-444ca0c0-e579-11ee-95c9-87774f69a715-mgr-x[32748]:
2024-03-18T22:47:49.643+0000 7f015142f200 -1 mgr[py] Module rook has missing NOTIFY_TYPES member
2024-03-18T22:47:49.989 INFO:journalctl@ceph.mgr.x.smithi052.stdout:Mar 18 22:47:49 smithi052 ceph-444ca0c0-e579-11ee-95c9-87774f69a715-mgr-x[32748]:
2024-03-18T22:47:49.780+0000 7f015142f200 -1 mgr[py] Module diskprediction_local has missing NOTIFY_TYPES member
2024-03-18T22:47:50.423 INFO:journalctl@ceph.mgr.x.smithi052.stdout:Mar 18 22:47:50 smithi052 ceph-444ca0c0-e579-11ee-95c9-87774f69a715-mgr-x[32748]:
2024-03-18T22:47:50.121+0000 7f015142f200 -1 mgr[py] Module selftest has missing NOTIFY_TYPES member
2024-03-18T22:47:50.423 INFO:journalctl@ceph.mgr.x.smithi052.stdout:Mar 18 22:47:50 smithi052 ceph-444ca0c0-e579-11ee-95c9-87774f69a715-mgr-x[32748]:
2024-03-18T22:47:50.215+0000 7f015142f200 -1 mgr[py] Module telegraf has missing NOTIFY_TYPES member
2024-03-18T22:47:50.423 INFO:journalctl@ceph.mgr.x.smithi052.stdout:Mar 18 22:47:50 smithi052 ceph-444ca0c0-e579-11ee-95c9-87774f69a715-mgr-x[32748]:
2024-03-18T22:47:50.421+0000 7f015142f200 -1 mgr[py] Module test_orchestrator has missing NOTIFY_TYPES member
2024-03-18T22:47:50.738 INFO:journalctl@ceph.mgr.x.smithi052.stdout:Mar 18 22:47:50 smithi052 ceph-444ca0c0-e579-11ee-95c9-87774f69a715-mgr-x[32748]:
2024-03-18T22:47:50.616+0000 7f015142f200 -1 mgr[py] Module crash has missing NOTIFY_TYPES member
2024-03-18T22:47:51.186 INFO:journalctl@ceph.mgr.x.smithi052.stdout:Mar 18 22:47:50 smithi052 ceph-444ca0c0-e579-11ee-95c9-87774f69a715-mgr-x[32748]:
2024-03-18T22:47:50.917+0000 7f015142f200 -1 mgr[py] Module orchestrator has missing NOTIFY_TYPES member
2024-03-18T22:47:51.488 INFO:journalctl@ceph.mgr.x.smithi052.stdout:Mar 18 22:47:51 smithi052 ceph-444ca0c0-e579-11ee-95c9-87774f69a715-mgr-x[32748]:
2024-03-18T22:47:51.184+0000 7f015142f200 -1 mgr[py] Module osd_support has missing NOTIFY_TYPES member
2024-03-18T22:47:51.489 INFO:journalctl@ceph.mgr.x.smithi052.stdout:Mar 18 22:47:51 smithi052 ceph-444ca0c0-e579-11ee-95c9-87774f69a715-mgr-x[32748]:
2024-03-18T22:47:51.433+0000 7f015142f200 -1 mgr[py] Module volumes has missing NOTIFY_TYPES member
2024-03-18T22:47:52.738 INFO:journalctl@ceph.mgr.x.smithi052.stdout:Mar 18 22:47:52 smithi052 ceph-444ca0c0-e579-11ee-95c9-87774f69a715-mgr-x[32748]:
2024-03-18T22:47:52.290+0000 7f015142f200 -1 mgr[py] Module telemetry has missing NOTIFY_TYPES member
2024-03-18T22:47:53.218 INFO:journalctl@ceph.mgr.x.smithi052.stdout:Mar 18 22:47:52 smithi052 ceph-444ca0c0-e579-11ee-95c9-87774f69a715-mgr-x[32748]:
2024-03-18T22:47:52.886+0000 7f015142f200 -1 mgr[py] Module prometheus has missing NOTIFY_TYPES member
2024-03-18T22:47:53.219 INFO:journalctl@ceph.mgr.x.smithi052.stdout:Mar 18 22:47:52 smithi052 ceph-444ca0c0-e579-11ee-95c9-87774f69a715-mgr-x[32748]:
2024-03-18T22:47:52.989+0000 7f015142f200 -1 mgr[py] Module status has missing NOTIFY_TYPES member
2024-03-18T22:47:53.219 INFO:journalctl@ceph.mgr.x.smithi052.stdout:Mar 18 22:47:53 smithi052 ceph-444ca0c0-e579-11ee-95c9-87774f69a715-mgr-x[32748]:
2024-03-18T22:47:53.217+0000 7f015142f200 -1 mgr[py] Module nfs has missing NOTIFY_TYPES member
2024-03-18T22:47:53.489 INFO:journalctl@ceph.mon.a.smithi052.stdout:Mar 18 22:47:53 smithi052 ceph-mon[32520]: Active manager daemon x restarted
2024-03-18T22:47:53.489 INFO:journalctl@ceph.mon.a.smithi052.stdout:Mar 18 22:47:53 smithi052 ceph-mon[32520]: Activating manager daemon x
2024-03-18T22:47:53.489 INFO:journalctl@ceph.mon.a.smithi052.stdout:Mar 18 22:47:53 smithi052 ceph-mon[32520]: osdmap e3: 0 total, 0 up, 0 in
2024-03-18T22:47:53.489 INFO:journalctl@ceph.mon.a.smithi052.stdout:Mar 18 22:47:53 smithi052 ceph-mon[32520]: mgrmap e10: x(active, starting, since 0.00352332s)
2024-03-18T22:47:53.489 INFO:journalctl@ceph.mon.a.smithi052.stdout:Mar 18 22:47:53 smithi052 ceph-mon[32520]: from='mgr.14152 172.21.15.52:0/2964624503' entity='mgr.x' cmd=[{"prefix": "mon metadata", "id": "a"}]: dispatch
2024-03-18T22:47:53.489 INFO:journalctl@ceph.mon.a.smithi052.stdout:Mar 18 22:47:53 smithi052 ceph-mon[32520]: from='mgr.14152 172.21.15.52:0/2964624503' entity='mgr.x' cmd=[{"prefix": "mgr metadata", "who": "x", "id": "x"}]: dispatch
2024-03-18T22:47:53.489 INFO:journalctl@ceph.mon.a.smithi052.stdout:Mar 18 22:47:53 smithi052 ceph-mon[32520]: from='mgr.14152 172.21.15.52:0/2964624503' entity='mgr.x' cmd=[{"prefix": "mds metadata"}]: dispatch
2024-03-18T22:47:53.489 INFO:journalctl@ceph.mon.a.smithi052.stdout:Mar 18 22:47:53 smithi052 ceph-mon[32520]: from='mgr.14152 172.21.15.52:0/2964624503' entity='mgr.x' cmd=[{"prefix": "osd metadata"}]: dispatch
2024-03-18T22:47:53.489 INFO:journalctl@ceph.mon.a.smithi052.stdout:Mar 18 22:47:53 smithi052 ceph-mon[32520]: from='mgr.14152 172.21.15.52:0/2964624503' entity='mgr.x' cmd=[{"prefix": "mon metadata"}]: dispatch
2024-03-18T22:47:53.490 INFO:journalctl@ceph.mon.a.smithi052.stdout:Mar 18 22:47:53 smithi052 ceph-mon[32520]: Manager daemon x is now available
2024-03-18T22:47:53.490 INFO:journalctl@ceph.mon.a.smithi052.stdout:Mar 18 22:47:53 smithi052 ceph-mon[32520]: from='mgr.14152 172.21.15.52:0/2964624503' entity='mgr.x' cmd=[{"prefix": "config dump", "format": "json"}]: dispatch
2024-03-18T22:47:53.490 INFO:journalctl@ceph.mon.a.smithi052.stdout:Mar 18 22:47:53 smithi052 ceph-mon[32520]: from='mgr.14152 172.21.15.52:0/2964624503' entity='mgr.x' cmd=[{"prefix": "config dump", "format": "json"}]: dispatch
2024-03-18T22:47:54.489 INFO:journalctl@ceph.mon.a.smithi052.stdout:Mar 18 22:47:54 smithi052 ceph-mon[32520]: from='mgr.14152 172.21.15.52:0/2964624503' entity='mgr.x' cmd=[{"prefix":"config rm","who":"mgr","name":"mgr/rbd_support/x/mirror_snapshot_schedule"}]: dispatch
2024-03-18T22:47:54.489 INFO:journalctl@ceph.mon.a.smithi052.stdout:Mar 18 22:47:54 smithi052 ceph-mon[32520]: from='mgr.14152 172.21.15.52:0/2964624503' entity='mgr.x' cmd=[{"prefix":"config rm","who":"mgr","name":"mgr/rbd_support/x/trash_purge_schedule"}]: dispatch
2024-03-18T22:47:54.489 INFO:journalctl@ceph.mon.a.smithi052.stdout:Mar 18 22:47:54 smithi052 ceph-mon[32520]: mgrmap e11: x(active, since 1.00607s)
2024-03-18T22:47:54.892 INFO:teuthology.orchestra.run.smithi052.stdout:/usr/bin/ceph: stdout {
2024-03-18T22:47:54.899 INFO:teuthology.orchestra.run.smithi052.stdout:/usr/bin/ceph: stdout "mgrmap_epoch": 11,
2024-03-18T22:47:54.900 INFO:teuthology.orchestra.run.smithi052.stdout:/usr/bin/ceph: stdout "initialized": true
2024-03-18T22:47:54.900 INFO:teuthology.orchestra.run.smithi052.stdout:/usr/bin/ceph: stdout }
2024-03-18T22:47:54.900 INFO:teuthology.orchestra.run.smithi052.stdout:/usr/bin/ceph: stderr
2024-03-18T22:47:48.872+0000 7f79b3f62700 1 Processor -- start
2024-03-18T22:47:54.900 INFO:teuthology.orchestra.run.smithi052.stdout:/usr/bin/ceph: stderr
2024-03-18T22:47:48.873+0000 7f79b3f62700 1 -- start start
2024-03-18T22:47:54.900 INFO:teuthology.orchestra.run.smithi052.stdout:/usr/bin/ceph: stderr
2024-03-18T22:47:48.873+0000 7f79b3f62700 1 --2- >> [v2:172.21.15.52:3300/0,v1:172.21.15.52:6789/0] conn(0x7f79ac1067d0 0x7f79ac106bf0 unknown :-1 s=NONE pgs=0 cs=0 l=0 rev1=0 crypto rx=0 tx=0 comp rx=0 tx=0).connect
2024-03-18T22:47:54.900 INFO:teuthology.orchestra.run.smithi052.stdout:/usr/bin/ceph: stderr
2024-03-18T22:47:48.873+0000 7f79b3f62700 1 -- --> [v2:172.21.15.52:3300/0,v1:172.21.15.52:6789/0] -- mon_getmap magic: 0 -- 0x7f79ac07be40 con 0x7f79ac1067d0
2024-03-18T22:47:54.900 INFO:teuthology.orchestra.run.smithi052.stdout:/usr/bin/ceph: stderr
2024-03-18T22:47:48.873+0000 7f79b1cfe700 1 --2- >> [v2:172.21.15.52:3300/0,v1:172.21.15.52:6789/0] conn(0x7f79ac1067d0 0x7f79ac106bf0 unknown :-1 s=BANNER_CONNECTING pgs=0 cs=0 l=0 rev1=0 crypto rx=0 tx=0 comp rx=0 tx=0)._handle_peer_banner_payload supported=3 required=0
2024-03-18T22:47:54.900 INFO:teuthology.orchestra.run.smithi052.stdout:/usr/bin/ceph: stderr
2024-03-18T22:47:48.873+0000 7f79b1cfe700 1 --2- >> [v2:172.21.15.52:3300/0,v1:172.21.15.52:6789/0] conn(0x7f79ac1067d0 0x7f79ac106bf0 unknown :-1 s=HELLO_CONNECTING pgs=0 cs=0 l=0 rev1=1 crypto rx=0 tx=0 comp rx=0 tx=0).handle_hello peer v2:172.21.15.52:3300/0 says I am v2:172.21.15.52:57282/0 (socket says 172.21.15.52:57282)
2024-03-18T22:47:54.900 INFO:teuthology.orchestra.run.smithi052.stdout:/usr/bin/ceph: stderr
2024-03-18T22:47:48.873+0000 7f79b1cfe700 1 -- 172.21.15.52:0/1989211543 learned_addr learned my addr 172.21.15.52:0/1989211543 (peer_addr_for_me v2:172.21.15.52:0/0)
2024-03-18T22:47:54.900 INFO:teuthology.orchestra.run.smithi052.stdout:/usr/bin/ceph: stderr
2024-03-18T22:47:48.873+0000 7f79b1cfe700 1 -- 172.21.15.52:0/1989211543 --> [v2:172.21.15.52:3300/0,v1:172.21.15.52:6789/0] -- mon_subscribe({config=0+,monmap=0+}) -- 0x7f79ac107130 con 0x7f79ac1067d0
2024-03-18T22:47:54.900 INFO:teuthology.orchestra.run.smithi052.stdout:/usr/bin/ceph: stderr
2024-03-18T22:47:48.873+0000 7f79b1cfe700 1 --2- 172.21.15.52:0/1989211543 >> [v2:172.21.15.52:3300/0,v1:172.21.15.52:6789/0] conn(0x7f79ac1067d0 0x7f79ac106bf0 secure :-1 s=READY pgs=61 cs=0 l=1 rev1=1 crypto rx=0x7f79a80098a0 tx=0x7f79a8009bb0 comp rx=0 tx=0).ready entity=mon.0 client_cookie=87b90c25ecb74bbf server_cookie=0 in_seq=0 out_seq=0
2024-03-18T22:47:54.900 INFO:teuthology.orchestra.run.smithi052.stdout:/usr/bin/ceph: stderr
2024-03-18T22:47:48.874+0000 7f79b0cfc700 1 -- 172.21.15.52:0/1989211543 <== mon.0 v2:172.21.15.52:3300/0 1 ==== mon_map magic: 0 ==== 205+0+0 (secure 0 0 0) 0x7f79a8004160 con 0x7f79ac1067d0
2024-03-18T22:47:54.900 INFO:teuthology.orchestra.run.smithi052.stdout:/usr/bin/ceph: stderr
2024-03-18T22:47:48.874+0000 7f79b0cfc700 1 -- 172.21.15.52:0/1989211543 <== mon.0 v2:172.21.15.52:3300/0 2 ==== config(28 keys) ==== 1174+0+0 (secure 0 0 0) 0x7f79a8004300 con 0x7f79ac1067d0
2024-03-18T22:47:54.901 INFO:teuthology.orchestra.run.smithi052.stdout:/usr/bin/ceph: stderr
2024-03-18T22:47:48.874+0000 7f79b0cfc700 1 -- 172.21.15.52:0/1989211543 <== mon.0 v2:172.21.15.52:3300/0 3 ==== mon_map magic: 0 ==== 205+0+0 (secure 0 0 0) 0x7f79a8011bb0 con 0x7f79ac1067d0
2024-03-18T22:47:54.901 INFO:teuthology.orchestra.run.smithi052.stdout:/usr/bin/ceph: stderr
2024-03-18T22:47:48.874+0000 7f79b3f62700 1 -- 172.21.15.52:0/1989211543 >> [v2:172.21.15.52:3300/0,v1:172.21.15.52:6789/0] conn(0x7f79ac1067d0 msgr2=0x7f79ac106bf0 secure :-1 s=STATE_CONNECTION_ESTABLISHED l=1).mark_down
2024-03-18T22:47:54.901 INFO:teuthology.orchestra.run.smithi052.stdout:/usr/bin/ceph: stderr
2024-03-18T22:47:48.874+0000 7f79b3f62700 1 --2- 172.21.15.52:0/1989211543 >> [v2:172.21.15.52:3300/0,v1:172.21.15.52:6789/0] conn(0x7f79ac1067d0 0x7f79ac106bf0 secure :-1 s=READY pgs=61 cs=0 l=1 rev1=1 crypto rx=0x7f79a80098a0 tx=0x7f79a8009bb0 comp rx=0 tx=0).stop
2024-03-18T22:47:54.901 INFO:teuthology.orchestra.run.smithi052.stdout:/usr/bin/ceph: stderr
2024-03-18T22:47:48.874+0000 7f79b3f62700 1 -- 172.21.15.52:0/1989211543 shutdown_connections
2024-03-18T22:47:54.901 INFO:teuthology.orchestra.run.smithi052.stdout:/usr/bin/ceph: stderr
2024-03-18T22:47:48.874+0000 7f79b3f62700 1 --2- 172.21.15.52:0/1989211543 >> [v2:172.21.15.52:3300/0,v1:172.21.15.52:6789/0] conn(0x7f79ac1067d0 0x7f79ac106bf0 unknown :-1 s=CLOSED pgs=61 cs=0 l=1 rev1=1 crypto rx=0 tx=0 comp rx=0 tx=0).stop
2024-03-18T22:47:54.901 INFO:teuthology.orchestra.run.smithi052.stdout:/usr/bin/ceph: stderr
2024-03-18T22:47:48.874+0000 7f79b3f62700 1 -- 172.21.15.52:0/1989211543 >> 172.21.15.52:0/1989211543 conn(0x7f79ac1023d0 msgr2=0x7f79ac1047f0 unknown :-1 s=STATE_NONE l=0).mark_down
2024-03-18T22:47:54.901 INFO:teuthology.orchestra.run.smithi052.stdout:/usr/bin/ceph: stderr
2024-03-18T22:47:48.874+0000 7f79b3f62700 1 -- 172.21.15.52:0/1989211543 shutdown_connections
2024-03-18T22:47:54.901 INFO:teuthology.orchestra.run.smithi052.stdout:/usr/bin/ceph: stderr
2024-03-18T22:47:48.874+0000 7f79b3f62700 1 -- 172.21.15.52:0/1989211543 wait complete.
2024-03-18T22:47:54.901 INFO:teuthology.orchestra.run.smithi052.stdout:/usr/bin/ceph: stderr
2024-03-18T22:47:48.875+0000 7f79b3f62700 1 Processor -- start
2024-03-18T22:47:54.901 INFO:teuthology.orchestra.run.smithi052.stdout:/usr/bin/ceph: stderr
2024-03-18T22:47:48.875+0000 7f79b3f62700 1 -- start start
2024-03-18T22:47:54.901 INFO:teuthology.orchestra.run.smithi052.stdout:/usr/bin/ceph: stderr
2024-03-18T22:47:48.875+0000 7f79b3f62700 1 --2- >> [v2:172.21.15.52:3300/0,v1:172.21.15.52:6789/0] conn(0x7f79ac1067d0 0x7f79ac19e160 unknown :-1 s=NONE pgs=0 cs=0 l=1 rev1=0 crypto rx=0 tx=0 comp rx=0 tx=0).connect
2024-03-18T22:47:54.901 INFO:teuthology.orchestra.run.smithi052.stdout:/usr/bin/ceph: stderr
2024-03-18T22:47:48.875+0000 7f79b3f62700 1 -- --> [v2:172.21.15.52:3300/0,v1:172.21.15.52:6789/0] -- mon_getmap magic: 0 -- 0x7f79ac108260 con 0x7f79ac1067d0
2024-03-18T22:47:54.901 INFO:teuthology.orchestra.run.smithi052.stdout:/usr/bin/ceph: stderr
2024-03-18T22:47:48.875+0000 7f79b1cfe700 1 --2- >> [v2:172.21.15.52:3300/0,v1:172.21.15.52:6789/0] conn(0x7f79ac1067d0 0x7f79ac19e160 unknown :-1 s=BANNER_CONNECTING pgs=0 cs=0 l=1 rev1=0 crypto rx=0 tx=0 comp rx=0 tx=0)._handle_peer_banner_payload supported=3 required=0
2024-03-18T22:47:54.902 INFO:teuthology.orchestra.run.smithi052.stdout:/usr/bin/ceph: stderr
2024-03-18T22:47:48.875+0000 7f79b1cfe700 1 --2- >> [v2:172.21.15.52:3300/0,v1:172.21.15.52:6789/0] conn(0x7f79ac1067d0 0x7f79ac19e160 unknown :-1 s=HELLO_CONNECTING pgs=0 cs=0 l=1 rev1=1 crypto rx=0 tx=0 comp rx=0 tx=0).handle_hello peer v2:172.21.15.52:3300/0 says I am v2:172.21.15.52:57288/0 (socket says 172.21.15.52:57288)
2024-03-18T22:47:54.902 INFO:teuthology.orchestra.run.smithi052.stdout:/usr/bin/ceph: stderr
2024-03-18T22:47:48.875+0000 7f79b1cfe700 1 -- 172.21.15.52:0/706441078 learned_addr learned my addr 172.21.15.52:0/706441078 (peer_addr_for_me v2:172.21.15.52:0/0)
2024-03-18T22:47:54.902 INFO:teuthology.orchestra.run.smithi052.stdout:/usr/bin/ceph: stderr
2024-03-18T22:47:48.876+0000 7f79b1cfe700 1 -- 172.21.15.52:0/706441078 --> [v2:172.21.15.52:3300/0,v1:172.21.15.52:6789/0] -- mon_subscribe({config=0+,monmap=0+}) -- 0x7f79ac19e6a0 con 0x7f79ac1067d0
2024-03-18T22:47:54.902 INFO:teuthology.orchestra.run.smithi052.stdout:/usr/bin/ceph: stderr
2024-03-18T22:47:48.876+0000 7f79b1cfe700 1 --2- 172.21.15.52:0/706441078 >> [v2:172.21.15.52:3300/0,v1:172.21.15.52:6789/0] conn(0x7f79ac1067d0 0x7f79ac19e160 secure :-1 s=READY pgs=62 cs=0 l=1 rev1=1 crypto rx=0x7f79a8011690 tx=0x7f79a8011ca0 comp rx=0 tx=0).ready entity=mon.0 client_cookie=0 server_cookie=0 in_seq=0 out_seq=0
2024-03-18T22:47:54.902 INFO:teuthology.orchestra.run.smithi052.stdout:/usr/bin/ceph: stderr
2024-03-18T22:47:48.876+0000 7f799effd700 1 -- 172.21.15.52:0/706441078 <== mon.0 v2:172.21.15.52:3300/0 1 ==== mon_map magic: 0 ==== 205+0+0 (secure 0 0 0) 0x7f79a8003930 con 0x7f79ac1067d0
2024-03-18T22:47:54.902 INFO:teuthology.orchestra.run.smithi052.stdout:/usr/bin/ceph: stderr
2024-03-18T22:47:48.876+0000 7f799effd700 1 -- 172.21.15.52:0/706441078 <== mon.0 v2:172.21.15.52:3300/0 2 ==== config(28 keys) ==== 1174+0+0 (secure 0 0 0) 0x7f79a8003ad0 con 0x7f79ac1067d0
2024-03-18T22:47:54.902 INFO:teuthology.orchestra.run.smithi052.stdout:/usr/bin/ceph: stderr
2024-03-18T22:47:48.876+0000 7f79b3f62700 1 -- 172.21.15.52:0/706441078 --> [v2:172.21.15.52:3300/0,v1:172.21.15.52:6789/0] -- mon_subscribe({mgrmap=0+}) -- 0x7f79ac19e930 con 0x7f79ac1067d0
2024-03-18T22:47:54.902 INFO:teuthology.orchestra.run.smithi052.stdout:/usr/bin/ceph: stderr
2024-03-18T22:47:48.876+0000 7f799effd700 1 -- 172.21.15.52:0/706441078 <== mon.0 v2:172.21.15.52:3300/0 3 ==== mon_map magic: 0 ==== 205+0+0 (secure 0 0 0) 0x7f79a8019730 con 0x7f79ac1067d0
2024-03-18T22:47:54.902 INFO:teuthology.orchestra.run.smithi052.stdout:/usr/bin/ceph: stderr
2024-03-18T22:47:48.876+0000 7f79b3f62700 1 -- 172.21.15.52:0/706441078 --> [v2:172.21.15.52:3300/0,v1:172.21.15.52:6789/0] -- mon_subscribe({osdmap=0}) -- 0x7f79ac19ed90 con 0x7f79ac1067d0
2024-03-18T22:47:54.902 INFO:teuthology.orchestra.run.smithi052.stdout:/usr/bin/ceph: stderr
2024-03-18T22:47:48.877+0000 7f799effd700 1 -- 172.21.15.52:0/706441078 <== mon.0 v2:172.21.15.52:3300/0 4 ==== mgrmap(e 9) ==== 46119+0+0 (secure 0 0 0) 0x7f79a80199e0 con 0x7f79ac1067d0
2024-03-18T22:47:54.902 INFO:teuthology.orchestra.run.smithi052.stdout:/usr/bin/ceph: stderr
2024-03-18T22:47:48.877+0000 7f799effd700 1 --2- 172.21.15.52:0/706441078 >> [v2:172.21.15.52:6800/2150375137,v1:172.21.15.52:6801/2150375137] conn(0x7f7998038f80 0x7f799803b440 unknown :-1 s=NONE pgs=0 cs=0 l=1 rev1=0 crypto rx=0 tx=0 comp rx=0 tx=0).connect
2024-03-18T22:47:54.902 INFO:teuthology.orchestra.run.smithi052.stdout:/usr/bin/ceph: stderr
2024-03-18T22:47:48.877+0000 7f79b3f62700 1 -- 172.21.15.52:0/706441078 --> [v2:172.21.15.52:6800/2150375137,v1:172.21.15.52:6801/2150375137] -- command(tid 0: {"prefix": "get_command_descriptions"}) -- 0x7f79ac063940 con 0x7f7998038f80
2024-03-18T22:47:54.902 INFO:teuthology.orchestra.run.smithi052.stdout:/usr/bin/ceph: stderr
2024-03-18T22:47:48.877+0000 7f799effd700 1 -- 172.21.15.52:0/706441078 <== mon.0 v2:172.21.15.52:3300/0 5 ==== osd_map(2..2 src has 1..2) ==== 940+0+0 (secure 0 0 0) 0x7f79a804d400 con 0x7f79ac1067d0
2024-03-18T22:47:54.903 INFO:teuthology.orchestra.run.smithi052.stdout:/usr/bin/ceph: stderr
2024-03-18T22:47:48.877+0000 7f79b14fd700 1 -- 172.21.15.52:0/706441078 >> [v2:172.21.15.52:6800/2150375137,v1:172.21.15.52:6801/2150375137] conn(0x7f7998038f80 msgr2=0x7f799803b440 unknown :-1 s=STATE_CONNECTING_RE l=1).process reconnect failed to v2:172.21.15.52:6800/2150375137
2024-03-18T22:47:54.903 INFO:teuthology.orchestra.run.smithi052.stdout:/usr/bin/ceph: stderr
2024-03-18T22:47:48.877+0000 7f79b14fd700 1 --2- 172.21.15.52:0/706441078 >> [v2:172.21.15.52:6800/2150375137,v1:172.21.15.52:6801/2150375137] conn(0x7f7998038f80 0x7f799803b440 unknown :-1 s=START_CONNECT pgs=0 cs=0 l=1 rev1=0 crypto rx=0 tx=0 comp rx=0 tx=0)._fault waiting 0.200000
2024-03-18T22:47:54.903 INFO:teuthology.orchestra.run.smithi052.stdout:/usr/bin/ceph: stderr
2024-03-18T22:47:49.078+0000 7f79b14fd700 1 -- 172.21.15.52:0/706441078 >> [v2:172.21.15.52:6800/2150375137,v1:172.21.15.52:6801/2150375137] conn(0x7f7998038f80 msgr2=0x7f799803b440 unknown :-1 s=STATE_CONNECTING_RE l=1).process reconnect failed to v2:172.21.15.52:6800/2150375137
2024-03-18T22:47:54.903 INFO:teuthology.orchestra.run.smithi052.stdout:/usr/bin/ceph: stderr
2024-03-18T22:47:49.078+0000 7f79b14fd700 1 --2- 172.21.15.52:0/706441078 >> [v2:172.21.15.52:6800/2150375137,v1:172.21.15.52:6801/2150375137] conn(0x7f7998038f80 0x7f799803b440 unknown :-1 s=START_CONNECT pgs=0 cs=0 l=1 rev1=0 crypto rx=0 tx=0 comp rx=0 tx=0)._fault waiting 0.400000
2024-03-18T22:47:54.903 INFO:teuthology.orchestra.run.smithi052.stdout:/usr/bin/ceph: stderr
2024-03-18T22:47:49.479+0000 7f79b14fd700 1 -- 172.21.15.52:0/706441078 >> [v2:172.21.15.52:6800/2150375137,v1:172.21.15.52:6801/2150375137] conn(0x7f7998038f80 msgr2=0x7f799803b440 unknown :-1 s=STATE_CONNECTING_RE l=1).process reconnect failed to v2:172.21.15.52:6800/2150375137
2024-03-18T22:47:54.903 INFO:teuthology.orchestra.run.smithi052.stdout:/usr/bin/ceph: stderr
2024-03-18T22:47:49.479+0000 7f79b14fd700 1 --2- 172.21.15.52:0/706441078 >> [v2:172.21.15.52:6800/2150375137,v1:172.21.15.52:6801/2150375137] conn(0x7f7998038f80 0x7f799803b440 unknown :-1 s=START_CONNECT pgs=0 cs=0 l=1 rev1=0 crypto rx=0 tx=0 comp rx=0 tx=0)._fault waiting 0.800000
2024-03-18T22:47:54.903 INFO:teuthology.orchestra.run.smithi052.stdout:/usr/bin/ceph: stderr
2024-03-18T22:47:50.280+0000 7f79b14fd700 1 -- 172.21.15.52:0/706441078 >> [v2:172.21.15.52:6800/2150375137,v1:172.21.15.52:6801/2150375137] conn(0x7f7998038f80 msgr2=0x7f799803b440 unknown :-1 s=STATE_CONNECTING_RE l=1).process reconnect failed to v2:172.21.15.52:6800/2150375137
2024-03-18T22:47:54.903 INFO:teuthology.orchestra.run.smithi052.stdout:/usr/bin/ceph: stderr
2024-03-18T22:47:50.280+0000 7f79b14fd700 1 --2- 172.21.15.52:0/706441078 >> [v2:172.21.15.52:6800/2150375137,v1:172.21.15.52:6801/2150375137] conn(0x7f7998038f80 0x7f799803b440 unknown :-1 s=START_CONNECT pgs=0 cs=0 l=1 rev1=0 crypto rx=0 tx=0 comp rx=0 tx=0)._fault waiting 1.600000
2024-03-18T22:47:54.903 INFO:teuthology.orchestra.run.smithi052.stdout:/usr/bin/ceph: stderr
2024-03-18T22:47:51.881+0000 7f79b14fd700 1 -- 172.21.15.52:0/706441078 >> [v2:172.21.15.52:6800/2150375137,v1:172.21.15.52:6801/2150375137] conn(0x7f7998038f80 msgr2=0x7f799803b440 unknown :-1 s=STATE_CONNECTING_RE l=1).process reconnect failed to v2:172.21.15.52:6800/2150375137
2024-03-18T22:47:54.903 INFO:teuthology.orchestra.run.smithi052.stdout:/usr/bin/ceph: stderr
2024-03-18T22:47:51.881+0000 7f79b14fd700 1 --2- 172.21.15.52:0/706441078 >> [v2:172.21.15.52:6800/2150375137,v1:172.21.15.52:6801/2150375137] conn(0x7f7998038f80 0x7f799803b440 unknown :-1 s=START_CONNECT pgs=0 cs=0 l=1 rev1=0 crypto rx=0 tx=0 comp rx=0 tx=0)._fault waiting 3.200000
2024-03-18T22:47:54.903 INFO:teuthology.orchestra.run.smithi052.stdout:/usr/bin/ceph: stderr
2024-03-18T22:47:53.233+0000 7f799effd700 1 -- 172.21.15.52:0/706441078 <== mon.0 v2:172.21.15.52:3300/0 6 ==== mgrmap(e 10) ==== 45886+0+0 (secure 0 0 0) 0x7f79a802d960 con 0x7f79ac1067d0
2024-03-18T22:47:54.903 INFO:teuthology.orchestra.run.smithi052.stdout:/usr/bin/ceph: stderr
2024-03-18T22:47:53.233+0000 7f799effd700 1 -- 172.21.15.52:0/706441078 >> [v2:172.21.15.52:6800/2150375137,v1:172.21.15.52:6801/2150375137] conn(0x7f7998038f80 msgr2=0x7f799803b440 unknown :-1 s=STATE_CONNECTING l=1).mark_down
2024-03-18T22:47:54.903 INFO:teuthology.orchestra.run.smithi052.stdout:/usr/bin/ceph: stderr
2024-03-18T22:47:53.233+0000 7f799effd700 1 --2- 172.21.15.52:0/706441078 >> [v2:172.21.15.52:6800/2150375137,v1:172.21.15.52:6801/2150375137] conn(0x7f7998038f80 0x7f799803b440 unknown :-1 s=START_CONNECT pgs=0 cs=0 l=1 rev1=0 crypto rx=0 tx=0 comp rx=0 tx=0).stop
2024-03-18T22:47:54.904 INFO:teuthology.orchestra.run.smithi052.stdout:/usr/bin/ceph: stderr
2024-03-18T22:47:54.234+0000 7f799effd700 1 -- 172.21.15.52:0/706441078 <== mon.0 v2:172.21.15.52:3300/0 7 ==== mgrmap(e 11) ==== 46013+0+0 (secure 0 0 0) 0x7f79a8018350 con 0x7f79ac1067d0
2024-03-18T22:47:54.904 INFO:teuthology.orchestra.run.smithi052.stdout:/usr/bin/ceph: stderr
2024-03-18T22:47:54.235+0000 7f799effd700 1 --2- 172.21.15.52:0/706441078 >> [v2:172.21.15.52:6800/2914531926,v1:172.21.15.52:6801/2914531926] conn(0x7f799803c840 0x7f799803ec30 unknown :-1 s=NONE pgs=0 cs=0 l=1 rev1=0 crypto rx=0 tx=0 comp rx=0 tx=0).connect
2024-03-18T22:47:54.904 INFO:teuthology.orchestra.run.smithi052.stdout:/usr/bin/ceph: stderr
2024-03-18T22:47:54.235+0000 7f799effd700 1 -- 172.21.15.52:0/706441078 --> [v2:172.21.15.52:6800/2914531926,v1:172.21.15.52:6801/2914531926] -- command(tid 0: {"prefix": "get_command_descriptions"}) -- 0x7f79a8012ea0 con 0x7f799803c840
2024-03-18T22:47:54.904 INFO:teuthology.orchestra.run.smithi052.stdout:/usr/bin/ceph: stderr
2024-03-18T22:47:54.235+0000 7f79b14fd700 1 --2- 172.21.15.52:0/706441078 >> [v2:172.21.15.52:6800/2914531926,v1:172.21.15.52:6801/2914531926] conn(0x7f799803c840 0x7f799803ec30 unknown :-1 s=BANNER_CONNECTING pgs=0 cs=0 l=1 rev1=0 crypto rx=0 tx=0 comp rx=0 tx=0)._handle_peer_banner_payload supported=3 required=0
2024-03-18T22:47:54.904 INFO:teuthology.orchestra.run.smithi052.stdout:/usr/bin/ceph: stderr
2024-03-18T22:47:54.236+0000 7f79b14fd700 1 --2- 172.21.15.52:0/706441078 >> [v2:172.21.15.52:6800/2914531926,v1:172.21.15.52:6801/2914531926] conn(0x7f799803c840 0x7f799803ec30 secure :-1 s=READY pgs=2 cs=0 l=1 rev1=1 crypto rx=0x7f79a0003a10 tx=0x7f79a0009270 comp rx=0 tx=0).ready entity=mgr.14152 client_cookie=0 server_cookie=0 in_seq=0 out_seq=0
2024-03-18T22:47:54.904 INFO:teuthology.orchestra.run.smithi052.stdout:/usr/bin/ceph: stderr
2024-03-18T22:47:54.237+0000 7f799effd700 1 -- 172.21.15.52:0/706441078 <== mgr.14152 v2:172.21.15.52:6800/2914531926 1 ==== command_reply(tid 0: 0 ) ==== 8+0+7774 (secure 0 0 0) 0x7f79a8012ea0 con 0x7f799803c840
2024-03-18T22:47:54.904 INFO:teuthology.orchestra.run.smithi052.stdout:/usr/bin/ceph: stderr
2024-03-18T22:47:54.248+0000 7f79b3f62700 1 -- 172.21.15.52:0/706441078 --> [v2:172.21.15.52:6800/2914531926,v1:172.21.15.52:6801/2914531926] -- command(tid 1: {"prefix": "mgr_status"}) -- 0x7f79ac062750 con 0x7f799803c840
2024-03-18T22:47:54.904 INFO:teuthology.orchestra.run.smithi052.stdout:/usr/bin/ceph: stderr
2024-03-18T22:47:54.248+0000 7f799effd700 1 -- 172.21.15.52:0/706441078 <== mgr.14152 v2:172.21.15.52:6800/2914531926 2 ==== command_reply(tid 1: 0 ) ==== 8+0+52 (secure 0 0 0) 0x7f79ac062750 con 0x7f799803c840
2024-03-18T22:47:54.904 INFO:teuthology.orchestra.run.smithi052.stdout:/usr/bin/ceph: stderr
2024-03-18T22:47:54.249+0000 7f79b3f62700 1 -- 172.21.15.52:0/706441078 >> [v2:172.21.15.52:6800/2914531926,v1:172.21.15.52:6801/2914531926] conn(0x7f799803c840 msgr2=0x7f799803ec30 secure :-1 s=STATE_CONNECTION_ESTABLISHED l=1).mark_down
2024-03-18T22:47:54.904 INFO:teuthology.orchestra.run.smithi052.stdout:/usr/bin/ceph: stderr
