2024-03-18T23:36:05.290 INFO:teuthology.orchestra.run.smithi077.stdout:/usr/bin/ceph: stderr
2024-03-18T23:36:04.460+0000 7f332cb86700 1 --2- >> [v2:172.21.15.77:3300/0,v1:172.21.15.77:6789/0] conn(0x7f33281086d0 0x7f332810aac0 unknown :-1 s=NONE pgs=0 cs=0 l=0 rev1=0 crypto rx=0 tx=0 comp rx=0 tx=0).connect
2024-03-18T23:36:05.290 INFO:teuthology.orchestra.run.smithi077.stdout:/usr/bin/ceph: stderr
2024-03-18T23:36:04.460+0000 7f332cb86700 1 -- --> [v2:172.21.15.77:3300/0,v1:172.21.15.77:6789/0] -- mon_getmap magic: 0 -- 0x7f332807be30 con 0x7f33281086d0
2024-03-18T23:36:05.290 INFO:teuthology.orchestra.run.smithi077.stdout:/usr/bin/ceph: stderr
2024-03-18T23:36:04.461+0000 7f332659c700 1 --2- >> [v2:172.21.15.77:3300/0,v1:172.21.15.77:6789/0] conn(0x7f33281086d0 0x7f332810aac0 unknown :-1 s=BANNER_CONNECTING pgs=0 cs=0 l=0 rev1=0 crypto rx=0 tx=0 comp rx=0 tx=0)._handle_peer_banner_payload supported=3 required=0
2024-03-18T23:36:05.290 INFO:teuthology.orchestra.run.smithi077.stdout:/usr/bin/ceph: stderr
2024-03-18T23:36:04.461+0000 7f332659c700 1 --2- >> [v2:172.21.15.77:3300/0,v1:172.21.15.77:6789/0] conn(0x7f33281086d0 0x7f332810aac0 unknown :-1 s=HELLO_CONNECTING pgs=0 cs=0 l=0 rev1=1 crypto rx=0 tx=0 comp rx=0 tx=0).handle_hello peer v2:172.21.15.77:3300/0 says I am v2:172.21.15.77:52856/0 (socket says 172.21.15.77:52856)
2024-03-18T23:36:05.290 INFO:teuthology.orchestra.run.smithi077.stdout:/usr/bin/ceph: stderr
2024-03-18T23:36:04.461+0000 7f332659c700 1 -- 172.21.15.77:0/610691052 learned_addr learned my addr 172.21.15.77:0/610691052 (peer_addr_for_me v2:172.21.15.77:0/0)
2024-03-18T23:36:05.290 INFO:teuthology.orchestra.run.smithi077.stdout:/usr/bin/ceph: stderr
2024-03-18T23:36:04.461+0000 7f332659c700 1 -- 172.21.15.77:0/610691052 --> [v2:172.21.15.77:3300/0,v1:172.21.15.77:6789/0] -- mon_subscribe({config=0+,monmap=0+}) -- 0x7f332810b000 con 0x7f33281086d0
2024-03-18T23:36:05.290 INFO:teuthology.orchestra.run.smithi077.stdout:/usr/bin/ceph: stderr
2024-03-18T23:36:04.461+0000 7f332659c700 1 --2- 172.21.15.77:0/610691052 >> [v2:172.21.15.77:3300/0,v1:172.21.15.77:6789/0] conn(0x7f33281086d0 0x7f332810aac0 secure :-1 s=READY pgs=51 cs=0 l=1 rev1=1 crypto rx=0x7f331c0098a0 tx=0x7f331c009bb0 comp rx=0 tx=0).ready entity=mon.0 client_cookie=8f689a017b0da794 server_cookie=0 in_seq=0 out_seq=0
2024-03-18T23:36:05.290 INFO:teuthology.orchestra.run.smithi077.stdout:/usr/bin/ceph: stderr
2024-03-18T23:36:04.461+0000 7f332559a700 1 -- 172.21.15.77:0/610691052 <== mon.0 v2:172.21.15.77:3300/0 1 ==== mon_map magic: 0 ==== 205+0+0 (secure 0 0 0) 0x7f331c004160 con 0x7f33281086d0
2024-03-18T23:36:05.290 INFO:teuthology.orchestra.run.smithi077.stdout:/usr/bin/ceph: stderr
2024-03-18T23:36:04.461+0000 7f332559a700 1 -- 172.21.15.77:0/610691052 <== mon.0 v2:172.21.15.77:3300/0 2 ==== config(27 keys) ==== 1140+0+0 (secure 0 0 0) 0x7f331c004300 con 0x7f33281086d0
2024-03-18T23:36:05.290 INFO:teuthology.orchestra.run.smithi077.stdout:/usr/bin/ceph: stderr
2024-03-18T23:36:04.461+0000 7f332559a700 1 -- 172.21.15.77:0/610691052 <== mon.0 v2:172.21.15.77:3300/0 3 ==== mon_map magic: 0 ==== 205+0+0 (secure 0 0 0) 0x7f331c011b20 con 0x7f33281086d0
2024-03-18T23:36:05.291 INFO:teuthology.orchestra.run.smithi077.stdout:/usr/bin/ceph: stderr
2024-03-18T23:36:04.462+0000 7f332cb86700 1 -- 172.21.15.77:0/610691052 >> [v2:172.21.15.77:3300/0,v1:172.21.15.77:6789/0] conn(0x7f33281086d0 msgr2=0x7f332810aac0 secure :-1 s=STATE_CONNECTION_ESTABLISHED l=1).mark_down
2024-03-18T23:36:05.291 INFO:teuthology.orchestra.run.smithi077.stdout:/usr/bin/ceph: stderr
2024-03-18T23:36:04.462+0000 7f332cb86700 1 --2- 172.21.15.77:0/610691052 >> [v2:172.21.15.77:3300/0,v1:172.21.15.77:6789/0] conn(0x7f33281086d0 0x7f332810aac0 secure :-1 s=READY pgs=51 cs=0 l=1 rev1=1 crypto rx=0x7f331c0098a0 tx=0x7f331c009bb0 comp rx=0 tx=0).stop
2024-03-18T23:36:05.291 INFO:teuthology.orchestra.run.smithi077.stdout:/usr/bin/ceph: stderr
2024-03-18T23:36:04.462+0000 7f332cb86700 1 -- 172.21.15.77:0/610691052 shutdown_connections
2024-03-18T23:36:05.291 INFO:teuthology.orchestra.run.smithi077.stdout:/usr/bin/ceph: stderr
2024-03-18T23:36:04.462+0000 7f332cb86700 1 --2- 172.21.15.77:0/610691052 >> [v2:172.21.15.77:3300/0,v1:172.21.15.77:6789/0] conn(0x7f33281086d0 0x7f332810aac0 unknown :-1 s=CLOSED pgs=51 cs=0 l=1 rev1=1 crypto rx=0 tx=0 comp rx=0 tx=0).stop
2024-03-18T23:36:05.291 INFO:teuthology.orchestra.run.smithi077.stdout:/usr/bin/ceph: stderr
2024-03-18T23:36:04.462+0000 7f332cb86700 1 -- 172.21.15.77:0/610691052 >> 172.21.15.77:0/610691052 conn(0x7f3328102080 msgr2=0x7f33281044c0 unknown :-1 s=STATE_NONE l=0).mark_down
2024-03-18T23:36:05.291 INFO:teuthology.orchestra.run.smithi077.stdout:/usr/bin/ceph: stderr
2024-03-18T23:36:04.462+0000 7f332cb86700 1 -- 172.21.15.77:0/610691052 shutdown_connections
2024-03-18T23:36:05.291 INFO:teuthology.orchestra.run.smithi077.stdout:/usr/bin/ceph: stderr
2024-03-18T23:36:04.462+0000 7f332cb86700 1 -- 172.21.15.77:0/610691052 wait complete.
2024-03-18T23:36:05.291 INFO:teuthology.orchestra.run.smithi077.stdout:/usr/bin/ceph: stderr
2024-03-18T23:36:04.463+0000 7f332cb86700 1 Processor -- start
2024-03-18T23:36:05.291 INFO:teuthology.orchestra.run.smithi077.stdout:/usr/bin/ceph: stderr
2024-03-18T23:36:04.463+0000 7f332cb86700 1 -- start start
2024-03-18T23:36:05.291 INFO:teuthology.orchestra.run.smithi077.stdout:/usr/bin/ceph: stderr
2024-03-18T23:36:04.463+0000 7f332cb86700 1 --2- >> [v2:172.21.15.77:3300/0,v1:172.21.15.77:6789/0] conn(0x7f33281086d0 0x7f332819bbc0 unknown :-1 s=NONE pgs=0 cs=0 l=1 rev1=0 crypto rx=0 tx=0 comp rx=0 tx=0).connect
2024-03-18T23:36:05.291 INFO:teuthology.orchestra.run.smithi077.stdout:/usr/bin/ceph: stderr
2024-03-18T23:36:04.463+0000 7f332659c700 1 --2- >> [v2:172.21.15.77:3300/0,v1:172.21.15.77:6789/0] conn(0x7f33281086d0 0x7f332819bbc0 unknown :-1 s=BANNER_CONNECTING pgs=0 cs=0 l=1 rev1=0 crypto rx=0 tx=0 comp rx=0 tx=0)._handle_peer_banner_payload supported=3 required=0
2024-03-18T23:36:05.291 INFO:teuthology.orchestra.run.smithi077.stdout:/usr/bin/ceph: stderr
2024-03-18T23:36:04.464+0000 7f332659c700 1 --2- >> [v2:172.21.15.77:3300/0,v1:172.21.15.77:6789/0] conn(0x7f33281086d0 0x7f332819bbc0 unknown :-1 s=HELLO_CONNECTING pgs=0 cs=0 l=1 rev1=1 crypto rx=0 tx=0 comp rx=0 tx=0).handle_hello peer v2:172.21.15.77:3300/0 says I am v2:172.21.15.77:52864/0 (socket says 172.21.15.77:52864)
2024-03-18T23:36:05.291 INFO:teuthology.orchestra.run.smithi077.stdout:/usr/bin/ceph: stderr
2024-03-18T23:36:04.464+0000 7f332cb86700 1 -- --> [v2:172.21.15.77:3300/0,v1:172.21.15.77:6789/0] -- mon_getmap magic: 0 -- 0x7f332810c000 con 0x7f33281086d0
2024-03-18T23:36:05.291 INFO:teuthology.orchestra.run.smithi077.stdout:/usr/bin/ceph: stderr
2024-03-18T23:36:04.464+0000 7f332659c700 1 -- 172.21.15.77:0/3239127251 learned_addr learned my addr 172.21.15.77:0/3239127251 (peer_addr_for_me v2:172.21.15.77:0/0)
2024-03-18T23:36:05.292 INFO:teuthology.orchestra.run.smithi077.stdout:/usr/bin/ceph: stderr
2024-03-18T23:36:04.464+0000 7f332659c700 1 -- 172.21.15.77:0/3239127251 --> [v2:172.21.15.77:3300/0,v1:172.21.15.77:6789/0] -- mon_subscribe({config=0+,monmap=0+}) -- 0x7f332819c100 con 0x7f33281086d0
2024-03-18T23:36:05.292 INFO:teuthology.orchestra.run.smithi077.stdout:/usr/bin/ceph: stderr
2024-03-18T23:36:04.464+0000 7f332659c700 1 --2- 172.21.15.77:0/3239127251 >> [v2:172.21.15.77:3300/0,v1:172.21.15.77:6789/0] conn(0x7f33281086d0 0x7f332819bbc0 secure :-1 s=READY pgs=52 cs=0 l=1 rev1=1 crypto rx=0x7f331c0116a0 tx=0x7f331c011ba0 comp rx=0 tx=0).ready entity=mon.0 client_cookie=0 server_cookie=0 in_seq=0 out_seq=0
2024-03-18T23:36:05.292 INFO:teuthology.orchestra.run.smithi077.stdout:/usr/bin/ceph: stderr
2024-03-18T23:36:04.464+0000 7f33177fe700 1 -- 172.21.15.77:0/3239127251 <== mon.0 v2:172.21.15.77:3300/0 1 ==== mon_map magic: 0 ==== 205+0+0 (secure 0 0 0) 0x7f331c003a40 con 0x7f33281086d0
2024-03-18T23:36:05.292 INFO:teuthology.orchestra.run.smithi077.stdout:/usr/bin/ceph: stderr
2024-03-18T23:36:04.464+0000 7f33177fe700 1 -- 172.21.15.77:0/3239127251 <== mon.0 v2:172.21.15.77:3300/0 2 ==== config(27 keys) ==== 1140+0+0 (secure 0 0 0) 0x7f331c003be0 con 0x7f33281086d0
2024-03-18T23:36:05.292 INFO:teuthology.orchestra.run.smithi077.stdout:/usr/bin/ceph: stderr
2024-03-18T23:36:04.464+0000 7f332cb86700 1 -- 172.21.15.77:0/3239127251 --> [v2:172.21.15.77:3300/0,v1:172.21.15.77:6789/0] -- mon_subscribe({mgrmap=0+}) -- 0x7f332819c390 con 0x7f33281086d0
2024-03-18T23:36:05.292 INFO:teuthology.orchestra.run.smithi077.stdout:/usr/bin/ceph: stderr
2024-03-18T23:36:04.464+0000 7f33177fe700 1 -- 172.21.15.77:0/3239127251 <== mon.0 v2:172.21.15.77:3300/0 3 ==== mon_map magic: 0 ==== 205+0+0 (secure 0 0 0) 0x7f331c01a750 con 0x7f33281086d0
2024-03-18T23:36:05.292 INFO:teuthology.orchestra.run.smithi077.stdout:/usr/bin/ceph: stderr
2024-03-18T23:36:04.464+0000 7f332cb86700 1 -- 172.21.15.77:0/3239127251 --> [v2:172.21.15.77:3300/0,v1:172.21.15.77:6789/0] -- mon_subscribe({osdmap=0}) -- 0x7f332819c7f0 con 0x7f33281086d0
2024-03-18T23:36:05.292 INFO:teuthology.orchestra.run.smithi077.stdout:/usr/bin/ceph: stderr
2024-03-18T23:36:04.465+0000 7f33177fe700 1 -- 172.21.15.77:0/3239127251 <== mon.0 v2:172.21.15.77:3300/0 4 ==== mgrmap(e 8) ==== 46106+0+0 (secure 0 0 0) 0x7f331c01aa50 con 0x7f33281086d0
2024-03-18T23:36:05.292 INFO:teuthology.orchestra.run.smithi077.stdout:/usr/bin/ceph: stderr
2024-03-18T23:36:04.466+0000 7f33177fe700 1 --2- 172.21.15.77:0/3239127251 >> [v2:172.21.15.77:6800/1264285918,v1:172.21.15.77:6801/1264285918] conn(0x7f3310038ed0 0x7f331003b390 unknown :-1 s=NONE pgs=0 cs=0 l=1 rev1=0 crypto rx=0 tx=0 comp rx=0 tx=0).connect
2024-03-18T23:36:05.292 INFO:teuthology.orchestra.run.smithi077.stdout:/usr/bin/ceph: stderr
2024-03-18T23:36:04.466+0000 7f33177fe700 1 -- 172.21.15.77:0/3239127251 <== mon.0 v2:172.21.15.77:3300/0 5 ==== osd_map(2..2 src has 1..2) ==== 940+0+0 (secure 0 0 0) 0x7f331c04d4c0 con 0x7f33281086d0
2024-03-18T23:36:05.292 INFO:teuthology.orchestra.run.smithi077.stdout:/usr/bin/ceph: stderr
2024-03-18T23:36:04.466+0000 7f3325d9b700 1 --2- 172.21.15.77:0/3239127251 >> [v2:172.21.15.77:6800/1264285918,v1:172.21.15.77:6801/1264285918] conn(0x7f3310038ed0 0x7f331003b390 unknown :-1 s=BANNER_CONNECTING pgs=0 cs=0 l=1 rev1=0 crypto rx=0 tx=0 comp rx=0 tx=0)._handle_peer_banner_payload supported=3 required=0
2024-03-18T23:36:05.292 INFO:teuthology.orchestra.run.smithi077.stdout:/usr/bin/ceph: stderr
2024-03-18T23:36:04.466+0000 7f332cb86700 1 -- 172.21.15.77:0/3239127251 --> [v2:172.21.15.77:3300/0,v1:172.21.15.77:6789/0] -- mon_command({"prefix": "get_command_descriptions"} v 0) -- 0x7f33280693c0 con 0x7f33281086d0
2024-03-18T23:36:05.292 INFO:teuthology.orchestra.run.smithi077.stdout:/usr/bin/ceph: stderr
2024-03-18T23:36:04.466+0000 7f3325d9b700 1 --2- 172.21.15.77:0/3239127251 >> [v2:172.21.15.77:6800/1264285918,v1:172.21.15.77:6801/1264285918] conn(0x7f3310038ed0 0x7f331003b390 secure :-1 s=READY pgs=14 cs=0 l=1 rev1=1 crypto rx=0x7f3318006fd0 tx=0x7f3318006e40 comp rx=0 tx=0).ready entity=mgr.14120 client_cookie=0 server_cookie=0 in_seq=0 out_seq=0
2024-03-18T23:36:05.292 INFO:teuthology.orchestra.run.smithi077.stdout:/usr/bin/ceph: stderr
2024-03-18T23:36:04.471+0000 7f33177fe700 1 -- 172.21.15.77:0/3239127251 <== mon.0 v2:172.21.15.77:3300/0 6 ==== mon_command_ack([{"prefix": "get_command_descriptions"}]=0 v0) ==== 72+0+186149 (secure 0 0 0) 0x7f331c011e20 con 0x7f33281086d0
2024-03-18T23:36:05.293 INFO:teuthology.orchestra.run.smithi077.stdout:/usr/bin/ceph: stderr
2024-03-18T23:36:04.689+0000 7f332cb86700 1 -- 172.21.15.77:0/3239127251 --> [v2:172.21.15.77:3300/0,v1:172.21.15.77:6789/0] -- mon_command([{prefix=config set, name=mgr/cephadm/container_init}] v 0) -- 0x7f332819f500 con 0x7f33281086d0
2024-03-18T23:36:05.293 INFO:teuthology.orchestra.run.smithi077.stdout:/usr/bin/ceph: stderr
2024-03-18T23:36:04.693+0000 7f33177fe700 1 -- 172.21.15.77:0/3239127251 <== mon.0 v2:172.21.15.77:3300/0 7 ==== mon_command_ack([{prefix=config set, name=mgr/cephadm/container_init}]=0 v7)=0 v7) ==== 142+0+0 (secure 0 0 0) 0x7f331c00ba30 con 0x7f33281086d0
2024-03-18T23:36:05.293 INFO:teuthology.orchestra.run.smithi077.stdout:/usr/bin/ceph: stderr
2024-03-18T23:36:04.695+0000 7f332cb86700 1 -- 172.21.15.77:0/3239127251 >> [v2:172.21.15.77:6800/1264285918,v1:172.21.15.77:6801/1264285918] conn(0x7f3310038ed0 msgr2=0x7f331003b390 secure :-1 s=STATE_CONNECTION_ESTABLISHED l=1).mark_down
2024-03-18T23:36:05.293 INFO:teuthology.orchestra.run.smithi077.stdout:/usr/bin/ceph: stderr
2024-03-18T23:36:04.695+0000 7f332cb86700 1 --2- 172.21.15.77:0/3239127251 >> [v2:172.21.15.77:6800/1264285918,v1:172.21.15.77:6801/1264285918] conn(0x7f3310038ed0 0x7f331003b390 secure :-1 s=READY pgs=14 cs=0 l=1 rev1=1 crypto rx=0x7f3318006fd0 tx=0x7f3318006e40 comp rx=0 tx=0).stop
2024-03-18T23:36:05.293 INFO:teuthology.orchestra.run.smithi077.stdout:/usr/bin/ceph: stderr
2024-03-18T23:36:04.695+0000 7f332cb86700 1 -- 172.21.15.77:0/3239127251 >> [v2:172.21.15.77:3300/0,v1:172.21.15.77:6789/0] conn(0x7f33281086d0 msgr2=0x7f332819bbc0 secure :-1 s=STATE_CONNECTION_ESTABLISHED l=1).mark_down
2024-03-18T23:36:05.293 INFO:teuthology.orchestra.run.smithi077.stdout:/usr/bin/ceph: stderr
2024-03-18T23:36:04.695+0000 7f332cb86700 1 --2- 172.21.15.77:0/3239127251 >> [v2:172.21.15.77:3300/0,v1:172.21.15.77:6789/0] conn(0x7f33281086d0 0x7f332819bbc0 secure :-1 s=READY pgs=52 cs=0 l=1 rev1=1 crypto rx=0x7f331c0116a0 tx=0x7f331c011ba0 comp rx=0 tx=0).stop
2024-03-18T23:36:05.293 INFO:teuthology.orchestra.run.smithi077.stdout:/usr/bin/ceph: stderr
2024-03-18T23:36:04.695+0000 7f332cb86700 1 -- 172.21.15.77:0/3239127251 shutdown_connections
2024-03-18T23:36:05.293 INFO:teuthology.orchestra.run.smithi077.stdout:/usr/bin/ceph: stderr
2024-03-18T23:36:04.695+0000 7f332cb86700 1 --2- 172.21.15.77:0/3239127251 >> [v2:172.21.15.77:6800/1264285918,v1:172.21.15.77:6801/1264285918] conn(0x7f3310038ed0 0x7f331003b390 unknown :-1 s=CLOSED pgs=14 cs=0 l=1 rev1=1 crypto rx=0 tx=0 comp rx=0 tx=0).stop
2024-03-18T23:36:05.293 INFO:teuthology.orchestra.run.smithi077.stdout:/usr/bin/ceph: stderr
2024-03-18T23:36:04.696+0000 7f332cb86700 1 --2- 172.21.15.77:0/3239127251 >> [v2:172.21.15.77:3300/0,v1:172.21.15.77:6789/0] conn(0x7f33281086d0 0x7f332819bbc0 unknown :-1 s=CLOSED pgs=52 cs=0 l=1 rev1=1 crypto rx=0 tx=0 comp rx=0 tx=0).stop
2024-03-18T23:36:05.293 INFO:teuthology.orchestra.run.smithi077.stdout:/usr/bin/ceph: stderr
2024-03-18T23:36:04.696+0000 7f332cb86700 1 -- 172.21.15.77:0/3239127251 >> 172.21.15.77:0/3239127251 conn(0x7f3328102080 msgr2=0x7f3328102c30 unknown :-1 s=STATE_NONE l=0).mark_down
2024-03-18T23:36:05.293 INFO:teuthology.orchestra.run.smithi077.stdout:/usr/bin/ceph: stderr
2024-03-18T23:36:04.696+0000 7f332cb86700 1 -- 172.21.15.77:0/3239127251 shutdown_connections
2024-03-18T23:36:05.293 INFO:teuthology.orchestra.run.smithi077.stdout:/usr/bin/ceph: stderr
2024-03-18T23:36:04.696+0000 7f332cb86700 1 -- 172.21.15.77:0/3239127251 wait complete.
2024-03-18T23:36:05.541 INFO:journalctl@ceph.mon.a.smithi077.stdout:Mar 18 23:36:05 smithi077 ceph-mon[62885]: from='mgr.14120 172.21.15.77:0/3850905166' entity='mgr.x'
2024-03-18T23:36:05.541 INFO:journalctl@ceph.mon.a.smithi077.stdout:Mar 18 23:36:05 smithi077 ceph-mon[62885]: from='client.? 172.21.15.77:0/3239127251' entity='client.admin'
2024-03-18T23:36:06.511 INFO:teuthology.orchestra.run.smithi077.stdout:/usr/bin/ceph: stderr
2024-03-18T23:36:05.700+0000 7ffb9fa8f700 1 Processor -- start
2024-03-18T23:36:06.512 INFO:teuthology.orchestra.run.smithi077.stdout:/usr/bin/ceph: stderr
2024-03-18T23:36:05.700+0000 7ffb9fa8f700 1 -- start start
2024-03-18T23:36:06.512 INFO:teuthology.orchestra.run.smithi077.stdout:/usr/bin/ceph: stderr
2024-03-18T23:36:05.701+0000 7ffb9fa8f700 1 --2- >> [v2:172.21.15.77:3300/0,v1:172.21.15.77:6789/0] conn(0x7ffb98107c50 0x7ffb98108070 unknown :-1 s=NONE pgs=0 cs=0 l=0 rev1=0 crypto rx=0 tx=0 comp rx=0 tx=0).connect
2024-03-18T23:36:06.512 INFO:teuthology.orchestra.run.smithi077.stdout:/usr/bin/ceph: stderr
2024-03-18T23:36:05.701+0000 7ffb9fa8f700 1 -- --> [v2:172.21.15.77:3300/0,v1:172.21.15.77:6789/0] -- mon_getmap magic: 0 -- 0x7ffb98108640 con 0x7ffb98107c50
2024-03-18T23:36:06.512 INFO:teuthology.orchestra.run.smithi077.stdout:/usr/bin/ceph: stderr
2024-03-18T23:36:05.701+0000 7ffb9d82b700 1 --2- >> [v2:172.21.15.77:3300/0,v1:172.21.15.77:6789/0] conn(0x7ffb98107c50 0x7ffb98108070 unknown :-1 s=BANNER_CONNECTING pgs=0 cs=0 l=0 rev1=0 crypto rx=0 tx=0 comp rx=0 tx=0)._handle_peer_banner_payload supported=3 required=0
2024-03-18T23:36:06.512 INFO:teuthology.orchestra.run.smithi077.stdout:/usr/bin/ceph: stderr
2024-03-18T23:36:05.701+0000 7ffb9d82b700 1 --2- >> [v2:172.21.15.77:3300/0,v1:172.21.15.77:6789/0] conn(0x7ffb98107c50 0x7ffb98108070 unknown :-1 s=HELLO_CONNECTING pgs=0 cs=0 l=0 rev1=1 crypto rx=0 tx=0 comp rx=0 tx=0).handle_hello peer v2:172.21.15.77:3300/0 says I am v2:172.21.15.77:38964/0 (socket says 172.21.15.77:38964)
2024-03-18T23:36:06.512 INFO:teuthology.orchestra.run.smithi077.stdout:/usr/bin/ceph: stderr
2024-03-18T23:36:05.701+0000 7ffb9d82b700 1 -- 172.21.15.77:0/2816226134 learned_addr learned my addr 172.21.15.77:0/2816226134 (peer_addr_for_me v2:172.21.15.77:0/0)
2024-03-18T23:36:06.512 INFO:teuthology.orchestra.run.smithi077.stdout:/usr/bin/ceph: stderr
2024-03-18T23:36:05.701+0000 7ffb9d82b700 1 -- 172.21.15.77:0/2816226134 --> [v2:172.21.15.77:3300/0,v1:172.21.15.77:6789/0] -- mon_subscribe({config=0+,monmap=0+}) -- 0x7ffb98108db0 con 0x7ffb98107c50
2024-03-18T23:36:06.512 INFO:teuthology.orchestra.run.smithi077.stdout:/usr/bin/ceph: stderr
2024-03-18T23:36:05.701+0000 7ffb9d82b700 1 --2- 172.21.15.77:0/2816226134 >> [v2:172.21.15.77:3300/0,v1:172.21.15.77:6789/0] conn(0x7ffb98107c50 0x7ffb98108070 secure :-1 s=READY pgs=53 cs=0 l=1 rev1=1 crypto rx=0x7ffb900098a0 tx=0x7ffb90009bb0 comp rx=0 tx=0).ready entity=mon.0 client_cookie=6bd9f5cfb5cbf35a server_cookie=0 in_seq=0 out_seq=0
2024-03-18T23:36:06.512 INFO:teuthology.orchestra.run.smithi077.stdout:/usr/bin/ceph: stderr
2024-03-18T23:36:05.701+0000 7ffb9c829700 1 -- 172.21.15.77:0/2816226134 <== mon.0 v2:172.21.15.77:3300/0 1 ==== mon_map magic: 0 ==== 205+0+0 (secure 0 0 0) 0x7ffb90004160 con 0x7ffb98107c50
2024-03-18T23:36:06.512 INFO:teuthology.orchestra.run.smithi077.stdout:/usr/bin/ceph: stderr
2024-03-18T23:36:05.702+0000 7ffb9c829700 1 -- 172.21.15.77:0/2816226134 <== mon.0 v2:172.21.15.77:3300/0 2 ==== config(27 keys) ==== 1140+0+0 (secure 0 0 0) 0x7ffb90004300 con 0x7ffb98107c50
2024-03-18T23:36:06.512 INFO:teuthology.orchestra.run.smithi077.stdout:/usr/bin/ceph: stderr
2024-03-18T23:36:05.702+0000 7ffb9c829700 1 -- 172.21.15.77:0/2816226134 <== mon.0 v2:172.21.15.77:3300/0 3 ==== mon_map magic: 0 ==== 205+0+0 (secure 0 0 0) 0x7ffb90011b20 con 0x7ffb98107c50
2024-03-18T23:36:06.513 INFO:teuthology.orchestra.run.smithi077.stdout:/usr/bin/ceph: stderr
2024-03-18T23:36:05.702+0000 7ffb9fa8f700 1 -- 172.21.15.77:0/2816226134 >> [v2:172.21.15.77:3300/0,v1:172.21.15.77:6789/0] conn(0x7ffb98107c50 msgr2=0x7ffb98108070 secure :-1 s=STATE_CONNECTION_ESTABLISHED l=1).mark_down
2024-03-18T23:36:06.513 INFO:teuthology.orchestra.run.smithi077.stdout:/usr/bin/ceph: stderr
2024-03-18T23:36:05.702+0000 7ffb9fa8f700 1 --2- 172.21.15.77:0/2816226134 >> [v2:172.21.15.77:3300/0,v1:172.21.15.77:6789/0] conn(0x7ffb98107c50 0x7ffb98108070 secure :-1 s=READY pgs=53 cs=0 l=1 rev1=1 crypto rx=0x7ffb900098a0 tx=0x7ffb90009bb0 comp rx=0 tx=0).stop
2024-03-18T23:36:06.513 INFO:teuthology.orchestra.run.smithi077.stdout:/usr/bin/ceph: stderr
2024-03-18T23:36:05.702+0000 7ffb9fa8f700 1 -- 172.21.15.77:0/2816226134 shutdown_connections
2024-03-18T23:36:06.513 INFO:teuthology.orchestra.run.smithi077.stdout:/usr/bin/ceph: stderr
2024-03-18T23:36:05.702+0000 7ffb9fa8f700 1 --2- 172.21.15.77:0/2816226134 >> [v2:172.21.15.77:3300/0,v1:172.21.15.77:6789/0] conn(0x7ffb98107c50 0x7ffb98108070 unknown :-1 s=CLOSED pgs=53 cs=0 l=1 rev1=1 crypto rx=0 tx=0 comp rx=0 tx=0).stop
2024-03-18T23:36:06.513 INFO:teuthology.orchestra.run.smithi077.stdout:/usr/bin/ceph: stderr
2024-03-18T23:36:05.702+0000 7ffb9fa8f700 1 -- 172.21.15.77:0/2816226134 >> 172.21.15.77:0/2816226134 conn(0x7ffb98103210 msgr2=0x7ffb98105630 unknown :-1 s=STATE_NONE l=0).mark_down
2024-03-18T23:36:06.513 INFO:teuthology.orchestra.run.smithi077.stdout:/usr/bin/ceph: stderr
2024-03-18T23:36:05.702+0000 7ffb9fa8f700 1 -- 172.21.15.77:0/2816226134 shutdown_connections
2024-03-18T23:36:06.513 INFO:teuthology.orchestra.run.smithi077.stdout:/usr/bin/ceph: stderr
2024-03-18T23:36:05.702+0000 7ffb9fa8f700 1 -- 172.21.15.77:0/2816226134 wait complete.
2024-03-18T23:36:06.513 INFO:teuthology.orchestra.run.smithi077.stdout:/usr/bin/ceph: stderr
2024-03-18T23:36:05.703+0000 7ffb9fa8f700 1 Processor -- start
2024-03-18T23:36:06.513 INFO:teuthology.orchestra.run.smithi077.stdout:/usr/bin/ceph: stderr
2024-03-18T23:36:05.703+0000 7ffb9fa8f700 1 -- start start
2024-03-18T23:36:06.513 INFO:teuthology.orchestra.run.smithi077.stdout:/usr/bin/ceph: stderr
2024-03-18T23:36:05.703+0000 7ffb9fa8f700 1 --2- >> [v2:172.21.15.77:3300/0,v1:172.21.15.77:6789/0] conn(0x7ffb98107c50 0x7ffb9819bbd0 unknown :-1 s=NONE pgs=0 cs=0 l=1 rev1=0 crypto rx=0 tx=0 comp rx=0 tx=0).connect
2024-03-18T23:36:06.513 INFO:teuthology.orchestra.run.smithi077.stdout:/usr/bin/ceph: stderr
2024-03-18T23:36:05.703+0000 7ffb9fa8f700 1 -- --> [v2:172.21.15.77:3300/0,v1:172.21.15.77:6789/0] -- mon_getmap magic: 0 -- 0x7ffb9810c160 con 0x7ffb98107c50
2024-03-18T23:36:06.513 INFO:teuthology.orchestra.run.smithi077.stdout:/usr/bin/ceph: stderr
2024-03-18T23:36:05.703+0000 7ffb9d82b700 1 --2- >> [v2:172.21.15.77:3300/0,v1:172.21.15.77:6789/0] conn(0x7ffb98107c50 0x7ffb9819bbd0 unknown :-1 s=BANNER_CONNECTING pgs=0 cs=0 l=1 rev1=0 crypto rx=0 tx=0 comp rx=0 tx=0)._handle_peer_banner_payload supported=3 required=0
2024-03-18T23:36:06.513 INFO:teuthology.orchestra.run.smithi077.stdout:/usr/bin/ceph: stderr
2024-03-18T23:36:05.703+0000 7ffb9d82b700 1 --2- >> [v2:172.21.15.77:3300/0,v1:172.21.15.77:6789/0] conn(0x7ffb98107c50 0x7ffb9819bbd0 unknown :-1 s=HELLO_CONNECTING pgs=0 cs=0 l=1 rev1=1 crypto rx=0 tx=0 comp rx=0 tx=0).handle_hello peer v2:172.21.15.77:3300/0 says I am v2:172.21.15.77:38966/0 (socket says 172.21.15.77:38966)
2024-03-18T23:36:06.513 INFO:teuthology.orchestra.run.smithi077.stdout:/usr/bin/ceph: stderr
2024-03-18T23:36:05.703+0000 7ffb9d82b700 1 -- 172.21.15.77:0/93381779 learned_addr learned my addr 172.21.15.77:0/93381779 (peer_addr_for_me v2:172.21.15.77:0/0)
2024-03-18T23:36:06.513 INFO:teuthology.orchestra.run.smithi077.stdout:/usr/bin/ceph: stderr
2024-03-18T23:36:05.704+0000 7ffb9d82b700 1 -- 172.21.15.77:0/93381779 --> [v2:172.21.15.77:3300/0,v1:172.21.15.77:6789/0] -- mon_subscribe({config=0+,monmap=0+}) -- 0x7ffb9819c110 con 0x7ffb98107c50
2024-03-18T23:36:06.513 INFO:teuthology.orchestra.run.smithi077.stdout:/usr/bin/ceph: stderr
2024-03-18T23:36:05.704+0000 7ffb9d82b700 1 --2- 172.21.15.77:0/93381779 >> [v2:172.21.15.77:3300/0,v1:172.21.15.77:6789/0] conn(0x7ffb98107c50 0x7ffb9819bbd0 secure :-1 s=READY pgs=54 cs=0 l=1 rev1=1 crypto rx=0x7ffb900116a0 tx=0x7ffb90011ba0 comp rx=0 tx=0).ready entity=mon.0 client_cookie=0 server_cookie=0 in_seq=0 out_seq=0
2024-03-18T23:36:06.514 INFO:teuthology.orchestra.run.smithi077.stdout:/usr/bin/ceph: stderr
2024-03-18T23:36:05.704+0000 7ffb96ffd700 1 -- 172.21.15.77:0/93381779 <== mon.0 v2:172.21.15.77:3300/0 1 ==== mon_map magic: 0 ==== 205+0+0 (secure 0 0 0) 0x7ffb90003a40 con 0x7ffb98107c50
2024-03-18T23:36:06.514 INFO:teuthology.orchestra.run.smithi077.stdout:/usr/bin/ceph: stderr
2024-03-18T23:36:05.704+0000 7ffb96ffd700 1 -- 172.21.15.77:0/93381779 <== mon.0 v2:172.21.15.77:3300/0 2 ==== config(27 keys) ==== 1140+0+0 (secure 0 0 0) 0x7ffb90003be0 con 0x7ffb98107c50
2024-03-18T23:36:06.514 INFO:teuthology.orchestra.run.smithi077.stdout:/usr/bin/ceph: stderr
2024-03-18T23:36:05.704+0000 7ffb9fa8f700 1 -- 172.21.15.77:0/93381779 --> [v2:172.21.15.77:3300/0,v1:172.21.15.77:6789/0] -- mon_subscribe({mgrmap=0+}) -- 0x7ffb9819c3a0 con 0x7ffb98107c50
2024-03-18T23:36:06.514 INFO:teuthology.orchestra.run.smithi077.stdout:/usr/bin/ceph: stderr
2024-03-18T23:36:05.704+0000 7ffb96ffd700 1 -- 172.21.15.77:0/93381779 <== mon.0 v2:172.21.15.77:3300/0 3 ==== mon_map magic: 0 ==== 205+0+0 (secure 0 0 0) 0x7ffb9001a720 con 0x7ffb98107c50
2024-03-18T23:36:06.514 INFO:teuthology.orchestra.run.smithi077.stdout:/usr/bin/ceph: stderr
2024-03-18T23:36:05.704+0000 7ffb9fa8f700 1 -- 172.21.15.77:0/93381779 --> [v2:172.21.15.77:3300/0,v1:172.21.15.77:6789/0] -- mon_subscribe({osdmap=0}) -- 0x7ffb9819c800 con 0x7ffb98107c50
2024-03-18T23:36:06.514 INFO:teuthology.orchestra.run.smithi077.stdout:/usr/bin/ceph: stderr
2024-03-18T23:36:05.705+0000 7ffb96ffd700 1 -- 172.21.15.77:0/93381779 <== mon.0 v2:172.21.15.77:3300/0 4 ==== mgrmap(e 8) ==== 46106+0+0 (secure 0 0 0) 0x7ffb9001a9f0 con 0x7ffb98107c50
2024-03-18T23:36:06.514 INFO:teuthology.orchestra.run.smithi077.stdout:/usr/bin/ceph: stderr
2024-03-18T23:36:05.705+0000 7ffb96ffd700 1 --2- 172.21.15.77:0/93381779 >> [v2:172.21.15.77:6800/1264285918,v1:172.21.15.77:6801/1264285918] conn(0x7ffb80038f20 0x7ffb8003b3e0 unknown :-1 s=NONE pgs=0 cs=0 l=1 rev1=0 crypto rx=0 tx=0 comp rx=0 tx=0).connect
2024-03-18T23:36:06.514 INFO:teuthology.orchestra.run.smithi077.stdout:/usr/bin/ceph: stderr
2024-03-18T23:36:05.705+0000 7ffb96ffd700 1 -- 172.21.15.77:0/93381779 <== mon.0 v2:172.21.15.77:3300/0 5 ==== osd_map(2..2 src has 1..2) ==== 940+0+0 (secure 0 0 0) 0x7ffb9004d3b0 con 0x7ffb98107c50
2024-03-18T23:36:06.514 INFO:teuthology.orchestra.run.smithi077.stdout:/usr/bin/ceph: stderr
2024-03-18T23:36:05.705+0000 7ffb9d02a700 1 --2- 172.21.15.77:0/93381779 >> [v2:172.21.15.77:6800/1264285918,v1:172.21.15.77:6801/1264285918] conn(0x7ffb80038f20 0x7ffb8003b3e0 unknown :-1 s=BANNER_CONNECTING pgs=0 cs=0 l=1 rev1=0 crypto rx=0 tx=0 comp rx=0 tx=0)._handle_peer_banner_payload supported=3 required=0
2024-03-18T23:36:06.514 INFO:teuthology.orchestra.run.smithi077.stdout:/usr/bin/ceph: stderr
2024-03-18T23:36:05.705+0000 7ffb9fa8f700 1 -- 172.21.15.77:0/93381779 --> [v2:172.21.15.77:3300/0,v1:172.21.15.77:6789/0] -- mon_command({"prefix": "get_command_descriptions"} v 0) -- 0x7ffb98063940 con 0x7ffb98107c50
2024-03-18T23:36:06.514 INFO:teuthology.orchestra.run.smithi077.stdout:/usr/bin/ceph: stderr
2024-03-18T23:36:05.706+0000 7ffb9d02a700 1 --2- 172.21.15.77:0/93381779 >> [v2:172.21.15.77:6800/1264285918,v1:172.21.15.77:6801/1264285918] conn(0x7ffb80038f20 0x7ffb8003b3e0 secure :-1 s=READY pgs=15 cs=0 l=1 rev1=1 crypto rx=0x7ffb8c006fd0 tx=0x7ffb8c006e40 comp rx=0 tx=0).ready entity=mgr.14120 client_cookie=0 server_cookie=0 in_seq=0 out_seq=0
2024-03-18T23:36:06.514 INFO:teuthology.orchestra.run.smithi077.stdout:/usr/bin/ceph: stderr
2024-03-18T23:36:05.711+0000 7ffb96ffd700 1 -- 172.21.15.77:0/93381779 <== mon.0 v2:172.21.15.77:3300/0 6 ==== mon_command_ack([{"prefix": "get_command_descriptions"}]=0 v0) ==== 72+0+186149 (secure 0 0 0) 0x7ffb90011e20 con 0x7ffb98107c50
2024-03-18T23:36:06.514 INFO:teuthology.orchestra.run.smithi077.stdout:/usr/bin/ceph: stderr
2024-03-18T23:36:05.919+0000 7ffb9fa8f700 1 -- 172.21.15.77:0/93381779 --> [v2:172.21.15.77:3300/0,v1:172.21.15.77:6789/0] -- mon_command([{prefix=config set, name=mgr/dashboard/ssl_server_port}] v 0) -- 0x7ffb9819f1f0 con 0x7ffb98107c50
2024-03-18T23:36:06.514 INFO:teuthology.orchestra.run.smithi077.stdout:/usr/bin/ceph: stderr
2024-03-18T23:36:05.924+0000 7ffb96ffd700 1 -- 172.21.15.77:0/93381779 <== mon.0 v2:172.21.15.77:3300/0 7 ==== mon_command_ack([{prefix=config set, name=mgr/dashboard/ssl_server_port}]=0 v8)=0 v8) ==== 130+0+0 (secure 0 0 0) 0x7ffb9000bc70 con 0x7ffb98107c50
2024-03-18T23:36:06.515 INFO:teuthology.orchestra.run.smithi077.stdout:/usr/bin/ceph: stderr
2024-03-18T23:36:05.928+0000 7ffb9fa8f700 1 -- 172.21.15.77:0/93381779 >> [v2:172.21.15.77:6800/1264285918,v1:172.21.15.77:6801/1264285918] conn(0x7ffb80038f20 msgr2=0x7ffb8003b3e0 secure :-1 s=STATE_CONNECTION_ESTABLISHED l=1).mark_down
2024-03-18T23:36:06.515 INFO:teuthology.orchestra.run.smithi077.stdout:/usr/bin/ceph: stderr
2024-03-18T23:36:05.928+0000 7ffb9fa8f700 1 --2- 172.21.15.77:0/93381779 >> [v2:172.21.15.77:6800/1264285918,v1:172.21.15.77:6801/1264285918] conn(0x7ffb80038f20 0x7ffb8003b3e0 secure :-1 s=READY pgs=15 cs=0 l=1 rev1=1 crypto rx=0x7ffb8c006fd0 tx=0x7ffb8c006e40 comp rx=0 tx=0).stop
2024-03-18T23:36:06.515 INFO:teuthology.orchestra.run.smithi077.stdout:/usr/bin/ceph: stderr
2024-03-18T23:36:05.928+0000 7ffb9fa8f700 1 -- 172.21.15.77:0/93381779 >> [v2:172.21.15.77:3300/0,v1:172.21.15.77:6789/0] conn(0x7ffb98107c50 msgr2=0x7ffb9819bbd0 secure :-1 s=STATE_CONNECTION_ESTABLISHED l=1).mark_down
2024-03-18T23:36:06.515 INFO:teuthology.orchestra.run.smithi077.stdout:/usr/bin/ceph: stderr
2024-03-18T23:36:05.928+0000 7ffb9fa8f700 1 --2- 172.21.15.77:0/93381779 >> [v2:172.21.15.77:3300/0,v1:172.21.15.77:6789/0] conn(0x7ffb98107c50 0x7ffb9819bbd0 secure :-1 s=READY pgs=54 cs=0 l=1 rev1=1 crypto rx=0x7ffb900116a0 tx=0x7ffb90011ba0 comp rx=0 tx=0).stop
2024-03-18T23:36:06.515 INFO:teuthology.orchestra.run.smithi077.stdout:/usr/bin/ceph: stderr
2024-03-18T23:36:05.928+0000 7ffb9fa8f700 1 -- 172.21.15.77:0/93381779 shutdown_connections
2024-03-18T23:36:06.515 INFO:teuthology.orchestra.run.smithi077.stdout:/usr/bin/ceph: stderr
2024-03-18T23:36:05.928+0000 7ffb9fa8f700 1 --2- 172.21.15.77:0/93381779 >> [v2:172.21.15.77:6800/1264285918,v1:172.21.15.77:6801/1264285918] conn(0x7ffb80038f20 0x7ffb8003b3e0 unknown :-1 s=CLOSED pgs=15 cs=0 l=1 rev1=1 crypto rx=0 tx=0 comp rx=0 tx=0).stop
2024-03-18T23:36:06.515 INFO:teuthology.orchestra.run.smithi077.stdout:/usr/bin/ceph: stderr
2024-03-18T23:36:05.928+0000 7ffb9fa8f700 1 --2- 172.21.15.77:0/93381779 >> [v2:172.21.15.77:3300/0,v1:172.21.15.77:6789/0] conn(0x7ffb98107c50 0x7ffb9819bbd0 unknown :-1 s=CLOSED pgs=54 cs=0 l=1 rev1=1 crypto rx=0 tx=0 comp rx=0 tx=0).stop
2024-03-18T23:36:06.515 INFO:teuthology.orchestra.run.smithi077.stdout:/usr/bin/ceph: stderr
2024-03-18T23:36:05.928+0000 7ffb9fa8f700 1 -- 172.21.15.77:0/93381779 >> 172.21.15.77:0/93381779 conn(0x7ffb98103210 msgr2=0x7ffb98103dc0 unknown :-1 s=STATE_NONE l=0).mark_down
2024-03-18T23:36:06.515 INFO:teuthology.orchestra.run.smithi077.stdout:/usr/bin/ceph: stderr
2024-03-18T23:36:05.928+0000 7ffb9fa8f700 1 -- 172.21.15.77:0/93381779 shutdown_connections
2024-03-18T23:36:06.515 INFO:teuthology.orchestra.run.smithi077.stdout:/usr/bin/ceph: stderr
2024-03-18T23:36:05.928+0000 7ffb9fa8f700 1 -- 172.21.15.77:0/93381779 wait complete.
2024-03-18T23:36:06.515 INFO:teuthology.orchestra.run.smithi077.stdout:Enabling the dashboard module...
2024-03-18T23:36:07.041 INFO:journalctl@ceph.mon.a.smithi077.stdout:Mar 18 23:36:06 smithi077 ceph-mon[62885]: from='mgr.14120 172.21.15.77:0/3850905166' entity='mgr.x'
2024-03-18T23:36:07.041 INFO:journalctl@ceph.mon.a.smithi077.stdout:Mar 18 23:36:06 smithi077 ceph-mon[62885]: from='client.? 172.21.15.77:0/93381779' entity='client.admin'
2024-03-18T23:36:08.041 INFO:journalctl@ceph.mon.a.smithi077.stdout:Mar 18 23:36:07 smithi077 ceph-mon[62885]: from='client.? 172.21.15.77:0/2290717608' entity='client.admin' cmd=[{"prefix": "mgr module enable", "module": "dashboard"}]: dispatch
2024-03-18T23:36:08.041 INFO:journalctl@ceph.mon.a.smithi077.stdout:Mar 18 23:36:07 smithi077 ceph-mon[62885]: from='mgr.14120 172.21.15.77:0/3850905166' entity='mgr.x'
2024-03-18T23:36:08.042 INFO:journalctl@ceph.mgr.x.smithi077.stdout:Mar 18 23:36:07 smithi077 ceph-05cfbbb4-e580-11ee-95c9-87774f69a715-mgr-x[63116]: ignoring --setuser ceph since I am not root
2024-03-18T23:36:08.042 INFO:journalctl@ceph.mgr.x.smithi077.stdout:Mar 18 23:36:07 smithi077 ceph-05cfbbb4-e580-11ee-95c9-87774f69a715-mgr-x[63116]: ignoring --setgroup ceph since I am not root
2024-03-18T23:36:08.397 INFO:journalctl@ceph.mgr.x.smithi077.stdout:Mar 18 23:36:08 smithi077 ceph-05cfbbb4-e580-11ee-95c9-87774f69a715-mgr-x[63116]:
2024-03-18T23:36:08.359+0000 7f2b39f5d200 -1 mgr[py] Module osd_perf_query has missing NOTIFY_TYPES member
2024-03-18T23:36:08.404 INFO:teuthology.orchestra.run.smithi077.stdout:/usr/bin/ceph: stderr
2024-03-18T23:36:06.935+0000 7ff5410df700 1 Processor -- start
2024-03-18T23:36:08.405 INFO:teuthology.orchestra.run.smithi077.stdout:/usr/bin/ceph: stderr
2024-03-18T23:36:06.935+0000 7ff5410df700 1 -- start start
2024-03-18T23:36:08.405 INFO:teuthology.orchestra.run.smithi077.stdout:/usr/bin/ceph: stderr
2024-03-18T23:36:06.935+0000 7ff5410df700 1 --2- >> [v2:172.21.15.77:3300/0,v1:172.21.15.77:6789/0] conn(0x7ff53c1064b0 0x7ff53c1068d0 unknown :-1 s=NONE pgs=0 cs=0 l=0 rev1=0 crypto rx=0 tx=0 comp rx=0 tx=0).connect
2024-03-18T23:36:08.405 INFO:teuthology.orchestra.run.smithi077.stdout:/usr/bin/ceph: stderr
2024-03-18T23:36:06.935+0000 7ff53ad9d700 1 --2- >> [v2:172.21.15.77:3300/0,v1:172.21.15.77:6789/0] conn(0x7ff53c1064b0 0x7ff53c1068d0 unknown :-1 s=BANNER_CONNECTING pgs=0 cs=0 l=0 rev1=0 crypto rx=0 tx=0 comp rx=0 tx=0)._handle_peer_banner_payload supported=3 required=0
2024-03-18T23:36:08.405 INFO:teuthology.orchestra.run.smithi077.stdout:/usr/bin/ceph: stderr
2024-03-18T23:36:06.935+0000 7ff53ad9d700 1 --2- >> [v2:172.21.15.77:3300/0,v1:172.21.15.77:6789/0] conn(0x7ff53c1064b0 0x7ff53c1068d0 unknown :-1 s=HELLO_CONNECTING pgs=0 cs=0 l=0 rev1=1 crypto rx=0 tx=0 comp rx=0 tx=0).handle_hello peer v2:172.21.15.77:3300/0 says I am v2:172.21.15.77:38982/0 (socket says 172.21.15.77:38982)
2024-03-18T23:36:08.405 INFO:teuthology.orchestra.run.smithi077.stdout:/usr/bin/ceph: stderr
2024-03-18T23:36:06.935+0000 7ff53ad9d700 1 -- 172.21.15.77:0/936627443 learned_addr learned my addr 172.21.15.77:0/936627443 (peer_addr_for_me v2:172.21.15.77:0/0)
2024-03-18T23:36:08.405 INFO:teuthology.orchestra.run.smithi077.stdout:/usr/bin/ceph: stderr
2024-03-18T23:36:06.935+0000 7ff5410df700 1 -- 172.21.15.77:0/936627443 --> [v2:172.21.15.77:3300/0,v1:172.21.15.77:6789/0] -- mon_getmap magic: 0 -- 0x7ff53c07be50 con 0x7ff53c1064b0
2024-03-18T23:36:08.405 INFO:teuthology.orchestra.run.smithi077.stdout:/usr/bin/ceph: stderr
2024-03-18T23:36:06.936+0000 7ff53ad9d700 1 -- 172.21.15.77:0/936627443 --> [v2:172.21.15.77:3300/0,v1:172.21.15.77:6789/0] -- mon_subscribe({config=0+,monmap=0+}) -- 0x7ff53c106e10 con 0x7ff53c1064b0
2024-03-18T23:36:08.405 INFO:teuthology.orchestra.run.smithi077.stdout:/usr/bin/ceph: stderr
2024-03-18T23:36:06.936+0000 7ff53ad9d700 1 --2- 172.21.15.77:0/936627443 >> [v2:172.21.15.77:3300/0,v1:172.21.15.77:6789/0] conn(0x7ff53c1064b0 0x7ff53c1068d0 secure :-1 s=READY pgs=55 cs=0 l=1 rev1=1 crypto rx=0x7ff52c0098a0 tx=0x7ff52c009bb0 comp rx=0 tx=0).ready entity=mon.0 client_cookie=8db71af829bd1098 server_cookie=0 in_seq=0 out_seq=0
2024-03-18T23:36:08.405 INFO:teuthology.orchestra.run.smithi077.stdout:/usr/bin/ceph: stderr
2024-03-18T23:36:06.936+0000 7ff539d9b700 1 -- 172.21.15.77:0/936627443 <== mon.0 v2:172.21.15.77:3300/0 1 ==== mon_map magic: 0 ==== 205+0+0 (secure 0 0 0) 0x7ff52c004160 con 0x7ff53c1064b0
2024-03-18T23:36:08.405 INFO:teuthology.orchestra.run.smithi077.stdout:/usr/bin/ceph: stderr
2024-03-18T23:36:06.936+0000 7ff539d9b700 1 -- 172.21.15.77:0/936627443 <== mon.0 v2:172.21.15.77:3300/0 2 ==== config(27 keys) ==== 1140+0+0 (secure 0 0 0) 0x7ff52c004300 con 0x7ff53c1064b0
2024-03-18T23:36:08.405 INFO:teuthology.orchestra.run.smithi077.stdout:/usr/bin/ceph: stderr
2024-03-18T23:36:06.936+0000 7ff539d9b700 1 -- 172.21.15.77:0/936627443 <== mon.0 v2:172.21.15.77:3300/0 3 ==== mon_map magic: 0 ==== 205+0+0 (secure 0 0 0) 0x7ff52c011b20 con 0x7ff53c1064b0
2024-03-18T23:36:08.405 INFO:teuthology.orchestra.run.smithi077.stdout:/usr/bin/ceph: stderr
2024-03-18T23:36:06.937+0000 7ff5410df700 1 -- 172.21.15.77:0/936627443 >> [v2:172.21.15.77:3300/0,v1:172.21.15.77:6789/0] conn(0x7ff53c1064b0 msgr2=0x7ff53c1068d0 secure :-1 s=STATE_CONNECTION_ESTABLISHED l=1).mark_down
2024-03-18T23:36:08.405 INFO:teuthology.orchestra.run.smithi077.stdout:/usr/bin/ceph: stderr
2024-03-18T23:36:06.937+0000 7ff5410df700 1 --2- 172.21.15.77:0/936627443 >> [v2:172.21.15.77:3300/0,v1:172.21.15.77:6789/0] conn(0x7ff53c1064b0 0x7ff53c1068d0 secure :-1 s=READY pgs=55 cs=0 l=1 rev1=1 crypto rx=0x7ff52c0098a0 tx=0x7ff52c009bb0 comp rx=0 tx=0).stop
2024-03-18T23:36:08.405 INFO:teuthology.orchestra.run.smithi077.stdout:/usr/bin/ceph: stderr
2024-03-18T23:36:06.937+0000 7ff5410df700 1 -- 172.21.15.77:0/936627443 shutdown_connections
2024-03-18T23:36:08.406 INFO:teuthology.orchestra.run.smithi077.stdout:/usr/bin/ceph: stderr
2024-03-18T23:36:06.937+0000 7ff5410df700 1 --2- 172.21.15.77:0/936627443 >> [v2:172.21.15.77:3300/0,v1:172.21.15.77:6789/0] conn(0x7ff53c1064b0 0x7ff53c1068d0 unknown :-1 s=CLOSED pgs=55 cs=0 l=1 rev1=1 crypto rx=0 tx=0 comp rx=0 tx=0).stop
2024-03-18T23:36:08.406 INFO:teuthology.orchestra.run.smithi077.stdout:/usr/bin/ceph: stderr
2024-03-18T23:36:06.937+0000 7ff5410df700 1 -- 172.21.15.77:0/936627443 >> 172.21.15.77:0/936627443 conn(0x7ff53c1020b0 msgr2=0x7ff53c1044d0 unknown :-1 s=STATE_NONE l=0).mark_down
2024-03-18T23:36:08.406 INFO:teuthology.orchestra.run.smithi077.stdout:/usr/bin/ceph: stderr
2024-03-18T23:36:06.937+0000 7ff5410df700 1 -- 172.21.15.77:0/936627443 shutdown_connections
2024-03-18T23:36:08.406 INFO:teuthology.orchestra.run.smithi077.stdout:/usr/bin/ceph: stderr
2024-03-18T23:36:06.937+0000 7ff5410df700 1 -- 172.21.15.77:0/936627443 wait complete.
2024-03-18T23:36:08.406 INFO:teuthology.orchestra.run.smithi077.stdout:/usr/bin/ceph: stderr
2024-03-18T23:36:06.938+0000 7ff5410df700 1 Processor -- start
2024-03-18T23:36:08.406 INFO:teuthology.orchestra.run.smithi077.stdout:/usr/bin/ceph: stderr
2024-03-18T23:36:06.938+0000 7ff5410df700 1 -- start start
2024-03-18T23:36:08.406 INFO:teuthology.orchestra.run.smithi077.stdout:/usr/bin/ceph: stderr
2024-03-18T23:36:06.938+0000 7ff5410df700 1 --2- >> [v2:172.21.15.77:3300/0,v1:172.21.15.77:6789/0] conn(0x7ff53c1064b0 0x7ff53c19ddd0 unknown :-1 s=NONE pgs=0 cs=0 l=1 rev1=0 crypto rx=0 tx=0 comp rx=0 tx=0).connect
2024-03-18T23:36:08.406 INFO:teuthology.orchestra.run.smithi077.stdout:/usr/bin/ceph: stderr
2024-03-18T23:36:06.938+0000 7ff5410df700 1 -- --> [v2:172.21.15.77:3300/0,v1:172.21.15.77:6789/0] -- mon_getmap magic: 0 -- 0x7ff53c107ee0 con 0x7ff53c1064b0
2024-03-18T23:36:08.406 INFO:teuthology.orchestra.run.smithi077.stdout:/usr/bin/ceph: stderr
2024-03-18T23:36:06.939+0000 7ff53ad9d700 1 --2- >> [v2:172.21.15.77:3300/0,v1:172.21.15.77:6789/0] conn(0x7ff53c1064b0 0x7ff53c19ddd0 unknown :-1 s=BANNER_CONNECTING pgs=0 cs=0 l=1 rev1=0 crypto rx=0 tx=0 comp rx=0 tx=0)._handle_peer_banner_payload supported=3 required=0
2024-03-18T23:36:08.406 INFO:teuthology.orchestra.run.smithi077.stdout:/usr/bin/ceph: stderr
2024-03-18T23:36:06.939+0000 7ff53ad9d700 1 --2- >> [v2:172.21.15.77:3300/0,v1:172.21.15.77:6789/0] conn(0x7ff53c1064b0 0x7ff53c19ddd0 unknown :-1 s=HELLO_CONNECTING pgs=0 cs=0 l=1 rev1=1 crypto rx=0 tx=0 comp rx=0 tx=0).handle_hello peer v2:172.21.15.77:3300/0 says I am v2:172.21.15.77:38984/0 (socket says 172.21.15.77:38984)
2024-03-18T23:36:08.406 INFO:teuthology.orchestra.run.smithi077.stdout:/usr/bin/ceph: stderr
2024-03-18T23:36:06.939+0000 7ff53ad9d700 1 -- 172.21.15.77:0/2290717608 learned_addr learned my addr 172.21.15.77:0/2290717608 (peer_addr_for_me v2:172.21.15.77:0/0)
2024-03-18T23:36:08.407 INFO:teuthology.orchestra.run.smithi077.stdout:/usr/bin/ceph: stderr
2024-03-18T23:36:06.939+0000 7ff53ad9d700 1 -- 172.21.15.77:0/2290717608 --> [v2:172.21.15.77:3300/0,v1:172.21.15.77:6789/0] -- mon_subscribe({config=0+,monmap=0+}) -- 0x7ff53c19e310 con 0x7ff53c1064b0
2024-03-18T23:36:08.407 INFO:teuthology.orchestra.run.smithi077.stdout:/usr/bin/ceph: stderr
2024-03-18T23:36:06.939+0000 7ff53ad9d700 1 --2- 172.21.15.77:0/2290717608 >> [v2:172.21.15.77:3300/0,v1:172.21.15.77:6789/0] conn(0x7ff53c1064b0 0x7ff53c19ddd0 secure :-1 s=READY pgs=56 cs=0 l=1 rev1=1 crypto rx=0x7ff52c0116a0 tx=0x7ff52c011ba0 comp rx=0 tx=0).ready entity=mon.0 client_cookie=0 server_cookie=0 in_seq=0 out_seq=0
2024-03-18T23:36:08.407 INFO:teuthology.orchestra.run.smithi077.stdout:/usr/bin/ceph: stderr
2024-03-18T23:36:06.939+0000 7ff523fff700 1 -- 172.21.15.77:0/2290717608 <== mon.0 v2:172.21.15.77:3300/0 1 ==== mon_map magic: 0 ==== 205+0+0 (secure 0 0 0) 0x7ff52c003a40 con 0x7ff53c1064b0
2024-03-18T23:36:08.407 INFO:teuthology.orchestra.run.smithi077.stdout:/usr/bin/ceph: stderr
2024-03-18T23:36:06.939+0000 7ff5410df700 1 -- 172.21.15.77:0/2290717608 --> [v2:172.21.15.77:3300/0,v1:172.21.15.77:6789/0] -- mon_subscribe({mgrmap=0+}) -- 0x7ff53c19e5a0 con 0x7ff53c1064b0
2024-03-18T23:36:08.407 INFO:teuthology.orchestra.run.smithi077.stdout:/usr/bin/ceph: stderr
2024-03-18T23:36:06.939+0000 7ff523fff700 1 -- 172.21.15.77:0/2290717608 <== mon.0 v2:172.21.15.77:3300/0 2 ==== config(27 keys) ==== 1140+0+0 (secure 0 0 0) 0x7ff52c003be0 con 0x7ff53c1064b0
2024-03-18T23:36:08.407 INFO:teuthology.orchestra.run.smithi077.stdout:/usr/bin/ceph: stderr
2024-03-18T23:36:06.939+0000 7ff523fff700 1 -- 172.21.15.77:0/2290717608 <== mon.0 v2:172.21.15.77:3300/0 3 ==== mon_map magic: 0 ==== 205+0+0 (secure 0 0 0) 0x7ff52c01a750 con 0x7ff53c1064b0
2024-03-18T23:36:08.407 INFO:teuthology.orchestra.run.smithi077.stdout:/usr/bin/ceph: stderr
2024-03-18T23:36:06.939+0000 7ff5410df700 1 -- 172.21.15.77:0/2290717608 --> [v2:172.21.15.77:3300/0,v1:172.21.15.77:6789/0] -- mon_subscribe({osdmap=0}) -- 0x7ff53c19ea00 con 0x7ff53c1064b0
2024-03-18T23:36:08.407 INFO:teuthology.orchestra.run.smithi077.stdout:/usr/bin/ceph: stderr
2024-03-18T23:36:06.940+0000 7ff523fff700 1 -- 172.21.15.77:0/2290717608 <== mon.0 v2:172.21.15.77:3300/0 4 ==== mgrmap(e 8) ==== 46106+0+0 (secure 0 0 0) 0x7ff52c01aa20 con 0x7ff53c1064b0
2024-03-18T23:36:08.407 INFO:teuthology.orchestra.run.smithi077.stdout:/usr/bin/ceph: stderr
2024-03-18T23:36:06.940+0000 7ff5410df700 1 -- 172.21.15.77:0/2290717608 --> [v2:172.21.15.77:3300/0,v1:172.21.15.77:6789/0] -- mon_command({"prefix": "get_command_descriptions"} v 0) -- 0x7ff53c063940 con 0x7ff53c1064b0
2024-03-18T23:36:08.407 INFO:teuthology.orchestra.run.smithi077.stdout:/usr/bin/ceph: stderr
2024-03-18T23:36:06.941+0000 7ff523fff700 1 --2- 172.21.15.77:0/2290717608 >> [v2:172.21.15.77:6800/1264285918,v1:172.21.15.77:6801/1264285918] conn(0x7ff524038f20 0x7ff52403b3e0 unknown :-1 s=NONE pgs=0 cs=0 l=1 rev1=0 crypto rx=0 tx=0 comp rx=0 tx=0).connect
2024-03-18T23:36:08.407 INFO:teuthology.orchestra.run.smithi077.stdout:/usr/bin/ceph: stderr
2024-03-18T23:36:06.941+0000 7ff523fff700 1 -- 172.21.15.77:0/2290717608 <== mon.0 v2:172.21.15.77:3300/0 5 ==== osd_map(2..2 src has 1..2) ==== 940+0+0 (secure 0 0 0) 0x7ff52c04d650 con 0x7ff53c1064b0
2024-03-18T23:36:08.407 INFO:teuthology.orchestra.run.smithi077.stdout:/usr/bin/ceph: stderr
2024-03-18T23:36:06.941+0000 7ff53a59c700 1 --2- 172.21.15.77:0/2290717608 >> [v2:172.21.15.77:6800/1264285918,v1:172.21.15.77:6801/1264285918] conn(0x7ff524038f20 0x7ff52403b3e0 unknown :-1 s=BANNER_CONNECTING pgs=0 cs=0 l=1 rev1=0 crypto rx=0 tx=0 comp rx=0 tx=0)._handle_peer_banner_payload supported=3 required=0
2024-03-18T23:36:08.408 INFO:teuthology.orchestra.run.smithi077.stdout:/usr/bin/ceph: stderr
2024-03-18T23:36:06.941+0000 7ff53a59c700 1 --2- 172.21.15.77:0/2290717608 >> [v2:172.21.15.77:6800/1264285918,v1:172.21.15.77:6801/1264285918] conn(0x7ff524038f20 0x7ff52403b3e0 secure :-1 s=READY pgs=16 cs=0 l=1 rev1=1 crypto rx=0x7ff530006fd0 tx=0x7ff530006e40 comp rx=0 tx=0).ready entity=mgr.14120 client_cookie=0 server_cookie=0 in_seq=0 out_seq=0
2024-03-18T23:36:08.408 INFO:teuthology.orchestra.run.smithi077.stdout:/usr/bin/ceph: stderr
2024-03-18T23:36:06.946+0000 7ff523fff700 1 -- 172.21.15.77:0/2290717608 <== mon.0 v2:172.21.15.77:3300/0 6 ==== mon_command_ack([{"prefix": "get_command_descriptions"}]=0 v0) ==== 72+0+186149 (secure 0 0 0) 0x7ff52c011e20 con 0x7ff53c1064b0
2024-03-18T23:36:08.408 INFO:teuthology.orchestra.run.smithi077.stdout:/usr/bin/ceph: stderr
2024-03-18T23:36:07.222+0000 7ff5410df700 1 -- 172.21.15.77:0/2290717608 --> [v2:172.21.15.77:3300/0,v1:172.21.15.77:6789/0] -- mon_command({"prefix": "mgr module enable", "module": "dashboard"} v 0) -- 0x7ff53c062f20 con 0x7ff53c1064b0
2024-03-18T23:36:08.408 INFO:teuthology.orchestra.run.smithi077.stdout:/usr/bin/ceph: stderr
2024-03-18T23:36:07.779+0000 7ff523fff700 1 -- 172.21.15.77:0/2290717608 <== mon.0 v2:172.21.15.77:3300/0 7 ==== mon_command_ack([{"prefix": "mgr module enable", "module": "dashboard"}]=0 v9) ==== 88+0+0 (secure 0 0 0) 0x7ff52c01adc0 con 0x7ff53c1064b0
2024-03-18T23:36:08.408 INFO:teuthology.orchestra.run.smithi077.stdout:/usr/bin/ceph: stderr
2024-03-18T23:36:07.781+0000 7ff523fff700 1 -- 172.21.15.77:0/2290717608 <== mon.0 v2:172.21.15.77:3300/0 8 ==== mgrmap(e 9) ==== 46119+0+0 (secure 0 0 0) 0x7ff52c02d910 con 0x7ff53c1064b0
2024-03-18T23:36:08.408 INFO:teuthology.orchestra.run.smithi077.stdout:/usr/bin/ceph: stderr
2024-03-18T23:36:07.781+0000 7ff5410df700 1 -- 172.21.15.77:0/2290717608 >> [v2:172.21.15.77:6800/1264285918,v1:172.21.15.77:6801/1264285918] conn(0x7ff524038f20 msgr2=0x7ff52403b3e0 secure :-1 s=STATE_CONNECTION_ESTABLISHED l=1).mark_down
2024-03-18T23:36:08.408 INFO:teuthology.orchestra.run.smithi077.stdout:/usr/bin/ceph: stderr
2024-03-18T23:36:07.781+0000 7ff5410df700 1 --2- 172.21.15.77:0/2290717608 >> [v2:172.21.15.77:6800/1264285918,v1:172.21.15.77:6801/1264285918] conn(0x7ff524038f20 0x7ff52403b3e0 secure :-1 s=READY pgs=16 cs=0 l=1 rev1=1 crypto rx=0x7ff530006fd0 tx=0x7ff530006e40 comp rx=0 tx=0).stop
2024-03-18T23:36:08.408 INFO:teuthology.orchestra.run.smithi077.stdout:/usr/bin/ceph: stderr
2024-03-18T23:36:07.781+0000 7ff5410df700 1 -- 172.21.15.77:0/2290717608 >> [v2:172.21.15.77:3300/0,v1:172.21.15.77:6789/0] conn(0x7ff53c1064b0 msgr2=0x7ff53c19ddd0 secure :-1 s=STATE_CONNECTION_ESTABLISHED l=1).mark_down
2024-03-18T23:36:08.408 INFO:teuthology.orchestra.run.smithi077.stdout:/usr/bin/ceph: stderr
2024-03-18T23:36:07.781+0000 7ff5410df700 1 --2- 172.21.15.77:0/2290717608 >> [v2:172.21.15.77:3300/0,v1:172.21.15.77:6789/0] conn(0x7ff53c1064b0 0x7ff53c19ddd0 secure :-1 s=READY pgs=56 cs=0 l=1 rev1=1 crypto rx=0x7ff52c0116a0 tx=0x7ff52c011ba0 comp rx=0 tx=0).stop
2024-03-18T23:36:08.408 INFO:teuthology.orchestra.run.smithi077.stdout:/usr/bin/ceph: stderr
2024-03-18T23:36:07.782+0000 7ff5410df700 1 -- 172.21.15.77:0/2290717608 shutdown_connections
2024-03-18T23:36:08.408 INFO:teuthology.orchestra.run.smithi077.stdout:/usr/bin/ceph: stderr
2024-03-18T23:36:07.782+0000 7ff5410df700 1 --2- 172.21.15.77:0/2290717608 >> [v2:172.21.15.77:6800/1264285918,v1:172.21.15.77:6801/1264285918] conn(0x7ff524038f20 0x7ff52403b3e0 unknown :-1 s=CLOSED pgs=16 cs=0 l=1 rev1=1 crypto rx=0 tx=0 comp rx=0 tx=0).stop
2024-03-18T23:36:08.408 INFO:teuthology.orchestra.run.smithi077.stdout:/usr/bin/ceph: stderr
2024-03-18T23:36:07.782+0000 7ff5410df700 1 --2- 172.21.15.77:0/2290717608 >> [v2:172.21.15.77:3300/0,v1:172.21.15.77:6789/0] conn(0x7ff53c1064b0 0x7ff53c19ddd0 unknown :-1 s=CLOSED pgs=56 cs=0 l=1 rev1=1 crypto rx=0 tx=0 comp rx=0 tx=0).stop
2024-03-18T23:36:08.408 INFO:teuthology.orchestra.run.smithi077.stdout:/usr/bin/ceph: stderr
2024-03-18T23:36:07.782+0000 7ff5410df700 1 -- 172.21.15.77:0/2290717608 >> 172.21.15.77:0/2290717608 conn(0x7ff53c1020b0 msgr2=0x7ff53c194a60 unknown :-1 s=STATE_NONE l=0).mark_down
2024-03-18T23:36:08.409 INFO:teuthology.orchestra.run.smithi077.stdout:/usr/bin/ceph: stderr
2024-03-18T23:36:07.782+0000 7ff5410df700 1 -- 172.21.15.77:0/2290717608 shutdown_connections
2024-03-18T23:36:08.409 INFO:teuthology.orchestra.run.smithi077.stdout:/usr/bin/ceph: stderr
2024-03-18T23:36:07.782+0000 7ff5410df700 1 -- 172.21.15.77:0/2290717608 wait complete.
2024-03-18T23:36:08.665 INFO:journalctl@ceph.mgr.x.smithi077.stdout:Mar 18 23:36:08 smithi077 ceph-05cfbbb4-e580-11ee-95c9-87774f69a715-mgr-x[63116]:
2024-03-18T23:36:08.460+0000 7f2b39f5d200 -1 mgr[py] Module snap_schedule has missing NOTIFY_TYPES member
2024-03-18T23:36:09.041 INFO:journalctl@ceph.mon.a.smithi077.stdout:Mar 18 23:36:08 smithi077 ceph-mon[62885]: from='client.? 172.21.15.77:0/2290717608' entity='client.admin' cmd='[{"prefix": "mgr module enable", "module": "dashboard"}]': finished
2024-03-18T23:36:09.041 INFO:journalctl@ceph.mon.a.smithi077.stdout:Mar 18 23:36:08 smithi077 ceph-mon[62885]: mgrmap e9: x(active, since 18s)
2024-03-18T23:36:09.361 INFO:journalctl@ceph.mgr.x.smithi077.stdout:Mar 18 23:36:09 smithi077 ceph-05cfbbb4-e580-11ee-95c9-87774f69a715-mgr-x[63116]:
2024-03-18T23:36:09.124+0000 7f2b39f5d200 -1 mgr[py] Module zabbix has missing NOTIFY_TYPES member
2024-03-18T23:36:09.361 INFO:journalctl@ceph.mgr.x.smithi077.stdout:Mar 18 23:36:09 smithi077 ceph-05cfbbb4-e580-11ee-95c9-87774f69a715-mgr-x[63116]:
2024-03-18T23:36:09.222+0000 7f2b39f5d200 -1 mgr[py] Module balancer has missing NOTIFY_TYPES member
2024-03-18T23:36:09.361 INFO:journalctl@ceph.mgr.x.smithi077.stdout:Mar 18 23:36:09 smithi077 ceph-05cfbbb4-e580-11ee-95c9-87774f69a715-mgr-x[63116]:
2024-03-18T23:36:09.363+0000 7f2b39f5d200 -1 mgr[py] Module influx has missing NOTIFY_TYPES member
2024-03-18T23:36:09.736 INFO:journalctl@ceph.mgr.x.smithi077.stdout:Mar 18 23:36:09 smithi077 ceph-05cfbbb4-e580-11ee-95c9-87774f69a715-mgr-x[63116]:
2024-03-18T23:36:09.458+0000 7f2b39f5d200 -1 mgr[py] Module alerts has missing NOTIFY_TYPES member
2024-03-18T23:36:09.736 INFO:journalctl@ceph.mgr.x.smithi077.stdout:Mar 18 23:36:09 smithi077 ceph-05cfbbb4-e580-11ee-95c9-87774f69a715-mgr-x[63116]:
2024-03-18T23:36:09.541+0000 7f2b39f5d200 -1 mgr[py] Module iostat has missing NOTIFY_TYPES member
