2024-03-18T23:35:52.267+0000 7f29f2058700 1 --2- >> [v2:172.21.15.77:3300/0,v1:172.21.15.77:6789/0] conn(0x7f29ec108700 0x7f29ec10aaf0 unknown :-1 s=HELLO_CONNECTING pgs=0 cs=0 l=0 rev1=1 crypto rx=0 tx=0 comp rx=0 tx=0).handle_hello peer v2:172.21.15.77:3300/0 says I am v2:172.21.15.77:39132/0 (socket says 172.21.15.77:39132)
2024-03-18T23:35:53.044 INFO:teuthology.orchestra.run.smithi077.stdout:/usr/bin/ceph: stderr
2024-03-18T23:35:52.267+0000 7f29f2058700 1 -- 172.21.15.77:0/3210657057 learned_addr learned my addr 172.21.15.77:0/3210657057 (peer_addr_for_me v2:172.21.15.77:0/0)
2024-03-18T23:35:53.044 INFO:teuthology.orchestra.run.smithi077.stdout:/usr/bin/ceph: stderr
2024-03-18T23:35:52.268+0000 7f29f2058700 1 -- 172.21.15.77:0/3210657057 --> [v2:172.21.15.77:3300/0,v1:172.21.15.77:6789/0] -- mon_subscribe({config=0+,monmap=0+}) -- 0x7f29ec10b030 con 0x7f29ec108700
2024-03-18T23:35:53.044 INFO:teuthology.orchestra.run.smithi077.stdout:/usr/bin/ceph: stderr
2024-03-18T23:35:52.268+0000 7f29f2058700 1 --2- 172.21.15.77:0/3210657057 >> [v2:172.21.15.77:3300/0,v1:172.21.15.77:6789/0] conn(0x7f29ec108700 0x7f29ec10aaf0 secure :-1 s=READY pgs=39 cs=0 l=1 rev1=1 crypto rx=0x7f29e80098a0 tx=0x7f29e8009bb0 comp rx=0 tx=0).ready entity=mon.0 client_cookie=869fa3581abd9512 server_cookie=0 in_seq=0 out_seq=0
2024-03-18T23:35:53.044 INFO:teuthology.orchestra.run.smithi077.stdout:/usr/bin/ceph: stderr
2024-03-18T23:35:52.268+0000 7f29f1056700 1 -- 172.21.15.77:0/3210657057 <== mon.0 v2:172.21.15.77:3300/0 1 ==== mon_map magic: 0 ==== 205+0+0 (secure 0 0 0) 0x7f29e8004160 con 0x7f29ec108700
2024-03-18T23:35:53.044 INFO:teuthology.orchestra.run.smithi077.stdout:/usr/bin/ceph: stderr
2024-03-18T23:35:52.268+0000 7f29f1056700 1 -- 172.21.15.77:0/3210657057 <== mon.0 v2:172.21.15.77:3300/0 2 ==== config(27 keys) ==== 1109+0+0 (secure 0 0 0) 0x7f29e8004300 con 0x7f29ec108700
2024-03-18T23:35:53.044 INFO:teuthology.orchestra.run.smithi077.stdout:/usr/bin/ceph: stderr
2024-03-18T23:35:52.268+0000 7f29f1056700 1 -- 172.21.15.77:0/3210657057 <== mon.0 v2:172.21.15.77:3300/0 3 ==== mon_map magic: 0 ==== 205+0+0 (secure 0 0 0) 0x7f29e8011b50 con 0x7f29ec108700
2024-03-18T23:35:53.044 INFO:teuthology.orchestra.run.smithi077.stdout:/usr/bin/ceph: stderr
2024-03-18T23:35:52.269+0000 7f29f42bc700 1 -- 172.21.15.77:0/3210657057 >> [v2:172.21.15.77:3300/0,v1:172.21.15.77:6789/0] conn(0x7f29ec108700 msgr2=0x7f29ec10aaf0 secure :-1 s=STATE_CONNECTION_ESTABLISHED l=1).mark_down
2024-03-18T23:35:53.044 INFO:teuthology.orchestra.run.smithi077.stdout:/usr/bin/ceph: stderr
2024-03-18T23:35:52.269+0000 7f29f42bc700 1 --2- 172.21.15.77:0/3210657057 >> [v2:172.21.15.77:3300/0,v1:172.21.15.77:6789/0] conn(0x7f29ec108700 0x7f29ec10aaf0 secure :-1 s=READY pgs=39 cs=0 l=1 rev1=1 crypto rx=0x7f29e80098a0 tx=0x7f29e8009bb0 comp rx=0 tx=0).stop
2024-03-18T23:35:53.044 INFO:teuthology.orchestra.run.smithi077.stdout:/usr/bin/ceph: stderr
2024-03-18T23:35:52.269+0000 7f29f42bc700 1 -- 172.21.15.77:0/3210657057 shutdown_connections
2024-03-18T23:35:53.044 INFO:teuthology.orchestra.run.smithi077.stdout:/usr/bin/ceph: stderr
2024-03-18T23:35:52.269+0000 7f29f42bc700 1 --2- 172.21.15.77:0/3210657057 >> [v2:172.21.15.77:3300/0,v1:172.21.15.77:6789/0] conn(0x7f29ec108700 0x7f29ec10aaf0 unknown :-1 s=CLOSED pgs=39 cs=0 l=1 rev1=1 crypto rx=0 tx=0 comp rx=0 tx=0).stop
2024-03-18T23:35:53.044 INFO:teuthology.orchestra.run.smithi077.stdout:/usr/bin/ceph: stderr
2024-03-18T23:35:52.269+0000 7f29f42bc700 1 -- 172.21.15.77:0/3210657057 >> 172.21.15.77:0/3210657057 conn(0x7f29ec1020d0 msgr2=0x7f29ec104510 unknown :-1 s=STATE_NONE l=0).mark_down
2024-03-18T23:35:53.044 INFO:teuthology.orchestra.run.smithi077.stdout:/usr/bin/ceph: stderr
2024-03-18T23:35:52.269+0000 7f29f42bc700 1 -- 172.21.15.77:0/3210657057 shutdown_connections
2024-03-18T23:35:53.044 INFO:teuthology.orchestra.run.smithi077.stdout:/usr/bin/ceph: stderr
2024-03-18T23:35:52.269+0000 7f29f42bc700 1 -- 172.21.15.77:0/3210657057 wait complete.
2024-03-18T23:35:53.045 INFO:teuthology.orchestra.run.smithi077.stdout:/usr/bin/ceph: stderr
2024-03-18T23:35:52.269+0000 7f29f42bc700 1 Processor -- start
2024-03-18T23:35:53.045 INFO:teuthology.orchestra.run.smithi077.stdout:/usr/bin/ceph: stderr
2024-03-18T23:35:52.269+0000 7f29f42bc700 1 -- start start
2024-03-18T23:35:53.045 INFO:teuthology.orchestra.run.smithi077.stdout:/usr/bin/ceph: stderr
2024-03-18T23:35:52.269+0000 7f29f42bc700 1 --2- >> [v2:172.21.15.77:3300/0,v1:172.21.15.77:6789/0] conn(0x7f29ec108700 0x7f29ec19bc60 unknown :-1 s=NONE pgs=0 cs=0 l=1 rev1=0 crypto rx=0 tx=0 comp rx=0 tx=0).connect
2024-03-18T23:35:53.045 INFO:teuthology.orchestra.run.smithi077.stdout:/usr/bin/ceph: stderr
2024-03-18T23:35:52.269+0000 7f29f42bc700 1 -- --> [v2:172.21.15.77:3300/0,v1:172.21.15.77:6789/0] -- mon_getmap magic: 0 -- 0x7f29ec10c000 con 0x7f29ec108700
2024-03-18T23:35:53.045 INFO:teuthology.orchestra.run.smithi077.stdout:/usr/bin/ceph: stderr
2024-03-18T23:35:52.270+0000 7f29f2058700 1 --2- >> [v2:172.21.15.77:3300/0,v1:172.21.15.77:6789/0] conn(0x7f29ec108700 0x7f29ec19bc60 unknown :-1 s=BANNER_CONNECTING pgs=0 cs=0 l=1 rev1=0 crypto rx=0 tx=0 comp rx=0 tx=0)._handle_peer_banner_payload supported=3 required=0
2024-03-18T23:35:53.045 INFO:teuthology.orchestra.run.smithi077.stdout:/usr/bin/ceph: stderr
2024-03-18T23:35:52.270+0000 7f29f2058700 1 --2- >> [v2:172.21.15.77:3300/0,v1:172.21.15.77:6789/0] conn(0x7f29ec108700 0x7f29ec19bc60 unknown :-1 s=HELLO_CONNECTING pgs=0 cs=0 l=1 rev1=1 crypto rx=0 tx=0 comp rx=0 tx=0).handle_hello peer v2:172.21.15.77:3300/0 says I am v2:172.21.15.77:39146/0 (socket says 172.21.15.77:39146)
2024-03-18T23:35:53.045 INFO:teuthology.orchestra.run.smithi077.stdout:/usr/bin/ceph: stderr
2024-03-18T23:35:52.270+0000 7f29f2058700 1 -- 172.21.15.77:0/1504491863 learned_addr learned my addr 172.21.15.77:0/1504491863 (peer_addr_for_me v2:172.21.15.77:0/0)
2024-03-18T23:35:53.045 INFO:teuthology.orchestra.run.smithi077.stdout:/usr/bin/ceph: stderr
2024-03-18T23:35:52.270+0000 7f29f2058700 1 -- 172.21.15.77:0/1504491863 --> [v2:172.21.15.77:3300/0,v1:172.21.15.77:6789/0] -- mon_subscribe({config=0+,monmap=0+}) -- 0x7f29ec19c1a0 con 0x7f29ec108700
2024-03-18T23:35:53.045 INFO:teuthology.orchestra.run.smithi077.stdout:/usr/bin/ceph: stderr
2024-03-18T23:35:52.270+0000 7f29f2058700 1 --2- 172.21.15.77:0/1504491863 >> [v2:172.21.15.77:3300/0,v1:172.21.15.77:6789/0] conn(0x7f29ec108700 0x7f29ec19bc60 secure :-1 s=READY pgs=40 cs=0 l=1 rev1=1 crypto rx=0x7f29e8011b60 tx=0x7f29e8011c40 comp rx=0 tx=0).ready entity=mon.0 client_cookie=0 server_cookie=0 in_seq=0 out_seq=0
2024-03-18T23:35:53.045 INFO:teuthology.orchestra.run.smithi077.stdout:/usr/bin/ceph: stderr
2024-03-18T23:35:52.270+0000 7f29e37fe700 1 -- 172.21.15.77:0/1504491863 <== mon.0 v2:172.21.15.77:3300/0 1 ==== mon_map magic: 0 ==== 205+0+0 (secure 0 0 0) 0x7f29e8003970 con 0x7f29ec108700
2024-03-18T23:35:53.045 INFO:teuthology.orchestra.run.smithi077.stdout:/usr/bin/ceph: stderr
2024-03-18T23:35:52.270+0000 7f29e37fe700 1 -- 172.21.15.77:0/1504491863 <== mon.0 v2:172.21.15.77:3300/0 2 ==== config(27 keys) ==== 1109+0+0 (secure 0 0 0) 0x7f29e8003b10 con 0x7f29ec108700
2024-03-18T23:35:53.045 INFO:teuthology.orchestra.run.smithi077.stdout:/usr/bin/ceph: stderr
2024-03-18T23:35:52.270+0000 7f29f42bc700 1 -- 172.21.15.77:0/1504491863 --> [v2:172.21.15.77:3300/0,v1:172.21.15.77:6789/0] -- mon_subscribe({mgrmap=0+}) -- 0x7f29ec19c430 con 0x7f29ec108700
2024-03-18T23:35:53.045 INFO:teuthology.orchestra.run.smithi077.stdout:/usr/bin/ceph: stderr
2024-03-18T23:35:52.270+0000 7f29e37fe700 1 -- 172.21.15.77:0/1504491863 <== mon.0 v2:172.21.15.77:3300/0 3 ==== mon_map magic: 0 ==== 205+0+0 (secure 0 0 0) 0x7f29e8024610 con 0x7f29ec108700
2024-03-18T23:35:53.045 INFO:teuthology.orchestra.run.smithi077.stdout:/usr/bin/ceph: stderr
2024-03-18T23:35:52.270+0000 7f29f42bc700 1 -- 172.21.15.77:0/1504491863 --> [v2:172.21.15.77:3300/0,v1:172.21.15.77:6789/0] -- mon_subscribe({osdmap=0}) -- 0x7f29ec19f120 con 0x7f29ec108700
2024-03-18T23:35:53.046 INFO:teuthology.orchestra.run.smithi077.stdout:/usr/bin/ceph: stderr
2024-03-18T23:35:52.271+0000 7f29e37fe700 1 -- 172.21.15.77:0/1504491863 <== mon.0 v2:172.21.15.77:3300/0 4 ==== mgrmap(e 8) ==== 46106+0+0 (secure 0 0 0) 0x7f29e8024910 con 0x7f29ec108700
2024-03-18T23:35:53.046 INFO:teuthology.orchestra.run.smithi077.stdout:/usr/bin/ceph: stderr
2024-03-18T23:35:52.271+0000 7f29f42bc700 1 -- 172.21.15.77:0/1504491863 --> [v2:172.21.15.77:3300/0,v1:172.21.15.77:6789/0] -- mon_command({"prefix": "get_command_descriptions"} v 0) -- 0x7f29ec0693c0 con 0x7f29ec108700
2024-03-18T23:35:53.046 INFO:teuthology.orchestra.run.smithi077.stdout:/usr/bin/ceph: stderr
2024-03-18T23:35:52.271+0000 7f29e37fe700 1 --2- 172.21.15.77:0/1504491863 >> [v2:172.21.15.77:6800/1264285918,v1:172.21.15.77:6801/1264285918] conn(0x7f29d8038f20 0x7f29d803b3e0 unknown :-1 s=NONE pgs=0 cs=0 l=1 rev1=0 crypto rx=0 tx=0 comp rx=0 tx=0).connect
2024-03-18T23:35:53.046 INFO:teuthology.orchestra.run.smithi077.stdout:/usr/bin/ceph: stderr
2024-03-18T23:35:52.271+0000 7f29e37fe700 1 -- 172.21.15.77:0/1504491863 <== mon.0 v2:172.21.15.77:3300/0 5 ==== osd_map(2..2 src has 1..2) ==== 940+0+0 (secure 0 0 0) 0x7f29e8011e00 con 0x7f29ec108700
2024-03-18T23:35:53.046 INFO:teuthology.orchestra.run.smithi077.stdout:/usr/bin/ceph: stderr
2024-03-18T23:35:52.271+0000 7f29f1857700 1 --2- 172.21.15.77:0/1504491863 >> [v2:172.21.15.77:6800/1264285918,v1:172.21.15.77:6801/1264285918] conn(0x7f29d8038f20 0x7f29d803b3e0 unknown :-1 s=BANNER_CONNECTING pgs=0 cs=0 l=1 rev1=0 crypto rx=0 tx=0 comp rx=0 tx=0)._handle_peer_banner_payload supported=3 required=0
2024-03-18T23:35:53.046 INFO:teuthology.orchestra.run.smithi077.stdout:/usr/bin/ceph: stderr
2024-03-18T23:35:52.272+0000 7f29f1857700 1 --2- 172.21.15.77:0/1504491863 >> [v2:172.21.15.77:6800/1264285918,v1:172.21.15.77:6801/1264285918] conn(0x7f29d8038f20 0x7f29d803b3e0 secure :-1 s=READY pgs=8 cs=0 l=1 rev1=1 crypto rx=0x7f29dc006fd0 tx=0x7f29dc006e40 comp rx=0 tx=0).ready entity=mgr.14120 client_cookie=0 server_cookie=0 in_seq=0 out_seq=0
2024-03-18T23:35:53.046 INFO:teuthology.orchestra.run.smithi077.stdout:/usr/bin/ceph: stderr
2024-03-18T23:35:52.276+0000 7f29e37fe700 1 -- 172.21.15.77:0/1504491863 <== mon.0 v2:172.21.15.77:3300/0 6 ==== mon_command_ack([{"prefix": "get_command_descriptions"}]=0 v0) ==== 72+0+186149 (secure 0 0 0) 0x7f29e801a770 con 0x7f29ec108700
2024-03-18T23:35:53.046 INFO:teuthology.orchestra.run.smithi077.stdout:/usr/bin/ceph: stderr
2024-03-18T23:35:52.473+0000 7f29f42bc700 1 -- 172.21.15.77:0/1504491863 --> [v2:172.21.15.77:6800/1264285918,v1:172.21.15.77:6801/1264285918] -- mgr_command(tid 0: {"prefix": "cephadm set-user", "user": "root", "target": ["mon-mgr", ""]}) -- 0x7f29ec103340 con 0x7f29d8038f20
2024-03-18T23:35:53.046 INFO:teuthology.orchestra.run.smithi077.stdout:/usr/bin/ceph: stderr
2024-03-18T23:35:52.474+0000 7f29e37fe700 1 -- 172.21.15.77:0/1504491863 <== mgr.14120 v2:172.21.15.77:6800/1264285918 1 ==== mgr_command_reply(tid 0: 0 ) ==== 8+0+16 (secure 0 0 0) 0x7f29ec103340 con 0x7f29d8038f20
2024-03-18T23:35:53.046 INFO:teuthology.orchestra.run.smithi077.stdout:/usr/bin/ceph: stderr
2024-03-18T23:35:52.476+0000 7f29f42bc700 1 -- 172.21.15.77:0/1504491863 >> [v2:172.21.15.77:6800/1264285918,v1:172.21.15.77:6801/1264285918] conn(0x7f29d8038f20 msgr2=0x7f29d803b3e0 secure :-1 s=STATE_CONNECTION_ESTABLISHED l=1).mark_down
2024-03-18T23:35:53.046 INFO:teuthology.orchestra.run.smithi077.stdout:/usr/bin/ceph: stderr
2024-03-18T23:35:52.476+0000 7f29f42bc700 1 --2- 172.21.15.77:0/1504491863 >> [v2:172.21.15.77:6800/1264285918,v1:172.21.15.77:6801/1264285918] conn(0x7f29d8038f20 0x7f29d803b3e0 secure :-1 s=READY pgs=8 cs=0 l=1 rev1=1 crypto rx=0x7f29dc006fd0 tx=0x7f29dc006e40 comp rx=0 tx=0).stop
2024-03-18T23:35:53.046 INFO:teuthology.orchestra.run.smithi077.stdout:/usr/bin/ceph: stderr
2024-03-18T23:35:52.476+0000 7f29f42bc700 1 -- 172.21.15.77:0/1504491863 >> [v2:172.21.15.77:3300/0,v1:172.21.15.77:6789/0] conn(0x7f29ec108700 msgr2=0x7f29ec19bc60 secure :-1 s=STATE_CONNECTION_ESTABLISHED l=1).mark_down
2024-03-18T23:35:53.046 INFO:teuthology.orchestra.run.smithi077.stdout:/usr/bin/ceph: stderr
2024-03-18T23:35:52.476+0000 7f29f42bc700 1 --2- 172.21.15.77:0/1504491863 >> [v2:172.21.15.77:3300/0,v1:172.21.15.77:6789/0] conn(0x7f29ec108700 0x7f29ec19bc60 secure :-1 s=READY pgs=40 cs=0 l=1 rev1=1 crypto rx=0x7f29e8011b60 tx=0x7f29e8011c40 comp rx=0 tx=0).stop
2024-03-18T23:35:53.047 INFO:teuthology.orchestra.run.smithi077.stdout:/usr/bin/ceph: stderr
2024-03-18T23:35:52.476+0000 7f29f42bc700 1 -- 172.21.15.77:0/1504491863 shutdown_connections
2024-03-18T23:35:53.047 INFO:teuthology.orchestra.run.smithi077.stdout:/usr/bin/ceph: stderr
2024-03-18T23:35:52.476+0000 7f29f42bc700 1 --2- 172.21.15.77:0/1504491863 >> [v2:172.21.15.77:6800/1264285918,v1:172.21.15.77:6801/1264285918] conn(0x7f29d8038f20 0x7f29d803b3e0 unknown :-1 s=CLOSED pgs=8 cs=0 l=1 rev1=1 crypto rx=0 tx=0 comp rx=0 tx=0).stop
2024-03-18T23:35:53.047 INFO:teuthology.orchestra.run.smithi077.stdout:/usr/bin/ceph: stderr
2024-03-18T23:35:52.476+0000 7f29f42bc700 1 --2- 172.21.15.77:0/1504491863 >> [v2:172.21.15.77:3300/0,v1:172.21.15.77:6789/0] conn(0x7f29ec108700 0x7f29ec19bc60 unknown :-1 s=CLOSED pgs=40 cs=0 l=1 rev1=1 crypto rx=0 tx=0 comp rx=0 tx=0).stop
2024-03-18T23:35:53.047 INFO:teuthology.orchestra.run.smithi077.stdout:/usr/bin/ceph: stderr
2024-03-18T23:35:52.476+0000 7f29f42bc700 1 -- 172.21.15.77:0/1504491863 >> 172.21.15.77:0/1504491863 conn(0x7f29ec1020d0 msgr2=0x7f29ec102c30 unknown :-1 s=STATE_NONE l=0).mark_down
2024-03-18T23:35:53.047 INFO:teuthology.orchestra.run.smithi077.stdout:/usr/bin/ceph: stderr
2024-03-18T23:35:52.476+0000 7f29f42bc700 1 -- 172.21.15.77:0/1504491863 shutdown_connections
2024-03-18T23:35:53.047 INFO:teuthology.orchestra.run.smithi077.stdout:/usr/bin/ceph: stderr
2024-03-18T23:35:52.476+0000 7f29f42bc700 1 -- 172.21.15.77:0/1504491863 wait complete.
2024-03-18T23:35:53.047 INFO:teuthology.orchestra.run.smithi077.stdout:Generating ssh key...
2024-03-18T23:35:53.291 INFO:journalctl@ceph.mon.a.smithi077.stdout:Mar 18 23:35:53 smithi077 ceph-mon[62885]: from='client.14132 -' entity='client.admin' cmd=[{"prefix": "orch set backend", "module_name": "cephadm", "target": ["mon-mgr", ""]}]: dispatch
2024-03-18T23:35:54.041 INFO:journalctl@ceph.mgr.x.smithi077.stdout:Mar 18 23:35:53 smithi077 ceph-05cfbbb4-e580-11ee-95c9-87774f69a715-mgr-x[63116]: Generating public/private rsa key pair.
2024-03-18T23:35:54.041 INFO:journalctl@ceph.mgr.x.smithi077.stdout:Mar 18 23:35:53 smithi077 ceph-05cfbbb4-e580-11ee-95c9-87774f69a715-mgr-x[63116]: Your identification has been saved in /tmp/tmpiwiuatji/key.
2024-03-18T23:35:54.042 INFO:journalctl@ceph.mgr.x.smithi077.stdout:Mar 18 23:35:53 smithi077 ceph-05cfbbb4-e580-11ee-95c9-87774f69a715-mgr-x[63116]: Your public key has been saved in /tmp/tmpiwiuatji/key.pub.
2024-03-18T23:35:54.042 INFO:journalctl@ceph.mgr.x.smithi077.stdout:Mar 18 23:35:53 smithi077 ceph-05cfbbb4-e580-11ee-95c9-87774f69a715-mgr-x[63116]: The key fingerprint is:
2024-03-18T23:35:54.042 INFO:journalctl@ceph.mgr.x.smithi077.stdout:Mar 18 23:35:53 smithi077 ceph-05cfbbb4-e580-11ee-95c9-87774f69a715-mgr-x[63116]: SHA256:wzzcq8VKH22b8BK+wv4vaEw38PozEl6Icjluinc910A ceph-05cfbbb4-e580-11ee-95c9-87774f69a715
2024-03-18T23:35:54.042 INFO:journalctl@ceph.mgr.x.smithi077.stdout:Mar 18 23:35:53 smithi077 ceph-05cfbbb4-e580-11ee-95c9-87774f69a715-mgr-x[63116]: The key's randomart image is:
2024-03-18T23:35:54.042 INFO:journalctl@ceph.mgr.x.smithi077.stdout:Mar 18 23:35:53 smithi077 ceph-05cfbbb4-e580-11ee-95c9-87774f69a715-mgr-x[63116]: +---[RSA 3072]----+
2024-03-18T23:35:54.042 INFO:journalctl@ceph.mgr.x.smithi077.stdout:Mar 18 23:35:53 smithi077 ceph-05cfbbb4-e580-11ee-95c9-87774f69a715-mgr-x[63116]: | |
2024-03-18T23:35:54.042 INFO:journalctl@ceph.mgr.x.smithi077.stdout:Mar 18 23:35:53 smithi077 ceph-05cfbbb4-e580-11ee-95c9-87774f69a715-mgr-x[63116]: | |
2024-03-18T23:35:54.042 INFO:journalctl@ceph.mgr.x.smithi077.stdout:Mar 18 23:35:53 smithi077 ceph-05cfbbb4-e580-11ee-95c9-87774f69a715-mgr-x[63116]: | |
2024-03-18T23:35:54.042 INFO:journalctl@ceph.mgr.x.smithi077.stdout:Mar 18 23:35:53 smithi077 ceph-05cfbbb4-e580-11ee-95c9-87774f69a715-mgr-x[63116]: | +..E |
2024-03-18T23:35:54.042 INFO:journalctl@ceph.mgr.x.smithi077.stdout:Mar 18 23:35:53 smithi077 ceph-05cfbbb4-e580-11ee-95c9-87774f69a715-mgr-x[63116]: | oS=. |
2024-03-18T23:35:54.042 INFO:journalctl@ceph.mgr.x.smithi077.stdout:Mar 18 23:35:53 smithi077 ceph-05cfbbb4-e580-11ee-95c9-87774f69a715-mgr-x[63116]: | . = ++Bo |
2024-03-18T23:35:54.042 INFO:journalctl@ceph.mgr.x.smithi077.stdout:Mar 18 23:35:53 smithi077 ceph-05cfbbb4-e580-11ee-95c9-87774f69a715-mgr-x[63116]: | + B.B*=o |
2024-03-18T23:35:54.042 INFO:journalctl@ceph.mgr.x.smithi077.stdout:Mar 18 23:35:53 smithi077 ceph-05cfbbb4-e580-11ee-95c9-87774f69a715-mgr-x[63116]: | .. +.%=B=.o |
2024-03-18T23:35:54.042 INFO:journalctl@ceph.mgr.x.smithi077.stdout:Mar 18 23:35:53 smithi077 ceph-05cfbbb4-e580-11ee-95c9-87774f69a715-mgr-x[63116]: | ...+ o+B=B= |
2024-03-18T23:35:54.043 INFO:journalctl@ceph.mgr.x.smithi077.stdout:Mar 18 23:35:53 smithi077 ceph-05cfbbb4-e580-11ee-95c9-87774f69a715-mgr-x[63116]: +----[SHA256]-----+
2024-03-18T23:35:54.300 INFO:teuthology.orchestra.run.smithi077.stdout:/usr/bin/ceph: stderr
2024-03-18T23:35:53.480+0000 7fcf65f92700 1 Processor -- start
2024-03-18T23:35:54.300 INFO:teuthology.orchestra.run.smithi077.stdout:/usr/bin/ceph: stderr
2024-03-18T23:35:53.480+0000 7fcf65f92700 1 -- start start
2024-03-18T23:35:54.300 INFO:teuthology.orchestra.run.smithi077.stdout:/usr/bin/ceph: stderr
2024-03-18T23:35:53.480+0000 7fcf65f92700 1 --2- >> [v2:172.21.15.77:3300/0,v1:172.21.15.77:6789/0] conn(0x7fcf60107c10 0x7fcf60108030 unknown :-1 s=NONE pgs=0 cs=0 l=0 rev1=0 crypto rx=0 tx=0 comp rx=0 tx=0).connect
2024-03-18T23:35:54.300 INFO:teuthology.orchestra.run.smithi077.stdout:/usr/bin/ceph: stderr
2024-03-18T23:35:53.480+0000 7fcf65f92700 1 -- --> [v2:172.21.15.77:3300/0,v1:172.21.15.77:6789/0] -- mon_getmap magic: 0 -- 0x7fcf60108600 con 0x7fcf60107c10
2024-03-18T23:35:54.300 INFO:teuthology.orchestra.run.smithi077.stdout:/usr/bin/ceph: stderr
2024-03-18T23:35:53.480+0000 7fcf5f7fe700 1 --2- >> [v2:172.21.15.77:3300/0,v1:172.21.15.77:6789/0] conn(0x7fcf60107c10 0x7fcf60108030 unknown :-1 s=BANNER_CONNECTING pgs=0 cs=0 l=0 rev1=0 crypto rx=0 tx=0 comp rx=0 tx=0)._handle_peer_banner_payload supported=3 required=0
2024-03-18T23:35:54.300 INFO:teuthology.orchestra.run.smithi077.stdout:/usr/bin/ceph: stderr
2024-03-18T23:35:53.480+0000 7fcf5f7fe700 1 --2- >> [v2:172.21.15.77:3300/0,v1:172.21.15.77:6789/0] conn(0x7fcf60107c10 0x7fcf60108030 unknown :-1 s=HELLO_CONNECTING pgs=0 cs=0 l=0 rev1=1 crypto rx=0 tx=0 comp rx=0 tx=0).handle_hello peer v2:172.21.15.77:3300/0 says I am v2:172.21.15.77:39158/0 (socket says 172.21.15.77:39158)
2024-03-18T23:35:54.300 INFO:teuthology.orchestra.run.smithi077.stdout:/usr/bin/ceph: stderr
2024-03-18T23:35:53.480+0000 7fcf5f7fe700 1 -- 172.21.15.77:0/4115081739 learned_addr learned my addr 172.21.15.77:0/4115081739 (peer_addr_for_me v2:172.21.15.77:0/0)
2024-03-18T23:35:54.300 INFO:teuthology.orchestra.run.smithi077.stdout:/usr/bin/ceph: stderr
2024-03-18T23:35:53.480+0000 7fcf5f7fe700 1 -- 172.21.15.77:0/4115081739 --> [v2:172.21.15.77:3300/0,v1:172.21.15.77:6789/0] -- mon_subscribe({config=0+,monmap=0+}) -- 0x7fcf60108dc0 con 0x7fcf60107c10
2024-03-18T23:35:54.300 INFO:teuthology.orchestra.run.smithi077.stdout:/usr/bin/ceph: stderr
2024-03-18T23:35:53.481+0000 7fcf5f7fe700 1 --2- 172.21.15.77:0/4115081739 >> [v2:172.21.15.77:3300/0,v1:172.21.15.77:6789/0] conn(0x7fcf60107c10 0x7fcf60108030 secure :-1 s=READY pgs=41 cs=0 l=1 rev1=1 crypto rx=0x7fcf500098a0 tx=0x7fcf50009bb0 comp rx=0 tx=0).ready entity=mon.0 client_cookie=1f3011ef1d131f60 server_cookie=0 in_seq=0 out_seq=0
2024-03-18T23:35:54.300 INFO:teuthology.orchestra.run.smithi077.stdout:/usr/bin/ceph: stderr
2024-03-18T23:35:53.481+0000 7fcf5e7fc700 1 -- 172.21.15.77:0/4115081739 <== mon.0 v2:172.21.15.77:3300/0 1 ==== mon_map magic: 0 ==== 205+0+0 (secure 0 0 0) 0x7fcf50004160 con 0x7fcf60107c10
2024-03-18T23:35:54.300 INFO:teuthology.orchestra.run.smithi077.stdout:/usr/bin/ceph: stderr
2024-03-18T23:35:53.481+0000 7fcf5e7fc700 1 -- 172.21.15.77:0/4115081739 <== mon.0 v2:172.21.15.77:3300/0 2 ==== config(27 keys) ==== 1109+0+0 (secure 0 0 0) 0x7fcf50004300 con 0x7fcf60107c10
2024-03-18T23:35:54.300 INFO:teuthology.orchestra.run.smithi077.stdout:/usr/bin/ceph: stderr
2024-03-18T23:35:53.481+0000 7fcf5e7fc700 1 -- 172.21.15.77:0/4115081739 <== mon.0 v2:172.21.15.77:3300/0 3 ==== mon_map magic: 0 ==== 205+0+0 (secure 0 0 0) 0x7fcf50011b50 con 0x7fcf60107c10
2024-03-18T23:35:54.301 INFO:teuthology.orchestra.run.smithi077.stdout:/usr/bin/ceph: stderr
2024-03-18T23:35:53.481+0000 7fcf65f92700 1 -- 172.21.15.77:0/4115081739 >> [v2:172.21.15.77:3300/0,v1:172.21.15.77:6789/0] conn(0x7fcf60107c10 msgr2=0x7fcf60108030 secure :-1 s=STATE_CONNECTION_ESTABLISHED l=1).mark_down
2024-03-18T23:35:54.301 INFO:teuthology.orchestra.run.smithi077.stdout:/usr/bin/ceph: stderr
2024-03-18T23:35:53.481+0000 7fcf65f92700 1 --2- 172.21.15.77:0/4115081739 >> [v2:172.21.15.77:3300/0,v1:172.21.15.77:6789/0] conn(0x7fcf60107c10 0x7fcf60108030 secure :-1 s=READY pgs=41 cs=0 l=1 rev1=1 crypto rx=0x7fcf500098a0 tx=0x7fcf50009bb0 comp rx=0 tx=0).stop
2024-03-18T23:35:54.301 INFO:teuthology.orchestra.run.smithi077.stdout:/usr/bin/ceph: stderr
2024-03-18T23:35:53.481+0000 7fcf65f92700 1 -- 172.21.15.77:0/4115081739 shutdown_connections
2024-03-18T23:35:54.301 INFO:teuthology.orchestra.run.smithi077.stdout:/usr/bin/ceph: stderr
2024-03-18T23:35:53.481+0000 7fcf65f92700 1 --2- 172.21.15.77:0/4115081739 >> [v2:172.21.15.77:3300/0,v1:172.21.15.77:6789/0] conn(0x7fcf60107c10 0x7fcf60108030 unknown :-1 s=CLOSED pgs=41 cs=0 l=1 rev1=1 crypto rx=0 tx=0 comp rx=0 tx=0).stop
2024-03-18T23:35:54.301 INFO:teuthology.orchestra.run.smithi077.stdout:/usr/bin/ceph: stderr
2024-03-18T23:35:53.481+0000 7fcf65f92700 1 -- 172.21.15.77:0/4115081739 >> 172.21.15.77:0/4115081739 conn(0x7fcf60103210 msgr2=0x7fcf60105630 unknown :-1 s=STATE_NONE l=0).mark_down
2024-03-18T23:35:54.301 INFO:teuthology.orchestra.run.smithi077.stdout:/usr/bin/ceph: stderr
2024-03-18T23:35:53.481+0000 7fcf65f92700 1 -- 172.21.15.77:0/4115081739 shutdown_connections
2024-03-18T23:35:54.301 INFO:teuthology.orchestra.run.smithi077.stdout:/usr/bin/ceph: stderr
2024-03-18T23:35:53.481+0000 7fcf65f92700 1 -- 172.21.15.77:0/4115081739 wait complete.
2024-03-18T23:35:54.301 INFO:teuthology.orchestra.run.smithi077.stdout:/usr/bin/ceph: stderr
2024-03-18T23:35:53.482+0000 7fcf65f92700 1 Processor -- start
2024-03-18T23:35:54.301 INFO:teuthology.orchestra.run.smithi077.stdout:/usr/bin/ceph: stderr
2024-03-18T23:35:53.482+0000 7fcf65f92700 1 -- start start
2024-03-18T23:35:54.301 INFO:teuthology.orchestra.run.smithi077.stdout:/usr/bin/ceph: stderr
2024-03-18T23:35:53.482+0000 7fcf65f92700 1 --2- >> [v2:172.21.15.77:3300/0,v1:172.21.15.77:6789/0] conn(0x7fcf60107c10 0x7fcf6007db70 unknown :-1 s=NONE pgs=0 cs=0 l=1 rev1=0 crypto rx=0 tx=0 comp rx=0 tx=0).connect
2024-03-18T23:35:54.301 INFO:teuthology.orchestra.run.smithi077.stdout:/usr/bin/ceph: stderr
2024-03-18T23:35:53.482+0000 7fcf65f92700 1 -- --> [v2:172.21.15.77:3300/0,v1:172.21.15.77:6789/0] -- mon_getmap magic: 0 -- 0x7fcf6010c170 con 0x7fcf60107c10
2024-03-18T23:35:54.301 INFO:teuthology.orchestra.run.smithi077.stdout:/usr/bin/ceph: stderr
2024-03-18T23:35:53.482+0000 7fcf5f7fe700 1 --2- >> [v2:172.21.15.77:3300/0,v1:172.21.15.77:6789/0] conn(0x7fcf60107c10 0x7fcf6007db70 unknown :-1 s=BANNER_CONNECTING pgs=0 cs=0 l=1 rev1=0 crypto rx=0 tx=0 comp rx=0 tx=0)._handle_peer_banner_payload supported=3 required=0
2024-03-18T23:35:54.301 INFO:teuthology.orchestra.run.smithi077.stdout:/usr/bin/ceph: stderr
2024-03-18T23:35:53.482+0000 7fcf5f7fe700 1 --2- >> [v2:172.21.15.77:3300/0,v1:172.21.15.77:6789/0] conn(0x7fcf60107c10 0x7fcf6007db70 unknown :-1 s=HELLO_CONNECTING pgs=0 cs=0 l=1 rev1=1 crypto rx=0 tx=0 comp rx=0 tx=0).handle_hello peer v2:172.21.15.77:3300/0 says I am v2:172.21.15.77:39160/0 (socket says 172.21.15.77:39160)
2024-03-18T23:35:54.302 INFO:teuthology.orchestra.run.smithi077.stdout:/usr/bin/ceph: stderr
2024-03-18T23:35:53.482+0000 7fcf5f7fe700 1 -- 172.21.15.77:0/4127276310 learned_addr learned my addr 172.21.15.77:0/4127276310 (peer_addr_for_me v2:172.21.15.77:0/0)
2024-03-18T23:35:54.302 INFO:teuthology.orchestra.run.smithi077.stdout:/usr/bin/ceph: stderr
2024-03-18T23:35:53.483+0000 7fcf5f7fe700 1 -- 172.21.15.77:0/4127276310 --> [v2:172.21.15.77:3300/0,v1:172.21.15.77:6789/0] -- mon_subscribe({config=0+,monmap=0+}) -- 0x7fcf6007e0b0 con 0x7fcf60107c10
2024-03-18T23:35:54.302 INFO:teuthology.orchestra.run.smithi077.stdout:/usr/bin/ceph: stderr
2024-03-18T23:35:53.483+0000 7fcf5f7fe700 1 --2- 172.21.15.77:0/4127276310 >> [v2:172.21.15.77:3300/0,v1:172.21.15.77:6789/0] conn(0x7fcf60107c10 0x7fcf6007db70 secure :-1 s=READY pgs=42 cs=0 l=1 rev1=1 crypto rx=0x7fcf50011850 tx=0x7fcf50011c10 comp rx=0 tx=0).ready entity=mon.0 client_cookie=0 server_cookie=0 in_seq=0 out_seq=0
2024-03-18T23:35:54.302 INFO:teuthology.orchestra.run.smithi077.stdout:/usr/bin/ceph: stderr
2024-03-18T23:35:53.483+0000 7fcf5cff9700 1 -- 172.21.15.77:0/4127276310 <== mon.0 v2:172.21.15.77:3300/0 1 ==== mon_map magic: 0 ==== 205+0+0 (secure 0 0 0) 0x7fcf50003af0 con 0x7fcf60107c10
2024-03-18T23:35:54.302 INFO:teuthology.orchestra.run.smithi077.stdout:/usr/bin/ceph: stderr
2024-03-18T23:35:53.483+0000 7fcf5cff9700 1 -- 172.21.15.77:0/4127276310 <== mon.0 v2:172.21.15.77:3300/0 2 ==== config(27 keys) ==== 1109+0+0 (secure 0 0 0) 0x7fcf50020070 con 0x7fcf60107c10
2024-03-18T23:35:54.302 INFO:teuthology.orchestra.run.smithi077.stdout:/usr/bin/ceph: stderr
2024-03-18T23:35:53.483+0000 7fcf65f92700 1 -- 172.21.15.77:0/4127276310 --> [v2:172.21.15.77:3300/0,v1:172.21.15.77:6789/0] -- mon_subscribe({mgrmap=0+}) -- 0x7fcf6007c2a0 con 0x7fcf60107c10
2024-03-18T23:35:54.302 INFO:teuthology.orchestra.run.smithi077.stdout:/usr/bin/ceph: stderr
2024-03-18T23:35:53.483+0000 7fcf5cff9700 1 -- 172.21.15.77:0/4127276310 <== mon.0 v2:172.21.15.77:3300/0 3 ==== mon_map magic: 0 ==== 205+0+0 (secure 0 0 0) 0x7fcf500195a0 con 0x7fcf60107c10
2024-03-18T23:35:54.302 INFO:teuthology.orchestra.run.smithi077.stdout:/usr/bin/ceph: stderr
2024-03-18T23:35:53.483+0000 7fcf65f92700 1 -- 172.21.15.77:0/4127276310 --> [v2:172.21.15.77:3300/0,v1:172.21.15.77:6789/0] -- mon_subscribe({osdmap=0}) -- 0x7fcf6007c7e0 con 0x7fcf60107c10
2024-03-18T23:35:54.302 INFO:teuthology.orchestra.run.smithi077.stdout:/usr/bin/ceph: stderr
2024-03-18T23:35:53.484+0000 7fcf5cff9700 1 -- 172.21.15.77:0/4127276310 <== mon.0 v2:172.21.15.77:3300/0 4 ==== mgrmap(e 8) ==== 46106+0+0 (secure 0 0 0) 0x7fcf50019850 con 0x7fcf60107c10
2024-03-18T23:35:54.302 INFO:teuthology.orchestra.run.smithi077.stdout:/usr/bin/ceph: stderr
2024-03-18T23:35:53.484+0000 7fcf5cff9700 1 --2- 172.21.15.77:0/4127276310 >> [v2:172.21.15.77:6800/1264285918,v1:172.21.15.77:6801/1264285918] conn(0x7fcf48038f70 0x7fcf4803b430 unknown :-1 s=NONE pgs=0 cs=0 l=1 rev1=0 crypto rx=0 tx=0 comp rx=0 tx=0).connect
2024-03-18T23:35:54.302 INFO:teuthology.orchestra.run.smithi077.stdout:/usr/bin/ceph: stderr
2024-03-18T23:35:53.484+0000 7fcf5cff9700 1 -- 172.21.15.77:0/4127276310 <== mon.0 v2:172.21.15.77:3300/0 5 ==== osd_map(2..2 src has 1..2) ==== 940+0+0 (secure 0 0 0) 0x7fcf50011e00 con 0x7fcf60107c10
2024-03-18T23:35:54.302 INFO:teuthology.orchestra.run.smithi077.stdout:/usr/bin/ceph: stderr
2024-03-18T23:35:53.484+0000 7fcf65f92700 1 -- 172.21.15.77:0/4127276310 --> [v2:172.21.15.77:3300/0,v1:172.21.15.77:6789/0] -- mon_command({"prefix": "get_command_descriptions"} v 0) -- 0x7fcf600693c0 con 0x7fcf60107c10
2024-03-18T23:35:54.302 INFO:teuthology.orchestra.run.smithi077.stdout:/usr/bin/ceph: stderr
2024-03-18T23:35:53.484+0000 7fcf5effd700 1 --2- 172.21.15.77:0/4127276310 >> [v2:172.21.15.77:6800/1264285918,v1:172.21.15.77:6801/1264285918] conn(0x7fcf48038f70 0x7fcf4803b430 unknown :-1 s=BANNER_CONNECTING pgs=0 cs=0 l=1 rev1=0 crypto rx=0 tx=0 comp rx=0 tx=0)._handle_peer_banner_payload supported=3 required=0
2024-03-18T23:35:54.302 INFO:teuthology.orchestra.run.smithi077.stdout:/usr/bin/ceph: stderr
2024-03-18T23:35:53.484+0000 7fcf5effd700 1 --2- 172.21.15.77:0/4127276310 >> [v2:172.21.15.77:6800/1264285918,v1:172.21.15.77:6801/1264285918] conn(0x7fcf48038f70 0x7fcf4803b430 secure :-1 s=READY pgs=9 cs=0 l=1 rev1=1 crypto rx=0x7fcf54006fd0 tx=0x7fcf54006e40 comp rx=0 tx=0).ready entity=mgr.14120 client_cookie=0 server_cookie=0 in_seq=0 out_seq=0
2024-03-18T23:35:54.303 INFO:teuthology.orchestra.run.smithi077.stdout:/usr/bin/ceph: stderr
2024-03-18T23:35:53.489+0000 7fcf5cff9700 1 -- 172.21.15.77:0/4127276310 <== mon.0 v2:172.21.15.77:3300/0 6 ==== mon_command_ack([{"prefix": "get_command_descriptions"}]=0 v0) ==== 72+0+186149 (secure 0 0 0) 0x7fcf50003c90 con 0x7fcf60107c10
2024-03-18T23:35:54.303 INFO:teuthology.orchestra.run.smithi077.stdout:/usr/bin/ceph: stderr
2024-03-18T23:35:53.685+0000 7fcf65f92700 1 -- 172.21.15.77:0/4127276310 --> [v2:172.21.15.77:6800/1264285918,v1:172.21.15.77:6801/1264285918] -- mgr_command(tid 0: {"prefix": "cephadm generate-key", "target": ["mon-mgr", ""]}) -- 0x7fcf6007d0c0 con 0x7fcf48038f70
2024-03-18T23:35:54.303 INFO:teuthology.orchestra.run.smithi077.stdout:/usr/bin/ceph: stderr
2024-03-18T23:35:53.757+0000 7fcf5cff9700 1 -- 172.21.15.77:0/4127276310 <== mgr.14120 v2:172.21.15.77:6800/1264285918 1 ==== mgr_command_reply(tid 0: 0 ) ==== 8+0+0 (secure 0 0 0) 0x7fcf6007d0c0 con 0x7fcf48038f70
2024-03-18T23:35:54.303 INFO:teuthology.orchestra.run.smithi077.stdout:/usr/bin/ceph: stderr
2024-03-18T23:35:53.759+0000 7fcf65f92700 1 -- 172.21.15.77:0/4127276310 >> [v2:172.21.15.77:6800/1264285918,v1:172.21.15.77:6801/1264285918] conn(0x7fcf48038f70 msgr2=0x7fcf4803b430 secure :-1 s=STATE_CONNECTION_ESTABLISHED l=1).mark_down
2024-03-18T23:35:54.303 INFO:teuthology.orchestra.run.smithi077.stdout:/usr/bin/ceph: stderr
2024-03-18T23:35:53.759+0000 7fcf65f92700 1 --2- 172.21.15.77:0/4127276310 >> [v2:172.21.15.77:6800/1264285918,v1:172.21.15.77:6801/1264285918] conn(0x7fcf48038f70 0x7fcf4803b430 secure :-1 s=READY pgs=9 cs=0 l=1 rev1=1 crypto rx=0x7fcf54006fd0 tx=0x7fcf54006e40 comp rx=0 tx=0).stop
2024-03-18T23:35:54.303 INFO:teuthology.orchestra.run.smithi077.stdout:/usr/bin/ceph: stderr
2024-03-18T23:35:53.759+0000 7fcf65f92700 1 -- 172.21.15.77:0/4127276310 >> [v2:172.21.15.77:3300/0,v1:172.21.15.77:6789/0] conn(0x7fcf60107c10 msgr2=0x7fcf6007db70 secure :-1 s=STATE_CONNECTION_ESTABLISHED l=1).mark_down
2024-03-18T23:35:54.303 INFO:teuthology.orchestra.run.smithi077.stdout:/usr/bin/ceph: stderr
2024-03-18T23:35:53.759+0000 7fcf65f92700 1 --2- 172.21.15.77:0/4127276310 >> [v2:172.21.15.77:3300/0,v1:172.21.15.77:6789/0] conn(0x7fcf60107c10 0x7fcf6007db70 secure :-1 s=READY pgs=42 cs=0 l=1 rev1=1 crypto rx=0x7fcf50011850 tx=0x7fcf50011c10 comp rx=0 tx=0).stop
2024-03-18T23:35:54.303 INFO:teuthology.orchestra.run.smithi077.stdout:/usr/bin/ceph: stderr
2024-03-18T23:35:53.759+0000 7fcf65f92700 1 -- 172.21.15.77:0/4127276310 shutdown_connections
2024-03-18T23:35:54.303 INFO:teuthology.orchestra.run.smithi077.stdout:/usr/bin/ceph: stderr
2024-03-18T23:35:53.759+0000 7fcf65f92700 1 --2- 172.21.15.77:0/4127276310 >> [v2:172.21.15.77:6800/1264285918,v1:172.21.15.77:6801/1264285918] conn(0x7fcf48038f70 0x7fcf4803b430 unknown :-1 s=CLOSED pgs=9 cs=0 l=1 rev1=1 crypto rx=0 tx=0 comp rx=0 tx=0).stop
2024-03-18T23:35:54.303 INFO:teuthology.orchestra.run.smithi077.stdout:/usr/bin/ceph: stderr
2024-03-18T23:35:53.759+0000 7fcf65f92700 1 --2- 172.21.15.77:0/4127276310 >> [v2:172.21.15.77:3300/0,v1:172.21.15.77:6789/0] conn(0x7fcf60107c10 0x7fcf6007db70 unknown :-1 s=CLOSED pgs=42 cs=0 l=1 rev1=1 crypto rx=0 tx=0 comp rx=0 tx=0).stop
2024-03-18T23:35:54.303 INFO:teuthology.orchestra.run.smithi077.stdout:/usr/bin/ceph: stderr
2024-03-18T23:35:53.759+0000 7fcf65f92700 1 -- 172.21.15.77:0/4127276310 >> 172.21.15.77:0/4127276310 conn(0x7fcf60103210 msgr2=0x7fcf60103d70 unknown :-1 s=STATE_NONE l=0).mark_down
2024-03-18T23:35:54.303 INFO:teuthology.orchestra.run.smithi077.stdout:/usr/bin/ceph: stderr
2024-03-18T23:35:53.760+0000 7fcf65f92700 1 -- 172.21.15.77:0/4127276310 shutdown_connections
2024-03-18T23:35:54.303 INFO:teuthology.orchestra.run.smithi077.stdout:/usr/bin/ceph: stderr
2024-03-18T23:35:53.760+0000 7fcf65f92700 1 -- 172.21.15.77:0/4127276310 wait complete.
2024-03-18T23:35:54.392 INFO:journalctl@ceph.mon.a.smithi077.stdout:Mar 18 23:35:54 smithi077 ceph-mon[62885]: from='client.14134 -' entity='client.admin' cmd=[{"prefix": "cephadm set-user", "user": "root", "target": ["mon-mgr", ""]}]: dispatch
2024-03-18T23:35:54.393 INFO:journalctl@ceph.mon.a.smithi077.stdout:Mar 18 23:35:54 smithi077 ceph-mon[62885]: from='mgr.14120 172.21.15.77:0/3850905166' entity='mgr.x'
2024-03-18T23:35:54.393 INFO:journalctl@ceph.mon.a.smithi077.stdout:Mar 18 23:35:54 smithi077 ceph-mon[62885]: from='mgr.14120 172.21.15.77:0/3850905166' entity='mgr.x'
2024-03-18T23:35:55.489 INFO:journalctl@ceph.mon.a.smithi077.stdout:Mar 18 23:35:55 smithi077 ceph-mon[62885]: from='client.14136 -' entity='client.admin' cmd=[{"prefix": "cephadm generate-key", "target": ["mon-mgr", ""]}]: dispatch
2024-03-18T23:35:55.489 INFO:journalctl@ceph.mon.a.smithi077.stdout:Mar 18 23:35:55 smithi077 ceph-mon[62885]: Generating ssh key...
2024-03-18T23:35:55.497 INFO:teuthology.orchestra.run.smithi077.stdout:/usr/bin/ceph: stdout ssh-rsa AAAAB3NzaC1yc2EAAAADAQABAAABgQDSwdA8r8mStsQls+kkhbUWjsFwwiw/m/blSF9Kj3keyBbiMfWflHuBq0/jfY5FOQNv9Xn4o6FQ4c76apObt540AgyValaw9ujK5Jy5lvOvaJiIzQc7UvnCRZ2MmRhCjYRxTkLaXaVXqAQZfgIohazvKloPBzh/S4CgGXAXG6sAcQee+Rf7N4t8sFMab7oy90TAdzfGauY83V1PKdVmrgnNBk200rsR9CUKvXxO3zX1FT6GlBdK1eaBJY4i0P4V/S65bknYiWUd95ll5Poj1lsb9bYULWDYY98zYpamT/N70kYvdMh1GkgDd1nhUpz5RG5/iWZkNCrJsQjZXAFSUwvgFUEmTp8gcODJiP6MAtEpns3OwvsjCUjXRgux13TlYd83gOSpaSBLM3kd9hvj/nxFU+DGKvH3rauPXQZLDJZvGsoc+JjlJvgvFF3TvRLf8ncRHi3wO2uhMHu0eTnb1J9/3GPWXGEklv1/1OY0HIL2OwuVTd4oCSGuLKzN/DBjFys= ceph-05cfbbb4-e580-11ee-95c9-87774f69a715
2024-03-18T23:35:55.498 INFO:teuthology.orchestra.run.smithi077.stdout:/usr/bin/ceph: stderr
2024-03-18T23:35:54.660+0000 7f4a1b81e700 1 Processor -- start
2024-03-18T23:35:55.498 INFO:teuthology.orchestra.run.smithi077.stdout:/usr/bin/ceph: stderr
2024-03-18T23:35:54.660+0000 7f4a1b81e700 1 -- start start
2024-03-18T23:35:55.498 INFO:teuthology.orchestra.run.smithi077.stdout:/usr/bin/ceph: stderr
2024-03-18T23:35:54.660+0000 7f4a1b81e700 1 --2- >> [v2:172.21.15.77:3300/0,v1:172.21.15.77:6789/0] conn(0x7f4a1407de50 0x7f4a1407c300 unknown :-1 s=NONE pgs=0 cs=0 l=0 rev1=0 crypto rx=0 tx=0 comp rx=0 tx=0).connect
2024-03-18T23:35:55.498 INFO:teuthology.orchestra.run.smithi077.stdout:/usr/bin/ceph: stderr
2024-03-18T23:35:54.660+0000 7f4a1b81e700 1 -- --> [v2:172.21.15.77:3300/0,v1:172.21.15.77:6789/0] -- mon_getmap magic: 0 -- 0x7f4a1407c8d0 con 0x7f4a1407de50
2024-03-18T23:35:55.498 INFO:teuthology.orchestra.run.smithi077.stdout:/usr/bin/ceph: stderr
2024-03-18T23:35:54.660+0000 7f4a195ba700 1 --2- >> [v2:172.21.15.77:3300/0,v1:172.21.15.77:6789/0] conn(0x7f4a1407de50 0x7f4a1407c300 unknown :-1 s=BANNER_CONNECTING pgs=0 cs=0 l=0 rev1=0 crypto rx=0 tx=0 comp rx=0 tx=0)._handle_peer_banner_payload supported=3 required=0
2024-03-18T23:35:55.498 INFO:teuthology.orchestra.run.smithi077.stdout:/usr/bin/ceph: stderr
2024-03-18T23:35:54.660+0000 7f4a195ba700 1 --2- >> [v2:172.21.15.77:3300/0,v1:172.21.15.77:6789/0] conn(0x7f4a1407de50 0x7f4a1407c300 unknown :-1 s=HELLO_CONNECTING pgs=0 cs=0 l=0 rev1=1 crypto rx=0 tx=0 comp rx=0 tx=0).handle_hello peer v2:172.21.15.77:3300/0 says I am v2:172.21.15.77:39176/0 (socket says 172.21.15.77:39176)
2024-03-18T23:35:55.498 INFO:teuthology.orchestra.run.smithi077.stdout:/usr/bin/ceph: stderr
2024-03-18T23:35:54.660+0000 7f4a195ba700 1 -- 172.21.15.77:0/2178662022 learned_addr learned my addr 172.21.15.77:0/2178662022 (peer_addr_for_me v2:172.21.15.77:0/0)
2024-03-18T23:35:55.498 INFO:teuthology.orchestra.run.smithi077.stdout:/usr/bin/ceph: stderr
2024-03-18T23:35:54.660+0000 7f4a195ba700 1 -- 172.21.15.77:0/2178662022 --> [v2:172.21.15.77:3300/0,v1:172.21.15.77:6789/0] -- mon_subscribe({config=0+,monmap=0+}) -- 0x7f4a1407ca50 con 0x7f4a1407de50
2024-03-18T23:35:55.498 INFO:teuthology.orchestra.run.smithi077.stdout:/usr/bin/ceph: stderr
2024-03-18T23:35:54.661+0000 7f4a195ba700 1 --2- 172.21.15.77:0/2178662022 >> [v2:172.21.15.77:3300/0,v1:172.21.15.77:6789/0] conn(0x7f4a1407de50 0x7f4a1407c300 secure :-1 s=READY pgs=43 cs=0 l=1 rev1=1 crypto rx=0x7f4a040098a0 tx=0x7f4a04009bb0 comp rx=0 tx=0).ready entity=mon.0 client_cookie=8e1043ace3577446 server_cookie=0 in_seq=0 out_seq=0
2024-03-18T23:35:55.498 INFO:teuthology.orchestra.run.smithi077.stdout:/usr/bin/ceph: stderr
2024-03-18T23:35:54.661+0000 7f4a0bfff700 1 -- 172.21.15.77:0/2178662022 <== mon.0 v2:172.21.15.77:3300/0 1 ==== mon_map magic: 0 ==== 205+0+0 (secure 0 0 0) 0x7f4a04004160 con 0x7f4a1407de50
2024-03-18T23:35:55.498 INFO:teuthology.orchestra.run.smithi077.stdout:/usr/bin/ceph: stderr
2024-03-18T23:35:54.661+0000 7f4a0bfff700 1 -- 172.21.15.77:0/2178662022 <== mon.0 v2:172.21.15.77:3300/0 2 ==== config(27 keys) ==== 1109+0+0 (secure 0 0 0) 0x7f4a04004300 con 0x7f4a1407de50
2024-03-18T23:35:55.498 INFO:teuthology.orchestra.run.smithi077.stdout:/usr/bin/ceph: stderr
2024-03-18T23:35:54.661+0000 7f4a0bfff700 1 -- 172.21.15.77:0/2178662022 <== mon.0 v2:172.21.15.77:3300/0 3 ==== mon_map magic: 0 ==== 205+0+0 (secure 0 0 0) 0x7f4a04011b50 con 0x7f4a1407de50
2024-03-18T23:35:55.499 INFO:teuthology.orchestra.run.smithi077.stdout:/usr/bin/ceph: stderr
2024-03-18T23:35:54.661+0000 7f4a1b81e700 1 -- 172.21.15.77:0/2178662022 >> [v2:172.21.15.77:3300/0,v1:172.21.15.77:6789/0] conn(0x7f4a1407de50 msgr2=0x7f4a1407c300 secure :-1 s=STATE_CONNECTION_ESTABLISHED l=1).mark_down
2024-03-18T23:35:55.499 INFO:teuthology.orchestra.run.smithi077.stdout:/usr/bin/ceph: stderr
2024-03-18T23:35:54.661+0000 7f4a1b81e700 1 --2- 172.21.15.77:0/2178662022 >> [v2:172.21.15.77:3300/0,v1:172.21.15.77:6789/0] conn(0x7f4a1407de50 0x7f4a1407c300 secure :-1 s=READY pgs=43 cs=0 l=1 rev1=1 crypto rx=0x7f4a040098a0 tx=0x7f4a04009bb0 comp rx=0 tx=0).stop
2024-03-18T23:35:55.499 INFO:teuthology.orchestra.run.smithi077.stdout:/usr/bin/ceph: stderr
2024-03-18T23:35:54.661+0000 7f4a1b81e700 1 -- 172.21.15.77:0/2178662022 shutdown_connections
2024-03-18T23:35:55.499 INFO:teuthology.orchestra.run.smithi077.stdout:/usr/bin/ceph: stderr
2024-03-18T23:35:54.661+0000 7f4a1b81e700 1 --2- 172.21.15.77:0/2178662022 >> [v2:172.21.15.77:3300/0,v1:172.21.15.77:6789/0] conn(0x7f4a1407de50 0x7f4a1407c300 unknown :-1 s=CLOSED pgs=43 cs=0 l=1 rev1=1 crypto rx=0 tx=0 comp rx=0 tx=0).stop
2024-03-18T23:35:55.499 INFO:teuthology.orchestra.run.smithi077.stdout:/usr/bin/ceph: stderr
2024-03-18T23:35:54.661+0000 7f4a1b81e700 1 -- 172.21.15.77:0/2178662022 >> 172.21.15.77:0/2178662022 conn(0x7f4a14103190 msgr2=0x7f4a141055f0 unknown :-1 s=STATE_NONE l=0).mark_down
2024-03-18T23:35:55.499 INFO:teuthology.orchestra.run.smithi077.stdout:/usr/bin/ceph: stderr
2024-03-18T23:35:54.662+0000 7f4a1b81e700 1 -- 172.21.15.77:0/2178662022 shutdown_connections
2024-03-18T23:35:55.499 INFO:teuthology.orchestra.run.smithi077.stdout:/usr/bin/ceph: stderr
2024-03-18T23:35:54.662+0000 7f4a1b81e700 1 -- 172.21.15.77:0/2178662022 wait complete.
2024-03-18T23:35:55.499 INFO:teuthology.orchestra.run.smithi077.stdout:/usr/bin/ceph: stderr
2024-03-18T23:35:54.662+0000 7f4a1b81e700 1 Processor -- start
2024-03-18T23:35:55.499 INFO:teuthology.orchestra.run.smithi077.stdout:/usr/bin/ceph: stderr
2024-03-18T23:35:54.662+0000 7f4a1b81e700 1 -- start start
2024-03-18T23:35:55.499 INFO:teuthology.orchestra.run.smithi077.stdout:/usr/bin/ceph: stderr
2024-03-18T23:35:54.662+0000 7f4a1b81e700 1 --2- >> [v2:172.21.15.77:3300/0,v1:172.21.15.77:6789/0] conn(0x7f4a1407de50 0x7f4a1419de10 unknown :-1 s=NONE pgs=0 cs=0 l=1 rev1=0 crypto rx=0 tx=0 comp rx=0 tx=0).connect
2024-03-18T23:35:55.499 INFO:teuthology.orchestra.run.smithi077.stdout:/usr/bin/ceph: stderr
2024-03-18T23:35:54.662+0000 7f4a1b81e700 1 -- --> [v2:172.21.15.77:3300/0,v1:172.21.15.77:6789/0] -- mon_getmap magic: 0 -- 0x7f4a1410e1c0 con 0x7f4a1407de50
2024-03-18T23:35:55.499 INFO:teuthology.orchestra.run.smithi077.stdout:/usr/bin/ceph: stderr
2024-03-18T23:35:54.662+0000 7f4a195ba700 1 --2- >> [v2:172.21.15.77:3300/0,v1:172.21.15.77:6789/0] conn(0x7f4a1407de50 0x7f4a1419de10 unknown :-1 s=BANNER_CONNECTING pgs=0 cs=0 l=1 rev1=0 crypto rx=0 tx=0 comp rx=0 tx=0)._handle_peer_banner_payload supported=3 required=0
2024-03-18T23:35:55.500 INFO:teuthology.orchestra.run.smithi077.stdout:/usr/bin/ceph: stderr
2024-03-18T23:35:54.662+0000 7f4a195ba700 1 --2- >> [v2:172.21.15.77:3300/0,v1:172.21.15.77:6789/0] conn(0x7f4a1407de50 0x7f4a1419de10 unknown :-1 s=HELLO_CONNECTING pgs=0 cs=0 l=1 rev1=1 crypto rx=0 tx=0 comp rx=0 tx=0).handle_hello peer v2:172.21.15.77:3300/0 says I am v2:172.21.15.77:39178/0 (socket says 172.21.15.77:39178)
2024-03-18T23:35:55.500 INFO:teuthology.orchestra.run.smithi077.stdout:/usr/bin/ceph: stderr
2024-03-18T23:35:54.662+0000 7f4a195ba700 1 -- 172.21.15.77:0/1665876134 learned_addr learned my addr 172.21.15.77:0/1665876134 (peer_addr_for_me v2:172.21.15.77:0/0)
2024-03-18T23:35:55.500 INFO:teuthology.orchestra.run.smithi077.stdout:/usr/bin/ceph: stderr
2024-03-18T23:35:54.663+0000 7f4a195ba700 1 -- 172.21.15.77:0/1665876134 --> [v2:172.21.15.77:3300/0,v1:172.21.15.77:6789/0] -- mon_subscribe({config=0+,monmap=0+}) -- 0x7f4a1419e350 con 0x7f4a1407de50
2024-03-18T23:35:55.500 INFO:teuthology.orchestra.run.smithi077.stdout:/usr/bin/ceph: stderr
2024-03-18T23:35:54.663+0000 7f4a195ba700 1 --2- 172.21.15.77:0/1665876134 >> [v2:172.21.15.77:3300/0,v1:172.21.15.77:6789/0] conn(0x7f4a1407de50 0x7f4a1419de10 secure :-1 s=READY pgs=44 cs=0 l=1 rev1=1 crypto rx=0x7f4a04009fb0 tx=0x7f4a04011bf0 comp rx=0 tx=0).ready entity=mon.0 client_cookie=0 server_cookie=0 in_seq=0 out_seq=0
2024-03-18T23:35:55.500 INFO:teuthology.orchestra.run.smithi077.stdout:/usr/bin/ceph: stderr
2024-03-18T23:35:54.663+0000 7f4a0a7fc700 1 -- 172.21.15.77:0/1665876134 <== mon.0 v2:172.21.15.77:3300/0 1 ==== mon_map magic: 0 ==== 205+0+0 (secure 0 0 0) 0x7f4a040038b0 con 0x7f4a1407de50
2024-03-18T23:35:55.500 INFO:teuthology.orchestra.run.smithi077.stdout:/usr/bin/ceph: stderr
2024-03-18T23:35:54.663+0000 7f4a0a7fc700 1 -- 172.21.15.77:0/1665876134 <== mon.0 v2:172.21.15.77:3300/0 2 ==== config(27 keys) ==== 1109+0+0 (secure 0 0 0) 0x7f4a04011e50 con 0x7f4a1407de50
2024-03-18T23:35:55.500 INFO:teuthology.orchestra.run.smithi077.stdout:/usr/bin/ceph: stderr
2024-03-18T23:35:54.663+0000 7f4a1b81e700 1 -- 172.21.15.77:0/1665876134 --> [v2:172.21.15.77:3300/0,v1:172.21.15.77:6789/0] -- mon_subscribe({mgrmap=0+}) -- 0x7f4a1419e5e0 con 0x7f4a1407de50
2024-03-18T23:35:55.500 INFO:teuthology.orchestra.run.smithi077.stdout:/usr/bin/ceph: stderr
2024-03-18T23:35:54.663+0000 7f4a0a7fc700 1 -- 172.21.15.77:0/1665876134 <== mon.0 v2:172.21.15.77:3300/0 3 ==== mon_map magic: 0 ==== 205+0+0 (secure 0 0 0) 0x7f4a04019420 con 0x7f4a1407de50
2024-03-18T23:35:55.500 INFO:teuthology.orchestra.run.smithi077.stdout:/usr/bin/ceph: stderr
2024-03-18T23:35:54.663+0000 7f4a1b81e700 1 -- 172.21.15.77:0/1665876134 --> [v2:172.21.15.77:3300/0,v1:172.21.15.77:6789/0] -- mon_subscribe({osdmap=0}) -- 0x7f4a141a12d0 con 0x7f4a1407de50
2024-03-18T23:35:55.500 INFO:teuthology.orchestra.run.smithi077.stdout:/usr/bin/ceph: stderr
2024-03-18T23:35:54.664+0000 7f4a0a7fc700 1 -- 172.21.15.77:0/1665876134 <== mon.0 v2:172.21.15.77:3300/0 4 ==== mgrmap(e 8) ==== 46106+0+0 (secure 0 0 0) 0x7f4a04003a50 con 0x7f4a1407de50
2024-03-18T23:35:55.500 INFO:teuthology.orchestra.run.smithi077.stdout:/usr/bin/ceph: stderr
2024-03-18T23:35:54.664+0000 7f4a1b81e700 1 -- 172.21.15.77:0/1665876134 --> [v2:172.21.15.77:3300/0,v1:172.21.15.77:6789/0] -- mon_command({"prefix": "get_command_descriptions"} v 0) -- 0x7f4a140693c0 con 0x7f4a1407de50
2024-03-18T23:35:55.500 INFO:teuthology.orchestra.run.smithi077.stdout:/usr/bin/ceph: stderr
2024-03-18T23:35:54.664+0000 7f4a0a7fc700 1 --2- 172.21.15.77:0/1665876134 >> [v2:172.21.15.77:6800/1264285918,v1:172.21.15.77:6801/1264285918] conn(0x7f4a00038f20 0x7f4a0003b3e0 unknown :-1 s=NONE pgs=0 cs=0 l=1 rev1=0 crypto rx=0 tx=0 comp rx=0 tx=0).connect
2024-03-18T23:35:55.501 INFO:teuthology.orchestra.run.smithi077.stdout:/usr/bin/ceph: stderr
2024-03-18T23:35:54.664+0000 7f4a0a7fc700 1 -- 172.21.15.77:0/1665876134 <== mon.0 v2:172.21.15.77:3300/0 5 ==== osd_map(2..2 src has 1..2) ==== 940+0+0 (secure 0 0 0) 0x7f4a0404d060 con 0x7f4a1407de50
2024-03-18T23:35:55.501 INFO:teuthology.orchestra.run.smithi077.stdout:/usr/bin/ceph: stderr
2024-03-18T23:35:54.665+0000 7f4a18db9700 1 --2- 172.21.15.77:0/1665876134 >> [v2:172.21.15.77:6800/1264285918,v1:172.21.15.77:6801/1264285918] conn(0x7f4a00038f20 0x7f4a0003b3e0 unknown :-1 s=BANNER_CONNECTING pgs=0 cs=0 l=1 rev1=0 crypto rx=0 tx=0 comp rx=0 tx=0)._handle_peer_banner_payload supported=3 required=0
2024-03-18T23:35:55.501 INFO:teuthology.orchestra.run.smithi077.stdout:/usr/bin/ceph: stderr
2024-03-18T23:35:54.665+0000 7f4a18db9700 1 --2- 172.21.15.77:0/1665876134 >> [v2:172.21.15.77:6800/1264285918,v1:172.21.15.77:6801/1264285918] conn(0x7f4a00038f20 0x7f4a0003b3e0 secure :-1 s=READY pgs=10 cs=0 l=1 rev1=1 crypto rx=0x7f4a10006fd0 tx=0x7f4a10006e40 comp rx=0 tx=0).ready entity=mgr.14120 client_cookie=0 server_cookie=0 in_seq=0 out_seq=0
2024-03-18T23:35:55.501 INFO:teuthology.orchestra.run.smithi077.stdout:/usr/bin/ceph: stderr
2024-03-18T23:35:54.669+0000 7f4a0a7fc700 1 -- 172.21.15.77:0/1665876134 <== mon.0 v2:172.21.15.77:3300/0 6 ==== mon_command_ack([{"prefix": "get_command_descriptions"}]=0 v0) ==== 72+0+186149 (secure 0 0 0) 0x7f4a04023390 con 0x7f4a1407de50
2024-03-18T23:35:55.501 INFO:teuthology.orchestra.run.smithi077.stdout:/usr/bin/ceph: stderr
2024-03-18T23:35:54.869+0000 7f4a1b81e700 1 -- 172.21.15.77:0/1665876134 --> [v2:172.21.15.77:6800/1264285918,v1:172.21.15.77:6801/1264285918] -- mgr_command(tid 0: {"prefix": "cephadm get-pub-key", "target": ["mon-mgr", ""]}) -- 0x7f4a141044e0 con 0x7f4a00038f20
2024-03-18T23:35:55.501 INFO:teuthology.orchestra.run.smithi077.stdout:/usr/bin/ceph: stderr
2024-03-18T23:35:54.869+0000 7f4a0a7fc700 1 -- 172.21.15.77:0/1665876134 <== mgr.14120 v2:172.21.15.77:6800/1264285918 1 ==== mgr_command_reply(tid 0: 0 ) ==== 8+0+595 (secure 0 0 0) 0x7f4a141044e0 con 0x7f4a00038f20
2024-03-18T23:35:55.501 INFO:teuthology.orchestra.run.smithi077.stdout:/usr/bin/ceph: stderr
2024-03-18T23:35:54.871+0000 7f4a1b81e700 1 -- 172.21.15.77:0/1665876134 >> [v2:172.21.15.77:6800/1264285918,v1:172.21.15.77:6801/1264285918] conn(0x7f4a00038f20 msgr2=0x7f4a0003b3e0 secure :-1 s=STATE_CONNECTION_ESTABLISHED l=1).mark_down
2024-03-18T23:35:55.501 INFO:teuthology.orchestra.run.smithi077.stdout:/usr/bin/ceph: stderr
2024-03-18T23:35:54.871+0000 7f4a1b81e700 1 --2- 172.21.15.77:0/1665876134 >> [v2:172.21.15.77:6800/1264285918,v1:172.21.15.77:6801/1264285918] conn(0x7f4a00038f20 0x7f4a0003b3e0 secure :-1 s=READY pgs=10 cs=0 l=1 rev1=1 crypto rx=0x7f4a10006fd0 tx=0x7f4a10006e40 comp rx=0 tx=0).stop
2024-03-18T23:35:55.501 INFO:teuthology.orchestra.run.smithi077.stdout:/usr/bin/ceph: stderr
2024-03-18T23:35:54.871+0000 7f4a1b81e700 1 -- 172.21.15.77:0/1665876134 >> [v2:172.21.15.77:3300/0,v1:172.21.15.77:6789/0] conn(0x7f4a1407de50 msgr2=0x7f4a1419de10 secure :-1 s=STATE_CONNECTION_ESTABLISHED l=1).mark_down
2024-03-18T23:35:55.501 INFO:teuthology.orchestra.run.smithi077.stdout:/usr/bin/ceph: stderr
2024-03-18T23:35:54.871+0000 7f4a1b81e700 1 --2- 172.21.15.77:0/1665876134 >> [v2:172.21.15.77:3300/0,v1:172.21.15.77:6789/0] conn(0x7f4a1407de50 0x7f4a1419de10 secure :-1 s=READY pgs=44 cs=0 l=1 rev1=1 crypto rx=0x7f4a04009fb0 tx=0x7f4a04011bf0 comp rx=0 tx=0).stop
2024-03-18T23:35:55.501 INFO:teuthology.orchestra.run.smithi077.stdout:/usr/bin/ceph: stderr
2024-03-18T23:35:54.871+0000 7f4a1b81e700 1 -- 172.21.15.77:0/1665876134 shutdown_connections
2024-03-18T23:35:55.502 INFO:teuthology.orchestra.run.smithi077.stdout:/usr/bin/ceph: stderr
2024-03-18T23:35:54.871+0000 7f4a1b81e700 1 --2- 172.21.15.77:0/1665876134 >> [v2:172.21.15.77:6800/1264285918,v1:172.21.15.77:6801/1264285918] conn(0x7f4a00038f20 0x7f4a0003b3e0 unknown :-1 s=CLOSED pgs=10 cs=0 l=1 rev1=1 crypto rx=0 tx=0 comp rx=0 tx=0).stop
2024-03-18T23:35:55.502 INFO:teuthology.orchestra.run.smithi077.stdout:/usr/bin/ceph: stderr
2024-03-18T23:35:54.871+0000 7f4a1b81e700 1 --2- 172.21.15.77:0/1665876134 >> [v2:172.21.15.77:3300/0,v1:172.21.15.77:6789/0] conn(0x7f4a1407de50 0x7f4a1419de10 unknown :-1 s=CLOSED pgs=44 cs=0 l=1 rev1=1 crypto rx=0 tx=0 comp rx=0 tx=0).stop
2024-03-18T23:35:55.502 INFO:teuthology.orchestra.run.smithi077.stdout:/usr/bin/ceph: stderr
2024-03-18T23:35:54.871+0000 7f4a1b81e700 1 -- 172.21.15.77:0/1665876134 >> 172.21.15.77:0/1665876134 conn(0x7f4a14103190 msgr2=0x7f4a14103dd0 unknown :-1 s=STATE_NONE l=0).mark_down
2024-03-18T23:35:55.502 INFO:teuthology.orchestra.run.smithi077.stdout:/usr/bin/ceph: stderr
2024-03-18T23:35:54.871+0000 7f4a1b81e700 1 -- 172.21.15.77:0/1665876134 shutdown_connections
2024-03-18T23:35:55.502 INFO:teuthology.orchestra.run.smithi077.stdout:/usr/bin/ceph: stderr
2024-03-18T23:35:54.872+0000 7f4a1b81e700 1 -- 172.21.15.77:0/1665876134 wait complete.
