2024-03-18T22:59:58.907+0000 7f7f4e9d2700 1 -- 172.21.15.132:0/2161388811 >> [v2:172.21.15.132:3300/0,v1:172.21.15.132:6789/0] conn(0x7f7f481066c0 msgr2=0x7f7f4819df80 secure :-1 s=STATE_CONNECTION_ESTABLISHED l=1).mark_down
2024-03-18T22:59:59.453 INFO:teuthology.orchestra.run.smithi132.stdout:/usr/bin/ceph: stderr
2024-03-18T22:59:58.907+0000 7f7f4e9d2700 1 --2- 172.21.15.132:0/2161388811 >> [v2:172.21.15.132:3300/0,v1:172.21.15.132:6789/0] conn(0x7f7f481066c0 0x7f7f4819df80 secure :-1 s=READY pgs=44 cs=0 l=1 rev1=1 crypto rx=0x7f7f38011670 tx=0x7f7f38011b60 comp rx=0 tx=0).stop
2024-03-18T22:59:59.453 INFO:teuthology.orchestra.run.smithi132.stdout:/usr/bin/ceph: stderr
2024-03-18T22:59:58.907+0000 7f7f4e9d2700 1 -- 172.21.15.132:0/2161388811 shutdown_connections
2024-03-18T22:59:59.453 INFO:teuthology.orchestra.run.smithi132.stdout:/usr/bin/ceph: stderr
2024-03-18T22:59:58.907+0000 7f7f4e9d2700 1 --2- 172.21.15.132:0/2161388811 >> [v2:172.21.15.132:6800/3371561746,v1:172.21.15.132:6801/3371561746] conn(0x7f7f30038f20 0x7f7f3003b3e0 unknown :-1 s=CLOSED pgs=10 cs=0 l=1 rev1=1 crypto rx=0 tx=0 comp rx=0 tx=0).stop
2024-03-18T22:59:59.453 INFO:teuthology.orchestra.run.smithi132.stdout:/usr/bin/ceph: stderr
2024-03-18T22:59:58.907+0000 7f7f4e9d2700 1 --2- 172.21.15.132:0/2161388811 >> [v2:172.21.15.132:3300/0,v1:172.21.15.132:6789/0] conn(0x7f7f481066c0 0x7f7f4819df80 unknown :-1 s=CLOSED pgs=44 cs=0 l=1 rev1=1 crypto rx=0 tx=0 comp rx=0 tx=0).stop
2024-03-18T22:59:59.453 INFO:teuthology.orchestra.run.smithi132.stdout:/usr/bin/ceph: stderr
2024-03-18T22:59:58.907+0000 7f7f4e9d2700 1 -- 172.21.15.132:0/2161388811 >> 172.21.15.132:0/2161388811 conn(0x7f7f48102320 msgr2=0x7f7f48194c20 unknown :-1 s=STATE_NONE l=0).mark_down
2024-03-18T22:59:59.453 INFO:teuthology.orchestra.run.smithi132.stdout:/usr/bin/ceph: stderr
2024-03-18T22:59:58.907+0000 7f7f4e9d2700 1 -- 172.21.15.132:0/2161388811 shutdown_connections
2024-03-18T22:59:59.453 INFO:teuthology.orchestra.run.smithi132.stdout:/usr/bin/ceph: stderr
2024-03-18T22:59:58.907+0000 7f7f4e9d2700 1 -- 172.21.15.132:0/2161388811 wait complete.
2024-03-18T22:59:59.454 INFO:teuthology.orchestra.run.smithi132.stdout:Wrote public SSH key to /home/ubuntu/cephtest/ceph.pub
2024-03-18T22:59:59.454 INFO:teuthology.orchestra.run.smithi132.stdout:Adding key to root@localhost authorized_keys...
2024-03-18T22:59:59.454 INFO:teuthology.orchestra.run.smithi132.stdout:Adding host smithi132...
2024-03-18T23:00:00.115 INFO:journalctl@ceph.mon.a.smithi132.stdout:Mar 18 22:59:59 smithi132 ceph-mon[32020]: from='client.14138 -' entity='client.admin' cmd=[{"prefix": "cephadm get-pub-key", "target": ["mon-mgr", ""]}]: dispatch
2024-03-18T23:00:01.023 INFO:journalctl@ceph.mon.a.smithi132.stdout:Mar 18 23:00:00 smithi132 ceph-mon[32020]: from='client.14140 -' entity='client.admin' cmd=[{"prefix": "orch host add", "hostname": "smithi132", "addr": "172.21.15.132", "target": ["mon-mgr", ""]}]: dispatch
2024-03-18T23:00:01.024 INFO:journalctl@ceph.mon.a.smithi132.stdout:Mar 18 23:00:00 smithi132 ceph-mon[32020]: Deploying cephadm binary to smithi132
2024-03-18T23:00:04.835 INFO:teuthology.orchestra.run.smithi132.stdout:/usr/bin/ceph: stdout Added host 'smithi132' with addr '172.21.15.132'
2024-03-18T23:00:04.837 INFO:teuthology.orchestra.run.smithi132.stdout:/usr/bin/ceph: stderr
2024-03-18T22:59:59.839+0000 7ff8145db700 1 Processor -- start
2024-03-18T23:00:04.838 INFO:teuthology.orchestra.run.smithi132.stdout:/usr/bin/ceph: stderr
2024-03-18T22:59:59.839+0000 7ff8145db700 1 -- start start
2024-03-18T23:00:04.838 INFO:teuthology.orchestra.run.smithi132.stdout:/usr/bin/ceph: stderr
2024-03-18T22:59:59.839+0000 7ff8145db700 1 --2- >> [v2:172.21.15.132:3300/0,v1:172.21.15.132:6789/0] conn(0x7ff80c107e90 0x7ff80c1082b0 unknown :-1 s=NONE pgs=0 cs=0 l=0 rev1=0 crypto rx=0 tx=0 comp rx=0 tx=0).connect
2024-03-18T23:00:04.838 INFO:teuthology.orchestra.run.smithi132.stdout:/usr/bin/ceph: stderr
2024-03-18T22:59:59.839+0000 7ff8145db700 1 -- --> [v2:172.21.15.132:3300/0,v1:172.21.15.132:6789/0] -- mon_getmap magic: 0 -- 0x7ff80c1087f0 con 0x7ff80c107e90
2024-03-18T23:00:04.838 INFO:teuthology.orchestra.run.smithi132.stdout:/usr/bin/ceph: stderr
2024-03-18T22:59:59.839+0000 7ff812377700 1 --2- >> [v2:172.21.15.132:3300/0,v1:172.21.15.132:6789/0] conn(0x7ff80c107e90 0x7ff80c1082b0 unknown :-1 s=BANNER_CONNECTING pgs=0 cs=0 l=0 rev1=0 crypto rx=0 tx=0 comp rx=0 tx=0)._handle_peer_banner_payload supported=3 required=0
2024-03-18T23:00:04.838 INFO:teuthology.orchestra.run.smithi132.stdout:/usr/bin/ceph: stderr
2024-03-18T22:59:59.839+0000 7ff812377700 1 --2- >> [v2:172.21.15.132:3300/0,v1:172.21.15.132:6789/0] conn(0x7ff80c107e90 0x7ff80c1082b0 unknown :-1 s=HELLO_CONNECTING pgs=0 cs=0 l=0 rev1=1 crypto rx=0 tx=0 comp rx=0 tx=0).handle_hello peer v2:172.21.15.132:3300/0 says I am v2:172.21.15.132:41206/0 (socket says 172.21.15.132:41206)
2024-03-18T23:00:04.838 INFO:teuthology.orchestra.run.smithi132.stdout:/usr/bin/ceph: stderr
2024-03-18T22:59:59.839+0000 7ff812377700 1 -- 172.21.15.132:0/3390930205 learned_addr learned my addr 172.21.15.132:0/3390930205 (peer_addr_for_me v2:172.21.15.132:0/0)
2024-03-18T23:00:04.838 INFO:teuthology.orchestra.run.smithi132.stdout:/usr/bin/ceph: stderr
2024-03-18T22:59:59.839+0000 7ff812377700 1 -- 172.21.15.132:0/3390930205 --> [v2:172.21.15.132:3300/0,v1:172.21.15.132:6789/0] -- mon_subscribe({config=0+,monmap=0+}) -- 0x7ff80c108fa0 con 0x7ff80c107e90
2024-03-18T23:00:04.838 INFO:teuthology.orchestra.run.smithi132.stdout:/usr/bin/ceph: stderr
2024-03-18T22:59:59.840+0000 7ff812377700 1 --2- 172.21.15.132:0/3390930205 >> [v2:172.21.15.132:3300/0,v1:172.21.15.132:6789/0] conn(0x7ff80c107e90 0x7ff80c1082b0 secure :-1 s=READY pgs=45 cs=0 l=1 rev1=1 crypto rx=0x7ff8080098a0 tx=0x7ff808009bb0 comp rx=0 tx=0).ready entity=mon.0 client_cookie=1a1e45078a13271c server_cookie=0 in_seq=0 out_seq=0
2024-03-18T23:00:04.838 INFO:teuthology.orchestra.run.smithi132.stdout:/usr/bin/ceph: stderr
2024-03-18T22:59:59.840+0000 7ff811375700 1 -- 172.21.15.132:0/3390930205 <== mon.0 v2:172.21.15.132:3300/0 1 ==== mon_map magic: 0 ==== 205+0+0 (secure 0 0 0) 0x7ff808004160 con 0x7ff80c107e90
2024-03-18T23:00:04.843 INFO:teuthology.orchestra.run.smithi132.stdout:/usr/bin/ceph: stderr
2024-03-18T22:59:59.840+0000 7ff811375700 1 -- 172.21.15.132:0/3390930205 <== mon.0 v2:172.21.15.132:3300/0 2 ==== config(27 keys) ==== 1109+0+0 (secure 0 0 0) 0x7ff808004300 con 0x7ff80c107e90
2024-03-18T23:00:04.843 INFO:teuthology.orchestra.run.smithi132.stdout:/usr/bin/ceph: stderr
2024-03-18T22:59:59.840+0000 7ff811375700 1 -- 172.21.15.132:0/3390930205 <== mon.0 v2:172.21.15.132:3300/0 3 ==== mon_map magic: 0 ==== 205+0+0 (secure 0 0 0) 0x7ff808011b50 con 0x7ff80c107e90
2024-03-18T23:00:04.843 INFO:teuthology.orchestra.run.smithi132.stdout:/usr/bin/ceph: stderr
2024-03-18T22:59:59.840+0000 7ff8145db700 1 -- 172.21.15.132:0/3390930205 >> [v2:172.21.15.132:3300/0,v1:172.21.15.132:6789/0] conn(0x7ff80c107e90 msgr2=0x7ff80c1082b0 secure :-1 s=STATE_CONNECTION_ESTABLISHED l=1).mark_down
2024-03-18T23:00:04.844 INFO:teuthology.orchestra.run.smithi132.stdout:/usr/bin/ceph: stderr
2024-03-18T22:59:59.840+0000 7ff8145db700 1 --2- 172.21.15.132:0/3390930205 >> [v2:172.21.15.132:3300/0,v1:172.21.15.132:6789/0] conn(0x7ff80c107e90 0x7ff80c1082b0 secure :-1 s=READY pgs=45 cs=0 l=1 rev1=1 crypto rx=0x7ff8080098a0 tx=0x7ff808009bb0 comp rx=0 tx=0).stop
2024-03-18T23:00:04.844 INFO:teuthology.orchestra.run.smithi132.stdout:/usr/bin/ceph: stderr
2024-03-18T22:59:59.841+0000 7ff8145db700 1 -- 172.21.15.132:0/3390930205 shutdown_connections
2024-03-18T23:00:04.844 INFO:teuthology.orchestra.run.smithi132.stdout:/usr/bin/ceph: stderr
2024-03-18T22:59:59.841+0000 7ff8145db700 1 --2- 172.21.15.132:0/3390930205 >> [v2:172.21.15.132:3300/0,v1:172.21.15.132:6789/0] conn(0x7ff80c107e90 0x7ff80c1082b0 unknown :-1 s=CLOSED pgs=45 cs=0 l=1 rev1=1 crypto rx=0 tx=0 comp rx=0 tx=0).stop
2024-03-18T23:00:04.844 INFO:teuthology.orchestra.run.smithi132.stdout:/usr/bin/ceph: stderr
2024-03-18T22:59:59.841+0000 7ff8145db700 1 -- 172.21.15.132:0/3390930205 >> 172.21.15.132:0/3390930205 conn(0x7ff80c103470 msgr2=0x7ff80c105890 unknown :-1 s=STATE_NONE l=0).mark_down
2024-03-18T23:00:04.844 INFO:teuthology.orchestra.run.smithi132.stdout:/usr/bin/ceph: stderr
2024-03-18T22:59:59.841+0000 7ff8145db700 1 -- 172.21.15.132:0/3390930205 shutdown_connections
2024-03-18T23:00:04.844 INFO:teuthology.orchestra.run.smithi132.stdout:/usr/bin/ceph: stderr
2024-03-18T22:59:59.841+0000 7ff8145db700 1 -- 172.21.15.132:0/3390930205 wait complete.
2024-03-18T23:00:04.844 INFO:teuthology.orchestra.run.smithi132.stdout:/usr/bin/ceph: stderr
2024-03-18T22:59:59.841+0000 7ff8145db700 1 Processor -- start
2024-03-18T23:00:04.844 INFO:teuthology.orchestra.run.smithi132.stdout:/usr/bin/ceph: stderr
2024-03-18T22:59:59.841+0000 7ff8145db700 1 -- start start
2024-03-18T23:00:04.844 INFO:teuthology.orchestra.run.smithi132.stdout:/usr/bin/ceph: stderr
2024-03-18T22:59:59.841+0000 7ff8145db700 1 --2- >> [v2:172.21.15.132:3300/0,v1:172.21.15.132:6789/0] conn(0x7ff80c107e90 0x7ff80c19bd40 unknown :-1 s=NONE pgs=0 cs=0 l=1 rev1=0 crypto rx=0 tx=0 comp rx=0 tx=0).connect
2024-03-18T23:00:04.844 INFO:teuthology.orchestra.run.smithi132.stdout:/usr/bin/ceph: stderr
2024-03-18T22:59:59.841+0000 7ff8145db700 1 -- --> [v2:172.21.15.132:3300/0,v1:172.21.15.132:6789/0] -- mon_getmap magic: 0 -- 0x7ff80c10c260 con 0x7ff80c107e90
2024-03-18T23:00:04.844 INFO:teuthology.orchestra.run.smithi132.stdout:/usr/bin/ceph: stderr
2024-03-18T22:59:59.841+0000 7ff812377700 1 --2- >> [v2:172.21.15.132:3300/0,v1:172.21.15.132:6789/0] conn(0x7ff80c107e90 0x7ff80c19bd40 unknown :-1 s=BANNER_CONNECTING pgs=0 cs=0 l=1 rev1=0 crypto rx=0 tx=0 comp rx=0 tx=0)._handle_peer_banner_payload supported=3 required=0
2024-03-18T23:00:04.844 INFO:teuthology.orchestra.run.smithi132.stdout:/usr/bin/ceph: stderr
2024-03-18T22:59:59.841+0000 7ff812377700 1 --2- >> [v2:172.21.15.132:3300/0,v1:172.21.15.132:6789/0] conn(0x7ff80c107e90 0x7ff80c19bd40 unknown :-1 s=HELLO_CONNECTING pgs=0 cs=0 l=1 rev1=1 crypto rx=0 tx=0 comp rx=0 tx=0).handle_hello peer v2:172.21.15.132:3300/0 says I am v2:172.21.15.132:41214/0 (socket says 172.21.15.132:41214)
2024-03-18T23:00:04.844 INFO:teuthology.orchestra.run.smithi132.stdout:/usr/bin/ceph: stderr
2024-03-18T22:59:59.841+0000 7ff812377700 1 -- 172.21.15.132:0/3866883215 learned_addr learned my addr 172.21.15.132:0/3866883215 (peer_addr_for_me v2:172.21.15.132:0/0)
2024-03-18T23:00:04.845 INFO:teuthology.orchestra.run.smithi132.stdout:/usr/bin/ceph: stderr
2024-03-18T22:59:59.842+0000 7ff812377700 1 -- 172.21.15.132:0/3866883215 --> [v2:172.21.15.132:3300/0,v1:172.21.15.132:6789/0] -- mon_subscribe({config=0+,monmap=0+}) -- 0x7ff80c19c280 con 0x7ff80c107e90
2024-03-18T23:00:04.845 INFO:teuthology.orchestra.run.smithi132.stdout:/usr/bin/ceph: stderr
2024-03-18T22:59:59.842+0000 7ff812377700 1 --2- 172.21.15.132:0/3866883215 >> [v2:172.21.15.132:3300/0,v1:172.21.15.132:6789/0] conn(0x7ff80c107e90 0x7ff80c19bd40 secure :-1 s=READY pgs=46 cs=0 l=1 rev1=1 crypto rx=0x7ff808011670 tx=0x7ff808011b60 comp rx=0 tx=0).ready entity=mon.0 client_cookie=0 server_cookie=0 in_seq=0 out_seq=0
2024-03-18T23:00:04.845 INFO:teuthology.orchestra.run.smithi132.stdout:/usr/bin/ceph: stderr
2024-03-18T22:59:59.842+0000 7ff8037fe700 1 -- 172.21.15.132:0/3866883215 <== mon.0 v2:172.21.15.132:3300/0 1 ==== mon_map magic: 0 ==== 205+0+0 (secure 0 0 0) 0x7ff8080039c0 con 0x7ff80c107e90
2024-03-18T23:00:04.845 INFO:teuthology.orchestra.run.smithi132.stdout:/usr/bin/ceph: stderr
2024-03-18T22:59:59.842+0000 7ff8037fe700 1 -- 172.21.15.132:0/3866883215 <== mon.0 v2:172.21.15.132:3300/0 2 ==== config(27 keys) ==== 1109+0+0 (secure 0 0 0) 0x7ff808011e50 con 0x7ff80c107e90
2024-03-18T23:00:04.845 INFO:teuthology.orchestra.run.smithi132.stdout:/usr/bin/ceph: stderr
2024-03-18T22:59:59.842+0000 7ff8145db700 1 -- 172.21.15.132:0/3866883215 --> [v2:172.21.15.132:3300/0,v1:172.21.15.132:6789/0] -- mon_subscribe({mgrmap=0+}) -- 0x7ff80c19c510 con 0x7ff80c107e90
2024-03-18T23:00:04.845 INFO:teuthology.orchestra.run.smithi132.stdout:/usr/bin/ceph: stderr
2024-03-18T22:59:59.842+0000 7ff8037fe700 1 -- 172.21.15.132:0/3866883215 <== mon.0 v2:172.21.15.132:3300/0 3 ==== mon_map magic: 0 ==== 205+0+0 (secure 0 0 0) 0x7ff80801a5c0 con 0x7ff80c107e90
2024-03-18T23:00:04.845 INFO:teuthology.orchestra.run.smithi132.stdout:/usr/bin/ceph: stderr
2024-03-18T22:59:59.842+0000 7ff8145db700 1 -- 172.21.15.132:0/3866883215 --> [v2:172.21.15.132:3300/0,v1:172.21.15.132:6789/0] -- mon_subscribe({osdmap=0}) -- 0x7ff80c19f200 con 0x7ff80c107e90
2024-03-18T23:00:04.845 INFO:teuthology.orchestra.run.smithi132.stdout:/usr/bin/ceph: stderr
2024-03-18T22:59:59.843+0000 7ff8037fe700 1 -- 172.21.15.132:0/3866883215 <== mon.0 v2:172.21.15.132:3300/0 4 ==== mgrmap(e 8) ==== 46106+0+0 (secure 0 0 0) 0x7ff80801a8c0 con 0x7ff80c107e90
2024-03-18T23:00:04.845 INFO:teuthology.orchestra.run.smithi132.stdout:/usr/bin/ceph: stderr
2024-03-18T22:59:59.843+0000 7ff8145db700 1 -- 172.21.15.132:0/3866883215 --> [v2:172.21.15.132:3300/0,v1:172.21.15.132:6789/0] -- mon_command({"prefix": "get_command_descriptions"} v 0) -- 0x7ff80c10c3e0 con 0x7ff80c107e90
2024-03-18T23:00:04.845 INFO:teuthology.orchestra.run.smithi132.stdout:/usr/bin/ceph: stderr
2024-03-18T22:59:59.843+0000 7ff8037fe700 1 --2- 172.21.15.132:0/3866883215 >> [v2:172.21.15.132:6800/3371561746,v1:172.21.15.132:6801/3371561746] conn(0x7ff7f8038ed0 0x7ff7f803b390 unknown :-1 s=NONE pgs=0 cs=0 l=1 rev1=0 crypto rx=0 tx=0 comp rx=0 tx=0).connect
2024-03-18T23:00:04.845 INFO:teuthology.orchestra.run.smithi132.stdout:/usr/bin/ceph: stderr
2024-03-18T22:59:59.843+0000 7ff8037fe700 1 -- 172.21.15.132:0/3866883215 <== mon.0 v2:172.21.15.132:3300/0 5 ==== osd_map(2..2 src has 1..2) ==== 940+0+0 (secure 0 0 0) 0x7ff80804d250 con 0x7ff80c107e90
2024-03-18T23:00:04.845 INFO:teuthology.orchestra.run.smithi132.stdout:/usr/bin/ceph: stderr
2024-03-18T22:59:59.843+0000 7ff811b76700 1 --2- 172.21.15.132:0/3866883215 >> [v2:172.21.15.132:6800/3371561746,v1:172.21.15.132:6801/3371561746] conn(0x7ff7f8038ed0 0x7ff7f803b390 unknown :-1 s=BANNER_CONNECTING pgs=0 cs=0 l=1 rev1=0 crypto rx=0 tx=0 comp rx=0 tx=0)._handle_peer_banner_payload supported=3 required=0
2024-03-18T23:00:04.845 INFO:teuthology.orchestra.run.smithi132.stdout:/usr/bin/ceph: stderr
2024-03-18T22:59:59.844+0000 7ff811b76700 1 --2- 172.21.15.132:0/3866883215 >> [v2:172.21.15.132:6800/3371561746,v1:172.21.15.132:6801/3371561746] conn(0x7ff7f8038ed0 0x7ff7f803b390 secure :-1 s=READY pgs=11 cs=0 l=1 rev1=1 crypto rx=0x7ff7fc006fd0 tx=0x7ff7fc006e40 comp rx=0 tx=0).ready entity=mgr.14120 client_cookie=0 server_cookie=0 in_seq=0 out_seq=0
2024-03-18T23:00:04.845 INFO:teuthology.orchestra.run.smithi132.stdout:/usr/bin/ceph: stderr
2024-03-18T22:59:59.848+0000 7ff8037fe700 1 -- 172.21.15.132:0/3866883215 <== mon.0 v2:172.21.15.132:3300/0 6 ==== mon_command_ack([{"prefix": "get_command_descriptions"}]=0 v0) ==== 72+0+186149 (secure 0 0 0) 0x7ff808016260 con 0x7ff80c107e90
2024-03-18T23:00:04.846 INFO:teuthology.orchestra.run.smithi132.stdout:/usr/bin/ceph: stderr
2024-03-18T23:00:00.048+0000 7ff8145db700 1 -- 172.21.15.132:0/3866883215 --> [v2:172.21.15.132:6800/3371561746,v1:172.21.15.132:6801/3371561746] -- mgr_command(tid 0: {"prefix": "orch host add", "hostname": "smithi132", "addr": "172.21.15.132", "target": ["mon-mgr", ""]}) -- 0x7ff80c104640 con 0x7ff7f8038ed0
2024-03-18T23:00:04.846 INFO:teuthology.orchestra.run.smithi132.stdout:/usr/bin/ceph: stderr
2024-03-18T23:00:04.230+0000 7ff8037fe700 1 -- 172.21.15.132:0/3866883215 <== mgr.14120 v2:172.21.15.132:6800/3371561746 1 ==== mgr_command_reply(tid 0: 0 ) ==== 8+0+49 (secure 0 0 0) 0x7ff80c104640 con 0x7ff7f8038ed0
2024-03-18T23:00:04.846 INFO:teuthology.orchestra.run.smithi132.stdout:/usr/bin/ceph: stderr
2024-03-18T23:00:04.232+0000 7ff8145db700 1 -- 172.21.15.132:0/3866883215 >> [v2:172.21.15.132:6800/3371561746,v1:172.21.15.132:6801/3371561746] conn(0x7ff7f8038ed0 msgr2=0x7ff7f803b390 secure :-1 s=STATE_CONNECTION_ESTABLISHED l=1).mark_down
2024-03-18T23:00:04.846 INFO:teuthology.orchestra.run.smithi132.stdout:/usr/bin/ceph: stderr
2024-03-18T23:00:04.232+0000 7ff8145db700 1 --2- 172.21.15.132:0/3866883215 >> [v2:172.21.15.132:6800/3371561746,v1:172.21.15.132:6801/3371561746] conn(0x7ff7f8038ed0 0x7ff7f803b390 secure :-1 s=READY pgs=11 cs=0 l=1 rev1=1 crypto rx=0x7ff7fc006fd0 tx=0x7ff7fc006e40 comp rx=0 tx=0).stop
2024-03-18T23:00:04.846 INFO:teuthology.orchestra.run.smithi132.stdout:/usr/bin/ceph: stderr
2024-03-18T23:00:04.232+0000 7ff8145db700 1 -- 172.21.15.132:0/3866883215 >> [v2:172.21.15.132:3300/0,v1:172.21.15.132:6789/0] conn(0x7ff80c107e90 msgr2=0x7ff80c19bd40 secure :-1 s=STATE_CONNECTION_ESTABLISHED l=1).mark_down
2024-03-18T23:00:04.846 INFO:teuthology.orchestra.run.smithi132.stdout:/usr/bin/ceph: stderr
2024-03-18T23:00:04.232+0000 7ff8145db700 1 --2- 172.21.15.132:0/3866883215 >> [v2:172.21.15.132:3300/0,v1:172.21.15.132:6789/0] conn(0x7ff80c107e90 0x7ff80c19bd40 secure :-1 s=READY pgs=46 cs=0 l=1 rev1=1 crypto rx=0x7ff808011670 tx=0x7ff808011b60 comp rx=0 tx=0).stop
2024-03-18T23:00:04.846 INFO:teuthology.orchestra.run.smithi132.stdout:/usr/bin/ceph: stderr
2024-03-18T23:00:04.232+0000 7ff8145db700 1 -- 172.21.15.132:0/3866883215 shutdown_connections
2024-03-18T23:00:04.846 INFO:teuthology.orchestra.run.smithi132.stdout:/usr/bin/ceph: stderr
2024-03-18T23:00:04.232+0000 7ff8145db700 1 --2- 172.21.15.132:0/3866883215 >> [v2:172.21.15.132:6800/3371561746,v1:172.21.15.132:6801/3371561746] conn(0x7ff7f8038ed0 0x7ff7f803b390 unknown :-1 s=CLOSED pgs=11 cs=0 l=1 rev1=1 crypto rx=0 tx=0 comp rx=0 tx=0).stop
2024-03-18T23:00:04.846 INFO:teuthology.orchestra.run.smithi132.stdout:/usr/bin/ceph: stderr
2024-03-18T23:00:04.232+0000 7ff8145db700 1 --2- 172.21.15.132:0/3866883215 >> [v2:172.21.15.132:3300/0,v1:172.21.15.132:6789/0] conn(0x7ff80c107e90 0x7ff80c19bd40 unknown :-1 s=CLOSED pgs=46 cs=0 l=1 rev1=1 crypto rx=0 tx=0 comp rx=0 tx=0).stop
2024-03-18T23:00:04.847 INFO:teuthology.orchestra.run.smithi132.stdout:/usr/bin/ceph: stderr
2024-03-18T23:00:04.232+0000 7ff8145db700 1 -- 172.21.15.132:0/3866883215 >> 172.21.15.132:0/3866883215 conn(0x7ff80c103470 msgr2=0x7ff80c103f30 unknown :-1 s=STATE_NONE l=0).mark_down
2024-03-18T23:00:04.847 INFO:teuthology.orchestra.run.smithi132.stdout:/usr/bin/ceph: stderr
2024-03-18T23:00:04.233+0000 7ff8145db700 1 -- 172.21.15.132:0/3866883215 shutdown_connections
2024-03-18T23:00:04.847 INFO:teuthology.orchestra.run.smithi132.stdout:/usr/bin/ceph: stderr
2024-03-18T23:00:04.233+0000 7ff8145db700 1 -- 172.21.15.132:0/3866883215 wait complete.
2024-03-18T23:00:04.847 INFO:teuthology.orchestra.run.smithi132.stdout:Deploying unmanaged mon service...
2024-03-18T23:00:05.478 INFO:journalctl@ceph.mon.a.smithi132.stdout:Mar 18 23:00:05 smithi132 ceph-mon[32020]: from='mgr.14120 172.21.15.132:0/229107227' entity='mgr.x'
2024-03-18T23:00:05.478 INFO:journalctl@ceph.mon.a.smithi132.stdout:Mar 18 23:00:05 smithi132 ceph-mon[32020]: Added host smithi132
2024-03-18T23:00:05.478 INFO:journalctl@ceph.mon.a.smithi132.stdout:Mar 18 23:00:05 smithi132 ceph-mon[32020]: from='mgr.14120 172.21.15.132:0/229107227' entity='mgr.x' cmd=[{"prefix": "config dump", "format": "json"}]: dispatch
2024-03-18T23:00:06.175 INFO:teuthology.orchestra.run.smithi132.stdout:/usr/bin/ceph: stdout Scheduled mon update...
2024-03-18T23:00:06.176 INFO:teuthology.orchestra.run.smithi132.stdout:/usr/bin/ceph: stderr
2024-03-18T23:00:05.236+0000 7f01c09e1700 1 Processor -- start
2024-03-18T23:00:06.176 INFO:teuthology.orchestra.run.smithi132.stdout:/usr/bin/ceph: stderr
2024-03-18T23:00:05.236+0000 7f01c09e1700 1 -- start start
2024-03-18T23:00:06.176 INFO:teuthology.orchestra.run.smithi132.stdout:/usr/bin/ceph: stderr
2024-03-18T23:00:05.237+0000 7f01c09e1700 1 --2- >> [v2:172.21.15.132:3300/0,v1:172.21.15.132:6789/0] conn(0x7f01bc1082c0 0x7f01bc1086e0 unknown :-1 s=NONE pgs=0 cs=0 l=0 rev1=0 crypto rx=0 tx=0 comp rx=0 tx=0).connect
2024-03-18T23:00:06.176 INFO:teuthology.orchestra.run.smithi132.stdout:/usr/bin/ceph: stderr
2024-03-18T23:00:05.237+0000 7f01c09e1700 1 -- --> [v2:172.21.15.132:3300/0,v1:172.21.15.132:6789/0] -- mon_getmap magic: 0 -- 0x7f01bc108cb0 con 0x7f01bc1082c0
2024-03-18T23:00:06.176 INFO:teuthology.orchestra.run.smithi132.stdout:/usr/bin/ceph: stderr
2024-03-18T23:00:05.237+0000 7f01ba59c700 1 --2- >> [v2:172.21.15.132:3300/0,v1:172.21.15.132:6789/0] conn(0x7f01bc1082c0 0x7f01bc1086e0 unknown :-1 s=BANNER_CONNECTING pgs=0 cs=0 l=0 rev1=0 crypto rx=0 tx=0 comp rx=0 tx=0)._handle_peer_banner_payload supported=3 required=0
2024-03-18T23:00:06.176 INFO:teuthology.orchestra.run.smithi132.stdout:/usr/bin/ceph: stderr
2024-03-18T23:00:05.237+0000 7f01ba59c700 1 --2- >> [v2:172.21.15.132:3300/0,v1:172.21.15.132:6789/0] conn(0x7f01bc1082c0 0x7f01bc1086e0 unknown :-1 s=HELLO_CONNECTING pgs=0 cs=0 l=0 rev1=1 crypto rx=0 tx=0 comp rx=0 tx=0).handle_hello peer v2:172.21.15.132:3300/0 says I am v2:172.21.15.132:48994/0 (socket says 172.21.15.132:48994)
2024-03-18T23:00:06.176 INFO:teuthology.orchestra.run.smithi132.stdout:/usr/bin/ceph: stderr
2024-03-18T23:00:05.237+0000 7f01ba59c700 1 -- 172.21.15.132:0/1233400171 learned_addr learned my addr 172.21.15.132:0/1233400171 (peer_addr_for_me v2:172.21.15.132:0/0)
2024-03-18T23:00:06.176 INFO:teuthology.orchestra.run.smithi132.stdout:/usr/bin/ceph: stderr
2024-03-18T23:00:05.237+0000 7f01ba59c700 1 -- 172.21.15.132:0/1233400171 --> [v2:172.21.15.132:3300/0,v1:172.21.15.132:6789/0] -- mon_subscribe({config=0+,monmap=0+}) -- 0x7f01bc106f20 con 0x7f01bc1082c0
2024-03-18T23:00:06.176 INFO:teuthology.orchestra.run.smithi132.stdout:/usr/bin/ceph: stderr
2024-03-18T23:00:05.237+0000 7f01ba59c700 1 --2- 172.21.15.132:0/1233400171 >> [v2:172.21.15.132:3300/0,v1:172.21.15.132:6789/0] conn(0x7f01bc1082c0 0x7f01bc1086e0 secure :-1 s=READY pgs=47 cs=0 l=1 rev1=1 crypto rx=0x7f01b4009e80 tx=0x7f01b400b330 comp rx=0 tx=0).ready entity=mon.0 client_cookie=52771daaca9e6f9e server_cookie=0 in_seq=0 out_seq=0
2024-03-18T23:00:06.176 INFO:teuthology.orchestra.run.smithi132.stdout:/usr/bin/ceph: stderr
2024-03-18T23:00:05.237+0000 7f01b959a700 1 -- 172.21.15.132:0/1233400171 <== mon.0 v2:172.21.15.132:3300/0 1 ==== mon_map magic: 0 ==== 205+0+0 (secure 0 0 0) 0x7f01b4017070 con 0x7f01bc1082c0
2024-03-18T23:00:06.176 INFO:teuthology.orchestra.run.smithi132.stdout:/usr/bin/ceph: stderr
2024-03-18T23:00:05.237+0000 7f01b959a700 1 -- 172.21.15.132:0/1233400171 <== mon.0 v2:172.21.15.132:3300/0 2 ==== config(27 keys) ==== 1109+0+0 (secure 0 0 0) 0x7f01b400b8c0 con 0x7f01bc1082c0
2024-03-18T23:00:06.176 INFO:teuthology.orchestra.run.smithi132.stdout:/usr/bin/ceph: stderr
2024-03-18T23:00:05.237+0000 7f01b959a700 1 -- 172.21.15.132:0/1233400171 <== mon.0 v2:172.21.15.132:3300/0 3 ==== mon_map magic: 0 ==== 205+0+0 (secure 0 0 0) 0x7f01b40045c0 con 0x7f01bc1082c0
2024-03-18T23:00:06.177 INFO:teuthology.orchestra.run.smithi132.stdout:/usr/bin/ceph: stderr
2024-03-18T23:00:05.238+0000 7f01c09e1700 1 -- 172.21.15.132:0/1233400171 >> [v2:172.21.15.132:3300/0,v1:172.21.15.132:6789/0] conn(0x7f01bc1082c0 msgr2=0x7f01bc1086e0 secure :-1 s=STATE_CONNECTION_ESTABLISHED l=1).mark_down
2024-03-18T23:00:06.177 INFO:teuthology.orchestra.run.smithi132.stdout:/usr/bin/ceph: stderr
2024-03-18T23:00:05.238+0000 7f01c09e1700 1 --2- 172.21.15.132:0/1233400171 >> [v2:172.21.15.132:3300/0,v1:172.21.15.132:6789/0] conn(0x7f01bc1082c0 0x7f01bc1086e0 secure :-1 s=READY pgs=47 cs=0 l=1 rev1=1 crypto rx=0x7f01b4009e80 tx=0x7f01b400b330 comp rx=0 tx=0).stop
2024-03-18T23:00:06.177 INFO:teuthology.orchestra.run.smithi132.stdout:/usr/bin/ceph: stderr
2024-03-18T23:00:05.238+0000 7f01c09e1700 1 -- 172.21.15.132:0/1233400171 shutdown_connections
2024-03-18T23:00:06.177 INFO:teuthology.orchestra.run.smithi132.stdout:/usr/bin/ceph: stderr
2024-03-18T23:00:05.238+0000 7f01c09e1700 1 --2- 172.21.15.132:0/1233400171 >> [v2:172.21.15.132:3300/0,v1:172.21.15.132:6789/0] conn(0x7f01bc1082c0 0x7f01bc1086e0 unknown :-1 s=CLOSED pgs=47 cs=0 l=1 rev1=1 crypto rx=0 tx=0 comp rx=0 tx=0).stop
2024-03-18T23:00:06.177 INFO:teuthology.orchestra.run.smithi132.stdout:/usr/bin/ceph: stderr
2024-03-18T23:00:05.238+0000 7f01c09e1700 1 -- 172.21.15.132:0/1233400171 >> 172.21.15.132:0/1233400171 conn(0x7f01bc101a50 msgr2=0x7f01bc103e70 unknown :-1 s=STATE_NONE l=0).mark_down
2024-03-18T23:00:06.177 INFO:teuthology.orchestra.run.smithi132.stdout:/usr/bin/ceph: stderr
2024-03-18T23:00:05.238+0000 7f01c09e1700 1 -- 172.21.15.132:0/1233400171 shutdown_connections
2024-03-18T23:00:06.177 INFO:teuthology.orchestra.run.smithi132.stdout:/usr/bin/ceph: stderr
2024-03-18T23:00:05.238+0000 7f01c09e1700 1 -- 172.21.15.132:0/1233400171 wait complete.
2024-03-18T23:00:06.177 INFO:teuthology.orchestra.run.smithi132.stdout:/usr/bin/ceph: stderr
2024-03-18T23:00:05.239+0000 7f01c09e1700 1 Processor -- start
2024-03-18T23:00:06.177 INFO:teuthology.orchestra.run.smithi132.stdout:/usr/bin/ceph: stderr
2024-03-18T23:00:05.239+0000 7f01c09e1700 1 -- start start
2024-03-18T23:00:06.177 INFO:teuthology.orchestra.run.smithi132.stdout:/usr/bin/ceph: stderr
2024-03-18T23:00:05.239+0000 7f01c09e1700 1 --2- >> [v2:172.21.15.132:3300/0,v1:172.21.15.132:6789/0] conn(0x7f01bc1082c0 0x7f01bc1068b0 unknown :-1 s=NONE pgs=0 cs=0 l=1 rev1=0 crypto rx=0 tx=0 comp rx=0 tx=0).connect
2024-03-18T23:00:06.177 INFO:teuthology.orchestra.run.smithi132.stdout:/usr/bin/ceph: stderr
2024-03-18T23:00:05.239+0000 7f01c09e1700 1 -- --> [v2:172.21.15.132:3300/0,v1:172.21.15.132:6789/0] -- mon_getmap magic: 0 -- 0x7f01bc10b2e0 con 0x7f01bc1082c0
2024-03-18T23:00:06.177 INFO:teuthology.orchestra.run.smithi132.stdout:/usr/bin/ceph: stderr
2024-03-18T23:00:05.239+0000 7f01ba59c700 1 --2- >> [v2:172.21.15.132:3300/0,v1:172.21.15.132:6789/0] conn(0x7f01bc1082c0 0x7f01bc1068b0 unknown :-1 s=BANNER_CONNECTING pgs=0 cs=0 l=1 rev1=0 crypto rx=0 tx=0 comp rx=0 tx=0)._handle_peer_banner_payload supported=3 required=0
2024-03-18T23:00:06.177 INFO:teuthology.orchestra.run.smithi132.stdout:/usr/bin/ceph: stderr
2024-03-18T23:00:05.239+0000 7f01ba59c700 1 --2- >> [v2:172.21.15.132:3300/0,v1:172.21.15.132:6789/0] conn(0x7f01bc1082c0 0x7f01bc1068b0 unknown :-1 s=HELLO_CONNECTING pgs=0 cs=0 l=1 rev1=1 crypto rx=0 tx=0 comp rx=0 tx=0).handle_hello peer v2:172.21.15.132:3300/0 says I am v2:172.21.15.132:49006/0 (socket says 172.21.15.132:49006)
2024-03-18T23:00:06.178 INFO:teuthology.orchestra.run.smithi132.stdout:/usr/bin/ceph: stderr
2024-03-18T23:00:05.239+0000 7f01ba59c700 1 -- 172.21.15.132:0/3005821569 learned_addr learned my addr 172.21.15.132:0/3005821569 (peer_addr_for_me v2:172.21.15.132:0/0)
2024-03-18T23:00:06.178 INFO:teuthology.orchestra.run.smithi132.stdout:/usr/bin/ceph: stderr
2024-03-18T23:00:05.239+0000 7f01ba59c700 1 -- 172.21.15.132:0/3005821569 --> [v2:172.21.15.132:3300/0,v1:172.21.15.132:6789/0] -- mon_subscribe({config=0+,monmap=0+}) -- 0x7f01bc19ea90 con 0x7f01bc1082c0
2024-03-18T23:00:06.178 INFO:teuthology.orchestra.run.smithi132.stdout:/usr/bin/ceph: stderr
2024-03-18T23:00:05.239+0000 7f01ba59c700 1 --2- 172.21.15.132:0/3005821569 >> [v2:172.21.15.132:3300/0,v1:172.21.15.132:6789/0] conn(0x7f01bc1082c0 0x7f01bc1068b0 secure :-1 s=READY pgs=48 cs=0 l=1 rev1=1 crypto rx=0x7f01b4009e50 tx=0x7f01b400bd30 comp rx=0 tx=0).ready entity=mon.0 client_cookie=0 server_cookie=0 in_seq=0 out_seq=0
2024-03-18T23:00:06.178 INFO:teuthology.orchestra.run.smithi132.stdout:/usr/bin/ceph: stderr
2024-03-18T23:00:05.240+0000 7f01ab7fe700 1 -- 172.21.15.132:0/3005821569 <== mon.0 v2:172.21.15.132:3300/0 1 ==== mon_map magic: 0 ==== 205+0+0 (secure 0 0 0) 0x7f01b4020020 con 0x7f01bc1082c0
2024-03-18T23:00:06.178 INFO:teuthology.orchestra.run.smithi132.stdout:/usr/bin/ceph: stderr
2024-03-18T23:00:05.240+0000 7f01ab7fe700 1 -- 172.21.15.132:0/3005821569 <== mon.0 v2:172.21.15.132:3300/0 2 ==== config(27 keys) ==== 1109+0+0 (secure 0 0 0) 0x7f01b4003b50 con 0x7f01bc1082c0
2024-03-18T23:00:06.178 INFO:teuthology.orchestra.run.smithi132.stdout:/usr/bin/ceph: stderr
2024-03-18T23:00:05.240+0000 7f01c09e1700 1 -- 172.21.15.132:0/3005821569 --> [v2:172.21.15.132:3300/0,v1:172.21.15.132:6789/0] -- mon_subscribe({mgrmap=0+}) -- 0x7f01bc19ec60 con 0x7f01bc1082c0
2024-03-18T23:00:06.178 INFO:teuthology.orchestra.run.smithi132.stdout:/usr/bin/ceph: stderr
2024-03-18T23:00:05.240+0000 7f01ab7fe700 1 -- 172.21.15.132:0/3005821569 <== mon.0 v2:172.21.15.132:3300/0 3 ==== mon_map magic: 0 ==== 205+0+0 (secure 0 0 0) 0x7f01b4017040 con 0x7f01bc1082c0
2024-03-18T23:00:06.178 INFO:teuthology.orchestra.run.smithi132.stdout:/usr/bin/ceph: stderr
2024-03-18T23:00:05.240+0000 7f01c09e1700 1 -- 172.21.15.132:0/3005821569 --> [v2:172.21.15.132:3300/0,v1:172.21.15.132:6789/0] -- mon_subscribe({osdmap=0}) -- 0x7f01bc19f080 con 0x7f01bc1082c0
2024-03-18T23:00:06.178 INFO:teuthology.orchestra.run.smithi132.stdout:/usr/bin/ceph: stderr
2024-03-18T23:00:05.240+0000 7f01ab7fe700 1 -- 172.21.15.132:0/3005821569 <== mon.0 v2:172.21.15.132:3300/0 4 ==== mgrmap(e 8) ==== 46106+0+0 (secure 0 0 0) 0x7f01b4023020 con 0x7f01bc1082c0
2024-03-18T23:00:06.178 INFO:teuthology.orchestra.run.smithi132.stdout:/usr/bin/ceph: stderr
2024-03-18T23:00:05.241+0000 7f01ab7fe700 1 --2- 172.21.15.132:0/3005821569 >> [v2:172.21.15.132:6800/3371561746,v1:172.21.15.132:6801/3371561746] conn(0x7f01a4038ed0 0x7f01a403b390 unknown :-1 s=NONE pgs=0 cs=0 l=1 rev1=0 crypto rx=0 tx=0 comp rx=0 tx=0).connect
2024-03-18T23:00:06.178 INFO:teuthology.orchestra.run.smithi132.stdout:/usr/bin/ceph: stderr
2024-03-18T23:00:05.241+0000 7f01ab7fe700 1 -- 172.21.15.132:0/3005821569 <== mon.0 v2:172.21.15.132:3300/0 5 ==== osd_map(2..2 src has 1..2) ==== 940+0+0 (secure 0 0 0) 0x7f01b400f050 con 0x7f01bc1082c0
2024-03-18T23:00:06.178 INFO:teuthology.orchestra.run.smithi132.stdout:/usr/bin/ceph: stderr
2024-03-18T23:00:05.241+0000 7f01b9d9b700 1 --2- 172.21.15.132:0/3005821569 >> [v2:172.21.15.132:6800/3371561746,v1:172.21.15.132:6801/3371561746] conn(0x7f01a4038ed0 0x7f01a403b390 unknown :-1 s=BANNER_CONNECTING pgs=0 cs=0 l=1 rev1=0 crypto rx=0 tx=0 comp rx=0 tx=0)._handle_peer_banner_payload supported=3 required=0
2024-03-18T23:00:06.178 INFO:teuthology.orchestra.run.smithi132.stdout:/usr/bin/ceph: stderr
2024-03-18T23:00:05.241+0000 7f01c09e1700 1 -- 172.21.15.132:0/3005821569 --> [v2:172.21.15.132:3300/0,v1:172.21.15.132:6789/0] -- mon_command({"prefix": "get_command_descriptions"} v 0) -- 0x7f01bc063940 con 0x7f01bc1082c0
2024-03-18T23:00:06.179 INFO:teuthology.orchestra.run.smithi132.stdout:/usr/bin/ceph: stderr
2024-03-18T23:00:05.241+0000 7f01b9d9b700 1 --2- 172.21.15.132:0/3005821569 >> [v2:172.21.15.132:6800/3371561746,v1:172.21.15.132:6801/3371561746] conn(0x7f01a4038ed0 0x7f01a403b390 secure :-1 s=READY pgs=12 cs=0 l=1 rev1=1 crypto rx=0x7f01b0006fd0 tx=0x7f01b0006e40 comp rx=0 tx=0).ready entity=mgr.14120 client_cookie=0 server_cookie=0 in_seq=0 out_seq=0
2024-03-18T23:00:06.179 INFO:teuthology.orchestra.run.smithi132.stdout:/usr/bin/ceph: stderr
2024-03-18T23:00:05.246+0000 7f01ab7fe700 1 -- 172.21.15.132:0/3005821569 <== mon.0 v2:172.21.15.132:3300/0 6 ==== mon_command_ack([{"prefix": "get_command_descriptions"}]=0 v0) ==== 72+0+186149 (secure 0 0 0) 0x7f01b402a020 con 0x7f01bc1082c0
2024-03-18T23:00:06.179 INFO:teuthology.orchestra.run.smithi132.stdout:/usr/bin/ceph: stderr
2024-03-18T23:00:05.476+0000 7f01c09e1700 1 -- 172.21.15.132:0/3005821569 --> [v2:172.21.15.132:6800/3371561746,v1:172.21.15.132:6801/3371561746] -- mgr_command(tid 0: {"prefix": "orch apply", "service_type": "mon", "unmanaged": true, "target": ["mon-mgr", ""]}) -- 0x7f01bc102c40 con 0x7f01a4038ed0
2024-03-18T23:00:06.179 INFO:teuthology.orchestra.run.smithi132.stdout:/usr/bin/ceph: stderr
2024-03-18T23:00:05.482+0000 7f01ab7fe700 1 -- 172.21.15.132:0/3005821569 <== mgr.14120 v2:172.21.15.132:6800/3371561746 1 ==== mgr_command_reply(tid 0: 0 ) ==== 8+0+24 (secure 0 0 0) 0x7f01bc102c40 con 0x7f01a4038ed0
2024-03-18T23:00:06.179 INFO:teuthology.orchestra.run.smithi132.stdout:/usr/bin/ceph: stderr
2024-03-18T23:00:05.484+0000 7f01c09e1700 1 -- 172.21.15.132:0/3005821569 >> [v2:172.21.15.132:6800/3371561746,v1:172.21.15.132:6801/3371561746] conn(0x7f01a4038ed0 msgr2=0x7f01a403b390 secure :-1 s=STATE_CONNECTION_ESTABLISHED l=1).mark_down
2024-03-18T23:00:06.179 INFO:teuthology.orchestra.run.smithi132.stdout:/usr/bin/ceph: stderr
2024-03-18T23:00:05.484+0000 7f01c09e1700 1 --2- 172.21.15.132:0/3005821569 >> [v2:172.21.15.132:6800/3371561746,v1:172.21.15.132:6801/3371561746] conn(0x7f01a4038ed0 0x7f01a403b390 secure :-1 s=READY pgs=12 cs=0 l=1 rev1=1 crypto rx=0x7f01b0006fd0 tx=0x7f01b0006e40 comp rx=0 tx=0).stop
2024-03-18T23:00:06.179 INFO:teuthology.orchestra.run.smithi132.stdout:/usr/bin/ceph: stderr
2024-03-18T23:00:05.484+0000 7f01c09e1700 1 -- 172.21.15.132:0/3005821569 >> [v2:172.21.15.132:3300/0,v1:172.21.15.132:6789/0] conn(0x7f01bc1082c0 msgr2=0x7f01bc1068b0 secure :-1 s=STATE_CONNECTION_ESTABLISHED l=1).mark_down
2024-03-18T23:00:06.179 INFO:teuthology.orchestra.run.smithi132.stdout:/usr/bin/ceph: stderr
2024-03-18T23:00:05.484+0000 7f01c09e1700 1 --2- 172.21.15.132:0/3005821569 >> [v2:172.21.15.132:3300/0,v1:172.21.15.132:6789/0] conn(0x7f01bc1082c0 0x7f01bc1068b0 secure :-1 s=READY pgs=48 cs=0 l=1 rev1=1 crypto rx=0x7f01b4009e50 tx=0x7f01b400bd30 comp rx=0 tx=0).stop
2024-03-18T23:00:06.179 INFO:teuthology.orchestra.run.smithi132.stdout:/usr/bin/ceph: stderr
2024-03-18T23:00:05.484+0000 7f01c09e1700 1 -- 172.21.15.132:0/3005821569 shutdown_connections
2024-03-18T23:00:06.179 INFO:teuthology.orchestra.run.smithi132.stdout:/usr/bin/ceph: stderr
2024-03-18T23:00:05.484+0000 7f01c09e1700 1 --2- 172.21.15.132:0/3005821569 >> [v2:172.21.15.132:6800/3371561746,v1:172.21.15.132:6801/3371561746] conn(0x7f01a4038ed0 0x7f01a403b390 unknown :-1 s=CLOSED pgs=12 cs=0 l=1 rev1=1 crypto rx=0 tx=0 comp rx=0 tx=0).stop
2024-03-18T23:00:06.179 INFO:teuthology.orchestra.run.smithi132.stdout:/usr/bin/ceph: stderr
2024-03-18T23:00:05.484+0000 7f01c09e1700 1 --2- 172.21.15.132:0/3005821569 >> [v2:172.21.15.132:3300/0,v1:172.21.15.132:6789/0] conn(0x7f01bc1082c0 0x7f01bc1068b0 unknown :-1 s=CLOSED pgs=48 cs=0 l=1 rev1=1 crypto rx=0 tx=0 comp rx=0 tx=0).stop
2024-03-18T23:00:06.179 INFO:teuthology.orchestra.run.smithi132.stdout:/usr/bin/ceph: stderr
2024-03-18T23:00:05.484+0000 7f01c09e1700 1 -- 172.21.15.132:0/3005821569 >> 172.21.15.132:0/3005821569 conn(0x7f01bc101a50 msgr2=0x7f01bc102530 unknown :-1 s=STATE_NONE l=0).mark_down
2024-03-18T23:00:06.179 INFO:teuthology.orchestra.run.smithi132.stdout:/usr/bin/ceph: stderr
2024-03-18T23:00:05.484+0000 7f01c09e1700 1 -- 172.21.15.132:0/3005821569 shutdown_connections
2024-03-18T23:00:06.180 INFO:teuthology.orchestra.run.smithi132.stdout:/usr/bin/ceph: stderr
2024-03-18T23:00:05.484+0000 7f01c09e1700 1 -- 172.21.15.132:0/3005821569 wait complete.
2024-03-18T23:00:06.180 INFO:teuthology.orchestra.run.smithi132.stdout:Deploying unmanaged mgr service...
2024-03-18T23:00:06.686 INFO:journalctl@ceph.mon.a.smithi132.stdout:Mar 18 23:00:06 smithi132 ceph-mon[32020]: from='client.14142 -' entity='client.admin' cmd=[{"prefix": "orch apply", "service_type": "mon", "unmanaged": true, "target": ["mon-mgr", ""]}]: dispatch
2024-03-18T23:00:06.686 INFO:journalctl@ceph.mon.a.smithi132.stdout:Mar 18 23:00:06 smithi132 ceph-mon[32020]: Saving service mon spec with placement count:5
2024-03-18T23:00:06.686 INFO:journalctl@ceph.mon.a.smithi132.stdout:Mar 18 23:00:06 smithi132 ceph-mon[32020]: from='mgr.14120 172.21.15.132:0/229107227' entity='mgr.x'
2024-03-18T23:00:07.575 INFO:journalctl@ceph.mon.a.smithi132.stdout:Mar 18 23:00:07 smithi132 ceph-mon[32020]: from='client.14144 -' entity='client.admin' cmd=[{"prefix": "orch apply", "service_type": "mgr", "unmanaged": true, "target": ["mon-mgr", ""]}]: dispatch
2024-03-18T23:00:07.575 INFO:journalctl@ceph.mon.a.smithi132.stdout:Mar 18 23:00:07 smithi132 ceph-mon[32020]: Saving service mgr spec with placement count:2
2024-03-18T23:00:07.576 INFO:journalctl@ceph.mon.a.smithi132.stdout:Mar 18 23:00:07 smithi132 ceph-mon[32020]: from='mgr.14120 172.21.15.132:0/229107227' entity='mgr.x'
2024-03-18T23:00:08.204 INFO:teuthology.orchestra.run.smithi132.stdout:/usr/bin/ceph: stdout Scheduled mgr update...
2024-03-18T23:00:08.204 INFO:teuthology.orchestra.run.smithi132.stdout:/usr/bin/ceph: stderr
2024-03-18T23:00:06.619+0000 7fea32beb700 1 Processor -- start
2024-03-18T23:00:08.205 INFO:teuthology.orchestra.run.smithi132.stdout:/usr/bin/ceph: stderr
2024-03-18T23:00:06.619+0000 7fea32beb700 1 -- start start
2024-03-18T23:00:08.205 INFO:teuthology.orchestra.run.smithi132.stdout:/usr/bin/ceph: stderr
2024-03-18T23:00:06.619+0000 7fea32beb700 1 --2- >> [v2:172.21.15.132:3300/0,v1:172.21.15.132:6789/0] conn(0x7fea2c1088b0 0x7fea2c10aca0 unknown :-1 s=NONE pgs=0 cs=0 l=0 rev1=0 crypto rx=0 tx=0 comp rx=0 tx=0).connect
2024-03-18T23:00:08.205 INFO:teuthology.orchestra.run.smithi132.stdout:/usr/bin/ceph: stderr
2024-03-18T23:00:06.619+0000 7fea32beb700 1 -- --> [v2:172.21.15.132:3300/0,v1:172.21.15.132:6789/0] -- mon_getmap magic: 0 -- 0x7fea2c07be40 con 0x7fea2c1088b0
2024-03-18T23:00:08.205 INFO:teuthology.orchestra.run.smithi132.stdout:/usr/bin/ceph: stderr
2024-03-18T23:00:06.619+0000 7fea30987700 1 --2- >> [v2:172.21.15.132:3300/0,v1:172.21.15.132:6789/0] conn(0x7fea2c1088b0 0x7fea2c10aca0 unknown :-1 s=BANNER_CONNECTING pgs=0 cs=0 l=0 rev1=0 crypto rx=0 tx=0 comp rx=0 tx=0)._handle_peer_banner_payload supported=3 required=0
2024-03-18T23:00:08.205 INFO:teuthology.orchestra.run.smithi132.stdout:/usr/bin/ceph: stderr
2024-03-18T23:00:06.619+0000 7fea30987700 1 --2- >> [v2:172.21.15.132:3300/0,v1:172.21.15.132:6789/0] conn(0x7fea2c1088b0 0x7fea2c10aca0 unknown :-1 s=HELLO_CONNECTING pgs=0 cs=0 l=0 rev1=1 crypto rx=0 tx=0 comp rx=0 tx=0).handle_hello peer v2:172.21.15.132:3300/0 says I am v2:172.21.15.132:49012/0 (socket says 172.21.15.132:49012)
2024-03-18T23:00:08.205 INFO:teuthology.orchestra.run.smithi132.stdout:/usr/bin/ceph: stderr
2024-03-18T23:00:06.619+0000 7fea30987700 1 -- 172.21.15.132:0/3410135530 learned_addr learned my addr 172.21.15.132:0/3410135530 (peer_addr_for_me v2:172.21.15.132:0/0)
2024-03-18T23:00:08.205 INFO:teuthology.orchestra.run.smithi132.stdout:/usr/bin/ceph: stderr
2024-03-18T23:00:06.619+0000 7fea30987700 1 -- 172.21.15.132:0/3410135530 --> [v2:172.21.15.132:3300/0,v1:172.21.15.132:6789/0] -- mon_subscribe({config=0+,monmap=0+}) -- 0x7fea2c10b1e0 con 0x7fea2c1088b0
2024-03-18T23:00:08.205 INFO:teuthology.orchestra.run.smithi132.stdout:/usr/bin/ceph: stderr
2024-03-18T23:00:06.620+0000 7fea30987700 1 --2- 172.21.15.132:0/3410135530 >> [v2:172.21.15.132:3300/0,v1:172.21.15.132:6789/0] conn(0x7fea2c1088b0 0x7fea2c10aca0 secure :-1 s=READY pgs=49 cs=0 l=1 rev1=1 crypto rx=0x7fea200098a0 tx=0x7fea20009bb0 comp rx=0 tx=0).ready entity=mon.0 client_cookie=1579797b5e47a7e1 server_cookie=0 in_seq=0 out_seq=0
2024-03-18T23:00:08.205 INFO:teuthology.orchestra.run.smithi132.stdout:/usr/bin/ceph: stderr
2024-03-18T23:00:06.620+0000 7fea2b7fe700 1 -- 172.21.15.132:0/3410135530 <== mon.0 v2:172.21.15.132:3300/0 1 ==== mon_map magic: 0 ==== 205+0+0 (secure 0 0 0) 0x7fea20004160 con 0x7fea2c1088b0
2024-03-18T23:00:08.206 INFO:teuthology.orchestra.run.smithi132.stdout:/usr/bin/ceph: stderr
2024-03-18T23:00:06.620+0000 7fea2b7fe700 1 -- 172.21.15.132:0/3410135530 <== mon.0 v2:172.21.15.132:3300/0 2 ==== config(27 keys) ==== 1109+0+0 (secure 0 0 0) 0x7fea20004300 con 0x7fea2c1088b0
2024-03-18T23:00:08.206 INFO:teuthology.orchestra.run.smithi132.stdout:/usr/bin/ceph: stderr
2024-03-18T23:00:06.620+0000 7fea2b7fe700 1 -- 172.21.15.132:0/3410135530 <== mon.0 v2:172.21.15.132:3300/0 3 ==== mon_map magic: 0 ==== 205+0+0 (secure 0 0 0) 0x7fea20011b50 con 0x7fea2c1088b0
2024-03-18T23:00:08.206 INFO:teuthology.orchestra.run.smithi132.stdout:/usr/bin/ceph: stderr
2024-03-18T23:00:06.620+0000 7fea32beb700 1 -- 172.21.15.132:0/3410135530 >> [v2:172.21.15.132:3300/0,v1:172.21.15.132:6789/0] conn(0x7fea2c1088b0 msgr2=0x7fea2c10aca0 secure :-1 s=STATE_CONNECTION_ESTABLISHED l=1).mark_down
2024-03-18T23:00:08.206 INFO:teuthology.orchestra.run.smithi132.stdout:/usr/bin/ceph: stderr
2024-03-18T23:00:06.620+0000 7fea32beb700 1 --2- 172.21.15.132:0/3410135530 >> [v2:172.21.15.132:3300/0,v1:172.21.15.132:6789/0] conn(0x7fea2c1088b0 0x7fea2c10aca0 secure :-1 s=READY pgs=49 cs=0 l=1 rev1=1 crypto rx=0x7fea200098a0 tx=0x7fea20009bb0 comp rx=0 tx=0).stop
2024-03-18T23:00:08.206 INFO:teuthology.orchestra.run.smithi132.stdout:/usr/bin/ceph: stderr
2024-03-18T23:00:06.620+0000 7fea32beb700 1 -- 172.21.15.132:0/3410135530 shutdown_connections
2024-03-18T23:00:08.206 INFO:teuthology.orchestra.run.smithi132.stdout:/usr/bin/ceph: stderr
2024-03-18T23:00:06.620+0000 7fea32beb700 1 --2- 172.21.15.132:0/3410135530 >> [v2:172.21.15.132:3300/0,v1:172.21.15.132:6789/0] conn(0x7fea2c1088b0 0x7fea2c10aca0 unknown :-1 s=CLOSED pgs=49 cs=0 l=1 rev1=1 crypto rx=0 tx=0 comp rx=0 tx=0).stop
2024-03-18T23:00:08.206 INFO:teuthology.orchestra.run.smithi132.stdout:/usr/bin/ceph: stderr
2024-03-18T23:00:06.620+0000 7fea32beb700 1 -- 172.21.15.132:0/3410135530 >> 172.21.15.132:0/3410135530 conn(0x7fea2c1022e0 msgr2=0x7fea2c104700 unknown :-1 s=STATE_NONE l=0).mark_down
2024-03-18T23:00:08.206 INFO:teuthology.orchestra.run.smithi132.stdout:/usr/bin/ceph: stderr
2024-03-18T23:00:06.620+0000 7fea32beb700 1 -- 172.21.15.132:0/3410135530 shutdown_connections
2024-03-18T23:00:08.206 INFO:teuthology.orchestra.run.smithi132.stdout:/usr/bin/ceph: stderr
2024-03-18T23:00:06.620+0000 7fea32beb700 1 -- 172.21.15.132:0/3410135530 wait complete.
2024-03-18T23:00:08.206 INFO:teuthology.orchestra.run.smithi132.stdout:/usr/bin/ceph: stderr
2024-03-18T23:00:06.621+0000 7fea32beb700 1 Processor -- start
2024-03-18T23:00:08.207 INFO:teuthology.orchestra.run.smithi132.stdout:/usr/bin/ceph: stderr
2024-03-18T23:00:06.621+0000 7fea32beb700 1 -- start start
2024-03-18T23:00:08.207 INFO:teuthology.orchestra.run.smithi132.stdout:/usr/bin/ceph: stderr
2024-03-18T23:00:06.621+0000 7fea32beb700 1 --2- >> [v2:172.21.15.132:3300/0,v1:172.21.15.132:6789/0] conn(0x7fea2c1088b0 0x7fea2c19bd10 unknown :-1 s=NONE pgs=0 cs=0 l=1 rev1=0 crypto rx=0 tx=0 comp rx=0 tx=0).connect
2024-03-18T23:00:08.207 INFO:teuthology.orchestra.run.smithi132.stdout:/usr/bin/ceph: stderr
2024-03-18T23:00:06.621+0000 7fea32beb700 1 -- --> [v2:172.21.15.132:3300/0,v1:172.21.15.132:6789/0] -- mon_getmap magic: 0 -- 0x7fea2c10c190 con 0x7fea2c1088b0
2024-03-18T23:00:08.207 INFO:teuthology.orchestra.run.smithi132.stdout:/usr/bin/ceph: stderr
2024-03-18T23:00:06.621+0000 7fea30987700 1 --2- >> [v2:172.21.15.132:3300/0,v1:172.21.15.132:6789/0] conn(0x7fea2c1088b0 0x7fea2c19bd10 unknown :-1 s=BANNER_CONNECTING pgs=0 cs=0 l=1 rev1=0 crypto rx=0 tx=0 comp rx=0 tx=0)._handle_peer_banner_payload supported=3 required=0
2024-03-18T23:00:08.207 INFO:teuthology.orchestra.run.smithi132.stdout:/usr/bin/ceph: stderr
2024-03-18T23:00:06.621+0000 7fea30987700 1 --2- >> [v2:172.21.15.132:3300/0,v1:172.21.15.132:6789/0] conn(0x7fea2c1088b0 0x7fea2c19bd10 unknown :-1 s=HELLO_CONNECTING pgs=0 cs=0 l=1 rev1=1 crypto rx=0 tx=0 comp rx=0 tx=0).handle_hello peer v2:172.21.15.132:3300/0 says I am v2:172.21.15.132:49024/0 (socket says 172.21.15.132:49024)
2024-03-18T23:00:08.207 INFO:teuthology.orchestra.run.smithi132.stdout:/usr/bin/ceph: stderr
2024-03-18T23:00:06.621+0000 7fea30987700 1 -- 172.21.15.132:0/1256585330 learned_addr learned my addr 172.21.15.132:0/1256585330 (peer_addr_for_me v2:172.21.15.132:0/0)
2024-03-18T23:00:08.207 INFO:teuthology.orchestra.run.smithi132.stdout:/usr/bin/ceph: stderr
2024-03-18T23:00:06.621+0000 7fea30987700 1 -- 172.21.15.132:0/1256585330 --> [v2:172.21.15.132:3300/0,v1:172.21.15.132:6789/0] -- mon_subscribe({config=0+,monmap=0+}) -- 0x7fea2c19c250 con 0x7fea2c1088b0
2024-03-18T23:00:08.207 INFO:teuthology.orchestra.run.smithi132.stdout:/usr/bin/ceph: stderr
2024-03-18T23:00:06.621+0000 7fea30987700 1 --2- 172.21.15.132:0/1256585330 >> [v2:172.21.15.132:3300/0,v1:172.21.15.132:6789/0] conn(0x7fea2c1088b0 0x7fea2c19bd10 secure :-1 s=READY pgs=50 cs=0 l=1 rev1=1 crypto rx=0x7fea20011670 tx=0x7fea20011b60 comp rx=0 tx=0).ready entity=mon.0 client_cookie=0 server_cookie=0 in_seq=0 out_seq=0
2024-03-18T23:00:08.207 INFO:teuthology.orchestra.run.smithi132.stdout:/usr/bin/ceph: stderr
2024-03-18T23:00:06.622+0000 7fea29ffb700 1 -- 172.21.15.132:0/1256585330 <== mon.0 v2:172.21.15.132:3300/0 1 ==== mon_map magic: 0 ==== 205+0+0 (secure 0 0 0) 0x7fea200039c0 con 0x7fea2c1088b0
2024-03-18T23:00:08.207 INFO:teuthology.orchestra.run.smithi132.stdout:/usr/bin/ceph: stderr
2024-03-18T23:00:06.622+0000 7fea29ffb700 1 -- 172.21.15.132:0/1256585330 <== mon.0 v2:172.21.15.132:3300/0 2 ==== config(27 keys) ==== 1109+0+0 (secure 0 0 0) 0x7fea20011e50 con 0x7fea2c1088b0
2024-03-18T23:00:08.207 INFO:teuthology.orchestra.run.smithi132.stdout:/usr/bin/ceph: stderr
2024-03-18T23:00:06.622+0000 7fea29ffb700 1 -- 172.21.15.132:0/1256585330 <== mon.0 v2:172.21.15.132:3300/0 3 ==== mon_map magic: 0 ==== 205+0+0 (secure 0 0 0) 0x7fea2001a5c0 con 0x7fea2c1088b0
2024-03-18T23:00:08.207 INFO:teuthology.orchestra.run.smithi132.stdout:/usr/bin/ceph: stderr
2024-03-18T23:00:06.622+0000 7fea32beb700 1 -- 172.21.15.132:0/1256585330 --> [v2:172.21.15.132:3300/0,v1:172.21.15.132:6789/0] -- mon_subscribe({mgrmap=0+}) -- 0x7fea2c19c540 con 0x7fea2c1088b0
2024-03-18T23:00:08.207 INFO:teuthology.orchestra.run.smithi132.stdout:/usr/bin/ceph: stderr
2024-03-18T23:00:06.622+0000 7fea32beb700 1 -- 172.21.15.132:0/1256585330 --> [v2:172.21.15.132:3300/0,v1:172.21.15.132:6789/0] -- mon_subscribe({osdmap=0}) -- 0x7fea2c19f1c0 con 0x7fea2c1088b0
2024-03-18T23:00:08.207 INFO:teuthology.orchestra.run.smithi132.stdout:/usr/bin/ceph: stderr
2024-03-18T23:00:06.623+0000 7fea29ffb700 1 -- 172.21.15.132:0/1256585330 <== mon.0 v2:172.21.15.132:3300/0 4 ==== mgrmap(e 8) ==== 46106+0+0 (secure 0 0 0) 0x7fea20024430 con 0x7fea2c1088b0
2024-03-18T23:00:08.207 INFO:teuthology.orchestra.run.smithi132.stdout:/usr/bin/ceph: stderr
2024-03-18T23:00:06.623+0000 7fea32beb700 1 -- 172.21.15.132:0/1256585330 --> [v2:172.21.15.132:3300/0,v1:172.21.15.132:6789/0] -- mon_command({"prefix": "get_command_descriptions"} v 0) -- 0x7fea2c063940 con 0x7fea2c1088b0
2024-03-18T23:00:08.208 INFO:teuthology.orchestra.run.smithi132.stdout:/usr/bin/ceph: stderr
2024-03-18T23:00:06.623+0000 7fea29ffb700 1 --2- 172.21.15.132:0/1256585330 >> [v2:172.21.15.132:6800/3371561746,v1:172.21.15.132:6801/3371561746] conn(0x7fea1c038ed0 0x7fea1c03b390 unknown :-1 s=NONE pgs=0 cs=0 l=1 rev1=0 crypto rx=0 tx=0 comp rx=0 tx=0).connect
2024-03-18T23:00:08.208 INFO:teuthology.orchestra.run.smithi132.stdout:/usr/bin/ceph: stderr
2024-03-18T23:00:06.623+0000 7fea29ffb700 1 -- 172.21.15.132:0/1256585330 <== mon.0 v2:172.21.15.132:3300/0 5 ==== osd_map(2..2 src has 1..2) ==== 940+0+0 (secure 0 0 0) 0x7fea2004d230 con 0x7fea2c1088b0
2024-03-18T23:00:08.208 INFO:teuthology.orchestra.run.smithi132.stdout:/usr/bin/ceph: stderr
2024-03-18T23:00:06.623+0000 7fea2bfff700 1 --2- 172.21.15.132:0/1256585330 >> [v2:172.21.15.132:6800/3371561746,v1:172.21.15.132:6801/3371561746] conn(0x7fea1c038ed0 0x7fea1c03b390 unknown :-1 s=BANNER_CONNECTING pgs=0 cs=0 l=1 rev1=0 crypto rx=0 tx=0 comp rx=0 tx=0)._handle_peer_banner_payload supported=3 required=0
2024-03-18T23:00:08.208 INFO:teuthology.orchestra.run.smithi132.stdout:/usr/bin/ceph: stderr
2024-03-18T23:00:06.623+0000 7fea2bfff700 1 --2- 172.21.15.132:0/1256585330 >> [v2:172.21.15.132:6800/3371561746,v1:172.21.15.132:6801/3371561746] conn(0x7fea1c038ed0 0x7fea1c03b390 secure :-1 s=READY pgs=13 cs=0 l=1 rev1=1 crypto rx=0x7fea18006fd0 tx=0x7fea18006e40 comp rx=0 tx=0).ready entity=mgr.14120 client_cookie=0 server_cookie=0 in_seq=0 out_seq=0
2024-03-18T23:00:08.208 INFO:teuthology.orchestra.run.smithi132.stdout:/usr/bin/ceph: stderr
2024-03-18T23:00:06.628+0000 7fea29ffb700 1 -- 172.21.15.132:0/1256585330 <== mon.0 v2:172.21.15.132:3300/0 6 ==== mon_command_ack([{"prefix": "get_command_descriptions"}]=0 v0) ==== 72+0+186149 (secure 0 0 0) 0x7fea2002d490 con 0x7fea2c1088b0
2024-03-18T23:00:08.208 INFO:teuthology.orchestra.run.smithi132.stdout:/usr/bin/ceph: stderr
2024-03-18T23:00:06.845+0000 7fea32beb700 1 -- 172.21.15.132:0/1256585330 --> [v2:172.21.15.132:6800/3371561746,v1:172.21.15.132:6801/3371561746] -- mgr_command(tid 0: {"prefix": "orch apply", "service_type": "mgr", "unmanaged": true, "target": ["mon-mgr", ""]}) -- 0x7fea2c19f390 con 0x7fea1c038ed0
2024-03-18T23:00:08.208 INFO:teuthology.orchestra.run.smithi132.stdout:/usr/bin/ceph: stderr
2024-03-18T23:00:06.851+0000 7fea29ffb700 1 -- 172.21.15.132:0/1256585330 <== mgr.14120 v2:172.21.15.132:6800/3371561746 1 ==== mgr_command_reply(tid 0: 0 ) ==== 8+0+24 (secure 0 0 0) 0x7fea2c19f390 con 0x7fea1c038ed0
2024-03-18T23:00:08.208 INFO:teuthology.orchestra.run.smithi132.stdout:/usr/bin/ceph: stderr
2024-03-18T23:00:06.854+0000 7fea32beb700 1 -- 172.21.15.132:0/1256585330 >> [v2:172.21.15.132:6800/3371561746,v1:172.21.15.132:6801/3371561746] conn(0x7fea1c038ed0 msgr2=0x7fea1c03b390 secure :-1 s=STATE_CONNECTION_ESTABLISHED l=1).mark_down
2024-03-18T23:00:08.208 INFO:teuthology.orchestra.run.smithi132.stdout:/usr/bin/ceph: stderr
2024-03-18T23:00:06.854+0000 7fea32beb700 1 --2- 172.21.15.132:0/1256585330 >> [v2:172.21.15.132:6800/3371561746,v1:172.21.15.132:6801/3371561746] conn(0x7fea1c038ed0 0x7fea1c03b390 secure :-1 s=READY pgs=13 cs=0 l=1 rev1=1 crypto rx=0x7fea18006fd0 tx=0x7fea18006e40 comp rx=0 tx=0).stop
