2024-03-18T23:00:21.304 INFO:journalctl@ceph.mon.a.smithi132.stdout:Mar 18 23:00:21 smithi132 ceph-mon[32020]: [18/Mar/2024:23:00:19] ENGINE Bus STARTING
2024-03-18T23:00:21.304 INFO:journalctl@ceph.mon.a.smithi132.stdout:Mar 18 23:00:21 smithi132 ceph-mon[32020]: [18/Mar/2024:23:00:19] ENGINE Serving on http://172.21.15.132:8765
2024-03-18T23:00:21.304 INFO:journalctl@ceph.mon.a.smithi132.stdout:Mar 18 23:00:21 smithi132 ceph-mon[32020]: [18/Mar/2024:23:00:19] ENGINE Serving on https://172.21.15.132:7150
2024-03-18T23:00:21.304 INFO:journalctl@ceph.mon.a.smithi132.stdout:Mar 18 23:00:21 smithi132 ceph-mon[32020]: [18/Mar/2024:23:00:19] ENGINE Bus STARTED
2024-03-18T23:00:21.304 INFO:journalctl@ceph.mon.a.smithi132.stdout:Mar 18 23:00:21 smithi132 ceph-mon[32020]: from='client.14156 -' entity='client.admin' cmd=[{"prefix": "get_command_descriptions"}]: dispatch
2024-03-18T23:00:21.304 INFO:journalctl@ceph.mon.a.smithi132.stdout:Mar 18 23:00:21 smithi132 ceph-mon[32020]: from='client.14156 -' entity='client.admin' cmd=[{"prefix": "mgr_status"}]: dispatch
2024-03-18T23:00:21.304 INFO:journalctl@ceph.mon.a.smithi132.stdout:Mar 18 23:00:21 smithi132 ceph-mon[32020]: from='mgr.14152 172.21.15.132:0/2542042627' entity='mgr.x'
2024-03-18T23:00:22.157 INFO:teuthology.orchestra.run.smithi132.stdout:/usr/bin/ceph: stdout Self-signed certificate created
2024-03-18T23:00:22.157 INFO:teuthology.orchestra.run.smithi132.stdout:/usr/bin/ceph: stderr
2024-03-18T23:00:21.326+0000 7f0a2973d700 1 Processor -- start
2024-03-18T23:00:22.157 INFO:teuthology.orchestra.run.smithi132.stdout:/usr/bin/ceph: stderr
2024-03-18T23:00:21.326+0000 7f0a2973d700 1 -- start start
2024-03-18T23:00:22.157 INFO:teuthology.orchestra.run.smithi132.stdout:/usr/bin/ceph: stderr
2024-03-18T23:00:21.326+0000 7f0a2973d700 1 --2- >> [v2:172.21.15.132:3300/0,v1:172.21.15.132:6789/0] conn(0x7f0a241088d0 0x7f0a2410acc0 unknown :-1 s=NONE pgs=0 cs=0 l=0 rev1=0 crypto rx=0 tx=0 comp rx=0 tx=0).connect
2024-03-18T23:00:22.157 INFO:teuthology.orchestra.run.smithi132.stdout:/usr/bin/ceph: stderr
2024-03-18T23:00:21.326+0000 7f0a2973d700 1 -- --> [v2:172.21.15.132:3300/0,v1:172.21.15.132:6789/0] -- mon_getmap magic: 0 -- 0x7f0a2407be00 con 0x7f0a241088d0
2024-03-18T23:00:22.157 INFO:teuthology.orchestra.run.smithi132.stdout:/usr/bin/ceph: stderr
2024-03-18T23:00:21.327+0000 7f0a22ffd700 1 --2- >> [v2:172.21.15.132:3300/0,v1:172.21.15.132:6789/0] conn(0x7f0a241088d0 0x7f0a2410acc0 unknown :-1 s=BANNER_CONNECTING pgs=0 cs=0 l=0 rev1=0 crypto rx=0 tx=0 comp rx=0 tx=0)._handle_peer_banner_payload supported=3 required=0
2024-03-18T23:00:22.157 INFO:teuthology.orchestra.run.smithi132.stdout:/usr/bin/ceph: stderr
2024-03-18T23:00:21.327+0000 7f0a22ffd700 1 --2- >> [v2:172.21.15.132:3300/0,v1:172.21.15.132:6789/0] conn(0x7f0a241088d0 0x7f0a2410acc0 unknown :-1 s=HELLO_CONNECTING pgs=0 cs=0 l=0 rev1=1 crypto rx=0 tx=0 comp rx=0 tx=0).handle_hello peer v2:172.21.15.132:3300/0 says I am v2:172.21.15.132:44592/0 (socket says 172.21.15.132:44592)
2024-03-18T23:00:22.157 INFO:teuthology.orchestra.run.smithi132.stdout:/usr/bin/ceph: stderr
2024-03-18T23:00:21.327+0000 7f0a22ffd700 1 -- 172.21.15.132:0/298386660 learned_addr learned my addr 172.21.15.132:0/298386660 (peer_addr_for_me v2:172.21.15.132:0/0)
2024-03-18T23:00:22.157 INFO:teuthology.orchestra.run.smithi132.stdout:/usr/bin/ceph: stderr
2024-03-18T23:00:21.327+0000 7f0a22ffd700 1 -- 172.21.15.132:0/298386660 --> [v2:172.21.15.132:3300/0,v1:172.21.15.132:6789/0] -- mon_subscribe({config=0+,monmap=0+}) -- 0x7f0a2410b200 con 0x7f0a241088d0
2024-03-18T23:00:22.157 INFO:teuthology.orchestra.run.smithi132.stdout:/usr/bin/ceph: stderr
2024-03-18T23:00:21.327+0000 7f0a22ffd700 1 --2- 172.21.15.132:0/298386660 >> [v2:172.21.15.132:3300/0,v1:172.21.15.132:6789/0] conn(0x7f0a241088d0 0x7f0a2410acc0 secure :-1 s=READY pgs=70 cs=0 l=1 rev1=1 crypto rx=0x7f0a180098a0 tx=0x7f0a18009bb0 comp rx=0 tx=0).ready entity=mon.0 client_cookie=e632a409f4984727 server_cookie=0 in_seq=0 out_seq=0
2024-03-18T23:00:22.157 INFO:teuthology.orchestra.run.smithi132.stdout:/usr/bin/ceph: stderr
2024-03-18T23:00:21.327+0000 7f0a21ffb700 1 -- 172.21.15.132:0/298386660 <== mon.0 v2:172.21.15.132:3300/0 1 ==== mon_map magic: 0 ==== 205+0+0 (secure 0 0 0) 0x7f0a18004160 con 0x7f0a241088d0
2024-03-18T23:00:22.158 INFO:teuthology.orchestra.run.smithi132.stdout:/usr/bin/ceph: stderr
2024-03-18T23:00:21.327+0000 7f0a21ffb700 1 -- 172.21.15.132:0/298386660 <== mon.0 v2:172.21.15.132:3300/0 2 ==== config(27 keys) ==== 1140+0+0 (secure 0 0 0) 0x7f0a18004300 con 0x7f0a241088d0
2024-03-18T23:00:22.158 INFO:teuthology.orchestra.run.smithi132.stdout:/usr/bin/ceph: stderr
2024-03-18T23:00:21.327+0000 7f0a21ffb700 1 -- 172.21.15.132:0/298386660 <== mon.0 v2:172.21.15.132:3300/0 3 ==== mon_map magic: 0 ==== 205+0+0 (secure 0 0 0) 0x7f0a18011b20 con 0x7f0a241088d0
2024-03-18T23:00:22.158 INFO:teuthology.orchestra.run.smithi132.stdout:/usr/bin/ceph: stderr
2024-03-18T23:00:21.328+0000 7f0a2973d700 1 -- 172.21.15.132:0/298386660 >> [v2:172.21.15.132:3300/0,v1:172.21.15.132:6789/0] conn(0x7f0a241088d0 msgr2=0x7f0a2410acc0 secure :-1 s=STATE_CONNECTION_ESTABLISHED l=1).mark_down
2024-03-18T23:00:22.158 INFO:teuthology.orchestra.run.smithi132.stdout:/usr/bin/ceph: stderr
2024-03-18T23:00:21.328+0000 7f0a2973d700 1 --2- 172.21.15.132:0/298386660 >> [v2:172.21.15.132:3300/0,v1:172.21.15.132:6789/0] conn(0x7f0a241088d0 0x7f0a2410acc0 secure :-1 s=READY pgs=70 cs=0 l=1 rev1=1 crypto rx=0x7f0a180098a0 tx=0x7f0a18009bb0 comp rx=0 tx=0).stop
2024-03-18T23:00:22.158 INFO:teuthology.orchestra.run.smithi132.stdout:/usr/bin/ceph: stderr
2024-03-18T23:00:21.328+0000 7f0a2973d700 1 -- 172.21.15.132:0/298386660 shutdown_connections
2024-03-18T23:00:22.158 INFO:teuthology.orchestra.run.smithi132.stdout:/usr/bin/ceph: stderr
2024-03-18T23:00:21.328+0000 7f0a2973d700 1 --2- 172.21.15.132:0/298386660 >> [v2:172.21.15.132:3300/0,v1:172.21.15.132:6789/0] conn(0x7f0a241088d0 0x7f0a2410acc0 unknown :-1 s=CLOSED pgs=70 cs=0 l=1 rev1=1 crypto rx=0 tx=0 comp rx=0 tx=0).stop
2024-03-18T23:00:22.158 INFO:teuthology.orchestra.run.smithi132.stdout:/usr/bin/ceph: stderr
2024-03-18T23:00:21.328+0000 7f0a2973d700 1 -- 172.21.15.132:0/298386660 >> 172.21.15.132:0/298386660 conn(0x7f0a241022e0 msgr2=0x7f0a24104700 unknown :-1 s=STATE_NONE l=0).mark_down
2024-03-18T23:00:22.158 INFO:teuthology.orchestra.run.smithi132.stdout:/usr/bin/ceph: stderr
2024-03-18T23:00:21.328+0000 7f0a2973d700 1 -- 172.21.15.132:0/298386660 shutdown_connections
2024-03-18T23:00:22.158 INFO:teuthology.orchestra.run.smithi132.stdout:/usr/bin/ceph: stderr
2024-03-18T23:00:21.328+0000 7f0a2973d700 1 -- 172.21.15.132:0/298386660 wait complete.
2024-03-18T23:00:22.158 INFO:teuthology.orchestra.run.smithi132.stdout:/usr/bin/ceph: stderr
2024-03-18T23:00:21.328+0000 7f0a2973d700 1 Processor -- start
2024-03-18T23:00:22.158 INFO:teuthology.orchestra.run.smithi132.stdout:/usr/bin/ceph: stderr
2024-03-18T23:00:21.329+0000 7f0a2973d700 1 -- start start
2024-03-18T23:00:22.158 INFO:teuthology.orchestra.run.smithi132.stdout:/usr/bin/ceph: stderr
2024-03-18T23:00:21.329+0000 7f0a2973d700 1 --2- >> [v2:172.21.15.132:3300/0,v1:172.21.15.132:6789/0] conn(0x7f0a241088d0 0x7f0a24108150 unknown :-1 s=NONE pgs=0 cs=0 l=1 rev1=0 crypto rx=0 tx=0 comp rx=0 tx=0).connect
2024-03-18T23:00:22.158 INFO:teuthology.orchestra.run.smithi132.stdout:/usr/bin/ceph: stderr
2024-03-18T23:00:21.329+0000 7f0a2973d700 1 -- --> [v2:172.21.15.132:3300/0,v1:172.21.15.132:6789/0] -- mon_getmap magic: 0 -- 0x7f0a2410c210 con 0x7f0a241088d0
2024-03-18T23:00:22.159 INFO:teuthology.orchestra.run.smithi132.stdout:/usr/bin/ceph: stderr
2024-03-18T23:00:21.329+0000 7f0a22ffd700 1 --2- >> [v2:172.21.15.132:3300/0,v1:172.21.15.132:6789/0] conn(0x7f0a241088d0 0x7f0a24108150 unknown :-1 s=BANNER_CONNECTING pgs=0 cs=0 l=1 rev1=0 crypto rx=0 tx=0 comp rx=0 tx=0)._handle_peer_banner_payload supported=3 required=0
2024-03-18T23:00:22.159 INFO:teuthology.orchestra.run.smithi132.stdout:/usr/bin/ceph: stderr
2024-03-18T23:00:21.329+0000 7f0a22ffd700 1 --2- >> [v2:172.21.15.132:3300/0,v1:172.21.15.132:6789/0] conn(0x7f0a241088d0 0x7f0a24108150 unknown :-1 s=HELLO_CONNECTING pgs=0 cs=0 l=1 rev1=1 crypto rx=0 tx=0 comp rx=0 tx=0).handle_hello peer v2:172.21.15.132:3300/0 says I am v2:172.21.15.132:44608/0 (socket says 172.21.15.132:44608)
2024-03-18T23:00:22.159 INFO:teuthology.orchestra.run.smithi132.stdout:/usr/bin/ceph: stderr
2024-03-18T23:00:21.329+0000 7f0a22ffd700 1 -- 172.21.15.132:0/1791791423 learned_addr learned my addr 172.21.15.132:0/1791791423 (peer_addr_for_me v2:172.21.15.132:0/0)
2024-03-18T23:00:22.159 INFO:teuthology.orchestra.run.smithi132.stdout:/usr/bin/ceph: stderr
2024-03-18T23:00:21.329+0000 7f0a22ffd700 1 -- 172.21.15.132:0/1791791423 --> [v2:172.21.15.132:3300/0,v1:172.21.15.132:6789/0] -- mon_subscribe({config=0+,monmap=0+}) -- 0x7f0a24108690 con 0x7f0a241088d0
2024-03-18T23:00:22.159 INFO:teuthology.orchestra.run.smithi132.stdout:/usr/bin/ceph: stderr
2024-03-18T23:00:21.329+0000 7f0a22ffd700 1 --2- 172.21.15.132:0/1791791423 >> [v2:172.21.15.132:3300/0,v1:172.21.15.132:6789/0] conn(0x7f0a241088d0 0x7f0a24108150 secure :-1 s=READY pgs=71 cs=0 l=1 rev1=1 crypto rx=0x7f0a180117e0 tx=0x7f0a18011c10 comp rx=0 tx=0).ready entity=mon.0 client_cookie=0 server_cookie=0 in_seq=0 out_seq=0
2024-03-18T23:00:22.159 INFO:teuthology.orchestra.run.smithi132.stdout:/usr/bin/ceph: stderr
2024-03-18T23:00:21.329+0000 7f0a0bfff700 1 -- 172.21.15.132:0/1791791423 <== mon.0 v2:172.21.15.132:3300/0 1 ==== mon_map magic: 0 ==== 205+0+0 (secure 0 0 0) 0x7f0a18003bf0 con 0x7f0a241088d0
2024-03-18T23:00:22.159 INFO:teuthology.orchestra.run.smithi132.stdout:/usr/bin/ceph: stderr
2024-03-18T23:00:21.329+0000 7f0a0bfff700 1 -- 172.21.15.132:0/1791791423 <== mon.0 v2:172.21.15.132:3300/0 2 ==== config(27 keys) ==== 1140+0+0 (secure 0 0 0) 0x7f0a1801a910 con 0x7f0a241088d0
2024-03-18T23:00:22.159 INFO:teuthology.orchestra.run.smithi132.stdout:/usr/bin/ceph: stderr
2024-03-18T23:00:21.329+0000 7f0a0bfff700 1 -- 172.21.15.132:0/1791791423 <== mon.0 v2:172.21.15.132:3300/0 3 ==== mon_map magic: 0 ==== 205+0+0 (secure 0 0 0) 0x7f0a18024970 con 0x7f0a241088d0
2024-03-18T23:00:22.159 INFO:teuthology.orchestra.run.smithi132.stdout:/usr/bin/ceph: stderr
2024-03-18T23:00:21.330+0000 7f0a2973d700 1 -- 172.21.15.132:0/1791791423 --> [v2:172.21.15.132:3300/0,v1:172.21.15.132:6789/0] -- mon_subscribe({mgrmap=0+}) -- 0x7f0a24106880 con 0x7f0a241088d0
2024-03-18T23:00:22.159 INFO:teuthology.orchestra.run.smithi132.stdout:/usr/bin/ceph: stderr
2024-03-18T23:00:21.330+0000 7f0a2973d700 1 -- 172.21.15.132:0/1791791423 --> [v2:172.21.15.132:3300/0,v1:172.21.15.132:6789/0] -- mon_subscribe({osdmap=0}) -- 0x7f0a24106d40 con 0x7f0a241088d0
2024-03-18T23:00:22.159 INFO:teuthology.orchestra.run.smithi132.stdout:/usr/bin/ceph: stderr
2024-03-18T23:00:21.330+0000 7f0a0bfff700 1 -- 172.21.15.132:0/1791791423 <== mon.0 v2:172.21.15.132:3300/0 4 ==== mgrmap(e 11) ==== 46013+0+0 (secure 0 0 0) 0x7f0a18022020 con 0x7f0a241088d0
2024-03-18T23:00:22.159 INFO:teuthology.orchestra.run.smithi132.stdout:/usr/bin/ceph: stderr
2024-03-18T23:00:21.331+0000 7f0a2973d700 1 -- 172.21.15.132:0/1791791423 --> [v2:172.21.15.132:3300/0,v1:172.21.15.132:6789/0] -- mon_command({"prefix": "get_command_descriptions"} v 0) -- 0x7f0a240693f0 con 0x7f0a241088d0
2024-03-18T23:00:22.159 INFO:teuthology.orchestra.run.smithi132.stdout:/usr/bin/ceph: stderr
2024-03-18T23:00:21.331+0000 7f0a0bfff700 1 --2- 172.21.15.132:0/1791791423 >> [v2:172.21.15.132:6800/3730787943,v1:172.21.15.132:6801/3730787943] conn(0x7f0a0c038e10 0x7f0a0c03b2d0 unknown :-1 s=NONE pgs=0 cs=0 l=1 rev1=0 crypto rx=0 tx=0 comp rx=0 tx=0).connect
2024-03-18T23:00:22.160 INFO:teuthology.orchestra.run.smithi132.stdout:/usr/bin/ceph: stderr
2024-03-18T23:00:21.331+0000 7f0a0bfff700 1 -- 172.21.15.132:0/1791791423 <== mon.0 v2:172.21.15.132:3300/0 5 ==== osd_map(3..3 src has 1..3) ==== 1155+0+0 (secure 0 0 0) 0x7f0a1804d130 con 0x7f0a241088d0
2024-03-18T23:00:22.160 INFO:teuthology.orchestra.run.smithi132.stdout:/usr/bin/ceph: stderr
2024-03-18T23:00:21.331+0000 7f0a227fc700 1 --2- 172.21.15.132:0/1791791423 >> [v2:172.21.15.132:6800/3730787943,v1:172.21.15.132:6801/3730787943] conn(0x7f0a0c038e10 0x7f0a0c03b2d0 unknown :-1 s=BANNER_CONNECTING pgs=0 cs=0 l=1 rev1=0 crypto rx=0 tx=0 comp rx=0 tx=0)._handle_peer_banner_payload supported=3 required=0
2024-03-18T23:00:22.160 INFO:teuthology.orchestra.run.smithi132.stdout:/usr/bin/ceph: stderr
2024-03-18T23:00:21.331+0000 7f0a227fc700 1 --2- 172.21.15.132:0/1791791423 >> [v2:172.21.15.132:6800/3730787943,v1:172.21.15.132:6801/3730787943] conn(0x7f0a0c038e10 0x7f0a0c03b2d0 secure :-1 s=READY pgs=7 cs=0 l=1 rev1=1 crypto rx=0x7f0a14006fd0 tx=0x7f0a14006e40 comp rx=0 tx=0).ready entity=mgr.14152 client_cookie=0 server_cookie=0 in_seq=0 out_seq=0
2024-03-18T23:00:22.160 INFO:teuthology.orchestra.run.smithi132.stdout:/usr/bin/ceph: stderr
2024-03-18T23:00:21.336+0000 7f0a0bfff700 1 -- 172.21.15.132:0/1791791423 <== mon.0 v2:172.21.15.132:3300/0 6 ==== mon_command_ack([{"prefix": "get_command_descriptions"}]=0 v0) ==== 72+0+186149 (secure 0 0 0) 0x7f0a18011e20 con 0x7f0a241088d0
2024-03-18T23:00:22.160 INFO:teuthology.orchestra.run.smithi132.stdout:/usr/bin/ceph: stderr
2024-03-18T23:00:21.532+0000 7f0a0bfff700 1 -- 172.21.15.132:0/1791791423 <== mon.0 v2:172.21.15.132:3300/0 7 ==== mgrmap(e 12) ==== 46119+0+0 (secure 0 0 0) 0x7f0a18024cd0 con 0x7f0a241088d0
2024-03-18T23:00:22.160 INFO:teuthology.orchestra.run.smithi132.stdout:/usr/bin/ceph: stderr
2024-03-18T23:00:21.547+0000 7f0a2973d700 1 -- 172.21.15.132:0/1791791423 --> [v2:172.21.15.132:6800/3730787943,v1:172.21.15.132:6801/3730787943] -- mgr_command(tid 0: {"prefix": "dashboard create-self-signed-cert", "target": ["mon-mgr", ""]}) -- 0x7f0a24107470 con 0x7f0a0c038e10
2024-03-18T23:00:22.160 INFO:teuthology.orchestra.run.smithi132.stdout:/usr/bin/ceph: stderr
2024-03-18T23:00:21.603+0000 7f0a0bfff700 1 -- 172.21.15.132:0/1791791423 <== mgr.14152 v2:172.21.15.132:6800/3730787943 1 ==== mgr_command_reply(tid 0: 0 ) ==== 8+0+32 (secure 0 0 0) 0x7f0a24107470 con 0x7f0a0c038e10
2024-03-18T23:00:22.160 INFO:teuthology.orchestra.run.smithi132.stdout:/usr/bin/ceph: stderr
2024-03-18T23:00:21.605+0000 7f0a2973d700 1 -- 172.21.15.132:0/1791791423 >> [v2:172.21.15.132:6800/3730787943,v1:172.21.15.132:6801/3730787943] conn(0x7f0a0c038e10 msgr2=0x7f0a0c03b2d0 secure :-1 s=STATE_CONNECTION_ESTABLISHED l=1).mark_down
2024-03-18T23:00:22.160 INFO:teuthology.orchestra.run.smithi132.stdout:/usr/bin/ceph: stderr
2024-03-18T23:00:21.605+0000 7f0a2973d700 1 --2- 172.21.15.132:0/1791791423 >> [v2:172.21.15.132:6800/3730787943,v1:172.21.15.132:6801/3730787943] conn(0x7f0a0c038e10 0x7f0a0c03b2d0 secure :-1 s=READY pgs=7 cs=0 l=1 rev1=1 crypto rx=0x7f0a14006fd0 tx=0x7f0a14006e40 comp rx=0 tx=0).stop
2024-03-18T23:00:22.160 INFO:teuthology.orchestra.run.smithi132.stdout:/usr/bin/ceph: stderr
2024-03-18T23:00:21.605+0000 7f0a2973d700 1 -- 172.21.15.132:0/1791791423 >> [v2:172.21.15.132:3300/0,v1:172.21.15.132:6789/0] conn(0x7f0a241088d0 msgr2=0x7f0a24108150 secure :-1 s=STATE_CONNECTION_ESTABLISHED l=1).mark_down
2024-03-18T23:00:22.160 INFO:teuthology.orchestra.run.smithi132.stdout:/usr/bin/ceph: stderr
2024-03-18T23:00:21.605+0000 7f0a2973d700 1 --2- 172.21.15.132:0/1791791423 >> [v2:172.21.15.132:3300/0,v1:172.21.15.132:6789/0] conn(0x7f0a241088d0 0x7f0a24108150 secure :-1 s=READY pgs=71 cs=0 l=1 rev1=1 crypto rx=0x7f0a180117e0 tx=0x7f0a18011c10 comp rx=0 tx=0).stop
2024-03-18T23:00:22.160 INFO:teuthology.orchestra.run.smithi132.stdout:/usr/bin/ceph: stderr
2024-03-18T23:00:21.605+0000 7f0a2973d700 1 -- 172.21.15.132:0/1791791423 shutdown_connections
2024-03-18T23:00:22.160 INFO:teuthology.orchestra.run.smithi132.stdout:/usr/bin/ceph: stderr
2024-03-18T23:00:21.605+0000 7f0a2973d700 1 --2- 172.21.15.132:0/1791791423 >> [v2:172.21.15.132:6800/3730787943,v1:172.21.15.132:6801/3730787943] conn(0x7f0a0c038e10 0x7f0a0c03b2d0 unknown :-1 s=CLOSED pgs=7 cs=0 l=1 rev1=1 crypto rx=0 tx=0 comp rx=0 tx=0).stop
2024-03-18T23:00:22.161 INFO:teuthology.orchestra.run.smithi132.stdout:/usr/bin/ceph: stderr
2024-03-18T23:00:21.605+0000 7f0a2973d700 1 --2- 172.21.15.132:0/1791791423 >> [v2:172.21.15.132:3300/0,v1:172.21.15.132:6789/0] conn(0x7f0a241088d0 0x7f0a24108150 unknown :-1 s=CLOSED pgs=71 cs=0 l=1 rev1=1 crypto rx=0 tx=0 comp rx=0 tx=0).stop
2024-03-18T23:00:22.161 INFO:teuthology.orchestra.run.smithi132.stdout:/usr/bin/ceph: stderr
2024-03-18T23:00:21.605+0000 7f0a2973d700 1 -- 172.21.15.132:0/1791791423 >> 172.21.15.132:0/1791791423 conn(0x7f0a241022e0 msgr2=0x7f0a24102d60 unknown :-1 s=STATE_NONE l=0).mark_down
2024-03-18T23:00:22.161 INFO:teuthology.orchestra.run.smithi132.stdout:/usr/bin/ceph: stderr
2024-03-18T23:00:21.605+0000 7f0a2973d700 1 -- 172.21.15.132:0/1791791423 shutdown_connections
2024-03-18T23:00:22.161 INFO:teuthology.orchestra.run.smithi132.stdout:/usr/bin/ceph: stderr
2024-03-18T23:00:21.605+0000 7f0a2973d700 1 -- 172.21.15.132:0/1791791423 wait complete.
2024-03-18T23:00:22.161 INFO:teuthology.orchestra.run.smithi132.stdout:Creating initial admin user...
2024-03-18T23:00:22.610 INFO:journalctl@ceph.mon.a.smithi132.stdout:Mar 18 23:00:22 smithi132 ceph-mon[32020]: mgrmap e12: x(active, since 2s)
2024-03-18T23:00:22.611 INFO:journalctl@ceph.mon.a.smithi132.stdout:Mar 18 23:00:22 smithi132 ceph-mon[32020]: from='client.14164 -' entity='client.admin' cmd=[{"prefix": "dashboard create-self-signed-cert", "target": ["mon-mgr", ""]}]: dispatch
2024-03-18T23:00:22.611 INFO:journalctl@ceph.mon.a.smithi132.stdout:Mar 18 23:00:22 smithi132 ceph-mon[32020]: from='mgr.14152 172.21.15.132:0/2542042627' entity='mgr.x'
2024-03-18T23:00:22.611 INFO:journalctl@ceph.mon.a.smithi132.stdout:Mar 18 23:00:22 smithi132 ceph-mon[32020]: from='mgr.14152 172.21.15.132:0/2542042627' entity='mgr.x'
2024-03-18T23:00:22.611 INFO:journalctl@ceph.mon.a.smithi132.stdout:Mar 18 23:00:22 smithi132 ceph-mon[32020]: from='mgr.14152 172.21.15.132:0/2542042627' entity='mgr.x'
2024-03-18T23:00:23.817 INFO:teuthology.orchestra.run.smithi132.stdout:/usr/bin/ceph: stdout {"username": "admin", "password": "$2b$12$m1747eXRLPahzZIblt0ZHOL/2f2F8tMIZRwkI5Qsz2VQLceahfDqO", "roles": ["administrator"], "name": null, "email": null, "lastUpdate": 1710802823, "enabled": true, "pwdExpirationDate": null, "pwdUpdateRequired": true}
2024-03-18T23:00:23.818 INFO:teuthology.orchestra.run.smithi132.stdout:/usr/bin/ceph: stderr
2024-03-18T23:00:22.615+0000 7f60bf1e5700 1 Processor -- start
2024-03-18T23:00:23.818 INFO:teuthology.orchestra.run.smithi132.stdout:/usr/bin/ceph: stderr
2024-03-18T23:00:22.615+0000 7f60bf1e5700 1 -- start start
2024-03-18T23:00:23.818 INFO:teuthology.orchestra.run.smithi132.stdout:/usr/bin/ceph: stderr
2024-03-18T23:00:22.615+0000 7f60bf1e5700 1 --2- >> [v2:172.21.15.132:3300/0,v1:172.21.15.132:6789/0] conn(0x7f60b81088f0 0x7f60b810ace0 unknown :-1 s=NONE pgs=0 cs=0 l=0 rev1=0 crypto rx=0 tx=0 comp rx=0 tx=0).connect
2024-03-18T23:00:23.818 INFO:teuthology.orchestra.run.smithi132.stdout:/usr/bin/ceph: stderr
2024-03-18T23:00:22.615+0000 7f60bf1e5700 1 -- --> [v2:172.21.15.132:3300/0,v1:172.21.15.132:6789/0] -- mon_getmap magic: 0 -- 0x7f60b807bda0 con 0x7f60b81088f0
2024-03-18T23:00:23.818 INFO:teuthology.orchestra.run.smithi132.stdout:/usr/bin/ceph: stderr
2024-03-18T23:00:22.615+0000 7f60bcf81700 1 --2- >> [v2:172.21.15.132:3300/0,v1:172.21.15.132:6789/0] conn(0x7f60b81088f0 0x7f60b810ace0 unknown :-1 s=BANNER_CONNECTING pgs=0 cs=0 l=0 rev1=0 crypto rx=0 tx=0 comp rx=0 tx=0)._handle_peer_banner_payload supported=3 required=0
2024-03-18T23:00:23.818 INFO:teuthology.orchestra.run.smithi132.stdout:/usr/bin/ceph: stderr
2024-03-18T23:00:22.615+0000 7f60bcf81700 1 --2- >> [v2:172.21.15.132:3300/0,v1:172.21.15.132:6789/0] conn(0x7f60b81088f0 0x7f60b810ace0 unknown :-1 s=HELLO_CONNECTING pgs=0 cs=0 l=0 rev1=1 crypto rx=0 tx=0 comp rx=0 tx=0).handle_hello peer v2:172.21.15.132:3300/0 says I am v2:172.21.15.132:39176/0 (socket says 172.21.15.132:39176)
2024-03-18T23:00:23.818 INFO:teuthology.orchestra.run.smithi132.stdout:/usr/bin/ceph: stderr
2024-03-18T23:00:22.615+0000 7f60bcf81700 1 -- 172.21.15.132:0/3144300614 learned_addr learned my addr 172.21.15.132:0/3144300614 (peer_addr_for_me v2:172.21.15.132:0/0)
2024-03-18T23:00:23.818 INFO:teuthology.orchestra.run.smithi132.stdout:/usr/bin/ceph: stderr
2024-03-18T23:00:22.615+0000 7f60bcf81700 1 -- 172.21.15.132:0/3144300614 --> [v2:172.21.15.132:3300/0,v1:172.21.15.132:6789/0] -- mon_subscribe({config=0+,monmap=0+}) -- 0x7f60b810b220 con 0x7f60b81088f0
2024-03-18T23:00:23.818 INFO:teuthology.orchestra.run.smithi132.stdout:/usr/bin/ceph: stderr
2024-03-18T23:00:22.616+0000 7f60bcf81700 1 --2- 172.21.15.132:0/3144300614 >> [v2:172.21.15.132:3300/0,v1:172.21.15.132:6789/0] conn(0x7f60b81088f0 0x7f60b810ace0 secure :-1 s=READY pgs=72 cs=0 l=1 rev1=1 crypto rx=0x7f60ac0098a0 tx=0x7f60ac009bb0 comp rx=0 tx=0).ready entity=mon.0 client_cookie=a8aff76ece7dcba9 server_cookie=0 in_seq=0 out_seq=0
2024-03-18T23:00:23.818 INFO:teuthology.orchestra.run.smithi132.stdout:/usr/bin/ceph: stderr
2024-03-18T23:00:22.616+0000 7f60b77fe700 1 -- 172.21.15.132:0/3144300614 <== mon.0 v2:172.21.15.132:3300/0 1 ==== mon_map magic: 0 ==== 205+0+0 (secure 0 0 0) 0x7f60ac004160 con 0x7f60b81088f0
2024-03-18T23:00:23.819 INFO:teuthology.orchestra.run.smithi132.stdout:/usr/bin/ceph: stderr
2024-03-18T23:00:22.616+0000 7f60b77fe700 1 -- 172.21.15.132:0/3144300614 <== mon.0 v2:172.21.15.132:3300/0 2 ==== config(27 keys) ==== 1140+0+0 (secure 0 0 0) 0x7f60ac004300 con 0x7f60b81088f0
2024-03-18T23:00:23.819 INFO:teuthology.orchestra.run.smithi132.stdout:/usr/bin/ceph: stderr
2024-03-18T23:00:22.616+0000 7f60b77fe700 1 -- 172.21.15.132:0/3144300614 <== mon.0 v2:172.21.15.132:3300/0 3 ==== mon_map magic: 0 ==== 205+0+0 (secure 0 0 0) 0x7f60ac011b20 con 0x7f60b81088f0
2024-03-18T23:00:23.819 INFO:teuthology.orchestra.run.smithi132.stdout:/usr/bin/ceph: stderr
2024-03-18T23:00:22.616+0000 7f60bf1e5700 1 -- 172.21.15.132:0/3144300614 >> [v2:172.21.15.132:3300/0,v1:172.21.15.132:6789/0] conn(0x7f60b81088f0 msgr2=0x7f60b810ace0 secure :-1 s=STATE_CONNECTION_ESTABLISHED l=1).mark_down
2024-03-18T23:00:23.819 INFO:teuthology.orchestra.run.smithi132.stdout:/usr/bin/ceph: stderr
2024-03-18T23:00:22.616+0000 7f60bf1e5700 1 --2- 172.21.15.132:0/3144300614 >> [v2:172.21.15.132:3300/0,v1:172.21.15.132:6789/0] conn(0x7f60b81088f0 0x7f60b810ace0 secure :-1 s=READY pgs=72 cs=0 l=1 rev1=1 crypto rx=0x7f60ac0098a0 tx=0x7f60ac009bb0 comp rx=0 tx=0).stop
2024-03-18T23:00:23.819 INFO:teuthology.orchestra.run.smithi132.stdout:/usr/bin/ceph: stderr
2024-03-18T23:00:22.616+0000 7f60bf1e5700 1 -- 172.21.15.132:0/3144300614 shutdown_connections
2024-03-18T23:00:23.819 INFO:teuthology.orchestra.run.smithi132.stdout:/usr/bin/ceph: stderr
2024-03-18T23:00:22.616+0000 7f60bf1e5700 1 --2- 172.21.15.132:0/3144300614 >> [v2:172.21.15.132:3300/0,v1:172.21.15.132:6789/0] conn(0x7f60b81088f0 0x7f60b810ace0 unknown :-1 s=CLOSED pgs=72 cs=0 l=1 rev1=1 crypto rx=0 tx=0 comp rx=0 tx=0).stop
2024-03-18T23:00:23.819 INFO:teuthology.orchestra.run.smithi132.stdout:/usr/bin/ceph: stderr
2024-03-18T23:00:22.616+0000 7f60bf1e5700 1 -- 172.21.15.132:0/3144300614 >> 172.21.15.132:0/3144300614 conn(0x7f60b8102280 msgr2=0x7f60b81046a0 unknown :-1 s=STATE_NONE l=0).mark_down
2024-03-18T23:00:23.819 INFO:teuthology.orchestra.run.smithi132.stdout:/usr/bin/ceph: stderr
2024-03-18T23:00:22.617+0000 7f60bf1e5700 1 -- 172.21.15.132:0/3144300614 shutdown_connections
2024-03-18T23:00:23.819 INFO:teuthology.orchestra.run.smithi132.stdout:/usr/bin/ceph: stderr
2024-03-18T23:00:22.617+0000 7f60bf1e5700 1 -- 172.21.15.132:0/3144300614 wait complete.
2024-03-18T23:00:23.819 INFO:teuthology.orchestra.run.smithi132.stdout:/usr/bin/ceph: stderr
2024-03-18T23:00:22.617+0000 7f60bf1e5700 1 Processor -- start
2024-03-18T23:00:23.819 INFO:teuthology.orchestra.run.smithi132.stdout:/usr/bin/ceph: stderr
2024-03-18T23:00:22.617+0000 7f60bf1e5700 1 -- start start
2024-03-18T23:00:23.819 INFO:teuthology.orchestra.run.smithi132.stdout:/usr/bin/ceph: stderr
2024-03-18T23:00:22.617+0000 7f60bf1e5700 1 --2- >> [v2:172.21.15.132:3300/0,v1:172.21.15.132:6789/0] conn(0x7f60b81088f0 0x7f60b819bcd0 unknown :-1 s=NONE pgs=0 cs=0 l=1 rev1=0 crypto rx=0 tx=0 comp rx=0 tx=0).connect
2024-03-18T23:00:23.819 INFO:teuthology.orchestra.run.smithi132.stdout:/usr/bin/ceph: stderr
2024-03-18T23:00:22.617+0000 7f60bf1e5700 1 -- --> [v2:172.21.15.132:3300/0,v1:172.21.15.132:6789/0] -- mon_getmap magic: 0 -- 0x7f60b810c1d0 con 0x7f60b81088f0
2024-03-18T23:00:23.819 INFO:teuthology.orchestra.run.smithi132.stdout:/usr/bin/ceph: stderr
2024-03-18T23:00:22.617+0000 7f60bcf81700 1 --2- >> [v2:172.21.15.132:3300/0,v1:172.21.15.132:6789/0] conn(0x7f60b81088f0 0x7f60b819bcd0 unknown :-1 s=BANNER_CONNECTING pgs=0 cs=0 l=1 rev1=0 crypto rx=0 tx=0 comp rx=0 tx=0)._handle_peer_banner_payload supported=3 required=0
2024-03-18T23:00:23.820 INFO:teuthology.orchestra.run.smithi132.stdout:/usr/bin/ceph: stderr
2024-03-18T23:00:22.617+0000 7f60bcf81700 1 --2- >> [v2:172.21.15.132:3300/0,v1:172.21.15.132:6789/0] conn(0x7f60b81088f0 0x7f60b819bcd0 unknown :-1 s=HELLO_CONNECTING pgs=0 cs=0 l=1 rev1=1 crypto rx=0 tx=0 comp rx=0 tx=0).handle_hello peer v2:172.21.15.132:3300/0 says I am v2:172.21.15.132:39186/0 (socket says 172.21.15.132:39186)
2024-03-18T23:00:23.820 INFO:teuthology.orchestra.run.smithi132.stdout:/usr/bin/ceph: stderr
2024-03-18T23:00:22.617+0000 7f60bcf81700 1 -- 172.21.15.132:0/2593842982 learned_addr learned my addr 172.21.15.132:0/2593842982 (peer_addr_for_me v2:172.21.15.132:0/0)
2024-03-18T23:00:23.820 INFO:teuthology.orchestra.run.smithi132.stdout:/usr/bin/ceph: stderr
2024-03-18T23:00:22.618+0000 7f60bcf81700 1 -- 172.21.15.132:0/2593842982 --> [v2:172.21.15.132:3300/0,v1:172.21.15.132:6789/0] -- mon_subscribe({config=0+,monmap=0+}) -- 0x7f60b819c210 con 0x7f60b81088f0
2024-03-18T23:00:23.820 INFO:teuthology.orchestra.run.smithi132.stdout:/usr/bin/ceph: stderr
2024-03-18T23:00:22.618+0000 7f60bcf81700 1 --2- 172.21.15.132:0/2593842982 >> [v2:172.21.15.132:3300/0,v1:172.21.15.132:6789/0] conn(0x7f60b81088f0 0x7f60b819bcd0 secure :-1 s=READY pgs=73 cs=0 l=1 rev1=1 crypto rx=0x7f60ac0117e0 tx=0x7f60ac011c10 comp rx=0 tx=0).ready entity=mon.0 client_cookie=0 server_cookie=0 in_seq=0 out_seq=0
2024-03-18T23:00:23.820 INFO:teuthology.orchestra.run.smithi132.stdout:/usr/bin/ceph: stderr
2024-03-18T23:00:22.618+0000 7f60b5ffb700 1 -- 172.21.15.132:0/2593842982 <== mon.0 v2:172.21.15.132:3300/0 1 ==== mon_map magic: 0 ==== 205+0+0 (secure 0 0 0) 0x7f60ac003bf0 con 0x7f60b81088f0
2024-03-18T23:00:23.820 INFO:teuthology.orchestra.run.smithi132.stdout:/usr/bin/ceph: stderr
2024-03-18T23:00:22.618+0000 7f60b5ffb700 1 -- 172.21.15.132:0/2593842982 <== mon.0 v2:172.21.15.132:3300/0 2 ==== config(27 keys) ==== 1140+0+0 (secure 0 0 0) 0x7f60ac01a910 con 0x7f60b81088f0
2024-03-18T23:00:23.820 INFO:teuthology.orchestra.run.smithi132.stdout:/usr/bin/ceph: stderr
2024-03-18T23:00:22.618+0000 7f60bf1e5700 1 -- 172.21.15.132:0/2593842982 --> [v2:172.21.15.132:3300/0,v1:172.21.15.132:6789/0] -- mon_subscribe({mgrmap=0+}) -- 0x7f60b819c4a0 con 0x7f60b81088f0
2024-03-18T23:00:23.820 INFO:teuthology.orchestra.run.smithi132.stdout:/usr/bin/ceph: stderr
2024-03-18T23:00:22.618+0000 7f60b5ffb700 1 -- 172.21.15.132:0/2593842982 <== mon.0 v2:172.21.15.132:3300/0 3 ==== mon_map magic: 0 ==== 205+0+0 (secure 0 0 0) 0x7f60ac024970 con 0x7f60b81088f0
2024-03-18T23:00:23.820 INFO:teuthology.orchestra.run.smithi132.stdout:/usr/bin/ceph: stderr
2024-03-18T23:00:22.618+0000 7f60bf1e5700 1 -- 172.21.15.132:0/2593842982 --> [v2:172.21.15.132:3300/0,v1:172.21.15.132:6789/0] -- mon_subscribe({osdmap=0}) -- 0x7f60b819c900 con 0x7f60b81088f0
2024-03-18T23:00:23.820 INFO:teuthology.orchestra.run.smithi132.stdout:/usr/bin/ceph: stderr
2024-03-18T23:00:22.619+0000 7f60b5ffb700 1 -- 172.21.15.132:0/2593842982 <== mon.0 v2:172.21.15.132:3300/0 4 ==== mgrmap(e 12) ==== 46119+0+0 (secure 0 0 0) 0x7f60ac022020 con 0x7f60b81088f0
2024-03-18T23:00:23.821 INFO:teuthology.orchestra.run.smithi132.stdout:/usr/bin/ceph: stderr
2024-03-18T23:00:22.619+0000 7f60b5ffb700 1 --2- 172.21.15.132:0/2593842982 >> [v2:172.21.15.132:6800/3730787943,v1:172.21.15.132:6801/3730787943] conn(0x7f60a8038f80 0x7f60a803b440 unknown :-1 s=NONE pgs=0 cs=0 l=1 rev1=0 crypto rx=0 tx=0 comp rx=0 tx=0).connect
2024-03-18T23:00:23.821 INFO:teuthology.orchestra.run.smithi132.stdout:/usr/bin/ceph: stderr
2024-03-18T23:00:22.619+0000 7f60b5ffb700 1 -- 172.21.15.132:0/2593842982 <== mon.0 v2:172.21.15.132:3300/0 5 ==== osd_map(3..3 src has 1..3) ==== 1155+0+0 (secure 0 0 0) 0x7f60ac04d260 con 0x7f60b81088f0
2024-03-18T23:00:23.821 INFO:teuthology.orchestra.run.smithi132.stdout:/usr/bin/ceph: stderr
2024-03-18T23:00:22.619+0000 7f60b7fff700 1 --2- 172.21.15.132:0/2593842982 >> [v2:172.21.15.132:6800/3730787943,v1:172.21.15.132:6801/3730787943] conn(0x7f60a8038f80 0x7f60a803b440 unknown :-1 s=BANNER_CONNECTING pgs=0 cs=0 l=1 rev1=0 crypto rx=0 tx=0 comp rx=0 tx=0)._handle_peer_banner_payload supported=3 required=0
2024-03-18T23:00:23.821 INFO:teuthology.orchestra.run.smithi132.stdout:/usr/bin/ceph: stderr
2024-03-18T23:00:22.619+0000 7f60bf1e5700 1 -- 172.21.15.132:0/2593842982 --> [v2:172.21.15.132:3300/0,v1:172.21.15.132:6789/0] -- mon_command({"prefix": "get_command_descriptions"} v 0) -- 0x7f60b80693f0 con 0x7f60b81088f0
2024-03-18T23:00:23.821 INFO:teuthology.orchestra.run.smithi132.stdout:/usr/bin/ceph: stderr
2024-03-18T23:00:22.620+0000 7f60b7fff700 1 --2- 172.21.15.132:0/2593842982 >> [v2:172.21.15.132:6800/3730787943,v1:172.21.15.132:6801/3730787943] conn(0x7f60a8038f80 0x7f60a803b440 secure :-1 s=READY pgs=8 cs=0 l=1 rev1=1 crypto rx=0x7f60a4006fd0 tx=0x7f60a4006e40 comp rx=0 tx=0).ready entity=mgr.14152 client_cookie=0 server_cookie=0 in_seq=0 out_seq=0
2024-03-18T23:00:23.821 INFO:teuthology.orchestra.run.smithi132.stdout:/usr/bin/ceph: stderr
2024-03-18T23:00:22.624+0000 7f60b5ffb700 1 -- 172.21.15.132:0/2593842982 <== mon.0 v2:172.21.15.132:3300/0 6 ==== mon_command_ack([{"prefix": "get_command_descriptions"}]=0 v0) ==== 72+0+186149 (secure 0 0 0) 0x7f60ac011e20 con 0x7f60b81088f0
2024-03-18T23:00:23.821 INFO:teuthology.orchestra.run.smithi132.stdout:/usr/bin/ceph: stderr
2024-03-18T23:00:22.850+0000 7f60bf1e5700 1 -- 172.21.15.132:0/2593842982 --> [v2:172.21.15.132:6800/3730787943,v1:172.21.15.132:6801/3730787943] -- mgr_command(tid 0: {"prefix": "dashboard ac-user-create", "username": "admin", "rolename": "administrator", "force_password": true, "pwd_update_required": true, "target": ["mon-mgr", ""]}) -- 0x7f60b819f240 con 0x7f60a8038f80
2024-03-18T23:00:23.821 INFO:teuthology.orchestra.run.smithi132.stdout:/usr/bin/ceph: stderr
2024-03-18T23:00:23.075+0000 7f60b5ffb700 1 -- 172.21.15.132:0/2593842982 <== mgr.14152 v2:172.21.15.132:6800/3730787943 1 ==== mgr_command_reply(tid 0: 0 ) ==== 8+0+252 (secure 0 0 0) 0x7f60b819f240 con 0x7f60a8038f80
2024-03-18T23:00:23.821 INFO:teuthology.orchestra.run.smithi132.stdout:/usr/bin/ceph: stderr
2024-03-18T23:00:23.078+0000 7f60bf1e5700 1 -- 172.21.15.132:0/2593842982 >> [v2:172.21.15.132:6800/3730787943,v1:172.21.15.132:6801/3730787943] conn(0x7f60a8038f80 msgr2=0x7f60a803b440 secure :-1 s=STATE_CONNECTION_ESTABLISHED l=1).mark_down
2024-03-18T23:00:23.821 INFO:teuthology.orchestra.run.smithi132.stdout:/usr/bin/ceph: stderr
2024-03-18T23:00:23.078+0000 7f60bf1e5700 1 --2- 172.21.15.132:0/2593842982 >> [v2:172.21.15.132:6800/3730787943,v1:172.21.15.132:6801/3730787943] conn(0x7f60a8038f80 0x7f60a803b440 secure :-1 s=READY pgs=8 cs=0 l=1 rev1=1 crypto rx=0x7f60a4006fd0 tx=0x7f60a4006e40 comp rx=0 tx=0).stop
2024-03-18T23:00:23.822 INFO:teuthology.orchestra.run.smithi132.stdout:/usr/bin/ceph: stderr
2024-03-18T23:00:23.078+0000 7f60bf1e5700 1 -- 172.21.15.132:0/2593842982 >> [v2:172.21.15.132:3300/0,v1:172.21.15.132:6789/0] conn(0x7f60b81088f0 msgr2=0x7f60b819bcd0 secure :-1 s=STATE_CONNECTION_ESTABLISHED l=1).mark_down
2024-03-18T23:00:23.822 INFO:teuthology.orchestra.run.smithi132.stdout:/usr/bin/ceph: stderr
2024-03-18T23:00:23.078+0000 7f60bf1e5700 1 --2- 172.21.15.132:0/2593842982 >> [v2:172.21.15.132:3300/0,v1:172.21.15.132:6789/0] conn(0x7f60b81088f0 0x7f60b819bcd0 secure :-1 s=READY pgs=73 cs=0 l=1 rev1=1 crypto rx=0x7f60ac0117e0 tx=0x7f60ac011c10 comp rx=0 tx=0).stop
2024-03-18T23:00:23.822 INFO:teuthology.orchestra.run.smithi132.stdout:/usr/bin/ceph: stderr
2024-03-18T23:00:23.078+0000 7f60bf1e5700 1 -- 172.21.15.132:0/2593842982 shutdown_connections
2024-03-18T23:00:23.822 INFO:teuthology.orchestra.run.smithi132.stdout:/usr/bin/ceph: stderr
2024-03-18T23:00:23.078+0000 7f60bf1e5700 1 --2- 172.21.15.132:0/2593842982 >> [v2:172.21.15.132:6800/3730787943,v1:172.21.15.132:6801/3730787943] conn(0x7f60a8038f80 0x7f60a803b440 unknown :-1 s=CLOSED pgs=8 cs=0 l=1 rev1=1 crypto rx=0 tx=0 comp rx=0 tx=0).stop
2024-03-18T23:00:23.822 INFO:teuthology.orchestra.run.smithi132.stdout:/usr/bin/ceph: stderr
2024-03-18T23:00:23.078+0000 7f60bf1e5700 1 --2- 172.21.15.132:0/2593842982 >> [v2:172.21.15.132:3300/0,v1:172.21.15.132:6789/0] conn(0x7f60b81088f0 0x7f60b819bcd0 unknown :-1 s=CLOSED pgs=73 cs=0 l=1 rev1=1 crypto rx=0 tx=0 comp rx=0 tx=0).stop
2024-03-18T23:00:23.822 INFO:teuthology.orchestra.run.smithi132.stdout:/usr/bin/ceph: stderr
2024-03-18T23:00:23.078+0000 7f60bf1e5700 1 -- 172.21.15.132:0/2593842982 >> 172.21.15.132:0/2593842982 conn(0x7f60b8102280 msgr2=0x7f60b8102d20 unknown :-1 s=STATE_NONE l=0).mark_down
2024-03-18T23:00:23.822 INFO:teuthology.orchestra.run.smithi132.stdout:/usr/bin/ceph: stderr
2024-03-18T23:00:23.078+0000 7f60bf1e5700 1 -- 172.21.15.132:0/2593842982 shutdown_connections
2024-03-18T23:00:23.822 INFO:teuthology.orchestra.run.smithi132.stdout:/usr/bin/ceph: stderr
2024-03-18T23:00:23.078+0000 7f60bf1e5700 1 -- 172.21.15.132:0/2593842982 wait complete.
2024-03-18T23:00:23.822 INFO:teuthology.orchestra.run.smithi132.stdout:Fetching dashboard port number...
2024-03-18T23:00:24.357 INFO:journalctl@ceph.mon.a.smithi132.stdout:Mar 18 23:00:24 smithi132 ceph-mon[32020]: from='client.14166 -' entity='client.admin' cmd=[{"prefix": "dashboard ac-user-create", "username": "admin", "rolename": "administrator", "force_password": true, "pwd_update_required": true, "target": ["mon-mgr", ""]}]: dispatch
2024-03-18T23:00:24.357 INFO:journalctl@ceph.mon.a.smithi132.stdout:Mar 18 23:00:24 smithi132 ceph-mon[32020]: from='mgr.14152 172.21.15.132:0/2542042627' entity='mgr.x'
2024-03-18T23:00:25.186 INFO:teuthology.orchestra.run.smithi132.stdout:/usr/bin/ceph: stdout 8443
2024-03-18T23:00:25.186 INFO:teuthology.orchestra.run.smithi132.stdout:/usr/bin/ceph: stderr
2024-03-18T23:00:24.229+0000 7f0726a5c700 1 Processor -- start
2024-03-18T23:00:25.186 INFO:teuthology.orchestra.run.smithi132.stdout:/usr/bin/ceph: stderr
2024-03-18T23:00:24.229+0000 7f0726a5c700 1 -- start start
2024-03-18T23:00:25.187 INFO:teuthology.orchestra.run.smithi132.stdout:/usr/bin/ceph: stderr
2024-03-18T23:00:24.230+0000 7f0726a5c700 1 --2- >> [v2:172.21.15.132:3300/0,v1:172.21.15.132:6789/0] conn(0x7f0720107d90 0x7f07201081b0 unknown :-1 s=NONE pgs=0 cs=0 l=0 rev1=0 crypto rx=0 tx=0 comp rx=0 tx=0).connect
2024-03-18T23:00:25.187 INFO:teuthology.orchestra.run.smithi132.stdout:/usr/bin/ceph: stderr
2024-03-18T23:00:24.230+0000 7f0726a5c700 1 -- --> [v2:172.21.15.132:3300/0,v1:172.21.15.132:6789/0] -- mon_getmap magic: 0 -- 0x7f0720108780 con 0x7f0720107d90
2024-03-18T23:00:25.187 INFO:teuthology.orchestra.run.smithi132.stdout:/usr/bin/ceph: stderr
2024-03-18T23:00:24.230+0000 7f071ffff700 1 --2- >> [v2:172.21.15.132:3300/0,v1:172.21.15.132:6789/0] conn(0x7f0720107d90 0x7f07201081b0 unknown :-1 s=BANNER_CONNECTING pgs=0 cs=0 l=0 rev1=0 crypto rx=0 tx=0 comp rx=0 tx=0)._handle_peer_banner_payload supported=3 required=0
2024-03-18T23:00:25.187 INFO:teuthology.orchestra.run.smithi132.stdout:/usr/bin/ceph: stderr
2024-03-18T23:00:24.230+0000 7f071ffff700 1 --2- >> [v2:172.21.15.132:3300/0,v1:172.21.15.132:6789/0] conn(0x7f0720107d90 0x7f07201081b0 unknown :-1 s=HELLO_CONNECTING pgs=0 cs=0 l=0 rev1=1 crypto rx=0 tx=0 comp rx=0 tx=0).handle_hello peer v2:172.21.15.132:3300/0 says I am v2:172.21.15.132:39198/0 (socket says 172.21.15.132:39198)
2024-03-18T23:00:25.187 INFO:teuthology.orchestra.run.smithi132.stdout:/usr/bin/ceph: stderr
2024-03-18T23:00:24.230+0000 7f071ffff700 1 -- 172.21.15.132:0/2519016284 learned_addr learned my addr 172.21.15.132:0/2519016284 (peer_addr_for_me v2:172.21.15.132:0/0)
2024-03-18T23:00:25.187 INFO:teuthology.orchestra.run.smithi132.stdout:/usr/bin/ceph: stderr
2024-03-18T23:00:24.230+0000 7f071ffff700 1 -- 172.21.15.132:0/2519016284 --> [v2:172.21.15.132:3300/0,v1:172.21.15.132:6789/0] -- mon_subscribe({config=0+,monmap=0+}) -- 0x7f0720108f90 con 0x7f0720107d90
2024-03-18T23:00:25.187 INFO:teuthology.orchestra.run.smithi132.stdout:/usr/bin/ceph: stderr
2024-03-18T23:00:24.230+0000 7f071ffff700 1 --2- 172.21.15.132:0/2519016284 >> [v2:172.21.15.132:3300/0,v1:172.21.15.132:6789/0] conn(0x7f0720107d90 0x7f07201081b0 secure :-1 s=READY pgs=74 cs=0 l=1 rev1=1 crypto rx=0x7f07100098a0 tx=0x7f0710009bb0 comp rx=0 tx=0).ready entity=mon.0 client_cookie=964cb3a5b21c45b3 server_cookie=0 in_seq=0 out_seq=0
2024-03-18T23:00:25.187 INFO:teuthology.orchestra.run.smithi132.stdout:/usr/bin/ceph: stderr
2024-03-18T23:00:24.230+0000 7f071effd700 1 -- 172.21.15.132:0/2519016284 <== mon.0 v2:172.21.15.132:3300/0 1 ==== mon_map magic: 0 ==== 205+0+0 (secure 0 0 0) 0x7f0710004160 con 0x7f0720107d90
2024-03-18T23:00:25.187 INFO:teuthology.orchestra.run.smithi132.stdout:/usr/bin/ceph: stderr
2024-03-18T23:00:24.230+0000 7f071effd700 1 -- 172.21.15.132:0/2519016284 <== mon.0 v2:172.21.15.132:3300/0 2 ==== config(27 keys) ==== 1140+0+0 (secure 0 0 0) 0x7f0710004300 con 0x7f0720107d90
2024-03-18T23:00:25.187 INFO:teuthology.orchestra.run.smithi132.stdout:/usr/bin/ceph: stderr
2024-03-18T23:00:24.230+0000 7f071effd700 1 -- 172.21.15.132:0/2519016284 <== mon.0 v2:172.21.15.132:3300/0 3 ==== mon_map magic: 0 ==== 205+0+0 (secure 0 0 0) 0x7f0710011b20 con 0x7f0720107d90
2024-03-18T23:00:25.187 INFO:teuthology.orchestra.run.smithi132.stdout:/usr/bin/ceph: stderr
2024-03-18T23:00:24.231+0000 7f0726a5c700 1 -- 172.21.15.132:0/2519016284 >> [v2:172.21.15.132:3300/0,v1:172.21.15.132:6789/0] conn(0x7f0720107d90 msgr2=0x7f07201081b0 secure :-1 s=STATE_CONNECTION_ESTABLISHED l=1).mark_down
2024-03-18T23:00:25.187 INFO:teuthology.orchestra.run.smithi132.stdout:/usr/bin/ceph: stderr
2024-03-18T23:00:24.231+0000 7f0726a5c700 1 --2- 172.21.15.132:0/2519016284 >> [v2:172.21.15.132:3300/0,v1:172.21.15.132:6789/0] conn(0x7f0720107d90 0x7f07201081b0 secure :-1 s=READY pgs=74 cs=0 l=1 rev1=1 crypto rx=0x7f07100098a0 tx=0x7f0710009bb0 comp rx=0 tx=0).stop
2024-03-18T23:00:25.187 INFO:teuthology.orchestra.run.smithi132.stdout:/usr/bin/ceph: stderr
2024-03-18T23:00:24.231+0000 7f0726a5c700 1 -- 172.21.15.132:0/2519016284 shutdown_connections
2024-03-18T23:00:25.188 INFO:teuthology.orchestra.run.smithi132.stdout:/usr/bin/ceph: stderr
2024-03-18T23:00:24.231+0000 7f0726a5c700 1 --2- 172.21.15.132:0/2519016284 >> [v2:172.21.15.132:3300/0,v1:172.21.15.132:6789/0] conn(0x7f0720107d90 0x7f07201081b0 unknown :-1 s=CLOSED pgs=74 cs=0 l=1 rev1=1 crypto rx=0 tx=0 comp rx=0 tx=0).stop
2024-03-18T23:00:25.188 INFO:teuthology.orchestra.run.smithi132.stdout:/usr/bin/ceph: stderr
2024-03-18T23:00:24.231+0000 7f0726a5c700 1 -- 172.21.15.132:0/2519016284 >> 172.21.15.132:0/2519016284 conn(0x7f0720103330 msgr2=0x7f0720105770 unknown :-1 s=STATE_NONE l=0).mark_down
2024-03-18T23:00:25.188 INFO:teuthology.orchestra.run.smithi132.stdout:/usr/bin/ceph: stderr
2024-03-18T23:00:24.231+0000 7f0726a5c700 1 -- 172.21.15.132:0/2519016284 shutdown_connections
2024-03-18T23:00:25.188 INFO:teuthology.orchestra.run.smithi132.stdout:/usr/bin/ceph: stderr
2024-03-18T23:00:24.231+0000 7f0726a5c700 1 -- 172.21.15.132:0/2519016284 wait complete.
2024-03-18T23:00:25.188 INFO:teuthology.orchestra.run.smithi132.stdout:/usr/bin/ceph: stderr
2024-03-18T23:00:24.232+0000 7f0726a5c700 1 Processor -- start
2024-03-18T23:00:25.188 INFO:teuthology.orchestra.run.smithi132.stdout:/usr/bin/ceph: stderr
2024-03-18T23:00:24.232+0000 7f0726a5c700 1 -- start start
2024-03-18T23:00:25.188 INFO:teuthology.orchestra.run.smithi132.stdout:/usr/bin/ceph: stderr
2024-03-18T23:00:24.232+0000 7f0726a5c700 1 --2- >> [v2:172.21.15.132:3300/0,v1:172.21.15.132:6789/0] conn(0x7f0720107d90 0x7f072019bd20 unknown :-1 s=NONE pgs=0 cs=0 l=1 rev1=0 crypto rx=0 tx=0 comp rx=0 tx=0).connect
2024-03-18T23:00:25.188 INFO:teuthology.orchestra.run.smithi132.stdout:/usr/bin/ceph: stderr
2024-03-18T23:00:24.232+0000 7f0726a5c700 1 -- --> [v2:172.21.15.132:3300/0,v1:172.21.15.132:6789/0] -- mon_getmap magic: 0 -- 0x7f072010c340 con 0x7f0720107d90
2024-03-18T23:00:25.188 INFO:teuthology.orchestra.run.smithi132.stdout:/usr/bin/ceph: stderr
2024-03-18T23:00:24.232+0000 7f071ffff700 1 --2- >> [v2:172.21.15.132:3300/0,v1:172.21.15.132:6789/0] conn(0x7f0720107d90 0x7f072019bd20 unknown :-1 s=BANNER_CONNECTING pgs=0 cs=0 l=1 rev1=0 crypto rx=0 tx=0 comp rx=0 tx=0)._handle_peer_banner_payload supported=3 required=0
2024-03-18T23:00:25.188 INFO:teuthology.orchestra.run.smithi132.stdout:/usr/bin/ceph: stderr
2024-03-18T23:00:24.232+0000 7f071ffff700 1 --2- >> [v2:172.21.15.132:3300/0,v1:172.21.15.132:6789/0] conn(0x7f0720107d90 0x7f072019bd20 unknown :-1 s=HELLO_CONNECTING pgs=0 cs=0 l=1 rev1=1 crypto rx=0 tx=0 comp rx=0 tx=0).handle_hello peer v2:172.21.15.132:3300/0 says I am v2:172.21.15.132:39208/0 (socket says 172.21.15.132:39208)
2024-03-18T23:00:25.188 INFO:teuthology.orchestra.run.smithi132.stdout:/usr/bin/ceph: stderr
2024-03-18T23:00:24.232+0000 7f071ffff700 1 -- 172.21.15.132:0/1234151941 learned_addr learned my addr 172.21.15.132:0/1234151941 (peer_addr_for_me v2:172.21.15.132:0/0)
2024-03-18T23:00:25.188 INFO:teuthology.orchestra.run.smithi132.stdout:/usr/bin/ceph: stderr
2024-03-18T23:00:24.233+0000 7f071ffff700 1 -- 172.21.15.132:0/1234151941 --> [v2:172.21.15.132:3300/0,v1:172.21.15.132:6789/0] -- mon_subscribe({config=0+,monmap=0+}) -- 0x7f072019c260 con 0x7f0720107d90
2024-03-18T23:00:25.188 INFO:teuthology.orchestra.run.smithi132.stdout:/usr/bin/ceph: stderr
2024-03-18T23:00:24.233+0000 7f071ffff700 1 --2- 172.21.15.132:0/1234151941 >> [v2:172.21.15.132:3300/0,v1:172.21.15.132:6789/0] conn(0x7f0720107d90 0x7f072019bd20 secure :-1 s=READY pgs=75 cs=0 l=1 rev1=1 crypto rx=0x7f07100117e0 tx=0x7f0710011ba0 comp rx=0 tx=0).ready entity=mon.0 client_cookie=0 server_cookie=0 in_seq=0 out_seq=0
2024-03-18T23:00:25.189 INFO:teuthology.orchestra.run.smithi132.stdout:/usr/bin/ceph: stderr
2024-03-18T23:00:24.233+0000 7f071d7fa700 1 -- 172.21.15.132:0/1234151941 <== mon.0 v2:172.21.15.132:3300/0 1 ==== mon_map magic: 0 ==== 205+0+0 (secure 0 0 0) 0x7f0710003bf0 con 0x7f0720107d90
2024-03-18T23:00:25.189 INFO:teuthology.orchestra.run.smithi132.stdout:/usr/bin/ceph: stderr
2024-03-18T23:00:24.233+0000 7f0726a5c700 1 -- 172.21.15.132:0/1234151941 --> [v2:172.21.15.132:3300/0,v1:172.21.15.132:6789/0] -- mon_subscribe({mgrmap=0+}) -- 0x7f072019c4f0 con 0x7f0720107d90
2024-03-18T23:00:25.189 INFO:teuthology.orchestra.run.smithi132.stdout:/usr/bin/ceph: stderr
2024-03-18T23:00:24.233+0000 7f0726a5c700 1 -- 172.21.15.132:0/1234151941 --> [v2:172.21.15.132:3300/0,v1:172.21.15.132:6789/0] -- mon_subscribe({osdmap=0}) -- 0x7f072019c950 con 0x7f0720107d90
2024-03-18T23:00:25.189 INFO:teuthology.orchestra.run.smithi132.stdout:/usr/bin/ceph: stderr
2024-03-18T23:00:24.233+0000 7f071d7fa700 1 -- 172.21.15.132:0/1234151941 <== mon.0 v2:172.21.15.132:3300/0 2 ==== config(27 keys) ==== 1140+0+0 (secure 0 0 0) 0x7f071001a910 con 0x7f0720107d90
2024-03-18T23:00:25.189 INFO:teuthology.orchestra.run.smithi132.stdout:/usr/bin/ceph: stderr
2024-03-18T23:00:24.233+0000 7f071d7fa700 1 -- 172.21.15.132:0/1234151941 <== mon.0 v2:172.21.15.132:3300/0 3 ==== mon_map magic: 0 ==== 205+0+0 (secure 0 0 0) 0x7f0710024970 con 0x7f0720107d90
2024-03-18T23:00:25.189 INFO:teuthology.orchestra.run.smithi132.stdout:/usr/bin/ceph: stderr
2024-03-18T23:00:24.234+0000 7f071d7fa700 1 -- 172.21.15.132:0/1234151941 <== mon.0 v2:172.21.15.132:3300/0 4 ==== mgrmap(e 12) ==== 46119+0+0 (secure 0 0 0) 0x7f0710022020 con 0x7f0720107d90
2024-03-18T23:00:25.189 INFO:teuthology.orchestra.run.smithi132.stdout:/usr/bin/ceph: stderr
2024-03-18T23:00:24.234+0000 7f0726a5c700 1 -- 172.21.15.132:0/1234151941 --> [v2:172.21.15.132:3300/0,v1:172.21.15.132:6789/0] -- mon_command({"prefix": "get_command_descriptions"} v 0) -- 0x7f070c005360 con 0x7f0720107d90
2024-03-18T23:00:25.189 INFO:teuthology.orchestra.run.smithi132.stdout:/usr/bin/ceph: stderr
2024-03-18T23:00:24.234+0000 7f071d7fa700 1 --2- 172.21.15.132:0/1234151941 >> [v2:172.21.15.132:6800/3730787943,v1:172.21.15.132:6801/3730787943] conn(0x7f0708038fd0 0x7f070803b490 unknown :-1 s=NONE pgs=0 cs=0 l=1 rev1=0 crypto rx=0 tx=0 comp rx=0 tx=0).connect
2024-03-18T23:00:25.189 INFO:teuthology.orchestra.run.smithi132.stdout:/usr/bin/ceph: stderr
2024-03-18T23:00:24.234+0000 7f071d7fa700 1 -- 172.21.15.132:0/1234151941 <== mon.0 v2:172.21.15.132:3300/0 5 ==== osd_map(3..3 src has 1..3) ==== 1155+0+0 (secure 0 0 0) 0x7f071004e710 con 0x7f0720107d90
2024-03-18T23:00:25.189 INFO:teuthology.orchestra.run.smithi132.stdout:/usr/bin/ceph: stderr
2024-03-18T23:00:24.234+0000 7f071f7fe700 1 --2- 172.21.15.132:0/1234151941 >> [v2:172.21.15.132:6800/3730787943,v1:172.21.15.132:6801/3730787943] conn(0x7f0708038fd0 0x7f070803b490 unknown :-1 s=BANNER_CONNECTING pgs=0 cs=0 l=1 rev1=0 crypto rx=0 tx=0 comp rx=0 tx=0)._handle_peer_banner_payload supported=3 required=0
2024-03-18T23:00:25.189 INFO:teuthology.orchestra.run.smithi132.stdout:/usr/bin/ceph: stderr
2024-03-18T23:00:24.235+0000 7f071f7fe700 1 --2- 172.21.15.132:0/1234151941 >> [v2:172.21.15.132:6800/3730787943,v1:172.21.15.132:6801/3730787943] conn(0x7f0708038fd0 0x7f070803b490 secure :-1 s=READY pgs=9 cs=0 l=1 rev1=1 crypto rx=0x7f0714006fd0 tx=0x7f0714006e40 comp rx=0 tx=0).ready entity=mgr.14152 client_cookie=0 server_cookie=0 in_seq=0 out_seq=0
2024-03-18T23:00:25.189 INFO:teuthology.orchestra.run.smithi132.stdout:/usr/bin/ceph: stderr
2024-03-18T23:00:24.239+0000 7f071d7fa700 1 -- 172.21.15.132:0/1234151941 <== mon.0 v2:172.21.15.132:3300/0 6 ==== mon_command_ack([{"prefix": "get_command_descriptions"}]=0 v0) ==== 72+0+186149 (secure 0 0 0) 0x7f07100172b0 con 0x7f0720107d90
2024-03-18T23:00:25.189 INFO:teuthology.orchestra.run.smithi132.stdout:/usr/bin/ceph: stderr
2024-03-18T23:00:24.442+0000 7f0726a5c700 1 -- 172.21.15.132:0/1234151941 --> [v2:172.21.15.132:3300/0,v1:172.21.15.132:6789/0] -- mon_command({"prefix": "config get", "who": "mgr", "key": "mgr/dashboard/ssl_server_port"} v 0) -- 0x7f070c005650 con 0x7f0720107d90
2024-03-18T23:00:25.189 INFO:teuthology.orchestra.run.smithi132.stdout:/usr/bin/ceph: stderr
2024-03-18T23:00:24.443+0000 7f071d7fa700 1 -- 172.21.15.132:0/1234151941 <== mon.0 v2:172.21.15.132:3300/0 7 ==== mon_command_ack([{"prefix": "config get", "who": "mgr", "key": "mgr/dashboard/ssl_server_port"}]=0 v8) ==== 112+0+5 (secure 0 0 0) 0x7f0710018350 con 0x7f0720107d90
2024-03-18T23:00:25.190 INFO:teuthology.orchestra.run.smithi132.stdout:/usr/bin/ceph: stderr
2024-03-18T23:00:24.445+0000 7f0726a5c700 1 -- 172.21.15.132:0/1234151941 >> [v2:172.21.15.132:6800/3730787943,v1:172.21.15.132:6801/3730787943] conn(0x7f0708038fd0 msgr2=0x7f070803b490 secure :-1 s=STATE_CONNECTION_ESTABLISHED l=1).mark_down
2024-03-18T23:00:25.190 INFO:teuthology.orchestra.run.smithi132.stdout:/usr/bin/ceph: stderr
2024-03-18T23:00:24.445+0000 7f0726a5c700 1 --2- 172.21.15.132:0/1234151941 >> [v2:172.21.15.132:6800/3730787943,v1:172.21.15.132:6801/3730787943] conn(0x7f0708038fd0 0x7f070803b490 secure :-1 s=READY pgs=9 cs=0 l=1 rev1=1 crypto rx=0x7f0714006fd0 tx=0x7f0714006e40 comp rx=0 tx=0).stop
2024-03-18T23:00:25.190 INFO:teuthology.orchestra.run.smithi132.stdout:/usr/bin/ceph: stderr
2024-03-18T23:00:24.445+0000 7f0726a5c700 1 -- 172.21.15.132:0/1234151941 >> [v2:172.21.15.132:3300/0,v1:172.21.15.132:6789/0] conn(0x7f0720107d90 msgr2=0x7f072019bd20 secure :-1 s=STATE_CONNECTION_ESTABLISHED l=1).mark_down
2024-03-18T23:00:25.190 INFO:teuthology.orchestra.run.smithi132.stdout:/usr/bin/ceph: stderr
2024-03-18T23:00:24.445+0000 7f0726a5c700 1 --2- 172.21.15.132:0/1234151941 >> [v2:172.21.15.132:3300/0,v1:172.21.15.132:6789/0] conn(0x7f0720107d90 0x7f072019bd20 secure :-1 s=READY pgs=75 cs=0 l=1 rev1=1 crypto rx=0x7f07100117e0 tx=0x7f0710011ba0 comp rx=0 tx=0).stop
2024-03-18T23:00:25.190 INFO:teuthology.orchestra.run.smithi132.stdout:/usr/bin/ceph: stderr
2024-03-18T23:00:24.445+0000 7f0726a5c700 1 -- 172.21.15.132:0/1234151941 shutdown_connections
2024-03-18T23:00:25.190 INFO:teuthology.orchestra.run.smithi132.stdout:/usr/bin/ceph: stderr
2024-03-18T23:00:24.445+0000 7f0726a5c700 1 --2- 172.21.15.132:0/1234151941 >> [v2:172.21.15.132:6800/3730787943,v1:172.21.15.132:6801/3730787943] conn(0x7f0708038fd0 0x7f070803b490 unknown :-1 s=CLOSED pgs=9 cs=0 l=1 rev1=1 crypto rx=0 tx=0 comp rx=0 tx=0).stop
2024-03-18T23:00:25.190 INFO:teuthology.orchestra.run.smithi132.stdout:/usr/bin/ceph: stderr
2024-03-18T23:00:24.445+0000 7f0726a5c700 1 --2- 172.21.15.132:0/1234151941 >> [v2:172.21.15.132:3300/0,v1:172.21.15.132:6789/0] conn(0x7f0720107d90 0x7f072019bd20 unknown :-1 s=CLOSED pgs=75 cs=0 l=1 rev1=1 crypto rx=0 tx=0 comp rx=0 tx=0).stop
2024-03-18T23:00:25.190 INFO:teuthology.orchestra.run.smithi132.stdout:/usr/bin/ceph: stderr
