2024-03-18T23:50:58.788 INFO:teuthology.orchestra.run.smithi042.stdout:/usr/bin/ceph: stderr
2024-03-18T23:50:57.868+0000 7f49217fa700 1 -- 172.21.15.42:0/2950038101 <== mon.0 v2:172.21.15.42:3300/0 2 ==== config(27 keys) ==== 1109+0+0 (secure 0 0 0) 0x7f4914011e50 con 0x7f4924109460
2024-03-18T23:50:58.788 INFO:teuthology.orchestra.run.smithi042.stdout:/usr/bin/ceph: stderr
2024-03-18T23:50:57.868+0000 7f492a836700 1 -- 172.21.15.42:0/2950038101 --> [v2:172.21.15.42:3300/0,v1:172.21.15.42:6789/0] -- mon_subscribe({mgrmap=0+}) -- 0x7f492407c2c0 con 0x7f4924109460
2024-03-18T23:50:58.788 INFO:teuthology.orchestra.run.smithi042.stdout:/usr/bin/ceph: stderr
2024-03-18T23:50:57.868+0000 7f49217fa700 1 -- 172.21.15.42:0/2950038101 <== mon.0 v2:172.21.15.42:3300/0 3 ==== mon_map magic: 0 ==== 205+0+0 (secure 0 0 0) 0x7f491401a5c0 con 0x7f4924109460
2024-03-18T23:50:58.788 INFO:teuthology.orchestra.run.smithi042.stdout:/usr/bin/ceph: stderr
2024-03-18T23:50:57.868+0000 7f492a836700 1 -- 172.21.15.42:0/2950038101 --> [v2:172.21.15.42:3300/0,v1:172.21.15.42:6789/0] -- mon_subscribe({osdmap=0}) -- 0x7f492407c800 con 0x7f4924109460
2024-03-18T23:50:58.788 INFO:teuthology.orchestra.run.smithi042.stdout:/usr/bin/ceph: stderr
2024-03-18T23:50:57.869+0000 7f49217fa700 1 -- 172.21.15.42:0/2950038101 <== mon.0 v2:172.21.15.42:3300/0 4 ==== mgrmap(e 8) ==== 46106+0+0 (secure 0 0 0) 0x7f491401a870 con 0x7f4924109460
2024-03-18T23:50:58.788 INFO:teuthology.orchestra.run.smithi042.stdout:/usr/bin/ceph: stderr
2024-03-18T23:50:57.869+0000 7f492a836700 1 -- 172.21.15.42:0/2950038101 --> [v2:172.21.15.42:3300/0,v1:172.21.15.42:6789/0] -- mon_command({"prefix": "get_command_descriptions"} v 0) -- 0x7f4924063940 con 0x7f4924109460
2024-03-18T23:50:58.788 INFO:teuthology.orchestra.run.smithi042.stdout:/usr/bin/ceph: stderr
2024-03-18T23:50:57.869+0000 7f49217fa700 1 --2- 172.21.15.42:0/2950038101 >> [v2:172.21.15.42:6800/510266948,v1:172.21.15.42:6801/510266948] conn(0x7f490c038f20 0x7f490c03b3e0 unknown :-1 s=NONE pgs=0 cs=0 l=1 rev1=0 crypto rx=0 tx=0 comp rx=0 tx=0).connect
2024-03-18T23:50:58.788 INFO:teuthology.orchestra.run.smithi042.stdout:/usr/bin/ceph: stderr
2024-03-18T23:50:57.869+0000 7f49217fa700 1 -- 172.21.15.42:0/2950038101 <== mon.0 v2:172.21.15.42:3300/0 5 ==== osd_map(2..2 src has 1..2) ==== 940+0+0 (secure 0 0 0) 0x7f491404d3e0 con 0x7f4924109460
2024-03-18T23:50:58.789 INFO:teuthology.orchestra.run.smithi042.stdout:/usr/bin/ceph: stderr
2024-03-18T23:50:57.869+0000 7f49237fe700 1 --2- 172.21.15.42:0/2950038101 >> [v2:172.21.15.42:6800/510266948,v1:172.21.15.42:6801/510266948] conn(0x7f490c038f20 0x7f490c03b3e0 unknown :-1 s=BANNER_CONNECTING pgs=0 cs=0 l=1 rev1=0 crypto rx=0 tx=0 comp rx=0 tx=0)._handle_peer_banner_payload supported=3 required=0
2024-03-18T23:50:58.789 INFO:teuthology.orchestra.run.smithi042.stdout:/usr/bin/ceph: stderr
2024-03-18T23:50:57.870+0000 7f49237fe700 1 --2- 172.21.15.42:0/2950038101 >> [v2:172.21.15.42:6800/510266948,v1:172.21.15.42:6801/510266948] conn(0x7f490c038f20 0x7f490c03b3e0 secure :-1 s=READY pgs=13 cs=0 l=1 rev1=1 crypto rx=0x7f4918006fd0 tx=0x7f4918006e40 comp rx=0 tx=0).ready entity=mgr.14120 client_cookie=0 server_cookie=0 in_seq=0 out_seq=0
2024-03-18T23:50:58.789 INFO:teuthology.orchestra.run.smithi042.stdout:/usr/bin/ceph: stderr
2024-03-18T23:50:57.874+0000 7f49217fa700 1 -- 172.21.15.42:0/2950038101 <== mon.0 v2:172.21.15.42:3300/0 6 ==== mon_command_ack([{"prefix": "get_command_descriptions"}]=0 v0) ==== 72+0+186149 (secure 0 0 0) 0x7f4914019c70 con 0x7f4924109460
2024-03-18T23:50:58.789 INFO:teuthology.orchestra.run.smithi042.stdout:/usr/bin/ceph: stderr
2024-03-18T23:50:58.108+0000 7f492a836700 1 -- 172.21.15.42:0/2950038101 --> [v2:172.21.15.42:6800/510266948,v1:172.21.15.42:6801/510266948] -- mgr_command(tid 0: {"prefix": "orch apply", "service_type": "mgr", "unmanaged": true, "target": ["mon-mgr", ""]}) -- 0x7f492407d010 con 0x7f490c038f20
2024-03-18T23:50:58.789 INFO:teuthology.orchestra.run.smithi042.stdout:/usr/bin/ceph: stderr
2024-03-18T23:50:58.113+0000 7f49217fa700 1 -- 172.21.15.42:0/2950038101 <== mgr.14120 v2:172.21.15.42:6800/510266948 1 ==== mgr_command_reply(tid 0: 0 ) ==== 8+0+24 (secure 0 0 0) 0x7f492407d010 con 0x7f490c038f20
2024-03-18T23:50:58.789 INFO:teuthology.orchestra.run.smithi042.stdout:/usr/bin/ceph: stderr
2024-03-18T23:50:58.115+0000 7f492a836700 1 -- 172.21.15.42:0/2950038101 >> [v2:172.21.15.42:6800/510266948,v1:172.21.15.42:6801/510266948] conn(0x7f490c038f20 msgr2=0x7f490c03b3e0 secure :-1 s=STATE_CONNECTION_ESTABLISHED l=1).mark_down
2024-03-18T23:50:58.789 INFO:teuthology.orchestra.run.smithi042.stdout:/usr/bin/ceph: stderr
2024-03-18T23:50:58.115+0000 7f492a836700 1 --2- 172.21.15.42:0/2950038101 >> [v2:172.21.15.42:6800/510266948,v1:172.21.15.42:6801/510266948] conn(0x7f490c038f20 0x7f490c03b3e0 secure :-1 s=READY pgs=13 cs=0 l=1 rev1=1 crypto rx=0x7f4918006fd0 tx=0x7f4918006e40 comp rx=0 tx=0).stop
2024-03-18T23:50:58.789 INFO:teuthology.orchestra.run.smithi042.stdout:/usr/bin/ceph: stderr
2024-03-18T23:50:58.115+0000 7f492a836700 1 -- 172.21.15.42:0/2950038101 >> [v2:172.21.15.42:3300/0,v1:172.21.15.42:6789/0] conn(0x7f4924109460 msgr2=0x7f492407db90 secure :-1 s=STATE_CONNECTION_ESTABLISHED l=1).mark_down
2024-03-18T23:50:58.789 INFO:teuthology.orchestra.run.smithi042.stdout:/usr/bin/ceph: stderr
2024-03-18T23:50:58.115+0000 7f492a836700 1 --2- 172.21.15.42:0/2950038101 >> [v2:172.21.15.42:3300/0,v1:172.21.15.42:6789/0] conn(0x7f4924109460 0x7f492407db90 secure :-1 s=READY pgs=50 cs=0 l=1 rev1=1 crypto rx=0x7f4914011670 tx=0x7f4914011b60 comp rx=0 tx=0).stop
2024-03-18T23:50:58.789 INFO:teuthology.orchestra.run.smithi042.stdout:/usr/bin/ceph: stderr
2024-03-18T23:50:58.115+0000 7f492a836700 1 -- 172.21.15.42:0/2950038101 shutdown_connections
2024-03-18T23:50:58.789 INFO:teuthology.orchestra.run.smithi042.stdout:/usr/bin/ceph: stderr
2024-03-18T23:50:58.115+0000 7f492a836700 1 --2- 172.21.15.42:0/2950038101 >> [v2:172.21.15.42:6800/510266948,v1:172.21.15.42:6801/510266948] conn(0x7f490c038f20 0x7f490c03b3e0 unknown :-1 s=CLOSED pgs=13 cs=0 l=1 rev1=1 crypto rx=0 tx=0 comp rx=0 tx=0).stop
2024-03-18T23:50:58.789 INFO:teuthology.orchestra.run.smithi042.stdout:/usr/bin/ceph: stderr
2024-03-18T23:50:58.115+0000 7f492a836700 1 --2- 172.21.15.42:0/2950038101 >> [v2:172.21.15.42:3300/0,v1:172.21.15.42:6789/0] conn(0x7f4924109460 0x7f492407db90 unknown :-1 s=CLOSED pgs=50 cs=0 l=1 rev1=1 crypto rx=0 tx=0 comp rx=0 tx=0).stop
2024-03-18T23:50:58.789 INFO:teuthology.orchestra.run.smithi042.stdout:/usr/bin/ceph: stderr
2024-03-18T23:50:58.115+0000 7f492a836700 1 -- 172.21.15.42:0/2950038101 >> 172.21.15.42:0/2950038101 conn(0x7f4924103440 msgr2=0x7f4924103fa0 unknown :-1 s=STATE_NONE l=0).mark_down
2024-03-18T23:50:58.789 INFO:teuthology.orchestra.run.smithi042.stdout:/usr/bin/ceph: stderr
2024-03-18T23:50:58.115+0000 7f492a836700 1 -- 172.21.15.42:0/2950038101 shutdown_connections
2024-03-18T23:50:58.790 INFO:teuthology.orchestra.run.smithi042.stdout:/usr/bin/ceph: stderr
2024-03-18T23:50:58.115+0000 7f492a836700 1 -- 172.21.15.42:0/2950038101 wait complete.
2024-03-18T23:50:59.139 INFO:journalctl@ceph.mon.a.smithi042.stdout:Mar 18 23:50:59 smithi042 ceph-mon[32106]: from='client.14144 -' entity='client.admin' cmd=[{"prefix": "orch apply", "service_type": "mgr", "unmanaged": true, "target": ["mon-mgr", ""]}]: dispatch
2024-03-18T23:50:59.139 INFO:journalctl@ceph.mon.a.smithi042.stdout:Mar 18 23:50:59 smithi042 ceph-mon[32106]: Saving service mgr spec with placement count:2
2024-03-18T23:50:59.139 INFO:journalctl@ceph.mon.a.smithi042.stdout:Mar 18 23:50:59 smithi042 ceph-mon[32106]: from='mgr.14120 172.21.15.42:0/1051253188' entity='mgr.x'
2024-03-18T23:51:00.459 INFO:journalctl@ceph.mon.a.smithi042.stdout:Mar 18 23:51:00 smithi042 ceph-mon[32106]: from='client.? 172.21.15.42:0/1191472068' entity='client.admin'
2024-03-18T23:51:00.459 INFO:journalctl@ceph.mon.a.smithi042.stdout:Mar 18 23:51:00 smithi042 ceph-mon[32106]: from='mgr.14120 172.21.15.42:0/1051253188' entity='mgr.x'
2024-03-18T23:51:00.464 INFO:teuthology.orchestra.run.smithi042.stdout:/usr/bin/ceph: stderr
2024-03-18T23:50:59.171+0000 7f3ae667e700 1 Processor -- start
2024-03-18T23:51:00.469 INFO:teuthology.orchestra.run.smithi042.stdout:/usr/bin/ceph: stderr
2024-03-18T23:50:59.171+0000 7f3ae667e700 1 -- start start
2024-03-18T23:51:00.469 INFO:teuthology.orchestra.run.smithi042.stdout:/usr/bin/ceph: stderr
2024-03-18T23:50:59.172+0000 7f3ae667e700 1 --2- >> [v2:172.21.15.42:3300/0,v1:172.21.15.42:6789/0] conn(0x7f3ae0107e10 0x7f3ae0108230 unknown :-1 s=NONE pgs=0 cs=0 l=0 rev1=0 crypto rx=0 tx=0 comp rx=0 tx=0).connect
2024-03-18T23:51:00.470 INFO:teuthology.orchestra.run.smithi042.stdout:/usr/bin/ceph: stderr
2024-03-18T23:50:59.172+0000 7f3ae667e700 1 -- --> [v2:172.21.15.42:3300/0,v1:172.21.15.42:6789/0] -- mon_getmap magic: 0 -- 0x7f3ae0108770 con 0x7f3ae0107e10
2024-03-18T23:51:00.470 INFO:teuthology.orchestra.run.smithi042.stdout:/usr/bin/ceph: stderr
2024-03-18T23:50:59.172+0000 7f3adffff700 1 --2- >> [v2:172.21.15.42:3300/0,v1:172.21.15.42:6789/0] conn(0x7f3ae0107e10 0x7f3ae0108230 unknown :-1 s=BANNER_CONNECTING pgs=0 cs=0 l=0 rev1=0 crypto rx=0 tx=0 comp rx=0 tx=0)._handle_peer_banner_payload supported=3 required=0
2024-03-18T23:51:00.470 INFO:teuthology.orchestra.run.smithi042.stdout:/usr/bin/ceph: stderr
2024-03-18T23:50:59.172+0000 7f3adffff700 1 --2- >> [v2:172.21.15.42:3300/0,v1:172.21.15.42:6789/0] conn(0x7f3ae0107e10 0x7f3ae0108230 unknown :-1 s=HELLO_CONNECTING pgs=0 cs=0 l=0 rev1=1 crypto rx=0 tx=0 comp rx=0 tx=0).handle_hello peer v2:172.21.15.42:3300/0 says I am v2:172.21.15.42:49222/0 (socket says 172.21.15.42:49222)
2024-03-18T23:51:00.470 INFO:teuthology.orchestra.run.smithi042.stdout:/usr/bin/ceph: stderr
2024-03-18T23:50:59.172+0000 7f3adffff700 1 -- 172.21.15.42:0/56558636 learned_addr learned my addr 172.21.15.42:0/56558636 (peer_addr_for_me v2:172.21.15.42:0/0)
2024-03-18T23:51:00.470 INFO:teuthology.orchestra.run.smithi042.stdout:/usr/bin/ceph: stderr
2024-03-18T23:50:59.172+0000 7f3adffff700 1 -- 172.21.15.42:0/56558636 --> [v2:172.21.15.42:3300/0,v1:172.21.15.42:6789/0] -- mon_subscribe({config=0+,monmap=0+}) -- 0x7f3ae01088f0 con 0x7f3ae0107e10
2024-03-18T23:51:00.470 INFO:teuthology.orchestra.run.smithi042.stdout:/usr/bin/ceph: stderr
2024-03-18T23:50:59.172+0000 7f3adffff700 1 --2- 172.21.15.42:0/56558636 >> [v2:172.21.15.42:3300/0,v1:172.21.15.42:6789/0] conn(0x7f3ae0107e10 0x7f3ae0108230 secure :-1 s=READY pgs=51 cs=0 l=1 rev1=1 crypto rx=0x7f3ad00098a0 tx=0x7f3ad0009bb0 comp rx=0 tx=0).ready entity=mon.0 client_cookie=215b374a51a97ee7 server_cookie=0 in_seq=0 out_seq=0
2024-03-18T23:51:00.470 INFO:teuthology.orchestra.run.smithi042.stdout:/usr/bin/ceph: stderr
2024-03-18T23:50:59.172+0000 7f3adf7fe700 1 -- 172.21.15.42:0/56558636 <== mon.0 v2:172.21.15.42:3300/0 1 ==== mon_map magic: 0 ==== 205+0+0 (secure 0 0 0) 0x7f3ad0004160 con 0x7f3ae0107e10
2024-03-18T23:51:00.470 INFO:teuthology.orchestra.run.smithi042.stdout:/usr/bin/ceph: stderr
2024-03-18T23:50:59.173+0000 7f3adf7fe700 1 -- 172.21.15.42:0/56558636 <== mon.0 v2:172.21.15.42:3300/0 2 ==== config(27 keys) ==== 1109+0+0 (secure 0 0 0) 0x7f3ad0004300 con 0x7f3ae0107e10
2024-03-18T23:51:00.470 INFO:teuthology.orchestra.run.smithi042.stdout:/usr/bin/ceph: stderr
2024-03-18T23:50:59.173+0000 7f3adf7fe700 1 -- 172.21.15.42:0/56558636 <== mon.0 v2:172.21.15.42:3300/0 3 ==== mon_map magic: 0 ==== 205+0+0 (secure 0 0 0) 0x7f3ad0011b50 con 0x7f3ae0107e10
2024-03-18T23:51:00.470 INFO:teuthology.orchestra.run.smithi042.stdout:/usr/bin/ceph: stderr
2024-03-18T23:50:59.173+0000 7f3ae667e700 1 -- 172.21.15.42:0/56558636 >> [v2:172.21.15.42:3300/0,v1:172.21.15.42:6789/0] conn(0x7f3ae0107e10 msgr2=0x7f3ae0108230 secure :-1 s=STATE_CONNECTION_ESTABLISHED l=1).mark_down
2024-03-18T23:51:00.470 INFO:teuthology.orchestra.run.smithi042.stdout:/usr/bin/ceph: stderr
2024-03-18T23:50:59.173+0000 7f3ae667e700 1 --2- 172.21.15.42:0/56558636 >> [v2:172.21.15.42:3300/0,v1:172.21.15.42:6789/0] conn(0x7f3ae0107e10 0x7f3ae0108230 secure :-1 s=READY pgs=51 cs=0 l=1 rev1=1 crypto rx=0x7f3ad00098a0 tx=0x7f3ad0009bb0 comp rx=0 tx=0).stop
2024-03-18T23:51:00.470 INFO:teuthology.orchestra.run.smithi042.stdout:/usr/bin/ceph: stderr
2024-03-18T23:50:59.173+0000 7f3ae667e700 1 -- 172.21.15.42:0/56558636 shutdown_connections
2024-03-18T23:51:00.470 INFO:teuthology.orchestra.run.smithi042.stdout:/usr/bin/ceph: stderr
2024-03-18T23:50:59.173+0000 7f3ae667e700 1 --2- 172.21.15.42:0/56558636 >> [v2:172.21.15.42:3300/0,v1:172.21.15.42:6789/0] conn(0x7f3ae0107e10 0x7f3ae0108230 unknown :-1 s=CLOSED pgs=51 cs=0 l=1 rev1=1 crypto rx=0 tx=0 comp rx=0 tx=0).stop
2024-03-18T23:51:00.470 INFO:teuthology.orchestra.run.smithi042.stdout:/usr/bin/ceph: stderr
2024-03-18T23:50:59.173+0000 7f3ae667e700 1 -- 172.21.15.42:0/56558636 >> 172.21.15.42:0/56558636 conn(0x7f3ae0103450 msgr2=0x7f3ae0105890 unknown :-1 s=STATE_NONE l=0).mark_down
2024-03-18T23:51:00.470 INFO:teuthology.orchestra.run.smithi042.stdout:/usr/bin/ceph: stderr
2024-03-18T23:50:59.173+0000 7f3ae667e700 1 -- 172.21.15.42:0/56558636 shutdown_connections
2024-03-18T23:51:00.471 INFO:teuthology.orchestra.run.smithi042.stdout:/usr/bin/ceph: stderr
2024-03-18T23:50:59.173+0000 7f3ae667e700 1 -- 172.21.15.42:0/56558636 wait complete.
2024-03-18T23:51:00.471 INFO:teuthology.orchestra.run.smithi042.stdout:/usr/bin/ceph: stderr
2024-03-18T23:50:59.174+0000 7f3ae667e700 1 Processor -- start
2024-03-18T23:51:00.471 INFO:teuthology.orchestra.run.smithi042.stdout:/usr/bin/ceph: stderr
2024-03-18T23:50:59.174+0000 7f3ae667e700 1 -- start start
2024-03-18T23:51:00.471 INFO:teuthology.orchestra.run.smithi042.stdout:/usr/bin/ceph: stderr
2024-03-18T23:50:59.174+0000 7f3ae667e700 1 --2- >> [v2:172.21.15.42:3300/0,v1:172.21.15.42:6789/0] conn(0x7f3ae0107e10 0x7f3ae019bcf0 unknown :-1 s=NONE pgs=0 cs=0 l=1 rev1=0 crypto rx=0 tx=0 comp rx=0 tx=0).connect
2024-03-18T23:51:00.471 INFO:teuthology.orchestra.run.smithi042.stdout:/usr/bin/ceph: stderr
2024-03-18T23:50:59.174+0000 7f3ae667e700 1 -- --> [v2:172.21.15.42:3300/0,v1:172.21.15.42:6789/0] -- mon_getmap magic: 0 -- 0x7f3ae0109e00 con 0x7f3ae0107e10
2024-03-18T23:51:00.471 INFO:teuthology.orchestra.run.smithi042.stdout:/usr/bin/ceph: stderr
2024-03-18T23:50:59.174+0000 7f3adffff700 1 --2- >> [v2:172.21.15.42:3300/0,v1:172.21.15.42:6789/0] conn(0x7f3ae0107e10 0x7f3ae019bcf0 unknown :-1 s=BANNER_CONNECTING pgs=0 cs=0 l=1 rev1=0 crypto rx=0 tx=0 comp rx=0 tx=0)._handle_peer_banner_payload supported=3 required=0
2024-03-18T23:51:00.471 INFO:teuthology.orchestra.run.smithi042.stdout:/usr/bin/ceph: stderr
2024-03-18T23:50:59.174+0000 7f3adffff700 1 --2- >> [v2:172.21.15.42:3300/0,v1:172.21.15.42:6789/0] conn(0x7f3ae0107e10 0x7f3ae019bcf0 unknown :-1 s=HELLO_CONNECTING pgs=0 cs=0 l=1 rev1=1 crypto rx=0 tx=0 comp rx=0 tx=0).handle_hello peer v2:172.21.15.42:3300/0 says I am v2:172.21.15.42:49232/0 (socket says 172.21.15.42:49232)
2024-03-18T23:51:00.471 INFO:teuthology.orchestra.run.smithi042.stdout:/usr/bin/ceph: stderr
2024-03-18T23:50:59.174+0000 7f3adffff700 1 -- 172.21.15.42:0/1191472068 learned_addr learned my addr 172.21.15.42:0/1191472068 (peer_addr_for_me v2:172.21.15.42:0/0)
2024-03-18T23:51:00.471 INFO:teuthology.orchestra.run.smithi042.stdout:/usr/bin/ceph: stderr
2024-03-18T23:50:59.175+0000 7f3adffff700 1 -- 172.21.15.42:0/1191472068 --> [v2:172.21.15.42:3300/0,v1:172.21.15.42:6789/0] -- mon_subscribe({config=0+,monmap=0+}) -- 0x7f3ae019c230 con 0x7f3ae0107e10
2024-03-18T23:51:00.471 INFO:teuthology.orchestra.run.smithi042.stdout:/usr/bin/ceph: stderr
2024-03-18T23:50:59.175+0000 7f3adffff700 1 --2- 172.21.15.42:0/1191472068 >> [v2:172.21.15.42:3300/0,v1:172.21.15.42:6789/0] conn(0x7f3ae0107e10 0x7f3ae019bcf0 secure :-1 s=READY pgs=52 cs=0 l=1 rev1=1 crypto rx=0x7f3ad0011670 tx=0x7f3ad0011b60 comp rx=0 tx=0).ready entity=mon.0 client_cookie=0 server_cookie=0 in_seq=0 out_seq=0
2024-03-18T23:51:00.471 INFO:teuthology.orchestra.run.smithi042.stdout:/usr/bin/ceph: stderr
2024-03-18T23:50:59.175+0000 7f3addffb700 1 -- 172.21.15.42:0/1191472068 <== mon.0 v2:172.21.15.42:3300/0 1 ==== mon_map magic: 0 ==== 205+0+0 (secure 0 0 0) 0x7f3ad00039c0 con 0x7f3ae0107e10
2024-03-18T23:51:00.471 INFO:teuthology.orchestra.run.smithi042.stdout:/usr/bin/ceph: stderr
2024-03-18T23:50:59.175+0000 7f3addffb700 1 -- 172.21.15.42:0/1191472068 <== mon.0 v2:172.21.15.42:3300/0 2 ==== config(27 keys) ==== 1109+0+0 (secure 0 0 0) 0x7f3ad0011e50 con 0x7f3ae0107e10
2024-03-18T23:51:00.471 INFO:teuthology.orchestra.run.smithi042.stdout:/usr/bin/ceph: stderr
2024-03-18T23:50:59.175+0000 7f3ae667e700 1 -- 172.21.15.42:0/1191472068 --> [v2:172.21.15.42:3300/0,v1:172.21.15.42:6789/0] -- mon_subscribe({mgrmap=0+}) -- 0x7f3ae019c4c0 con 0x7f3ae0107e10
2024-03-18T23:51:00.471 INFO:teuthology.orchestra.run.smithi042.stdout:/usr/bin/ceph: stderr
2024-03-18T23:50:59.175+0000 7f3addffb700 1 -- 172.21.15.42:0/1191472068 <== mon.0 v2:172.21.15.42:3300/0 3 ==== mon_map magic: 0 ==== 205+0+0 (secure 0 0 0) 0x7f3ad001a5c0 con 0x7f3ae0107e10
2024-03-18T23:51:00.471 INFO:teuthology.orchestra.run.smithi042.stdout:/usr/bin/ceph: stderr
2024-03-18T23:50:59.175+0000 7f3ae667e700 1 -- 172.21.15.42:0/1191472068 --> [v2:172.21.15.42:3300/0,v1:172.21.15.42:6789/0] -- mon_subscribe({osdmap=0}) -- 0x7f3ae019f1a0 con 0x7f3ae0107e10
2024-03-18T23:51:00.472 INFO:teuthology.orchestra.run.smithi042.stdout:/usr/bin/ceph: stderr
2024-03-18T23:50:59.176+0000 7f3addffb700 1 -- 172.21.15.42:0/1191472068 <== mon.0 v2:172.21.15.42:3300/0 4 ==== mgrmap(e 8) ==== 46106+0+0 (secure 0 0 0) 0x7f3ad001a870 con 0x7f3ae0107e10
2024-03-18T23:51:00.472 INFO:teuthology.orchestra.run.smithi042.stdout:/usr/bin/ceph: stderr
2024-03-18T23:50:59.176+0000 7f3ae667e700 1 -- 172.21.15.42:0/1191472068 --> [v2:172.21.15.42:3300/0,v1:172.21.15.42:6789/0] -- mon_command({"prefix": "get_command_descriptions"} v 0) -- 0x7f3ae0063940 con 0x7f3ae0107e10
2024-03-18T23:51:00.472 INFO:teuthology.orchestra.run.smithi042.stdout:/usr/bin/ceph: stderr
2024-03-18T23:50:59.176+0000 7f3addffb700 1 --2- 172.21.15.42:0/1191472068 >> [v2:172.21.15.42:6800/510266948,v1:172.21.15.42:6801/510266948] conn(0x7f3acc038f20 0x7f3acc03b3e0 unknown :-1 s=NONE pgs=0 cs=0 l=1 rev1=0 crypto rx=0 tx=0 comp rx=0 tx=0).connect
2024-03-18T23:51:00.472 INFO:teuthology.orchestra.run.smithi042.stdout:/usr/bin/ceph: stderr
2024-03-18T23:50:59.176+0000 7f3addffb700 1 -- 172.21.15.42:0/1191472068 <== mon.0 v2:172.21.15.42:3300/0 5 ==== osd_map(2..2 src has 1..2) ==== 940+0+0 (secure 0 0 0) 0x7f3ad004d120 con 0x7f3ae0107e10
2024-03-18T23:51:00.472 INFO:teuthology.orchestra.run.smithi042.stdout:/usr/bin/ceph: stderr
2024-03-18T23:50:59.176+0000 7f3ad7fff700 1 --2- 172.21.15.42:0/1191472068 >> [v2:172.21.15.42:6800/510266948,v1:172.21.15.42:6801/510266948] conn(0x7f3acc038f20 0x7f3acc03b3e0 unknown :-1 s=BANNER_CONNECTING pgs=0 cs=0 l=1 rev1=0 crypto rx=0 tx=0 comp rx=0 tx=0)._handle_peer_banner_payload supported=3 required=0
2024-03-18T23:51:00.472 INFO:teuthology.orchestra.run.smithi042.stdout:/usr/bin/ceph: stderr
2024-03-18T23:50:59.176+0000 7f3ad7fff700 1 --2- 172.21.15.42:0/1191472068 >> [v2:172.21.15.42:6800/510266948,v1:172.21.15.42:6801/510266948] conn(0x7f3acc038f20 0x7f3acc03b3e0 secure :-1 s=READY pgs=14 cs=0 l=1 rev1=1 crypto rx=0x7f3ac8006fd0 tx=0x7f3ac8006e40 comp rx=0 tx=0).ready entity=mgr.14120 client_cookie=0 server_cookie=0 in_seq=0 out_seq=0
2024-03-18T23:51:00.472 INFO:teuthology.orchestra.run.smithi042.stdout:/usr/bin/ceph: stderr
2024-03-18T23:50:59.181+0000 7f3addffb700 1 -- 172.21.15.42:0/1191472068 <== mon.0 v2:172.21.15.42:3300/0 6 ==== mon_command_ack([{"prefix": "get_command_descriptions"}]=0 v0) ==== 72+0+186149 (secure 0 0 0) 0x7f3ad0003b60 con 0x7f3ae0107e10
2024-03-18T23:51:00.472 INFO:teuthology.orchestra.run.smithi042.stdout:/usr/bin/ceph: stderr
2024-03-18T23:50:59.386+0000 7f3ae667e700 1 -- 172.21.15.42:0/1191472068 --> [v2:172.21.15.42:3300/0,v1:172.21.15.42:6789/0] -- mon_command([{prefix=config set, name=mgr/cephadm/container_init}] v 0) -- 0x7f3ae019f7f0 con 0x7f3ae0107e10
2024-03-18T23:51:00.472 INFO:teuthology.orchestra.run.smithi042.stdout:/usr/bin/ceph: stderr
2024-03-18T23:50:59.388+0000 7f3addffb700 1 -- 172.21.15.42:0/1191472068 <== mon.0 v2:172.21.15.42:3300/0 7 ==== mon_command_ack([{prefix=config set, name=mgr/cephadm/container_init}]=0 v6)=0 v6) ==== 142+0+0 (secure 0 0 0) 0x7f3ad0024950 con 0x7f3ae0107e10
2024-03-18T23:51:00.472 INFO:teuthology.orchestra.run.smithi042.stdout:/usr/bin/ceph: stderr
2024-03-18T23:50:59.390+0000 7f3ae667e700 1 -- 172.21.15.42:0/1191472068 >> [v2:172.21.15.42:6800/510266948,v1:172.21.15.42:6801/510266948] conn(0x7f3acc038f20 msgr2=0x7f3acc03b3e0 secure :-1 s=STATE_CONNECTION_ESTABLISHED l=1).mark_down
2024-03-18T23:51:00.472 INFO:teuthology.orchestra.run.smithi042.stdout:/usr/bin/ceph: stderr
2024-03-18T23:50:59.390+0000 7f3ae667e700 1 --2- 172.21.15.42:0/1191472068 >> [v2:172.21.15.42:6800/510266948,v1:172.21.15.42:6801/510266948] conn(0x7f3acc038f20 0x7f3acc03b3e0 secure :-1 s=READY pgs=14 cs=0 l=1 rev1=1 crypto rx=0x7f3ac8006fd0 tx=0x7f3ac8006e40 comp rx=0 tx=0).stop
2024-03-18T23:51:00.472 INFO:teuthology.orchestra.run.smithi042.stdout:/usr/bin/ceph: stderr
2024-03-18T23:50:59.390+0000 7f3ae667e700 1 -- 172.21.15.42:0/1191472068 >> [v2:172.21.15.42:3300/0,v1:172.21.15.42:6789/0] conn(0x7f3ae0107e10 msgr2=0x7f3ae019bcf0 secure :-1 s=STATE_CONNECTION_ESTABLISHED l=1).mark_down
2024-03-18T23:51:00.472 INFO:teuthology.orchestra.run.smithi042.stdout:/usr/bin/ceph: stderr
2024-03-18T23:50:59.390+0000 7f3ae667e700 1 --2- 172.21.15.42:0/1191472068 >> [v2:172.21.15.42:3300/0,v1:172.21.15.42:6789/0] conn(0x7f3ae0107e10 0x7f3ae019bcf0 secure :-1 s=READY pgs=52 cs=0 l=1 rev1=1 crypto rx=0x7f3ad0011670 tx=0x7f3ad0011b60 comp rx=0 tx=0).stop
2024-03-18T23:51:00.472 INFO:teuthology.orchestra.run.smithi042.stdout:/usr/bin/ceph: stderr
2024-03-18T23:50:59.390+0000 7f3ae667e700 1 -- 172.21.15.42:0/1191472068 shutdown_connections
2024-03-18T23:51:00.472 INFO:teuthology.orchestra.run.smithi042.stdout:/usr/bin/ceph: stderr
2024-03-18T23:50:59.390+0000 7f3ae667e700 1 --2- 172.21.15.42:0/1191472068 >> [v2:172.21.15.42:6800/510266948,v1:172.21.15.42:6801/510266948] conn(0x7f3acc038f20 0x7f3acc03b3e0 unknown :-1 s=CLOSED pgs=14 cs=0 l=1 rev1=1 crypto rx=0 tx=0 comp rx=0 tx=0).stop
2024-03-18T23:51:00.473 INFO:teuthology.orchestra.run.smithi042.stdout:/usr/bin/ceph: stderr
2024-03-18T23:50:59.390+0000 7f3ae667e700 1 --2- 172.21.15.42:0/1191472068 >> [v2:172.21.15.42:3300/0,v1:172.21.15.42:6789/0] conn(0x7f3ae0107e10 0x7f3ae019bcf0 unknown :-1 s=CLOSED pgs=52 cs=0 l=1 rev1=1 crypto rx=0 tx=0 comp rx=0 tx=0).stop
2024-03-18T23:51:00.473 INFO:teuthology.orchestra.run.smithi042.stdout:/usr/bin/ceph: stderr
2024-03-18T23:50:59.390+0000 7f3ae667e700 1 -- 172.21.15.42:0/1191472068 >> 172.21.15.42:0/1191472068 conn(0x7f3ae0103450 msgr2=0x7f3ae0103f60 unknown :-1 s=STATE_NONE l=0).mark_down
2024-03-18T23:51:00.473 INFO:teuthology.orchestra.run.smithi042.stdout:/usr/bin/ceph: stderr
2024-03-18T23:50:59.390+0000 7f3ae667e700 1 -- 172.21.15.42:0/1191472068 shutdown_connections
2024-03-18T23:51:00.473 INFO:teuthology.orchestra.run.smithi042.stdout:/usr/bin/ceph: stderr
2024-03-18T23:50:59.390+0000 7f3ae667e700 1 -- 172.21.15.42:0/1191472068 wait complete.
2024-03-18T23:51:01.913 INFO:journalctl@ceph.mon.a.smithi042.stdout:Mar 18 23:51:01 smithi042 ceph-mon[32106]: from='mgr.14120 172.21.15.42:0/1051253188' entity='mgr.x'
2024-03-18T23:51:01.913 INFO:journalctl@ceph.mon.a.smithi042.stdout:Mar 18 23:51:01 smithi042 ceph-mon[32106]: from='client.? 172.21.15.42:0/2054138401' entity='client.admin'
2024-03-18T23:51:02.180 INFO:teuthology.orchestra.run.smithi042.stdout:/usr/bin/ceph: stderr
2024-03-18T23:51:00.904+0000 7f9175bf4700 1 Processor -- start
2024-03-18T23:51:02.181 INFO:teuthology.orchestra.run.smithi042.stdout:/usr/bin/ceph: stderr
2024-03-18T23:51:00.904+0000 7f9175bf4700 1 -- start start
2024-03-18T23:51:02.181 INFO:teuthology.orchestra.run.smithi042.stdout:/usr/bin/ceph: stderr
2024-03-18T23:51:00.904+0000 7f9175bf4700 1 --2- >> [v2:172.21.15.42:3300/0,v1:172.21.15.42:6789/0] conn(0x7f9170108820 0x7f917010ac10 unknown :-1 s=NONE pgs=0 cs=0 l=0 rev1=0 crypto rx=0 tx=0 comp rx=0 tx=0).connect
2024-03-18T23:51:02.181 INFO:teuthology.orchestra.run.smithi042.stdout:/usr/bin/ceph: stderr
2024-03-18T23:51:00.904+0000 7f9175bf4700 1 -- --> [v2:172.21.15.42:3300/0,v1:172.21.15.42:6789/0] -- mon_getmap magic: 0 -- 0x7f917007be90 con 0x7f9170108820
2024-03-18T23:51:02.181 INFO:teuthology.orchestra.run.smithi042.stdout:/usr/bin/ceph: stderr
2024-03-18T23:51:00.904+0000 7f916f7fe700 1 --2- >> [v2:172.21.15.42:3300/0,v1:172.21.15.42:6789/0] conn(0x7f9170108820 0x7f917010ac10 unknown :-1 s=BANNER_CONNECTING pgs=0 cs=0 l=0 rev1=0 crypto rx=0 tx=0 comp rx=0 tx=0)._handle_peer_banner_payload supported=3 required=0
2024-03-18T23:51:02.181 INFO:teuthology.orchestra.run.smithi042.stdout:/usr/bin/ceph: stderr
2024-03-18T23:51:00.904+0000 7f916f7fe700 1 --2- >> [v2:172.21.15.42:3300/0,v1:172.21.15.42:6789/0] conn(0x7f9170108820 0x7f917010ac10 unknown :-1 s=HELLO_CONNECTING pgs=0 cs=0 l=0 rev1=1 crypto rx=0 tx=0 comp rx=0 tx=0).handle_hello peer v2:172.21.15.42:3300/0 says I am v2:172.21.15.42:49234/0 (socket says 172.21.15.42:49234)
2024-03-18T23:51:02.181 INFO:teuthology.orchestra.run.smithi042.stdout:/usr/bin/ceph: stderr
2024-03-18T23:51:00.904+0000 7f916f7fe700 1 -- 172.21.15.42:0/373726515 learned_addr learned my addr 172.21.15.42:0/373726515 (peer_addr_for_me v2:172.21.15.42:0/0)
2024-03-18T23:51:02.181 INFO:teuthology.orchestra.run.smithi042.stdout:/usr/bin/ceph: stderr
2024-03-18T23:51:00.904+0000 7f916f7fe700 1 -- 172.21.15.42:0/373726515 --> [v2:172.21.15.42:3300/0,v1:172.21.15.42:6789/0] -- mon_subscribe({config=0+,monmap=0+}) -- 0x7f917010b150 con 0x7f9170108820
2024-03-18T23:51:02.181 INFO:teuthology.orchestra.run.smithi042.stdout:/usr/bin/ceph: stderr
2024-03-18T23:51:00.905+0000 7f916f7fe700 1 --2- 172.21.15.42:0/373726515 >> [v2:172.21.15.42:3300/0,v1:172.21.15.42:6789/0] conn(0x7f9170108820 0x7f917010ac10 secure :-1 s=READY pgs=53 cs=0 l=1 rev1=1 crypto rx=0x7f91600098a0 tx=0x7f9160009bb0 comp rx=0 tx=0).ready entity=mon.0 client_cookie=e095358545883ff2 server_cookie=0 in_seq=0 out_seq=0
2024-03-18T23:51:02.181 INFO:teuthology.orchestra.run.smithi042.stdout:/usr/bin/ceph: stderr
2024-03-18T23:51:00.905+0000 7f916e7fc700 1 -- 172.21.15.42:0/373726515 <== mon.0 v2:172.21.15.42:3300/0 1 ==== mon_map magic: 0 ==== 205+0+0 (secure 0 0 0) 0x7f9160004160 con 0x7f9170108820
2024-03-18T23:51:02.181 INFO:teuthology.orchestra.run.smithi042.stdout:/usr/bin/ceph: stderr
2024-03-18T23:51:00.905+0000 7f916e7fc700 1 -- 172.21.15.42:0/373726515 <== mon.0 v2:172.21.15.42:3300/0 2 ==== config(27 keys) ==== 1140+0+0 (secure 0 0 0) 0x7f9160004300 con 0x7f9170108820
2024-03-18T23:51:02.181 INFO:teuthology.orchestra.run.smithi042.stdout:/usr/bin/ceph: stderr
2024-03-18T23:51:00.905+0000 7f916e7fc700 1 -- 172.21.15.42:0/373726515 <== mon.0 v2:172.21.15.42:3300/0 3 ==== mon_map magic: 0 ==== 205+0+0 (secure 0 0 0) 0x7f9160011b20 con 0x7f9170108820
2024-03-18T23:51:02.181 INFO:teuthology.orchestra.run.smithi042.stdout:/usr/bin/ceph: stderr
2024-03-18T23:51:00.905+0000 7f9175bf4700 1 -- 172.21.15.42:0/373726515 >> [v2:172.21.15.42:3300/0,v1:172.21.15.42:6789/0] conn(0x7f9170108820 msgr2=0x7f917010ac10 secure :-1 s=STATE_CONNECTION_ESTABLISHED l=1).mark_down
2024-03-18T23:51:02.181 INFO:teuthology.orchestra.run.smithi042.stdout:/usr/bin/ceph: stderr
2024-03-18T23:51:00.905+0000 7f9175bf4700 1 --2- 172.21.15.42:0/373726515 >> [v2:172.21.15.42:3300/0,v1:172.21.15.42:6789/0] conn(0x7f9170108820 0x7f917010ac10 secure :-1 s=READY pgs=53 cs=0 l=1 rev1=1 crypto rx=0x7f91600098a0 tx=0x7f9160009bb0 comp rx=0 tx=0).stop
2024-03-18T23:51:02.181 INFO:teuthology.orchestra.run.smithi042.stdout:/usr/bin/ceph: stderr
2024-03-18T23:51:00.905+0000 7f9175bf4700 1 -- 172.21.15.42:0/373726515 shutdown_connections
2024-03-18T23:51:02.182 INFO:teuthology.orchestra.run.smithi042.stdout:/usr/bin/ceph: stderr
2024-03-18T23:51:00.905+0000 7f9175bf4700 1 --2- 172.21.15.42:0/373726515 >> [v2:172.21.15.42:3300/0,v1:172.21.15.42:6789/0] conn(0x7f9170108820 0x7f917010ac10 unknown :-1 s=CLOSED pgs=53 cs=0 l=1 rev1=1 crypto rx=0 tx=0 comp rx=0 tx=0).stop
2024-03-18T23:51:02.182 INFO:teuthology.orchestra.run.smithi042.stdout:/usr/bin/ceph: stderr
2024-03-18T23:51:00.906+0000 7f9175bf4700 1 -- 172.21.15.42:0/373726515 >> 172.21.15.42:0/373726515 conn(0x7f9170102210 msgr2=0x7f9170104650 unknown :-1 s=STATE_NONE l=0).mark_down
2024-03-18T23:51:02.182 INFO:teuthology.orchestra.run.smithi042.stdout:/usr/bin/ceph: stderr
2024-03-18T23:51:00.906+0000 7f9175bf4700 1 -- 172.21.15.42:0/373726515 shutdown_connections
2024-03-18T23:51:02.182 INFO:teuthology.orchestra.run.smithi042.stdout:/usr/bin/ceph: stderr
2024-03-18T23:51:00.906+0000 7f9175bf4700 1 -- 172.21.15.42:0/373726515 wait complete.
2024-03-18T23:51:02.182 INFO:teuthology.orchestra.run.smithi042.stdout:/usr/bin/ceph: stderr
2024-03-18T23:51:00.906+0000 7f9175bf4700 1 Processor -- start
2024-03-18T23:51:02.182 INFO:teuthology.orchestra.run.smithi042.stdout:/usr/bin/ceph: stderr
2024-03-18T23:51:00.906+0000 7f9175bf4700 1 -- start start
2024-03-18T23:51:02.182 INFO:teuthology.orchestra.run.smithi042.stdout:/usr/bin/ceph: stderr
2024-03-18T23:51:00.906+0000 7f9175bf4700 1 --2- >> [v2:172.21.15.42:3300/0,v1:172.21.15.42:6789/0] conn(0x7f9170108820 0x7f917019bca0 unknown :-1 s=NONE pgs=0 cs=0 l=1 rev1=0 crypto rx=0 tx=0 comp rx=0 tx=0).connect
2024-03-18T23:51:02.182 INFO:teuthology.orchestra.run.smithi042.stdout:/usr/bin/ceph: stderr
2024-03-18T23:51:00.906+0000 7f9175bf4700 1 -- --> [v2:172.21.15.42:3300/0,v1:172.21.15.42:6789/0] -- mon_getmap magic: 0 -- 0x7f917010c1b0 con 0x7f9170108820
2024-03-18T23:51:02.182 INFO:teuthology.orchestra.run.smithi042.stdout:/usr/bin/ceph: stderr
2024-03-18T23:51:00.907+0000 7f916f7fe700 1 --2- >> [v2:172.21.15.42:3300/0,v1:172.21.15.42:6789/0] conn(0x7f9170108820 0x7f917019bca0 unknown :-1 s=BANNER_CONNECTING pgs=0 cs=0 l=1 rev1=0 crypto rx=0 tx=0 comp rx=0 tx=0)._handle_peer_banner_payload supported=3 required=0
2024-03-18T23:51:02.182 INFO:teuthology.orchestra.run.smithi042.stdout:/usr/bin/ceph: stderr
2024-03-18T23:51:00.907+0000 7f916f7fe700 1 --2- >> [v2:172.21.15.42:3300/0,v1:172.21.15.42:6789/0] conn(0x7f9170108820 0x7f917019bca0 unknown :-1 s=HELLO_CONNECTING pgs=0 cs=0 l=1 rev1=1 crypto rx=0 tx=0 comp rx=0 tx=0).handle_hello peer v2:172.21.15.42:3300/0 says I am v2:172.21.15.42:49250/0 (socket says 172.21.15.42:49250)
2024-03-18T23:51:02.182 INFO:teuthology.orchestra.run.smithi042.stdout:/usr/bin/ceph: stderr
2024-03-18T23:51:00.907+0000 7f916f7fe700 1 -- 172.21.15.42:0/2054138401 learned_addr learned my addr 172.21.15.42:0/2054138401 (peer_addr_for_me v2:172.21.15.42:0/0)
2024-03-18T23:51:02.182 INFO:teuthology.orchestra.run.smithi042.stdout:/usr/bin/ceph: stderr
2024-03-18T23:51:00.907+0000 7f916f7fe700 1 -- 172.21.15.42:0/2054138401 --> [v2:172.21.15.42:3300/0,v1:172.21.15.42:6789/0] -- mon_subscribe({config=0+,monmap=0+}) -- 0x7f917019c1e0 con 0x7f9170108820
2024-03-18T23:51:02.182 INFO:teuthology.orchestra.run.smithi042.stdout:/usr/bin/ceph: stderr
2024-03-18T23:51:00.907+0000 7f916f7fe700 1 --2- 172.21.15.42:0/2054138401 >> [v2:172.21.15.42:3300/0,v1:172.21.15.42:6789/0] conn(0x7f9170108820 0x7f917019bca0 secure :-1 s=READY pgs=54 cs=0 l=1 rev1=1 crypto rx=0x7f91600117e0 tx=0x7f9160011ba0 comp rx=0 tx=0).ready entity=mon.0 client_cookie=0 server_cookie=0 in_seq=0 out_seq=0
2024-03-18T23:51:02.182 INFO:teuthology.orchestra.run.smithi042.stdout:/usr/bin/ceph: stderr
2024-03-18T23:51:00.907+0000 7f916cff9700 1 -- 172.21.15.42:0/2054138401 <== mon.0 v2:172.21.15.42:3300/0 1 ==== mon_map magic: 0 ==== 205+0+0 (secure 0 0 0) 0x7f9160003ba0 con 0x7f9170108820
2024-03-18T23:51:02.183 INFO:teuthology.orchestra.run.smithi042.stdout:/usr/bin/ceph: stderr
2024-03-18T23:51:00.907+0000 7f9175bf4700 1 -- 172.21.15.42:0/2054138401 --> [v2:172.21.15.42:3300/0,v1:172.21.15.42:6789/0] -- mon_subscribe({mgrmap=0+}) -- 0x7f917019c470 con 0x7f9170108820
2024-03-18T23:51:02.183 INFO:teuthology.orchestra.run.smithi042.stdout:/usr/bin/ceph: stderr
2024-03-18T23:51:00.907+0000 7f916cff9700 1 -- 172.21.15.42:0/2054138401 <== mon.0 v2:172.21.15.42:3300/0 2 ==== config(27 keys) ==== 1140+0+0 (secure 0 0 0) 0x7f916001a910 con 0x7f9170108820
2024-03-18T23:51:02.183 INFO:teuthology.orchestra.run.smithi042.stdout:/usr/bin/ceph: stderr
2024-03-18T23:51:00.907+0000 7f916cff9700 1 -- 172.21.15.42:0/2054138401 <== mon.0 v2:172.21.15.42:3300/0 3 ==== mon_map magic: 0 ==== 205+0+0 (secure 0 0 0) 0x7f91600248f0 con 0x7f9170108820
2024-03-18T23:51:02.183 INFO:teuthology.orchestra.run.smithi042.stdout:/usr/bin/ceph: stderr
2024-03-18T23:51:00.907+0000 7f9175bf4700 1 -- 172.21.15.42:0/2054138401 --> [v2:172.21.15.42:3300/0,v1:172.21.15.42:6789/0] -- mon_subscribe({osdmap=0}) -- 0x7f917019c8d0 con 0x7f9170108820
2024-03-18T23:51:02.183 INFO:teuthology.orchestra.run.smithi042.stdout:/usr/bin/ceph: stderr
2024-03-18T23:51:00.908+0000 7f916cff9700 1 -- 172.21.15.42:0/2054138401 <== mon.0 v2:172.21.15.42:3300/0 4 ==== mgrmap(e 8) ==== 46106+0+0 (secure 0 0 0) 0x7f9160022020 con 0x7f9170108820
2024-03-18T23:51:02.183 INFO:teuthology.orchestra.run.smithi042.stdout:/usr/bin/ceph: stderr
2024-03-18T23:51:00.908+0000 7f9175bf4700 1 -- 172.21.15.42:0/2054138401 --> [v2:172.21.15.42:3300/0,v1:172.21.15.42:6789/0] -- mon_command({"prefix": "get_command_descriptions"} v 0) -- 0x7f9170063940 con 0x7f9170108820
2024-03-18T23:51:02.183 INFO:teuthology.orchestra.run.smithi042.stdout:/usr/bin/ceph: stderr
2024-03-18T23:51:00.908+0000 7f916cff9700 1 --2- 172.21.15.42:0/2054138401 >> [v2:172.21.15.42:6800/510266948,v1:172.21.15.42:6801/510266948] conn(0x7f9158038f20 0x7f915803b3e0 unknown :-1 s=NONE pgs=0 cs=0 l=1 rev1=0 crypto rx=0 tx=0 comp rx=0 tx=0).connect
2024-03-18T23:51:02.183 INFO:teuthology.orchestra.run.smithi042.stdout:/usr/bin/ceph: stderr
2024-03-18T23:51:00.909+0000 7f916cff9700 1 -- 172.21.15.42:0/2054138401 <== mon.0 v2:172.21.15.42:3300/0 5 ==== osd_map(2..2 src has 1..2) ==== 940+0+0 (secure 0 0 0) 0x7f916004d680 con 0x7f9170108820
2024-03-18T23:51:02.183 INFO:teuthology.orchestra.run.smithi042.stdout:/usr/bin/ceph: stderr
2024-03-18T23:51:00.909+0000 7f916effd700 1 --2- 172.21.15.42:0/2054138401 >> [v2:172.21.15.42:6800/510266948,v1:172.21.15.42:6801/510266948] conn(0x7f9158038f20 0x7f915803b3e0 unknown :-1 s=BANNER_CONNECTING pgs=0 cs=0 l=1 rev1=0 crypto rx=0 tx=0 comp rx=0 tx=0)._handle_peer_banner_payload supported=3 required=0
2024-03-18T23:51:02.183 INFO:teuthology.orchestra.run.smithi042.stdout:/usr/bin/ceph: stderr
2024-03-18T23:51:00.909+0000 7f916effd700 1 --2- 172.21.15.42:0/2054138401 >> [v2:172.21.15.42:6800/510266948,v1:172.21.15.42:6801/510266948] conn(0x7f9158038f20 0x7f915803b3e0 secure :-1 s=READY pgs=15 cs=0 l=1 rev1=1 crypto rx=0x7f9164006fd0 tx=0x7f9164006e40 comp rx=0 tx=0).ready entity=mgr.14120 client_cookie=0 server_cookie=0 in_seq=0 out_seq=0
2024-03-18T23:51:02.183 INFO:teuthology.orchestra.run.smithi042.stdout:/usr/bin/ceph: stderr
2024-03-18T23:51:00.918+0000 7f916cff9700 1 -- 172.21.15.42:0/2054138401 <== mon.0 v2:172.21.15.42:3300/0 6 ==== mon_command_ack([{"prefix": "get_command_descriptions"}]=0 v0) ==== 72+0+186149 (secure 0 0 0) 0x7f91600172b0 con 0x7f9170108820
2024-03-18T23:51:02.183 INFO:teuthology.orchestra.run.smithi042.stdout:/usr/bin/ceph: stderr
2024-03-18T23:51:01.147+0000 7f9175bf4700 1 -- 172.21.15.42:0/2054138401 --> [v2:172.21.15.42:3300/0,v1:172.21.15.42:6789/0] -- mon_command([{prefix=config set, name=mgr/dashboard/ssl_server_port}] v 0) -- 0x7f917019f340 con 0x7f9170108820
2024-03-18T23:51:02.184 INFO:teuthology.orchestra.run.smithi042.stdout:/usr/bin/ceph: stderr
2024-03-18T23:51:01.150+0000 7f916cff9700 1 -- 172.21.15.42:0/2054138401 <== mon.0 v2:172.21.15.42:3300/0 7 ==== mon_command_ack([{prefix=config set, name=mgr/dashboard/ssl_server_port}]=0 v8)=0 v8) ==== 130+0+0 (secure 0 0 0) 0x7f916000b5a0 con 0x7f9170108820
2024-03-18T23:51:02.184 INFO:teuthology.orchestra.run.smithi042.stdout:/usr/bin/ceph: stderr
2024-03-18T23:51:01.152+0000 7f9175bf4700 1 -- 172.21.15.42:0/2054138401 >> [v2:172.21.15.42:6800/510266948,v1:172.21.15.42:6801/510266948] conn(0x7f9158038f20 msgr2=0x7f915803b3e0 secure :-1 s=STATE_CONNECTION_ESTABLISHED l=1).mark_down
2024-03-18T23:51:02.184 INFO:teuthology.orchestra.run.smithi042.stdout:/usr/bin/ceph: stderr
2024-03-18T23:51:01.152+0000 7f9175bf4700 1 --2- 172.21.15.42:0/2054138401 >> [v2:172.21.15.42:6800/510266948,v1:172.21.15.42:6801/510266948] conn(0x7f9158038f20 0x7f915803b3e0 secure :-1 s=READY pgs=15 cs=0 l=1 rev1=1 crypto rx=0x7f9164006fd0 tx=0x7f9164006e40 comp rx=0 tx=0).stop
2024-03-18T23:51:02.184 INFO:teuthology.orchestra.run.smithi042.stdout:/usr/bin/ceph: stderr
2024-03-18T23:51:01.152+0000 7f9175bf4700 1 -- 172.21.15.42:0/2054138401 >> [v2:172.21.15.42:3300/0,v1:172.21.15.42:6789/0] conn(0x7f9170108820 msgr2=0x7f917019bca0 secure :-1 s=STATE_CONNECTION_ESTABLISHED l=1).mark_down
2024-03-18T23:51:02.184 INFO:teuthology.orchestra.run.smithi042.stdout:/usr/bin/ceph: stderr
2024-03-18T23:51:01.152+0000 7f9175bf4700 1 --2- 172.21.15.42:0/2054138401 >> [v2:172.21.15.42:3300/0,v1:172.21.15.42:6789/0] conn(0x7f9170108820 0x7f917019bca0 secure :-1 s=READY pgs=54 cs=0 l=1 rev1=1 crypto rx=0x7f91600117e0 tx=0x7f9160011ba0 comp rx=0 tx=0).stop
2024-03-18T23:51:02.184 INFO:teuthology.orchestra.run.smithi042.stdout:/usr/bin/ceph: stderr
2024-03-18T23:51:01.153+0000 7f9175bf4700 1 -- 172.21.15.42:0/2054138401 shutdown_connections
2024-03-18T23:51:02.184 INFO:teuthology.orchestra.run.smithi042.stdout:/usr/bin/ceph: stderr
2024-03-18T23:51:01.153+0000 7f9175bf4700 1 --2- 172.21.15.42:0/2054138401 >> [v2:172.21.15.42:6800/510266948,v1:172.21.15.42:6801/510266948] conn(0x7f9158038f20 0x7f915803b3e0 unknown :-1 s=CLOSED pgs=15 cs=0 l=1 rev1=1 crypto rx=0 tx=0 comp rx=0 tx=0).stop
2024-03-18T23:51:02.184 INFO:teuthology.orchestra.run.smithi042.stdout:/usr/bin/ceph: stderr
2024-03-18T23:51:01.153+0000 7f9175bf4700 1 --2- 172.21.15.42:0/2054138401 >> [v2:172.21.15.42:3300/0,v1:172.21.15.42:6789/0] conn(0x7f9170108820 0x7f917019bca0 unknown :-1 s=CLOSED pgs=54 cs=0 l=1 rev1=1 crypto rx=0 tx=0 comp rx=0 tx=0).stop
2024-03-18T23:51:02.184 INFO:teuthology.orchestra.run.smithi042.stdout:/usr/bin/ceph: stderr
2024-03-18T23:51:01.153+0000 7f9175bf4700 1 -- 172.21.15.42:0/2054138401 >> 172.21.15.42:0/2054138401 conn(0x7f9170102210 msgr2=0x7f9170102c90 unknown :-1 s=STATE_NONE l=0).mark_down
2024-03-18T23:51:02.184 INFO:teuthology.orchestra.run.smithi042.stdout:/usr/bin/ceph: stderr
2024-03-18T23:51:01.153+0000 7f9175bf4700 1 -- 172.21.15.42:0/2054138401 shutdown_connections
2024-03-18T23:51:02.184 INFO:teuthology.orchestra.run.smithi042.stdout:/usr/bin/ceph: stderr
2024-03-18T23:51:01.153+0000 7f9175bf4700 1 -- 172.21.15.42:0/2054138401 wait complete.
2024-03-18T23:51:02.184 INFO:teuthology.orchestra.run.smithi042.stdout:Enabling the dashboard module...
2024-03-18T23:51:03.698 INFO:journalctl@ceph.mon.a.smithi042.stdout:Mar 18 23:51:03 smithi042 ceph-mon[32106]: from='mgr.14120 172.21.15.42:0/1051253188' entity='mgr.x'
2024-03-18T23:51:03.698 INFO:journalctl@ceph.mon.a.smithi042.stdout:Mar 18 23:51:03 smithi042 ceph-mon[32106]: from='client.? 172.21.15.42:0/2202942435' entity='client.admin' cmd=[{"prefix": "mgr module enable", "module": "dashboard"}]: dispatch
2024-03-18T23:51:03.698 INFO:journalctl@ceph.mgr.x.smithi042.stdout:Mar 18 23:51:03 smithi042 ceph-227893f6-e582-11ee-95c9-87774f69a715-mgr-x[32344]: ignoring --setuser ceph since I am not root
2024-03-18T23:51:03.698 INFO:journalctl@ceph.mgr.x.smithi042.stdout:Mar 18 23:51:03 smithi042 ceph-227893f6-e582-11ee-95c9-87774f69a715-mgr-x[32344]: ignoring --setgroup ceph since I am not root
2024-03-18T23:51:04.053 INFO:teuthology.orchestra.run.smithi042.stdout:/usr/bin/ceph: stderr
2024-03-18T23:51:02.613+0000 7f6b4741c700 1 Processor -- start
2024-03-18T23:51:04.053 INFO:teuthology.orchestra.run.smithi042.stdout:/usr/bin/ceph: stderr
2024-03-18T23:51:02.613+0000 7f6b4741c700 1 -- start start
2024-03-18T23:51:04.053 INFO:teuthology.orchestra.run.smithi042.stdout:/usr/bin/ceph: stderr
2024-03-18T23:51:02.613+0000 7f6b4741c700 1 --2- >> [v2:172.21.15.42:3300/0,v1:172.21.15.42:6789/0] conn(0x7f6b40108850 0x7f6b4010ac40 unknown :-1 s=NONE pgs=0 cs=0 l=0 rev1=0 crypto rx=0 tx=0 comp rx=0 tx=0).connect
2024-03-18T23:51:04.053 INFO:teuthology.orchestra.run.smithi042.stdout:/usr/bin/ceph: stderr
2024-03-18T23:51:02.613+0000 7f6b4741c700 1 -- --> [v2:172.21.15.42:3300/0,v1:172.21.15.42:6789/0] -- mon_getmap magic: 0 -- 0x7f6b4007be70 con 0x7f6b40108850
2024-03-18T23:51:04.054 INFO:teuthology.orchestra.run.smithi042.stdout:/usr/bin/ceph: stderr
2024-03-18T23:51:02.614+0000 7f6b451b8700 1 --2- >> [v2:172.21.15.42:3300/0,v1:172.21.15.42:6789/0] conn(0x7f6b40108850 0x7f6b4010ac40 unknown :-1 s=BANNER_CONNECTING pgs=0 cs=0 l=0 rev1=0 crypto rx=0 tx=0 comp rx=0 tx=0)._handle_peer_banner_payload supported=3 required=0
2024-03-18T23:51:04.054 INFO:teuthology.orchestra.run.smithi042.stdout:/usr/bin/ceph: stderr
2024-03-18T23:51:02.614+0000 7f6b451b8700 1 --2- >> [v2:172.21.15.42:3300/0,v1:172.21.15.42:6789/0] conn(0x7f6b40108850 0x7f6b4010ac40 unknown :-1 s=HELLO_CONNECTING pgs=0 cs=0 l=0 rev1=1 crypto rx=0 tx=0 comp rx=0 tx=0).handle_hello peer v2:172.21.15.42:3300/0 says I am v2:172.21.15.42:37944/0 (socket says 172.21.15.42:37944)
2024-03-18T23:51:04.054 INFO:teuthology.orchestra.run.smithi042.stdout:/usr/bin/ceph: stderr
2024-03-18T23:51:02.614+0000 7f6b451b8700 1 -- 172.21.15.42:0/2404146063 learned_addr learned my addr 172.21.15.42:0/2404146063 (peer_addr_for_me v2:172.21.15.42:0/0)
2024-03-18T23:51:04.054 INFO:teuthology.orchestra.run.smithi042.stdout:/usr/bin/ceph: stderr
2024-03-18T23:51:02.614+0000 7f6b451b8700 1 -- 172.21.15.42:0/2404146063 --> [v2:172.21.15.42:3300/0,v1:172.21.15.42:6789/0] -- mon_subscribe({config=0+,monmap=0+}) -- 0x7f6b4010b180 con 0x7f6b40108850
2024-03-18T23:51:04.054 INFO:teuthology.orchestra.run.smithi042.stdout:/usr/bin/ceph: stderr
2024-03-18T23:51:02.614+0000 7f6b451b8700 1 --2- 172.21.15.42:0/2404146063 >> [v2:172.21.15.42:3300/0,v1:172.21.15.42:6789/0] conn(0x7f6b40108850 0x7f6b4010ac40 secure :-1 s=READY pgs=55 cs=0 l=1 rev1=1 crypto rx=0x7f6b3c0098a0 tx=0x7f6b3c009bb0 comp rx=0 tx=0).ready entity=mon.0 client_cookie=452fda5b7c933e84 server_cookie=0 in_seq=0 out_seq=0
2024-03-18T23:51:04.054 INFO:teuthology.orchestra.run.smithi042.stdout:/usr/bin/ceph: stderr
2024-03-18T23:51:02.614+0000 7f6b33fff700 1 -- 172.21.15.42:0/2404146063 <== mon.0 v2:172.21.15.42:3300/0 1 ==== mon_map magic: 0 ==== 205+0+0 (secure 0 0 0) 0x7f6b3c004160 con 0x7f6b40108850
2024-03-18T23:51:04.054 INFO:teuthology.orchestra.run.smithi042.stdout:/usr/bin/ceph: stderr
2024-03-18T23:51:02.614+0000 7f6b33fff700 1 -- 172.21.15.42:0/2404146063 <== mon.0 v2:172.21.15.42:3300/0 2 ==== config(27 keys) ==== 1140+0+0 (secure 0 0 0) 0x7f6b3c004300 con 0x7f6b40108850
2024-03-18T23:51:04.054 INFO:teuthology.orchestra.run.smithi042.stdout:/usr/bin/ceph: stderr
2024-03-18T23:51:02.614+0000 7f6b33fff700 1 -- 172.21.15.42:0/2404146063 <== mon.0 v2:172.21.15.42:3300/0 3 ==== mon_map magic: 0 ==== 205+0+0 (secure 0 0 0) 0x7f6b3c011b20 con 0x7f6b40108850
2024-03-18T23:51:04.054 INFO:teuthology.orchestra.run.smithi042.stdout:/usr/bin/ceph: stderr
2024-03-18T23:51:02.615+0000 7f6b4741c700 1 -- 172.21.15.42:0/2404146063 >> [v2:172.21.15.42:3300/0,v1:172.21.15.42:6789/0] conn(0x7f6b40108850 msgr2=0x7f6b4010ac40 secure :-1 s=STATE_CONNECTION_ESTABLISHED l=1).mark_down
2024-03-18T23:51:04.054 INFO:teuthology.orchestra.run.smithi042.stdout:/usr/bin/ceph: stderr
2024-03-18T23:51:02.615+0000 7f6b4741c700 1 --2- 172.21.15.42:0/2404146063 >> [v2:172.21.15.42:3300/0,v1:172.21.15.42:6789/0] conn(0x7f6b40108850 0x7f6b4010ac40 secure :-1 s=READY pgs=55 cs=0 l=1 rev1=1 crypto rx=0x7f6b3c0098a0 tx=0x7f6b3c009bb0 comp rx=0 tx=0).stop
2024-03-18T23:51:04.054 INFO:teuthology.orchestra.run.smithi042.stdout:/usr/bin/ceph: stderr
2024-03-18T23:51:02.615+0000 7f6b4741c700 1 -- 172.21.15.42:0/2404146063 shutdown_connections
2024-03-18T23:51:04.054 INFO:teuthology.orchestra.run.smithi042.stdout:/usr/bin/ceph: stderr
2024-03-18T23:51:02.615+0000 7f6b4741c700 1 --2- 172.21.15.42:0/2404146063 >> [v2:172.21.15.42:3300/0,v1:172.21.15.42:6789/0] conn(0x7f6b40108850 0x7f6b4010ac40 unknown :-1 s=CLOSED pgs=55 cs=0 l=1 rev1=1 crypto rx=0 tx=0 comp rx=0 tx=0).stop
2024-03-18T23:51:04.054 INFO:teuthology.orchestra.run.smithi042.stdout:/usr/bin/ceph: stderr
2024-03-18T23:51:02.615+0000 7f6b4741c700 1 -- 172.21.15.42:0/2404146063 >> 172.21.15.42:0/2404146063 conn(0x7f6b40102220 msgr2=0x7f6b40104660 unknown :-1 s=STATE_NONE l=0).mark_down
2024-03-18T23:51:04.055 INFO:teuthology.orchestra.run.smithi042.stdout:/usr/bin/ceph: stderr
2024-03-18T23:51:02.615+0000 7f6b4741c700 1 -- 172.21.15.42:0/2404146063 shutdown_connections
2024-03-18T23:51:04.055 INFO:teuthology.orchestra.run.smithi042.stdout:/usr/bin/ceph: stderr
2024-03-18T23:51:02.615+0000 7f6b4741c700 1 -- 172.21.15.42:0/2404146063 wait complete.
2024-03-18T23:51:04.055 INFO:teuthology.orchestra.run.smithi042.stdout:/usr/bin/ceph: stderr
2024-03-18T23:51:02.616+0000 7f6b4741c700 1 Processor -- start
2024-03-18T23:51:04.055 INFO:teuthology.orchestra.run.smithi042.stdout:/usr/bin/ceph: stderr
2024-03-18T23:51:02.616+0000 7f6b4741c700 1 -- start start
2024-03-18T23:51:04.055 INFO:teuthology.orchestra.run.smithi042.stdout:/usr/bin/ceph: stderr
2024-03-18T23:51:02.616+0000 7f6b4741c700 1 --2- >> [v2:172.21.15.42:3300/0,v1:172.21.15.42:6789/0] conn(0x7f6b40108850 0x7f6b4019bc90 unknown :-1 s=NONE pgs=0 cs=0 l=1 rev1=0 crypto rx=0 tx=0 comp rx=0 tx=0).connect
2024-03-18T23:51:04.055 INFO:teuthology.orchestra.run.smithi042.stdout:/usr/bin/ceph: stderr
2024-03-18T23:51:02.616+0000 7f6b4741c700 1 -- --> [v2:172.21.15.42:3300/0,v1:172.21.15.42:6789/0] -- mon_getmap magic: 0 -- 0x7f6b4010c190 con 0x7f6b40108850
2024-03-18T23:51:04.055 INFO:teuthology.orchestra.run.smithi042.stdout:/usr/bin/ceph: stderr
2024-03-18T23:51:02.616+0000 7f6b451b8700 1 --2- >> [v2:172.21.15.42:3300/0,v1:172.21.15.42:6789/0] conn(0x7f6b40108850 0x7f6b4019bc90 unknown :-1 s=BANNER_CONNECTING pgs=0 cs=0 l=1 rev1=0 crypto rx=0 tx=0 comp rx=0 tx=0)._handle_peer_banner_payload supported=3 required=0
2024-03-18T23:51:04.055 INFO:teuthology.orchestra.run.smithi042.stdout:/usr/bin/ceph: stderr
2024-03-18T23:51:02.616+0000 7f6b451b8700 1 --2- >> [v2:172.21.15.42:3300/0,v1:172.21.15.42:6789/0] conn(0x7f6b40108850 0x7f6b4019bc90 unknown :-1 s=HELLO_CONNECTING pgs=0 cs=0 l=1 rev1=1 crypto rx=0 tx=0 comp rx=0 tx=0).handle_hello peer v2:172.21.15.42:3300/0 says I am v2:172.21.15.42:37950/0 (socket says 172.21.15.42:37950)
2024-03-18T23:51:04.055 INFO:teuthology.orchestra.run.smithi042.stdout:/usr/bin/ceph: stderr
2024-03-18T23:51:02.616+0000 7f6b451b8700 1 -- 172.21.15.42:0/2202942435 learned_addr learned my addr 172.21.15.42:0/2202942435 (peer_addr_for_me v2:172.21.15.42:0/0)
2024-03-18T23:51:04.055 INFO:teuthology.orchestra.run.smithi042.stdout:/usr/bin/ceph: stderr
2024-03-18T23:51:02.616+0000 7f6b451b8700 1 -- 172.21.15.42:0/2202942435 --> [v2:172.21.15.42:3300/0,v1:172.21.15.42:6789/0] -- mon_subscribe({config=0+,monmap=0+}) -- 0x7f6b4019c1d0 con 0x7f6b40108850
2024-03-18T23:51:04.055 INFO:teuthology.orchestra.run.smithi042.stdout:/usr/bin/ceph: stderr
2024-03-18T23:51:02.617+0000 7f6b451b8700 1 --2- 172.21.15.42:0/2202942435 >> [v2:172.21.15.42:3300/0,v1:172.21.15.42:6789/0] conn(0x7f6b40108850 0x7f6b4019bc90 secure :-1 s=READY pgs=56 cs=0 l=1 rev1=1 crypto rx=0x7f6b3c0117e0 tx=0x7f6b3c011c10 comp rx=0 tx=0).ready entity=mon.0 client_cookie=0 server_cookie=0 in_seq=0 out_seq=0
2024-03-18T23:51:04.055 INFO:teuthology.orchestra.run.smithi042.stdout:/usr/bin/ceph: stderr
2024-03-18T23:51:02.617+0000 7f6b327fc700 1 -- 172.21.15.42:0/2202942435 <== mon.0 v2:172.21.15.42:3300/0 1 ==== mon_map magic: 0 ==== 205+0+0 (secure 0 0 0) 0x7f6b3c003bf0 con 0x7f6b40108850
2024-03-18T23:51:04.055 INFO:teuthology.orchestra.run.smithi042.stdout:/usr/bin/ceph: stderr
2024-03-18T23:51:02.617+0000 7f6b4741c700 1 -- 172.21.15.42:0/2202942435 --> [v2:172.21.15.42:3300/0,v1:172.21.15.42:6789/0] -- mon_subscribe({mgrmap=0+}) -- 0x7f6b4019c460 con 0x7f6b40108850
2024-03-18T23:51:04.055 INFO:teuthology.orchestra.run.smithi042.stdout:/usr/bin/ceph: stderr
2024-03-18T23:51:02.617+0000 7f6b327fc700 1 -- 172.21.15.42:0/2202942435 <== mon.0 v2:172.21.15.42:3300/0 2 ==== config(27 keys) ==== 1140+0+0 (secure 0 0 0) 0x7f6b3c01a910 con 0x7f6b40108850
2024-03-18T23:51:04.056 INFO:teuthology.orchestra.run.smithi042.stdout:/usr/bin/ceph: stderr
2024-03-18T23:51:02.617+0000 7f6b327fc700 1 -- 172.21.15.42:0/2202942435 <== mon.0 v2:172.21.15.42:3300/0 3 ==== mon_map magic: 0 ==== 205+0+0 (secure 0 0 0) 0x7f6b3c024970 con 0x7f6b40108850
2024-03-18T23:51:04.056 INFO:teuthology.orchestra.run.smithi042.stdout:/usr/bin/ceph: stderr
2024-03-18T23:51:02.617+0000 7f6b4741c700 1 -- 172.21.15.42:0/2202942435 --> [v2:172.21.15.42:3300/0,v1:172.21.15.42:6789/0] -- mon_subscribe({osdmap=0}) -- 0x7f6b4019c8c0 con 0x7f6b40108850
2024-03-18T23:51:04.056 INFO:teuthology.orchestra.run.smithi042.stdout:/usr/bin/ceph: stderr
2024-03-18T23:51:02.618+0000 7f6b327fc700 1 -- 172.21.15.42:0/2202942435 <== mon.0 v2:172.21.15.42:3300/0 4 ==== mgrmap(e 8) ==== 46106+0+0 (secure 0 0 0) 0x7f6b3c022020 con 0x7f6b40108850
2024-03-18T23:51:04.056 INFO:teuthology.orchestra.run.smithi042.stdout:/usr/bin/ceph: stderr
