2024-03-18T23:51:16.328+0000 7f0b46ffd700 1 --2- 172.21.15.42:0/2996603795 >> [v2:172.21.15.42:6800/3857759877,v1:172.21.15.42:6801/3857759877] conn(0x7f0b30038f20 0x7f0b3003b3e0 unknown :-1 s=BANNER_CONNECTING pgs=0 cs=0 l=1 rev1=0 crypto rx=0 tx=0 comp rx=0 tx=0)._handle_peer_banner_payload supported=3 required=0
2024-03-18T23:51:17.133 INFO:teuthology.orchestra.run.smithi042.stdout:/usr/bin/ceph: stderr
2024-03-18T23:51:16.328+0000 7f0b46ffd700 1 --2- 172.21.15.42:0/2996603795 >> [v2:172.21.15.42:6800/3857759877,v1:172.21.15.42:6801/3857759877] conn(0x7f0b30038f20 0x7f0b3003b3e0 secure :-1 s=READY pgs=9 cs=0 l=1 rev1=1 crypto rx=0x7f0b3c006fd0 tx=0x7f0b3c006e40 comp rx=0 tx=0).ready entity=mgr.14152 client_cookie=0 server_cookie=0 in_seq=0 out_seq=0
2024-03-18T23:51:17.133 INFO:teuthology.orchestra.run.smithi042.stdout:/usr/bin/ceph: stderr
2024-03-18T23:51:16.333+0000 7f0b44ff9700 1 -- 172.21.15.42:0/2996603795 <== mon.0 v2:172.21.15.42:3300/0 6 ==== mon_command_ack([{"prefix": "get_command_descriptions"}]=0 v0) ==== 72+0+186149 (secure 0 0 0) 0x7f0b38011e20 con 0x7f0b48106400
2024-03-18T23:51:17.134 INFO:teuthology.orchestra.run.smithi042.stdout:/usr/bin/ceph: stderr
2024-03-18T23:51:16.539+0000 7f0b4e186700 1 -- 172.21.15.42:0/2996603795 --> [v2:172.21.15.42:3300/0,v1:172.21.15.42:6789/0] -- mon_command({"prefix": "config get", "who": "mgr", "key": "mgr/dashboard/ssl_server_port"} v 0) -- 0x7f0b481955b0 con 0x7f0b48106400
2024-03-18T23:51:17.134 INFO:teuthology.orchestra.run.smithi042.stdout:/usr/bin/ceph: stderr
2024-03-18T23:51:16.541+0000 7f0b44ff9700 1 -- 172.21.15.42:0/2996603795 <== mon.0 v2:172.21.15.42:3300/0 7 ==== mgrmap(e 13) ==== 46162+0+0 (secure 0 0 0) 0x7f0b38016ca0 con 0x7f0b48106400
2024-03-18T23:51:17.134 INFO:teuthology.orchestra.run.smithi042.stdout:/usr/bin/ceph: stderr
2024-03-18T23:51:16.542+0000 7f0b44ff9700 1 -- 172.21.15.42:0/2996603795 <== mon.0 v2:172.21.15.42:3300/0 8 ==== mon_command_ack([{"prefix": "config get", "who": "mgr", "key": "mgr/dashboard/ssl_server_port"}]=0 v8) ==== 112+0+5 (secure 0 0 0) 0x7f0b3800b3e0 con 0x7f0b48106400
2024-03-18T23:51:17.134 INFO:teuthology.orchestra.run.smithi042.stdout:/usr/bin/ceph: stderr
2024-03-18T23:51:16.544+0000 7f0b4e186700 1 -- 172.21.15.42:0/2996603795 >> [v2:172.21.15.42:6800/3857759877,v1:172.21.15.42:6801/3857759877] conn(0x7f0b30038f20 msgr2=0x7f0b3003b3e0 secure :-1 s=STATE_CONNECTION_ESTABLISHED l=1).mark_down
2024-03-18T23:51:17.134 INFO:teuthology.orchestra.run.smithi042.stdout:/usr/bin/ceph: stderr
2024-03-18T23:51:16.544+0000 7f0b4e186700 1 --2- 172.21.15.42:0/2996603795 >> [v2:172.21.15.42:6800/3857759877,v1:172.21.15.42:6801/3857759877] conn(0x7f0b30038f20 0x7f0b3003b3e0 secure :-1 s=READY pgs=9 cs=0 l=1 rev1=1 crypto rx=0x7f0b3c006fd0 tx=0x7f0b3c006e40 comp rx=0 tx=0).stop
2024-03-18T23:51:17.134 INFO:teuthology.orchestra.run.smithi042.stdout:/usr/bin/ceph: stderr
2024-03-18T23:51:16.544+0000 7f0b4e186700 1 -- 172.21.15.42:0/2996603795 >> [v2:172.21.15.42:3300/0,v1:172.21.15.42:6789/0] conn(0x7f0b48106400 msgr2=0x7f0b4818efc0 secure :-1 s=STATE_CONNECTION_ESTABLISHED l=1).mark_down
2024-03-18T23:51:17.134 INFO:teuthology.orchestra.run.smithi042.stdout:/usr/bin/ceph: stderr
2024-03-18T23:51:16.544+0000 7f0b4e186700 1 --2- 172.21.15.42:0/2996603795 >> [v2:172.21.15.42:3300/0,v1:172.21.15.42:6789/0] conn(0x7f0b48106400 0x7f0b4818efc0 secure :-1 s=READY pgs=75 cs=0 l=1 rev1=1 crypto rx=0x7f0b380117e0 tx=0x7f0b38011c10 comp rx=0 tx=0).stop
2024-03-18T23:51:17.134 INFO:teuthology.orchestra.run.smithi042.stdout:/usr/bin/ceph: stderr
2024-03-18T23:51:16.544+0000 7f0b4e186700 1 -- 172.21.15.42:0/2996603795 shutdown_connections
2024-03-18T23:51:17.134 INFO:teuthology.orchestra.run.smithi042.stdout:/usr/bin/ceph: stderr
2024-03-18T23:51:16.544+0000 7f0b4e186700 1 --2- 172.21.15.42:0/2996603795 >> [v2:172.21.15.42:6800/3857759877,v1:172.21.15.42:6801/3857759877] conn(0x7f0b30038f20 0x7f0b3003b3e0 unknown :-1 s=CLOSED pgs=9 cs=0 l=1 rev1=1 crypto rx=0 tx=0 comp rx=0 tx=0).stop
2024-03-18T23:51:17.134 INFO:teuthology.orchestra.run.smithi042.stdout:/usr/bin/ceph: stderr
2024-03-18T23:51:16.544+0000 7f0b4e186700 1 --2- 172.21.15.42:0/2996603795 >> [v2:172.21.15.42:3300/0,v1:172.21.15.42:6789/0] conn(0x7f0b48106400 0x7f0b4818efc0 unknown :-1 s=CLOSED pgs=75 cs=0 l=1 rev1=1 crypto rx=0 tx=0 comp rx=0 tx=0).stop
2024-03-18T23:51:17.134 INFO:teuthology.orchestra.run.smithi042.stdout:/usr/bin/ceph: stderr
2024-03-18T23:51:16.544+0000 7f0b4e186700 1 -- 172.21.15.42:0/2996603795 >> 172.21.15.42:0/2996603795 conn(0x7f0b481019e0 msgr2=0x7f0b481928d0 unknown :-1 s=STATE_NONE l=0).mark_down
2024-03-18T23:51:17.134 INFO:teuthology.orchestra.run.smithi042.stdout:/usr/bin/ceph: stderr
2024-03-18T23:51:16.545+0000 7f0b4e186700 1 -- 172.21.15.42:0/2996603795 shutdown_connections
2024-03-18T23:51:17.135 INFO:teuthology.orchestra.run.smithi042.stdout:/usr/bin/ceph: stderr
2024-03-18T23:51:16.545+0000 7f0b4e186700 1 -- 172.21.15.42:0/2996603795 wait complete.
2024-03-18T23:51:17.137 INFO:teuthology.orchestra.run.smithi042.stdout:Non-zero exit code 1 from systemctl is-enabled firewalld.service
2024-03-18T23:51:17.137 INFO:teuthology.orchestra.run.smithi042.stdout:systemctl: stdout disabled
2024-03-18T23:51:17.144 INFO:teuthology.orchestra.run.smithi042.stdout:Non-zero exit code 3 from systemctl is-active firewalld.service
2024-03-18T23:51:17.144 INFO:teuthology.orchestra.run.smithi042.stdout:systemctl: stdout inactive
2024-03-18T23:51:17.144 INFO:teuthology.orchestra.run.smithi042.stdout:firewalld.service is not enabled
2024-03-18T23:51:17.144 INFO:teuthology.orchestra.run.smithi042.stdout:Not possible to open ports <[8443]>. firewalld.service is not available
2024-03-18T23:51:17.146 INFO:teuthology.orchestra.run.smithi042.stdout:Ceph Dashboard is now available at:
2024-03-18T23:51:17.146 INFO:teuthology.orchestra.run.smithi042.stdout:
2024-03-18T23:51:17.146 INFO:teuthology.orchestra.run.smithi042.stdout: URL: https://smithi042.front.sepia.ceph.com:8443/
2024-03-18T23:51:17.146 INFO:teuthology.orchestra.run.smithi042.stdout: User: admin
2024-03-18T23:51:17.146 INFO:teuthology.orchestra.run.smithi042.stdout: Password: 2y35o18v0l
2024-03-18T23:51:17.146 INFO:teuthology.orchestra.run.smithi042.stdout:
2024-03-18T23:51:17.147 INFO:teuthology.orchestra.run.smithi042.stdout:Saving cluster configuration to /var/lib/ceph/227893f6-e582-11ee-95c9-87774f69a715/config directory
2024-03-18T23:51:17.147 INFO:teuthology.orchestra.run.smithi042.stdout:Enabling autotune for osd_memory_target
2024-03-18T23:51:17.709 INFO:journalctl@ceph.mon.a.smithi042.stdout:Mar 18 23:51:17 smithi042 ceph-mon[32106]: mgrmap e13: x(active, since 6s)
2024-03-18T23:51:17.709 INFO:journalctl@ceph.mon.a.smithi042.stdout:Mar 18 23:51:17 smithi042 ceph-mon[32106]: from='client.? 172.21.15.42:0/2996603795' entity='client.admin' cmd=[{"prefix": "config get", "who": "mgr", "key": "mgr/dashboard/ssl_server_port"}]: dispatch
2024-03-18T23:51:18.362 INFO:teuthology.orchestra.run.smithi042.stdout:/usr/bin/ceph: stderr
2024-03-18T23:51:17.566+0000 7fdac2e82700 1 Processor -- start
2024-03-18T23:51:18.363 INFO:teuthology.orchestra.run.smithi042.stdout:/usr/bin/ceph: stderr
2024-03-18T23:51:17.566+0000 7fdac2e82700 1 -- start start
2024-03-18T23:51:18.363 INFO:teuthology.orchestra.run.smithi042.stdout:/usr/bin/ceph: stderr
2024-03-18T23:51:17.566+0000 7fdac2e82700 1 --2- >> [v2:172.21.15.42:3300/0,v1:172.21.15.42:6789/0] conn(0x7fdabc1087e0 0x7fdabc10abd0 unknown :-1 s=NONE pgs=0 cs=0 l=0 rev1=0 crypto rx=0 tx=0 comp rx=0 tx=0).connect
2024-03-18T23:51:18.363 INFO:teuthology.orchestra.run.smithi042.stdout:/usr/bin/ceph: stderr
2024-03-18T23:51:17.566+0000 7fdac2e82700 1 -- --> [v2:172.21.15.42:3300/0,v1:172.21.15.42:6789/0] -- mon_getmap magic: 0 -- 0x7fdabc07bed0 con 0x7fdabc1087e0
2024-03-18T23:51:18.363 INFO:teuthology.orchestra.run.smithi042.stdout:/usr/bin/ceph: stderr
2024-03-18T23:51:17.567+0000 7fdac0c1e700 1 --2- >> [v2:172.21.15.42:3300/0,v1:172.21.15.42:6789/0] conn(0x7fdabc1087e0 0x7fdabc10abd0 unknown :-1 s=BANNER_CONNECTING pgs=0 cs=0 l=0 rev1=0 crypto rx=0 tx=0 comp rx=0 tx=0)._handle_peer_banner_payload supported=3 required=0
2024-03-18T23:51:18.363 INFO:teuthology.orchestra.run.smithi042.stdout:/usr/bin/ceph: stderr
2024-03-18T23:51:17.567+0000 7fdac0c1e700 1 --2- >> [v2:172.21.15.42:3300/0,v1:172.21.15.42:6789/0] conn(0x7fdabc1087e0 0x7fdabc10abd0 unknown :-1 s=HELLO_CONNECTING pgs=0 cs=0 l=0 rev1=1 crypto rx=0 tx=0 comp rx=0 tx=0).handle_hello peer v2:172.21.15.42:3300/0 says I am v2:172.21.15.42:49154/0 (socket says 172.21.15.42:49154)
2024-03-18T23:51:18.363 INFO:teuthology.orchestra.run.smithi042.stdout:/usr/bin/ceph: stderr
2024-03-18T23:51:17.567+0000 7fdac0c1e700 1 -- 172.21.15.42:0/1966103159 learned_addr learned my addr 172.21.15.42:0/1966103159 (peer_addr_for_me v2:172.21.15.42:0/0)
2024-03-18T23:51:18.363 INFO:teuthology.orchestra.run.smithi042.stdout:/usr/bin/ceph: stderr
2024-03-18T23:51:17.567+0000 7fdac0c1e700 1 -- 172.21.15.42:0/1966103159 --> [v2:172.21.15.42:3300/0,v1:172.21.15.42:6789/0] -- mon_subscribe({config=0+,monmap=0+}) -- 0x7fdabc10b110 con 0x7fdabc1087e0
2024-03-18T23:51:18.363 INFO:teuthology.orchestra.run.smithi042.stdout:/usr/bin/ceph: stderr
2024-03-18T23:51:17.567+0000 7fdac0c1e700 1 --2- 172.21.15.42:0/1966103159 >> [v2:172.21.15.42:3300/0,v1:172.21.15.42:6789/0] conn(0x7fdabc1087e0 0x7fdabc10abd0 secure :-1 s=READY pgs=76 cs=0 l=1 rev1=1 crypto rx=0x7fdab00098a0 tx=0x7fdab0009bb0 comp rx=0 tx=0).ready entity=mon.0 client_cookie=e74d9612903c983e server_cookie=0 in_seq=0 out_seq=0
2024-03-18T23:51:18.363 INFO:teuthology.orchestra.run.smithi042.stdout:/usr/bin/ceph: stderr
2024-03-18T23:51:17.567+0000 7fdabb7fe700 1 -- 172.21.15.42:0/1966103159 <== mon.0 v2:172.21.15.42:3300/0 1 ==== mon_map magic: 0 ==== 205+0+0 (secure 0 0 0) 0x7fdab0004160 con 0x7fdabc1087e0
2024-03-18T23:51:18.363 INFO:teuthology.orchestra.run.smithi042.stdout:/usr/bin/ceph: stderr
2024-03-18T23:51:17.567+0000 7fdabb7fe700 1 -- 172.21.15.42:0/1966103159 <== mon.0 v2:172.21.15.42:3300/0 2 ==== config(27 keys) ==== 1140+0+0 (secure 0 0 0) 0x7fdab0004300 con 0x7fdabc1087e0
2024-03-18T23:51:18.363 INFO:teuthology.orchestra.run.smithi042.stdout:/usr/bin/ceph: stderr
2024-03-18T23:51:17.567+0000 7fdabb7fe700 1 -- 172.21.15.42:0/1966103159 <== mon.0 v2:172.21.15.42:3300/0 3 ==== mon_map magic: 0 ==== 205+0+0 (secure 0 0 0) 0x7fdab0011b20 con 0x7fdabc1087e0
2024-03-18T23:51:18.363 INFO:teuthology.orchestra.run.smithi042.stdout:/usr/bin/ceph: stderr
2024-03-18T23:51:17.568+0000 7fdac2e82700 1 -- 172.21.15.42:0/1966103159 >> [v2:172.21.15.42:3300/0,v1:172.21.15.42:6789/0] conn(0x7fdabc1087e0 msgr2=0x7fdabc10abd0 secure :-1 s=STATE_CONNECTION_ESTABLISHED l=1).mark_down
2024-03-18T23:51:18.364 INFO:teuthology.orchestra.run.smithi042.stdout:/usr/bin/ceph: stderr
2024-03-18T23:51:17.568+0000 7fdac2e82700 1 --2- 172.21.15.42:0/1966103159 >> [v2:172.21.15.42:3300/0,v1:172.21.15.42:6789/0] conn(0x7fdabc1087e0 0x7fdabc10abd0 secure :-1 s=READY pgs=76 cs=0 l=1 rev1=1 crypto rx=0x7fdab00098a0 tx=0x7fdab0009bb0 comp rx=0 tx=0).stop
2024-03-18T23:51:18.364 INFO:teuthology.orchestra.run.smithi042.stdout:/usr/bin/ceph: stderr
2024-03-18T23:51:17.568+0000 7fdac2e82700 1 -- 172.21.15.42:0/1966103159 shutdown_connections
2024-03-18T23:51:18.364 INFO:teuthology.orchestra.run.smithi042.stdout:/usr/bin/ceph: stderr
2024-03-18T23:51:17.568+0000 7fdac2e82700 1 --2- 172.21.15.42:0/1966103159 >> [v2:172.21.15.42:3300/0,v1:172.21.15.42:6789/0] conn(0x7fdabc1087e0 0x7fdabc10abd0 unknown :-1 s=CLOSED pgs=76 cs=0 l=1 rev1=1 crypto rx=0 tx=0 comp rx=0 tx=0).stop
2024-03-18T23:51:18.364 INFO:teuthology.orchestra.run.smithi042.stdout:/usr/bin/ceph: stderr
2024-03-18T23:51:17.568+0000 7fdac2e82700 1 -- 172.21.15.42:0/1966103159 >> 172.21.15.42:0/1966103159 conn(0x7fdabc102210 msgr2=0x7fdabc104650 unknown :-1 s=STATE_NONE l=0).mark_down
2024-03-18T23:51:18.364 INFO:teuthology.orchestra.run.smithi042.stdout:/usr/bin/ceph: stderr
2024-03-18T23:51:17.568+0000 7fdac2e82700 1 -- 172.21.15.42:0/1966103159 shutdown_connections
2024-03-18T23:51:18.364 INFO:teuthology.orchestra.run.smithi042.stdout:/usr/bin/ceph: stderr
2024-03-18T23:51:17.568+0000 7fdac2e82700 1 -- 172.21.15.42:0/1966103159 wait complete.
2024-03-18T23:51:18.364 INFO:teuthology.orchestra.run.smithi042.stdout:/usr/bin/ceph: stderr
2024-03-18T23:51:17.568+0000 7fdac2e82700 1 Processor -- start
2024-03-18T23:51:18.364 INFO:teuthology.orchestra.run.smithi042.stdout:/usr/bin/ceph: stderr
2024-03-18T23:51:17.569+0000 7fdac2e82700 1 -- start start
2024-03-18T23:51:18.364 INFO:teuthology.orchestra.run.smithi042.stdout:/usr/bin/ceph: stderr
2024-03-18T23:51:17.569+0000 7fdac2e82700 1 --2- >> [v2:172.21.15.42:3300/0,v1:172.21.15.42:6789/0] conn(0x7fdabc1087e0 0x7fdabc19bca0 unknown :-1 s=NONE pgs=0 cs=0 l=1 rev1=0 crypto rx=0 tx=0 comp rx=0 tx=0).connect
2024-03-18T23:51:18.364 INFO:teuthology.orchestra.run.smithi042.stdout:/usr/bin/ceph: stderr
2024-03-18T23:51:17.569+0000 7fdac2e82700 1 -- --> [v2:172.21.15.42:3300/0,v1:172.21.15.42:6789/0] -- mon_getmap magic: 0 -- 0x7fdabc10c180 con 0x7fdabc1087e0
2024-03-18T23:51:18.364 INFO:teuthology.orchestra.run.smithi042.stdout:/usr/bin/ceph: stderr
2024-03-18T23:51:17.569+0000 7fdac0c1e700 1 --2- >> [v2:172.21.15.42:3300/0,v1:172.21.15.42:6789/0] conn(0x7fdabc1087e0 0x7fdabc19bca0 unknown :-1 s=BANNER_CONNECTING pgs=0 cs=0 l=1 rev1=0 crypto rx=0 tx=0 comp rx=0 tx=0)._handle_peer_banner_payload supported=3 required=0
2024-03-18T23:51:18.364 INFO:teuthology.orchestra.run.smithi042.stdout:/usr/bin/ceph: stderr
2024-03-18T23:51:17.569+0000 7fdac0c1e700 1 --2- >> [v2:172.21.15.42:3300/0,v1:172.21.15.42:6789/0] conn(0x7fdabc1087e0 0x7fdabc19bca0 unknown :-1 s=HELLO_CONNECTING pgs=0 cs=0 l=1 rev1=1 crypto rx=0 tx=0 comp rx=0 tx=0).handle_hello peer v2:172.21.15.42:3300/0 says I am v2:172.21.15.42:49168/0 (socket says 172.21.15.42:49168)
2024-03-18T23:51:18.364 INFO:teuthology.orchestra.run.smithi042.stdout:/usr/bin/ceph: stderr
2024-03-18T23:51:17.569+0000 7fdac0c1e700 1 -- 172.21.15.42:0/2891357244 learned_addr learned my addr 172.21.15.42:0/2891357244 (peer_addr_for_me v2:172.21.15.42:0/0)
2024-03-18T23:51:18.365 INFO:teuthology.orchestra.run.smithi042.stdout:/usr/bin/ceph: stderr
2024-03-18T23:51:17.569+0000 7fdac0c1e700 1 -- 172.21.15.42:0/2891357244 --> [v2:172.21.15.42:3300/0,v1:172.21.15.42:6789/0] -- mon_subscribe({config=0+,monmap=0+}) -- 0x7fdabc19c1e0 con 0x7fdabc1087e0
2024-03-18T23:51:18.365 INFO:teuthology.orchestra.run.smithi042.stdout:/usr/bin/ceph: stderr
2024-03-18T23:51:17.569+0000 7fdac0c1e700 1 --2- 172.21.15.42:0/2891357244 >> [v2:172.21.15.42:3300/0,v1:172.21.15.42:6789/0] conn(0x7fdabc1087e0 0x7fdabc19bca0 secure :-1 s=READY pgs=77 cs=0 l=1 rev1=1 crypto rx=0x7fdab00117e0 tx=0x7fdab0011ba0 comp rx=0 tx=0).ready entity=mon.0 client_cookie=0 server_cookie=0 in_seq=0 out_seq=0
2024-03-18T23:51:18.365 INFO:teuthology.orchestra.run.smithi042.stdout:/usr/bin/ceph: stderr
2024-03-18T23:51:17.569+0000 7fdab9ffb700 1 -- 172.21.15.42:0/2891357244 <== mon.0 v2:172.21.15.42:3300/0 1 ==== mon_map magic: 0 ==== 205+0+0 (secure 0 0 0) 0x7fdab0003ba0 con 0x7fdabc1087e0
2024-03-18T23:51:18.365 INFO:teuthology.orchestra.run.smithi042.stdout:/usr/bin/ceph: stderr
2024-03-18T23:51:17.569+0000 7fdab9ffb700 1 -- 172.21.15.42:0/2891357244 <== mon.0 v2:172.21.15.42:3300/0 2 ==== config(27 keys) ==== 1140+0+0 (secure 0 0 0) 0x7fdab001a910 con 0x7fdabc1087e0
2024-03-18T23:51:18.365 INFO:teuthology.orchestra.run.smithi042.stdout:/usr/bin/ceph: stderr
2024-03-18T23:51:17.569+0000 7fdac2e82700 1 -- 172.21.15.42:0/2891357244 --> [v2:172.21.15.42:3300/0,v1:172.21.15.42:6789/0] -- mon_subscribe({mgrmap=0+}) -- 0x7fdabc19c470 con 0x7fdabc1087e0
2024-03-18T23:51:18.365 INFO:teuthology.orchestra.run.smithi042.stdout:/usr/bin/ceph: stderr
2024-03-18T23:51:17.569+0000 7fdab9ffb700 1 -- 172.21.15.42:0/2891357244 <== mon.0 v2:172.21.15.42:3300/0 3 ==== mon_map magic: 0 ==== 205+0+0 (secure 0 0 0) 0x7fdab00248f0 con 0x7fdabc1087e0
2024-03-18T23:51:18.365 INFO:teuthology.orchestra.run.smithi042.stdout:/usr/bin/ceph: stderr
2024-03-18T23:51:17.570+0000 7fdac2e82700 1 -- 172.21.15.42:0/2891357244 --> [v2:172.21.15.42:3300/0,v1:172.21.15.42:6789/0] -- mon_subscribe({osdmap=0}) -- 0x7fdabc19c8d0 con 0x7fdabc1087e0
2024-03-18T23:51:18.365 INFO:teuthology.orchestra.run.smithi042.stdout:/usr/bin/ceph: stderr
2024-03-18T23:51:17.570+0000 7fdab9ffb700 1 -- 172.21.15.42:0/2891357244 <== mon.0 v2:172.21.15.42:3300/0 4 ==== mgrmap(e 13) ==== 46162+0+0 (secure 0 0 0) 0x7fdab0022020 con 0x7fdabc1087e0
2024-03-18T23:51:18.365 INFO:teuthology.orchestra.run.smithi042.stdout:/usr/bin/ceph: stderr
2024-03-18T23:51:17.570+0000 7fdac2e82700 1 -- 172.21.15.42:0/2891357244 --> [v2:172.21.15.42:3300/0,v1:172.21.15.42:6789/0] -- mon_command({"prefix": "get_command_descriptions"} v 0) -- 0x7fdabc063940 con 0x7fdabc1087e0
2024-03-18T23:51:18.365 INFO:teuthology.orchestra.run.smithi042.stdout:/usr/bin/ceph: stderr
2024-03-18T23:51:17.571+0000 7fdab9ffb700 1 --2- 172.21.15.42:0/2891357244 >> [v2:172.21.15.42:6800/3857759877,v1:172.21.15.42:6801/3857759877] conn(0x7fdaac039070 0x7fdaac03b530 unknown :-1 s=NONE pgs=0 cs=0 l=1 rev1=0 crypto rx=0 tx=0 comp rx=0 tx=0).connect
2024-03-18T23:51:18.365 INFO:teuthology.orchestra.run.smithi042.stdout:/usr/bin/ceph: stderr
2024-03-18T23:51:17.571+0000 7fdab9ffb700 1 -- 172.21.15.42:0/2891357244 <== mon.0 v2:172.21.15.42:3300/0 5 ==== osd_map(3..3 src has 1..3) ==== 1155+0+0 (secure 0 0 0) 0x7fdab004d590 con 0x7fdabc1087e0
2024-03-18T23:51:18.365 INFO:teuthology.orchestra.run.smithi042.stdout:/usr/bin/ceph: stderr
2024-03-18T23:51:17.571+0000 7fdabbfff700 1 --2- 172.21.15.42:0/2891357244 >> [v2:172.21.15.42:6800/3857759877,v1:172.21.15.42:6801/3857759877] conn(0x7fdaac039070 0x7fdaac03b530 unknown :-1 s=BANNER_CONNECTING pgs=0 cs=0 l=1 rev1=0 crypto rx=0 tx=0 comp rx=0 tx=0)._handle_peer_banner_payload supported=3 required=0
2024-03-18T23:51:18.366 INFO:teuthology.orchestra.run.smithi042.stdout:/usr/bin/ceph: stderr
2024-03-18T23:51:17.571+0000 7fdabbfff700 1 --2- 172.21.15.42:0/2891357244 >> [v2:172.21.15.42:6800/3857759877,v1:172.21.15.42:6801/3857759877] conn(0x7fdaac039070 0x7fdaac03b530 secure :-1 s=READY pgs=10 cs=0 l=1 rev1=1 crypto rx=0x7fdaa8006fd0 tx=0x7fdaa8006e40 comp rx=0 tx=0).ready entity=mgr.14152 client_cookie=0 server_cookie=0 in_seq=0 out_seq=0
2024-03-18T23:51:18.366 INFO:teuthology.orchestra.run.smithi042.stdout:/usr/bin/ceph: stderr
2024-03-18T23:51:17.576+0000 7fdab9ffb700 1 -- 172.21.15.42:0/2891357244 <== mon.0 v2:172.21.15.42:3300/0 6 ==== mon_command_ack([{"prefix": "get_command_descriptions"}]=0 v0) ==== 72+0+186149 (secure 0 0 0) 0x7fdab002d910 con 0x7fdabc1087e0
2024-03-18T23:51:18.366 INFO:teuthology.orchestra.run.smithi042.stdout:/usr/bin/ceph: stderr
2024-03-18T23:51:17.781+0000 7fdac2e82700 1 -- 172.21.15.42:0/2891357244 --> [v2:172.21.15.42:3300/0,v1:172.21.15.42:6789/0] -- mon_command([{prefix=config set, name=osd_memory_target_autotune}] v 0) -- 0x7fdabc19f340 con 0x7fdabc1087e0
2024-03-18T23:51:18.366 INFO:teuthology.orchestra.run.smithi042.stdout:/usr/bin/ceph: stderr
2024-03-18T23:51:17.781+0000 7fdab9ffb700 1 -- 172.21.15.42:0/2891357244 <== mon.0 v2:172.21.15.42:3300/0 7 ==== mon_command_ack([{prefix=config set, name=osd_memory_target_autotune}]=0 v8)=0 v8) ==== 127+0+0 (secure 0 0 0) 0x7fdab002d3f0 con 0x7fdabc1087e0
2024-03-18T23:51:18.366 INFO:teuthology.orchestra.run.smithi042.stdout:/usr/bin/ceph: stderr
2024-03-18T23:51:17.783+0000 7fdac2e82700 1 -- 172.21.15.42:0/2891357244 >> [v2:172.21.15.42:6800/3857759877,v1:172.21.15.42:6801/3857759877] conn(0x7fdaac039070 msgr2=0x7fdaac03b530 secure :-1 s=STATE_CONNECTION_ESTABLISHED l=1).mark_down
2024-03-18T23:51:18.366 INFO:teuthology.orchestra.run.smithi042.stdout:/usr/bin/ceph: stderr
2024-03-18T23:51:17.783+0000 7fdac2e82700 1 --2- 172.21.15.42:0/2891357244 >> [v2:172.21.15.42:6800/3857759877,v1:172.21.15.42:6801/3857759877] conn(0x7fdaac039070 0x7fdaac03b530 secure :-1 s=READY pgs=10 cs=0 l=1 rev1=1 crypto rx=0x7fdaa8006fd0 tx=0x7fdaa8006e40 comp rx=0 tx=0).stop
2024-03-18T23:51:18.366 INFO:teuthology.orchestra.run.smithi042.stdout:/usr/bin/ceph: stderr
2024-03-18T23:51:17.783+0000 7fdac2e82700 1 -- 172.21.15.42:0/2891357244 >> [v2:172.21.15.42:3300/0,v1:172.21.15.42:6789/0] conn(0x7fdabc1087e0 msgr2=0x7fdabc19bca0 secure :-1 s=STATE_CONNECTION_ESTABLISHED l=1).mark_down
2024-03-18T23:51:18.366 INFO:teuthology.orchestra.run.smithi042.stdout:/usr/bin/ceph: stderr
2024-03-18T23:51:17.783+0000 7fdac2e82700 1 --2- 172.21.15.42:0/2891357244 >> [v2:172.21.15.42:3300/0,v1:172.21.15.42:6789/0] conn(0x7fdabc1087e0 0x7fdabc19bca0 secure :-1 s=READY pgs=77 cs=0 l=1 rev1=1 crypto rx=0x7fdab00117e0 tx=0x7fdab0011ba0 comp rx=0 tx=0).stop
2024-03-18T23:51:18.366 INFO:teuthology.orchestra.run.smithi042.stdout:/usr/bin/ceph: stderr
2024-03-18T23:51:17.783+0000 7fdac2e82700 1 -- 172.21.15.42:0/2891357244 shutdown_connections
2024-03-18T23:51:18.366 INFO:teuthology.orchestra.run.smithi042.stdout:/usr/bin/ceph: stderr
2024-03-18T23:51:17.783+0000 7fdac2e82700 1 --2- 172.21.15.42:0/2891357244 >> [v2:172.21.15.42:6800/3857759877,v1:172.21.15.42:6801/3857759877] conn(0x7fdaac039070 0x7fdaac03b530 unknown :-1 s=CLOSED pgs=10 cs=0 l=1 rev1=1 crypto rx=0 tx=0 comp rx=0 tx=0).stop
2024-03-18T23:51:18.366 INFO:teuthology.orchestra.run.smithi042.stdout:/usr/bin/ceph: stderr
2024-03-18T23:51:17.783+0000 7fdac2e82700 1 --2- 172.21.15.42:0/2891357244 >> [v2:172.21.15.42:3300/0,v1:172.21.15.42:6789/0] conn(0x7fdabc1087e0 0x7fdabc19bca0 unknown :-1 s=CLOSED pgs=77 cs=0 l=1 rev1=1 crypto rx=0 tx=0 comp rx=0 tx=0).stop
2024-03-18T23:51:18.366 INFO:teuthology.orchestra.run.smithi042.stdout:/usr/bin/ceph: stderr
2024-03-18T23:51:17.783+0000 7fdac2e82700 1 -- 172.21.15.42:0/2891357244 >> 172.21.15.42:0/2891357244 conn(0x7fdabc102210 msgr2=0x7fdabc102c60 unknown :-1 s=STATE_NONE l=0).mark_down
2024-03-18T23:51:18.366 INFO:teuthology.orchestra.run.smithi042.stdout:/usr/bin/ceph: stderr
2024-03-18T23:51:17.783+0000 7fdac2e82700 1 -- 172.21.15.42:0/2891357244 shutdown_connections
2024-03-18T23:51:18.367 INFO:teuthology.orchestra.run.smithi042.stdout:/usr/bin/ceph: stderr
2024-03-18T23:51:17.783+0000 7fdac2e82700 1 -- 172.21.15.42:0/2891357244 wait complete.
2024-03-18T23:51:19.719 INFO:teuthology.orchestra.run.smithi042.stdout:/usr/bin/ceph: stderr
2024-03-18T23:51:18.803+0000 7f4f95eea700 1 Processor -- start
2024-03-18T23:51:19.719 INFO:teuthology.orchestra.run.smithi042.stdout:/usr/bin/ceph: stderr
2024-03-18T23:51:18.804+0000 7f4f95eea700 1 -- start start
2024-03-18T23:51:19.720 INFO:teuthology.orchestra.run.smithi042.stdout:/usr/bin/ceph: stderr
2024-03-18T23:51:18.804+0000 7f4f95eea700 1 --2- >> [v2:172.21.15.42:3300/0,v1:172.21.15.42:6789/0] conn(0x7f4f90108810 0x7f4f9010ac00 unknown :-1 s=NONE pgs=0 cs=0 l=0 rev1=0 crypto rx=0 tx=0 comp rx=0 tx=0).connect
2024-03-18T23:51:19.720 INFO:teuthology.orchestra.run.smithi042.stdout:/usr/bin/ceph: stderr
2024-03-18T23:51:18.804+0000 7f4f95eea700 1 -- --> [v2:172.21.15.42:3300/0,v1:172.21.15.42:6789/0] -- mon_getmap magic: 0 -- 0x7f4f9007beb0 con 0x7f4f90108810
2024-03-18T23:51:19.720 INFO:teuthology.orchestra.run.smithi042.stdout:/usr/bin/ceph: stderr
2024-03-18T23:51:18.804+0000 7f4f8f7fe700 1 --2- >> [v2:172.21.15.42:3300/0,v1:172.21.15.42:6789/0] conn(0x7f4f90108810 0x7f4f9010ac00 unknown :-1 s=BANNER_CONNECTING pgs=0 cs=0 l=0 rev1=0 crypto rx=0 tx=0 comp rx=0 tx=0)._handle_peer_banner_payload supported=3 required=0
2024-03-18T23:51:19.720 INFO:teuthology.orchestra.run.smithi042.stdout:/usr/bin/ceph: stderr
2024-03-18T23:51:18.804+0000 7f4f8f7fe700 1 --2- >> [v2:172.21.15.42:3300/0,v1:172.21.15.42:6789/0] conn(0x7f4f90108810 0x7f4f9010ac00 unknown :-1 s=HELLO_CONNECTING pgs=0 cs=0 l=0 rev1=1 crypto rx=0 tx=0 comp rx=0 tx=0).handle_hello peer v2:172.21.15.42:3300/0 says I am v2:172.21.15.42:49184/0 (socket says 172.21.15.42:49184)
2024-03-18T23:51:19.720 INFO:teuthology.orchestra.run.smithi042.stdout:/usr/bin/ceph: stderr
2024-03-18T23:51:18.804+0000 7f4f8f7fe700 1 -- 172.21.15.42:0/4154158403 learned_addr learned my addr 172.21.15.42:0/4154158403 (peer_addr_for_me v2:172.21.15.42:0/0)
2024-03-18T23:51:19.720 INFO:teuthology.orchestra.run.smithi042.stdout:/usr/bin/ceph: stderr
2024-03-18T23:51:18.804+0000 7f4f8f7fe700 1 -- 172.21.15.42:0/4154158403 --> [v2:172.21.15.42:3300/0,v1:172.21.15.42:6789/0] -- mon_subscribe({config=0+,monmap=0+}) -- 0x7f4f9010b140 con 0x7f4f90108810
2024-03-18T23:51:19.720 INFO:teuthology.orchestra.run.smithi042.stdout:/usr/bin/ceph: stderr
2024-03-18T23:51:18.804+0000 7f4f8f7fe700 1 --2- 172.21.15.42:0/4154158403 >> [v2:172.21.15.42:3300/0,v1:172.21.15.42:6789/0] conn(0x7f4f90108810 0x7f4f9010ac00 secure :-1 s=READY pgs=78 cs=0 l=1 rev1=1 crypto rx=0x7f4f800098a0 tx=0x7f4f80009bb0 comp rx=0 tx=0).ready entity=mon.0 client_cookie=dc5476b4692c202b server_cookie=0 in_seq=0 out_seq=0
2024-03-18T23:51:19.720 INFO:teuthology.orchestra.run.smithi042.stdout:/usr/bin/ceph: stderr
2024-03-18T23:51:18.805+0000 7f4f8effd700 1 -- 172.21.15.42:0/4154158403 <== mon.0 v2:172.21.15.42:3300/0 1 ==== mon_map magic: 0 ==== 205+0+0 (secure 0 0 0) 0x7f4f80004160 con 0x7f4f90108810
2024-03-18T23:51:19.720 INFO:teuthology.orchestra.run.smithi042.stdout:/usr/bin/ceph: stderr
2024-03-18T23:51:18.805+0000 7f4f8effd700 1 -- 172.21.15.42:0/4154158403 <== mon.0 v2:172.21.15.42:3300/0 2 ==== config(27 keys) ==== 1140+0+0 (secure 0 0 0) 0x7f4f80004300 con 0x7f4f90108810
2024-03-18T23:51:19.720 INFO:teuthology.orchestra.run.smithi042.stdout:/usr/bin/ceph: stderr
2024-03-18T23:51:18.805+0000 7f4f8effd700 1 -- 172.21.15.42:0/4154158403 <== mon.0 v2:172.21.15.42:3300/0 3 ==== mon_map magic: 0 ==== 205+0+0 (secure 0 0 0) 0x7f4f80011b20 con 0x7f4f90108810
2024-03-18T23:51:19.720 INFO:teuthology.orchestra.run.smithi042.stdout:/usr/bin/ceph: stderr
2024-03-18T23:51:18.805+0000 7f4f95eea700 1 -- 172.21.15.42:0/4154158403 >> [v2:172.21.15.42:3300/0,v1:172.21.15.42:6789/0] conn(0x7f4f90108810 msgr2=0x7f4f9010ac00 secure :-1 s=STATE_CONNECTION_ESTABLISHED l=1).mark_down
2024-03-18T23:51:19.720 INFO:teuthology.orchestra.run.smithi042.stdout:/usr/bin/ceph: stderr
2024-03-18T23:51:18.805+0000 7f4f95eea700 1 --2- 172.21.15.42:0/4154158403 >> [v2:172.21.15.42:3300/0,v1:172.21.15.42:6789/0] conn(0x7f4f90108810 0x7f4f9010ac00 secure :-1 s=READY pgs=78 cs=0 l=1 rev1=1 crypto rx=0x7f4f800098a0 tx=0x7f4f80009bb0 comp rx=0 tx=0).stop
2024-03-18T23:51:19.720 INFO:teuthology.orchestra.run.smithi042.stdout:/usr/bin/ceph: stderr
2024-03-18T23:51:18.805+0000 7f4f95eea700 1 -- 172.21.15.42:0/4154158403 shutdown_connections
2024-03-18T23:51:19.721 INFO:teuthology.orchestra.run.smithi042.stdout:/usr/bin/ceph: stderr
2024-03-18T23:51:18.805+0000 7f4f95eea700 1 --2- 172.21.15.42:0/4154158403 >> [v2:172.21.15.42:3300/0,v1:172.21.15.42:6789/0] conn(0x7f4f90108810 0x7f4f9010ac00 unknown :-1 s=CLOSED pgs=78 cs=0 l=1 rev1=1 crypto rx=0 tx=0 comp rx=0 tx=0).stop
2024-03-18T23:51:19.721 INFO:teuthology.orchestra.run.smithi042.stdout:/usr/bin/ceph: stderr
2024-03-18T23:51:18.805+0000 7f4f95eea700 1 -- 172.21.15.42:0/4154158403 >> 172.21.15.42:0/4154158403 conn(0x7f4f90102220 msgr2=0x7f4f90104660 unknown :-1 s=STATE_NONE l=0).mark_down
2024-03-18T23:51:19.721 INFO:teuthology.orchestra.run.smithi042.stdout:/usr/bin/ceph: stderr
2024-03-18T23:51:18.805+0000 7f4f95eea700 1 -- 172.21.15.42:0/4154158403 shutdown_connections
2024-03-18T23:51:19.721 INFO:teuthology.orchestra.run.smithi042.stdout:/usr/bin/ceph: stderr
2024-03-18T23:51:18.805+0000 7f4f95eea700 1 -- 172.21.15.42:0/4154158403 wait complete.
2024-03-18T23:51:19.721 INFO:teuthology.orchestra.run.smithi042.stdout:/usr/bin/ceph: stderr
2024-03-18T23:51:18.806+0000 7f4f95eea700 1 Processor -- start
2024-03-18T23:51:19.721 INFO:teuthology.orchestra.run.smithi042.stdout:/usr/bin/ceph: stderr
2024-03-18T23:51:18.806+0000 7f4f95eea700 1 -- start start
2024-03-18T23:51:19.721 INFO:teuthology.orchestra.run.smithi042.stdout:/usr/bin/ceph: stderr
2024-03-18T23:51:18.807+0000 7f4f95eea700 1 --2- >> [v2:172.21.15.42:3300/0,v1:172.21.15.42:6789/0] conn(0x7f4f90108810 0x7f4f9019bc50 unknown :-1 s=NONE pgs=0 cs=0 l=1 rev1=0 crypto rx=0 tx=0 comp rx=0 tx=0).connect
2024-03-18T23:51:19.721 INFO:teuthology.orchestra.run.smithi042.stdout:/usr/bin/ceph: stderr
2024-03-18T23:51:18.807+0000 7f4f95eea700 1 -- --> [v2:172.21.15.42:3300/0,v1:172.21.15.42:6789/0] -- mon_getmap magic: 0 -- 0x7f4f9010c150 con 0x7f4f90108810
2024-03-18T23:51:19.721 INFO:teuthology.orchestra.run.smithi042.stdout:/usr/bin/ceph: stderr
2024-03-18T23:51:18.807+0000 7f4f8f7fe700 1 --2- >> [v2:172.21.15.42:3300/0,v1:172.21.15.42:6789/0] conn(0x7f4f90108810 0x7f4f9019bc50 unknown :-1 s=BANNER_CONNECTING pgs=0 cs=0 l=1 rev1=0 crypto rx=0 tx=0 comp rx=0 tx=0)._handle_peer_banner_payload supported=3 required=0
2024-03-18T23:51:19.721 INFO:teuthology.orchestra.run.smithi042.stdout:/usr/bin/ceph: stderr
2024-03-18T23:51:18.807+0000 7f4f8f7fe700 1 --2- >> [v2:172.21.15.42:3300/0,v1:172.21.15.42:6789/0] conn(0x7f4f90108810 0x7f4f9019bc50 unknown :-1 s=HELLO_CONNECTING pgs=0 cs=0 l=1 rev1=1 crypto rx=0 tx=0 comp rx=0 tx=0).handle_hello peer v2:172.21.15.42:3300/0 says I am v2:172.21.15.42:49194/0 (socket says 172.21.15.42:49194)
2024-03-18T23:51:19.721 INFO:teuthology.orchestra.run.smithi042.stdout:/usr/bin/ceph: stderr
2024-03-18T23:51:18.807+0000 7f4f8f7fe700 1 -- 172.21.15.42:0/932019240 learned_addr learned my addr 172.21.15.42:0/932019240 (peer_addr_for_me v2:172.21.15.42:0/0)
2024-03-18T23:51:19.721 INFO:teuthology.orchestra.run.smithi042.stdout:/usr/bin/ceph: stderr
2024-03-18T23:51:18.807+0000 7f4f8f7fe700 1 -- 172.21.15.42:0/932019240 --> [v2:172.21.15.42:3300/0,v1:172.21.15.42:6789/0] -- mon_subscribe({config=0+,monmap=0+}) -- 0x7f4f9019c190 con 0x7f4f90108810
2024-03-18T23:51:19.721 INFO:teuthology.orchestra.run.smithi042.stdout:/usr/bin/ceph: stderr
2024-03-18T23:51:18.807+0000 7f4f8f7fe700 1 --2- 172.21.15.42:0/932019240 >> [v2:172.21.15.42:3300/0,v1:172.21.15.42:6789/0] conn(0x7f4f90108810 0x7f4f9019bc50 secure :-1 s=READY pgs=79 cs=0 l=1 rev1=1 crypto rx=0x7f4f800117e0 tx=0x7f4f80011ba0 comp rx=0 tx=0).ready entity=mon.0 client_cookie=0 server_cookie=0 in_seq=0 out_seq=0
2024-03-18T23:51:19.721 INFO:teuthology.orchestra.run.smithi042.stdout:/usr/bin/ceph: stderr
2024-03-18T23:51:18.807+0000 7f4f8d7fa700 1 -- 172.21.15.42:0/932019240 <== mon.0 v2:172.21.15.42:3300/0 1 ==== mon_map magic: 0 ==== 205+0+0 (secure 0 0 0) 0x7f4f80003ba0 con 0x7f4f90108810
2024-03-18T23:51:19.722 INFO:teuthology.orchestra.run.smithi042.stdout:/usr/bin/ceph: stderr
2024-03-18T23:51:18.807+0000 7f4f8d7fa700 1 -- 172.21.15.42:0/932019240 <== mon.0 v2:172.21.15.42:3300/0 2 ==== config(27 keys) ==== 1140+0+0 (secure 0 0 0) 0x7f4f8001a910 con 0x7f4f90108810
2024-03-18T23:51:19.722 INFO:teuthology.orchestra.run.smithi042.stdout:/usr/bin/ceph: stderr
2024-03-18T23:51:18.807+0000 7f4f95eea700 1 -- 172.21.15.42:0/932019240 --> [v2:172.21.15.42:3300/0,v1:172.21.15.42:6789/0] -- mon_subscribe({mgrmap=0+}) -- 0x7f4f9019c480 con 0x7f4f90108810
2024-03-18T23:51:19.722 INFO:teuthology.orchestra.run.smithi042.stdout:/usr/bin/ceph: stderr
2024-03-18T23:51:18.807+0000 7f4f8d7fa700 1 -- 172.21.15.42:0/932019240 <== mon.0 v2:172.21.15.42:3300/0 3 ==== mon_map magic: 0 ==== 205+0+0 (secure 0 0 0) 0x7f4f800248f0 con 0x7f4f90108810
2024-03-18T23:51:19.722 INFO:teuthology.orchestra.run.smithi042.stdout:/usr/bin/ceph: stderr
2024-03-18T23:51:18.807+0000 7f4f95eea700 1 -- 172.21.15.42:0/932019240 --> [v2:172.21.15.42:3300/0,v1:172.21.15.42:6789/0] -- mon_subscribe({osdmap=0}) -- 0x7f4f9019f110 con 0x7f4f90108810
2024-03-18T23:51:19.722 INFO:teuthology.orchestra.run.smithi042.stdout:/usr/bin/ceph: stderr
2024-03-18T23:51:18.808+0000 7f4f8d7fa700 1 -- 172.21.15.42:0/932019240 <== mon.0 v2:172.21.15.42:3300/0 4 ==== mgrmap(e 13) ==== 46162+0+0 (secure 0 0 0) 0x7f4f80022020 con 0x7f4f90108810
2024-03-18T23:51:19.722 INFO:teuthology.orchestra.run.smithi042.stdout:/usr/bin/ceph: stderr
2024-03-18T23:51:18.808+0000 7f4f8d7fa700 1 --2- 172.21.15.42:0/932019240 >> [v2:172.21.15.42:6800/3857759877,v1:172.21.15.42:6801/3857759877] conn(0x7f4f7c039010 0x7f4f7c03b4d0 unknown :-1 s=NONE pgs=0 cs=0 l=1 rev1=0 crypto rx=0 tx=0 comp rx=0 tx=0).connect
2024-03-18T23:51:19.722 INFO:teuthology.orchestra.run.smithi042.stdout:/usr/bin/ceph: stderr
2024-03-18T23:51:18.809+0000 7f4f95eea700 1 -- 172.21.15.42:0/932019240 --> [v2:172.21.15.42:3300/0,v1:172.21.15.42:6789/0] -- mon_command({"prefix": "get_command_descriptions"} v 0) -- 0x7f4f90063940 con 0x7f4f90108810
2024-03-18T23:51:19.722 INFO:teuthology.orchestra.run.smithi042.stdout:/usr/bin/ceph: stderr
2024-03-18T23:51:18.809+0000 7f4f8d7fa700 1 -- 172.21.15.42:0/932019240 <== mon.0 v2:172.21.15.42:3300/0 5 ==== osd_map(3..3 src has 1..3) ==== 1155+0+0 (secure 0 0 0) 0x7f4f8004d8a0 con 0x7f4f90108810
2024-03-18T23:51:19.722 INFO:teuthology.orchestra.run.smithi042.stdout:/usr/bin/ceph: stderr
2024-03-18T23:51:18.809+0000 7f4f86ffd700 1 --2- 172.21.15.42:0/932019240 >> [v2:172.21.15.42:6800/3857759877,v1:172.21.15.42:6801/3857759877] conn(0x7f4f7c039010 0x7f4f7c03b4d0 unknown :-1 s=BANNER_CONNECTING pgs=0 cs=0 l=1 rev1=0 crypto rx=0 tx=0 comp rx=0 tx=0)._handle_peer_banner_payload supported=3 required=0
2024-03-18T23:51:19.722 INFO:teuthology.orchestra.run.smithi042.stdout:/usr/bin/ceph: stderr
2024-03-18T23:51:18.809+0000 7f4f86ffd700 1 --2- 172.21.15.42:0/932019240 >> [v2:172.21.15.42:6800/3857759877,v1:172.21.15.42:6801/3857759877] conn(0x7f4f7c039010 0x7f4f7c03b4d0 secure :-1 s=READY pgs=11 cs=0 l=1 rev1=1 crypto rx=0x7f4f78006fd0 tx=0x7f4f78006e40 comp rx=0 tx=0).ready entity=mgr.14152 client_cookie=0 server_cookie=0 in_seq=0 out_seq=0
2024-03-18T23:51:19.722 INFO:teuthology.orchestra.run.smithi042.stdout:/usr/bin/ceph: stderr
2024-03-18T23:51:18.814+0000 7f4f8d7fa700 1 -- 172.21.15.42:0/932019240 <== mon.0 v2:172.21.15.42:3300/0 6 ==== mon_command_ack([{"prefix": "get_command_descriptions"}]=0 v0) ==== 72+0+186149 (secure 0 0 0) 0x7f4f80032080 con 0x7f4f90108810
2024-03-18T23:51:19.722 INFO:teuthology.orchestra.run.smithi042.stdout:/usr/bin/ceph: stderr
2024-03-18T23:51:19.135+0000 7f4f95eea700 1 -- 172.21.15.42:0/932019240 --> [v2:172.21.15.42:3300/0,v1:172.21.15.42:6789/0] -- mon_command([{prefix=config-key set, key=mgr/dashboard/cluster/status}] v 0) -- 0x7f4f9019f2e0 con 0x7f4f90108810
2024-03-18T23:51:19.723 INFO:teuthology.orchestra.run.smithi042.stdout:/usr/bin/ceph: stderr
2024-03-18T23:51:19.137+0000 7f4f8d7fa700 1 -- 172.21.15.42:0/932019240 <== mon.0 v2:172.21.15.42:3300/0 7 ==== mon_command_ack([{prefix=config-key set, key=mgr/dashboard/cluster/status}]=0 set mgr/dashboard/cluster/status v27)=0 set mgr/dashboard/cluster/status v27) ==== 153+0+0 (secure 0 0 0) 0x7f4f800172b0 con 0x7f4f90108810
2024-03-18T23:51:19.723 INFO:teuthology.orchestra.run.smithi042.stdout:/usr/bin/ceph: stderr
2024-03-18T23:51:19.139+0000 7f4f95eea700 1 -- 172.21.15.42:0/932019240 >> [v2:172.21.15.42:6800/3857759877,v1:172.21.15.42:6801/3857759877] conn(0x7f4f7c039010 msgr2=0x7f4f7c03b4d0 secure :-1 s=STATE_CONNECTION_ESTABLISHED l=1).mark_down
2024-03-18T23:51:19.723 INFO:teuthology.orchestra.run.smithi042.stdout:/usr/bin/ceph: stderr
2024-03-18T23:51:19.139+0000 7f4f95eea700 1 --2- 172.21.15.42:0/932019240 >> [v2:172.21.15.42:6800/3857759877,v1:172.21.15.42:6801/3857759877] conn(0x7f4f7c039010 0x7f4f7c03b4d0 secure :-1 s=READY pgs=11 cs=0 l=1 rev1=1 crypto rx=0x7f4f78006fd0 tx=0x7f4f78006e40 comp rx=0 tx=0).stop
2024-03-18T23:51:19.723 INFO:teuthology.orchestra.run.smithi042.stdout:/usr/bin/ceph: stderr
2024-03-18T23:51:19.139+0000 7f4f95eea700 1 -- 172.21.15.42:0/932019240 >> [v2:172.21.15.42:3300/0,v1:172.21.15.42:6789/0] conn(0x7f4f90108810 msgr2=0x7f4f9019bc50 secure :-1 s=STATE_CONNECTION_ESTABLISHED l=1).mark_down
2024-03-18T23:51:19.723 INFO:teuthology.orchestra.run.smithi042.stdout:/usr/bin/ceph: stderr
2024-03-18T23:51:19.139+0000 7f4f95eea700 1 --2- 172.21.15.42:0/932019240 >> [v2:172.21.15.42:3300/0,v1:172.21.15.42:6789/0] conn(0x7f4f90108810 0x7f4f9019bc50 secure :-1 s=READY pgs=79 cs=0 l=1 rev1=1 crypto rx=0x7f4f800117e0 tx=0x7f4f80011ba0 comp rx=0 tx=0).stop
2024-03-18T23:51:19.723 INFO:teuthology.orchestra.run.smithi042.stdout:/usr/bin/ceph: stderr
2024-03-18T23:51:19.140+0000 7f4f95eea700 1 -- 172.21.15.42:0/932019240 shutdown_connections
2024-03-18T23:51:19.723 INFO:teuthology.orchestra.run.smithi042.stdout:/usr/bin/ceph: stderr
2024-03-18T23:51:19.140+0000 7f4f95eea700 1 --2- 172.21.15.42:0/932019240 >> [v2:172.21.15.42:6800/3857759877,v1:172.21.15.42:6801/3857759877] conn(0x7f4f7c039010 0x7f4f7c03b4d0 unknown :-1 s=CLOSED pgs=11 cs=0 l=1 rev1=1 crypto rx=0 tx=0 comp rx=0 tx=0).stop
2024-03-18T23:51:19.723 INFO:teuthology.orchestra.run.smithi042.stdout:/usr/bin/ceph: stderr
2024-03-18T23:51:19.140+0000 7f4f95eea700 1 --2- 172.21.15.42:0/932019240 >> [v2:172.21.15.42:3300/0,v1:172.21.15.42:6789/0] conn(0x7f4f90108810 0x7f4f9019bc50 unknown :-1 s=CLOSED pgs=79 cs=0 l=1 rev1=1 crypto rx=0 tx=0 comp rx=0 tx=0).stop
2024-03-18T23:51:19.723 INFO:teuthology.orchestra.run.smithi042.stdout:/usr/bin/ceph: stderr
2024-03-18T23:51:19.140+0000 7f4f95eea700 1 -- 172.21.15.42:0/932019240 >> 172.21.15.42:0/932019240 conn(0x7f4f90102220 msgr2=0x7f4f90102cc0 unknown :-1 s=STATE_NONE l=0).mark_down
2024-03-18T23:51:19.723 INFO:teuthology.orchestra.run.smithi042.stdout:/usr/bin/ceph: stderr
2024-03-18T23:51:19.140+0000 7f4f95eea700 1 -- 172.21.15.42:0/932019240 shutdown_connections
2024-03-18T23:51:19.723 INFO:teuthology.orchestra.run.smithi042.stdout:/usr/bin/ceph: stderr
2024-03-18T23:51:19.140+0000 7f4f95eea700 1 -- 172.21.15.42:0/932019240 wait complete.
2024-03-18T23:51:19.723 INFO:teuthology.orchestra.run.smithi042.stdout:/usr/bin/ceph: stderr set mgr/dashboard/cluster/status
2024-03-18T23:51:19.723 INFO:teuthology.orchestra.run.smithi042.stdout:You can access the Ceph CLI as following in case of multi-cluster or non-default config:
2024-03-18T23:51:19.723 INFO:teuthology.orchestra.run.smithi042.stdout:
2024-03-18T23:51:19.723 INFO:teuthology.orchestra.run.smithi042.stdout: sudo /home/ubuntu/cephtest/cephadm shell --fsid 227893f6-e582-11ee-95c9-87774f69a715 -c /etc/ceph/ceph.conf -k /etc/ceph/ceph.client.admin.keyring
2024-03-18T23:51:19.724 INFO:teuthology.orchestra.run.smithi042.stdout:
2024-03-18T23:51:19.724 INFO:teuthology.orchestra.run.smithi042.stdout:Or, if you are only running a single cluster on this host:
2024-03-18T23:51:19.724 INFO:teuthology.orchestra.run.smithi042.stdout:
2024-03-18T23:51:19.724 INFO:teuthology.orchestra.run.smithi042.stdout: sudo /home/ubuntu/cephtest/cephadm shell
2024-03-18T23:51:19.724 INFO:teuthology.orchestra.run.smithi042.stdout:
2024-03-18T23:51:19.724 INFO:teuthology.orchestra.run.smithi042.stdout:Please consider enabling telemetry to help improve Ceph:
2024-03-18T23:51:19.724 INFO:teuthology.orchestra.run.smithi042.stdout:
2024-03-18T23:51:19.724 INFO:teuthology.orchestra.run.smithi042.stdout: ceph telemetry on
2024-03-18T23:51:19.724 INFO:teuthology.orchestra.run.smithi042.stdout:
2024-03-18T23:51:19.724 INFO:teuthology.orchestra.run.smithi042.stdout:For more information see:
2024-03-18T23:51:19.724 INFO:teuthology.orchestra.run.smithi042.stdout:
2024-03-18T23:51:19.724 INFO:teuthology.orchestra.run.smithi042.stdout: https://docs.ceph.com/en/latest/mgr/telemetry/
2024-03-18T23:51:19.724 INFO:teuthology.orchestra.run.smithi042.stdout:
2024-03-18T23:51:19.724 INFO:teuthology.orchestra.run.smithi042.stdout:Bootstrap complete.
2024-03-18T23:51:19.756 INFO:tasks.cephadm:Fetching config...
2024-03-18T23:51:19.756 DEBUG:teuthology.orchestra.run.smithi042:> set -ex
2024-03-18T23:51:19.756 DEBUG:teuthology.orchestra.run.smithi042:> dd if=/etc/ceph/ceph.conf of=/dev/stdout
2024-03-18T23:51:19.771 INFO:tasks.cephadm:Fetching client.admin keyring...
2024-03-18T23:51:19.771 DEBUG:teuthology.orchestra.run.smithi042:> set -ex
2024-03-18T23:51:19.771 DEBUG:teuthology.orchestra.run.smithi042:> dd if=/etc/ceph/ceph.client.admin.keyring of=/dev/stdout
2024-03-18T23:51:19.827 INFO:tasks.cephadm:Fetching mon keyring...
2024-03-18T23:51:19.827 DEBUG:teuthology.orchestra.run.smithi042:> set -ex
2024-03-18T23:51:19.827 DEBUG:teuthology.orchestra.run.smithi042:> sudo dd if=/var/lib/ceph/227893f6-e582-11ee-95c9-87774f69a715/mon.a/keyring of=/dev/stdout
2024-03-18T23:51:19.896 INFO:tasks.cephadm:Fetching pub ssh key...
2024-03-18T23:51:19.896 DEBUG:teuthology.orchestra.run.smithi042:> set -ex
2024-03-18T23:51:19.896 DEBUG:teuthology.orchestra.run.smithi042:> dd if=/home/ubuntu/cephtest/ceph.pub of=/dev/stdout
2024-03-18T23:51:19.950 INFO:tasks.cephadm:Installing pub ssh key for root users...
2024-03-18T23:51:19.950 DEBUG:teuthology.orchestra.run.smithi042:> sudo install -d -m 0700 /root/.ssh && echo 'ssh-rsa AAAAB3NzaC1yc2EAAAADAQABAAABgQCohOOPKlaA4M/H1lK2v8NsvKKK27Z5QmJgJekSYNn5k6IttCYF3XfzWTdmbgihZuxCOhw5sbd5vTFMxjUj/+5b33NRXhrFKJWmS+YWU3d/5YXKuxKVVW2aPA9pi9k/7jPM7jVhwMI/Zul/0SnnH8+06HGRZkESCZSq+M+GUFZib8Sx/V4yJg5ybgy7U3OrmWvzt2kFX3GlBqMlnORwymFZ1hxo5oy09KP7Upm+m2tvR/3+UI3y8xIC68j3AWcsQ581GdQk8NqSePsfmvNv4NbNMQjAAusojr+hjpLuvgCLSsYp6s6IEUwK9CScbjRdxW82qXjgmYHatYkdURwpVy5P9pHIWK66B8BKKL0cTMOimgQ3FzrfPd2V21uCgrPdP7cygioJAi4t8DMU+xy6WtrU/71eDpZrHjgjeX3k1j+ESKERX6PlBzlZNRrQNLWULCOuuqh5uiYL+jo30uDMg45XQz1C/No1IakJ5zt50JZhJSGJiF+OfhDabBdmki76K1E= ceph-227893f6-e582-11ee-95c9-87774f69a715' | sudo tee -a /root/.ssh/authorized_keys && sudo chmod 0600 /root/.ssh/authorized_keys
2024-03-18T23:51:20.029 INFO:teuthology.orchestra.run.smithi042.stdout:ssh-rsa AAAAB3NzaC1yc2EAAAADAQABAAABgQCohOOPKlaA4M/H1lK2v8NsvKKK27Z5QmJgJekSYNn5k6IttCYF3XfzWTdmbgihZuxCOhw5sbd5vTFMxjUj/+5b33NRXhrFKJWmS+YWU3d/5YXKuxKVVW2aPA9pi9k/7jPM7jVhwMI/Zul/0SnnH8+06HGRZkESCZSq+M+GUFZib8Sx/V4yJg5ybgy7U3OrmWvzt2kFX3GlBqMlnORwymFZ1hxo5oy09KP7Upm+m2tvR/3+UI3y8xIC68j3AWcsQ581GdQk8NqSePsfmvNv4NbNMQjAAusojr+hjpLuvgCLSsYp6s6IEUwK9CScbjRdxW82qXjgmYHatYkdURwpVy5P9pHIWK66B8BKKL0cTMOimgQ3FzrfPd2V21uCgrPdP7cygioJAi4t8DMU+xy6WtrU/71eDpZrHjgjeX3k1j+ESKERX6PlBzlZNRrQNLWULCOuuqh5uiYL+jo30uDMg45XQz1C/No1IakJ5zt50JZhJSGJiF+OfhDabBdmki76K1E= ceph-227893f6-e582-11ee-95c9-87774f69a715
2024-03-18T23:51:20.043 DEBUG:teuthology.orchestra.run.smithi066:> sudo install -d -m 0700 /root/.ssh && echo 'ssh-rsa AAAAB3NzaC1yc2EAAAADAQABAAABgQCohOOPKlaA4M/H1lK2v8NsvKKK27Z5QmJgJekSYNn5k6IttCYF3XfzWTdmbgihZuxCOhw5sbd5vTFMxjUj/+5b33NRXhrFKJWmS+YWU3d/5YXKuxKVVW2aPA9pi9k/7jPM7jVhwMI/Zul/0SnnH8+06HGRZkESCZSq+M+GUFZib8Sx/V4yJg5ybgy7U3OrmWvzt2kFX3GlBqMlnORwymFZ1hxo5oy09KP7Upm+m2tvR/3+UI3y8xIC68j3AWcsQ581GdQk8NqSePsfmvNv4NbNMQjAAusojr+hjpLuvgCLSsYp6s6IEUwK9CScbjRdxW82qXjgmYHatYkdURwpVy5P9pHIWK66B8BKKL0cTMOimgQ3FzrfPd2V21uCgrPdP7cygioJAi4t8DMU+xy6WtrU/71eDpZrHjgjeX3k1j+ESKERX6PlBzlZNRrQNLWULCOuuqh5uiYL+jo30uDMg45XQz1C/No1IakJ5zt50JZhJSGJiF+OfhDabBdmki76K1E= ceph-227893f6-e582-11ee-95c9-87774f69a715' | sudo tee -a /root/.ssh/authorized_keys && sudo chmod 0600 /root/.ssh/authorized_keys
2024-03-18T23:51:20.097 INFO:teuthology.orchestra.run.smithi066.stdout:ssh-rsa AAAAB3NzaC1yc2EAAAADAQABAAABgQCohOOPKlaA4M/H1lK2v8NsvKKK27Z5QmJgJekSYNn5k6IttCYF3XfzWTdmbgihZuxCOhw5sbd5vTFMxjUj/+5b33NRXhrFKJWmS+YWU3d/5YXKuxKVVW2aPA9pi9k/7jPM7jVhwMI/Zul/0SnnH8+06HGRZkESCZSq+M+GUFZib8Sx/V4yJg5ybgy7U3OrmWvzt2kFX3GlBqMlnORwymFZ1hxo5oy09KP7Upm+m2tvR/3+UI3y8xIC68j3AWcsQ581GdQk8NqSePsfmvNv4NbNMQjAAusojr+hjpLuvgCLSsYp6s6IEUwK9CScbjRdxW82qXjgmYHatYkdURwpVy5P9pHIWK66B8BKKL0cTMOimgQ3FzrfPd2V21uCgrPdP7cygioJAi4t8DMU+xy6WtrU/71eDpZrHjgjeX3k1j+ESKERX6PlBzlZNRrQNLWULCOuuqh5uiYL+jo30uDMg45XQz1C/No1IakJ5zt50JZhJSGJiF+OfhDabBdmki76K1E= ceph-227893f6-e582-11ee-95c9-87774f69a715
2024-03-18T23:51:20.116 DEBUG:teuthology.orchestra.run.smithi188:> sudo install -d -m 0700 /root/.ssh && echo 'ssh-rsa AAAAB3NzaC1yc2EAAAADAQABAAABgQCohOOPKlaA4M/H1lK2v8NsvKKK27Z5QmJgJekSYNn5k6IttCYF3XfzWTdmbgihZuxCOhw5sbd5vTFMxjUj/+5b33NRXhrFKJWmS+YWU3d/5YXKuxKVVW2aPA9pi9k/7jPM7jVhwMI/Zul/0SnnH8+06HGRZkESCZSq+M+GUFZib8Sx/V4yJg5ybgy7U3OrmWvzt2kFX3GlBqMlnORwymFZ1hxo5oy09KP7Upm+m2tvR/3+UI3y8xIC68j3AWcsQ581GdQk8NqSePsfmvNv4NbNMQjAAusojr+hjpLuvgCLSsYp6s6IEUwK9CScbjRdxW82qXjgmYHatYkdURwpVy5P9pHIWK66B8BKKL0cTMOimgQ3FzrfPd2V21uCgrPdP7cygioJAi4t8DMU+xy6WtrU/71eDpZrHjgjeX3k1j+ESKERX6PlBzlZNRrQNLWULCOuuqh5uiYL+jo30uDMg45XQz1C/No1IakJ5zt50JZhJSGJiF+OfhDabBdmki76K1E= ceph-227893f6-e582-11ee-95c9-87774f69a715' | sudo tee -a /root/.ssh/authorized_keys && sudo chmod 0600 /root/.ssh/authorized_keys
2024-03-18T23:51:20.162 INFO:teuthology.orchestra.run.smithi188.stdout:ssh-rsa AAAAB3NzaC1yc2EAAAADAQABAAABgQCohOOPKlaA4M/H1lK2v8NsvKKK27Z5QmJgJekSYNn5k6IttCYF3XfzWTdmbgihZuxCOhw5sbd5vTFMxjUj/+5b33NRXhrFKJWmS+YWU3d/5YXKuxKVVW2aPA9pi9k/7jPM7jVhwMI/Zul/0SnnH8+06HGRZkESCZSq+M+GUFZib8Sx/V4yJg5ybgy7U3OrmWvzt2kFX3GlBqMlnORwymFZ1hxo5oy09KP7Upm+m2tvR/3+UI3y8xIC68j3AWcsQ581GdQk8NqSePsfmvNv4NbNMQjAAusojr+hjpLuvgCLSsYp6s6IEUwK9CScbjRdxW82qXjgmYHatYkdURwpVy5P9pHIWK66B8BKKL0cTMOimgQ3FzrfPd2V21uCgrPdP7cygioJAi4t8DMU+xy6WtrU/71eDpZrHjgjeX3k1j+ESKERX6PlBzlZNRrQNLWULCOuuqh5uiYL+jo30uDMg45XQz1C/No1IakJ5zt50JZhJSGJiF+OfhDabBdmki76K1E= ceph-227893f6-e582-11ee-95c9-87774f69a715
2024-03-18T23:51:20.177 DEBUG:teuthology.orchestra.run.smithi042:> sudo /home/ubuntu/cephtest/cephadm --image quay-quay-quay.apps.os.sepia.ceph.com/ceph-ci/ceph:b6ae24918b03b1b8a19c9263a50655bba80bb810 shell -c /etc/ceph/ceph.conf -k /etc/ceph/ceph.client.admin.keyring --fsid 227893f6-e582-11ee-95c9-87774f69a715 -- ceph config set mgr mgr/cephadm/allow_ptrace true
2024-03-18T23:51:20.224 INFO:journalctl@ceph.mon.a.smithi042.stdout:Mar 18 23:51:20 smithi042 ceph-mon[32106]: from='client.? 172.21.15.42:0/932019240' entity='client.admin'
2024-03-18T23:51:20.495 INFO:teuthology.orchestra.run.smithi042.stderr:Inferring config /var/lib/ceph/227893f6-e582-11ee-95c9-87774f69a715/mon.a/config
2024-03-18T23:51:22.696 INFO:teuthology.orchestra.run.smithi042.stderr:2024-03-18T23:51:22.278+0000 7f5d6e393700 1 -- 172.21.15.42:0/2256480869 >> [v2:172.21.15.42:3300/0,v1:172.21.15.42:6789/0] conn(0x7f5d68100400 msgr2=0x7f5d68100820 secure :-1 s=STATE_CONNECTION_ESTABLISHED l=1).mark_down
2024-03-18T23:51:22.697 INFO:teuthology.orchestra.run.smithi042.stderr:2024-03-18T23:51:22.278+0000 7f5d6e393700 1 --2- 172.21.15.42:0/2256480869 >> [v2:172.21.15.42:3300/0,v1:172.21.15.42:6789/0] conn(0x7f5d68100400 0x7f5d68100820 secure :-1 s=READY pgs=80 cs=0 l=1 rev1=1 crypto rx=0x7f5d5800aa20 tx=0x7f5d5800ad30 comp rx=0 tx=0).stop
2024-03-18T23:51:22.697 INFO:teuthology.orchestra.run.smithi042.stderr:2024-03-18T23:51:22.278+0000 7f5d6e393700 1 -- 172.21.15.42:0/2256480869 shutdown_connections
2024-03-18T23:51:22.697 INFO:teuthology.orchestra.run.smithi042.stderr:2024-03-18T23:51:22.278+0000 7f5d6e393700 1 --2- 172.21.15.42:0/2256480869 >> [v2:172.21.15.42:3300/0,v1:172.21.15.42:6789/0] conn(0x7f5d68100400 0x7f5d68100820 unknown :-1 s=CLOSED pgs=80 cs=0 l=1 rev1=1 crypto rx=0 tx=0 comp rx=0 tx=0).stop
2024-03-18T23:51:22.697 INFO:teuthology.orchestra.run.smithi042.stderr:2024-03-18T23:51:22.278+0000 7f5d6e393700 1 -- 172.21.15.42:0/2256480869 >> 172.21.15.42:0/2256480869 conn(0x7f5d680fb9c0 msgr2=0x7f5d680fdde0 unknown :-1 s=STATE_NONE l=0).mark_down
2024-03-18T23:51:22.697 INFO:teuthology.orchestra.run.smithi042.stderr:2024-03-18T23:51:22.278+0000 7f5d6e393700 1 -- 172.21.15.42:0/2256480869 shutdown_connections
2024-03-18T23:51:22.697 INFO:teuthology.orchestra.run.smithi042.stderr:2024-03-18T23:51:22.278+0000 7f5d6e393700 1 -- 172.21.15.42:0/2256480869 wait complete.
2024-03-18T23:51:22.697 INFO:teuthology.orchestra.run.smithi042.stderr:2024-03-18T23:51:22.278+0000 7f5d6e393700 1 Processor -- start
2024-03-18T23:51:22.697 INFO:teuthology.orchestra.run.smithi042.stderr:2024-03-18T23:51:22.278+0000 7f5d6e393700 1 -- start start
2024-03-18T23:51:22.697 INFO:teuthology.orchestra.run.smithi042.stderr:2024-03-18T23:51:22.279+0000 7f5d6e393700 1 --2- >> [v2:172.21.15.42:3300/0,v1:172.21.15.42:6789/0] conn(0x7f5d68100400 0x7f5d68197460 unknown :-1 s=NONE pgs=0 cs=0 l=1 rev1=0 crypto rx=0 tx=0 comp rx=0 tx=0).connect
2024-03-18T23:51:22.697 INFO:teuthology.orchestra.run.smithi042.stderr:2024-03-18T23:51:22.279+0000 7f5d6e393700 1 -- --> [v2:172.21.15.42:3300/0,v1:172.21.15.42:6789/0] -- mon_getmap magic: 0 -- 0x7f5d68105c10 con 0x7f5d68100400
2024-03-18T23:51:22.698 INFO:teuthology.orchestra.run.smithi042.stderr:2024-03-18T23:51:22.279+0000 7f5d67fff700 1 --2- >> [v2:172.21.15.42:3300/0,v1:172.21.15.42:6789/0] conn(0x7f5d68100400 0x7f5d68197460 unknown :-1 s=BANNER_CONNECTING pgs=0 cs=0 l=1 rev1=0 crypto rx=0 tx=0 comp rx=0 tx=0)._handle_peer_banner_payload supported=3 required=0
2024-03-18T23:51:22.698 INFO:teuthology.orchestra.run.smithi042.stderr:2024-03-18T23:51:22.279+0000 7f5d67fff700 1 --2- >> [v2:172.21.15.42:3300/0,v1:172.21.15.42:6789/0] conn(0x7f5d68100400 0x7f5d68197460 unknown :-1 s=HELLO_CONNECTING pgs=0 cs=0 l=1 rev1=1 crypto rx=0 tx=0 comp rx=0 tx=0).handle_hello peer v2:172.21.15.42:3300/0 says I am v2:172.21.15.42:43972/0 (socket says 172.21.15.42:43972)
2024-03-18T23:51:22.698 INFO:teuthology.orchestra.run.smithi042.stderr:2024-03-18T23:51:22.279+0000 7f5d67fff700 1 -- 172.21.15.42:0/1676878930 learned_addr learned my addr 172.21.15.42:0/1676878930 (peer_addr_for_me v2:172.21.15.42:0/0)
2024-03-18T23:51:22.698 INFO:teuthology.orchestra.run.smithi042.stderr:2024-03-18T23:51:22.279+0000 7f5d67fff700 1 -- 172.21.15.42:0/1676878930 --> [v2:172.21.15.42:3300/0,v1:172.21.15.42:6789/0] -- mon_subscribe({config=0+,monmap=0+}) -- 0x7f5d681979a0 con 0x7f5d68100400
