2024-03-19T00:44:43.044+0000 7fcbc7e00700 1 -- 172.21.15.5:0/1555896582 >> [v2:172.21.15.5:3300/0,v1:172.21.15.5:6789/0] conn(0x7fcbc007e630 msgr2=0x7fcbc019de10 secure :-1 s=STATE_CONNECTION_ESTABLISHED l=1).mark_down
2024-03-19T00:44:43.844 INFO:teuthology.orchestra.run.smithi005.stdout:/usr/bin/ceph: stderr
2024-03-19T00:44:43.044+0000 7fcbc7e00700 1 --2- 172.21.15.5:0/1555896582 >> [v2:172.21.15.5:3300/0,v1:172.21.15.5:6789/0] conn(0x7fcbc007e630 0x7fcbc019de10 secure :-1 s=READY pgs=29 cs=0 l=1 rev1=1 crypto rx=0x7fcbb4011b60 tx=0x7fcbb4011c40 comp rx=0 tx=0).stop
2024-03-19T00:44:43.844 INFO:teuthology.orchestra.run.smithi005.stdout:/usr/bin/ceph: stderr
2024-03-19T00:44:43.044+0000 7fcbc7e00700 1 -- 172.21.15.5:0/1555896582 shutdown_connections
2024-03-19T00:44:43.844 INFO:teuthology.orchestra.run.smithi005.stdout:/usr/bin/ceph: stderr
2024-03-19T00:44:43.044+0000 7fcbc7e00700 1 --2- 172.21.15.5:0/1555896582 >> [v2:172.21.15.5:6800/1254096244,v1:172.21.15.5:6801/1254096244] conn(0x7fcba803c8f0 0x7fcba803ece0 unknown :-1 s=CLOSED pgs=1 cs=0 l=1 rev1=1 crypto rx=0 tx=0 comp rx=0 tx=0).stop
2024-03-19T00:44:43.844 INFO:teuthology.orchestra.run.smithi005.stdout:/usr/bin/ceph: stderr
2024-03-19T00:44:43.044+0000 7fcbc7e00700 1 --2- 172.21.15.5:0/1555896582 >> [v2:172.21.15.5:3300/0,v1:172.21.15.5:6789/0] conn(0x7fcbc007e630 0x7fcbc019de10 unknown :-1 s=CLOSED pgs=29 cs=0 l=1 rev1=1 crypto rx=0 tx=0 comp rx=0 tx=0).stop
2024-03-19T00:44:43.844 INFO:teuthology.orchestra.run.smithi005.stdout:/usr/bin/ceph: stderr
2024-03-19T00:44:43.044+0000 7fcbc7e00700 1 --2- 172.21.15.5:0/1555896582 >> [v2:172.21.15.5:6800/1956718253,v1:172.21.15.5:6801/1956718253] conn(0x7fcba8038fd0 0x7fcba803b490 unknown :-1 s=CLOSED pgs=0 cs=0 l=1 rev1=0 crypto rx=0 tx=0 comp rx=0 tx=0).stop
2024-03-19T00:44:43.844 INFO:teuthology.orchestra.run.smithi005.stdout:/usr/bin/ceph: stderr
2024-03-19T00:44:43.044+0000 7fcbc7e00700 1 -- 172.21.15.5:0/1555896582 >> 172.21.15.5:0/1555896582 conn(0x7fcbc01032f0 msgr2=0x7fcbc0103e50 unknown :-1 s=STATE_NONE l=0).mark_down
2024-03-19T00:44:43.844 INFO:teuthology.orchestra.run.smithi005.stdout:/usr/bin/ceph: stderr
2024-03-19T00:44:43.044+0000 7fcbc7e00700 1 -- 172.21.15.5:0/1555896582 shutdown_connections
2024-03-19T00:44:43.844 INFO:teuthology.orchestra.run.smithi005.stdout:/usr/bin/ceph: stderr
2024-03-19T00:44:43.045+0000 7fcbc7e00700 1 -- 172.21.15.5:0/1555896582 wait complete.
2024-03-19T00:44:43.845 INFO:teuthology.orchestra.run.smithi005.stdout:mgr epoch 5 is available
2024-03-19T00:44:43.845 INFO:teuthology.orchestra.run.smithi005.stdout:Setting orchestrator backend to cephadm...
2024-03-19T00:44:44.364 INFO:journalctl@ceph.mon.a.smithi005.stdout:Mar 19 00:44:44 smithi005 ceph-mon[62515]: from='client.14124 -' entity='client.admin' cmd=[{"prefix": "get_command_descriptions"}]: dispatch
2024-03-19T00:44:44.364 INFO:journalctl@ceph.mon.a.smithi005.stdout:Mar 19 00:44:44 smithi005 ceph-mon[62515]: from='client.14124 -' entity='client.admin' cmd=[{"prefix": "mgr_status"}]: dispatch
2024-03-19T00:44:44.364 INFO:journalctl@ceph.mon.a.smithi005.stdout:Mar 19 00:44:44 smithi005 ceph-mon[62515]: [19/Mar/2024:00:44:43] ENGINE Serving on http://172.21.15.5:8765
2024-03-19T00:44:44.364 INFO:journalctl@ceph.mon.a.smithi005.stdout:Mar 19 00:44:44 smithi005 ceph-mon[62515]: [19/Mar/2024:00:44:43] ENGINE Serving on https://172.21.15.5:7150
2024-03-19T00:44:44.364 INFO:journalctl@ceph.mon.a.smithi005.stdout:Mar 19 00:44:44 smithi005 ceph-mon[62515]: [19/Mar/2024:00:44:43] ENGINE Bus STARTED
2024-03-19T00:44:44.365 INFO:journalctl@ceph.mon.a.smithi005.stdout:Mar 19 00:44:44 smithi005 ceph-mon[62515]: from='mgr.14120 172.21.15.5:0/2149894311' entity='mgr.x' cmd=[{"prefix": "config dump", "format": "json"}]: dispatch
2024-03-19T00:44:45.113 INFO:journalctl@ceph.mon.a.smithi005.stdout:Mar 19 00:44:45 smithi005 ceph-mon[62515]: mgrmap e8: x(active, since 2s)
2024-03-19T00:44:45.113 INFO:journalctl@ceph.mon.a.smithi005.stdout:Mar 19 00:44:45 smithi005 ceph-mon[62515]: from='client.14132 -' entity='client.admin' cmd=[{"prefix": "orch set backend", "module_name": "cephadm", "target": ["mon-mgr", ""]}]: dispatch
2024-03-19T00:44:45.113 INFO:journalctl@ceph.mon.a.smithi005.stdout:Mar 19 00:44:45 smithi005 ceph-mon[62515]: from='mgr.14120 172.21.15.5:0/2149894311' entity='mgr.x'
2024-03-19T00:44:45.113 INFO:journalctl@ceph.mon.a.smithi005.stdout:Mar 19 00:44:45 smithi005 ceph-mon[62515]: from='mgr.14120 172.21.15.5:0/2149894311' entity='mgr.x' cmd=[{"prefix": "config dump", "format": "json"}]: dispatch
2024-03-19T00:44:45.683 INFO:teuthology.orchestra.run.smithi005.stdout:/usr/bin/ceph: stderr
2024-03-19T00:44:44.590+0000 7f6961800700 1 Processor -- start
2024-03-19T00:44:45.684 INFO:teuthology.orchestra.run.smithi005.stdout:/usr/bin/ceph: stderr
2024-03-19T00:44:44.590+0000 7f6961800700 1 -- start start
2024-03-19T00:44:45.684 INFO:teuthology.orchestra.run.smithi005.stdout:/usr/bin/ceph: stderr
2024-03-19T00:44:44.591+0000 7f6961800700 1 --2- >> [v2:172.21.15.5:3300/0,v1:172.21.15.5:6789/0] conn(0x7f695c109e00 0x7f695c10a220 unknown :-1 s=NONE pgs=0 cs=0 l=0 rev1=0 crypto rx=0 tx=0 comp rx=0 tx=0).connect
2024-03-19T00:44:45.684 INFO:teuthology.orchestra.run.smithi005.stdout:/usr/bin/ceph: stderr
2024-03-19T00:44:44.591+0000 7f6961800700 1 -- --> [v2:172.21.15.5:3300/0,v1:172.21.15.5:6789/0] -- mon_getmap magic: 0 -- 0x7f695c10a7f0 con 0x7f695c109e00
2024-03-19T00:44:45.684 INFO:teuthology.orchestra.run.smithi005.stdout:/usr/bin/ceph: stderr
2024-03-19T00:44:44.591+0000 7f695be00700 1 --2- >> [v2:172.21.15.5:3300/0,v1:172.21.15.5:6789/0] conn(0x7f695c109e00 0x7f695c10a220 unknown :-1 s=BANNER_CONNECTING pgs=0 cs=0 l=0 rev1=0 crypto rx=0 tx=0 comp rx=0 tx=0)._handle_peer_banner_payload supported=3 required=0
2024-03-19T00:44:45.684 INFO:teuthology.orchestra.run.smithi005.stdout:/usr/bin/ceph: stderr
2024-03-19T00:44:44.592+0000 7f695be00700 1 --2- >> [v2:172.21.15.5:3300/0,v1:172.21.15.5:6789/0] conn(0x7f695c109e00 0x7f695c10a220 unknown :-1 s=HELLO_CONNECTING pgs=0 cs=0 l=0 rev1=1 crypto rx=0 tx=0 comp rx=0 tx=0).handle_hello peer v2:172.21.15.5:3300/0 says I am v2:172.21.15.5:52896/0 (socket says 172.21.15.5:52896)
2024-03-19T00:44:45.684 INFO:teuthology.orchestra.run.smithi005.stdout:/usr/bin/ceph: stderr
2024-03-19T00:44:44.592+0000 7f695be00700 1 -- 172.21.15.5:0/2282344711 learned_addr learned my addr 172.21.15.5:0/2282344711 (peer_addr_for_me v2:172.21.15.5:0/0)
2024-03-19T00:44:45.684 INFO:teuthology.orchestra.run.smithi005.stdout:/usr/bin/ceph: stderr
2024-03-19T00:44:44.592+0000 7f695be00700 1 -- 172.21.15.5:0/2282344711 --> [v2:172.21.15.5:3300/0,v1:172.21.15.5:6789/0] -- mon_subscribe({config=0+,monmap=0+}) -- 0x7f695c10af60 con 0x7f695c109e00
2024-03-19T00:44:45.686 INFO:teuthology.orchestra.run.smithi005.stdout:/usr/bin/ceph: stderr
2024-03-19T00:44:44.593+0000 7f695be00700 1 --2- 172.21.15.5:0/2282344711 >> [v2:172.21.15.5:3300/0,v1:172.21.15.5:6789/0] conn(0x7f695c109e00 0x7f695c10a220 secure :-1 s=READY pgs=37 cs=0 l=1 rev1=1 crypto rx=0x7f694c0098a0 tx=0x7f694c009bb0 comp rx=0 tx=0).ready entity=mon.0 client_cookie=5af76e3be8eff540 server_cookie=0 in_seq=0 out_seq=0
2024-03-19T00:44:45.686 INFO:teuthology.orchestra.run.smithi005.stdout:/usr/bin/ceph: stderr
2024-03-19T00:44:44.593+0000 7f695aa00700 1 -- 172.21.15.5:0/2282344711 <== mon.0 v2:172.21.15.5:3300/0 1 ==== mon_map magic: 0 ==== 205+0+0 (secure 0 0 0) 0x7f694c004160 con 0x7f695c109e00
2024-03-19T00:44:45.686 INFO:teuthology.orchestra.run.smithi005.stdout:/usr/bin/ceph: stderr
2024-03-19T00:44:44.593+0000 7f695aa00700 1 -- 172.21.15.5:0/2282344711 <== mon.0 v2:172.21.15.5:3300/0 2 ==== config(27 keys) ==== 1109+0+0 (secure 0 0 0) 0x7f694c004300 con 0x7f695c109e00
2024-03-19T00:44:45.686 INFO:teuthology.orchestra.run.smithi005.stdout:/usr/bin/ceph: stderr
2024-03-19T00:44:44.593+0000 7f695aa00700 1 -- 172.21.15.5:0/2282344711 <== mon.0 v2:172.21.15.5:3300/0 3 ==== mon_map magic: 0 ==== 205+0+0 (secure 0 0 0) 0x7f694c011b50 con 0x7f695c109e00
2024-03-19T00:44:45.687 INFO:teuthology.orchestra.run.smithi005.stdout:/usr/bin/ceph: stderr
2024-03-19T00:44:44.594+0000 7f6961800700 1 -- 172.21.15.5:0/2282344711 >> [v2:172.21.15.5:3300/0,v1:172.21.15.5:6789/0] conn(0x7f695c109e00 msgr2=0x7f695c10a220 secure :-1 s=STATE_CONNECTION_ESTABLISHED l=1).mark_down
2024-03-19T00:44:45.687 INFO:teuthology.orchestra.run.smithi005.stdout:/usr/bin/ceph: stderr
2024-03-19T00:44:44.594+0000 7f6961800700 1 --2- 172.21.15.5:0/2282344711 >> [v2:172.21.15.5:3300/0,v1:172.21.15.5:6789/0] conn(0x7f695c109e00 0x7f695c10a220 secure :-1 s=READY pgs=37 cs=0 l=1 rev1=1 crypto rx=0x7f694c0098a0 tx=0x7f694c009bb0 comp rx=0 tx=0).stop
2024-03-19T00:44:45.687 INFO:teuthology.orchestra.run.smithi005.stdout:/usr/bin/ceph: stderr
2024-03-19T00:44:44.594+0000 7f6961800700 1 -- 172.21.15.5:0/2282344711 shutdown_connections
2024-03-19T00:44:45.687 INFO:teuthology.orchestra.run.smithi005.stdout:/usr/bin/ceph: stderr
2024-03-19T00:44:44.594+0000 7f6961800700 1 --2- 172.21.15.5:0/2282344711 >> [v2:172.21.15.5:3300/0,v1:172.21.15.5:6789/0] conn(0x7f695c109e00 0x7f695c10a220 unknown :-1 s=CLOSED pgs=37 cs=0 l=1 rev1=1 crypto rx=0 tx=0 comp rx=0 tx=0).stop
2024-03-19T00:44:45.687 INFO:teuthology.orchestra.run.smithi005.stdout:/usr/bin/ceph: stderr
2024-03-19T00:44:44.594+0000 7f6961800700 1 -- 172.21.15.5:0/2282344711 >> 172.21.15.5:0/2282344711 conn(0x7f695c07d1f0 msgr2=0x7f695c07d600 unknown :-1 s=STATE_NONE l=0).mark_down
2024-03-19T00:44:45.687 INFO:teuthology.orchestra.run.smithi005.stdout:/usr/bin/ceph: stderr
2024-03-19T00:44:44.594+0000 7f6961800700 1 -- 172.21.15.5:0/2282344711 shutdown_connections
2024-03-19T00:44:45.687 INFO:teuthology.orchestra.run.smithi005.stdout:/usr/bin/ceph: stderr
2024-03-19T00:44:44.594+0000 7f6961800700 1 -- 172.21.15.5:0/2282344711 wait complete.
2024-03-19T00:44:45.687 INFO:teuthology.orchestra.run.smithi005.stdout:/usr/bin/ceph: stderr
2024-03-19T00:44:44.596+0000 7f6961800700 1 Processor -- start
2024-03-19T00:44:45.687 INFO:teuthology.orchestra.run.smithi005.stdout:/usr/bin/ceph: stderr
2024-03-19T00:44:44.596+0000 7f6961800700 1 -- start start
2024-03-19T00:44:45.687 INFO:teuthology.orchestra.run.smithi005.stdout:/usr/bin/ceph: stderr
2024-03-19T00:44:44.596+0000 7f6961800700 1 --2- >> [v2:172.21.15.5:3300/0,v1:172.21.15.5:6789/0] conn(0x7f695c109e00 0x7f695c19dd50 unknown :-1 s=NONE pgs=0 cs=0 l=1 rev1=0 crypto rx=0 tx=0 comp rx=0 tx=0).connect
2024-03-19T00:44:45.687 INFO:teuthology.orchestra.run.smithi005.stdout:/usr/bin/ceph: stderr
2024-03-19T00:44:44.596+0000 7f6961800700 1 -- --> [v2:172.21.15.5:3300/0,v1:172.21.15.5:6789/0] -- mon_getmap magic: 0 -- 0x7f695c10e310 con 0x7f695c109e00
2024-03-19T00:44:45.687 INFO:teuthology.orchestra.run.smithi005.stdout:/usr/bin/ceph: stderr
2024-03-19T00:44:44.596+0000 7f695be00700 1 --2- >> [v2:172.21.15.5:3300/0,v1:172.21.15.5:6789/0] conn(0x7f695c109e00 0x7f695c19dd50 unknown :-1 s=BANNER_CONNECTING pgs=0 cs=0 l=1 rev1=0 crypto rx=0 tx=0 comp rx=0 tx=0)._handle_peer_banner_payload supported=3 required=0
2024-03-19T00:44:45.690 INFO:teuthology.orchestra.run.smithi005.stdout:/usr/bin/ceph: stderr
2024-03-19T00:44:44.596+0000 7f695be00700 1 --2- >> [v2:172.21.15.5:3300/0,v1:172.21.15.5:6789/0] conn(0x7f695c109e00 0x7f695c19dd50 unknown :-1 s=HELLO_CONNECTING pgs=0 cs=0 l=1 rev1=1 crypto rx=0 tx=0 comp rx=0 tx=0).handle_hello peer v2:172.21.15.5:3300/0 says I am v2:172.21.15.5:52904/0 (socket says 172.21.15.5:52904)
2024-03-19T00:44:45.690 INFO:teuthology.orchestra.run.smithi005.stdout:/usr/bin/ceph: stderr
2024-03-19T00:44:44.596+0000 7f695be00700 1 -- 172.21.15.5:0/1658662873 learned_addr learned my addr 172.21.15.5:0/1658662873 (peer_addr_for_me v2:172.21.15.5:0/0)
2024-03-19T00:44:45.690 INFO:teuthology.orchestra.run.smithi005.stdout:/usr/bin/ceph: stderr
2024-03-19T00:44:44.597+0000 7f695be00700 1 -- 172.21.15.5:0/1658662873 --> [v2:172.21.15.5:3300/0,v1:172.21.15.5:6789/0] -- mon_subscribe({config=0+,monmap=0+}) -- 0x7f695c19e290 con 0x7f695c109e00
2024-03-19T00:44:45.691 INFO:teuthology.orchestra.run.smithi005.stdout:/usr/bin/ceph: stderr
2024-03-19T00:44:44.597+0000 7f695be00700 1 --2- 172.21.15.5:0/1658662873 >> [v2:172.21.15.5:3300/0,v1:172.21.15.5:6789/0] conn(0x7f695c109e00 0x7f695c19dd50 secure :-1 s=READY pgs=38 cs=0 l=1 rev1=1 crypto rx=0x7f694c011850 tx=0x7f694c011c10 comp rx=0 tx=0).ready entity=mon.0 client_cookie=0 server_cookie=0 in_seq=0 out_seq=0
2024-03-19T00:44:45.691 INFO:teuthology.orchestra.run.smithi005.stdout:/usr/bin/ceph: stderr
2024-03-19T00:44:44.597+0000 7f6958c00700 1 -- 172.21.15.5:0/1658662873 <== mon.0 v2:172.21.15.5:3300/0 1 ==== mon_map magic: 0 ==== 205+0+0 (secure 0 0 0) 0x7f694c003af0 con 0x7f695c109e00
2024-03-19T00:44:45.691 INFO:teuthology.orchestra.run.smithi005.stdout:/usr/bin/ceph: stderr
2024-03-19T00:44:44.598+0000 7f6958c00700 1 -- 172.21.15.5:0/1658662873 <== mon.0 v2:172.21.15.5:3300/0 2 ==== config(27 keys) ==== 1109+0+0 (secure 0 0 0) 0x7f694c020070 con 0x7f695c109e00
2024-03-19T00:44:45.691 INFO:teuthology.orchestra.run.smithi005.stdout:/usr/bin/ceph: stderr
2024-03-19T00:44:44.598+0000 7f6958c00700 1 -- 172.21.15.5:0/1658662873 <== mon.0 v2:172.21.15.5:3300/0 3 ==== mon_map magic: 0 ==== 205+0+0 (secure 0 0 0) 0x7f694c0195a0 con 0x7f695c109e00
2024-03-19T00:44:45.691 INFO:teuthology.orchestra.run.smithi005.stdout:/usr/bin/ceph: stderr
2024-03-19T00:44:44.598+0000 7f6961800700 1 -- 172.21.15.5:0/1658662873 --> [v2:172.21.15.5:3300/0,v1:172.21.15.5:6789/0] -- mon_subscribe({mgrmap=0+}) -- 0x7f695c19e520 con 0x7f695c109e00
2024-03-19T00:44:45.691 INFO:teuthology.orchestra.run.smithi005.stdout:/usr/bin/ceph: stderr
2024-03-19T00:44:44.598+0000 7f6961800700 1 -- 172.21.15.5:0/1658662873 --> [v2:172.21.15.5:3300/0,v1:172.21.15.5:6789/0] -- mon_subscribe({osdmap=0}) -- 0x7f695c1a1210 con 0x7f695c109e00
2024-03-19T00:44:45.691 INFO:teuthology.orchestra.run.smithi005.stdout:/usr/bin/ceph: stderr
2024-03-19T00:44:44.599+0000 7f6958c00700 1 -- 172.21.15.5:0/1658662873 <== mon.0 v2:172.21.15.5:3300/0 4 ==== mgrmap(e 8) ==== 46106+0+0 (secure 0 0 0) 0x7f694c019850 con 0x7f695c109e00
2024-03-19T00:44:45.691 INFO:teuthology.orchestra.run.smithi005.stdout:/usr/bin/ceph: stderr
2024-03-19T00:44:44.599+0000 7f6961800700 1 -- 172.21.15.5:0/1658662873 --> [v2:172.21.15.5:3300/0,v1:172.21.15.5:6789/0] -- mon_command({"prefix": "get_command_descriptions"} v 0) -- 0x7f695c063940 con 0x7f695c109e00
2024-03-19T00:44:45.691 INFO:teuthology.orchestra.run.smithi005.stdout:/usr/bin/ceph: stderr
2024-03-19T00:44:44.599+0000 7f6958c00700 1 --2- 172.21.15.5:0/1658662873 >> [v2:172.21.15.5:6800/1254096244,v1:172.21.15.5:6801/1254096244] conn(0x7f6940038f70 0x7f694003b430 unknown :-1 s=NONE pgs=0 cs=0 l=1 rev1=0 crypto rx=0 tx=0 comp rx=0 tx=0).connect
2024-03-19T00:44:45.691 INFO:teuthology.orchestra.run.smithi005.stdout:/usr/bin/ceph: stderr
2024-03-19T00:44:44.600+0000 7f6958c00700 1 -- 172.21.15.5:0/1658662873 <== mon.0 v2:172.21.15.5:3300/0 5 ==== osd_map(2..2 src has 1..2) ==== 940+0+0 (secure 0 0 0) 0x7f694c011e00 con 0x7f695c109e00
2024-03-19T00:44:45.691 INFO:teuthology.orchestra.run.smithi005.stdout:/usr/bin/ceph: stderr
2024-03-19T00:44:44.600+0000 7f695b400700 1 --2- 172.21.15.5:0/1658662873 >> [v2:172.21.15.5:6800/1254096244,v1:172.21.15.5:6801/1254096244] conn(0x7f6940038f70 0x7f694003b430 unknown :-1 s=BANNER_CONNECTING pgs=0 cs=0 l=1 rev1=0 crypto rx=0 tx=0 comp rx=0 tx=0)._handle_peer_banner_payload supported=3 required=0
2024-03-19T00:44:45.691 INFO:teuthology.orchestra.run.smithi005.stdout:/usr/bin/ceph: stderr
2024-03-19T00:44:44.601+0000 7f695b400700 1 --2- 172.21.15.5:0/1658662873 >> [v2:172.21.15.5:6800/1254096244,v1:172.21.15.5:6801/1254096244] conn(0x7f6940038f70 0x7f694003b430 secure :-1 s=READY pgs=7 cs=0 l=1 rev1=1 crypto rx=0x7f6948006fd0 tx=0x7f6948006e40 comp rx=0 tx=0).ready entity=mgr.14120 client_cookie=0 server_cookie=0 in_seq=0 out_seq=0
2024-03-19T00:44:45.691 INFO:teuthology.orchestra.run.smithi005.stdout:/usr/bin/ceph: stderr
2024-03-19T00:44:44.606+0000 7f6958c00700 1 -- 172.21.15.5:0/1658662873 <== mon.0 v2:172.21.15.5:3300/0 6 ==== mon_command_ack([{"prefix": "get_command_descriptions"}]=0 v0) ==== 72+0+186149 (secure 0 0 0) 0x7f694c019b40 con 0x7f695c109e00
2024-03-19T00:44:45.691 INFO:teuthology.orchestra.run.smithi005.stdout:/usr/bin/ceph: stderr
2024-03-19T00:44:44.848+0000 7f6961800700 1 -- 172.21.15.5:0/1658662873 --> [v2:172.21.15.5:6800/1254096244,v1:172.21.15.5:6801/1254096244] -- mgr_command(tid 0: {"prefix": "orch set backend", "module_name": "cephadm", "target": ["mon-mgr", ""]}) -- 0x7f695c107c40 con 0x7f6940038f70
2024-03-19T00:44:45.692 INFO:teuthology.orchestra.run.smithi005.stdout:/usr/bin/ceph: stderr
2024-03-19T00:44:44.861+0000 7f6958c00700 1 -- 172.21.15.5:0/1658662873 <== mgr.14120 v2:172.21.15.5:6800/1254096244 1 ==== mgr_command_reply(tid 0: 0 ) ==== 8+0+0 (secure 0 0 0) 0x7f695c107c40 con 0x7f6940038f70
2024-03-19T00:44:45.692 INFO:teuthology.orchestra.run.smithi005.stdout:/usr/bin/ceph: stderr
2024-03-19T00:44:44.864+0000 7f6961800700 1 -- 172.21.15.5:0/1658662873 >> [v2:172.21.15.5:6800/1254096244,v1:172.21.15.5:6801/1254096244] conn(0x7f6940038f70 msgr2=0x7f694003b430 secure :-1 s=STATE_CONNECTION_ESTABLISHED l=1).mark_down
2024-03-19T00:44:45.692 INFO:teuthology.orchestra.run.smithi005.stdout:/usr/bin/ceph: stderr
2024-03-19T00:44:44.864+0000 7f6961800700 1 --2- 172.21.15.5:0/1658662873 >> [v2:172.21.15.5:6800/1254096244,v1:172.21.15.5:6801/1254096244] conn(0x7f6940038f70 0x7f694003b430 secure :-1 s=READY pgs=7 cs=0 l=1 rev1=1 crypto rx=0x7f6948006fd0 tx=0x7f6948006e40 comp rx=0 tx=0).stop
2024-03-19T00:44:45.692 INFO:teuthology.orchestra.run.smithi005.stdout:/usr/bin/ceph: stderr
2024-03-19T00:44:44.864+0000 7f6961800700 1 -- 172.21.15.5:0/1658662873 >> [v2:172.21.15.5:3300/0,v1:172.21.15.5:6789/0] conn(0x7f695c109e00 msgr2=0x7f695c19dd50 secure :-1 s=STATE_CONNECTION_ESTABLISHED l=1).mark_down
2024-03-19T00:44:45.692 INFO:teuthology.orchestra.run.smithi005.stdout:/usr/bin/ceph: stderr
2024-03-19T00:44:44.864+0000 7f6961800700 1 --2- 172.21.15.5:0/1658662873 >> [v2:172.21.15.5:3300/0,v1:172.21.15.5:6789/0] conn(0x7f695c109e00 0x7f695c19dd50 secure :-1 s=READY pgs=38 cs=0 l=1 rev1=1 crypto rx=0x7f694c011850 tx=0x7f694c011c10 comp rx=0 tx=0).stop
2024-03-19T00:44:45.692 INFO:teuthology.orchestra.run.smithi005.stdout:/usr/bin/ceph: stderr
2024-03-19T00:44:44.864+0000 7f6961800700 1 -- 172.21.15.5:0/1658662873 shutdown_connections
2024-03-19T00:44:45.692 INFO:teuthology.orchestra.run.smithi005.stdout:/usr/bin/ceph: stderr
2024-03-19T00:44:44.864+0000 7f6961800700 1 --2- 172.21.15.5:0/1658662873 >> [v2:172.21.15.5:6800/1254096244,v1:172.21.15.5:6801/1254096244] conn(0x7f6940038f70 0x7f694003b430 unknown :-1 s=CLOSED pgs=7 cs=0 l=1 rev1=1 crypto rx=0 tx=0 comp rx=0 tx=0).stop
2024-03-19T00:44:45.692 INFO:teuthology.orchestra.run.smithi005.stdout:/usr/bin/ceph: stderr
2024-03-19T00:44:44.864+0000 7f6961800700 1 --2- 172.21.15.5:0/1658662873 >> [v2:172.21.15.5:3300/0,v1:172.21.15.5:6789/0] conn(0x7f695c109e00 0x7f695c19dd50 unknown :-1 s=CLOSED pgs=38 cs=0 l=1 rev1=1 crypto rx=0 tx=0 comp rx=0 tx=0).stop
2024-03-19T00:44:45.692 INFO:teuthology.orchestra.run.smithi005.stdout:/usr/bin/ceph: stderr
2024-03-19T00:44:44.864+0000 7f6961800700 1 -- 172.21.15.5:0/1658662873 >> 172.21.15.5:0/1658662873 conn(0x7f695c07d1f0 msgr2=0x7f695c107530 unknown :-1 s=STATE_NONE l=0).mark_down
2024-03-19T00:44:45.693 INFO:teuthology.orchestra.run.smithi005.stdout:/usr/bin/ceph: stderr
2024-03-19T00:44:44.864+0000 7f6961800700 1 -- 172.21.15.5:0/1658662873 shutdown_connections
2024-03-19T00:44:45.693 INFO:teuthology.orchestra.run.smithi005.stdout:/usr/bin/ceph: stderr
2024-03-19T00:44:44.864+0000 7f6961800700 1 -- 172.21.15.5:0/1658662873 wait complete.
2024-03-19T00:44:47.363 INFO:journalctl@ceph.mon.a.smithi005.stdout:Mar 19 00:44:47 smithi005 ceph-mon[62515]: from='client.14134 -' entity='client.admin' cmd=[{"prefix": "cephadm set-user", "user": "root", "target": ["mon-mgr", ""]}]: dispatch
2024-03-19T00:44:47.434 INFO:teuthology.orchestra.run.smithi005.stdout:/usr/bin/ceph: stdout value unchanged
2024-03-19T00:44:47.434 INFO:teuthology.orchestra.run.smithi005.stdout:/usr/bin/ceph: stderr
2024-03-19T00:44:46.398+0000 7f30f1800700 1 Processor -- start
2024-03-19T00:44:47.434 INFO:teuthology.orchestra.run.smithi005.stdout:/usr/bin/ceph: stderr
2024-03-19T00:44:46.398+0000 7f30f1800700 1 -- start start
2024-03-19T00:44:47.434 INFO:teuthology.orchestra.run.smithi005.stdout:/usr/bin/ceph: stderr
2024-03-19T00:44:46.398+0000 7f30f1800700 1 --2- >> [v2:172.21.15.5:3300/0,v1:172.21.15.5:6789/0] conn(0x7f30ec07e6b0 0x7f30ec07cb60 unknown :-1 s=NONE pgs=0 cs=0 l=0 rev1=0 crypto rx=0 tx=0 comp rx=0 tx=0).connect
2024-03-19T00:44:47.434 INFO:teuthology.orchestra.run.smithi005.stdout:/usr/bin/ceph: stderr
2024-03-19T00:44:46.398+0000 7f30f1800700 1 -- --> [v2:172.21.15.5:3300/0,v1:172.21.15.5:6789/0] -- mon_getmap magic: 0 -- 0x7f30ec07d130 con 0x7f30ec07e6b0
2024-03-19T00:44:47.434 INFO:teuthology.orchestra.run.smithi005.stdout:/usr/bin/ceph: stderr
2024-03-19T00:44:46.398+0000 7f30eaa00700 1 --2- >> [v2:172.21.15.5:3300/0,v1:172.21.15.5:6789/0] conn(0x7f30ec07e6b0 0x7f30ec07cb60 unknown :-1 s=BANNER_CONNECTING pgs=0 cs=0 l=0 rev1=0 crypto rx=0 tx=0 comp rx=0 tx=0)._handle_peer_banner_payload supported=3 required=0
2024-03-19T00:44:47.434 INFO:teuthology.orchestra.run.smithi005.stdout:/usr/bin/ceph: stderr
2024-03-19T00:44:46.398+0000 7f30eaa00700 1 --2- >> [v2:172.21.15.5:3300/0,v1:172.21.15.5:6789/0] conn(0x7f30ec07e6b0 0x7f30ec07cb60 unknown :-1 s=HELLO_CONNECTING pgs=0 cs=0 l=0 rev1=1 crypto rx=0 tx=0 comp rx=0 tx=0).handle_hello peer v2:172.21.15.5:3300/0 says I am v2:172.21.15.5:52914/0 (socket says 172.21.15.5:52914)
2024-03-19T00:44:47.439 INFO:teuthology.orchestra.run.smithi005.stdout:/usr/bin/ceph: stderr
2024-03-19T00:44:46.398+0000 7f30eaa00700 1 -- 172.21.15.5:0/1017169955 learned_addr learned my addr 172.21.15.5:0/1017169955 (peer_addr_for_me v2:172.21.15.5:0/0)
2024-03-19T00:44:47.439 INFO:teuthology.orchestra.run.smithi005.stdout:/usr/bin/ceph: stderr
2024-03-19T00:44:46.399+0000 7f30eaa00700 1 -- 172.21.15.5:0/1017169955 --> [v2:172.21.15.5:3300/0,v1:172.21.15.5:6789/0] -- mon_subscribe({config=0+,monmap=0+}) -- 0x7f30ec07d2b0 con 0x7f30ec07e6b0
2024-03-19T00:44:47.439 INFO:teuthology.orchestra.run.smithi005.stdout:/usr/bin/ceph: stderr
2024-03-19T00:44:46.401+0000 7f30eaa00700 1 --2- 172.21.15.5:0/1017169955 >> [v2:172.21.15.5:3300/0,v1:172.21.15.5:6789/0] conn(0x7f30ec07e6b0 0x7f30ec07cb60 secure :-1 s=READY pgs=39 cs=0 l=1 rev1=1 crypto rx=0x7f30dc0098a0 tx=0x7f30dc009bb0 comp rx=0 tx=0).ready entity=mon.0 client_cookie=ff276397e95d69cc server_cookie=0 in_seq=0 out_seq=0
2024-03-19T00:44:47.439 INFO:teuthology.orchestra.run.smithi005.stdout:/usr/bin/ceph: stderr
2024-03-19T00:44:46.401+0000 7f30e9600700 1 -- 172.21.15.5:0/1017169955 <== mon.0 v2:172.21.15.5:3300/0 1 ==== mon_map magic: 0 ==== 205+0+0 (secure 0 0 0) 0x7f30dc004160 con 0x7f30ec07e6b0
2024-03-19T00:44:47.439 INFO:teuthology.orchestra.run.smithi005.stdout:/usr/bin/ceph: stderr
2024-03-19T00:44:46.401+0000 7f30e9600700 1 -- 172.21.15.5:0/1017169955 <== mon.0 v2:172.21.15.5:3300/0 2 ==== config(27 keys) ==== 1109+0+0 (secure 0 0 0) 0x7f30dc004300 con 0x7f30ec07e6b0
2024-03-19T00:44:47.439 INFO:teuthology.orchestra.run.smithi005.stdout:/usr/bin/ceph: stderr
2024-03-19T00:44:46.401+0000 7f30e9600700 1 -- 172.21.15.5:0/1017169955 <== mon.0 v2:172.21.15.5:3300/0 3 ==== mon_map magic: 0 ==== 205+0+0 (secure 0 0 0) 0x7f30dc011b50 con 0x7f30ec07e6b0
2024-03-19T00:44:47.440 INFO:teuthology.orchestra.run.smithi005.stdout:/usr/bin/ceph: stderr
2024-03-19T00:44:46.401+0000 7f30f1800700 1 -- 172.21.15.5:0/1017169955 >> [v2:172.21.15.5:3300/0,v1:172.21.15.5:6789/0] conn(0x7f30ec07e6b0 msgr2=0x7f30ec07cb60 secure :-1 s=STATE_CONNECTION_ESTABLISHED l=1).mark_down
2024-03-19T00:44:47.440 INFO:teuthology.orchestra.run.smithi005.stdout:/usr/bin/ceph: stderr
2024-03-19T00:44:46.401+0000 7f30f1800700 1 --2- 172.21.15.5:0/1017169955 >> [v2:172.21.15.5:3300/0,v1:172.21.15.5:6789/0] conn(0x7f30ec07e6b0 0x7f30ec07cb60 secure :-1 s=READY pgs=39 cs=0 l=1 rev1=1 crypto rx=0x7f30dc0098a0 tx=0x7f30dc009bb0 comp rx=0 tx=0).stop
2024-03-19T00:44:47.440 INFO:teuthology.orchestra.run.smithi005.stdout:/usr/bin/ceph: stderr
2024-03-19T00:44:46.401+0000 7f30f1800700 1 -- 172.21.15.5:0/1017169955 shutdown_connections
2024-03-19T00:44:47.440 INFO:teuthology.orchestra.run.smithi005.stdout:/usr/bin/ceph: stderr
2024-03-19T00:44:46.401+0000 7f30f1800700 1 --2- 172.21.15.5:0/1017169955 >> [v2:172.21.15.5:3300/0,v1:172.21.15.5:6789/0] conn(0x7f30ec07e6b0 0x7f30ec07cb60 unknown :-1 s=CLOSED pgs=39 cs=0 l=1 rev1=1 crypto rx=0 tx=0 comp rx=0 tx=0).stop
2024-03-19T00:44:47.440 INFO:teuthology.orchestra.run.smithi005.stdout:/usr/bin/ceph: stderr
2024-03-19T00:44:46.401+0000 7f30f1800700 1 -- 172.21.15.5:0/1017169955 >> 172.21.15.5:0/1017169955 conn(0x7f30ec103320 msgr2=0x7f30ec105740 unknown :-1 s=STATE_NONE l=0).mark_down
2024-03-19T00:44:47.440 INFO:teuthology.orchestra.run.smithi005.stdout:/usr/bin/ceph: stderr
2024-03-19T00:44:46.401+0000 7f30f1800700 1 -- 172.21.15.5:0/1017169955 shutdown_connections
2024-03-19T00:44:47.440 INFO:teuthology.orchestra.run.smithi005.stdout:/usr/bin/ceph: stderr
2024-03-19T00:44:46.401+0000 7f30f1800700 1 -- 172.21.15.5:0/1017169955 wait complete.
2024-03-19T00:44:47.440 INFO:teuthology.orchestra.run.smithi005.stdout:/usr/bin/ceph: stderr
2024-03-19T00:44:46.402+0000 7f30f1800700 1 Processor -- start
2024-03-19T00:44:47.440 INFO:teuthology.orchestra.run.smithi005.stdout:/usr/bin/ceph: stderr
2024-03-19T00:44:46.402+0000 7f30f1800700 1 -- start start
2024-03-19T00:44:47.440 INFO:teuthology.orchestra.run.smithi005.stdout:/usr/bin/ceph: stderr
2024-03-19T00:44:46.403+0000 7f30f1800700 1 --2- >> [v2:172.21.15.5:3300/0,v1:172.21.15.5:6789/0] conn(0x7f30ec07e6b0 0x7f30ec1a2250 unknown :-1 s=NONE pgs=0 cs=0 l=1 rev1=0 crypto rx=0 tx=0 comp rx=0 tx=0).connect
2024-03-19T00:44:47.440 INFO:teuthology.orchestra.run.smithi005.stdout:/usr/bin/ceph: stderr
2024-03-19T00:44:46.403+0000 7f30f1800700 1 -- --> [v2:172.21.15.5:3300/0,v1:172.21.15.5:6789/0] -- mon_getmap magic: 0 -- 0x7f30ec109ec0 con 0x7f30ec07e6b0
2024-03-19T00:44:47.440 INFO:teuthology.orchestra.run.smithi005.stdout:/usr/bin/ceph: stderr
2024-03-19T00:44:46.403+0000 7f30eaa00700 1 --2- >> [v2:172.21.15.5:3300/0,v1:172.21.15.5:6789/0] conn(0x7f30ec07e6b0 0x7f30ec1a2250 unknown :-1 s=BANNER_CONNECTING pgs=0 cs=0 l=1 rev1=0 crypto rx=0 tx=0 comp rx=0 tx=0)._handle_peer_banner_payload supported=3 required=0
2024-03-19T00:44:47.440 INFO:teuthology.orchestra.run.smithi005.stdout:/usr/bin/ceph: stderr
2024-03-19T00:44:46.403+0000 7f30eaa00700 1 --2- >> [v2:172.21.15.5:3300/0,v1:172.21.15.5:6789/0] conn(0x7f30ec07e6b0 0x7f30ec1a2250 unknown :-1 s=HELLO_CONNECTING pgs=0 cs=0 l=1 rev1=1 crypto rx=0 tx=0 comp rx=0 tx=0).handle_hello peer v2:172.21.15.5:3300/0 says I am v2:172.21.15.5:52918/0 (socket says 172.21.15.5:52918)
2024-03-19T00:44:47.440 INFO:teuthology.orchestra.run.smithi005.stdout:/usr/bin/ceph: stderr
2024-03-19T00:44:46.403+0000 7f30eaa00700 1 -- 172.21.15.5:0/1800613522 learned_addr learned my addr 172.21.15.5:0/1800613522 (peer_addr_for_me v2:172.21.15.5:0/0)
2024-03-19T00:44:47.441 INFO:teuthology.orchestra.run.smithi005.stdout:/usr/bin/ceph: stderr
2024-03-19T00:44:46.403+0000 7f30eaa00700 1 -- 172.21.15.5:0/1800613522 --> [v2:172.21.15.5:3300/0,v1:172.21.15.5:6789/0] -- mon_subscribe({config=0+,monmap=0+}) -- 0x7f30ec1a2790 con 0x7f30ec07e6b0
2024-03-19T00:44:47.441 INFO:teuthology.orchestra.run.smithi005.stdout:/usr/bin/ceph: stderr
2024-03-19T00:44:46.404+0000 7f30eaa00700 1 --2- 172.21.15.5:0/1800613522 >> [v2:172.21.15.5:3300/0,v1:172.21.15.5:6789/0] conn(0x7f30ec07e6b0 0x7f30ec1a2250 secure :-1 s=READY pgs=40 cs=0 l=1 rev1=1 crypto rx=0x7f30dc011670 tx=0x7f30dc011b60 comp rx=0 tx=0).ready entity=mon.0 client_cookie=0 server_cookie=0 in_seq=0 out_seq=0
2024-03-19T00:44:47.441 INFO:teuthology.orchestra.run.smithi005.stdout:/usr/bin/ceph: stderr
2024-03-19T00:44:46.404+0000 7f30e3400700 1 -- 172.21.15.5:0/1800613522 <== mon.0 v2:172.21.15.5:3300/0 1 ==== mon_map magic: 0 ==== 205+0+0 (secure 0 0 0) 0x7f30dc0039c0 con 0x7f30ec07e6b0
2024-03-19T00:44:47.441 INFO:teuthology.orchestra.run.smithi005.stdout:/usr/bin/ceph: stderr
2024-03-19T00:44:46.404+0000 7f30e3400700 1 -- 172.21.15.5:0/1800613522 <== mon.0 v2:172.21.15.5:3300/0 2 ==== config(27 keys) ==== 1109+0+0 (secure 0 0 0) 0x7f30dc011e50 con 0x7f30ec07e6b0
2024-03-19T00:44:47.441 INFO:teuthology.orchestra.run.smithi005.stdout:/usr/bin/ceph: stderr
2024-03-19T00:44:46.404+0000 7f30f1800700 1 -- 172.21.15.5:0/1800613522 --> [v2:172.21.15.5:3300/0,v1:172.21.15.5:6789/0] -- mon_subscribe({mgrmap=0+}) -- 0x7f30ec1a2a20 con 0x7f30ec07e6b0
2024-03-19T00:44:47.441 INFO:teuthology.orchestra.run.smithi005.stdout:/usr/bin/ceph: stderr
2024-03-19T00:44:46.404+0000 7f30e3400700 1 -- 172.21.15.5:0/1800613522 <== mon.0 v2:172.21.15.5:3300/0 3 ==== mon_map magic: 0 ==== 205+0+0 (secure 0 0 0) 0x7f30dc01a5c0 con 0x7f30ec07e6b0
2024-03-19T00:44:47.441 INFO:teuthology.orchestra.run.smithi005.stdout:/usr/bin/ceph: stderr
2024-03-19T00:44:46.404+0000 7f30f1800700 1 -- 172.21.15.5:0/1800613522 --> [v2:172.21.15.5:3300/0,v1:172.21.15.5:6789/0] -- mon_subscribe({osdmap=0}) -- 0x7f30ec1a5710 con 0x7f30ec07e6b0
2024-03-19T00:44:47.441 INFO:teuthology.orchestra.run.smithi005.stdout:/usr/bin/ceph: stderr
2024-03-19T00:44:46.405+0000 7f30e3400700 1 -- 172.21.15.5:0/1800613522 <== mon.0 v2:172.21.15.5:3300/0 4 ==== mgrmap(e 8) ==== 46106+0+0 (secure 0 0 0) 0x7f30dc01a870 con 0x7f30ec07e6b0
2024-03-19T00:44:47.441 INFO:teuthology.orchestra.run.smithi005.stdout:/usr/bin/ceph: stderr
2024-03-19T00:44:46.406+0000 7f30f1800700 1 -- 172.21.15.5:0/1800613522 --> [v2:172.21.15.5:3300/0,v1:172.21.15.5:6789/0] -- mon_command({"prefix": "get_command_descriptions"} v 0) -- 0x7f30ec063940 con 0x7f30ec07e6b0
2024-03-19T00:44:47.441 INFO:teuthology.orchestra.run.smithi005.stdout:/usr/bin/ceph: stderr
2024-03-19T00:44:46.406+0000 7f30e3400700 1 --2- 172.21.15.5:0/1800613522 >> [v2:172.21.15.5:6800/1254096244,v1:172.21.15.5:6801/1254096244] conn(0x7f30d0038f20 0x7f30d003b3e0 unknown :-1 s=NONE pgs=0 cs=0 l=1 rev1=0 crypto rx=0 tx=0 comp rx=0 tx=0).connect
2024-03-19T00:44:47.441 INFO:teuthology.orchestra.run.smithi005.stdout:/usr/bin/ceph: stderr
2024-03-19T00:44:46.406+0000 7f30e3400700 1 -- 172.21.15.5:0/1800613522 <== mon.0 v2:172.21.15.5:3300/0 5 ==== osd_map(2..2 src has 1..2) ==== 940+0+0 (secure 0 0 0) 0x7f30dc04d220 con 0x7f30ec07e6b0
2024-03-19T00:44:47.441 INFO:teuthology.orchestra.run.smithi005.stdout:/usr/bin/ceph: stderr
2024-03-19T00:44:46.406+0000 7f30ea000700 1 --2- 172.21.15.5:0/1800613522 >> [v2:172.21.15.5:6800/1254096244,v1:172.21.15.5:6801/1254096244] conn(0x7f30d0038f20 0x7f30d003b3e0 unknown :-1 s=BANNER_CONNECTING pgs=0 cs=0 l=1 rev1=0 crypto rx=0 tx=0 comp rx=0 tx=0)._handle_peer_banner_payload supported=3 required=0
2024-03-19T00:44:47.441 INFO:teuthology.orchestra.run.smithi005.stdout:/usr/bin/ceph: stderr
2024-03-19T00:44:46.407+0000 7f30ea000700 1 --2- 172.21.15.5:0/1800613522 >> [v2:172.21.15.5:6800/1254096244,v1:172.21.15.5:6801/1254096244] conn(0x7f30d0038f20 0x7f30d003b3e0 secure :-1 s=READY pgs=8 cs=0 l=1 rev1=1 crypto rx=0x7f30d8006fd0 tx=0x7f30d8006e40 comp rx=0 tx=0).ready entity=mgr.14120 client_cookie=0 server_cookie=0 in_seq=0 out_seq=0
2024-03-19T00:44:47.441 INFO:teuthology.orchestra.run.smithi005.stdout:/usr/bin/ceph: stderr
2024-03-19T00:44:46.413+0000 7f30e3400700 1 -- 172.21.15.5:0/1800613522 <== mon.0 v2:172.21.15.5:3300/0 6 ==== mon_command_ack([{"prefix": "get_command_descriptions"}]=0 v0) ==== 72+0+186149 (secure 0 0 0) 0x7f30dc016260 con 0x7f30ec07e6b0
2024-03-19T00:44:47.441 INFO:teuthology.orchestra.run.smithi005.stdout:/usr/bin/ceph: stderr
2024-03-19T00:44:46.636+0000 7f30f1800700 1 -- 172.21.15.5:0/1800613522 --> [v2:172.21.15.5:6800/1254096244,v1:172.21.15.5:6801/1254096244] -- mgr_command(tid 0: {"prefix": "cephadm set-user", "user": "root", "target": ["mon-mgr", ""]}) -- 0x7f30ec0008d0 con 0x7f30d0038f20
2024-03-19T00:44:47.442 INFO:teuthology.orchestra.run.smithi005.stdout:/usr/bin/ceph: stderr
2024-03-19T00:44:46.640+0000 7f30e3400700 1 -- 172.21.15.5:0/1800613522 <== mgr.14120 v2:172.21.15.5:6800/1254096244 1 ==== mgr_command_reply(tid 0: 0 ) ==== 8+0+16 (secure 0 0 0) 0x7f30ec0008d0 con 0x7f30d0038f20
2024-03-19T00:44:47.442 INFO:teuthology.orchestra.run.smithi005.stdout:/usr/bin/ceph: stderr
2024-03-19T00:44:46.642+0000 7f30f1800700 1 -- 172.21.15.5:0/1800613522 >> [v2:172.21.15.5:6800/1254096244,v1:172.21.15.5:6801/1254096244] conn(0x7f30d0038f20 msgr2=0x7f30d003b3e0 secure :-1 s=STATE_CONNECTION_ESTABLISHED l=1).mark_down
2024-03-19T00:44:47.442 INFO:teuthology.orchestra.run.smithi005.stdout:/usr/bin/ceph: stderr
2024-03-19T00:44:46.642+0000 7f30f1800700 1 --2- 172.21.15.5:0/1800613522 >> [v2:172.21.15.5:6800/1254096244,v1:172.21.15.5:6801/1254096244] conn(0x7f30d0038f20 0x7f30d003b3e0 secure :-1 s=READY pgs=8 cs=0 l=1 rev1=1 crypto rx=0x7f30d8006fd0 tx=0x7f30d8006e40 comp rx=0 tx=0).stop
2024-03-19T00:44:47.442 INFO:teuthology.orchestra.run.smithi005.stdout:/usr/bin/ceph: stderr
2024-03-19T00:44:46.642+0000 7f30f1800700 1 -- 172.21.15.5:0/1800613522 >> [v2:172.21.15.5:3300/0,v1:172.21.15.5:6789/0] conn(0x7f30ec07e6b0 msgr2=0x7f30ec1a2250 secure :-1 s=STATE_CONNECTION_ESTABLISHED l=1).mark_down
2024-03-19T00:44:47.442 INFO:teuthology.orchestra.run.smithi005.stdout:/usr/bin/ceph: stderr
2024-03-19T00:44:46.642+0000 7f30f1800700 1 --2- 172.21.15.5:0/1800613522 >> [v2:172.21.15.5:3300/0,v1:172.21.15.5:6789/0] conn(0x7f30ec07e6b0 0x7f30ec1a2250 secure :-1 s=READY pgs=40 cs=0 l=1 rev1=1 crypto rx=0x7f30dc011670 tx=0x7f30dc011b60 comp rx=0 tx=0).stop
2024-03-19T00:44:47.442 INFO:teuthology.orchestra.run.smithi005.stdout:/usr/bin/ceph: stderr
2024-03-19T00:44:46.643+0000 7f30f1800700 1 -- 172.21.15.5:0/1800613522 shutdown_connections
2024-03-19T00:44:47.442 INFO:teuthology.orchestra.run.smithi005.stdout:/usr/bin/ceph: stderr
2024-03-19T00:44:46.643+0000 7f30f1800700 1 --2- 172.21.15.5:0/1800613522 >> [v2:172.21.15.5:6800/1254096244,v1:172.21.15.5:6801/1254096244] conn(0x7f30d0038f20 0x7f30d003b3e0 unknown :-1 s=CLOSED pgs=8 cs=0 l=1 rev1=1 crypto rx=0 tx=0 comp rx=0 tx=0).stop
2024-03-19T00:44:47.442 INFO:teuthology.orchestra.run.smithi005.stdout:/usr/bin/ceph: stderr
2024-03-19T00:44:46.643+0000 7f30f1800700 1 --2- 172.21.15.5:0/1800613522 >> [v2:172.21.15.5:3300/0,v1:172.21.15.5:6789/0] conn(0x7f30ec07e6b0 0x7f30ec1a2250 unknown :-1 s=CLOSED pgs=40 cs=0 l=1 rev1=1 crypto rx=0 tx=0 comp rx=0 tx=0).stop
2024-03-19T00:44:47.442 INFO:teuthology.orchestra.run.smithi005.stdout:/usr/bin/ceph: stderr
2024-03-19T00:44:46.643+0000 7f30f1800700 1 -- 172.21.15.5:0/1800613522 >> 172.21.15.5:0/1800613522 conn(0x7f30ec103320 msgr2=0x7f30ec105710 unknown :-1 s=STATE_NONE l=0).mark_down
2024-03-19T00:44:47.443 INFO:teuthology.orchestra.run.smithi005.stdout:/usr/bin/ceph: stderr
2024-03-19T00:44:46.643+0000 7f30f1800700 1 -- 172.21.15.5:0/1800613522 shutdown_connections
2024-03-19T00:44:47.443 INFO:teuthology.orchestra.run.smithi005.stdout:/usr/bin/ceph: stderr
2024-03-19T00:44:46.643+0000 7f30f1800700 1 -- 172.21.15.5:0/1800613522 wait complete.
2024-03-19T00:44:47.443 INFO:teuthology.orchestra.run.smithi005.stdout:Generating ssh key...
2024-03-19T00:44:48.864 INFO:journalctl@ceph.mgr.x.smithi005.stdout:Mar 19 00:44:48 smithi005 ceph-a17e5ee0-e589-11ee-95c9-87774f69a715-mgr-x[62741]: Generating public/private rsa key pair.
2024-03-19T00:44:48.864 INFO:journalctl@ceph.mgr.x.smithi005.stdout:Mar 19 00:44:48 smithi005 ceph-a17e5ee0-e589-11ee-95c9-87774f69a715-mgr-x[62741]: Your identification has been saved in /tmp/tmppwsvxthy/key.
2024-03-19T00:44:48.865 INFO:journalctl@ceph.mgr.x.smithi005.stdout:Mar 19 00:44:48 smithi005 ceph-a17e5ee0-e589-11ee-95c9-87774f69a715-mgr-x[62741]: Your public key has been saved in /tmp/tmppwsvxthy/key.pub.
2024-03-19T00:44:48.865 INFO:journalctl@ceph.mgr.x.smithi005.stdout:Mar 19 00:44:48 smithi005 ceph-a17e5ee0-e589-11ee-95c9-87774f69a715-mgr-x[62741]: The key fingerprint is:
2024-03-19T00:44:48.865 INFO:journalctl@ceph.mgr.x.smithi005.stdout:Mar 19 00:44:48 smithi005 ceph-a17e5ee0-e589-11ee-95c9-87774f69a715-mgr-x[62741]: SHA256:PodmYEmAv6cgZvJWv8tyEJ+6qnQEsH5esyPd2q+gsOo ceph-a17e5ee0-e589-11ee-95c9-87774f69a715
2024-03-19T00:44:48.865 INFO:journalctl@ceph.mgr.x.smithi005.stdout:Mar 19 00:44:48 smithi005 ceph-a17e5ee0-e589-11ee-95c9-87774f69a715-mgr-x[62741]: The key's randomart image is:
2024-03-19T00:44:48.865 INFO:journalctl@ceph.mgr.x.smithi005.stdout:Mar 19 00:44:48 smithi005 ceph-a17e5ee0-e589-11ee-95c9-87774f69a715-mgr-x[62741]: +---[RSA 3072]----+
2024-03-19T00:44:48.865 INFO:journalctl@ceph.mgr.x.smithi005.stdout:Mar 19 00:44:48 smithi005 ceph-a17e5ee0-e589-11ee-95c9-87774f69a715-mgr-x[62741]: |. .. |
2024-03-19T00:44:48.865 INFO:journalctl@ceph.mgr.x.smithi005.stdout:Mar 19 00:44:48 smithi005 ceph-a17e5ee0-e589-11ee-95c9-87774f69a715-mgr-x[62741]: |... . |
2024-03-19T00:44:48.866 INFO:journalctl@ceph.mgr.x.smithi005.stdout:Mar 19 00:44:48 smithi005 ceph-a17e5ee0-e589-11ee-95c9-87774f69a715-mgr-x[62741]: |.. . . |
2024-03-19T00:44:48.866 INFO:journalctl@ceph.mgr.x.smithi005.stdout:Mar 19 00:44:48 smithi005 ceph-a17e5ee0-e589-11ee-95c9-87774f69a715-mgr-x[62741]: |. . o. . |
2024-03-19T00:44:48.866 INFO:journalctl@ceph.mgr.x.smithi005.stdout:Mar 19 00:44:48 smithi005 ceph-a17e5ee0-e589-11ee-95c9-87774f69a715-mgr-x[62741]: | . o *+.S |
2024-03-19T00:44:48.866 INFO:journalctl@ceph.mgr.x.smithi005.stdout:Mar 19 00:44:48 smithi005 ceph-a17e5ee0-e589-11ee-95c9-87774f69a715-mgr-x[62741]: |oo= *.Bo . |
2024-03-19T00:44:48.866 INFO:journalctl@ceph.mgr.x.smithi005.stdout:Mar 19 00:44:48 smithi005 ceph-a17e5ee0-e589-11ee-95c9-87774f69a715-mgr-x[62741]: |+= * @ .* . |
2024-03-19T00:44:48.866 INFO:journalctl@ceph.mgr.x.smithi005.stdout:Mar 19 00:44:48 smithi005 ceph-a17e5ee0-e589-11ee-95c9-87774f69a715-mgr-x[62741]: |. * *.Bo o |
2024-03-19T00:44:48.866 INFO:journalctl@ceph.mgr.x.smithi005.stdout:Mar 19 00:44:48 smithi005 ceph-a17e5ee0-e589-11ee-95c9-87774f69a715-mgr-x[62741]: |=E.o.=+=o. |
2024-03-19T00:44:48.867 INFO:journalctl@ceph.mgr.x.smithi005.stdout:Mar 19 00:44:48 smithi005 ceph-a17e5ee0-e589-11ee-95c9-87774f69a715-mgr-x[62741]: +----[SHA256]-----+
2024-03-19T00:44:49.441 INFO:teuthology.orchestra.run.smithi005.stdout:/usr/bin/ceph: stderr
2024-03-19T00:44:48.123+0000 7fc22d400700 1 Processor -- start
2024-03-19T00:44:49.441 INFO:teuthology.orchestra.run.smithi005.stdout:/usr/bin/ceph: stderr
2024-03-19T00:44:48.123+0000 7fc22d400700 1 -- start start
2024-03-19T00:44:49.441 INFO:teuthology.orchestra.run.smithi005.stdout:/usr/bin/ceph: stderr
2024-03-19T00:44:48.124+0000 7fc22d400700 1 --2- >> [v2:172.21.15.5:3300/0,v1:172.21.15.5:6789/0] conn(0x7fc22810a0e0 0x7fc22810a500 unknown :-1 s=NONE pgs=0 cs=0 l=0 rev1=0 crypto rx=0 tx=0 comp rx=0 tx=0).connect
2024-03-19T00:44:49.441 INFO:teuthology.orchestra.run.smithi005.stdout:/usr/bin/ceph: stderr
2024-03-19T00:44:48.124+0000 7fc22d400700 1 -- --> [v2:172.21.15.5:3300/0,v1:172.21.15.5:6789/0] -- mon_getmap magic: 0 -- 0x7fc22810aa40 con 0x7fc22810a0e0
2024-03-19T00:44:49.441 INFO:teuthology.orchestra.run.smithi005.stdout:/usr/bin/ceph: stderr
2024-03-19T00:44:48.124+0000 7fc226800700 1 --2- >> [v2:172.21.15.5:3300/0,v1:172.21.15.5:6789/0] conn(0x7fc22810a0e0 0x7fc22810a500 unknown :-1 s=BANNER_CONNECTING pgs=0 cs=0 l=0 rev1=0 crypto rx=0 tx=0 comp rx=0 tx=0)._handle_peer_banner_payload supported=3 required=0
2024-03-19T00:44:49.441 INFO:teuthology.orchestra.run.smithi005.stdout:/usr/bin/ceph: stderr
2024-03-19T00:44:48.124+0000 7fc226800700 1 --2- >> [v2:172.21.15.5:3300/0,v1:172.21.15.5:6789/0] conn(0x7fc22810a0e0 0x7fc22810a500 unknown :-1 s=HELLO_CONNECTING pgs=0 cs=0 l=0 rev1=1 crypto rx=0 tx=0 comp rx=0 tx=0).handle_hello peer v2:172.21.15.5:3300/0 says I am v2:172.21.15.5:52922/0 (socket says 172.21.15.5:52922)
2024-03-19T00:44:49.441 INFO:teuthology.orchestra.run.smithi005.stdout:/usr/bin/ceph: stderr
2024-03-19T00:44:48.124+0000 7fc226800700 1 -- 172.21.15.5:0/789261962 learned_addr learned my addr 172.21.15.5:0/789261962 (peer_addr_for_me v2:172.21.15.5:0/0)
2024-03-19T00:44:49.441 INFO:teuthology.orchestra.run.smithi005.stdout:/usr/bin/ceph: stderr
2024-03-19T00:44:48.125+0000 7fc226800700 1 -- 172.21.15.5:0/789261962 --> [v2:172.21.15.5:3300/0,v1:172.21.15.5:6789/0] -- mon_subscribe({config=0+,monmap=0+}) -- 0x7fc22810b080 con 0x7fc22810a0e0
2024-03-19T00:44:49.441 INFO:teuthology.orchestra.run.smithi005.stdout:/usr/bin/ceph: stderr
2024-03-19T00:44:48.125+0000 7fc226800700 1 --2- 172.21.15.5:0/789261962 >> [v2:172.21.15.5:3300/0,v1:172.21.15.5:6789/0] conn(0x7fc22810a0e0 0x7fc22810a500 secure :-1 s=READY pgs=41 cs=0 l=1 rev1=1 crypto rx=0x7fc2180098a0 tx=0x7fc218009bb0 comp rx=0 tx=0).ready entity=mon.0 client_cookie=909ebf9d89f35bea server_cookie=0 in_seq=0 out_seq=0
2024-03-19T00:44:49.441 INFO:teuthology.orchestra.run.smithi005.stdout:/usr/bin/ceph: stderr
2024-03-19T00:44:48.125+0000 7fc225400700 1 -- 172.21.15.5:0/789261962 <== mon.0 v2:172.21.15.5:3300/0 1 ==== mon_map magic: 0 ==== 205+0+0 (secure 0 0 0) 0x7fc218004160 con 0x7fc22810a0e0
2024-03-19T00:44:49.442 INFO:teuthology.orchestra.run.smithi005.stdout:/usr/bin/ceph: stderr
2024-03-19T00:44:48.125+0000 7fc225400700 1 -- 172.21.15.5:0/789261962 <== mon.0 v2:172.21.15.5:3300/0 2 ==== config(27 keys) ==== 1109+0+0 (secure 0 0 0) 0x7fc218004300 con 0x7fc22810a0e0
2024-03-19T00:44:49.442 INFO:teuthology.orchestra.run.smithi005.stdout:/usr/bin/ceph: stderr
2024-03-19T00:44:48.125+0000 7fc225400700 1 -- 172.21.15.5:0/789261962 <== mon.0 v2:172.21.15.5:3300/0 3 ==== mon_map magic: 0 ==== 205+0+0 (secure 0 0 0) 0x7fc218011b50 con 0x7fc22810a0e0
2024-03-19T00:44:49.442 INFO:teuthology.orchestra.run.smithi005.stdout:/usr/bin/ceph: stderr
2024-03-19T00:44:48.126+0000 7fc22d400700 1 -- 172.21.15.5:0/789261962 >> [v2:172.21.15.5:3300/0,v1:172.21.15.5:6789/0] conn(0x7fc22810a0e0 msgr2=0x7fc22810a500 secure :-1 s=STATE_CONNECTION_ESTABLISHED l=1).mark_down
2024-03-19T00:44:49.442 INFO:teuthology.orchestra.run.smithi005.stdout:/usr/bin/ceph: stderr
2024-03-19T00:44:48.126+0000 7fc22d400700 1 --2- 172.21.15.5:0/789261962 >> [v2:172.21.15.5:3300/0,v1:172.21.15.5:6789/0] conn(0x7fc22810a0e0 0x7fc22810a500 secure :-1 s=READY pgs=41 cs=0 l=1 rev1=1 crypto rx=0x7fc2180098a0 tx=0x7fc218009bb0 comp rx=0 tx=0).stop
2024-03-19T00:44:49.442 INFO:teuthology.orchestra.run.smithi005.stdout:/usr/bin/ceph: stderr
2024-03-19T00:44:48.126+0000 7fc22d400700 1 -- 172.21.15.5:0/789261962 shutdown_connections
2024-03-19T00:44:49.442 INFO:teuthology.orchestra.run.smithi005.stdout:/usr/bin/ceph: stderr
2024-03-19T00:44:48.126+0000 7fc22d400700 1 --2- 172.21.15.5:0/789261962 >> [v2:172.21.15.5:3300/0,v1:172.21.15.5:6789/0] conn(0x7fc22810a0e0 0x7fc22810a500 unknown :-1 s=CLOSED pgs=41 cs=0 l=1 rev1=1 crypto rx=0 tx=0 comp rx=0 tx=0).stop
2024-03-19T00:44:49.442 INFO:teuthology.orchestra.run.smithi005.stdout:/usr/bin/ceph: stderr
2024-03-19T00:44:48.126+0000 7fc22d400700 1 -- 172.21.15.5:0/789261962 >> 172.21.15.5:0/789261962 conn(0x7fc22807d310 msgr2=0x7fc22807d720 unknown :-1 s=STATE_NONE l=0).mark_down
2024-03-19T00:44:49.442 INFO:teuthology.orchestra.run.smithi005.stdout:/usr/bin/ceph: stderr
2024-03-19T00:44:48.126+0000 7fc22d400700 1 -- 172.21.15.5:0/789261962 shutdown_connections
2024-03-19T00:44:49.442 INFO:teuthology.orchestra.run.smithi005.stdout:/usr/bin/ceph: stderr
2024-03-19T00:44:48.126+0000 7fc22d400700 1 -- 172.21.15.5:0/789261962 wait complete.
2024-03-19T00:44:49.442 INFO:teuthology.orchestra.run.smithi005.stdout:/usr/bin/ceph: stderr
2024-03-19T00:44:48.127+0000 7fc22d400700 1 Processor -- start
2024-03-19T00:44:49.442 INFO:teuthology.orchestra.run.smithi005.stdout:/usr/bin/ceph: stderr
2024-03-19T00:44:48.127+0000 7fc22d400700 1 -- start start
2024-03-19T00:44:49.442 INFO:teuthology.orchestra.run.smithi005.stdout:/usr/bin/ceph: stderr
2024-03-19T00:44:48.128+0000 7fc22d400700 1 --2- >> [v2:172.21.15.5:3300/0,v1:172.21.15.5:6789/0] conn(0x7fc22810a0e0 0x7fc22819de50 unknown :-1 s=NONE pgs=0 cs=0 l=1 rev1=0 crypto rx=0 tx=0 comp rx=0 tx=0).connect
2024-03-19T00:44:49.442 INFO:teuthology.orchestra.run.smithi005.stdout:/usr/bin/ceph: stderr
2024-03-19T00:44:48.128+0000 7fc22d400700 1 -- --> [v2:172.21.15.5:3300/0,v1:172.21.15.5:6789/0] -- mon_getmap magic: 0 -- 0x7fc22810e340 con 0x7fc22810a0e0
2024-03-19T00:44:49.442 INFO:teuthology.orchestra.run.smithi005.stdout:/usr/bin/ceph: stderr
2024-03-19T00:44:48.128+0000 7fc226800700 1 --2- >> [v2:172.21.15.5:3300/0,v1:172.21.15.5:6789/0] conn(0x7fc22810a0e0 0x7fc22819de50 unknown :-1 s=BANNER_CONNECTING pgs=0 cs=0 l=1 rev1=0 crypto rx=0 tx=0 comp rx=0 tx=0)._handle_peer_banner_payload supported=3 required=0
2024-03-19T00:44:49.443 INFO:teuthology.orchestra.run.smithi005.stdout:/usr/bin/ceph: stderr
2024-03-19T00:44:48.128+0000 7fc226800700 1 --2- >> [v2:172.21.15.5:3300/0,v1:172.21.15.5:6789/0] conn(0x7fc22810a0e0 0x7fc22819de50 unknown :-1 s=HELLO_CONNECTING pgs=0 cs=0 l=1 rev1=1 crypto rx=0 tx=0 comp rx=0 tx=0).handle_hello peer v2:172.21.15.5:3300/0 says I am v2:172.21.15.5:52930/0 (socket says 172.21.15.5:52930)
2024-03-19T00:44:49.443 INFO:teuthology.orchestra.run.smithi005.stdout:/usr/bin/ceph: stderr
2024-03-19T00:44:48.128+0000 7fc226800700 1 -- 172.21.15.5:0/3253050249 learned_addr learned my addr 172.21.15.5:0/3253050249 (peer_addr_for_me v2:172.21.15.5:0/0)
2024-03-19T00:44:49.443 INFO:teuthology.orchestra.run.smithi005.stdout:/usr/bin/ceph: stderr
2024-03-19T00:44:48.128+0000 7fc226800700 1 -- 172.21.15.5:0/3253050249 --> [v2:172.21.15.5:3300/0,v1:172.21.15.5:6789/0] -- mon_subscribe({config=0+,monmap=0+}) -- 0x7fc22819e390 con 0x7fc22810a0e0
2024-03-19T00:44:49.443 INFO:teuthology.orchestra.run.smithi005.stdout:/usr/bin/ceph: stderr
2024-03-19T00:44:48.129+0000 7fc226800700 1 --2- 172.21.15.5:0/3253050249 >> [v2:172.21.15.5:3300/0,v1:172.21.15.5:6789/0] conn(0x7fc22810a0e0 0x7fc22819de50 secure :-1 s=READY pgs=42 cs=0 l=1 rev1=1 crypto rx=0x7fc218011670 tx=0x7fc218011b60 comp rx=0 tx=0).ready entity=mon.0 client_cookie=0 server_cookie=0 in_seq=0 out_seq=0
2024-03-19T00:44:49.443 INFO:teuthology.orchestra.run.smithi005.stdout:/usr/bin/ceph: stderr
2024-03-19T00:44:48.129+0000 7fc21f400700 1 -- 172.21.15.5:0/3253050249 <== mon.0 v2:172.21.15.5:3300/0 1 ==== mon_map magic: 0 ==== 205+0+0 (secure 0 0 0) 0x7fc2180039c0 con 0x7fc22810a0e0
2024-03-19T00:44:49.443 INFO:teuthology.orchestra.run.smithi005.stdout:/usr/bin/ceph: stderr
2024-03-19T00:44:48.129+0000 7fc21f400700 1 -- 172.21.15.5:0/3253050249 <== mon.0 v2:172.21.15.5:3300/0 2 ==== config(27 keys) ==== 1109+0+0 (secure 0 0 0) 0x7fc218011e50 con 0x7fc22810a0e0
2024-03-19T00:44:49.443 INFO:teuthology.orchestra.run.smithi005.stdout:/usr/bin/ceph: stderr
2024-03-19T00:44:48.129+0000 7fc21f400700 1 -- 172.21.15.5:0/3253050249 <== mon.0 v2:172.21.15.5:3300/0 3 ==== mon_map magic: 0 ==== 205+0+0 (secure 0 0 0) 0x7fc21801a5c0 con 0x7fc22810a0e0
2024-03-19T00:44:49.443 INFO:teuthology.orchestra.run.smithi005.stdout:/usr/bin/ceph: stderr
2024-03-19T00:44:48.129+0000 7fc22d400700 1 -- 172.21.15.5:0/3253050249 --> [v2:172.21.15.5:3300/0,v1:172.21.15.5:6789/0] -- mon_subscribe({mgrmap=0+}) -- 0x7fc22819e620 con 0x7fc22810a0e0
2024-03-19T00:44:49.443 INFO:teuthology.orchestra.run.smithi005.stdout:/usr/bin/ceph: stderr
2024-03-19T00:44:48.129+0000 7fc22d400700 1 -- 172.21.15.5:0/3253050249 --> [v2:172.21.15.5:3300/0,v1:172.21.15.5:6789/0] -- mon_subscribe({osdmap=0}) -- 0x7fc2281a1310 con 0x7fc22810a0e0
2024-03-19T00:44:49.443 INFO:teuthology.orchestra.run.smithi005.stdout:/usr/bin/ceph: stderr
2024-03-19T00:44:48.130+0000 7fc21f400700 1 -- 172.21.15.5:0/3253050249 <== mon.0 v2:172.21.15.5:3300/0 4 ==== mgrmap(e 8) ==== 46106+0+0 (secure 0 0 0) 0x7fc218024430 con 0x7fc22810a0e0
2024-03-19T00:44:49.443 INFO:teuthology.orchestra.run.smithi005.stdout:/usr/bin/ceph: stderr
2024-03-19T00:44:48.130+0000 7fc22d400700 1 -- 172.21.15.5:0/3253050249 --> [v2:172.21.15.5:3300/0,v1:172.21.15.5:6789/0] -- mon_command({"prefix": "get_command_descriptions"} v 0) -- 0x7fc22810e4c0 con 0x7fc22810a0e0
2024-03-19T00:44:49.443 INFO:teuthology.orchestra.run.smithi005.stdout:/usr/bin/ceph: stderr
2024-03-19T00:44:48.131+0000 7fc21f400700 1 --2- 172.21.15.5:0/3253050249 >> [v2:172.21.15.5:6800/1254096244,v1:172.21.15.5:6801/1254096244] conn(0x7fc20c038f20 0x7fc20c03b3e0 unknown :-1 s=NONE pgs=0 cs=0 l=1 rev1=0 crypto rx=0 tx=0 comp rx=0 tx=0).connect
2024-03-19T00:44:49.443 INFO:teuthology.orchestra.run.smithi005.stdout:/usr/bin/ceph: stderr
2024-03-19T00:44:48.131+0000 7fc21f400700 1 -- 172.21.15.5:0/3253050249 <== mon.0 v2:172.21.15.5:3300/0 5 ==== osd_map(2..2 src has 1..2) ==== 940+0+0 (secure 0 0 0) 0x7fc21804d210 con 0x7fc22810a0e0
2024-03-19T00:44:49.443 INFO:teuthology.orchestra.run.smithi005.stdout:/usr/bin/ceph: stderr
2024-03-19T00:44:48.131+0000 7fc225e00700 1 --2- 172.21.15.5:0/3253050249 >> [v2:172.21.15.5:6800/1254096244,v1:172.21.15.5:6801/1254096244] conn(0x7fc20c038f20 0x7fc20c03b3e0 unknown :-1 s=BANNER_CONNECTING pgs=0 cs=0 l=1 rev1=0 crypto rx=0 tx=0 comp rx=0 tx=0)._handle_peer_banner_payload supported=3 required=0
2024-03-19T00:44:49.443 INFO:teuthology.orchestra.run.smithi005.stdout:/usr/bin/ceph: stderr
