2024-03-19T00:45:13.763+0000 7f4657e00700 1 -- 172.21.15.5:0/4128367483 <== mon.0 v2:172.21.15.5:3300/0 3 ==== mon_map magic: 0 ==== 205+0+0 (secure 0 0 0) 0x7f464c011b20 con 0x7f4658108670
2024-03-19T00:45:20.535 INFO:teuthology.orchestra.run.smithi005.stdout:/usr/bin/ceph: stderr
2024-03-19T00:45:13.763+0000 7f465ee00700 1 -- 172.21.15.5:0/4128367483 >> [v2:172.21.15.5:3300/0,v1:172.21.15.5:6789/0] conn(0x7f4658108670 msgr2=0x7f465810aa60 secure :-1 s=STATE_CONNECTION_ESTABLISHED l=1).mark_down
2024-03-19T00:45:20.535 INFO:teuthology.orchestra.run.smithi005.stdout:/usr/bin/ceph: stderr
2024-03-19T00:45:13.763+0000 7f465ee00700 1 --2- 172.21.15.5:0/4128367483 >> [v2:172.21.15.5:3300/0,v1:172.21.15.5:6789/0] conn(0x7f4658108670 0x7f465810aa60 secure :-1 s=READY pgs=61 cs=0 l=1 rev1=1 crypto rx=0x7f464c0098a0 tx=0x7f464c009bb0 comp rx=0 tx=0).stop
2024-03-19T00:45:20.535 INFO:teuthology.orchestra.run.smithi005.stdout:/usr/bin/ceph: stderr
2024-03-19T00:45:13.763+0000 7f465ee00700 1 -- 172.21.15.5:0/4128367483 shutdown_connections
2024-03-19T00:45:20.535 INFO:teuthology.orchestra.run.smithi005.stdout:/usr/bin/ceph: stderr
2024-03-19T00:45:13.763+0000 7f465ee00700 1 --2- 172.21.15.5:0/4128367483 >> [v2:172.21.15.5:3300/0,v1:172.21.15.5:6789/0] conn(0x7f4658108670 0x7f465810aa60 unknown :-1 s=CLOSED pgs=61 cs=0 l=1 rev1=1 crypto rx=0 tx=0 comp rx=0 tx=0).stop
2024-03-19T00:45:20.535 INFO:teuthology.orchestra.run.smithi005.stdout:/usr/bin/ceph: stderr
2024-03-19T00:45:13.763+0000 7f465ee00700 1 -- 172.21.15.5:0/4128367483 >> 172.21.15.5:0/4128367483 conn(0x7f4658101fa0 msgr2=0x7f4658104420 unknown :-1 s=STATE_NONE l=0).mark_down
2024-03-19T00:45:20.535 INFO:teuthology.orchestra.run.smithi005.stdout:/usr/bin/ceph: stderr
2024-03-19T00:45:13.764+0000 7f465ee00700 1 -- 172.21.15.5:0/4128367483 shutdown_connections
2024-03-19T00:45:20.535 INFO:teuthology.orchestra.run.smithi005.stdout:/usr/bin/ceph: stderr
2024-03-19T00:45:13.764+0000 7f465ee00700 1 -- 172.21.15.5:0/4128367483 wait complete.
2024-03-19T00:45:20.535 INFO:teuthology.orchestra.run.smithi005.stdout:/usr/bin/ceph: stderr
2024-03-19T00:45:13.765+0000 7f465ee00700 1 Processor -- start
2024-03-19T00:45:20.535 INFO:teuthology.orchestra.run.smithi005.stdout:/usr/bin/ceph: stderr
2024-03-19T00:45:13.765+0000 7f465ee00700 1 -- start start
2024-03-19T00:45:20.535 INFO:teuthology.orchestra.run.smithi005.stdout:/usr/bin/ceph: stderr
2024-03-19T00:45:13.765+0000 7f465ee00700 1 --2- >> [v2:172.21.15.5:3300/0,v1:172.21.15.5:6789/0] conn(0x7f4658108670 0x7f465819dc00 unknown :-1 s=NONE pgs=0 cs=0 l=1 rev1=0 crypto rx=0 tx=0 comp rx=0 tx=0).connect
2024-03-19T00:45:20.535 INFO:teuthology.orchestra.run.smithi005.stdout:/usr/bin/ceph: stderr
2024-03-19T00:45:13.765+0000 7f465ee00700 1 -- --> [v2:172.21.15.5:3300/0,v1:172.21.15.5:6789/0] -- mon_getmap magic: 0 -- 0x7f465810bf50 con 0x7f4658108670
2024-03-19T00:45:20.541 INFO:teuthology.orchestra.run.smithi005.stdout:/usr/bin/ceph: stderr
2024-03-19T00:45:13.765+0000 7f465da00700 1 --2- >> [v2:172.21.15.5:3300/0,v1:172.21.15.5:6789/0] conn(0x7f4658108670 0x7f465819dc00 unknown :-1 s=BANNER_CONNECTING pgs=0 cs=0 l=1 rev1=0 crypto rx=0 tx=0 comp rx=0 tx=0)._handle_peer_banner_payload supported=3 required=0
2024-03-19T00:45:20.541 INFO:teuthology.orchestra.run.smithi005.stdout:/usr/bin/ceph: stderr
2024-03-19T00:45:13.765+0000 7f465da00700 1 --2- >> [v2:172.21.15.5:3300/0,v1:172.21.15.5:6789/0] conn(0x7f4658108670 0x7f465819dc00 unknown :-1 s=HELLO_CONNECTING pgs=0 cs=0 l=1 rev1=1 crypto rx=0 tx=0 comp rx=0 tx=0).handle_hello peer v2:172.21.15.5:3300/0 says I am v2:172.21.15.5:50372/0 (socket says 172.21.15.5:50372)
2024-03-19T00:45:20.541 INFO:teuthology.orchestra.run.smithi005.stdout:/usr/bin/ceph: stderr
2024-03-19T00:45:13.765+0000 7f465da00700 1 -- 172.21.15.5:0/1712904964 learned_addr learned my addr 172.21.15.5:0/1712904964 (peer_addr_for_me v2:172.21.15.5:0/0)
2024-03-19T00:45:20.541 INFO:teuthology.orchestra.run.smithi005.stdout:/usr/bin/ceph: stderr
2024-03-19T00:45:13.766+0000 7f465da00700 1 -- 172.21.15.5:0/1712904964 --> [v2:172.21.15.5:3300/0,v1:172.21.15.5:6789/0] -- mon_subscribe({config=0+,monmap=0+}) -- 0x7f465819e140 con 0x7f4658108670
2024-03-19T00:45:20.541 INFO:teuthology.orchestra.run.smithi005.stdout:/usr/bin/ceph: stderr
2024-03-19T00:45:13.766+0000 7f465da00700 1 --2- 172.21.15.5:0/1712904964 >> [v2:172.21.15.5:3300/0,v1:172.21.15.5:6789/0] conn(0x7f4658108670 0x7f465819dc00 secure :-1 s=READY pgs=62 cs=0 l=1 rev1=1 crypto rx=0x7f464c0117e0 tx=0x7f464c011c10 comp rx=0 tx=0).ready entity=mon.0 client_cookie=0 server_cookie=0 in_seq=0 out_seq=0
2024-03-19T00:45:20.541 INFO:teuthology.orchestra.run.smithi005.stdout:/usr/bin/ceph: stderr
2024-03-19T00:45:13.766+0000 7f4656000700 1 -- 172.21.15.5:0/1712904964 <== mon.0 v2:172.21.15.5:3300/0 1 ==== mon_map magic: 0 ==== 205+0+0 (secure 0 0 0) 0x7f464c003bf0 con 0x7f4658108670
2024-03-19T00:45:20.541 INFO:teuthology.orchestra.run.smithi005.stdout:/usr/bin/ceph: stderr
2024-03-19T00:45:13.766+0000 7f4656000700 1 -- 172.21.15.5:0/1712904964 <== mon.0 v2:172.21.15.5:3300/0 2 ==== config(27 keys) ==== 1140+0+0 (secure 0 0 0) 0x7f464c01a910 con 0x7f4658108670
2024-03-19T00:45:20.541 INFO:teuthology.orchestra.run.smithi005.stdout:/usr/bin/ceph: stderr
2024-03-19T00:45:13.766+0000 7f465ee00700 1 -- 172.21.15.5:0/1712904964 --> [v2:172.21.15.5:3300/0,v1:172.21.15.5:6789/0] -- mon_subscribe({mgrmap=0+}) -- 0x7f465819e3d0 con 0x7f4658108670
2024-03-19T00:45:20.541 INFO:teuthology.orchestra.run.smithi005.stdout:/usr/bin/ceph: stderr
2024-03-19T00:45:13.766+0000 7f4656000700 1 -- 172.21.15.5:0/1712904964 <== mon.0 v2:172.21.15.5:3300/0 3 ==== mon_map magic: 0 ==== 205+0+0 (secure 0 0 0) 0x7f464c024970 con 0x7f4658108670
2024-03-19T00:45:20.542 INFO:teuthology.orchestra.run.smithi005.stdout:/usr/bin/ceph: stderr
2024-03-19T00:45:13.767+0000 7f465ee00700 1 -- 172.21.15.5:0/1712904964 --> [v2:172.21.15.5:3300/0,v1:172.21.15.5:6789/0] -- mon_subscribe({osdmap=0}) -- 0x7f465819e830 con 0x7f4658108670
2024-03-19T00:45:20.542 INFO:teuthology.orchestra.run.smithi005.stdout:/usr/bin/ceph: stderr
2024-03-19T00:45:13.768+0000 7f4656000700 1 -- 172.21.15.5:0/1712904964 <== mon.0 v2:172.21.15.5:3300/0 4 ==== mgrmap(e 9) ==== 46119+0+0 (secure 0 0 0) 0x7f464c022020 con 0x7f4658108670
2024-03-19T00:45:20.542 INFO:teuthology.orchestra.run.smithi005.stdout:/usr/bin/ceph: stderr
2024-03-19T00:45:13.769+0000 7f4656000700 1 --2- 172.21.15.5:0/1712904964 >> [v2:172.21.15.5:6800/1254096244,v1:172.21.15.5:6801/1254096244] conn(0x7f4640038f80 0x7f464003b440 unknown :-1 s=NONE pgs=0 cs=0 l=1 rev1=0 crypto rx=0 tx=0 comp rx=0 tx=0).connect
2024-03-19T00:45:20.542 INFO:teuthology.orchestra.run.smithi005.stdout:/usr/bin/ceph: stderr
2024-03-19T00:45:13.769+0000 7f4656000700 1 -- 172.21.15.5:0/1712904964 --> [v2:172.21.15.5:6800/1254096244,v1:172.21.15.5:6801/1254096244] -- command(tid 0: {"prefix": "get_command_descriptions"}) -- 0x7f464003bb50 con 0x7f4640038f80
2024-03-19T00:45:20.542 INFO:teuthology.orchestra.run.smithi005.stdout:/usr/bin/ceph: stderr
2024-03-19T00:45:13.769+0000 7f4656000700 1 -- 172.21.15.5:0/1712904964 <== mon.0 v2:172.21.15.5:3300/0 5 ==== osd_map(2..2 src has 1..2) ==== 940+0+0 (secure 0 0 0) 0x7f464c04d280 con 0x7f4658108670
2024-03-19T00:45:20.542 INFO:teuthology.orchestra.run.smithi005.stdout:/usr/bin/ceph: stderr
2024-03-19T00:45:13.769+0000 7f465d000700 1 -- 172.21.15.5:0/1712904964 >> [v2:172.21.15.5:6800/1254096244,v1:172.21.15.5:6801/1254096244] conn(0x7f4640038f80 msgr2=0x7f464003b440 unknown :-1 s=STATE_CONNECTING_RE l=1).process reconnect failed to v2:172.21.15.5:6800/1254096244
2024-03-19T00:45:20.542 INFO:teuthology.orchestra.run.smithi005.stdout:/usr/bin/ceph: stderr
2024-03-19T00:45:13.769+0000 7f465d000700 1 --2- 172.21.15.5:0/1712904964 >> [v2:172.21.15.5:6800/1254096244,v1:172.21.15.5:6801/1254096244] conn(0x7f4640038f80 0x7f464003b440 unknown :-1 s=START_CONNECT pgs=0 cs=0 l=1 rev1=0 crypto rx=0 tx=0 comp rx=0 tx=0)._fault waiting 0.200000
2024-03-19T00:45:20.542 INFO:teuthology.orchestra.run.smithi005.stdout:/usr/bin/ceph: stderr
2024-03-19T00:45:13.970+0000 7f465d000700 1 -- 172.21.15.5:0/1712904964 >> [v2:172.21.15.5:6800/1254096244,v1:172.21.15.5:6801/1254096244] conn(0x7f4640038f80 msgr2=0x7f464003b440 unknown :-1 s=STATE_CONNECTING_RE l=1).process reconnect failed to v2:172.21.15.5:6800/1254096244
2024-03-19T00:45:20.542 INFO:teuthology.orchestra.run.smithi005.stdout:/usr/bin/ceph: stderr
2024-03-19T00:45:13.970+0000 7f465d000700 1 --2- 172.21.15.5:0/1712904964 >> [v2:172.21.15.5:6800/1254096244,v1:172.21.15.5:6801/1254096244] conn(0x7f4640038f80 0x7f464003b440 unknown :-1 s=START_CONNECT pgs=0 cs=0 l=1 rev1=0 crypto rx=0 tx=0 comp rx=0 tx=0)._fault waiting 0.400000
2024-03-19T00:45:20.542 INFO:teuthology.orchestra.run.smithi005.stdout:/usr/bin/ceph: stderr
2024-03-19T00:45:14.371+0000 7f465d000700 1 -- 172.21.15.5:0/1712904964 >> [v2:172.21.15.5:6800/1254096244,v1:172.21.15.5:6801/1254096244] conn(0x7f4640038f80 msgr2=0x7f464003b440 unknown :-1 s=STATE_CONNECTING_RE l=1).process reconnect failed to v2:172.21.15.5:6800/1254096244
2024-03-19T00:45:20.542 INFO:teuthology.orchestra.run.smithi005.stdout:/usr/bin/ceph: stderr
2024-03-19T00:45:14.371+0000 7f465d000700 1 --2- 172.21.15.5:0/1712904964 >> [v2:172.21.15.5:6800/1254096244,v1:172.21.15.5:6801/1254096244] conn(0x7f4640038f80 0x7f464003b440 unknown :-1 s=START_CONNECT pgs=0 cs=0 l=1 rev1=0 crypto rx=0 tx=0 comp rx=0 tx=0)._fault waiting 0.800000
2024-03-19T00:45:20.542 INFO:teuthology.orchestra.run.smithi005.stdout:/usr/bin/ceph: stderr
2024-03-19T00:45:15.172+0000 7f465d000700 1 -- 172.21.15.5:0/1712904964 >> [v2:172.21.15.5:6800/1254096244,v1:172.21.15.5:6801/1254096244] conn(0x7f4640038f80 msgr2=0x7f464003b440 unknown :-1 s=STATE_CONNECTING_RE l=1).process reconnect failed to v2:172.21.15.5:6800/1254096244
2024-03-19T00:45:20.542 INFO:teuthology.orchestra.run.smithi005.stdout:/usr/bin/ceph: stderr
2024-03-19T00:45:15.172+0000 7f465d000700 1 --2- 172.21.15.5:0/1712904964 >> [v2:172.21.15.5:6800/1254096244,v1:172.21.15.5:6801/1254096244] conn(0x7f4640038f80 0x7f464003b440 unknown :-1 s=START_CONNECT pgs=0 cs=0 l=1 rev1=0 crypto rx=0 tx=0 comp rx=0 tx=0)._fault waiting 1.600000
2024-03-19T00:45:20.543 INFO:teuthology.orchestra.run.smithi005.stdout:/usr/bin/ceph: stderr
2024-03-19T00:45:16.774+0000 7f465d000700 1 -- 172.21.15.5:0/1712904964 >> [v2:172.21.15.5:6800/1254096244,v1:172.21.15.5:6801/1254096244] conn(0x7f4640038f80 msgr2=0x7f464003b440 unknown :-1 s=STATE_CONNECTING_RE l=1).process reconnect failed to v2:172.21.15.5:6800/1254096244
2024-03-19T00:45:20.543 INFO:teuthology.orchestra.run.smithi005.stdout:/usr/bin/ceph: stderr
2024-03-19T00:45:16.774+0000 7f465d000700 1 --2- 172.21.15.5:0/1712904964 >> [v2:172.21.15.5:6800/1254096244,v1:172.21.15.5:6801/1254096244] conn(0x7f4640038f80 0x7f464003b440 unknown :-1 s=START_CONNECT pgs=0 cs=0 l=1 rev1=0 crypto rx=0 tx=0 comp rx=0 tx=0)._fault waiting 3.200000
2024-03-19T00:45:20.543 INFO:teuthology.orchestra.run.smithi005.stdout:/usr/bin/ceph: stderr
2024-03-19T00:45:18.782+0000 7f4656000700 1 -- 172.21.15.5:0/1712904964 <== mon.0 v2:172.21.15.5:3300/0 6 ==== mgrmap(e 10) ==== 45886+0+0 (secure 0 0 0) 0x7f464c01a430 con 0x7f4658108670
2024-03-19T00:45:20.543 INFO:teuthology.orchestra.run.smithi005.stdout:/usr/bin/ceph: stderr
2024-03-19T00:45:18.782+0000 7f4656000700 1 -- 172.21.15.5:0/1712904964 >> [v2:172.21.15.5:6800/1254096244,v1:172.21.15.5:6801/1254096244] conn(0x7f4640038f80 msgr2=0x7f464003b440 unknown :-1 s=STATE_CONNECTING l=1).mark_down
2024-03-19T00:45:20.543 INFO:teuthology.orchestra.run.smithi005.stdout:/usr/bin/ceph: stderr
2024-03-19T00:45:18.782+0000 7f4656000700 1 --2- 172.21.15.5:0/1712904964 >> [v2:172.21.15.5:6800/1254096244,v1:172.21.15.5:6801/1254096244] conn(0x7f4640038f80 0x7f464003b440 unknown :-1 s=START_CONNECT pgs=0 cs=0 l=1 rev1=0 crypto rx=0 tx=0 comp rx=0 tx=0).stop
2024-03-19T00:45:20.543 INFO:teuthology.orchestra.run.smithi005.stdout:/usr/bin/ceph: stderr
2024-03-19T00:45:19.784+0000 7f4656000700 1 -- 172.21.15.5:0/1712904964 <== mon.0 v2:172.21.15.5:3300/0 7 ==== mgrmap(e 11) ==== 46013+0+0 (secure 0 0 0) 0x7f464c04ee30 con 0x7f4658108670
2024-03-19T00:45:20.543 INFO:teuthology.orchestra.run.smithi005.stdout:/usr/bin/ceph: stderr
2024-03-19T00:45:19.784+0000 7f4656000700 1 --2- 172.21.15.5:0/1712904964 >> [v2:172.21.15.5:6800/4107628230,v1:172.21.15.5:6801/4107628230] conn(0x7f464003ca30 0x7f464003ee20 unknown :-1 s=NONE pgs=0 cs=0 l=1 rev1=0 crypto rx=0 tx=0 comp rx=0 tx=0).connect
2024-03-19T00:45:20.543 INFO:teuthology.orchestra.run.smithi005.stdout:/usr/bin/ceph: stderr
2024-03-19T00:45:19.785+0000 7f4656000700 1 -- 172.21.15.5:0/1712904964 --> [v2:172.21.15.5:6800/4107628230,v1:172.21.15.5:6801/4107628230] -- command(tid 0: {"prefix": "get_command_descriptions"}) -- 0x7f464c0068a0 con 0x7f464003ca30
2024-03-19T00:45:20.543 INFO:teuthology.orchestra.run.smithi005.stdout:/usr/bin/ceph: stderr
2024-03-19T00:45:19.786+0000 7f465d000700 1 --2- 172.21.15.5:0/1712904964 >> [v2:172.21.15.5:6800/4107628230,v1:172.21.15.5:6801/4107628230] conn(0x7f464003ca30 0x7f464003ee20 unknown :-1 s=BANNER_CONNECTING pgs=0 cs=0 l=1 rev1=0 crypto rx=0 tx=0 comp rx=0 tx=0)._handle_peer_banner_payload supported=3 required=0
2024-03-19T00:45:20.543 INFO:teuthology.orchestra.run.smithi005.stdout:/usr/bin/ceph: stderr
2024-03-19T00:45:19.787+0000 7f465d000700 1 --2- 172.21.15.5:0/1712904964 >> [v2:172.21.15.5:6800/4107628230,v1:172.21.15.5:6801/4107628230] conn(0x7f464003ca30 0x7f464003ee20 secure :-1 s=READY pgs=1 cs=0 l=1 rev1=1 crypto rx=0x7f4644003a10 tx=0x7f4644009270 comp rx=0 tx=0).ready entity=mgr.14152 client_cookie=0 server_cookie=0 in_seq=0 out_seq=0
2024-03-19T00:45:20.543 INFO:teuthology.orchestra.run.smithi005.stdout:/usr/bin/ceph: stderr
2024-03-19T00:45:19.788+0000 7f4656000700 1 -- 172.21.15.5:0/1712904964 <== mgr.14152 v2:172.21.15.5:6800/4107628230 1 ==== command_reply(tid 0: 0 ) ==== 8+0+7774 (secure 0 0 0) 0x7f464c0068a0 con 0x7f464003ca30
2024-03-19T00:45:20.543 INFO:teuthology.orchestra.run.smithi005.stdout:/usr/bin/ceph: stderr
2024-03-19T00:45:19.799+0000 7f465ee00700 1 -- 172.21.15.5:0/1712904964 --> [v2:172.21.15.5:6800/4107628230,v1:172.21.15.5:6801/4107628230] -- command(tid 1: {"prefix": "mgr_status"}) -- 0x7f4658063940 con 0x7f464003ca30
2024-03-19T00:45:20.543 INFO:teuthology.orchestra.run.smithi005.stdout:/usr/bin/ceph: stderr
2024-03-19T00:45:19.799+0000 7f4656000700 1 -- 172.21.15.5:0/1712904964 <== mgr.14152 v2:172.21.15.5:6800/4107628230 2 ==== command_reply(tid 1: 0 ) ==== 8+0+52 (secure 0 0 0) 0x7f4658063940 con 0x7f464003ca30
2024-03-19T00:45:20.544 INFO:teuthology.orchestra.run.smithi005.stdout:/usr/bin/ceph: stderr
2024-03-19T00:45:19.799+0000 7f465ee00700 1 -- 172.21.15.5:0/1712904964 >> [v2:172.21.15.5:6800/4107628230,v1:172.21.15.5:6801/4107628230] conn(0x7f464003ca30 msgr2=0x7f464003ee20 secure :-1 s=STATE_CONNECTION_ESTABLISHED l=1).mark_down
2024-03-19T00:45:20.544 INFO:teuthology.orchestra.run.smithi005.stdout:/usr/bin/ceph: stderr
2024-03-19T00:45:19.799+0000 7f465ee00700 1 --2- 172.21.15.5:0/1712904964 >> [v2:172.21.15.5:6800/4107628230,v1:172.21.15.5:6801/4107628230] conn(0x7f464003ca30 0x7f464003ee20 secure :-1 s=READY pgs=1 cs=0 l=1 rev1=1 crypto rx=0x7f4644003a10 tx=0x7f4644009270 comp rx=0 tx=0).stop
2024-03-19T00:45:20.544 INFO:teuthology.orchestra.run.smithi005.stdout:/usr/bin/ceph: stderr
2024-03-19T00:45:19.800+0000 7f465ee00700 1 -- 172.21.15.5:0/1712904964 >> [v2:172.21.15.5:3300/0,v1:172.21.15.5:6789/0] conn(0x7f4658108670 msgr2=0x7f465819dc00 secure :-1 s=STATE_CONNECTION_ESTABLISHED l=1).mark_down
2024-03-19T00:45:20.544 INFO:teuthology.orchestra.run.smithi005.stdout:/usr/bin/ceph: stderr
2024-03-19T00:45:19.800+0000 7f465ee00700 1 --2- 172.21.15.5:0/1712904964 >> [v2:172.21.15.5:3300/0,v1:172.21.15.5:6789/0] conn(0x7f4658108670 0x7f465819dc00 secure :-1 s=READY pgs=62 cs=0 l=1 rev1=1 crypto rx=0x7f464c0117e0 tx=0x7f464c011c10 comp rx=0 tx=0).stop
2024-03-19T00:45:20.544 INFO:teuthology.orchestra.run.smithi005.stdout:/usr/bin/ceph: stderr
2024-03-19T00:45:19.800+0000 7f465ee00700 1 -- 172.21.15.5:0/1712904964 shutdown_connections
2024-03-19T00:45:20.544 INFO:teuthology.orchestra.run.smithi005.stdout:/usr/bin/ceph: stderr
2024-03-19T00:45:19.800+0000 7f465ee00700 1 --2- 172.21.15.5:0/1712904964 >> [v2:172.21.15.5:6800/4107628230,v1:172.21.15.5:6801/4107628230] conn(0x7f464003ca30 0x7f464003ee20 unknown :-1 s=CLOSED pgs=1 cs=0 l=1 rev1=1 crypto rx=0 tx=0 comp rx=0 tx=0).stop
2024-03-19T00:45:20.544 INFO:teuthology.orchestra.run.smithi005.stdout:/usr/bin/ceph: stderr
2024-03-19T00:45:19.800+0000 7f465ee00700 1 --2- 172.21.15.5:0/1712904964 >> [v2:172.21.15.5:3300/0,v1:172.21.15.5:6789/0] conn(0x7f4658108670 0x7f465819dc00 unknown :-1 s=CLOSED pgs=62 cs=0 l=1 rev1=1 crypto rx=0 tx=0 comp rx=0 tx=0).stop
2024-03-19T00:45:20.544 INFO:teuthology.orchestra.run.smithi005.stdout:/usr/bin/ceph: stderr
2024-03-19T00:45:19.800+0000 7f465ee00700 1 --2- 172.21.15.5:0/1712904964 >> [v2:172.21.15.5:6800/1254096244,v1:172.21.15.5:6801/1254096244] conn(0x7f4640038f80 0x7f464003b440 unknown :-1 s=CLOSED pgs=0 cs=0 l=1 rev1=0 crypto rx=0 tx=0 comp rx=0 tx=0).stop
2024-03-19T00:45:20.544 INFO:teuthology.orchestra.run.smithi005.stdout:/usr/bin/ceph: stderr
2024-03-19T00:45:19.800+0000 7f465ee00700 1 -- 172.21.15.5:0/1712904964 >> 172.21.15.5:0/1712904964 conn(0x7f4658101fa0 msgr2=0x7f4658102a60 unknown :-1 s=STATE_NONE l=0).mark_down
2024-03-19T00:45:20.544 INFO:teuthology.orchestra.run.smithi005.stdout:/usr/bin/ceph: stderr
2024-03-19T00:45:19.800+0000 7f465ee00700 1 -- 172.21.15.5:0/1712904964 shutdown_connections
2024-03-19T00:45:20.544 INFO:teuthology.orchestra.run.smithi005.stdout:/usr/bin/ceph: stderr
2024-03-19T00:45:19.800+0000 7f465ee00700 1 -- 172.21.15.5:0/1712904964 wait complete.
2024-03-19T00:45:20.544 INFO:teuthology.orchestra.run.smithi005.stdout:mgr epoch 9 is available
2024-03-19T00:45:20.545 INFO:teuthology.orchestra.run.smithi005.stdout:Generating a dashboard self-signed certificate...
2024-03-19T00:45:21.072 INFO:journalctl@ceph.mon.a.smithi005.stdout:Mar 19 00:45:20 smithi005 ceph-mon[62515]: from='client.14156 -' entity='client.admin' cmd=[{"prefix": "get_command_descriptions"}]: dispatch
2024-03-19T00:45:21.072 INFO:journalctl@ceph.mon.a.smithi005.stdout:Mar 19 00:45:20 smithi005 ceph-mon[62515]: from='client.14156 -' entity='client.admin' cmd=[{"prefix": "mgr_status"}]: dispatch
2024-03-19T00:45:21.922 INFO:journalctl@ceph.mon.a.smithi005.stdout:Mar 19 00:45:21 smithi005 ceph-mon[62515]: mgrmap e12: x(active, since 2s)
2024-03-19T00:45:21.923 INFO:journalctl@ceph.mon.a.smithi005.stdout:Mar 19 00:45:21 smithi005 ceph-mon[62515]: from='client.14164 -' entity='client.admin' cmd=[{"prefix": "dashboard create-self-signed-cert", "target": ["mon-mgr", ""]}]: dispatch
2024-03-19T00:45:21.923 INFO:journalctl@ceph.mon.a.smithi005.stdout:Mar 19 00:45:21 smithi005 ceph-mon[62515]: from='mgr.14152 172.21.15.5:0/3510813549' entity='mgr.x'
2024-03-19T00:45:21.923 INFO:journalctl@ceph.mon.a.smithi005.stdout:Mar 19 00:45:21 smithi005 ceph-mon[62515]: from='mgr.14152 172.21.15.5:0/3510813549' entity='mgr.x'
2024-03-19T00:45:22.614 INFO:teuthology.orchestra.run.smithi005.stdout:/usr/bin/ceph: stdout Self-signed certificate created
2024-03-19T00:45:22.614 INFO:teuthology.orchestra.run.smithi005.stdout:/usr/bin/ceph: stderr
2024-03-19T00:45:21.372+0000 7f4320a00700 1 Processor -- start
2024-03-19T00:45:22.614 INFO:teuthology.orchestra.run.smithi005.stdout:/usr/bin/ceph: stderr
2024-03-19T00:45:21.373+0000 7f4320a00700 1 -- start start
2024-03-19T00:45:22.615 INFO:teuthology.orchestra.run.smithi005.stdout:/usr/bin/ceph: stderr
2024-03-19T00:45:21.373+0000 7f4320a00700 1 --2- >> [v2:172.21.15.5:3300/0,v1:172.21.15.5:6789/0] conn(0x7f431c081d00 0x7f431c082120 unknown :-1 s=NONE pgs=0 cs=0 l=0 rev1=0 crypto rx=0 tx=0 comp rx=0 tx=0).connect
2024-03-19T00:45:22.615 INFO:teuthology.orchestra.run.smithi005.stdout:/usr/bin/ceph: stderr
2024-03-19T00:45:21.373+0000 7f4320a00700 1 -- --> [v2:172.21.15.5:3300/0,v1:172.21.15.5:6789/0] -- mon_getmap magic: 0 -- 0x7f431c0826f0 con 0x7f431c081d00
2024-03-19T00:45:22.615 INFO:teuthology.orchestra.run.smithi005.stdout:/usr/bin/ceph: stderr
2024-03-19T00:45:21.374+0000 7f4319e00700 1 --2- >> [v2:172.21.15.5:3300/0,v1:172.21.15.5:6789/0] conn(0x7f431c081d00 0x7f431c082120 unknown :-1 s=BANNER_CONNECTING pgs=0 cs=0 l=0 rev1=0 crypto rx=0 tx=0 comp rx=0 tx=0)._handle_peer_banner_payload supported=3 required=0
2024-03-19T00:45:22.615 INFO:teuthology.orchestra.run.smithi005.stdout:/usr/bin/ceph: stderr
2024-03-19T00:45:21.374+0000 7f4319e00700 1 --2- >> [v2:172.21.15.5:3300/0,v1:172.21.15.5:6789/0] conn(0x7f431c081d00 0x7f431c082120 unknown :-1 s=HELLO_CONNECTING pgs=0 cs=0 l=0 rev1=1 crypto rx=0 tx=0 comp rx=0 tx=0).handle_hello peer v2:172.21.15.5:3300/0 says I am v2:172.21.15.5:34234/0 (socket says 172.21.15.5:34234)
2024-03-19T00:45:22.615 INFO:teuthology.orchestra.run.smithi005.stdout:/usr/bin/ceph: stderr
2024-03-19T00:45:21.374+0000 7f4319e00700 1 -- 172.21.15.5:0/2179921995 learned_addr learned my addr 172.21.15.5:0/2179921995 (peer_addr_for_me v2:172.21.15.5:0/0)
2024-03-19T00:45:22.615 INFO:teuthology.orchestra.run.smithi005.stdout:/usr/bin/ceph: stderr
2024-03-19T00:45:21.374+0000 7f4319e00700 1 -- 172.21.15.5:0/2179921995 --> [v2:172.21.15.5:3300/0,v1:172.21.15.5:6789/0] -- mon_subscribe({config=0+,monmap=0+}) -- 0x7f431c10f590 con 0x7f431c081d00
2024-03-19T00:45:22.615 INFO:teuthology.orchestra.run.smithi005.stdout:/usr/bin/ceph: stderr
2024-03-19T00:45:21.375+0000 7f4319e00700 1 --2- 172.21.15.5:0/2179921995 >> [v2:172.21.15.5:3300/0,v1:172.21.15.5:6789/0] conn(0x7f431c081d00 0x7f431c082120 secure :-1 s=READY pgs=70 cs=0 l=1 rev1=1 crypto rx=0x7f430c0098a0 tx=0x7f430c009bb0 comp rx=0 tx=0).ready entity=mon.0 client_cookie=c7c0ac02d5ba5d9b server_cookie=0 in_seq=0 out_seq=0
2024-03-19T00:45:22.615 INFO:teuthology.orchestra.run.smithi005.stdout:/usr/bin/ceph: stderr
2024-03-19T00:45:21.375+0000 7f4318a00700 1 -- 172.21.15.5:0/2179921995 <== mon.0 v2:172.21.15.5:3300/0 1 ==== mon_map magic: 0 ==== 205+0+0 (secure 0 0 0) 0x7f430c004160 con 0x7f431c081d00
2024-03-19T00:45:22.615 INFO:teuthology.orchestra.run.smithi005.stdout:/usr/bin/ceph: stderr
2024-03-19T00:45:21.375+0000 7f4318a00700 1 -- 172.21.15.5:0/2179921995 <== mon.0 v2:172.21.15.5:3300/0 2 ==== config(27 keys) ==== 1140+0+0 (secure 0 0 0) 0x7f430c004300 con 0x7f431c081d00
2024-03-19T00:45:22.615 INFO:teuthology.orchestra.run.smithi005.stdout:/usr/bin/ceph: stderr
2024-03-19T00:45:21.375+0000 7f4318a00700 1 -- 172.21.15.5:0/2179921995 <== mon.0 v2:172.21.15.5:3300/0 3 ==== mon_map magic: 0 ==== 205+0+0 (secure 0 0 0) 0x7f430c011b20 con 0x7f431c081d00
2024-03-19T00:45:22.615 INFO:teuthology.orchestra.run.smithi005.stdout:/usr/bin/ceph: stderr
2024-03-19T00:45:21.376+0000 7f4320a00700 1 -- 172.21.15.5:0/2179921995 >> [v2:172.21.15.5:3300/0,v1:172.21.15.5:6789/0] conn(0x7f431c081d00 msgr2=0x7f431c082120 secure :-1 s=STATE_CONNECTION_ESTABLISHED l=1).mark_down
2024-03-19T00:45:22.615 INFO:teuthology.orchestra.run.smithi005.stdout:/usr/bin/ceph: stderr
2024-03-19T00:45:21.376+0000 7f4320a00700 1 --2- 172.21.15.5:0/2179921995 >> [v2:172.21.15.5:3300/0,v1:172.21.15.5:6789/0] conn(0x7f431c081d00 0x7f431c082120 secure :-1 s=READY pgs=70 cs=0 l=1 rev1=1 crypto rx=0x7f430c0098a0 tx=0x7f430c009bb0 comp rx=0 tx=0).stop
2024-03-19T00:45:22.615 INFO:teuthology.orchestra.run.smithi005.stdout:/usr/bin/ceph: stderr
2024-03-19T00:45:21.376+0000 7f4320a00700 1 -- 172.21.15.5:0/2179921995 shutdown_connections
2024-03-19T00:45:22.615 INFO:teuthology.orchestra.run.smithi005.stdout:/usr/bin/ceph: stderr
2024-03-19T00:45:21.376+0000 7f4320a00700 1 --2- 172.21.15.5:0/2179921995 >> [v2:172.21.15.5:3300/0,v1:172.21.15.5:6789/0] conn(0x7f431c081d00 0x7f431c082120 unknown :-1 s=CLOSED pgs=70 cs=0 l=1 rev1=1 crypto rx=0 tx=0 comp rx=0 tx=0).stop
2024-03-19T00:45:22.615 INFO:teuthology.orchestra.run.smithi005.stdout:/usr/bin/ceph: stderr
2024-03-19T00:45:21.376+0000 7f4320a00700 1 -- 172.21.15.5:0/2179921995 >> 172.21.15.5:0/2179921995 conn(0x7f431c07d310 msgr2=0x7f431c07f730 unknown :-1 s=STATE_NONE l=0).mark_down
2024-03-19T00:45:22.616 INFO:teuthology.orchestra.run.smithi005.stdout:/usr/bin/ceph: stderr
2024-03-19T00:45:21.376+0000 7f4320a00700 1 -- 172.21.15.5:0/2179921995 shutdown_connections
2024-03-19T00:45:22.616 INFO:teuthology.orchestra.run.smithi005.stdout:/usr/bin/ceph: stderr
2024-03-19T00:45:21.376+0000 7f4320a00700 1 -- 172.21.15.5:0/2179921995 wait complete.
2024-03-19T00:45:22.616 INFO:teuthology.orchestra.run.smithi005.stdout:/usr/bin/ceph: stderr
2024-03-19T00:45:21.377+0000 7f4320a00700 1 Processor -- start
2024-03-19T00:45:22.616 INFO:teuthology.orchestra.run.smithi005.stdout:/usr/bin/ceph: stderr
2024-03-19T00:45:21.377+0000 7f4320a00700 1 -- start start
2024-03-19T00:45:22.616 INFO:teuthology.orchestra.run.smithi005.stdout:/usr/bin/ceph: stderr
2024-03-19T00:45:21.378+0000 7f4320a00700 1 --2- >> [v2:172.21.15.5:3300/0,v1:172.21.15.5:6789/0] conn(0x7f431c081d00 0x7f431c1a2200 unknown :-1 s=NONE pgs=0 cs=0 l=1 rev1=0 crypto rx=0 tx=0 comp rx=0 tx=0).connect
2024-03-19T00:45:22.616 INFO:teuthology.orchestra.run.smithi005.stdout:/usr/bin/ceph: stderr
2024-03-19T00:45:21.378+0000 7f4320a00700 1 -- --> [v2:172.21.15.5:3300/0,v1:172.21.15.5:6789/0] -- mon_getmap magic: 0 -- 0x7f431c112940 con 0x7f431c081d00
2024-03-19T00:45:22.616 INFO:teuthology.orchestra.run.smithi005.stdout:/usr/bin/ceph: stderr
2024-03-19T00:45:21.378+0000 7f4319e00700 1 --2- >> [v2:172.21.15.5:3300/0,v1:172.21.15.5:6789/0] conn(0x7f431c081d00 0x7f431c1a2200 unknown :-1 s=BANNER_CONNECTING pgs=0 cs=0 l=1 rev1=0 crypto rx=0 tx=0 comp rx=0 tx=0)._handle_peer_banner_payload supported=3 required=0
2024-03-19T00:45:22.616 INFO:teuthology.orchestra.run.smithi005.stdout:/usr/bin/ceph: stderr
2024-03-19T00:45:21.378+0000 7f4319e00700 1 --2- >> [v2:172.21.15.5:3300/0,v1:172.21.15.5:6789/0] conn(0x7f431c081d00 0x7f431c1a2200 unknown :-1 s=HELLO_CONNECTING pgs=0 cs=0 l=1 rev1=1 crypto rx=0 tx=0 comp rx=0 tx=0).handle_hello peer v2:172.21.15.5:3300/0 says I am v2:172.21.15.5:34244/0 (socket says 172.21.15.5:34244)
2024-03-19T00:45:22.616 INFO:teuthology.orchestra.run.smithi005.stdout:/usr/bin/ceph: stderr
2024-03-19T00:45:21.378+0000 7f4319e00700 1 -- 172.21.15.5:0/970389575 learned_addr learned my addr 172.21.15.5:0/970389575 (peer_addr_for_me v2:172.21.15.5:0/0)
2024-03-19T00:45:22.616 INFO:teuthology.orchestra.run.smithi005.stdout:/usr/bin/ceph: stderr
2024-03-19T00:45:21.378+0000 7f4319e00700 1 -- 172.21.15.5:0/970389575 --> [v2:172.21.15.5:3300/0,v1:172.21.15.5:6789/0] -- mon_subscribe({config=0+,monmap=0+}) -- 0x7f431c1a2740 con 0x7f431c081d00
2024-03-19T00:45:22.616 INFO:teuthology.orchestra.run.smithi005.stdout:/usr/bin/ceph: stderr
2024-03-19T00:45:21.379+0000 7f4319e00700 1 --2- 172.21.15.5:0/970389575 >> [v2:172.21.15.5:3300/0,v1:172.21.15.5:6789/0] conn(0x7f431c081d00 0x7f431c1a2200 secure :-1 s=READY pgs=71 cs=0 l=1 rev1=1 crypto rx=0x7f430c0117e0 tx=0x7f430c011ba0 comp rx=0 tx=0).ready entity=mon.0 client_cookie=0 server_cookie=0 in_seq=0 out_seq=0
2024-03-19T00:45:22.616 INFO:teuthology.orchestra.run.smithi005.stdout:/usr/bin/ceph: stderr
2024-03-19T00:45:21.379+0000 7f4312a00700 1 -- 172.21.15.5:0/970389575 <== mon.0 v2:172.21.15.5:3300/0 1 ==== mon_map magic: 0 ==== 205+0+0 (secure 0 0 0) 0x7f430c003bf0 con 0x7f431c081d00
2024-03-19T00:45:22.616 INFO:teuthology.orchestra.run.smithi005.stdout:/usr/bin/ceph: stderr
2024-03-19T00:45:21.379+0000 7f4312a00700 1 -- 172.21.15.5:0/970389575 <== mon.0 v2:172.21.15.5:3300/0 2 ==== config(27 keys) ==== 1140+0+0 (secure 0 0 0) 0x7f430c01a910 con 0x7f431c081d00
2024-03-19T00:45:22.616 INFO:teuthology.orchestra.run.smithi005.stdout:/usr/bin/ceph: stderr
2024-03-19T00:45:21.379+0000 7f4320a00700 1 -- 172.21.15.5:0/970389575 --> [v2:172.21.15.5:3300/0,v1:172.21.15.5:6789/0] -- mon_subscribe({mgrmap=0+}) -- 0x7f431c1a29d0 con 0x7f431c081d00
2024-03-19T00:45:22.616 INFO:teuthology.orchestra.run.smithi005.stdout:/usr/bin/ceph: stderr
2024-03-19T00:45:21.379+0000 7f4312a00700 1 -- 172.21.15.5:0/970389575 <== mon.0 v2:172.21.15.5:3300/0 3 ==== mon_map magic: 0 ==== 205+0+0 (secure 0 0 0) 0x7f430c024970 con 0x7f431c081d00
2024-03-19T00:45:22.616 INFO:teuthology.orchestra.run.smithi005.stdout:/usr/bin/ceph: stderr
2024-03-19T00:45:21.379+0000 7f4320a00700 1 -- 172.21.15.5:0/970389575 --> [v2:172.21.15.5:3300/0,v1:172.21.15.5:6789/0] -- mon_subscribe({osdmap=0}) -- 0x7f431c1a2e30 con 0x7f431c081d00
2024-03-19T00:45:22.616 INFO:teuthology.orchestra.run.smithi005.stdout:/usr/bin/ceph: stderr
2024-03-19T00:45:21.380+0000 7f4320a00700 1 -- 172.21.15.5:0/970389575 --> [v2:172.21.15.5:3300/0,v1:172.21.15.5:6789/0] -- mon_command({"prefix": "get_command_descriptions"} v 0) -- 0x7f431c063940 con 0x7f431c081d00
2024-03-19T00:45:22.617 INFO:teuthology.orchestra.run.smithi005.stdout:/usr/bin/ceph: stderr
2024-03-19T00:45:21.380+0000 7f4312a00700 1 -- 172.21.15.5:0/970389575 <== mon.0 v2:172.21.15.5:3300/0 4 ==== mgrmap(e 12) ==== 46119+0+0 (secure 0 0 0) 0x7f430c022020 con 0x7f431c081d00
2024-03-19T00:45:22.617 INFO:teuthology.orchestra.run.smithi005.stdout:/usr/bin/ceph: stderr
2024-03-19T00:45:21.381+0000 7f4312a00700 1 --2- 172.21.15.5:0/970389575 >> [v2:172.21.15.5:6800/4107628230,v1:172.21.15.5:6801/4107628230] conn(0x7f4300038f70 0x7f430003b430 unknown :-1 s=NONE pgs=0 cs=0 l=1 rev1=0 crypto rx=0 tx=0 comp rx=0 tx=0).connect
2024-03-19T00:45:22.617 INFO:teuthology.orchestra.run.smithi005.stdout:/usr/bin/ceph: stderr
2024-03-19T00:45:21.381+0000 7f4312a00700 1 -- 172.21.15.5:0/970389575 <== mon.0 v2:172.21.15.5:3300/0 5 ==== osd_map(3..3 src has 1..3) ==== 1155+0+0 (secure 0 0 0) 0x7f430c04d760 con 0x7f431c081d00
2024-03-19T00:45:22.617 INFO:teuthology.orchestra.run.smithi005.stdout:/usr/bin/ceph: stderr
2024-03-19T00:45:21.381+0000 7f4319400700 1 --2- 172.21.15.5:0/970389575 >> [v2:172.21.15.5:6800/4107628230,v1:172.21.15.5:6801/4107628230] conn(0x7f4300038f70 0x7f430003b430 unknown :-1 s=BANNER_CONNECTING pgs=0 cs=0 l=1 rev1=0 crypto rx=0 tx=0 comp rx=0 tx=0)._handle_peer_banner_payload supported=3 required=0
2024-03-19T00:45:22.617 INFO:teuthology.orchestra.run.smithi005.stdout:/usr/bin/ceph: stderr
2024-03-19T00:45:21.382+0000 7f4319400700 1 --2- 172.21.15.5:0/970389575 >> [v2:172.21.15.5:6800/4107628230,v1:172.21.15.5:6801/4107628230] conn(0x7f4300038f70 0x7f430003b430 secure :-1 s=READY pgs=7 cs=0 l=1 rev1=1 crypto rx=0x7f4308006fd0 tx=0x7f4308006e40 comp rx=0 tx=0).ready entity=mgr.14152 client_cookie=0 server_cookie=0 in_seq=0 out_seq=0
2024-03-19T00:45:22.617 INFO:teuthology.orchestra.run.smithi005.stdout:/usr/bin/ceph: stderr
2024-03-19T00:45:21.386+0000 7f4312a00700 1 -- 172.21.15.5:0/970389575 <== mon.0 v2:172.21.15.5:3300/0 6 ==== mon_command_ack([{"prefix": "get_command_descriptions"}]=0 v0) ==== 72+0+186149 (secure 0 0 0) 0x7f430c017ca0 con 0x7f431c081d00
2024-03-19T00:45:22.617 INFO:teuthology.orchestra.run.smithi005.stdout:/usr/bin/ceph: stderr
2024-03-19T00:45:21.618+0000 7f4320a00700 1 -- 172.21.15.5:0/970389575 --> [v2:172.21.15.5:6800/4107628230,v1:172.21.15.5:6801/4107628230] -- mgr_command(tid 0: {"prefix": "dashboard create-self-signed-cert", "target": ["mon-mgr", ""]}) -- 0x7f431c07e450 con 0x7f4300038f70
2024-03-19T00:45:22.617 INFO:teuthology.orchestra.run.smithi005.stdout:/usr/bin/ceph: stderr
2024-03-19T00:45:21.721+0000 7f4312a00700 1 -- 172.21.15.5:0/970389575 <== mgr.14152 v2:172.21.15.5:6800/4107628230 1 ==== mgr_command_reply(tid 0: 0 ) ==== 8+0+32 (secure 0 0 0) 0x7f431c07e450 con 0x7f4300038f70
2024-03-19T00:45:22.617 INFO:teuthology.orchestra.run.smithi005.stdout:/usr/bin/ceph: stderr
2024-03-19T00:45:21.723+0000 7f4320a00700 1 -- 172.21.15.5:0/970389575 >> [v2:172.21.15.5:6800/4107628230,v1:172.21.15.5:6801/4107628230] conn(0x7f4300038f70 msgr2=0x7f430003b430 secure :-1 s=STATE_CONNECTION_ESTABLISHED l=1).mark_down
2024-03-19T00:45:22.617 INFO:teuthology.orchestra.run.smithi005.stdout:/usr/bin/ceph: stderr
2024-03-19T00:45:21.723+0000 7f4320a00700 1 --2- 172.21.15.5:0/970389575 >> [v2:172.21.15.5:6800/4107628230,v1:172.21.15.5:6801/4107628230] conn(0x7f4300038f70 0x7f430003b430 secure :-1 s=READY pgs=7 cs=0 l=1 rev1=1 crypto rx=0x7f4308006fd0 tx=0x7f4308006e40 comp rx=0 tx=0).stop
2024-03-19T00:45:22.617 INFO:teuthology.orchestra.run.smithi005.stdout:/usr/bin/ceph: stderr
2024-03-19T00:45:21.723+0000 7f4320a00700 1 -- 172.21.15.5:0/970389575 >> [v2:172.21.15.5:3300/0,v1:172.21.15.5:6789/0] conn(0x7f431c081d00 msgr2=0x7f431c1a2200 secure :-1 s=STATE_CONNECTION_ESTABLISHED l=1).mark_down
2024-03-19T00:45:22.617 INFO:teuthology.orchestra.run.smithi005.stdout:/usr/bin/ceph: stderr
2024-03-19T00:45:21.723+0000 7f4320a00700 1 --2- 172.21.15.5:0/970389575 >> [v2:172.21.15.5:3300/0,v1:172.21.15.5:6789/0] conn(0x7f431c081d00 0x7f431c1a2200 secure :-1 s=READY pgs=71 cs=0 l=1 rev1=1 crypto rx=0x7f430c0117e0 tx=0x7f430c011ba0 comp rx=0 tx=0).stop
2024-03-19T00:45:22.617 INFO:teuthology.orchestra.run.smithi005.stdout:/usr/bin/ceph: stderr
2024-03-19T00:45:21.724+0000 7f4320a00700 1 -- 172.21.15.5:0/970389575 shutdown_connections
2024-03-19T00:45:22.617 INFO:teuthology.orchestra.run.smithi005.stdout:/usr/bin/ceph: stderr
2024-03-19T00:45:21.724+0000 7f4320a00700 1 --2- 172.21.15.5:0/970389575 >> [v2:172.21.15.5:6800/4107628230,v1:172.21.15.5:6801/4107628230] conn(0x7f4300038f70 0x7f430003b430 unknown :-1 s=CLOSED pgs=7 cs=0 l=1 rev1=1 crypto rx=0 tx=0 comp rx=0 tx=0).stop
2024-03-19T00:45:22.617 INFO:teuthology.orchestra.run.smithi005.stdout:/usr/bin/ceph: stderr
2024-03-19T00:45:21.724+0000 7f4320a00700 1 --2- 172.21.15.5:0/970389575 >> [v2:172.21.15.5:3300/0,v1:172.21.15.5:6789/0] conn(0x7f431c081d00 0x7f431c1a2200 unknown :-1 s=CLOSED pgs=71 cs=0 l=1 rev1=1 crypto rx=0 tx=0 comp rx=0 tx=0).stop
2024-03-19T00:45:22.617 INFO:teuthology.orchestra.run.smithi005.stdout:/usr/bin/ceph: stderr
2024-03-19T00:45:21.724+0000 7f4320a00700 1 -- 172.21.15.5:0/970389575 >> 172.21.15.5:0/970389575 conn(0x7f431c07d310 msgr2=0x7f431c07dd40 unknown :-1 s=STATE_NONE l=0).mark_down
2024-03-19T00:45:22.617 INFO:teuthology.orchestra.run.smithi005.stdout:/usr/bin/ceph: stderr
2024-03-19T00:45:21.724+0000 7f4320a00700 1 -- 172.21.15.5:0/970389575 shutdown_connections
2024-03-19T00:45:22.618 INFO:teuthology.orchestra.run.smithi005.stdout:/usr/bin/ceph: stderr
2024-03-19T00:45:21.724+0000 7f4320a00700 1 -- 172.21.15.5:0/970389575 wait complete.
2024-03-19T00:45:22.618 INFO:teuthology.orchestra.run.smithi005.stdout:Creating initial admin user...
2024-03-19T00:45:23.574 INFO:journalctl@ceph.mon.a.smithi005.stdout:Mar 19 00:45:23 smithi005 ceph-mon[62515]: from='mgr.14152 172.21.15.5:0/3510813549' entity='mgr.x'
2024-03-19T00:45:24.545 INFO:journalctl@ceph.mon.a.smithi005.stdout:Mar 19 00:45:24 smithi005 ceph-mon[62515]: from='client.14166 -' entity='client.admin' cmd=[{"prefix": "dashboard ac-user-create", "username": "admin", "rolename": "administrator", "force_password": true, "pwd_update_required": true, "target": ["mon-mgr", ""]}]: dispatch
2024-03-19T00:45:24.545 INFO:journalctl@ceph.mon.a.smithi005.stdout:Mar 19 00:45:24 smithi005 ceph-mon[62515]: from='mgr.14152 172.21.15.5:0/3510813549' entity='mgr.x'
2024-03-19T00:45:24.687 INFO:teuthology.orchestra.run.smithi005.stdout:/usr/bin/ceph: stdout {"username": "admin", "password": "$2b$12$Y4D2QHVEb/kl3EEzABwbIugsZGLdSKeuH0OxpAopnCd9F.oJfU4JO", "roles": ["administrator"], "name": null, "email": null, "lastUpdate": 1710809123, "enabled": true, "pwdExpirationDate": null, "pwdUpdateRequired": true}
2024-03-19T00:45:24.687 INFO:teuthology.orchestra.run.smithi005.stdout:/usr/bin/ceph: stderr
2024-03-19T00:45:23.309+0000 7f4a30c00700 1 Processor -- start
2024-03-19T00:45:24.688 INFO:teuthology.orchestra.run.smithi005.stdout:/usr/bin/ceph: stderr
2024-03-19T00:45:23.309+0000 7f4a30c00700 1 -- start start
2024-03-19T00:45:24.688 INFO:teuthology.orchestra.run.smithi005.stdout:/usr/bin/ceph: stderr
2024-03-19T00:45:23.310+0000 7f4a30c00700 1 --2- >> [v2:172.21.15.5:3300/0,v1:172.21.15.5:6789/0] conn(0x7f4a2c107b40 0x7f4a2c107f60 unknown :-1 s=NONE pgs=0 cs=0 l=0 rev1=0 crypto rx=0 tx=0 comp rx=0 tx=0).connect
2024-03-19T00:45:24.688 INFO:teuthology.orchestra.run.smithi005.stdout:/usr/bin/ceph: stderr
2024-03-19T00:45:23.310+0000 7f4a30c00700 1 -- --> [v2:172.21.15.5:3300/0,v1:172.21.15.5:6789/0] -- mon_getmap magic: 0 -- 0x7f4a2c108530 con 0x7f4a2c107b40
2024-03-19T00:45:24.688 INFO:teuthology.orchestra.run.smithi005.stdout:/usr/bin/ceph: stderr
2024-03-19T00:45:23.310+0000 7f4a2b400700 1 --2- >> [v2:172.21.15.5:3300/0,v1:172.21.15.5:6789/0] conn(0x7f4a2c107b40 0x7f4a2c107f60 unknown :-1 s=BANNER_CONNECTING pgs=0 cs=0 l=0 rev1=0 crypto rx=0 tx=0 comp rx=0 tx=0)._handle_peer_banner_payload supported=3 required=0
2024-03-19T00:45:24.688 INFO:teuthology.orchestra.run.smithi005.stdout:/usr/bin/ceph: stderr
2024-03-19T00:45:23.310+0000 7f4a2b400700 1 --2- >> [v2:172.21.15.5:3300/0,v1:172.21.15.5:6789/0] conn(0x7f4a2c107b40 0x7f4a2c107f60 unknown :-1 s=HELLO_CONNECTING pgs=0 cs=0 l=0 rev1=1 crypto rx=0 tx=0 comp rx=0 tx=0).handle_hello peer v2:172.21.15.5:3300/0 says I am v2:172.21.15.5:34248/0 (socket says 172.21.15.5:34248)
2024-03-19T00:45:24.688 INFO:teuthology.orchestra.run.smithi005.stdout:/usr/bin/ceph: stderr
2024-03-19T00:45:23.310+0000 7f4a2b400700 1 -- 172.21.15.5:0/1277002481 learned_addr learned my addr 172.21.15.5:0/1277002481 (peer_addr_for_me v2:172.21.15.5:0/0)
2024-03-19T00:45:24.688 INFO:teuthology.orchestra.run.smithi005.stdout:/usr/bin/ceph: stderr
2024-03-19T00:45:23.311+0000 7f4a2b400700 1 -- 172.21.15.5:0/1277002481 --> [v2:172.21.15.5:3300/0,v1:172.21.15.5:6789/0] -- mon_subscribe({config=0+,monmap=0+}) -- 0x7f4a2c108d40 con 0x7f4a2c107b40
2024-03-19T00:45:24.688 INFO:teuthology.orchestra.run.smithi005.stdout:/usr/bin/ceph: stderr
2024-03-19T00:45:23.311+0000 7f4a2b400700 1 --2- 172.21.15.5:0/1277002481 >> [v2:172.21.15.5:3300/0,v1:172.21.15.5:6789/0] conn(0x7f4a2c107b40 0x7f4a2c107f60 secure :-1 s=READY pgs=72 cs=0 l=1 rev1=1 crypto rx=0x7f4a1c0098a0 tx=0x7f4a1c009bb0 comp rx=0 tx=0).ready entity=mon.0 client_cookie=88a892e1c3e63167 server_cookie=0 in_seq=0 out_seq=0
2024-03-19T00:45:24.688 INFO:teuthology.orchestra.run.smithi005.stdout:/usr/bin/ceph: stderr
2024-03-19T00:45:23.311+0000 7f4a2a000700 1 -- 172.21.15.5:0/1277002481 <== mon.0 v2:172.21.15.5:3300/0 1 ==== mon_map magic: 0 ==== 205+0+0 (secure 0 0 0) 0x7f4a1c004160 con 0x7f4a2c107b40
2024-03-19T00:45:24.688 INFO:teuthology.orchestra.run.smithi005.stdout:/usr/bin/ceph: stderr
2024-03-19T00:45:23.311+0000 7f4a2a000700 1 -- 172.21.15.5:0/1277002481 <== mon.0 v2:172.21.15.5:3300/0 2 ==== config(27 keys) ==== 1140+0+0 (secure 0 0 0) 0x7f4a1c004300 con 0x7f4a2c107b40
2024-03-19T00:45:24.688 INFO:teuthology.orchestra.run.smithi005.stdout:/usr/bin/ceph: stderr
2024-03-19T00:45:23.311+0000 7f4a2a000700 1 -- 172.21.15.5:0/1277002481 <== mon.0 v2:172.21.15.5:3300/0 3 ==== mon_map magic: 0 ==== 205+0+0 (secure 0 0 0) 0x7f4a1c011b20 con 0x7f4a2c107b40
2024-03-19T00:45:24.688 INFO:teuthology.orchestra.run.smithi005.stdout:/usr/bin/ceph: stderr
2024-03-19T00:45:23.312+0000 7f4a30c00700 1 -- 172.21.15.5:0/1277002481 >> [v2:172.21.15.5:3300/0,v1:172.21.15.5:6789/0] conn(0x7f4a2c107b40 msgr2=0x7f4a2c107f60 secure :-1 s=STATE_CONNECTION_ESTABLISHED l=1).mark_down
2024-03-19T00:45:24.688 INFO:teuthology.orchestra.run.smithi005.stdout:/usr/bin/ceph: stderr
2024-03-19T00:45:23.312+0000 7f4a30c00700 1 --2- 172.21.15.5:0/1277002481 >> [v2:172.21.15.5:3300/0,v1:172.21.15.5:6789/0] conn(0x7f4a2c107b40 0x7f4a2c107f60 secure :-1 s=READY pgs=72 cs=0 l=1 rev1=1 crypto rx=0x7f4a1c0098a0 tx=0x7f4a1c009bb0 comp rx=0 tx=0).stop
2024-03-19T00:45:24.688 INFO:teuthology.orchestra.run.smithi005.stdout:/usr/bin/ceph: stderr
2024-03-19T00:45:23.312+0000 7f4a30c00700 1 -- 172.21.15.5:0/1277002481 shutdown_connections
2024-03-19T00:45:24.689 INFO:teuthology.orchestra.run.smithi005.stdout:/usr/bin/ceph: stderr
2024-03-19T00:45:23.312+0000 7f4a30c00700 1 --2- 172.21.15.5:0/1277002481 >> [v2:172.21.15.5:3300/0,v1:172.21.15.5:6789/0] conn(0x7f4a2c107b40 0x7f4a2c107f60 unknown :-1 s=CLOSED pgs=72 cs=0 l=1 rev1=1 crypto rx=0 tx=0 comp rx=0 tx=0).stop
2024-03-19T00:45:24.689 INFO:teuthology.orchestra.run.smithi005.stdout:/usr/bin/ceph: stderr
2024-03-19T00:45:23.312+0000 7f4a30c00700 1 -- 172.21.15.5:0/1277002481 >> 172.21.15.5:0/1277002481 conn(0x7f4a2c103120 msgr2=0x7f4a2c105540 unknown :-1 s=STATE_NONE l=0).mark_down
2024-03-19T00:45:24.689 INFO:teuthology.orchestra.run.smithi005.stdout:/usr/bin/ceph: stderr
2024-03-19T00:45:23.312+0000 7f4a30c00700 1 -- 172.21.15.5:0/1277002481 shutdown_connections
2024-03-19T00:45:24.689 INFO:teuthology.orchestra.run.smithi005.stdout:/usr/bin/ceph: stderr
2024-03-19T00:45:23.313+0000 7f4a30c00700 1 -- 172.21.15.5:0/1277002481 wait complete.
2024-03-19T00:45:24.689 INFO:teuthology.orchestra.run.smithi005.stdout:/usr/bin/ceph: stderr
2024-03-19T00:45:23.314+0000 7f4a30c00700 1 Processor -- start
2024-03-19T00:45:24.689 INFO:teuthology.orchestra.run.smithi005.stdout:/usr/bin/ceph: stderr
2024-03-19T00:45:23.314+0000 7f4a30c00700 1 -- start start
2024-03-19T00:45:24.689 INFO:teuthology.orchestra.run.smithi005.stdout:/usr/bin/ceph: stderr
2024-03-19T00:45:23.314+0000 7f4a30c00700 1 --2- >> [v2:172.21.15.5:3300/0,v1:172.21.15.5:6789/0] conn(0x7f4a2c107b40 0x7f4a2c19dc90 unknown :-1 s=NONE pgs=0 cs=0 l=1 rev1=0 crypto rx=0 tx=0 comp rx=0 tx=0).connect
2024-03-19T00:45:24.689 INFO:teuthology.orchestra.run.smithi005.stdout:/usr/bin/ceph: stderr
2024-03-19T00:45:23.314+0000 7f4a30c00700 1 -- --> [v2:172.21.15.5:3300/0,v1:172.21.15.5:6789/0] -- mon_getmap magic: 0 -- 0x7f4a2c10c0f0 con 0x7f4a2c107b40
2024-03-19T00:45:24.689 INFO:teuthology.orchestra.run.smithi005.stdout:/usr/bin/ceph: stderr
2024-03-19T00:45:23.314+0000 7f4a2b400700 1 --2- >> [v2:172.21.15.5:3300/0,v1:172.21.15.5:6789/0] conn(0x7f4a2c107b40 0x7f4a2c19dc90 unknown :-1 s=BANNER_CONNECTING pgs=0 cs=0 l=1 rev1=0 crypto rx=0 tx=0 comp rx=0 tx=0)._handle_peer_banner_payload supported=3 required=0
2024-03-19T00:45:24.689 INFO:teuthology.orchestra.run.smithi005.stdout:/usr/bin/ceph: stderr
2024-03-19T00:45:23.314+0000 7f4a2b400700 1 --2- >> [v2:172.21.15.5:3300/0,v1:172.21.15.5:6789/0] conn(0x7f4a2c107b40 0x7f4a2c19dc90 unknown :-1 s=HELLO_CONNECTING pgs=0 cs=0 l=1 rev1=1 crypto rx=0 tx=0 comp rx=0 tx=0).handle_hello peer v2:172.21.15.5:3300/0 says I am v2:172.21.15.5:34254/0 (socket says 172.21.15.5:34254)
2024-03-19T00:45:24.689 INFO:teuthology.orchestra.run.smithi005.stdout:/usr/bin/ceph: stderr
2024-03-19T00:45:23.314+0000 7f4a2b400700 1 -- 172.21.15.5:0/3247241797 learned_addr learned my addr 172.21.15.5:0/3247241797 (peer_addr_for_me v2:172.21.15.5:0/0)
2024-03-19T00:45:24.689 INFO:teuthology.orchestra.run.smithi005.stdout:/usr/bin/ceph: stderr
2024-03-19T00:45:23.315+0000 7f4a2b400700 1 -- 172.21.15.5:0/3247241797 --> [v2:172.21.15.5:3300/0,v1:172.21.15.5:6789/0] -- mon_subscribe({config=0+,monmap=0+}) -- 0x7f4a2c19e1d0 con 0x7f4a2c107b40
2024-03-19T00:45:24.689 INFO:teuthology.orchestra.run.smithi005.stdout:/usr/bin/ceph: stderr
2024-03-19T00:45:23.315+0000 7f4a2b400700 1 --2- 172.21.15.5:0/3247241797 >> [v2:172.21.15.5:3300/0,v1:172.21.15.5:6789/0] conn(0x7f4a2c107b40 0x7f4a2c19dc90 secure :-1 s=READY pgs=73 cs=0 l=1 rev1=1 crypto rx=0x7f4a1c0117e0 tx=0x7f4a1c011ba0 comp rx=0 tx=0).ready entity=mon.0 client_cookie=0 server_cookie=0 in_seq=0 out_seq=0
2024-03-19T00:45:24.689 INFO:teuthology.orchestra.run.smithi005.stdout:/usr/bin/ceph: stderr
2024-03-19T00:45:23.315+0000 7f4a23e00700 1 -- 172.21.15.5:0/3247241797 <== mon.0 v2:172.21.15.5:3300/0 1 ==== mon_map magic: 0 ==== 205+0+0 (secure 0 0 0) 0x7f4a1c003bf0 con 0x7f4a2c107b40
2024-03-19T00:45:24.689 INFO:teuthology.orchestra.run.smithi005.stdout:/usr/bin/ceph: stderr
2024-03-19T00:45:23.315+0000 7f4a23e00700 1 -- 172.21.15.5:0/3247241797 <== mon.0 v2:172.21.15.5:3300/0 2 ==== config(27 keys) ==== 1140+0+0 (secure 0 0 0) 0x7f4a1c01a910 con 0x7f4a2c107b40
2024-03-19T00:45:24.689 INFO:teuthology.orchestra.run.smithi005.stdout:/usr/bin/ceph: stderr
2024-03-19T00:45:23.315+0000 7f4a30c00700 1 -- 172.21.15.5:0/3247241797 --> [v2:172.21.15.5:3300/0,v1:172.21.15.5:6789/0] -- mon_subscribe({mgrmap=0+}) -- 0x7f4a2c19e460 con 0x7f4a2c107b40
2024-03-19T00:45:24.690 INFO:teuthology.orchestra.run.smithi005.stdout:/usr/bin/ceph: stderr
2024-03-19T00:45:23.315+0000 7f4a23e00700 1 -- 172.21.15.5:0/3247241797 <== mon.0 v2:172.21.15.5:3300/0 3 ==== mon_map magic: 0 ==== 205+0+0 (secure 0 0 0) 0x7f4a1c024970 con 0x7f4a2c107b40
2024-03-19T00:45:24.690 INFO:teuthology.orchestra.run.smithi005.stdout:/usr/bin/ceph: stderr
2024-03-19T00:45:23.315+0000 7f4a30c00700 1 -- 172.21.15.5:0/3247241797 --> [v2:172.21.15.5:3300/0,v1:172.21.15.5:6789/0] -- mon_subscribe({osdmap=0}) -- 0x7f4a2c19e8c0 con 0x7f4a2c107b40
2024-03-19T00:45:24.690 INFO:teuthology.orchestra.run.smithi005.stdout:/usr/bin/ceph: stderr
2024-03-19T00:45:23.317+0000 7f4a23e00700 1 -- 172.21.15.5:0/3247241797 <== mon.0 v2:172.21.15.5:3300/0 4 ==== mgrmap(e 12) ==== 46119+0+0 (secure 0 0 0) 0x7f4a1c022020 con 0x7f4a2c107b40
2024-03-19T00:45:24.690 INFO:teuthology.orchestra.run.smithi005.stdout:/usr/bin/ceph: stderr
2024-03-19T00:45:23.317+0000 7f4a30c00700 1 -- 172.21.15.5:0/3247241797 --> [v2:172.21.15.5:3300/0,v1:172.21.15.5:6789/0] -- mon_command({"prefix": "get_command_descriptions"} v 0) -- 0x7f4a2c063940 con 0x7f4a2c107b40
2024-03-19T00:45:24.690 INFO:teuthology.orchestra.run.smithi005.stdout:/usr/bin/ceph: stderr
2024-03-19T00:45:23.317+0000 7f4a23e00700 1 --2- 172.21.15.5:0/3247241797 >> [v2:172.21.15.5:6800/4107628230,v1:172.21.15.5:6801/4107628230] conn(0x7f4a10038f70 0x7f4a1003b430 unknown :-1 s=NONE pgs=0 cs=0 l=1 rev1=0 crypto rx=0 tx=0 comp rx=0 tx=0).connect
2024-03-19T00:45:24.690 INFO:teuthology.orchestra.run.smithi005.stdout:/usr/bin/ceph: stderr
2024-03-19T00:45:23.317+0000 7f4a23e00700 1 -- 172.21.15.5:0/3247241797 <== mon.0 v2:172.21.15.5:3300/0 5 ==== osd_map(3..3 src has 1..3) ==== 1155+0+0 (secure 0 0 0) 0x7f4a1c04d740 con 0x7f4a2c107b40
2024-03-19T00:45:24.690 INFO:teuthology.orchestra.run.smithi005.stdout:/usr/bin/ceph: stderr
2024-03-19T00:45:23.318+0000 7f4a2aa00700 1 --2- 172.21.15.5:0/3247241797 >> [v2:172.21.15.5:6800/4107628230,v1:172.21.15.5:6801/4107628230] conn(0x7f4a10038f70 0x7f4a1003b430 unknown :-1 s=BANNER_CONNECTING pgs=0 cs=0 l=1 rev1=0 crypto rx=0 tx=0 comp rx=0 tx=0)._handle_peer_banner_payload supported=3 required=0
2024-03-19T00:45:24.690 INFO:teuthology.orchestra.run.smithi005.stdout:/usr/bin/ceph: stderr
2024-03-19T00:45:23.318+0000 7f4a2aa00700 1 --2- 172.21.15.5:0/3247241797 >> [v2:172.21.15.5:6800/4107628230,v1:172.21.15.5:6801/4107628230] conn(0x7f4a10038f70 0x7f4a1003b430 secure :-1 s=READY pgs=8 cs=0 l=1 rev1=1 crypto rx=0x7f4a18006fd0 tx=0x7f4a18006e40 comp rx=0 tx=0).ready entity=mgr.14152 client_cookie=0 server_cookie=0 in_seq=0 out_seq=0
2024-03-19T00:45:24.690 INFO:teuthology.orchestra.run.smithi005.stdout:/usr/bin/ceph: stderr
2024-03-19T00:45:23.323+0000 7f4a23e00700 1 -- 172.21.15.5:0/3247241797 <== mon.0 v2:172.21.15.5:3300/0 6 ==== mon_command_ack([{"prefix": "get_command_descriptions"}]=0 v0) ==== 72+0+186149 (secure 0 0 0) 0x7f4a1c017ca0 con 0x7f4a2c107b40
2024-03-19T00:45:24.690 INFO:teuthology.orchestra.run.smithi005.stdout:/usr/bin/ceph: stderr
2024-03-19T00:45:23.572+0000 7f4a30c00700 1 -- 172.21.15.5:0/3247241797 --> [v2:172.21.15.5:6800/4107628230,v1:172.21.15.5:6801/4107628230] -- mgr_command(tid 0: {"prefix": "dashboard ac-user-create", "username": "admin", "rolename": "administrator", "force_password": true, "pwd_update_required": true, "target": ["mon-mgr", ""]}) -- 0x7f4a2c1a12f0 con 0x7f4a10038f70
2024-03-19T00:45:24.690 INFO:teuthology.orchestra.run.smithi005.stdout:/usr/bin/ceph: stderr
2024-03-19T00:45:23.829+0000 7f4a23e00700 1 -- 172.21.15.5:0/3247241797 <== mgr.14152 v2:172.21.15.5:6800/4107628230 1 ==== mgr_command_reply(tid 0: 0 ) ==== 8+0+252 (secure 0 0 0) 0x7f4a2c1a12f0 con 0x7f4a10038f70
2024-03-19T00:45:24.690 INFO:teuthology.orchestra.run.smithi005.stdout:/usr/bin/ceph: stderr
2024-03-19T00:45:23.832+0000 7f4a30c00700 1 -- 172.21.15.5:0/3247241797 >> [v2:172.21.15.5:6800/4107628230,v1:172.21.15.5:6801/4107628230] conn(0x7f4a10038f70 msgr2=0x7f4a1003b430 secure :-1 s=STATE_CONNECTION_ESTABLISHED l=1).mark_down
2024-03-19T00:45:24.690 INFO:teuthology.orchestra.run.smithi005.stdout:/usr/bin/ceph: stderr
2024-03-19T00:45:23.832+0000 7f4a30c00700 1 --2- 172.21.15.5:0/3247241797 >> [v2:172.21.15.5:6800/4107628230,v1:172.21.15.5:6801/4107628230] conn(0x7f4a10038f70 0x7f4a1003b430 secure :-1 s=READY pgs=8 cs=0 l=1 rev1=1 crypto rx=0x7f4a18006fd0 tx=0x7f4a18006e40 comp rx=0 tx=0).stop
2024-03-19T00:45:24.691 INFO:teuthology.orchestra.run.smithi005.stdout:/usr/bin/ceph: stderr
2024-03-19T00:45:23.832+0000 7f4a30c00700 1 -- 172.21.15.5:0/3247241797 >> [v2:172.21.15.5:3300/0,v1:172.21.15.5:6789/0] conn(0x7f4a2c107b40 msgr2=0x7f4a2c19dc90 secure :-1 s=STATE_CONNECTION_ESTABLISHED l=1).mark_down
2024-03-19T00:45:24.691 INFO:teuthology.orchestra.run.smithi005.stdout:/usr/bin/ceph: stderr
2024-03-19T00:45:23.832+0000 7f4a30c00700 1 --2- 172.21.15.5:0/3247241797 >> [v2:172.21.15.5:3300/0,v1:172.21.15.5:6789/0] conn(0x7f4a2c107b40 0x7f4a2c19dc90 secure :-1 s=READY pgs=73 cs=0 l=1 rev1=1 crypto rx=0x7f4a1c0117e0 tx=0x7f4a1c011ba0 comp rx=0 tx=0).stop
2024-03-19T00:45:24.691 INFO:teuthology.orchestra.run.smithi005.stdout:/usr/bin/ceph: stderr
2024-03-19T00:45:23.832+0000 7f4a30c00700 1 -- 172.21.15.5:0/3247241797 shutdown_connections
