2024-03-19T01:06:54.643 INFO:teuthology.orchestra.run.smithi094.stdout:/usr/bin/ceph: stderr
2024-03-19T01:06:54.126+0000 7f1d46b80700 1 --2- 172.21.15.94:0/1327818840 >> [v2:172.21.15.94:6800/789716177,v1:172.21.15.94:6801/789716177] conn(0x7f1d30038ed0 0x7f1d3003b390 unknown :-1 s=CLOSED pgs=10 cs=0 l=1 rev1=1 crypto rx=0 tx=0 comp rx=0 tx=0).stop
2024-03-19T01:06:54.644 INFO:teuthology.orchestra.run.smithi094.stdout:/usr/bin/ceph: stderr
2024-03-19T01:06:54.126+0000 7f1d46b80700 1 --2- 172.21.15.94:0/1327818840 >> [v2:172.21.15.94:3300/0,v1:172.21.15.94:6789/0] conn(0x7f1d401061e0 0x7f1d4019bfe0 unknown :-1 s=CLOSED pgs=44 cs=0 l=1 rev1=1 crypto rx=0 tx=0 comp rx=0 tx=0).stop
2024-03-19T01:06:54.644 INFO:teuthology.orchestra.run.smithi094.stdout:/usr/bin/ceph: stderr
2024-03-19T01:06:54.126+0000 7f1d46b80700 1 -- 172.21.15.94:0/1327818840 >> 172.21.15.94:0/1327818840 conn(0x7f1d40101b70 msgr2=0x7f1d40102720 unknown :-1 s=STATE_NONE l=0).mark_down
2024-03-19T01:06:54.644 INFO:teuthology.orchestra.run.smithi094.stdout:/usr/bin/ceph: stderr
2024-03-19T01:06:54.127+0000 7f1d46b80700 1 -- 172.21.15.94:0/1327818840 shutdown_connections
2024-03-19T01:06:54.644 INFO:teuthology.orchestra.run.smithi094.stdout:/usr/bin/ceph: stderr
2024-03-19T01:06:54.127+0000 7f1d46b80700 1 -- 172.21.15.94:0/1327818840 wait complete.
2024-03-19T01:06:54.644 INFO:teuthology.orchestra.run.smithi094.stdout:Wrote public SSH key to /home/ubuntu/cephtest/ceph.pub
2024-03-19T01:06:54.644 INFO:teuthology.orchestra.run.smithi094.stdout:Adding key to root@localhost authorized_keys...
2024-03-19T01:06:54.644 INFO:teuthology.orchestra.run.smithi094.stdout:Adding host smithi094...
2024-03-19T01:06:55.242 INFO:journalctl@ceph.mon.a.smithi094.stdout:Mar 19 01:06:54 smithi094 ceph-mon[62734]: from='client.14138 -' entity='client.admin' cmd=[{"prefix": "cephadm get-pub-key", "target": ["mon-mgr", ""]}]: dispatch
2024-03-19T01:06:56.185 INFO:journalctl@ceph.mon.a.smithi094.stdout:Mar 19 01:06:55 smithi094 ceph-mon[62734]: from='client.14140 -' entity='client.admin' cmd=[{"prefix": "orch host add", "hostname": "smithi094", "addr": "172.21.15.94", "target": ["mon-mgr", ""]}]: dispatch
2024-03-19T01:06:57.242 INFO:journalctl@ceph.mon.a.smithi094.stdout:Mar 19 01:06:56 smithi094 ceph-mon[62734]: Deploying cephadm binary to smithi094
2024-03-19T01:07:00.132 INFO:teuthology.orchestra.run.smithi094.stdout:/usr/bin/ceph: stdout Added host 'smithi094' with addr '172.21.15.94'
2024-03-19T01:07:00.133 INFO:teuthology.orchestra.run.smithi094.stdout:/usr/bin/ceph: stderr
2024-03-19T01:06:55.050+0000 7f2a202a8700 1 Processor -- start
2024-03-19T01:07:00.133 INFO:teuthology.orchestra.run.smithi094.stdout:/usr/bin/ceph: stderr
2024-03-19T01:06:55.050+0000 7f2a202a8700 1 -- start start
2024-03-19T01:07:00.133 INFO:teuthology.orchestra.run.smithi094.stdout:/usr/bin/ceph: stderr
2024-03-19T01:06:55.051+0000 7f2a202a8700 1 --2- >> [v2:172.21.15.94:3300/0,v1:172.21.15.94:6789/0] conn(0x7f2a181067e0 0x7f2a18106c00 unknown :-1 s=NONE pgs=0 cs=0 l=0 rev1=0 crypto rx=0 tx=0 comp rx=0 tx=0).connect
2024-03-19T01:07:00.133 INFO:teuthology.orchestra.run.smithi094.stdout:/usr/bin/ceph: stderr
2024-03-19T01:06:55.051+0000 7f2a202a8700 1 -- --> [v2:172.21.15.94:3300/0,v1:172.21.15.94:6789/0] -- mon_getmap magic: 0 -- 0x7f2a1807bd90 con 0x7f2a181067e0
2024-03-19T01:07:00.133 INFO:teuthology.orchestra.run.smithi094.stdout:/usr/bin/ceph: stderr
2024-03-19T01:06:55.051+0000 7f2a1e044700 1 --2- >> [v2:172.21.15.94:3300/0,v1:172.21.15.94:6789/0] conn(0x7f2a181067e0 0x7f2a18106c00 unknown :-1 s=BANNER_CONNECTING pgs=0 cs=0 l=0 rev1=0 crypto rx=0 tx=0 comp rx=0 tx=0)._handle_peer_banner_payload supported=3 required=0
2024-03-19T01:07:00.133 INFO:teuthology.orchestra.run.smithi094.stdout:/usr/bin/ceph: stderr
2024-03-19T01:06:55.051+0000 7f2a1e044700 1 --2- >> [v2:172.21.15.94:3300/0,v1:172.21.15.94:6789/0] conn(0x7f2a181067e0 0x7f2a18106c00 unknown :-1 s=HELLO_CONNECTING pgs=0 cs=0 l=0 rev1=1 crypto rx=0 tx=0 comp rx=0 tx=0).handle_hello peer v2:172.21.15.94:3300/0 says I am v2:172.21.15.94:37134/0 (socket says 172.21.15.94:37134)
2024-03-19T01:07:00.133 INFO:teuthology.orchestra.run.smithi094.stdout:/usr/bin/ceph: stderr
2024-03-19T01:06:55.051+0000 7f2a1e044700 1 -- 172.21.15.94:0/1552815199 learned_addr learned my addr 172.21.15.94:0/1552815199 (peer_addr_for_me v2:172.21.15.94:0/0)
2024-03-19T01:07:00.133 INFO:teuthology.orchestra.run.smithi094.stdout:/usr/bin/ceph: stderr
2024-03-19T01:06:55.051+0000 7f2a1e044700 1 -- 172.21.15.94:0/1552815199 --> [v2:172.21.15.94:3300/0,v1:172.21.15.94:6789/0] -- mon_subscribe({config=0+,monmap=0+}) -- 0x7f2a18107140 con 0x7f2a181067e0
2024-03-19T01:07:00.133 INFO:teuthology.orchestra.run.smithi094.stdout:/usr/bin/ceph: stderr
2024-03-19T01:06:55.051+0000 7f2a1e044700 1 --2- 172.21.15.94:0/1552815199 >> [v2:172.21.15.94:3300/0,v1:172.21.15.94:6789/0] conn(0x7f2a181067e0 0x7f2a18106c00 secure :-1 s=READY pgs=45 cs=0 l=1 rev1=1 crypto rx=0x7f2a140098a0 tx=0x7f2a14009bb0 comp rx=0 tx=0).ready entity=mon.0 client_cookie=f05b8acbd2804ba7 server_cookie=0 in_seq=0 out_seq=0
2024-03-19T01:07:00.133 INFO:teuthology.orchestra.run.smithi094.stdout:/usr/bin/ceph: stderr
2024-03-19T01:06:55.051+0000 7f2a1d042700 1 -- 172.21.15.94:0/1552815199 <== mon.0 v2:172.21.15.94:3300/0 1 ==== mon_map magic: 0 ==== 205+0+0 (secure 0 0 0) 0x7f2a14004160 con 0x7f2a181067e0
2024-03-19T01:07:00.133 INFO:teuthology.orchestra.run.smithi094.stdout:/usr/bin/ceph: stderr
2024-03-19T01:06:55.051+0000 7f2a1d042700 1 -- 172.21.15.94:0/1552815199 <== mon.0 v2:172.21.15.94:3300/0 2 ==== config(29 keys) ==== 1178+0+0 (secure 0 0 0) 0x7f2a14004300 con 0x7f2a181067e0
2024-03-19T01:07:00.134 INFO:teuthology.orchestra.run.smithi094.stdout:/usr/bin/ceph: stderr
2024-03-19T01:06:55.051+0000 7f2a1d042700 1 -- 172.21.15.94:0/1552815199 <== mon.0 v2:172.21.15.94:3300/0 3 ==== mon_map magic: 0 ==== 205+0+0 (secure 0 0 0) 0x7f2a14011cc0 con 0x7f2a181067e0
2024-03-19T01:07:00.134 INFO:teuthology.orchestra.run.smithi094.stdout:/usr/bin/ceph: stderr
2024-03-19T01:06:55.052+0000 7f2a202a8700 1 -- 172.21.15.94:0/1552815199 >> [v2:172.21.15.94:3300/0,v1:172.21.15.94:6789/0] conn(0x7f2a181067e0 msgr2=0x7f2a18106c00 secure :-1 s=STATE_CONNECTION_ESTABLISHED l=1).mark_down
2024-03-19T01:07:00.134 INFO:teuthology.orchestra.run.smithi094.stdout:/usr/bin/ceph: stderr
2024-03-19T01:06:55.052+0000 7f2a202a8700 1 --2- 172.21.15.94:0/1552815199 >> [v2:172.21.15.94:3300/0,v1:172.21.15.94:6789/0] conn(0x7f2a181067e0 0x7f2a18106c00 secure :-1 s=READY pgs=45 cs=0 l=1 rev1=1 crypto rx=0x7f2a140098a0 tx=0x7f2a14009bb0 comp rx=0 tx=0).stop
2024-03-19T01:07:00.134 INFO:teuthology.orchestra.run.smithi094.stdout:/usr/bin/ceph: stderr
2024-03-19T01:06:55.052+0000 7f2a202a8700 1 -- 172.21.15.94:0/1552815199 shutdown_connections
2024-03-19T01:07:00.134 INFO:teuthology.orchestra.run.smithi094.stdout:/usr/bin/ceph: stderr
2024-03-19T01:06:55.052+0000 7f2a202a8700 1 --2- 172.21.15.94:0/1552815199 >> [v2:172.21.15.94:3300/0,v1:172.21.15.94:6789/0] conn(0x7f2a181067e0 0x7f2a18106c00 unknown :-1 s=CLOSED pgs=45 cs=0 l=1 rev1=1 crypto rx=0 tx=0 comp rx=0 tx=0).stop
2024-03-19T01:07:00.134 INFO:teuthology.orchestra.run.smithi094.stdout:/usr/bin/ceph: stderr
2024-03-19T01:06:55.052+0000 7f2a202a8700 1 -- 172.21.15.94:0/1552815199 >> 172.21.15.94:0/1552815199 conn(0x7f2a181023a0 msgr2=0x7f2a181047c0 unknown :-1 s=STATE_NONE l=0).mark_down
2024-03-19T01:07:00.134 INFO:teuthology.orchestra.run.smithi094.stdout:/usr/bin/ceph: stderr
2024-03-19T01:06:55.052+0000 7f2a202a8700 1 -- 172.21.15.94:0/1552815199 shutdown_connections
2024-03-19T01:07:00.134 INFO:teuthology.orchestra.run.smithi094.stdout:/usr/bin/ceph: stderr
2024-03-19T01:06:55.052+0000 7f2a202a8700 1 -- 172.21.15.94:0/1552815199 wait complete.
2024-03-19T01:07:00.134 INFO:teuthology.orchestra.run.smithi094.stdout:/usr/bin/ceph: stderr
2024-03-19T01:06:55.053+0000 7f2a202a8700 1 Processor -- start
2024-03-19T01:07:00.134 INFO:teuthology.orchestra.run.smithi094.stdout:/usr/bin/ceph: stderr
2024-03-19T01:06:55.053+0000 7f2a202a8700 1 -- start start
2024-03-19T01:07:00.134 INFO:teuthology.orchestra.run.smithi094.stdout:/usr/bin/ceph: stderr
2024-03-19T01:06:55.053+0000 7f2a202a8700 1 --2- >> [v2:172.21.15.94:3300/0,v1:172.21.15.94:6789/0] conn(0x7f2a181067e0 0x7f2a1819e180 unknown :-1 s=NONE pgs=0 cs=0 l=1 rev1=0 crypto rx=0 tx=0 comp rx=0 tx=0).connect
2024-03-19T01:07:00.134 INFO:teuthology.orchestra.run.smithi094.stdout:/usr/bin/ceph: stderr
2024-03-19T01:06:55.053+0000 7f2a202a8700 1 -- --> [v2:172.21.15.94:3300/0,v1:172.21.15.94:6789/0] -- mon_getmap magic: 0 -- 0x7f2a18108290 con 0x7f2a181067e0
2024-03-19T01:07:00.135 INFO:teuthology.orchestra.run.smithi094.stdout:/usr/bin/ceph: stderr
2024-03-19T01:06:55.053+0000 7f2a1e044700 1 --2- >> [v2:172.21.15.94:3300/0,v1:172.21.15.94:6789/0] conn(0x7f2a181067e0 0x7f2a1819e180 unknown :-1 s=BANNER_CONNECTING pgs=0 cs=0 l=1 rev1=0 crypto rx=0 tx=0 comp rx=0 tx=0)._handle_peer_banner_payload supported=3 required=0
2024-03-19T01:07:00.135 INFO:teuthology.orchestra.run.smithi094.stdout:/usr/bin/ceph: stderr
2024-03-19T01:06:55.053+0000 7f2a1e044700 1 --2- >> [v2:172.21.15.94:3300/0,v1:172.21.15.94:6789/0] conn(0x7f2a181067e0 0x7f2a1819e180 unknown :-1 s=HELLO_CONNECTING pgs=0 cs=0 l=1 rev1=1 crypto rx=0 tx=0 comp rx=0 tx=0).handle_hello peer v2:172.21.15.94:3300/0 says I am v2:172.21.15.94:37142/0 (socket says 172.21.15.94:37142)
2024-03-19T01:07:00.135 INFO:teuthology.orchestra.run.smithi094.stdout:/usr/bin/ceph: stderr
2024-03-19T01:06:55.053+0000 7f2a1e044700 1 -- 172.21.15.94:0/1037070691 learned_addr learned my addr 172.21.15.94:0/1037070691 (peer_addr_for_me v2:172.21.15.94:0/0)
2024-03-19T01:07:00.135 INFO:teuthology.orchestra.run.smithi094.stdout:/usr/bin/ceph: stderr
2024-03-19T01:06:55.053+0000 7f2a1e044700 1 -- 172.21.15.94:0/1037070691 --> [v2:172.21.15.94:3300/0,v1:172.21.15.94:6789/0] -- mon_subscribe({config=0+,monmap=0+}) -- 0x7f2a1819e6c0 con 0x7f2a181067e0
2024-03-19T01:07:00.135 INFO:teuthology.orchestra.run.smithi094.stdout:/usr/bin/ceph: stderr
2024-03-19T01:06:55.053+0000 7f2a1e044700 1 --2- 172.21.15.94:0/1037070691 >> [v2:172.21.15.94:3300/0,v1:172.21.15.94:6789/0] conn(0x7f2a181067e0 0x7f2a1819e180 secure :-1 s=READY pgs=46 cs=0 l=1 rev1=1 crypto rx=0x7f2a14009fb0 tx=0x7f2a14003980 comp rx=0 tx=0).ready entity=mon.0 client_cookie=0 server_cookie=0 in_seq=0 out_seq=0
2024-03-19T01:07:00.135 INFO:teuthology.orchestra.run.smithi094.stdout:/usr/bin/ceph: stderr
2024-03-19T01:06:55.053+0000 7f2a0f7fe700 1 -- 172.21.15.94:0/1037070691 <== mon.0 v2:172.21.15.94:3300/0 1 ==== mon_map magic: 0 ==== 205+0+0 (secure 0 0 0) 0x7f2a14011dd0 con 0x7f2a181067e0
2024-03-19T01:07:00.135 INFO:teuthology.orchestra.run.smithi094.stdout:/usr/bin/ceph: stderr
2024-03-19T01:06:55.053+0000 7f2a0f7fe700 1 -- 172.21.15.94:0/1037070691 <== mon.0 v2:172.21.15.94:3300/0 2 ==== config(29 keys) ==== 1178+0+0 (secure 0 0 0) 0x7f2a1401a430 con 0x7f2a181067e0
2024-03-19T01:07:00.135 INFO:teuthology.orchestra.run.smithi094.stdout:/usr/bin/ceph: stderr
2024-03-19T01:06:55.053+0000 7f2a202a8700 1 -- 172.21.15.94:0/1037070691 --> [v2:172.21.15.94:3300/0,v1:172.21.15.94:6789/0] -- mon_subscribe({mgrmap=0+}) -- 0x7f2a1819e950 con 0x7f2a181067e0
2024-03-19T01:07:00.135 INFO:teuthology.orchestra.run.smithi094.stdout:/usr/bin/ceph: stderr
2024-03-19T01:06:55.053+0000 7f2a0f7fe700 1 -- 172.21.15.94:0/1037070691 <== mon.0 v2:172.21.15.94:3300/0 3 ==== mon_map magic: 0 ==== 205+0+0 (secure 0 0 0) 0x7f2a14019630 con 0x7f2a181067e0
2024-03-19T01:07:00.135 INFO:teuthology.orchestra.run.smithi094.stdout:/usr/bin/ceph: stderr
2024-03-19T01:06:55.053+0000 7f2a202a8700 1 -- 172.21.15.94:0/1037070691 --> [v2:172.21.15.94:3300/0,v1:172.21.15.94:6789/0] -- mon_subscribe({osdmap=0}) -- 0x7f2a181a1640 con 0x7f2a181067e0
2024-03-19T01:07:00.135 INFO:teuthology.orchestra.run.smithi094.stdout:/usr/bin/ceph: stderr
2024-03-19T01:06:55.054+0000 7f2a0f7fe700 1 -- 172.21.15.94:0/1037070691 <== mon.0 v2:172.21.15.94:3300/0 4 ==== mgrmap(e 8) ==== 46106+0+0 (secure 0 0 0) 0x7f2a14019930 con 0x7f2a181067e0
2024-03-19T01:07:00.135 INFO:teuthology.orchestra.run.smithi094.stdout:/usr/bin/ceph: stderr
2024-03-19T01:06:55.054+0000 7f2a0f7fe700 1 --2- 172.21.15.94:0/1037070691 >> [v2:172.21.15.94:6800/789716177,v1:172.21.15.94:6801/789716177] conn(0x7f2a04038ed0 0x7f2a0403b390 unknown :-1 s=NONE pgs=0 cs=0 l=1 rev1=0 crypto rx=0 tx=0 comp rx=0 tx=0).connect
2024-03-19T01:07:00.136 INFO:teuthology.orchestra.run.smithi094.stdout:/usr/bin/ceph: stderr
2024-03-19T01:06:55.054+0000 7f2a0f7fe700 1 -- 172.21.15.94:0/1037070691 <== mon.0 v2:172.21.15.94:3300/0 5 ==== osd_map(2..2 src has 1..2) ==== 940+0+0 (secure 0 0 0) 0x7f2a1404d0a0 con 0x7f2a181067e0
2024-03-19T01:07:00.136 INFO:teuthology.orchestra.run.smithi094.stdout:/usr/bin/ceph: stderr
2024-03-19T01:06:55.054+0000 7f2a202a8700 1 -- 172.21.15.94:0/1037070691 --> [v2:172.21.15.94:3300/0,v1:172.21.15.94:6789/0] -- mon_command({"prefix": "get_command_descriptions"} v 0) -- 0x7f2a18063940 con 0x7f2a181067e0
2024-03-19T01:07:00.136 INFO:teuthology.orchestra.run.smithi094.stdout:/usr/bin/ceph: stderr
2024-03-19T01:06:55.055+0000 7f2a1d843700 1 --2- 172.21.15.94:0/1037070691 >> [v2:172.21.15.94:6800/789716177,v1:172.21.15.94:6801/789716177] conn(0x7f2a04038ed0 0x7f2a0403b390 unknown :-1 s=BANNER_CONNECTING pgs=0 cs=0 l=1 rev1=0 crypto rx=0 tx=0 comp rx=0 tx=0)._handle_peer_banner_payload supported=3 required=0
2024-03-19T01:07:00.136 INFO:teuthology.orchestra.run.smithi094.stdout:/usr/bin/ceph: stderr
2024-03-19T01:06:55.055+0000 7f2a1d843700 1 --2- 172.21.15.94:0/1037070691 >> [v2:172.21.15.94:6800/789716177,v1:172.21.15.94:6801/789716177] conn(0x7f2a04038ed0 0x7f2a0403b390 secure :-1 s=READY pgs=11 cs=0 l=1 rev1=1 crypto rx=0x7f2a08006fd0 tx=0x7f2a08006e40 comp rx=0 tx=0).ready entity=mgr.14120 client_cookie=0 server_cookie=0 in_seq=0 out_seq=0
2024-03-19T01:07:00.136 INFO:teuthology.orchestra.run.smithi094.stdout:/usr/bin/ceph: stderr
2024-03-19T01:06:55.059+0000 7f2a0f7fe700 1 -- 172.21.15.94:0/1037070691 <== mon.0 v2:172.21.15.94:3300/0 6 ==== mon_command_ack([{"prefix": "get_command_descriptions"}]=0 v0) ==== 72+0+186149 (secure 0 0 0) 0x7f2a1400ba30 con 0x7f2a181067e0
2024-03-19T01:07:00.136 INFO:teuthology.orchestra.run.smithi094.stdout:/usr/bin/ceph: stderr
2024-03-19T01:06:55.259+0000 7f2a202a8700 1 -- 172.21.15.94:0/1037070691 --> [v2:172.21.15.94:6800/789716177,v1:172.21.15.94:6801/789716177] -- mgr_command(tid 0: {"prefix": "orch host add", "hostname": "smithi094", "addr": "172.21.15.94", "target": ["mon-mgr", ""]}) -- 0x7f2a1802de20 con 0x7f2a04038ed0
2024-03-19T01:07:00.136 INFO:teuthology.orchestra.run.smithi094.stdout:/usr/bin/ceph: stderr
2024-03-19T01:06:59.527+0000 7f2a0f7fe700 1 -- 172.21.15.94:0/1037070691 <== mgr.14120 v2:172.21.15.94:6800/789716177 1 ==== mgr_command_reply(tid 0: 0 ) ==== 8+0+48 (secure 0 0 0) 0x7f2a1802de20 con 0x7f2a04038ed0
2024-03-19T01:07:00.136 INFO:teuthology.orchestra.run.smithi094.stdout:/usr/bin/ceph: stderr
2024-03-19T01:06:59.530+0000 7f2a202a8700 1 -- 172.21.15.94:0/1037070691 >> [v2:172.21.15.94:6800/789716177,v1:172.21.15.94:6801/789716177] conn(0x7f2a04038ed0 msgr2=0x7f2a0403b390 secure :-1 s=STATE_CONNECTION_ESTABLISHED l=1).mark_down
2024-03-19T01:07:00.136 INFO:teuthology.orchestra.run.smithi094.stdout:/usr/bin/ceph: stderr
2024-03-19T01:06:59.530+0000 7f2a202a8700 1 --2- 172.21.15.94:0/1037070691 >> [v2:172.21.15.94:6800/789716177,v1:172.21.15.94:6801/789716177] conn(0x7f2a04038ed0 0x7f2a0403b390 secure :-1 s=READY pgs=11 cs=0 l=1 rev1=1 crypto rx=0x7f2a08006fd0 tx=0x7f2a08006e40 comp rx=0 tx=0).stop
2024-03-19T01:07:00.136 INFO:teuthology.orchestra.run.smithi094.stdout:/usr/bin/ceph: stderr
2024-03-19T01:06:59.530+0000 7f2a202a8700 1 -- 172.21.15.94:0/1037070691 >> [v2:172.21.15.94:3300/0,v1:172.21.15.94:6789/0] conn(0x7f2a181067e0 msgr2=0x7f2a1819e180 secure :-1 s=STATE_CONNECTION_ESTABLISHED l=1).mark_down
2024-03-19T01:07:00.136 INFO:teuthology.orchestra.run.smithi094.stdout:/usr/bin/ceph: stderr
2024-03-19T01:06:59.530+0000 7f2a202a8700 1 --2- 172.21.15.94:0/1037070691 >> [v2:172.21.15.94:3300/0,v1:172.21.15.94:6789/0] conn(0x7f2a181067e0 0x7f2a1819e180 secure :-1 s=READY pgs=46 cs=0 l=1 rev1=1 crypto rx=0x7f2a14009fb0 tx=0x7f2a14003980 comp rx=0 tx=0).stop
2024-03-19T01:07:00.136 INFO:teuthology.orchestra.run.smithi094.stdout:/usr/bin/ceph: stderr
2024-03-19T01:06:59.530+0000 7f2a202a8700 1 -- 172.21.15.94:0/1037070691 shutdown_connections
2024-03-19T01:07:00.136 INFO:teuthology.orchestra.run.smithi094.stdout:/usr/bin/ceph: stderr
2024-03-19T01:06:59.530+0000 7f2a202a8700 1 --2- 172.21.15.94:0/1037070691 >> [v2:172.21.15.94:6800/789716177,v1:172.21.15.94:6801/789716177] conn(0x7f2a04038ed0 0x7f2a0403b390 unknown :-1 s=CLOSED pgs=11 cs=0 l=1 rev1=1 crypto rx=0 tx=0 comp rx=0 tx=0).stop
2024-03-19T01:07:00.136 INFO:teuthology.orchestra.run.smithi094.stdout:/usr/bin/ceph: stderr
2024-03-19T01:06:59.530+0000 7f2a202a8700 1 --2- 172.21.15.94:0/1037070691 >> [v2:172.21.15.94:3300/0,v1:172.21.15.94:6789/0] conn(0x7f2a181067e0 0x7f2a1819e180 unknown :-1 s=CLOSED pgs=46 cs=0 l=1 rev1=1 crypto rx=0 tx=0 comp rx=0 tx=0).stop
2024-03-19T01:07:00.137 INFO:teuthology.orchestra.run.smithi094.stdout:/usr/bin/ceph: stderr
2024-03-19T01:06:59.530+0000 7f2a202a8700 1 -- 172.21.15.94:0/1037070691 >> 172.21.15.94:0/1037070691 conn(0x7f2a181023a0 msgr2=0x7f2a18194d90 unknown :-1 s=STATE_NONE l=0).mark_down
2024-03-19T01:07:00.137 INFO:teuthology.orchestra.run.smithi094.stdout:/usr/bin/ceph: stderr
2024-03-19T01:06:59.530+0000 7f2a202a8700 1 -- 172.21.15.94:0/1037070691 shutdown_connections
2024-03-19T01:07:00.137 INFO:teuthology.orchestra.run.smithi094.stdout:/usr/bin/ceph: stderr
2024-03-19T01:06:59.530+0000 7f2a202a8700 1 -- 172.21.15.94:0/1037070691 wait complete.
2024-03-19T01:07:00.137 INFO:teuthology.orchestra.run.smithi094.stdout:Deploying unmanaged mon service...
2024-03-19T01:07:00.639 INFO:journalctl@ceph.mon.a.smithi094.stdout:Mar 19 01:07:00 smithi094 ceph-mon[62734]: from='mgr.14120 172.21.15.94:0/2658104154' entity='mgr.x'
2024-03-19T01:07:00.639 INFO:journalctl@ceph.mon.a.smithi094.stdout:Mar 19 01:07:00 smithi094 ceph-mon[62734]: Added host smithi094
2024-03-19T01:07:00.639 INFO:journalctl@ceph.mon.a.smithi094.stdout:Mar 19 01:07:00 smithi094 ceph-mon[62734]: from='mgr.14120 172.21.15.94:0/2658104154' entity='mgr.x' cmd=[{"prefix": "config dump", "format": "json"}]: dispatch
2024-03-19T01:07:01.502 INFO:teuthology.orchestra.run.smithi094.stdout:/usr/bin/ceph: stdout Scheduled mon update...
2024-03-19T01:07:01.503 INFO:teuthology.orchestra.run.smithi094.stdout:/usr/bin/ceph: stderr
2024-03-19T01:07:00.637+0000 7f7259222700 1 Processor -- start
2024-03-19T01:07:01.503 INFO:teuthology.orchestra.run.smithi094.stdout:/usr/bin/ceph: stderr
2024-03-19T01:07:00.637+0000 7f7259222700 1 -- start start
2024-03-19T01:07:01.503 INFO:teuthology.orchestra.run.smithi094.stdout:/usr/bin/ceph: stderr
2024-03-19T01:07:00.637+0000 7f7259222700 1 --2- >> [v2:172.21.15.94:3300/0,v1:172.21.15.94:6789/0] conn(0x7f7254107f20 0x7f7254108340 unknown :-1 s=NONE pgs=0 cs=0 l=0 rev1=0 crypto rx=0 tx=0 comp rx=0 tx=0).connect
2024-03-19T01:07:01.503 INFO:teuthology.orchestra.run.smithi094.stdout:/usr/bin/ceph: stderr
2024-03-19T01:07:00.637+0000 7f7259222700 1 -- --> [v2:172.21.15.94:3300/0,v1:172.21.15.94:6789/0] -- mon_getmap magic: 0 -- 0x7f7254108880 con 0x7f7254107f20
2024-03-19T01:07:01.503 INFO:teuthology.orchestra.run.smithi094.stdout:/usr/bin/ceph: stderr
2024-03-19T01:07:00.637+0000 7f7252d9d700 1 --2- >> [v2:172.21.15.94:3300/0,v1:172.21.15.94:6789/0] conn(0x7f7254107f20 0x7f7254108340 unknown :-1 s=BANNER_CONNECTING pgs=0 cs=0 l=0 rev1=0 crypto rx=0 tx=0 comp rx=0 tx=0)._handle_peer_banner_payload supported=3 required=0
2024-03-19T01:07:01.503 INFO:teuthology.orchestra.run.smithi094.stdout:/usr/bin/ceph: stderr
2024-03-19T01:07:00.637+0000 7f7252d9d700 1 --2- >> [v2:172.21.15.94:3300/0,v1:172.21.15.94:6789/0] conn(0x7f7254107f20 0x7f7254108340 unknown :-1 s=HELLO_CONNECTING pgs=0 cs=0 l=0 rev1=1 crypto rx=0 tx=0 comp rx=0 tx=0).handle_hello peer v2:172.21.15.94:3300/0 says I am v2:172.21.15.94:37158/0 (socket says 172.21.15.94:37158)
2024-03-19T01:07:01.503 INFO:teuthology.orchestra.run.smithi094.stdout:/usr/bin/ceph: stderr
2024-03-19T01:07:00.637+0000 7f7252d9d700 1 -- 172.21.15.94:0/2491649238 learned_addr learned my addr 172.21.15.94:0/2491649238 (peer_addr_for_me v2:172.21.15.94:0/0)
2024-03-19T01:07:01.503 INFO:teuthology.orchestra.run.smithi094.stdout:/usr/bin/ceph: stderr
2024-03-19T01:07:00.637+0000 7f7252d9d700 1 -- 172.21.15.94:0/2491649238 --> [v2:172.21.15.94:3300/0,v1:172.21.15.94:6789/0] -- mon_subscribe({config=0+,monmap=0+}) -- 0x7f7254109070 con 0x7f7254107f20
2024-03-19T01:07:01.503 INFO:teuthology.orchestra.run.smithi094.stdout:/usr/bin/ceph: stderr
2024-03-19T01:07:00.638+0000 7f7252d9d700 1 --2- 172.21.15.94:0/2491649238 >> [v2:172.21.15.94:3300/0,v1:172.21.15.94:6789/0] conn(0x7f7254107f20 0x7f7254108340 secure :-1 s=READY pgs=47 cs=0 l=1 rev1=1 crypto rx=0x7f72440098a0 tx=0x7f7244009bb0 comp rx=0 tx=0).ready entity=mon.0 client_cookie=c34b5fa985c0bc4f server_cookie=0 in_seq=0 out_seq=0
2024-03-19T01:07:01.503 INFO:teuthology.orchestra.run.smithi094.stdout:/usr/bin/ceph: stderr
2024-03-19T01:07:00.638+0000 7f7251d9b700 1 -- 172.21.15.94:0/2491649238 <== mon.0 v2:172.21.15.94:3300/0 1 ==== mon_map magic: 0 ==== 205+0+0 (secure 0 0 0) 0x7f7244004160 con 0x7f7254107f20
2024-03-19T01:07:01.503 INFO:teuthology.orchestra.run.smithi094.stdout:/usr/bin/ceph: stderr
2024-03-19T01:07:00.638+0000 7f7251d9b700 1 -- 172.21.15.94:0/2491649238 <== mon.0 v2:172.21.15.94:3300/0 2 ==== config(29 keys) ==== 1178+0+0 (secure 0 0 0) 0x7f7244004300 con 0x7f7254107f20
2024-03-19T01:07:01.503 INFO:teuthology.orchestra.run.smithi094.stdout:/usr/bin/ceph: stderr
2024-03-19T01:07:00.638+0000 7f7251d9b700 1 -- 172.21.15.94:0/2491649238 <== mon.0 v2:172.21.15.94:3300/0 3 ==== mon_map magic: 0 ==== 205+0+0 (secure 0 0 0) 0x7f7244011cc0 con 0x7f7254107f20
2024-03-19T01:07:01.503 INFO:teuthology.orchestra.run.smithi094.stdout:/usr/bin/ceph: stderr
2024-03-19T01:07:00.638+0000 7f7259222700 1 -- 172.21.15.94:0/2491649238 >> [v2:172.21.15.94:3300/0,v1:172.21.15.94:6789/0] conn(0x7f7254107f20 msgr2=0x7f7254108340 secure :-1 s=STATE_CONNECTION_ESTABLISHED l=1).mark_down
2024-03-19T01:07:01.504 INFO:teuthology.orchestra.run.smithi094.stdout:/usr/bin/ceph: stderr
2024-03-19T01:07:00.638+0000 7f7259222700 1 --2- 172.21.15.94:0/2491649238 >> [v2:172.21.15.94:3300/0,v1:172.21.15.94:6789/0] conn(0x7f7254107f20 0x7f7254108340 secure :-1 s=READY pgs=47 cs=0 l=1 rev1=1 crypto rx=0x7f72440098a0 tx=0x7f7244009bb0 comp rx=0 tx=0).stop
2024-03-19T01:07:01.504 INFO:teuthology.orchestra.run.smithi094.stdout:/usr/bin/ceph: stderr
2024-03-19T01:07:00.638+0000 7f7259222700 1 -- 172.21.15.94:0/2491649238 shutdown_connections
2024-03-19T01:07:01.504 INFO:teuthology.orchestra.run.smithi094.stdout:/usr/bin/ceph: stderr
2024-03-19T01:07:00.638+0000 7f7259222700 1 --2- 172.21.15.94:0/2491649238 >> [v2:172.21.15.94:3300/0,v1:172.21.15.94:6789/0] conn(0x7f7254107f20 0x7f7254108340 unknown :-1 s=CLOSED pgs=47 cs=0 l=1 rev1=1 crypto rx=0 tx=0 comp rx=0 tx=0).stop
2024-03-19T01:07:01.504 INFO:teuthology.orchestra.run.smithi094.stdout:/usr/bin/ceph: stderr
2024-03-19T01:07:00.638+0000 7f7259222700 1 -- 172.21.15.94:0/2491649238 >> 172.21.15.94:0/2491649238 conn(0x7f7254103590 msgr2=0x7f72541059b0 unknown :-1 s=STATE_NONE l=0).mark_down
2024-03-19T01:07:01.504 INFO:teuthology.orchestra.run.smithi094.stdout:/usr/bin/ceph: stderr
2024-03-19T01:07:00.638+0000 7f7259222700 1 -- 172.21.15.94:0/2491649238 shutdown_connections
2024-03-19T01:07:01.504 INFO:teuthology.orchestra.run.smithi094.stdout:/usr/bin/ceph: stderr
2024-03-19T01:07:00.638+0000 7f7259222700 1 -- 172.21.15.94:0/2491649238 wait complete.
2024-03-19T01:07:01.504 INFO:teuthology.orchestra.run.smithi094.stdout:/usr/bin/ceph: stderr
2024-03-19T01:07:00.639+0000 7f7259222700 1 Processor -- start
2024-03-19T01:07:01.504 INFO:teuthology.orchestra.run.smithi094.stdout:/usr/bin/ceph: stderr
2024-03-19T01:07:00.639+0000 7f7259222700 1 -- start start
2024-03-19T01:07:01.504 INFO:teuthology.orchestra.run.smithi094.stdout:/usr/bin/ceph: stderr
2024-03-19T01:07:00.639+0000 7f7259222700 1 --2- >> [v2:172.21.15.94:3300/0,v1:172.21.15.94:6789/0] conn(0x7f7254107f20 0x7f725419bf90 unknown :-1 s=NONE pgs=0 cs=0 l=1 rev1=0 crypto rx=0 tx=0 comp rx=0 tx=0).connect
2024-03-19T01:07:01.504 INFO:teuthology.orchestra.run.smithi094.stdout:/usr/bin/ceph: stderr
2024-03-19T01:07:00.639+0000 7f7259222700 1 -- --> [v2:172.21.15.94:3300/0,v1:172.21.15.94:6789/0] -- mon_getmap magic: 0 -- 0x7f725410c330 con 0x7f7254107f20
2024-03-19T01:07:01.504 INFO:teuthology.orchestra.run.smithi094.stdout:/usr/bin/ceph: stderr
2024-03-19T01:07:00.640+0000 7f7252d9d700 1 --2- >> [v2:172.21.15.94:3300/0,v1:172.21.15.94:6789/0] conn(0x7f7254107f20 0x7f725419bf90 unknown :-1 s=BANNER_CONNECTING pgs=0 cs=0 l=1 rev1=0 crypto rx=0 tx=0 comp rx=0 tx=0)._handle_peer_banner_payload supported=3 required=0
2024-03-19T01:07:01.504 INFO:teuthology.orchestra.run.smithi094.stdout:/usr/bin/ceph: stderr
2024-03-19T01:07:00.640+0000 7f7252d9d700 1 --2- >> [v2:172.21.15.94:3300/0,v1:172.21.15.94:6789/0] conn(0x7f7254107f20 0x7f725419bf90 unknown :-1 s=HELLO_CONNECTING pgs=0 cs=0 l=1 rev1=1 crypto rx=0 tx=0 comp rx=0 tx=0).handle_hello peer v2:172.21.15.94:3300/0 says I am v2:172.21.15.94:37172/0 (socket says 172.21.15.94:37172)
2024-03-19T01:07:01.504 INFO:teuthology.orchestra.run.smithi094.stdout:/usr/bin/ceph: stderr
2024-03-19T01:07:00.640+0000 7f7252d9d700 1 -- 172.21.15.94:0/938788720 learned_addr learned my addr 172.21.15.94:0/938788720 (peer_addr_for_me v2:172.21.15.94:0/0)
2024-03-19T01:07:01.504 INFO:teuthology.orchestra.run.smithi094.stdout:/usr/bin/ceph: stderr
2024-03-19T01:07:00.640+0000 7f7252d9d700 1 -- 172.21.15.94:0/938788720 --> [v2:172.21.15.94:3300/0,v1:172.21.15.94:6789/0] -- mon_subscribe({config=0+,monmap=0+}) -- 0x7f725419c4d0 con 0x7f7254107f20
2024-03-19T01:07:01.505 INFO:teuthology.orchestra.run.smithi094.stdout:/usr/bin/ceph: stderr
2024-03-19T01:07:00.640+0000 7f7252d9d700 1 --2- 172.21.15.94:0/938788720 >> [v2:172.21.15.94:3300/0,v1:172.21.15.94:6789/0] conn(0x7f7254107f20 0x7f725419bf90 secure :-1 s=READY pgs=48 cs=0 l=1 rev1=1 crypto rx=0x7f7244009fb0 tx=0x7f7244003980 comp rx=0 tx=0).ready entity=mon.0 client_cookie=0 server_cookie=0 in_seq=0 out_seq=0
2024-03-19T01:07:01.505 INFO:teuthology.orchestra.run.smithi094.stdout:/usr/bin/ceph: stderr
2024-03-19T01:07:00.640+0000 7f723bfff700 1 -- 172.21.15.94:0/938788720 <== mon.0 v2:172.21.15.94:3300/0 1 ==== mon_map magic: 0 ==== 205+0+0 (secure 0 0 0) 0x7f7244011dd0 con 0x7f7254107f20
2024-03-19T01:07:01.505 INFO:teuthology.orchestra.run.smithi094.stdout:/usr/bin/ceph: stderr
2024-03-19T01:07:00.640+0000 7f723bfff700 1 -- 172.21.15.94:0/938788720 <== mon.0 v2:172.21.15.94:3300/0 2 ==== config(29 keys) ==== 1178+0+0 (secure 0 0 0) 0x7f724401a430 con 0x7f7254107f20
2024-03-19T01:07:01.505 INFO:teuthology.orchestra.run.smithi094.stdout:/usr/bin/ceph: stderr
2024-03-19T01:07:00.640+0000 7f723bfff700 1 -- 172.21.15.94:0/938788720 <== mon.0 v2:172.21.15.94:3300/0 3 ==== mon_map magic: 0 ==== 205+0+0 (secure 0 0 0) 0x7f7244019610 con 0x7f7254107f20
2024-03-19T01:07:01.505 INFO:teuthology.orchestra.run.smithi094.stdout:/usr/bin/ceph: stderr
2024-03-19T01:07:00.640+0000 7f7259222700 1 -- 172.21.15.94:0/938788720 --> [v2:172.21.15.94:3300/0,v1:172.21.15.94:6789/0] -- mon_subscribe({mgrmap=0+}) -- 0x7f725419c760 con 0x7f7254107f20
2024-03-19T01:07:01.505 INFO:teuthology.orchestra.run.smithi094.stdout:/usr/bin/ceph: stderr
2024-03-19T01:07:00.640+0000 7f7259222700 1 -- 172.21.15.94:0/938788720 --> [v2:172.21.15.94:3300/0,v1:172.21.15.94:6789/0] -- mon_subscribe({osdmap=0}) -- 0x7f725419f450 con 0x7f7254107f20
2024-03-19T01:07:01.505 INFO:teuthology.orchestra.run.smithi094.stdout:/usr/bin/ceph: stderr
2024-03-19T01:07:00.641+0000 7f723bfff700 1 -- 172.21.15.94:0/938788720 <== mon.0 v2:172.21.15.94:3300/0 4 ==== mgrmap(e 8) ==== 46106+0+0 (secure 0 0 0) 0x7f72440198c0 con 0x7f7254107f20
2024-03-19T01:07:01.505 INFO:teuthology.orchestra.run.smithi094.stdout:/usr/bin/ceph: stderr
2024-03-19T01:07:00.641+0000 7f723bfff700 1 --2- 172.21.15.94:0/938788720 >> [v2:172.21.15.94:6800/789716177,v1:172.21.15.94:6801/789716177] conn(0x7f723c038f20 0x7f723c03b3e0 unknown :-1 s=NONE pgs=0 cs=0 l=1 rev1=0 crypto rx=0 tx=0 comp rx=0 tx=0).connect
2024-03-19T01:07:01.505 INFO:teuthology.orchestra.run.smithi094.stdout:/usr/bin/ceph: stderr
2024-03-19T01:07:00.641+0000 7f7259222700 1 -- 172.21.15.94:0/938788720 --> [v2:172.21.15.94:3300/0,v1:172.21.15.94:6789/0] -- mon_command({"prefix": "get_command_descriptions"} v 0) -- 0x7f7254063940 con 0x7f7254107f20
2024-03-19T01:07:01.505 INFO:teuthology.orchestra.run.smithi094.stdout:/usr/bin/ceph: stderr
2024-03-19T01:07:00.641+0000 7f723bfff700 1 -- 172.21.15.94:0/938788720 <== mon.0 v2:172.21.15.94:3300/0 5 ==== osd_map(2..2 src has 1..2) ==== 940+0+0 (secure 0 0 0) 0x7f724404d180 con 0x7f7254107f20
2024-03-19T01:07:01.505 INFO:teuthology.orchestra.run.smithi094.stdout:/usr/bin/ceph: stderr
2024-03-19T01:07:00.641+0000 7f725259c700 1 --2- 172.21.15.94:0/938788720 >> [v2:172.21.15.94:6800/789716177,v1:172.21.15.94:6801/789716177] conn(0x7f723c038f20 0x7f723c03b3e0 unknown :-1 s=BANNER_CONNECTING pgs=0 cs=0 l=1 rev1=0 crypto rx=0 tx=0 comp rx=0 tx=0)._handle_peer_banner_payload supported=3 required=0
2024-03-19T01:07:01.505 INFO:teuthology.orchestra.run.smithi094.stdout:/usr/bin/ceph: stderr
2024-03-19T01:07:00.642+0000 7f725259c700 1 --2- 172.21.15.94:0/938788720 >> [v2:172.21.15.94:6800/789716177,v1:172.21.15.94:6801/789716177] conn(0x7f723c038f20 0x7f723c03b3e0 secure :-1 s=READY pgs=12 cs=0 l=1 rev1=1 crypto rx=0x7f7248006fd0 tx=0x7f7248006e40 comp rx=0 tx=0).ready entity=mgr.14120 client_cookie=0 server_cookie=0 in_seq=0 out_seq=0
2024-03-19T01:07:01.505 INFO:teuthology.orchestra.run.smithi094.stdout:/usr/bin/ceph: stderr
2024-03-19T01:07:00.646+0000 7f723bfff700 1 -- 172.21.15.94:0/938788720 <== mon.0 v2:172.21.15.94:3300/0 6 ==== mon_command_ack([{"prefix": "get_command_descriptions"}]=0 v0) ==== 72+0+186149 (secure 0 0 0) 0x7f7244023c90 con 0x7f7254107f20
2024-03-19T01:07:01.506 INFO:teuthology.orchestra.run.smithi094.stdout:/usr/bin/ceph: stderr
2024-03-19T01:07:00.858+0000 7f7259222700 1 -- 172.21.15.94:0/938788720 --> [v2:172.21.15.94:6800/789716177,v1:172.21.15.94:6801/789716177] -- mgr_command(tid 0: {"prefix": "orch apply", "service_type": "mon", "unmanaged": true, "target": ["mon-mgr", ""]}) -- 0x7f72541047b0 con 0x7f723c038f20
2024-03-19T01:07:01.506 INFO:teuthology.orchestra.run.smithi094.stdout:/usr/bin/ceph: stderr
2024-03-19T01:07:00.862+0000 7f723bfff700 1 -- 172.21.15.94:0/938788720 <== mgr.14120 v2:172.21.15.94:6800/789716177 1 ==== mgr_command_reply(tid 0: 0 ) ==== 8+0+24 (secure 0 0 0) 0x7f72541047b0 con 0x7f723c038f20
2024-03-19T01:07:01.506 INFO:teuthology.orchestra.run.smithi094.stdout:/usr/bin/ceph: stderr
2024-03-19T01:07:00.864+0000 7f7259222700 1 -- 172.21.15.94:0/938788720 >> [v2:172.21.15.94:6800/789716177,v1:172.21.15.94:6801/789716177] conn(0x7f723c038f20 msgr2=0x7f723c03b3e0 secure :-1 s=STATE_CONNECTION_ESTABLISHED l=1).mark_down
2024-03-19T01:07:01.506 INFO:teuthology.orchestra.run.smithi094.stdout:/usr/bin/ceph: stderr
2024-03-19T01:07:00.864+0000 7f7259222700 1 --2- 172.21.15.94:0/938788720 >> [v2:172.21.15.94:6800/789716177,v1:172.21.15.94:6801/789716177] conn(0x7f723c038f20 0x7f723c03b3e0 secure :-1 s=READY pgs=12 cs=0 l=1 rev1=1 crypto rx=0x7f7248006fd0 tx=0x7f7248006e40 comp rx=0 tx=0).stop
2024-03-19T01:07:01.506 INFO:teuthology.orchestra.run.smithi094.stdout:/usr/bin/ceph: stderr
2024-03-19T01:07:00.864+0000 7f7259222700 1 -- 172.21.15.94:0/938788720 >> [v2:172.21.15.94:3300/0,v1:172.21.15.94:6789/0] conn(0x7f7254107f20 msgr2=0x7f725419bf90 secure :-1 s=STATE_CONNECTION_ESTABLISHED l=1).mark_down
2024-03-19T01:07:01.506 INFO:teuthology.orchestra.run.smithi094.stdout:/usr/bin/ceph: stderr
2024-03-19T01:07:00.864+0000 7f7259222700 1 --2- 172.21.15.94:0/938788720 >> [v2:172.21.15.94:3300/0,v1:172.21.15.94:6789/0] conn(0x7f7254107f20 0x7f725419bf90 secure :-1 s=READY pgs=48 cs=0 l=1 rev1=1 crypto rx=0x7f7244009fb0 tx=0x7f7244003980 comp rx=0 tx=0).stop
2024-03-19T01:07:01.506 INFO:teuthology.orchestra.run.smithi094.stdout:/usr/bin/ceph: stderr
2024-03-19T01:07:00.864+0000 7f7259222700 1 -- 172.21.15.94:0/938788720 shutdown_connections
2024-03-19T01:07:01.506 INFO:teuthology.orchestra.run.smithi094.stdout:/usr/bin/ceph: stderr
2024-03-19T01:07:00.864+0000 7f7259222700 1 --2- 172.21.15.94:0/938788720 >> [v2:172.21.15.94:6800/789716177,v1:172.21.15.94:6801/789716177] conn(0x7f723c038f20 0x7f723c03b3e0 unknown :-1 s=CLOSED pgs=12 cs=0 l=1 rev1=1 crypto rx=0 tx=0 comp rx=0 tx=0).stop
2024-03-19T01:07:01.506 INFO:teuthology.orchestra.run.smithi094.stdout:/usr/bin/ceph: stderr
2024-03-19T01:07:00.864+0000 7f7259222700 1 --2- 172.21.15.94:0/938788720 >> [v2:172.21.15.94:3300/0,v1:172.21.15.94:6789/0] conn(0x7f7254107f20 0x7f725419bf90 unknown :-1 s=CLOSED pgs=48 cs=0 l=1 rev1=1 crypto rx=0 tx=0 comp rx=0 tx=0).stop
2024-03-19T01:07:01.506 INFO:teuthology.orchestra.run.smithi094.stdout:/usr/bin/ceph: stderr
2024-03-19T01:07:00.864+0000 7f7259222700 1 -- 172.21.15.94:0/938788720 >> 172.21.15.94:0/938788720 conn(0x7f7254103590 msgr2=0x7f72541040a0 unknown :-1 s=STATE_NONE l=0).mark_down
2024-03-19T01:07:01.506 INFO:teuthology.orchestra.run.smithi094.stdout:/usr/bin/ceph: stderr
2024-03-19T01:07:00.864+0000 7f7259222700 1 -- 172.21.15.94:0/938788720 shutdown_connections
2024-03-19T01:07:01.506 INFO:teuthology.orchestra.run.smithi094.stdout:/usr/bin/ceph: stderr
2024-03-19T01:07:00.864+0000 7f7259222700 1 -- 172.21.15.94:0/938788720 wait complete.
2024-03-19T01:07:01.506 INFO:teuthology.orchestra.run.smithi094.stdout:Deploying unmanaged mgr service...
2024-03-19T01:07:02.153 INFO:journalctl@ceph.mon.a.smithi094.stdout:Mar 19 01:07:01 smithi094 ceph-mon[62734]: from='client.14142 -' entity='client.admin' cmd=[{"prefix": "orch apply", "service_type": "mon", "unmanaged": true, "target": ["mon-mgr", ""]}]: dispatch
2024-03-19T01:07:02.153 INFO:journalctl@ceph.mon.a.smithi094.stdout:Mar 19 01:07:01 smithi094 ceph-mon[62734]: Saving service mon spec with placement count:5
2024-03-19T01:07:02.153 INFO:journalctl@ceph.mon.a.smithi094.stdout:Mar 19 01:07:01 smithi094 ceph-mon[62734]: from='mgr.14120 172.21.15.94:0/2658104154' entity='mgr.x'
2024-03-19T01:07:03.492 INFO:journalctl@ceph.mon.a.smithi094.stdout:Mar 19 01:07:03 smithi094 ceph-mon[62734]: from='client.14144 -' entity='client.admin' cmd=[{"prefix": "orch apply", "service_type": "mgr", "unmanaged": true, "target": ["mon-mgr", ""]}]: dispatch
2024-03-19T01:07:03.492 INFO:journalctl@ceph.mon.a.smithi094.stdout:Mar 19 01:07:03 smithi094 ceph-mon[62734]: Saving service mgr spec with placement count:2
2024-03-19T01:07:03.492 INFO:journalctl@ceph.mon.a.smithi094.stdout:Mar 19 01:07:03 smithi094 ceph-mon[62734]: from='mgr.14120 172.21.15.94:0/2658104154' entity='mgr.x'
2024-03-19T01:07:03.611 INFO:teuthology.orchestra.run.smithi094.stdout:/usr/bin/ceph: stdout Scheduled mgr update...
2024-03-19T01:07:03.611 INFO:teuthology.orchestra.run.smithi094.stdout:/usr/bin/ceph: stderr
2024-03-19T01:07:01.924+0000 7f25b7301700 1 Processor -- start
2024-03-19T01:07:03.611 INFO:teuthology.orchestra.run.smithi094.stdout:/usr/bin/ceph: stderr
2024-03-19T01:07:01.924+0000 7f25b7301700 1 -- start start
2024-03-19T01:07:03.612 INFO:teuthology.orchestra.run.smithi094.stdout:/usr/bin/ceph: stderr
2024-03-19T01:07:01.924+0000 7f25b7301700 1 --2- >> [v2:172.21.15.94:3300/0,v1:172.21.15.94:6789/0] conn(0x7f25b0108990 0x7f25b010ad80 unknown :-1 s=NONE pgs=0 cs=0 l=0 rev1=0 crypto rx=0 tx=0 comp rx=0 tx=0).connect
2024-03-19T01:07:03.612 INFO:teuthology.orchestra.run.smithi094.stdout:/usr/bin/ceph: stderr
2024-03-19T01:07:01.924+0000 7f25b7301700 1 -- --> [v2:172.21.15.94:3300/0,v1:172.21.15.94:6789/0] -- mon_getmap magic: 0 -- 0x7f25b007bdf0 con 0x7f25b0108990
2024-03-19T01:07:03.612 INFO:teuthology.orchestra.run.smithi094.stdout:/usr/bin/ceph: stderr
2024-03-19T01:07:01.924+0000 7f25b509d700 1 --2- >> [v2:172.21.15.94:3300/0,v1:172.21.15.94:6789/0] conn(0x7f25b0108990 0x7f25b010ad80 unknown :-1 s=BANNER_CONNECTING pgs=0 cs=0 l=0 rev1=0 crypto rx=0 tx=0 comp rx=0 tx=0)._handle_peer_banner_payload supported=3 required=0
2024-03-19T01:07:03.612 INFO:teuthology.orchestra.run.smithi094.stdout:/usr/bin/ceph: stderr
2024-03-19T01:07:01.924+0000 7f25b509d700 1 --2- >> [v2:172.21.15.94:3300/0,v1:172.21.15.94:6789/0] conn(0x7f25b0108990 0x7f25b010ad80 unknown :-1 s=HELLO_CONNECTING pgs=0 cs=0 l=0 rev1=1 crypto rx=0 tx=0 comp rx=0 tx=0).handle_hello peer v2:172.21.15.94:3300/0 says I am v2:172.21.15.94:37184/0 (socket says 172.21.15.94:37184)
2024-03-19T01:07:03.612 INFO:teuthology.orchestra.run.smithi094.stdout:/usr/bin/ceph: stderr
2024-03-19T01:07:01.924+0000 7f25b509d700 1 -- 172.21.15.94:0/1130355348 learned_addr learned my addr 172.21.15.94:0/1130355348 (peer_addr_for_me v2:172.21.15.94:0/0)
2024-03-19T01:07:03.612 INFO:teuthology.orchestra.run.smithi094.stdout:/usr/bin/ceph: stderr
2024-03-19T01:07:01.925+0000 7f25b509d700 1 -- 172.21.15.94:0/1130355348 --> [v2:172.21.15.94:3300/0,v1:172.21.15.94:6789/0] -- mon_subscribe({config=0+,monmap=0+}) -- 0x7f25b010b2c0 con 0x7f25b0108990
2024-03-19T01:07:03.612 INFO:teuthology.orchestra.run.smithi094.stdout:/usr/bin/ceph: stderr
2024-03-19T01:07:01.925+0000 7f25b509d700 1 --2- 172.21.15.94:0/1130355348 >> [v2:172.21.15.94:3300/0,v1:172.21.15.94:6789/0] conn(0x7f25b0108990 0x7f25b010ad80 secure :-1 s=READY pgs=49 cs=0 l=1 rev1=1 crypto rx=0x7f25ac0098a0 tx=0x7f25ac009bb0 comp rx=0 tx=0).ready entity=mon.0 client_cookie=a33e8513ae2e26c6 server_cookie=0 in_seq=0 out_seq=0
2024-03-19T01:07:03.612 INFO:teuthology.orchestra.run.smithi094.stdout:/usr/bin/ceph: stderr
2024-03-19T01:07:01.925+0000 7f25a7fff700 1 -- 172.21.15.94:0/1130355348 <== mon.0 v2:172.21.15.94:3300/0 1 ==== mon_map magic: 0 ==== 205+0+0 (secure 0 0 0) 0x7f25ac004160 con 0x7f25b0108990
2024-03-19T01:07:03.612 INFO:teuthology.orchestra.run.smithi094.stdout:/usr/bin/ceph: stderr
2024-03-19T01:07:01.925+0000 7f25a7fff700 1 -- 172.21.15.94:0/1130355348 <== mon.0 v2:172.21.15.94:3300/0 2 ==== config(29 keys) ==== 1178+0+0 (secure 0 0 0) 0x7f25ac004300 con 0x7f25b0108990
2024-03-19T01:07:03.612 INFO:teuthology.orchestra.run.smithi094.stdout:/usr/bin/ceph: stderr
2024-03-19T01:07:01.925+0000 7f25a7fff700 1 -- 172.21.15.94:0/1130355348 <== mon.0 v2:172.21.15.94:3300/0 3 ==== mon_map magic: 0 ==== 205+0+0 (secure 0 0 0) 0x7f25ac011cc0 con 0x7f25b0108990
2024-03-19T01:07:03.612 INFO:teuthology.orchestra.run.smithi094.stdout:/usr/bin/ceph: stderr
2024-03-19T01:07:01.926+0000 7f25b7301700 1 -- 172.21.15.94:0/1130355348 >> [v2:172.21.15.94:3300/0,v1:172.21.15.94:6789/0] conn(0x7f25b0108990 msgr2=0x7f25b010ad80 secure :-1 s=STATE_CONNECTION_ESTABLISHED l=1).mark_down
2024-03-19T01:07:03.612 INFO:teuthology.orchestra.run.smithi094.stdout:/usr/bin/ceph: stderr
2024-03-19T01:07:01.926+0000 7f25b7301700 1 --2- 172.21.15.94:0/1130355348 >> [v2:172.21.15.94:3300/0,v1:172.21.15.94:6789/0] conn(0x7f25b0108990 0x7f25b010ad80 secure :-1 s=READY pgs=49 cs=0 l=1 rev1=1 crypto rx=0x7f25ac0098a0 tx=0x7f25ac009bb0 comp rx=0 tx=0).stop
2024-03-19T01:07:03.613 INFO:teuthology.orchestra.run.smithi094.stdout:/usr/bin/ceph: stderr
2024-03-19T01:07:01.926+0000 7f25b7301700 1 -- 172.21.15.94:0/1130355348 shutdown_connections
2024-03-19T01:07:03.613 INFO:teuthology.orchestra.run.smithi094.stdout:/usr/bin/ceph: stderr
2024-03-19T01:07:01.926+0000 7f25b7301700 1 --2- 172.21.15.94:0/1130355348 >> [v2:172.21.15.94:3300/0,v1:172.21.15.94:6789/0] conn(0x7f25b0108990 0x7f25b010ad80 unknown :-1 s=CLOSED pgs=49 cs=0 l=1 rev1=1 crypto rx=0 tx=0 comp rx=0 tx=0).stop
2024-03-19T01:07:03.613 INFO:teuthology.orchestra.run.smithi094.stdout:/usr/bin/ceph: stderr
2024-03-19T01:07:01.926+0000 7f25b7301700 1 -- 172.21.15.94:0/1130355348 >> 172.21.15.94:0/1130355348 conn(0x7f25b01023a0 msgr2=0x7f25b01047c0 unknown :-1 s=STATE_NONE l=0).mark_down
2024-03-19T01:07:03.613 INFO:teuthology.orchestra.run.smithi094.stdout:/usr/bin/ceph: stderr
2024-03-19T01:07:01.926+0000 7f25b7301700 1 -- 172.21.15.94:0/1130355348 shutdown_connections
2024-03-19T01:07:03.613 INFO:teuthology.orchestra.run.smithi094.stdout:/usr/bin/ceph: stderr
2024-03-19T01:07:01.926+0000 7f25b7301700 1 -- 172.21.15.94:0/1130355348 wait complete.
2024-03-19T01:07:03.613 INFO:teuthology.orchestra.run.smithi094.stdout:/usr/bin/ceph: stderr
2024-03-19T01:07:01.926+0000 7f25b7301700 1 Processor -- start
2024-03-19T01:07:03.613 INFO:teuthology.orchestra.run.smithi094.stdout:/usr/bin/ceph: stderr
2024-03-19T01:07:01.926+0000 7f25b7301700 1 -- start start
2024-03-19T01:07:03.613 INFO:teuthology.orchestra.run.smithi094.stdout:/usr/bin/ceph: stderr
2024-03-19T01:07:01.927+0000 7f25b7301700 1 --2- >> [v2:172.21.15.94:3300/0,v1:172.21.15.94:6789/0] conn(0x7f25b0108990 0x7f25b019bf10 unknown :-1 s=NONE pgs=0 cs=0 l=1 rev1=0 crypto rx=0 tx=0 comp rx=0 tx=0).connect
2024-03-19T01:07:03.613 INFO:teuthology.orchestra.run.smithi094.stdout:/usr/bin/ceph: stderr
2024-03-19T01:07:01.927+0000 7f25b7301700 1 -- --> [v2:172.21.15.94:3300/0,v1:172.21.15.94:6789/0] -- mon_getmap magic: 0 -- 0x7f25b010c3a0 con 0x7f25b0108990
2024-03-19T01:07:03.613 INFO:teuthology.orchestra.run.smithi094.stdout:/usr/bin/ceph: stderr
2024-03-19T01:07:01.927+0000 7f25b509d700 1 --2- >> [v2:172.21.15.94:3300/0,v1:172.21.15.94:6789/0] conn(0x7f25b0108990 0x7f25b019bf10 unknown :-1 s=BANNER_CONNECTING pgs=0 cs=0 l=1 rev1=0 crypto rx=0 tx=0 comp rx=0 tx=0)._handle_peer_banner_payload supported=3 required=0
2024-03-19T01:07:03.613 INFO:teuthology.orchestra.run.smithi094.stdout:/usr/bin/ceph: stderr
2024-03-19T01:07:01.927+0000 7f25b509d700 1 --2- >> [v2:172.21.15.94:3300/0,v1:172.21.15.94:6789/0] conn(0x7f25b0108990 0x7f25b019bf10 unknown :-1 s=HELLO_CONNECTING pgs=0 cs=0 l=1 rev1=1 crypto rx=0 tx=0 comp rx=0 tx=0).handle_hello peer v2:172.21.15.94:3300/0 says I am v2:172.21.15.94:37194/0 (socket says 172.21.15.94:37194)
2024-03-19T01:07:03.613 INFO:teuthology.orchestra.run.smithi094.stdout:/usr/bin/ceph: stderr
2024-03-19T01:07:01.927+0000 7f25b509d700 1 -- 172.21.15.94:0/2405119439 learned_addr learned my addr 172.21.15.94:0/2405119439 (peer_addr_for_me v2:172.21.15.94:0/0)
2024-03-19T01:07:03.613 INFO:teuthology.orchestra.run.smithi094.stdout:/usr/bin/ceph: stderr
2024-03-19T01:07:01.927+0000 7f25b509d700 1 -- 172.21.15.94:0/2405119439 --> [v2:172.21.15.94:3300/0,v1:172.21.15.94:6789/0] -- mon_subscribe({config=0+,monmap=0+}) -- 0x7f25b019c450 con 0x7f25b0108990
2024-03-19T01:07:03.614 INFO:teuthology.orchestra.run.smithi094.stdout:/usr/bin/ceph: stderr
2024-03-19T01:07:01.927+0000 7f25b509d700 1 --2- 172.21.15.94:0/2405119439 >> [v2:172.21.15.94:3300/0,v1:172.21.15.94:6789/0] conn(0x7f25b0108990 0x7f25b019bf10 secure :-1 s=READY pgs=50 cs=0 l=1 rev1=1 crypto rx=0x7f25ac0038d0 tx=0x7f25ac0039b0 comp rx=0 tx=0).ready entity=mon.0 client_cookie=0 server_cookie=0 in_seq=0 out_seq=0
2024-03-19T01:07:03.614 INFO:teuthology.orchestra.run.smithi094.stdout:/usr/bin/ceph: stderr
2024-03-19T01:07:01.927+0000 7f25a67fc700 1 -- 172.21.15.94:0/2405119439 <== mon.0 v2:172.21.15.94:3300/0 1 ==== mon_map magic: 0 ==== 205+0+0 (secure 0 0 0) 0x7f25ac003e10 con 0x7f25b0108990
2024-03-19T01:07:03.614 INFO:teuthology.orchestra.run.smithi094.stdout:/usr/bin/ceph: stderr
2024-03-19T01:07:01.927+0000 7f25a67fc700 1 -- 172.21.15.94:0/2405119439 <== mon.0 v2:172.21.15.94:3300/0 2 ==== config(29 keys) ==== 1178+0+0 (secure 0 0 0) 0x7f25ac003fb0 con 0x7f25b0108990
2024-03-19T01:07:03.614 INFO:teuthology.orchestra.run.smithi094.stdout:/usr/bin/ceph: stderr
2024-03-19T01:07:01.927+0000 7f25b7301700 1 -- 172.21.15.94:0/2405119439 --> [v2:172.21.15.94:3300/0,v1:172.21.15.94:6789/0] -- mon_subscribe({mgrmap=0+}) -- 0x7f25b019c6e0 con 0x7f25b0108990
2024-03-19T01:07:03.614 INFO:teuthology.orchestra.run.smithi094.stdout:/usr/bin/ceph: stderr
2024-03-19T01:07:01.927+0000 7f25a67fc700 1 -- 172.21.15.94:0/2405119439 <== mon.0 v2:172.21.15.94:3300/0 3 ==== mon_map magic: 0 ==== 205+0+0 (secure 0 0 0) 0x7f25ac024840 con 0x7f25b0108990
2024-03-19T01:07:03.614 INFO:teuthology.orchestra.run.smithi094.stdout:/usr/bin/ceph: stderr
2024-03-19T01:07:01.927+0000 7f25b7301700 1 -- 172.21.15.94:0/2405119439 --> [v2:172.21.15.94:3300/0,v1:172.21.15.94:6789/0] -- mon_subscribe({osdmap=0}) -- 0x7f25b019f3d0 con 0x7f25b0108990
2024-03-19T01:07:03.614 INFO:teuthology.orchestra.run.smithi094.stdout:/usr/bin/ceph: stderr
2024-03-19T01:07:01.928+0000 7f25a67fc700 1 -- 172.21.15.94:0/2405119439 <== mon.0 v2:172.21.15.94:3300/0 4 ==== mgrmap(e 8) ==== 46106+0+0 (secure 0 0 0) 0x7f25ac022020 con 0x7f25b0108990
2024-03-19T01:07:03.614 INFO:teuthology.orchestra.run.smithi094.stdout:/usr/bin/ceph: stderr
2024-03-19T01:07:01.928+0000 7f25a67fc700 1 --2- 172.21.15.94:0/2405119439 >> [v2:172.21.15.94:6800/789716177,v1:172.21.15.94:6801/789716177] conn(0x7f259c038f70 0x7f259c03b430 unknown :-1 s=NONE pgs=0 cs=0 l=1 rev1=0 crypto rx=0 tx=0 comp rx=0 tx=0).connect
2024-03-19T01:07:03.614 INFO:teuthology.orchestra.run.smithi094.stdout:/usr/bin/ceph: stderr
2024-03-19T01:07:01.928+0000 7f25a67fc700 1 -- 172.21.15.94:0/2405119439 <== mon.0 v2:172.21.15.94:3300/0 5 ==== osd_map(2..2 src has 1..2) ==== 940+0+0 (secure 0 0 0) 0x7f25ac01a930 con 0x7f25b0108990
2024-03-19T01:07:03.614 INFO:teuthology.orchestra.run.smithi094.stdout:/usr/bin/ceph: stderr
2024-03-19T01:07:01.928+0000 7f25b7301700 1 -- 172.21.15.94:0/2405119439 --> [v2:172.21.15.94:3300/0,v1:172.21.15.94:6789/0] -- mon_command({"prefix": "get_command_descriptions"} v 0) -- 0x7f25b0063940 con 0x7f25b0108990
2024-03-19T01:07:03.614 INFO:teuthology.orchestra.run.smithi094.stdout:/usr/bin/ceph: stderr
2024-03-19T01:07:01.929+0000 7f25b489c700 1 --2- 172.21.15.94:0/2405119439 >> [v2:172.21.15.94:6800/789716177,v1:172.21.15.94:6801/789716177] conn(0x7f259c038f70 0x7f259c03b430 unknown :-1 s=BANNER_CONNECTING pgs=0 cs=0 l=1 rev1=0 crypto rx=0 tx=0 comp rx=0 tx=0)._handle_peer_banner_payload supported=3 required=0
2024-03-19T01:07:03.614 INFO:teuthology.orchestra.run.smithi094.stdout:/usr/bin/ceph: stderr
2024-03-19T01:07:01.929+0000 7f25b489c700 1 --2- 172.21.15.94:0/2405119439 >> [v2:172.21.15.94:6800/789716177,v1:172.21.15.94:6801/789716177] conn(0x7f259c038f70 0x7f259c03b430 secure :-1 s=READY pgs=13 cs=0 l=1 rev1=1 crypto rx=0x7f25a0006fd0 tx=0x7f25a0006e40 comp rx=0 tx=0).ready entity=mgr.14120 client_cookie=0 server_cookie=0 in_seq=0 out_seq=0
2024-03-19T01:07:03.615 INFO:teuthology.orchestra.run.smithi094.stdout:/usr/bin/ceph: stderr
2024-03-19T01:07:01.934+0000 7f25a67fc700 1 -- 172.21.15.94:0/2405119439 <== mon.0 v2:172.21.15.94:3300/0 6 ==== mon_command_ack([{"prefix": "get_command_descriptions"}]=0 v0) ==== 72+0+186149 (secure 0 0 0) 0x7f25ac00b7e0 con 0x7f25b0108990
2024-03-19T01:07:03.615 INFO:teuthology.orchestra.run.smithi094.stdout:/usr/bin/ceph: stderr
2024-03-19T01:07:02.151+0000 7f25b7301700 1 -- 172.21.15.94:0/2405119439 --> [v2:172.21.15.94:6800/789716177,v1:172.21.15.94:6801/789716177] -- mgr_command(tid 0: {"prefix": "orch apply", "service_type": "mgr", "unmanaged": true, "target": ["mon-mgr", ""]}) -- 0x7f25b01034e0 con 0x7f259c038f70
2024-03-19T01:07:03.615 INFO:teuthology.orchestra.run.smithi094.stdout:/usr/bin/ceph: stderr
2024-03-19T01:07:02.156+0000 7f25a67fc700 1 -- 172.21.15.94:0/2405119439 <== mgr.14120 v2:172.21.15.94:6800/789716177 1 ==== mgr_command_reply(tid 0: 0 ) ==== 8+0+24 (secure 0 0 0) 0x7f25b01034e0 con 0x7f259c038f70
2024-03-19T01:07:03.615 INFO:teuthology.orchestra.run.smithi094.stdout:/usr/bin/ceph: stderr
2024-03-19T01:07:02.158+0000 7f25b7301700 1 -- 172.21.15.94:0/2405119439 >> [v2:172.21.15.94:6800/789716177,v1:172.21.15.94:6801/789716177] conn(0x7f259c038f70 msgr2=0x7f259c03b430 secure :-1 s=STATE_CONNECTION_ESTABLISHED l=1).mark_down
2024-03-19T01:07:03.615 INFO:teuthology.orchestra.run.smithi094.stdout:/usr/bin/ceph: stderr
2024-03-19T01:07:02.158+0000 7f25b7301700 1 --2- 172.21.15.94:0/2405119439 >> [v2:172.21.15.94:6800/789716177,v1:172.21.15.94:6801/789716177] conn(0x7f259c038f70 0x7f259c03b430 secure :-1 s=READY pgs=13 cs=0 l=1 rev1=1 crypto rx=0x7f25a0006fd0 tx=0x7f25a0006e40 comp rx=0 tx=0).stop
2024-03-19T01:07:03.615 INFO:teuthology.orchestra.run.smithi094.stdout:/usr/bin/ceph: stderr
2024-03-19T01:07:02.158+0000 7f25b7301700 1 -- 172.21.15.94:0/2405119439 >> [v2:172.21.15.94:3300/0,v1:172.21.15.94:6789/0] conn(0x7f25b0108990 msgr2=0x7f25b019bf10 secure :-1 s=STATE_CONNECTION_ESTABLISHED l=1).mark_down
2024-03-19T01:07:03.615 INFO:teuthology.orchestra.run.smithi094.stdout:/usr/bin/ceph: stderr
2024-03-19T01:07:02.158+0000 7f25b7301700 1 --2- 172.21.15.94:0/2405119439 >> [v2:172.21.15.94:3300/0,v1:172.21.15.94:6789/0] conn(0x7f25b0108990 0x7f25b019bf10 secure :-1 s=READY pgs=50 cs=0 l=1 rev1=1 crypto rx=0x7f25ac0038d0 tx=0x7f25ac0039b0 comp rx=0 tx=0).stop
2024-03-19T01:07:03.615 INFO:teuthology.orchestra.run.smithi094.stdout:/usr/bin/ceph: stderr
2024-03-19T01:07:02.159+0000 7f25b7301700 1 -- 172.21.15.94:0/2405119439 shutdown_connections
2024-03-19T01:07:03.615 INFO:teuthology.orchestra.run.smithi094.stdout:/usr/bin/ceph: stderr
2024-03-19T01:07:02.159+0000 7f25b7301700 1 --2- 172.21.15.94:0/2405119439 >> [v2:172.21.15.94:6800/789716177,v1:172.21.15.94:6801/789716177] conn(0x7f259c038f70 0x7f259c03b430 unknown :-1 s=CLOSED pgs=13 cs=0 l=1 rev1=1 crypto rx=0 tx=0 comp rx=0 tx=0).stop
