2024-03-19T01:07:03.615 INFO:teuthology.orchestra.run.smithi094.stdout:/usr/bin/ceph: stderr
2024-03-19T01:07:02.159+0000 7f25b7301700 1 --2- 172.21.15.94:0/2405119439 >> [v2:172.21.15.94:3300/0,v1:172.21.15.94:6789/0] conn(0x7f25b0108990 0x7f25b019bf10 unknown :-1 s=CLOSED pgs=50 cs=0 l=1 rev1=1 crypto rx=0 tx=0 comp rx=0 tx=0).stop
2024-03-19T01:07:03.615 INFO:teuthology.orchestra.run.smithi094.stdout:/usr/bin/ceph: stderr
2024-03-19T01:07:02.159+0000 7f25b7301700 1 -- 172.21.15.94:0/2405119439 >> 172.21.15.94:0/2405119439 conn(0x7f25b01023a0 msgr2=0x7f25b0102dd0 unknown :-1 s=STATE_NONE l=0).mark_down
2024-03-19T01:07:03.615 INFO:teuthology.orchestra.run.smithi094.stdout:/usr/bin/ceph: stderr
2024-03-19T01:07:02.159+0000 7f25b7301700 1 -- 172.21.15.94:0/2405119439 shutdown_connections
2024-03-19T01:07:03.615 INFO:teuthology.orchestra.run.smithi094.stdout:/usr/bin/ceph: stderr
2024-03-19T01:07:02.159+0000 7f25b7301700 1 -- 172.21.15.94:0/2405119439 wait complete.
2024-03-19T01:07:04.492 INFO:journalctl@ceph.mon.a.smithi094.stdout:Mar 19 01:07:04 smithi094 ceph-mon[62734]: from='mgr.14120 172.21.15.94:0/2658104154' entity='mgr.x'
2024-03-19T01:07:04.492 INFO:journalctl@ceph.mon.a.smithi094.stdout:Mar 19 01:07:04 smithi094 ceph-mon[62734]: from='mgr.14120 172.21.15.94:0/2658104154' entity='mgr.x'
2024-03-19T01:07:05.547 INFO:journalctl@ceph.mon.a.smithi094.stdout:Mar 19 01:07:05 smithi094 ceph-mon[62734]: from='client.? 172.21.15.94:0/3892120510' entity='client.admin'
2024-03-19T01:07:05.547 INFO:journalctl@ceph.mon.a.smithi094.stdout:Mar 19 01:07:05 smithi094 ceph-mon[62734]: from='mgr.14120 172.21.15.94:0/2658104154' entity='mgr.x'
2024-03-19T01:07:05.554 INFO:teuthology.orchestra.run.smithi094.stdout:/usr/bin/ceph: stderr
2024-03-19T01:07:04.075+0000 7f2b04836700 1 Processor -- start
2024-03-19T01:07:05.554 INFO:teuthology.orchestra.run.smithi094.stdout:/usr/bin/ceph: stderr
2024-03-19T01:07:04.075+0000 7f2b04836700 1 -- start start
2024-03-19T01:07:05.555 INFO:teuthology.orchestra.run.smithi094.stdout:/usr/bin/ceph: stderr
2024-03-19T01:07:04.075+0000 7f2b04836700 1 --2- >> [v2:172.21.15.94:3300/0,v1:172.21.15.94:6789/0] conn(0x7f2b001067b0 0x7f2b00106bd0 unknown :-1 s=NONE pgs=0 cs=0 l=0 rev1=0 crypto rx=0 tx=0 comp rx=0 tx=0).connect
2024-03-19T01:07:05.555 INFO:teuthology.orchestra.run.smithi094.stdout:/usr/bin/ceph: stderr
2024-03-19T01:07:04.075+0000 7f2b04836700 1 -- --> [v2:172.21.15.94:3300/0,v1:172.21.15.94:6789/0] -- mon_getmap magic: 0 -- 0x7f2b0007bdd0 con 0x7f2b001067b0
2024-03-19T01:07:05.555 INFO:teuthology.orchestra.run.smithi094.stdout:/usr/bin/ceph: stderr
2024-03-19T01:07:04.075+0000 7f2afe59c700 1 --2- >> [v2:172.21.15.94:3300/0,v1:172.21.15.94:6789/0] conn(0x7f2b001067b0 0x7f2b00106bd0 unknown :-1 s=BANNER_CONNECTING pgs=0 cs=0 l=0 rev1=0 crypto rx=0 tx=0 comp rx=0 tx=0)._handle_peer_banner_payload supported=3 required=0
2024-03-19T01:07:05.555 INFO:teuthology.orchestra.run.smithi094.stdout:/usr/bin/ceph: stderr
2024-03-19T01:07:04.075+0000 7f2afe59c700 1 --2- >> [v2:172.21.15.94:3300/0,v1:172.21.15.94:6789/0] conn(0x7f2b001067b0 0x7f2b00106bd0 unknown :-1 s=HELLO_CONNECTING pgs=0 cs=0 l=0 rev1=1 crypto rx=0 tx=0 comp rx=0 tx=0).handle_hello peer v2:172.21.15.94:3300/0 says I am v2:172.21.15.94:60038/0 (socket says 172.21.15.94:60038)
2024-03-19T01:07:05.555 INFO:teuthology.orchestra.run.smithi094.stdout:/usr/bin/ceph: stderr
2024-03-19T01:07:04.075+0000 7f2afe59c700 1 -- 172.21.15.94:0/1620457045 learned_addr learned my addr 172.21.15.94:0/1620457045 (peer_addr_for_me v2:172.21.15.94:0/0)
2024-03-19T01:07:05.555 INFO:teuthology.orchestra.run.smithi094.stdout:/usr/bin/ceph: stderr
2024-03-19T01:07:04.075+0000 7f2afe59c700 1 -- 172.21.15.94:0/1620457045 --> [v2:172.21.15.94:3300/0,v1:172.21.15.94:6789/0] -- mon_subscribe({config=0+,monmap=0+}) -- 0x7f2b00107110 con 0x7f2b001067b0
2024-03-19T01:07:05.555 INFO:teuthology.orchestra.run.smithi094.stdout:/usr/bin/ceph: stderr
2024-03-19T01:07:04.075+0000 7f2afe59c700 1 --2- 172.21.15.94:0/1620457045 >> [v2:172.21.15.94:3300/0,v1:172.21.15.94:6789/0] conn(0x7f2b001067b0 0x7f2b00106bd0 secure :-1 s=READY pgs=51 cs=0 l=1 rev1=1 crypto rx=0x7f2af00098a0 tx=0x7f2af0009bb0 comp rx=0 tx=0).ready entity=mon.0 client_cookie=aa1c14b28ab80ec7 server_cookie=0 in_seq=0 out_seq=0
2024-03-19T01:07:05.555 INFO:teuthology.orchestra.run.smithi094.stdout:/usr/bin/ceph: stderr
2024-03-19T01:07:04.076+0000 7f2afd59a700 1 -- 172.21.15.94:0/1620457045 <== mon.0 v2:172.21.15.94:3300/0 1 ==== mon_map magic: 0 ==== 205+0+0 (secure 0 0 0) 0x7f2af0004160 con 0x7f2b001067b0
2024-03-19T01:07:05.555 INFO:teuthology.orchestra.run.smithi094.stdout:/usr/bin/ceph: stderr
2024-03-19T01:07:04.076+0000 7f2afd59a700 1 -- 172.21.15.94:0/1620457045 <== mon.0 v2:172.21.15.94:3300/0 2 ==== config(29 keys) ==== 1209+0+0 (secure 0 0 0) 0x7f2af0004300 con 0x7f2b001067b0
2024-03-19T01:07:05.555 INFO:teuthology.orchestra.run.smithi094.stdout:/usr/bin/ceph: stderr
2024-03-19T01:07:04.076+0000 7f2afd59a700 1 -- 172.21.15.94:0/1620457045 <== mon.0 v2:172.21.15.94:3300/0 3 ==== mon_map magic: 0 ==== 205+0+0 (secure 0 0 0) 0x7f2af0011c70 con 0x7f2b001067b0
2024-03-19T01:07:05.555 INFO:teuthology.orchestra.run.smithi094.stdout:/usr/bin/ceph: stderr
2024-03-19T01:07:04.076+0000 7f2b04836700 1 -- 172.21.15.94:0/1620457045 >> [v2:172.21.15.94:3300/0,v1:172.21.15.94:6789/0] conn(0x7f2b001067b0 msgr2=0x7f2b00106bd0 secure :-1 s=STATE_CONNECTION_ESTABLISHED l=1).mark_down
2024-03-19T01:07:05.555 INFO:teuthology.orchestra.run.smithi094.stdout:/usr/bin/ceph: stderr
2024-03-19T01:07:04.076+0000 7f2b04836700 1 --2- 172.21.15.94:0/1620457045 >> [v2:172.21.15.94:3300/0,v1:172.21.15.94:6789/0] conn(0x7f2b001067b0 0x7f2b00106bd0 secure :-1 s=READY pgs=51 cs=0 l=1 rev1=1 crypto rx=0x7f2af00098a0 tx=0x7f2af0009bb0 comp rx=0 tx=0).stop
2024-03-19T01:07:05.555 INFO:teuthology.orchestra.run.smithi094.stdout:/usr/bin/ceph: stderr
2024-03-19T01:07:04.076+0000 7f2b04836700 1 -- 172.21.15.94:0/1620457045 shutdown_connections
2024-03-19T01:07:05.555 INFO:teuthology.orchestra.run.smithi094.stdout:/usr/bin/ceph: stderr
2024-03-19T01:07:04.076+0000 7f2b04836700 1 --2- 172.21.15.94:0/1620457045 >> [v2:172.21.15.94:3300/0,v1:172.21.15.94:6789/0] conn(0x7f2b001067b0 0x7f2b00106bd0 unknown :-1 s=CLOSED pgs=51 cs=0 l=1 rev1=1 crypto rx=0 tx=0 comp rx=0 tx=0).stop
2024-03-19T01:07:05.556 INFO:teuthology.orchestra.run.smithi094.stdout:/usr/bin/ceph: stderr
2024-03-19T01:07:04.076+0000 7f2b04836700 1 -- 172.21.15.94:0/1620457045 >> 172.21.15.94:0/1620457045 conn(0x7f2b00102390 msgr2=0x7f2b001047d0 unknown :-1 s=STATE_NONE l=0).mark_down
2024-03-19T01:07:05.556 INFO:teuthology.orchestra.run.smithi094.stdout:/usr/bin/ceph: stderr
2024-03-19T01:07:04.076+0000 7f2b04836700 1 -- 172.21.15.94:0/1620457045 shutdown_connections
2024-03-19T01:07:05.556 INFO:teuthology.orchestra.run.smithi094.stdout:/usr/bin/ceph: stderr
2024-03-19T01:07:04.076+0000 7f2b04836700 1 -- 172.21.15.94:0/1620457045 wait complete.
2024-03-19T01:07:05.556 INFO:teuthology.orchestra.run.smithi094.stdout:/usr/bin/ceph: stderr
2024-03-19T01:07:04.077+0000 7f2b04836700 1 Processor -- start
2024-03-19T01:07:05.556 INFO:teuthology.orchestra.run.smithi094.stdout:/usr/bin/ceph: stderr
2024-03-19T01:07:04.077+0000 7f2b04836700 1 -- start start
2024-03-19T01:07:05.556 INFO:teuthology.orchestra.run.smithi094.stdout:/usr/bin/ceph: stderr
2024-03-19T01:07:04.077+0000 7f2b04836700 1 --2- >> [v2:172.21.15.94:3300/0,v1:172.21.15.94:6789/0] conn(0x7f2b001067b0 0x7f2b0019e1b0 unknown :-1 s=NONE pgs=0 cs=0 l=1 rev1=0 crypto rx=0 tx=0 comp rx=0 tx=0).connect
2024-03-19T01:07:05.556 INFO:teuthology.orchestra.run.smithi094.stdout:/usr/bin/ceph: stderr
2024-03-19T01:07:04.077+0000 7f2b04836700 1 -- --> [v2:172.21.15.94:3300/0,v1:172.21.15.94:6789/0] -- mon_getmap magic: 0 -- 0x7f2b001082a0 con 0x7f2b001067b0
2024-03-19T01:07:05.556 INFO:teuthology.orchestra.run.smithi094.stdout:/usr/bin/ceph: stderr
2024-03-19T01:07:04.077+0000 7f2afe59c700 1 --2- >> [v2:172.21.15.94:3300/0,v1:172.21.15.94:6789/0] conn(0x7f2b001067b0 0x7f2b0019e1b0 unknown :-1 s=BANNER_CONNECTING pgs=0 cs=0 l=1 rev1=0 crypto rx=0 tx=0 comp rx=0 tx=0)._handle_peer_banner_payload supported=3 required=0
2024-03-19T01:07:05.556 INFO:teuthology.orchestra.run.smithi094.stdout:/usr/bin/ceph: stderr
2024-03-19T01:07:04.077+0000 7f2afe59c700 1 --2- >> [v2:172.21.15.94:3300/0,v1:172.21.15.94:6789/0] conn(0x7f2b001067b0 0x7f2b0019e1b0 unknown :-1 s=HELLO_CONNECTING pgs=0 cs=0 l=1 rev1=1 crypto rx=0 tx=0 comp rx=0 tx=0).handle_hello peer v2:172.21.15.94:3300/0 says I am v2:172.21.15.94:60046/0 (socket says 172.21.15.94:60046)
2024-03-19T01:07:05.556 INFO:teuthology.orchestra.run.smithi094.stdout:/usr/bin/ceph: stderr
2024-03-19T01:07:04.078+0000 7f2afe59c700 1 -- 172.21.15.94:0/3892120510 learned_addr learned my addr 172.21.15.94:0/3892120510 (peer_addr_for_me v2:172.21.15.94:0/0)
2024-03-19T01:07:05.556 INFO:teuthology.orchestra.run.smithi094.stdout:/usr/bin/ceph: stderr
2024-03-19T01:07:04.078+0000 7f2afe59c700 1 -- 172.21.15.94:0/3892120510 --> [v2:172.21.15.94:3300/0,v1:172.21.15.94:6789/0] -- mon_subscribe({config=0+,monmap=0+}) -- 0x7f2b0019e6f0 con 0x7f2b001067b0
2024-03-19T01:07:05.556 INFO:teuthology.orchestra.run.smithi094.stdout:/usr/bin/ceph: stderr
2024-03-19T01:07:04.078+0000 7f2afe59c700 1 --2- 172.21.15.94:0/3892120510 >> [v2:172.21.15.94:3300/0,v1:172.21.15.94:6789/0] conn(0x7f2b001067b0 0x7f2b0019e1b0 secure :-1 s=READY pgs=52 cs=0 l=1 rev1=1 crypto rx=0x7f2af00117f0 tx=0x7f2af0011cf0 comp rx=0 tx=0).ready entity=mon.0 client_cookie=0 server_cookie=0 in_seq=0 out_seq=0
2024-03-19T01:07:05.556 INFO:teuthology.orchestra.run.smithi094.stdout:/usr/bin/ceph: stderr
2024-03-19T01:07:04.078+0000 7f2aef7fe700 1 -- 172.21.15.94:0/3892120510 <== mon.0 v2:172.21.15.94:3300/0 1 ==== mon_map magic: 0 ==== 205+0+0 (secure 0 0 0) 0x7f2af00038b0 con 0x7f2b001067b0
2024-03-19T01:07:05.556 INFO:teuthology.orchestra.run.smithi094.stdout:/usr/bin/ceph: stderr
2024-03-19T01:07:04.078+0000 7f2b04836700 1 -- 172.21.15.94:0/3892120510 --> [v2:172.21.15.94:3300/0,v1:172.21.15.94:6789/0] -- mon_subscribe({mgrmap=0+}) -- 0x7f2b0019e980 con 0x7f2b001067b0
2024-03-19T01:07:05.556 INFO:teuthology.orchestra.run.smithi094.stdout:/usr/bin/ceph: stderr
2024-03-19T01:07:04.078+0000 7f2aef7fe700 1 -- 172.21.15.94:0/3892120510 <== mon.0 v2:172.21.15.94:3300/0 2 ==== config(29 keys) ==== 1209+0+0 (secure 0 0 0) 0x7f2af0024430 con 0x7f2b001067b0
2024-03-19T01:07:05.557 INFO:teuthology.orchestra.run.smithi094.stdout:/usr/bin/ceph: stderr
2024-03-19T01:07:04.078+0000 7f2aef7fe700 1 -- 172.21.15.94:0/3892120510 <== mon.0 v2:172.21.15.94:3300/0 3 ==== mon_map magic: 0 ==== 205+0+0 (secure 0 0 0) 0x7f2af001a5c0 con 0x7f2b001067b0
2024-03-19T01:07:05.557 INFO:teuthology.orchestra.run.smithi094.stdout:/usr/bin/ceph: stderr
2024-03-19T01:07:04.078+0000 7f2b04836700 1 -- 172.21.15.94:0/3892120510 --> [v2:172.21.15.94:3300/0,v1:172.21.15.94:6789/0] -- mon_subscribe({osdmap=0}) -- 0x7f2b001a1670 con 0x7f2b001067b0
2024-03-19T01:07:05.557 INFO:teuthology.orchestra.run.smithi094.stdout:/usr/bin/ceph: stderr
2024-03-19T01:07:04.079+0000 7f2aef7fe700 1 -- 172.21.15.94:0/3892120510 <== mon.0 v2:172.21.15.94:3300/0 4 ==== mgrmap(e 8) ==== 46106+0+0 (secure 0 0 0) 0x7f2af001a840 con 0x7f2b001067b0
2024-03-19T01:07:05.557 INFO:teuthology.orchestra.run.smithi094.stdout:/usr/bin/ceph: stderr
2024-03-19T01:07:04.079+0000 7f2aef7fe700 1 --2- 172.21.15.94:0/3892120510 >> [v2:172.21.15.94:6800/789716177,v1:172.21.15.94:6801/789716177] conn(0x7f2ae8038f20 0x7f2ae803b3e0 unknown :-1 s=NONE pgs=0 cs=0 l=1 rev1=0 crypto rx=0 tx=0 comp rx=0 tx=0).connect
2024-03-19T01:07:05.557 INFO:teuthology.orchestra.run.smithi094.stdout:/usr/bin/ceph: stderr
2024-03-19T01:07:04.079+0000 7f2aef7fe700 1 -- 172.21.15.94:0/3892120510 <== mon.0 v2:172.21.15.94:3300/0 5 ==== osd_map(2..2 src has 1..2) ==== 940+0+0 (secure 0 0 0) 0x7f2af004d040 con 0x7f2b001067b0
2024-03-19T01:07:05.557 INFO:teuthology.orchestra.run.smithi094.stdout:/usr/bin/ceph: stderr
2024-03-19T01:07:04.079+0000 7f2afdd9b700 1 --2- 172.21.15.94:0/3892120510 >> [v2:172.21.15.94:6800/789716177,v1:172.21.15.94:6801/789716177] conn(0x7f2ae8038f20 0x7f2ae803b3e0 unknown :-1 s=BANNER_CONNECTING pgs=0 cs=0 l=1 rev1=0 crypto rx=0 tx=0 comp rx=0 tx=0)._handle_peer_banner_payload supported=3 required=0
2024-03-19T01:07:05.557 INFO:teuthology.orchestra.run.smithi094.stdout:/usr/bin/ceph: stderr
2024-03-19T01:07:04.079+0000 7f2b04836700 1 -- 172.21.15.94:0/3892120510 --> [v2:172.21.15.94:3300/0,v1:172.21.15.94:6789/0] -- mon_command({"prefix": "get_command_descriptions"} v 0) -- 0x7f2b00063940 con 0x7f2b001067b0
2024-03-19T01:07:05.557 INFO:teuthology.orchestra.run.smithi094.stdout:/usr/bin/ceph: stderr
2024-03-19T01:07:04.080+0000 7f2afdd9b700 1 --2- 172.21.15.94:0/3892120510 >> [v2:172.21.15.94:6800/789716177,v1:172.21.15.94:6801/789716177] conn(0x7f2ae8038f20 0x7f2ae803b3e0 secure :-1 s=READY pgs=14 cs=0 l=1 rev1=1 crypto rx=0x7f2af4006fd0 tx=0x7f2af4006e40 comp rx=0 tx=0).ready entity=mgr.14120 client_cookie=0 server_cookie=0 in_seq=0 out_seq=0
2024-03-19T01:07:05.557 INFO:teuthology.orchestra.run.smithi094.stdout:/usr/bin/ceph: stderr
2024-03-19T01:07:04.084+0000 7f2aef7fe700 1 -- 172.21.15.94:0/3892120510 <== mon.0 v2:172.21.15.94:3300/0 6 ==== mon_command_ack([{"prefix": "get_command_descriptions"}]=0 v0) ==== 72+0+186149 (secure 0 0 0) 0x7f2af000ba30 con 0x7f2b001067b0
2024-03-19T01:07:05.557 INFO:teuthology.orchestra.run.smithi094.stdout:/usr/bin/ceph: stderr
2024-03-19T01:07:04.303+0000 7f2b04836700 1 -- 172.21.15.94:0/3892120510 --> [v2:172.21.15.94:3300/0,v1:172.21.15.94:6789/0] -- mon_command([{prefix=config set, name=mgr/cephadm/container_init}] v 0) -- 0x7f2b0002dcf0 con 0x7f2b001067b0
2024-03-19T01:07:05.557 INFO:teuthology.orchestra.run.smithi094.stdout:/usr/bin/ceph: stderr
2024-03-19T01:07:04.306+0000 7f2aef7fe700 1 -- 172.21.15.94:0/3892120510 <== mon.0 v2:172.21.15.94:3300/0 7 ==== mon_command_ack([{prefix=config set, name=mgr/cephadm/container_init}]=0 v7)=0 v7) ==== 142+0+0 (secure 0 0 0) 0x7f2af000bc90 con 0x7f2b001067b0
2024-03-19T01:07:05.557 INFO:teuthology.orchestra.run.smithi094.stdout:/usr/bin/ceph: stderr
2024-03-19T01:07:04.308+0000 7f2b04836700 1 -- 172.21.15.94:0/3892120510 >> [v2:172.21.15.94:6800/789716177,v1:172.21.15.94:6801/789716177] conn(0x7f2ae8038f20 msgr2=0x7f2ae803b3e0 secure :-1 s=STATE_CONNECTION_ESTABLISHED l=1).mark_down
2024-03-19T01:07:05.557 INFO:teuthology.orchestra.run.smithi094.stdout:/usr/bin/ceph: stderr
2024-03-19T01:07:04.308+0000 7f2b04836700 1 --2- 172.21.15.94:0/3892120510 >> [v2:172.21.15.94:6800/789716177,v1:172.21.15.94:6801/789716177] conn(0x7f2ae8038f20 0x7f2ae803b3e0 secure :-1 s=READY pgs=14 cs=0 l=1 rev1=1 crypto rx=0x7f2af4006fd0 tx=0x7f2af4006e40 comp rx=0 tx=0).stop
2024-03-19T01:07:05.557 INFO:teuthology.orchestra.run.smithi094.stdout:/usr/bin/ceph: stderr
2024-03-19T01:07:04.308+0000 7f2b04836700 1 -- 172.21.15.94:0/3892120510 >> [v2:172.21.15.94:3300/0,v1:172.21.15.94:6789/0] conn(0x7f2b001067b0 msgr2=0x7f2b0019e1b0 secure :-1 s=STATE_CONNECTION_ESTABLISHED l=1).mark_down
2024-03-19T01:07:05.558 INFO:teuthology.orchestra.run.smithi094.stdout:/usr/bin/ceph: stderr
2024-03-19T01:07:04.308+0000 7f2b04836700 1 --2- 172.21.15.94:0/3892120510 >> [v2:172.21.15.94:3300/0,v1:172.21.15.94:6789/0] conn(0x7f2b001067b0 0x7f2b0019e1b0 secure :-1 s=READY pgs=52 cs=0 l=1 rev1=1 crypto rx=0x7f2af00117f0 tx=0x7f2af0011cf0 comp rx=0 tx=0).stop
2024-03-19T01:07:05.558 INFO:teuthology.orchestra.run.smithi094.stdout:/usr/bin/ceph: stderr
2024-03-19T01:07:04.308+0000 7f2b04836700 1 -- 172.21.15.94:0/3892120510 shutdown_connections
2024-03-19T01:07:05.558 INFO:teuthology.orchestra.run.smithi094.stdout:/usr/bin/ceph: stderr
2024-03-19T01:07:04.308+0000 7f2b04836700 1 --2- 172.21.15.94:0/3892120510 >> [v2:172.21.15.94:6800/789716177,v1:172.21.15.94:6801/789716177] conn(0x7f2ae8038f20 0x7f2ae803b3e0 unknown :-1 s=CLOSED pgs=14 cs=0 l=1 rev1=1 crypto rx=0 tx=0 comp rx=0 tx=0).stop
2024-03-19T01:07:05.558 INFO:teuthology.orchestra.run.smithi094.stdout:/usr/bin/ceph: stderr
2024-03-19T01:07:04.308+0000 7f2b04836700 1 --2- 172.21.15.94:0/3892120510 >> [v2:172.21.15.94:3300/0,v1:172.21.15.94:6789/0] conn(0x7f2b001067b0 0x7f2b0019e1b0 unknown :-1 s=CLOSED pgs=52 cs=0 l=1 rev1=1 crypto rx=0 tx=0 comp rx=0 tx=0).stop
2024-03-19T01:07:05.558 INFO:teuthology.orchestra.run.smithi094.stdout:/usr/bin/ceph: stderr
2024-03-19T01:07:04.308+0000 7f2b04836700 1 -- 172.21.15.94:0/3892120510 >> 172.21.15.94:0/3892120510 conn(0x7f2b00102390 msgr2=0x7f2b00194e50 unknown :-1 s=STATE_NONE l=0).mark_down
2024-03-19T01:07:05.558 INFO:teuthology.orchestra.run.smithi094.stdout:/usr/bin/ceph: stderr
2024-03-19T01:07:04.308+0000 7f2b04836700 1 -- 172.21.15.94:0/3892120510 shutdown_connections
2024-03-19T01:07:05.558 INFO:teuthology.orchestra.run.smithi094.stdout:/usr/bin/ceph: stderr
2024-03-19T01:07:04.308+0000 7f2b04836700 1 -- 172.21.15.94:0/3892120510 wait complete.
2024-03-19T01:07:06.805 INFO:teuthology.orchestra.run.smithi094.stdout:/usr/bin/ceph: stderr
2024-03-19T01:07:05.984+0000 7f5f96a5a700 1 Processor -- start
2024-03-19T01:07:06.805 INFO:teuthology.orchestra.run.smithi094.stdout:/usr/bin/ceph: stderr
2024-03-19T01:07:05.984+0000 7f5f96a5a700 1 -- start start
2024-03-19T01:07:06.805 INFO:teuthology.orchestra.run.smithi094.stdout:/usr/bin/ceph: stderr
2024-03-19T01:07:05.984+0000 7f5f96a5a700 1 --2- >> [v2:172.21.15.94:3300/0,v1:172.21.15.94:6789/0] conn(0x7f5f90107ee0 0x7f5f90108300 unknown :-1 s=NONE pgs=0 cs=0 l=0 rev1=0 crypto rx=0 tx=0 comp rx=0 tx=0).connect
2024-03-19T01:07:06.805 INFO:teuthology.orchestra.run.smithi094.stdout:/usr/bin/ceph: stderr
2024-03-19T01:07:05.984+0000 7f5f96a5a700 1 -- --> [v2:172.21.15.94:3300/0,v1:172.21.15.94:6789/0] -- mon_getmap magic: 0 -- 0x7f5f90108840 con 0x7f5f90107ee0
2024-03-19T01:07:06.805 INFO:teuthology.orchestra.run.smithi094.stdout:/usr/bin/ceph: stderr
2024-03-19T01:07:05.985+0000 7f5f8ffff700 1 --2- >> [v2:172.21.15.94:3300/0,v1:172.21.15.94:6789/0] conn(0x7f5f90107ee0 0x7f5f90108300 unknown :-1 s=BANNER_CONNECTING pgs=0 cs=0 l=0 rev1=0 crypto rx=0 tx=0 comp rx=0 tx=0)._handle_peer_banner_payload supported=3 required=0
2024-03-19T01:07:06.806 INFO:teuthology.orchestra.run.smithi094.stdout:/usr/bin/ceph: stderr
2024-03-19T01:07:05.985+0000 7f5f8ffff700 1 --2- >> [v2:172.21.15.94:3300/0,v1:172.21.15.94:6789/0] conn(0x7f5f90107ee0 0x7f5f90108300 unknown :-1 s=HELLO_CONNECTING pgs=0 cs=0 l=0 rev1=1 crypto rx=0 tx=0 comp rx=0 tx=0).handle_hello peer v2:172.21.15.94:3300/0 says I am v2:172.21.15.94:60054/0 (socket says 172.21.15.94:60054)
2024-03-19T01:07:06.806 INFO:teuthology.orchestra.run.smithi094.stdout:/usr/bin/ceph: stderr
2024-03-19T01:07:05.985+0000 7f5f8ffff700 1 -- 172.21.15.94:0/500472823 learned_addr learned my addr 172.21.15.94:0/500472823 (peer_addr_for_me v2:172.21.15.94:0/0)
2024-03-19T01:07:06.806 INFO:teuthology.orchestra.run.smithi094.stdout:/usr/bin/ceph: stderr
2024-03-19T01:07:05.985+0000 7f5f8ffff700 1 -- 172.21.15.94:0/500472823 --> [v2:172.21.15.94:3300/0,v1:172.21.15.94:6789/0] -- mon_subscribe({config=0+,monmap=0+}) -- 0x7f5f90108ff0 con 0x7f5f90107ee0
2024-03-19T01:07:06.806 INFO:teuthology.orchestra.run.smithi094.stdout:/usr/bin/ceph: stderr
2024-03-19T01:07:05.985+0000 7f5f8ffff700 1 --2- 172.21.15.94:0/500472823 >> [v2:172.21.15.94:3300/0,v1:172.21.15.94:6789/0] conn(0x7f5f90107ee0 0x7f5f90108300 secure :-1 s=READY pgs=53 cs=0 l=1 rev1=1 crypto rx=0x7f5f800098a0 tx=0x7f5f80009bb0 comp rx=0 tx=0).ready entity=mon.0 client_cookie=747847b1b7768f2b server_cookie=0 in_seq=0 out_seq=0
2024-03-19T01:07:06.806 INFO:teuthology.orchestra.run.smithi094.stdout:/usr/bin/ceph: stderr
2024-03-19T01:07:05.985+0000 7f5f8effd700 1 -- 172.21.15.94:0/500472823 <== mon.0 v2:172.21.15.94:3300/0 1 ==== mon_map magic: 0 ==== 205+0+0 (secure 0 0 0) 0x7f5f80004160 con 0x7f5f90107ee0
2024-03-19T01:07:06.806 INFO:teuthology.orchestra.run.smithi094.stdout:/usr/bin/ceph: stderr
2024-03-19T01:07:05.985+0000 7f5f8effd700 1 -- 172.21.15.94:0/500472823 <== mon.0 v2:172.21.15.94:3300/0 2 ==== config(29 keys) ==== 1209+0+0 (secure 0 0 0) 0x7f5f80004300 con 0x7f5f90107ee0
2024-03-19T01:07:06.806 INFO:teuthology.orchestra.run.smithi094.stdout:/usr/bin/ceph: stderr
2024-03-19T01:07:05.985+0000 7f5f8effd700 1 -- 172.21.15.94:0/500472823 <== mon.0 v2:172.21.15.94:3300/0 3 ==== mon_map magic: 0 ==== 205+0+0 (secure 0 0 0) 0x7f5f80011c70 con 0x7f5f90107ee0
2024-03-19T01:07:06.806 INFO:teuthology.orchestra.run.smithi094.stdout:/usr/bin/ceph: stderr
2024-03-19T01:07:05.986+0000 7f5f96a5a700 1 -- 172.21.15.94:0/500472823 >> [v2:172.21.15.94:3300/0,v1:172.21.15.94:6789/0] conn(0x7f5f90107ee0 msgr2=0x7f5f90108300 secure :-1 s=STATE_CONNECTION_ESTABLISHED l=1).mark_down
2024-03-19T01:07:06.806 INFO:teuthology.orchestra.run.smithi094.stdout:/usr/bin/ceph: stderr
2024-03-19T01:07:05.986+0000 7f5f96a5a700 1 --2- 172.21.15.94:0/500472823 >> [v2:172.21.15.94:3300/0,v1:172.21.15.94:6789/0] conn(0x7f5f90107ee0 0x7f5f90108300 secure :-1 s=READY pgs=53 cs=0 l=1 rev1=1 crypto rx=0x7f5f800098a0 tx=0x7f5f80009bb0 comp rx=0 tx=0).stop
2024-03-19T01:07:06.806 INFO:teuthology.orchestra.run.smithi094.stdout:/usr/bin/ceph: stderr
2024-03-19T01:07:05.986+0000 7f5f96a5a700 1 -- 172.21.15.94:0/500472823 shutdown_connections
2024-03-19T01:07:06.806 INFO:teuthology.orchestra.run.smithi094.stdout:/usr/bin/ceph: stderr
2024-03-19T01:07:05.986+0000 7f5f96a5a700 1 --2- 172.21.15.94:0/500472823 >> [v2:172.21.15.94:3300/0,v1:172.21.15.94:6789/0] conn(0x7f5f90107ee0 0x7f5f90108300 unknown :-1 s=CLOSED pgs=53 cs=0 l=1 rev1=1 crypto rx=0 tx=0 comp rx=0 tx=0).stop
2024-03-19T01:07:06.807 INFO:teuthology.orchestra.run.smithi094.stdout:/usr/bin/ceph: stderr
2024-03-19T01:07:05.986+0000 7f5f96a5a700 1 -- 172.21.15.94:0/500472823 >> 172.21.15.94:0/500472823 conn(0x7f5f90103520 msgr2=0x7f5f90105940 unknown :-1 s=STATE_NONE l=0).mark_down
2024-03-19T01:07:06.807 INFO:teuthology.orchestra.run.smithi094.stdout:/usr/bin/ceph: stderr
2024-03-19T01:07:05.986+0000 7f5f96a5a700 1 -- 172.21.15.94:0/500472823 shutdown_connections
2024-03-19T01:07:06.807 INFO:teuthology.orchestra.run.smithi094.stdout:/usr/bin/ceph: stderr
2024-03-19T01:07:05.986+0000 7f5f96a5a700 1 -- 172.21.15.94:0/500472823 wait complete.
2024-03-19T01:07:06.807 INFO:teuthology.orchestra.run.smithi094.stdout:/usr/bin/ceph: stderr
2024-03-19T01:07:05.987+0000 7f5f96a5a700 1 Processor -- start
2024-03-19T01:07:06.807 INFO:teuthology.orchestra.run.smithi094.stdout:/usr/bin/ceph: stderr
2024-03-19T01:07:05.987+0000 7f5f96a5a700 1 -- start start
2024-03-19T01:07:06.807 INFO:teuthology.orchestra.run.smithi094.stdout:/usr/bin/ceph: stderr
2024-03-19T01:07:05.987+0000 7f5f96a5a700 1 --2- >> [v2:172.21.15.94:3300/0,v1:172.21.15.94:6789/0] conn(0x7f5f90107ee0 0x7f5f9019bf50 unknown :-1 s=NONE pgs=0 cs=0 l=1 rev1=0 crypto rx=0 tx=0 comp rx=0 tx=0).connect
2024-03-19T01:07:06.807 INFO:teuthology.orchestra.run.smithi094.stdout:/usr/bin/ceph: stderr
2024-03-19T01:07:05.987+0000 7f5f96a5a700 1 -- --> [v2:172.21.15.94:3300/0,v1:172.21.15.94:6789/0] -- mon_getmap magic: 0 -- 0x7f5f9010c430 con 0x7f5f90107ee0
2024-03-19T01:07:06.807 INFO:teuthology.orchestra.run.smithi094.stdout:/usr/bin/ceph: stderr
2024-03-19T01:07:05.987+0000 7f5f8ffff700 1 --2- >> [v2:172.21.15.94:3300/0,v1:172.21.15.94:6789/0] conn(0x7f5f90107ee0 0x7f5f9019bf50 unknown :-1 s=BANNER_CONNECTING pgs=0 cs=0 l=1 rev1=0 crypto rx=0 tx=0 comp rx=0 tx=0)._handle_peer_banner_payload supported=3 required=0
2024-03-19T01:07:06.807 INFO:teuthology.orchestra.run.smithi094.stdout:/usr/bin/ceph: stderr
2024-03-19T01:07:05.987+0000 7f5f8ffff700 1 --2- >> [v2:172.21.15.94:3300/0,v1:172.21.15.94:6789/0] conn(0x7f5f90107ee0 0x7f5f9019bf50 unknown :-1 s=HELLO_CONNECTING pgs=0 cs=0 l=1 rev1=1 crypto rx=0 tx=0 comp rx=0 tx=0).handle_hello peer v2:172.21.15.94:3300/0 says I am v2:172.21.15.94:60066/0 (socket says 172.21.15.94:60066)
2024-03-19T01:07:06.807 INFO:teuthology.orchestra.run.smithi094.stdout:/usr/bin/ceph: stderr
2024-03-19T01:07:05.987+0000 7f5f8ffff700 1 -- 172.21.15.94:0/298802819 learned_addr learned my addr 172.21.15.94:0/298802819 (peer_addr_for_me v2:172.21.15.94:0/0)
2024-03-19T01:07:06.807 INFO:teuthology.orchestra.run.smithi094.stdout:/usr/bin/ceph: stderr
2024-03-19T01:07:05.987+0000 7f5f8ffff700 1 -- 172.21.15.94:0/298802819 --> [v2:172.21.15.94:3300/0,v1:172.21.15.94:6789/0] -- mon_subscribe({config=0+,monmap=0+}) -- 0x7f5f9019c490 con 0x7f5f90107ee0
2024-03-19T01:07:06.807 INFO:teuthology.orchestra.run.smithi094.stdout:/usr/bin/ceph: stderr
2024-03-19T01:07:05.987+0000 7f5f8ffff700 1 --2- 172.21.15.94:0/298802819 >> [v2:172.21.15.94:3300/0,v1:172.21.15.94:6789/0] conn(0x7f5f90107ee0 0x7f5f9019bf50 secure :-1 s=READY pgs=54 cs=0 l=1 rev1=1 crypto rx=0x7f5f800117f0 tx=0x7f5f80011cf0 comp rx=0 tx=0).ready entity=mon.0 client_cookie=0 server_cookie=0 in_seq=0 out_seq=0
2024-03-19T01:07:06.807 INFO:teuthology.orchestra.run.smithi094.stdout:/usr/bin/ceph: stderr
2024-03-19T01:07:05.987+0000 7f5f8d7fa700 1 -- 172.21.15.94:0/298802819 <== mon.0 v2:172.21.15.94:3300/0 1 ==== mon_map magic: 0 ==== 205+0+0 (secure 0 0 0) 0x7f5f800038b0 con 0x7f5f90107ee0
2024-03-19T01:07:06.808 INFO:teuthology.orchestra.run.smithi094.stdout:/usr/bin/ceph: stderr
2024-03-19T01:07:05.988+0000 7f5f8d7fa700 1 -- 172.21.15.94:0/298802819 <== mon.0 v2:172.21.15.94:3300/0 2 ==== config(29 keys) ==== 1209+0+0 (secure 0 0 0) 0x7f5f80024430 con 0x7f5f90107ee0
2024-03-19T01:07:06.808 INFO:teuthology.orchestra.run.smithi094.stdout:/usr/bin/ceph: stderr
2024-03-19T01:07:05.988+0000 7f5f8d7fa700 1 -- 172.21.15.94:0/298802819 <== mon.0 v2:172.21.15.94:3300/0 3 ==== mon_map magic: 0 ==== 205+0+0 (secure 0 0 0) 0x7f5f8001a5c0 con 0x7f5f90107ee0
2024-03-19T01:07:06.808 INFO:teuthology.orchestra.run.smithi094.stdout:/usr/bin/ceph: stderr
2024-03-19T01:07:05.988+0000 7f5f96a5a700 1 -- 172.21.15.94:0/298802819 --> [v2:172.21.15.94:3300/0,v1:172.21.15.94:6789/0] -- mon_subscribe({mgrmap=0+}) -- 0x7f5f9019c720 con 0x7f5f90107ee0
2024-03-19T01:07:06.808 INFO:teuthology.orchestra.run.smithi094.stdout:/usr/bin/ceph: stderr
2024-03-19T01:07:05.988+0000 7f5f96a5a700 1 -- 172.21.15.94:0/298802819 --> [v2:172.21.15.94:3300/0,v1:172.21.15.94:6789/0] -- mon_subscribe({osdmap=0}) -- 0x7f5f9019f410 con 0x7f5f90107ee0
2024-03-19T01:07:06.808 INFO:teuthology.orchestra.run.smithi094.stdout:/usr/bin/ceph: stderr
2024-03-19T01:07:05.988+0000 7f5f8d7fa700 1 -- 172.21.15.94:0/298802819 <== mon.0 v2:172.21.15.94:3300/0 4 ==== mgrmap(e 8) ==== 46106+0+0 (secure 0 0 0) 0x7f5f8001a800 con 0x7f5f90107ee0
2024-03-19T01:07:06.808 INFO:teuthology.orchestra.run.smithi094.stdout:/usr/bin/ceph: stderr
2024-03-19T01:07:05.988+0000 7f5f8d7fa700 1 --2- 172.21.15.94:0/298802819 >> [v2:172.21.15.94:6800/789716177,v1:172.21.15.94:6801/789716177] conn(0x7f5f78038f20 0x7f5f7803b3e0 unknown :-1 s=NONE pgs=0 cs=0 l=1 rev1=0 crypto rx=0 tx=0 comp rx=0 tx=0).connect
2024-03-19T01:07:06.808 INFO:teuthology.orchestra.run.smithi094.stdout:/usr/bin/ceph: stderr
2024-03-19T01:07:05.989+0000 7f5f8d7fa700 1 -- 172.21.15.94:0/298802819 <== mon.0 v2:172.21.15.94:3300/0 5 ==== osd_map(2..2 src has 1..2) ==== 940+0+0 (secure 0 0 0) 0x7f5f8004d2f0 con 0x7f5f90107ee0
2024-03-19T01:07:06.808 INFO:teuthology.orchestra.run.smithi094.stdout:/usr/bin/ceph: stderr
2024-03-19T01:07:05.989+0000 7f5f8f7fe700 1 --2- 172.21.15.94:0/298802819 >> [v2:172.21.15.94:6800/789716177,v1:172.21.15.94:6801/789716177] conn(0x7f5f78038f20 0x7f5f7803b3e0 unknown :-1 s=BANNER_CONNECTING pgs=0 cs=0 l=1 rev1=0 crypto rx=0 tx=0 comp rx=0 tx=0)._handle_peer_banner_payload supported=3 required=0
2024-03-19T01:07:06.808 INFO:teuthology.orchestra.run.smithi094.stdout:/usr/bin/ceph: stderr
2024-03-19T01:07:05.989+0000 7f5f96a5a700 1 -- 172.21.15.94:0/298802819 --> [v2:172.21.15.94:3300/0,v1:172.21.15.94:6789/0] -- mon_command({"prefix": "get_command_descriptions"} v 0) -- 0x7f5f90063940 con 0x7f5f90107ee0
2024-03-19T01:07:06.809 INFO:teuthology.orchestra.run.smithi094.stdout:/usr/bin/ceph: stderr
2024-03-19T01:07:05.989+0000 7f5f8f7fe700 1 --2- 172.21.15.94:0/298802819 >> [v2:172.21.15.94:6800/789716177,v1:172.21.15.94:6801/789716177] conn(0x7f5f78038f20 0x7f5f7803b3e0 secure :-1 s=READY pgs=15 cs=0 l=1 rev1=1 crypto rx=0x7f5f84006fd0 tx=0x7f5f84006e40 comp rx=0 tx=0).ready entity=mgr.14120 client_cookie=0 server_cookie=0 in_seq=0 out_seq=0
2024-03-19T01:07:06.809 INFO:teuthology.orchestra.run.smithi094.stdout:/usr/bin/ceph: stderr
2024-03-19T01:07:05.994+0000 7f5f8d7fa700 1 -- 172.21.15.94:0/298802819 <== mon.0 v2:172.21.15.94:3300/0 6 ==== mon_command_ack([{"prefix": "get_command_descriptions"}]=0 v0) ==== 72+0+186149 (secure 0 0 0) 0x7f5f80019c70 con 0x7f5f90107ee0
2024-03-19T01:07:06.809 INFO:teuthology.orchestra.run.smithi094.stdout:/usr/bin/ceph: stderr
2024-03-19T01:07:06.187+0000 7f5f96a5a700 1 -- 172.21.15.94:0/298802819 --> [v2:172.21.15.94:3300/0,v1:172.21.15.94:6789/0] -- mon_command([{prefix=config set, name=mgr/dashboard/ssl_server_port}] v 0) -- 0x7f5f9019f5e0 con 0x7f5f90107ee0
2024-03-19T01:07:06.809 INFO:teuthology.orchestra.run.smithi094.stdout:/usr/bin/ceph: stderr
2024-03-19T01:07:06.190+0000 7f5f8d7fa700 1 -- 172.21.15.94:0/298802819 <== mon.0 v2:172.21.15.94:3300/0 7 ==== mon_command_ack([{prefix=config set, name=mgr/dashboard/ssl_server_port}]=0 v8)=0 v8) ==== 130+0+0 (secure 0 0 0) 0x7f5f8000f2e0 con 0x7f5f90107ee0
2024-03-19T01:07:06.809 INFO:teuthology.orchestra.run.smithi094.stdout:/usr/bin/ceph: stderr
2024-03-19T01:07:06.193+0000 7f5f96a5a700 1 -- 172.21.15.94:0/298802819 >> [v2:172.21.15.94:6800/789716177,v1:172.21.15.94:6801/789716177] conn(0x7f5f78038f20 msgr2=0x7f5f7803b3e0 secure :-1 s=STATE_CONNECTION_ESTABLISHED l=1).mark_down
2024-03-19T01:07:06.809 INFO:teuthology.orchestra.run.smithi094.stdout:/usr/bin/ceph: stderr
2024-03-19T01:07:06.193+0000 7f5f96a5a700 1 --2- 172.21.15.94:0/298802819 >> [v2:172.21.15.94:6800/789716177,v1:172.21.15.94:6801/789716177] conn(0x7f5f78038f20 0x7f5f7803b3e0 secure :-1 s=READY pgs=15 cs=0 l=1 rev1=1 crypto rx=0x7f5f84006fd0 tx=0x7f5f84006e40 comp rx=0 tx=0).stop
2024-03-19T01:07:06.809 INFO:teuthology.orchestra.run.smithi094.stdout:/usr/bin/ceph: stderr
2024-03-19T01:07:06.193+0000 7f5f96a5a700 1 -- 172.21.15.94:0/298802819 >> [v2:172.21.15.94:3300/0,v1:172.21.15.94:6789/0] conn(0x7f5f90107ee0 msgr2=0x7f5f9019bf50 secure :-1 s=STATE_CONNECTION_ESTABLISHED l=1).mark_down
2024-03-19T01:07:06.809 INFO:teuthology.orchestra.run.smithi094.stdout:/usr/bin/ceph: stderr
2024-03-19T01:07:06.193+0000 7f5f96a5a700 1 --2- 172.21.15.94:0/298802819 >> [v2:172.21.15.94:3300/0,v1:172.21.15.94:6789/0] conn(0x7f5f90107ee0 0x7f5f9019bf50 secure :-1 s=READY pgs=54 cs=0 l=1 rev1=1 crypto rx=0x7f5f800117f0 tx=0x7f5f80011cf0 comp rx=0 tx=0).stop
2024-03-19T01:07:06.809 INFO:teuthology.orchestra.run.smithi094.stdout:/usr/bin/ceph: stderr
2024-03-19T01:07:06.193+0000 7f5f96a5a700 1 -- 172.21.15.94:0/298802819 shutdown_connections
2024-03-19T01:07:06.809 INFO:teuthology.orchestra.run.smithi094.stdout:/usr/bin/ceph: stderr
2024-03-19T01:07:06.193+0000 7f5f96a5a700 1 --2- 172.21.15.94:0/298802819 >> [v2:172.21.15.94:6800/789716177,v1:172.21.15.94:6801/789716177] conn(0x7f5f78038f20 0x7f5f7803b3e0 unknown :-1 s=CLOSED pgs=15 cs=0 l=1 rev1=1 crypto rx=0 tx=0 comp rx=0 tx=0).stop
2024-03-19T01:07:06.809 INFO:teuthology.orchestra.run.smithi094.stdout:/usr/bin/ceph: stderr
2024-03-19T01:07:06.193+0000 7f5f96a5a700 1 --2- 172.21.15.94:0/298802819 >> [v2:172.21.15.94:3300/0,v1:172.21.15.94:6789/0] conn(0x7f5f90107ee0 0x7f5f9019bf50 unknown :-1 s=CLOSED pgs=54 cs=0 l=1 rev1=1 crypto rx=0 tx=0 comp rx=0 tx=0).stop
2024-03-19T01:07:06.810 INFO:teuthology.orchestra.run.smithi094.stdout:/usr/bin/ceph: stderr
2024-03-19T01:07:06.193+0000 7f5f96a5a700 1 -- 172.21.15.94:0/298802819 >> 172.21.15.94:0/298802819 conn(0x7f5f90103520 msgr2=0x7f5f90103fc0 unknown :-1 s=STATE_NONE l=0).mark_down
2024-03-19T01:07:06.810 INFO:teuthology.orchestra.run.smithi094.stdout:/usr/bin/ceph: stderr
2024-03-19T01:07:06.193+0000 7f5f96a5a700 1 -- 172.21.15.94:0/298802819 shutdown_connections
2024-03-19T01:07:06.810 INFO:teuthology.orchestra.run.smithi094.stdout:/usr/bin/ceph: stderr
2024-03-19T01:07:06.193+0000 7f5f96a5a700 1 -- 172.21.15.94:0/298802819 wait complete.
2024-03-19T01:07:06.810 INFO:teuthology.orchestra.run.smithi094.stdout:Enabling the dashboard module...
2024-03-19T01:07:07.492 INFO:journalctl@ceph.mon.a.smithi094.stdout:Mar 19 01:07:07 smithi094 ceph-mon[62734]: from='client.? 172.21.15.94:0/298802819' entity='client.admin'
2024-03-19T01:07:07.492 INFO:journalctl@ceph.mon.a.smithi094.stdout:Mar 19 01:07:07 smithi094 ceph-mon[62734]: from='mgr.14120 172.21.15.94:0/2658104154' entity='mgr.x'
2024-03-19T01:07:08.468 INFO:journalctl@ceph.mon.a.smithi094.stdout:Mar 19 01:07:08 smithi094 ceph-mon[62734]: from='client.? 172.21.15.94:0/1845638244' entity='client.admin' cmd=[{"prefix": "mgr module enable", "module": "dashboard"}]: dispatch
2024-03-19T01:07:08.468 INFO:journalctl@ceph.mgr.x.smithi094.stdout:Mar 19 01:07:08 smithi094 ceph-c19a7756-e58c-11ee-95c9-87774f69a715-mgr-x[62968]: ignoring --setuser ceph since I am not root
2024-03-19T01:07:08.469 INFO:journalctl@ceph.mgr.x.smithi094.stdout:Mar 19 01:07:08 smithi094 ceph-c19a7756-e58c-11ee-95c9-87774f69a715-mgr-x[62968]: ignoring --setgroup ceph since I am not root
2024-03-19T01:07:09.038 INFO:journalctl@ceph.mgr.x.smithi094.stdout:Mar 19 01:07:08 smithi094 ceph-c19a7756-e58c-11ee-95c9-87774f69a715-mgr-x[62968]:
2024-03-19T01:07:08.763+0000 7fe544a82200 -1 mgr[py] Module osd_perf_query has missing NOTIFY_TYPES member
2024-03-19T01:07:09.039 INFO:journalctl@ceph.mgr.x.smithi094.stdout:Mar 19 01:07:08 smithi094 ceph-c19a7756-e58c-11ee-95c9-87774f69a715-mgr-x[62968]:
2024-03-19T01:07:08.856+0000 7fe544a82200 -1 mgr[py] Module snap_schedule has missing NOTIFY_TYPES member
2024-03-19T01:07:09.047 INFO:teuthology.orchestra.run.smithi094.stdout:/usr/bin/ceph: stderr
2024-03-19T01:07:07.255+0000 7f710c12e700 1 Processor -- start
2024-03-19T01:07:09.047 INFO:teuthology.orchestra.run.smithi094.stdout:/usr/bin/ceph: stderr
2024-03-19T01:07:07.255+0000 7f710c12e700 1 -- start start
2024-03-19T01:07:09.047 INFO:teuthology.orchestra.run.smithi094.stdout:/usr/bin/ceph: stderr
2024-03-19T01:07:07.256+0000 7f710c12e700 1 --2- >> [v2:172.21.15.94:3300/0,v1:172.21.15.94:6789/0] conn(0x7f7104107ef0 0x7f7104108310 unknown :-1 s=NONE pgs=0 cs=0 l=0 rev1=0 crypto rx=0 tx=0 comp rx=0 tx=0).connect
2024-03-19T01:07:09.047 INFO:teuthology.orchestra.run.smithi094.stdout:/usr/bin/ceph: stderr
2024-03-19T01:07:07.256+0000 7f710c12e700 1 -- --> [v2:172.21.15.94:3300/0,v1:172.21.15.94:6789/0] -- mon_getmap magic: 0 -- 0x7f7104108850 con 0x7f7104107ef0
2024-03-19T01:07:09.047 INFO:teuthology.orchestra.run.smithi094.stdout:/usr/bin/ceph: stderr
2024-03-19T01:07:07.256+0000 7f7109eca700 1 --2- >> [v2:172.21.15.94:3300/0,v1:172.21.15.94:6789/0] conn(0x7f7104107ef0 0x7f7104108310 unknown :-1 s=BANNER_CONNECTING pgs=0 cs=0 l=0 rev1=0 crypto rx=0 tx=0 comp rx=0 tx=0)._handle_peer_banner_payload supported=3 required=0
2024-03-19T01:07:09.047 INFO:teuthology.orchestra.run.smithi094.stdout:/usr/bin/ceph: stderr
2024-03-19T01:07:07.256+0000 7f7109eca700 1 --2- >> [v2:172.21.15.94:3300/0,v1:172.21.15.94:6789/0] conn(0x7f7104107ef0 0x7f7104108310 unknown :-1 s=HELLO_CONNECTING pgs=0 cs=0 l=0 rev1=1 crypto rx=0 tx=0 comp rx=0 tx=0).handle_hello peer v2:172.21.15.94:3300/0 says I am v2:172.21.15.94:60070/0 (socket says 172.21.15.94:60070)
2024-03-19T01:07:09.047 INFO:teuthology.orchestra.run.smithi094.stdout:/usr/bin/ceph: stderr
2024-03-19T01:07:07.256+0000 7f7109eca700 1 -- 172.21.15.94:0/4088993836 learned_addr learned my addr 172.21.15.94:0/4088993836 (peer_addr_for_me v2:172.21.15.94:0/0)
2024-03-19T01:07:09.048 INFO:teuthology.orchestra.run.smithi094.stdout:/usr/bin/ceph: stderr
2024-03-19T01:07:07.256+0000 7f7109eca700 1 -- 172.21.15.94:0/4088993836 --> [v2:172.21.15.94:3300/0,v1:172.21.15.94:6789/0] -- mon_subscribe({config=0+,monmap=0+}) -- 0x7f7104109040 con 0x7f7104107ef0
2024-03-19T01:07:09.048 INFO:teuthology.orchestra.run.smithi094.stdout:/usr/bin/ceph: stderr
2024-03-19T01:07:07.256+0000 7f7109eca700 1 --2- 172.21.15.94:0/4088993836 >> [v2:172.21.15.94:3300/0,v1:172.21.15.94:6789/0] conn(0x7f7104107ef0 0x7f7104108310 secure :-1 s=READY pgs=55 cs=0 l=1 rev1=1 crypto rx=0x7f71000098a0 tx=0x7f7100009bb0 comp rx=0 tx=0).ready entity=mon.0 client_cookie=d9dbded87c9aa40a server_cookie=0 in_seq=0 out_seq=0
2024-03-19T01:07:09.048 INFO:teuthology.orchestra.run.smithi094.stdout:/usr/bin/ceph: stderr
2024-03-19T01:07:07.256+0000 7f7108ec8700 1 -- 172.21.15.94:0/4088993836 <== mon.0 v2:172.21.15.94:3300/0 1 ==== mon_map magic: 0 ==== 205+0+0 (secure 0 0 0) 0x7f7100004160 con 0x7f7104107ef0
2024-03-19T01:07:09.048 INFO:teuthology.orchestra.run.smithi094.stdout:/usr/bin/ceph: stderr
2024-03-19T01:07:07.256+0000 7f7108ec8700 1 -- 172.21.15.94:0/4088993836 <== mon.0 v2:172.21.15.94:3300/0 2 ==== config(29 keys) ==== 1209+0+0 (secure 0 0 0) 0x7f7100004300 con 0x7f7104107ef0
2024-03-19T01:07:09.048 INFO:teuthology.orchestra.run.smithi094.stdout:/usr/bin/ceph: stderr
2024-03-19T01:07:07.256+0000 7f7108ec8700 1 -- 172.21.15.94:0/4088993836 <== mon.0 v2:172.21.15.94:3300/0 3 ==== mon_map magic: 0 ==== 205+0+0 (secure 0 0 0) 0x7f7100011c70 con 0x7f7104107ef0
2024-03-19T01:07:09.048 INFO:teuthology.orchestra.run.smithi094.stdout:/usr/bin/ceph: stderr
2024-03-19T01:07:07.257+0000 7f710c12e700 1 -- 172.21.15.94:0/4088993836 >> [v2:172.21.15.94:3300/0,v1:172.21.15.94:6789/0] conn(0x7f7104107ef0 msgr2=0x7f7104108310 secure :-1 s=STATE_CONNECTION_ESTABLISHED l=1).mark_down
2024-03-19T01:07:09.048 INFO:teuthology.orchestra.run.smithi094.stdout:/usr/bin/ceph: stderr
2024-03-19T01:07:07.257+0000 7f710c12e700 1 --2- 172.21.15.94:0/4088993836 >> [v2:172.21.15.94:3300/0,v1:172.21.15.94:6789/0] conn(0x7f7104107ef0 0x7f7104108310 secure :-1 s=READY pgs=55 cs=0 l=1 rev1=1 crypto rx=0x7f71000098a0 tx=0x7f7100009bb0 comp rx=0 tx=0).stop
2024-03-19T01:07:09.048 INFO:teuthology.orchestra.run.smithi094.stdout:/usr/bin/ceph: stderr
2024-03-19T01:07:07.257+0000 7f710c12e700 1 -- 172.21.15.94:0/4088993836 shutdown_connections
2024-03-19T01:07:09.048 INFO:teuthology.orchestra.run.smithi094.stdout:/usr/bin/ceph: stderr
2024-03-19T01:07:07.257+0000 7f710c12e700 1 --2- 172.21.15.94:0/4088993836 >> [v2:172.21.15.94:3300/0,v1:172.21.15.94:6789/0] conn(0x7f7104107ef0 0x7f7104108310 unknown :-1 s=CLOSED pgs=55 cs=0 l=1 rev1=1 crypto rx=0 tx=0 comp rx=0 tx=0).stop
2024-03-19T01:07:09.048 INFO:teuthology.orchestra.run.smithi094.stdout:/usr/bin/ceph: stderr
2024-03-19T01:07:07.257+0000 7f710c12e700 1 -- 172.21.15.94:0/4088993836 >> 172.21.15.94:0/4088993836 conn(0x7f7104103560 msgr2=0x7f7104105980 unknown :-1 s=STATE_NONE l=0).mark_down
2024-03-19T01:07:09.048 INFO:teuthology.orchestra.run.smithi094.stdout:/usr/bin/ceph: stderr
2024-03-19T01:07:07.257+0000 7f710c12e700 1 -- 172.21.15.94:0/4088993836 shutdown_connections
2024-03-19T01:07:09.049 INFO:teuthology.orchestra.run.smithi094.stdout:/usr/bin/ceph: stderr
2024-03-19T01:07:07.257+0000 7f710c12e700 1 -- 172.21.15.94:0/4088993836 wait complete.
2024-03-19T01:07:09.049 INFO:teuthology.orchestra.run.smithi094.stdout:/usr/bin/ceph: stderr
2024-03-19T01:07:07.258+0000 7f710c12e700 1 Processor -- start
2024-03-19T01:07:09.049 INFO:teuthology.orchestra.run.smithi094.stdout:/usr/bin/ceph: stderr
2024-03-19T01:07:07.258+0000 7f710c12e700 1 -- start start
2024-03-19T01:07:09.049 INFO:teuthology.orchestra.run.smithi094.stdout:/usr/bin/ceph: stderr
2024-03-19T01:07:07.258+0000 7f710c12e700 1 --2- >> [v2:172.21.15.94:3300/0,v1:172.21.15.94:6789/0] conn(0x7f7104107ef0 0x7f710419bf40 unknown :-1 s=NONE pgs=0 cs=0 l=1 rev1=0 crypto rx=0 tx=0 comp rx=0 tx=0).connect
2024-03-19T01:07:09.049 INFO:teuthology.orchestra.run.smithi094.stdout:/usr/bin/ceph: stderr
2024-03-19T01:07:07.258+0000 7f710c12e700 1 -- --> [v2:172.21.15.94:3300/0,v1:172.21.15.94:6789/0] -- mon_getmap magic: 0 -- 0x7f710410c300 con 0x7f7104107ef0
2024-03-19T01:07:09.049 INFO:teuthology.orchestra.run.smithi094.stdout:/usr/bin/ceph: stderr
2024-03-19T01:07:07.258+0000 7f7109eca700 1 --2- >> [v2:172.21.15.94:3300/0,v1:172.21.15.94:6789/0] conn(0x7f7104107ef0 0x7f710419bf40 unknown :-1 s=BANNER_CONNECTING pgs=0 cs=0 l=1 rev1=0 crypto rx=0 tx=0 comp rx=0 tx=0)._handle_peer_banner_payload supported=3 required=0
2024-03-19T01:07:09.049 INFO:teuthology.orchestra.run.smithi094.stdout:/usr/bin/ceph: stderr
2024-03-19T01:07:07.258+0000 7f7109eca700 1 --2- >> [v2:172.21.15.94:3300/0,v1:172.21.15.94:6789/0] conn(0x7f7104107ef0 0x7f710419bf40 unknown :-1 s=HELLO_CONNECTING pgs=0 cs=0 l=1 rev1=1 crypto rx=0 tx=0 comp rx=0 tx=0).handle_hello peer v2:172.21.15.94:3300/0 says I am v2:172.21.15.94:60076/0 (socket says 172.21.15.94:60076)
2024-03-19T01:07:09.049 INFO:teuthology.orchestra.run.smithi094.stdout:/usr/bin/ceph: stderr
2024-03-19T01:07:07.258+0000 7f7109eca700 1 -- 172.21.15.94:0/1845638244 learned_addr learned my addr 172.21.15.94:0/1845638244 (peer_addr_for_me v2:172.21.15.94:0/0)
2024-03-19T01:07:09.049 INFO:teuthology.orchestra.run.smithi094.stdout:/usr/bin/ceph: stderr
2024-03-19T01:07:07.258+0000 7f7109eca700 1 -- 172.21.15.94:0/1845638244 --> [v2:172.21.15.94:3300/0,v1:172.21.15.94:6789/0] -- mon_subscribe({config=0+,monmap=0+}) -- 0x7f710419c480 con 0x7f7104107ef0
2024-03-19T01:07:09.049 INFO:teuthology.orchestra.run.smithi094.stdout:/usr/bin/ceph: stderr
2024-03-19T01:07:07.258+0000 7f7109eca700 1 --2- 172.21.15.94:0/1845638244 >> [v2:172.21.15.94:3300/0,v1:172.21.15.94:6789/0] conn(0x7f7104107ef0 0x7f710419bf40 secure :-1 s=READY pgs=56 cs=0 l=1 rev1=1 crypto rx=0x7f7100000c00 tx=0x7f7100011700 comp rx=0 tx=0).ready entity=mon.0 client_cookie=0 server_cookie=0 in_seq=0 out_seq=0
2024-03-19T01:07:09.049 INFO:teuthology.orchestra.run.smithi094.stdout:/usr/bin/ceph: stderr
2024-03-19T01:07:07.259+0000 7f70faffd700 1 -- 172.21.15.94:0/1845638244 <== mon.0 v2:172.21.15.94:3300/0 1 ==== mon_map magic: 0 ==== 205+0+0 (secure 0 0 0) 0x7f71000036a0 con 0x7f7104107ef0
2024-03-19T01:07:09.049 INFO:teuthology.orchestra.run.smithi094.stdout:/usr/bin/ceph: stderr
2024-03-19T01:07:07.259+0000 7f710c12e700 1 -- 172.21.15.94:0/1845638244 --> [v2:172.21.15.94:3300/0,v1:172.21.15.94:6789/0] -- mon_subscribe({mgrmap=0+}) -- 0x7f710419c710 con 0x7f7104107ef0
2024-03-19T01:07:09.050 INFO:teuthology.orchestra.run.smithi094.stdout:/usr/bin/ceph: stderr
2024-03-19T01:07:07.259+0000 7f70faffd700 1 -- 172.21.15.94:0/1845638244 <== mon.0 v2:172.21.15.94:3300/0 2 ==== config(29 keys) ==== 1209+0+0 (secure 0 0 0) 0x7f7100003d60 con 0x7f7104107ef0
2024-03-19T01:07:09.050 INFO:teuthology.orchestra.run.smithi094.stdout:/usr/bin/ceph: stderr
2024-03-19T01:07:07.259+0000 7f70faffd700 1 -- 172.21.15.94:0/1845638244 <== mon.0 v2:172.21.15.94:3300/0 3 ==== mon_map magic: 0 ==== 205+0+0 (secure 0 0 0) 0x7f71000193c0 con 0x7f7104107ef0
2024-03-19T01:07:09.050 INFO:teuthology.orchestra.run.smithi094.stdout:/usr/bin/ceph: stderr
2024-03-19T01:07:07.259+0000 7f710c12e700 1 -- 172.21.15.94:0/1845638244 --> [v2:172.21.15.94:3300/0,v1:172.21.15.94:6789/0] -- mon_subscribe({osdmap=0}) -- 0x7f710419f400 con 0x7f7104107ef0
2024-03-19T01:07:09.050 INFO:teuthology.orchestra.run.smithi094.stdout:/usr/bin/ceph: stderr
2024-03-19T01:07:07.260+0000 7f70faffd700 1 -- 172.21.15.94:0/1845638244 <== mon.0 v2:172.21.15.94:3300/0 4 ==== mgrmap(e 8) ==== 46106+0+0 (secure 0 0 0) 0x7f710001a730 con 0x7f7104107ef0
2024-03-19T01:07:09.050 INFO:teuthology.orchestra.run.smithi094.stdout:/usr/bin/ceph: stderr
2024-03-19T01:07:07.260+0000 7f710c12e700 1 -- 172.21.15.94:0/1845638244 --> [v2:172.21.15.94:3300/0,v1:172.21.15.94:6789/0] -- mon_command({"prefix": "get_command_descriptions"} v 0) -- 0x7f7104063940 con 0x7f7104107ef0
2024-03-19T01:07:09.050 INFO:teuthology.orchestra.run.smithi094.stdout:/usr/bin/ceph: stderr
2024-03-19T01:07:07.260+0000 7f70faffd700 1 --2- 172.21.15.94:0/1845638244 >> [v2:172.21.15.94:6800/789716177,v1:172.21.15.94:6801/789716177] conn(0x7f70f0038f70 0x7f70f003b430 unknown :-1 s=NONE pgs=0 cs=0 l=1 rev1=0 crypto rx=0 tx=0 comp rx=0 tx=0).connect
2024-03-19T01:07:09.050 INFO:teuthology.orchestra.run.smithi094.stdout:/usr/bin/ceph: stderr
2024-03-19T01:07:07.260+0000 7f70faffd700 1 -- 172.21.15.94:0/1845638244 <== mon.0 v2:172.21.15.94:3300/0 5 ==== osd_map(2..2 src has 1..2) ==== 940+0+0 (secure 0 0 0) 0x7f710004ce40 con 0x7f7104107ef0
2024-03-19T01:07:09.050 INFO:teuthology.orchestra.run.smithi094.stdout:/usr/bin/ceph: stderr
2024-03-19T01:07:07.260+0000 7f71096c9700 1 --2- 172.21.15.94:0/1845638244 >> [v2:172.21.15.94:6800/789716177,v1:172.21.15.94:6801/789716177] conn(0x7f70f0038f70 0x7f70f003b430 unknown :-1 s=BANNER_CONNECTING pgs=0 cs=0 l=1 rev1=0 crypto rx=0 tx=0 comp rx=0 tx=0)._handle_peer_banner_payload supported=3 required=0
2024-03-19T01:07:09.050 INFO:teuthology.orchestra.run.smithi094.stdout:/usr/bin/ceph: stderr
2024-03-19T01:07:07.260+0000 7f71096c9700 1 --2- 172.21.15.94:0/1845638244 >> [v2:172.21.15.94:6800/789716177,v1:172.21.15.94:6801/789716177] conn(0x7f70f0038f70 0x7f70f003b430 secure :-1 s=READY pgs=16 cs=0 l=1 rev1=1 crypto rx=0x7f70f4006fd0 tx=0x7f70f4006e40 comp rx=0 tx=0).ready entity=mgr.14120 client_cookie=0 server_cookie=0 in_seq=0 out_seq=0
2024-03-19T01:07:09.050 INFO:teuthology.orchestra.run.smithi094.stdout:/usr/bin/ceph: stderr
2024-03-19T01:07:07.265+0000 7f70faffd700 1 -- 172.21.15.94:0/1845638244 <== mon.0 v2:172.21.15.94:3300/0 6 ==== mon_command_ack([{"prefix": "get_command_descriptions"}]=0 v0) ==== 72+0+186149 (secure 0 0 0) 0x7f710001a4e0 con 0x7f7104107ef0
2024-03-19T01:07:09.050 INFO:teuthology.orchestra.run.smithi094.stdout:/usr/bin/ceph: stderr
2024-03-19T01:07:07.543+0000 7f710c12e700 1 -- 172.21.15.94:0/1845638244 --> [v2:172.21.15.94:3300/0,v1:172.21.15.94:6789/0] -- mon_command({"prefix": "mgr module enable", "module": "dashboard"} v 0) -- 0x7f710419f9b0 con 0x7f7104107ef0
2024-03-19T01:07:09.050 INFO:teuthology.orchestra.run.smithi094.stdout:/usr/bin/ceph: stderr
2024-03-19T01:07:08.192+0000 7f70faffd700 1 -- 172.21.15.94:0/1845638244 <== mon.0 v2:172.21.15.94:3300/0 7 ==== mon_command_ack([{"prefix": "mgr module enable", "module": "dashboard"}]=0 v9) ==== 88+0+0 (secure 0 0 0) 0x7f7100003840 con 0x7f7104107ef0
2024-03-19T01:07:09.050 INFO:teuthology.orchestra.run.smithi094.stdout:/usr/bin/ceph: stderr
2024-03-19T01:07:08.193+0000 7f70faffd700 1 -- 172.21.15.94:0/1845638244 <== mon.0 v2:172.21.15.94:3300/0 8 ==== mgrmap(e 9) ==== 46119+0+0 (secure 0 0 0) 0x7f7100019560 con 0x7f7104107ef0
2024-03-19T01:07:09.051 INFO:teuthology.orchestra.run.smithi094.stdout:/usr/bin/ceph: stderr
2024-03-19T01:07:08.195+0000 7f710c12e700 1 -- 172.21.15.94:0/1845638244 >> [v2:172.21.15.94:6800/789716177,v1:172.21.15.94:6801/789716177] conn(0x7f70f0038f70 msgr2=0x7f70f003b430 secure :-1 s=STATE_CONNECTION_ESTABLISHED l=1).mark_down
2024-03-19T01:07:09.051 INFO:teuthology.orchestra.run.smithi094.stdout:/usr/bin/ceph: stderr
2024-03-19T01:07:08.195+0000 7f710c12e700 1 --2- 172.21.15.94:0/1845638244 >> [v2:172.21.15.94:6800/789716177,v1:172.21.15.94:6801/789716177] conn(0x7f70f0038f70 0x7f70f003b430 secure :-1 s=READY pgs=16 cs=0 l=1 rev1=1 crypto rx=0x7f70f4006fd0 tx=0x7f70f4006e40 comp rx=0 tx=0).stop
2024-03-19T01:07:09.051 INFO:teuthology.orchestra.run.smithi094.stdout:/usr/bin/ceph: stderr
2024-03-19T01:07:08.195+0000 7f710c12e700 1 -- 172.21.15.94:0/1845638244 >> [v2:172.21.15.94:3300/0,v1:172.21.15.94:6789/0] conn(0x7f7104107ef0 msgr2=0x7f710419bf40 secure :-1 s=STATE_CONNECTION_ESTABLISHED l=1).mark_down
2024-03-19T01:07:09.051 INFO:teuthology.orchestra.run.smithi094.stdout:/usr/bin/ceph: stderr
2024-03-19T01:07:08.195+0000 7f710c12e700 1 --2- 172.21.15.94:0/1845638244 >> [v2:172.21.15.94:3300/0,v1:172.21.15.94:6789/0] conn(0x7f7104107ef0 0x7f710419bf40 secure :-1 s=READY pgs=56 cs=0 l=1 rev1=1 crypto rx=0x7f7100000c00 tx=0x7f7100011700 comp rx=0 tx=0).stop
2024-03-19T01:07:09.051 INFO:teuthology.orchestra.run.smithi094.stdout:/usr/bin/ceph: stderr
2024-03-19T01:07:08.195+0000 7f710c12e700 1 -- 172.21.15.94:0/1845638244 shutdown_connections
2024-03-19T01:07:09.051 INFO:teuthology.orchestra.run.smithi094.stdout:/usr/bin/ceph: stderr
2024-03-19T01:07:08.195+0000 7f710c12e700 1 --2- 172.21.15.94:0/1845638244 >> [v2:172.21.15.94:6800/789716177,v1:172.21.15.94:6801/789716177] conn(0x7f70f0038f70 0x7f70f003b430 unknown :-1 s=CLOSED pgs=16 cs=0 l=1 rev1=1 crypto rx=0 tx=0 comp rx=0 tx=0).stop
2024-03-19T01:07:09.051 INFO:teuthology.orchestra.run.smithi094.stdout:/usr/bin/ceph: stderr
2024-03-19T01:07:08.195+0000 7f710c12e700 1 --2- 172.21.15.94:0/1845638244 >> [v2:172.21.15.94:3300/0,v1:172.21.15.94:6789/0] conn(0x7f7104107ef0 0x7f710419bf40 unknown :-1 s=CLOSED pgs=56 cs=0 l=1 rev1=1 crypto rx=0 tx=0 comp rx=0 tx=0).stop
2024-03-19T01:07:09.051 INFO:teuthology.orchestra.run.smithi094.stdout:/usr/bin/ceph: stderr
2024-03-19T01:07:08.195+0000 7f710c12e700 1 -- 172.21.15.94:0/1845638244 >> 172.21.15.94:0/1845638244 conn(0x7f7104103560 msgr2=0x7f7104103fe0 unknown :-1 s=STATE_NONE l=0).mark_down
2024-03-19T01:07:09.051 INFO:teuthology.orchestra.run.smithi094.stdout:/usr/bin/ceph: stderr
2024-03-19T01:07:08.195+0000 7f710c12e700 1 -- 172.21.15.94:0/1845638244 shutdown_connections
2024-03-19T01:07:09.051 INFO:teuthology.orchestra.run.smithi094.stdout:/usr/bin/ceph: stderr
2024-03-19T01:07:08.195+0000 7f710c12e700 1 -- 172.21.15.94:0/1845638244 wait complete.
