2024-03-19T00:58:54.922+0000 7f5a3fe00700 1 --2- 172.21.15.69:0/2087009747 >> [v2:172.21.15.69:6800/4073584559,v1:172.21.15.69:6801/4073584559] conn(0x7f5a2c038f20 0x7f5a2c03b3e0 unknown :-1 s=NONE pgs=0 cs=0 l=1 rev1=0 crypto rx=0 tx=0 comp rx=0 tx=0).connect
2024-03-19T00:58:56.262 INFO:teuthology.orchestra.run.smithi069.stdout:/usr/bin/ceph: stderr
2024-03-19T00:58:54.922+0000 7f5a3fe00700 1 -- 172.21.15.69:0/2087009747 <== mon.0 v2:172.21.15.69:3300/0 5 ==== osd_map(2..2 src has 1..2) ==== 940+0+0 (secure 0 0 0) 0x7f5a3804d230 con 0x7f5a4807ddf0
2024-03-19T00:58:56.263 INFO:teuthology.orchestra.run.smithi069.stdout:/usr/bin/ceph: stderr
2024-03-19T00:58:54.922+0000 7f5a46a00700 1 --2- 172.21.15.69:0/2087009747 >> [v2:172.21.15.69:6800/4073584559,v1:172.21.15.69:6801/4073584559] conn(0x7f5a2c038f20 0x7f5a2c03b3e0 unknown :-1 s=BANNER_CONNECTING pgs=0 cs=0 l=1 rev1=0 crypto rx=0 tx=0 comp rx=0 tx=0)._handle_peer_banner_payload supported=3 required=0
2024-03-19T00:58:56.263 INFO:teuthology.orchestra.run.smithi069.stdout:/usr/bin/ceph: stderr
2024-03-19T00:58:54.923+0000 7f5a46a00700 1 --2- 172.21.15.69:0/2087009747 >> [v2:172.21.15.69:6800/4073584559,v1:172.21.15.69:6801/4073584559] conn(0x7f5a2c038f20 0x7f5a2c03b3e0 secure :-1 s=READY pgs=9 cs=0 l=1 rev1=1 crypto rx=0x7f5a34006fd0 tx=0x7f5a34006e40 comp rx=0 tx=0).ready entity=mgr.14120 client_cookie=0 server_cookie=0 in_seq=0 out_seq=0
2024-03-19T00:58:56.263 INFO:teuthology.orchestra.run.smithi069.stdout:/usr/bin/ceph: stderr
2024-03-19T00:58:54.927+0000 7f5a3fe00700 1 -- 172.21.15.69:0/2087009747 <== mon.0 v2:172.21.15.69:3300/0 6 ==== mon_command_ack([{"prefix": "get_command_descriptions"}]=0 v0) ==== 72+0+186149 (secure 0 0 0) 0x7f5a38017ca0 con 0x7f5a4807ddf0
2024-03-19T00:58:56.263 INFO:teuthology.orchestra.run.smithi069.stdout:/usr/bin/ceph: stderr
2024-03-19T00:58:55.151+0000 7f5a4e800700 1 -- 172.21.15.69:0/2087009747 --> [v2:172.21.15.69:6800/4073584559,v1:172.21.15.69:6801/4073584559] -- mgr_command(tid 0: {"prefix": "cephadm generate-key", "target": ["mon-mgr", ""]}) -- 0x7f5a48104560 con 0x7f5a2c038f20
2024-03-19T00:58:56.263 INFO:teuthology.orchestra.run.smithi069.stdout:/usr/bin/ceph: stderr
2024-03-19T00:58:55.617+0000 7f5a3fe00700 1 -- 172.21.15.69:0/2087009747 <== mgr.14120 v2:172.21.15.69:6800/4073584559 1 ==== mgr_command_reply(tid 0: 0 ) ==== 8+0+0 (secure 0 0 0) 0x7f5a48104560 con 0x7f5a2c038f20
2024-03-19T00:58:56.263 INFO:teuthology.orchestra.run.smithi069.stdout:/usr/bin/ceph: stderr
2024-03-19T00:58:55.621+0000 7f5a4e800700 1 -- 172.21.15.69:0/2087009747 >> [v2:172.21.15.69:6800/4073584559,v1:172.21.15.69:6801/4073584559] conn(0x7f5a2c038f20 msgr2=0x7f5a2c03b3e0 secure :-1 s=STATE_CONNECTION_ESTABLISHED l=1).mark_down
2024-03-19T00:58:56.263 INFO:teuthology.orchestra.run.smithi069.stdout:/usr/bin/ceph: stderr
2024-03-19T00:58:55.621+0000 7f5a4e800700 1 --2- 172.21.15.69:0/2087009747 >> [v2:172.21.15.69:6800/4073584559,v1:172.21.15.69:6801/4073584559] conn(0x7f5a2c038f20 0x7f5a2c03b3e0 secure :-1 s=READY pgs=9 cs=0 l=1 rev1=1 crypto rx=0x7f5a34006fd0 tx=0x7f5a34006e40 comp rx=0 tx=0).stop
2024-03-19T00:58:56.263 INFO:teuthology.orchestra.run.smithi069.stdout:/usr/bin/ceph: stderr
2024-03-19T00:58:55.621+0000 7f5a4e800700 1 -- 172.21.15.69:0/2087009747 >> [v2:172.21.15.69:3300/0,v1:172.21.15.69:6789/0] conn(0x7f5a4807ddf0 msgr2=0x7f5a4819de30 secure :-1 s=STATE_CONNECTION_ESTABLISHED l=1).mark_down
2024-03-19T00:58:56.263 INFO:teuthology.orchestra.run.smithi069.stdout:/usr/bin/ceph: stderr
2024-03-19T00:58:55.621+0000 7f5a4e800700 1 --2- 172.21.15.69:0/2087009747 >> [v2:172.21.15.69:3300/0,v1:172.21.15.69:6789/0] conn(0x7f5a4807ddf0 0x7f5a4819de30 secure :-1 s=READY pgs=42 cs=0 l=1 rev1=1 crypto rx=0x7f5a38011670 tx=0x7f5a38011b60 comp rx=0 tx=0).stop
2024-03-19T00:58:56.263 INFO:teuthology.orchestra.run.smithi069.stdout:/usr/bin/ceph: stderr
2024-03-19T00:58:55.621+0000 7f5a4e800700 1 -- 172.21.15.69:0/2087009747 shutdown_connections
2024-03-19T00:58:56.263 INFO:teuthology.orchestra.run.smithi069.stdout:/usr/bin/ceph: stderr
2024-03-19T00:58:55.621+0000 7f5a4e800700 1 --2- 172.21.15.69:0/2087009747 >> [v2:172.21.15.69:6800/4073584559,v1:172.21.15.69:6801/4073584559] conn(0x7f5a2c038f20 0x7f5a2c03b3e0 unknown :-1 s=CLOSED pgs=9 cs=0 l=1 rev1=1 crypto rx=0 tx=0 comp rx=0 tx=0).stop
2024-03-19T00:58:56.263 INFO:teuthology.orchestra.run.smithi069.stdout:/usr/bin/ceph: stderr
2024-03-19T00:58:55.621+0000 7f5a4e800700 1 --2- 172.21.15.69:0/2087009747 >> [v2:172.21.15.69:3300/0,v1:172.21.15.69:6789/0] conn(0x7f5a4807ddf0 0x7f5a4819de30 unknown :-1 s=CLOSED pgs=42 cs=0 l=1 rev1=1 crypto rx=0 tx=0 comp rx=0 tx=0).stop
2024-03-19T00:58:56.263 INFO:teuthology.orchestra.run.smithi069.stdout:/usr/bin/ceph: stderr
2024-03-19T00:58:55.621+0000 7f5a4e800700 1 -- 172.21.15.69:0/2087009747 >> 172.21.15.69:0/2087009747 conn(0x7f5a48103360 msgr2=0x7f5a48103e50 unknown :-1 s=STATE_NONE l=0).mark_down
2024-03-19T00:58:56.263 INFO:teuthology.orchestra.run.smithi069.stdout:/usr/bin/ceph: stderr
2024-03-19T00:58:55.621+0000 7f5a4e800700 1 -- 172.21.15.69:0/2087009747 shutdown_connections
2024-03-19T00:58:56.263 INFO:teuthology.orchestra.run.smithi069.stdout:/usr/bin/ceph: stderr
2024-03-19T00:58:55.622+0000 7f5a4e800700 1 -- 172.21.15.69:0/2087009747 wait complete.
2024-03-19T00:58:56.776 INFO:journalctl@ceph.mon.a.smithi069.stdout:Mar 19 00:58:56 smithi069 ceph-mon[31727]: from='client.14136 -' entity='client.admin' cmd=[{"prefix": "cephadm generate-key", "target": ["mon-mgr", ""]}]: dispatch
2024-03-19T00:58:56.776 INFO:journalctl@ceph.mon.a.smithi069.stdout:Mar 19 00:58:56 smithi069 ceph-mon[31727]: Generating ssh key...
2024-03-19T00:58:56.776 INFO:journalctl@ceph.mon.a.smithi069.stdout:Mar 19 00:58:56 smithi069 ceph-mon[31727]: from='mgr.14120 172.21.15.69:0/3148857341' entity='mgr.x'
2024-03-19T00:58:56.776 INFO:journalctl@ceph.mon.a.smithi069.stdout:Mar 19 00:58:56 smithi069 ceph-mon[31727]: from='mgr.14120 172.21.15.69:0/3148857341' entity='mgr.x'
2024-03-19T00:58:57.771 INFO:teuthology.orchestra.run.smithi069.stdout:/usr/bin/ceph: stdout ssh-rsa AAAAB3NzaC1yc2EAAAADAQABAAABgQDZElbmgFaeL/glKigdAXtw09oGaz87AEKLPO/i6+Leg+zgPwpYJPkQ1G7rtrDXm9mkM5fo+sp1uuQ/nH/RXzI82QlDiREeEQHo5mBYgl/mEdZp5XfHBx8+LMBZY//OwVuAF0rWgwS8ev9zzTh9d5RF78ppNCmiZmj/FwoWnzjhWyUUQ2aJdCiKvJdANGZDwPgreO8+Q3WpGCoJTjMMB8Js+g0O0pxHvs+OuIrDYsIUkEOmC4sbw4hVSibYDsS3JGjp58Mt82CkThESVzjqXgqmoWEhX9A7M9bO+vjjksCP5PGd64sT3HzYUavux1wFucUpU5X51oBVar9DLVFdN0nT33EBYUgOK1f5c3nCGqh8IcraUEGg+aF8fCfBt1E0eatvSsYfBHmUDFmVKGhhUegEeRVTbM8JXbvuCofLqbl2RrzuLfbzbX6vk5+hFAyGfyvYTFp9Xw8gVWClqMKDMwQHXyzVzA0+skPivmNBzUCuw4CZrn0Mqh5dcV5bV7w7gXE= ceph-934de1c2-e58b-11ee-95c9-87774f69a715
2024-03-19T00:58:57.771 INFO:teuthology.orchestra.run.smithi069.stdout:/usr/bin/ceph: stderr
2024-03-19T00:58:56.854+0000 7fe019c00700 1 Processor -- start
2024-03-19T00:58:57.771 INFO:teuthology.orchestra.run.smithi069.stdout:/usr/bin/ceph: stderr
2024-03-19T00:58:56.854+0000 7fe019c00700 1 -- start start
2024-03-19T00:58:57.771 INFO:teuthology.orchestra.run.smithi069.stdout:/usr/bin/ceph: stderr
2024-03-19T00:58:56.854+0000 7fe019c00700 1 --2- >> [v2:172.21.15.69:3300/0,v1:172.21.15.69:6789/0] conn(0x7fe0141059e0 0x7fe014105e00 unknown :-1 s=NONE pgs=0 cs=0 l=0 rev1=0 crypto rx=0 tx=0 comp rx=0 tx=0).connect
2024-03-19T00:58:57.771 INFO:teuthology.orchestra.run.smithi069.stdout:/usr/bin/ceph: stderr
2024-03-19T00:58:56.854+0000 7fe019c00700 1 -- --> [v2:172.21.15.69:3300/0,v1:172.21.15.69:6789/0] -- mon_getmap magic: 0 -- 0x7fe014106340 con 0x7fe0141059e0
2024-03-19T00:58:57.771 INFO:teuthology.orchestra.run.smithi069.stdout:/usr/bin/ceph: stderr
2024-03-19T00:58:56.855+0000 7fe012a00700 1 --2- >> [v2:172.21.15.69:3300/0,v1:172.21.15.69:6789/0] conn(0x7fe0141059e0 0x7fe014105e00 unknown :-1 s=BANNER_CONNECTING pgs=0 cs=0 l=0 rev1=0 crypto rx=0 tx=0 comp rx=0 tx=0)._handle_peer_banner_payload supported=3 required=0
2024-03-19T00:58:57.772 INFO:teuthology.orchestra.run.smithi069.stdout:/usr/bin/ceph: stderr
2024-03-19T00:58:56.855+0000 7fe012a00700 1 --2- >> [v2:172.21.15.69:3300/0,v1:172.21.15.69:6789/0] conn(0x7fe0141059e0 0x7fe014105e00 unknown :-1 s=HELLO_CONNECTING pgs=0 cs=0 l=0 rev1=1 crypto rx=0 tx=0 comp rx=0 tx=0).handle_hello peer v2:172.21.15.69:3300/0 says I am v2:172.21.15.69:50282/0 (socket says 172.21.15.69:50282)
2024-03-19T00:58:57.772 INFO:teuthology.orchestra.run.smithi069.stdout:/usr/bin/ceph: stderr
2024-03-19T00:58:56.855+0000 7fe012a00700 1 -- 172.21.15.69:0/413636078 learned_addr learned my addr 172.21.15.69:0/413636078 (peer_addr_for_me v2:172.21.15.69:0/0)
2024-03-19T00:58:57.772 INFO:teuthology.orchestra.run.smithi069.stdout:/usr/bin/ceph: stderr
2024-03-19T00:58:56.855+0000 7fe012a00700 1 -- 172.21.15.69:0/413636078 --> [v2:172.21.15.69:3300/0,v1:172.21.15.69:6789/0] -- mon_subscribe({config=0+,monmap=0+}) -- 0x7fe0141064c0 con 0x7fe0141059e0
2024-03-19T00:58:57.772 INFO:teuthology.orchestra.run.smithi069.stdout:/usr/bin/ceph: stderr
2024-03-19T00:58:56.856+0000 7fe012a00700 1 --2- 172.21.15.69:0/413636078 >> [v2:172.21.15.69:3300/0,v1:172.21.15.69:6789/0] conn(0x7fe0141059e0 0x7fe014105e00 secure :-1 s=READY pgs=43 cs=0 l=1 rev1=1 crypto rx=0x7fe0040098a0 tx=0x7fe004009bb0 comp rx=0 tx=0).ready entity=mon.0 client_cookie=81c0eca33adee5c server_cookie=0 in_seq=0 out_seq=0
2024-03-19T00:58:57.772 INFO:teuthology.orchestra.run.smithi069.stdout:/usr/bin/ceph: stderr
2024-03-19T00:58:56.856+0000 7fe012000700 1 -- 172.21.15.69:0/413636078 <== mon.0 v2:172.21.15.69:3300/0 1 ==== mon_map magic: 0 ==== 205+0+0 (secure 0 0 0) 0x7fe004004160 con 0x7fe0141059e0
2024-03-19T00:58:57.772 INFO:teuthology.orchestra.run.smithi069.stdout:/usr/bin/ceph: stderr
2024-03-19T00:58:56.856+0000 7fe012000700 1 -- 172.21.15.69:0/413636078 <== mon.0 v2:172.21.15.69:3300/0 2 ==== config(27 keys) ==== 1109+0+0 (secure 0 0 0) 0x7fe004004300 con 0x7fe0141059e0
2024-03-19T00:58:57.772 INFO:teuthology.orchestra.run.smithi069.stdout:/usr/bin/ceph: stderr
2024-03-19T00:58:56.856+0000 7fe012000700 1 -- 172.21.15.69:0/413636078 <== mon.0 v2:172.21.15.69:3300/0 3 ==== mon_map magic: 0 ==== 205+0+0 (secure 0 0 0) 0x7fe004011b50 con 0x7fe0141059e0
2024-03-19T00:58:57.772 INFO:teuthology.orchestra.run.smithi069.stdout:/usr/bin/ceph: stderr
2024-03-19T00:58:56.856+0000 7fe019c00700 1 -- 172.21.15.69:0/413636078 >> [v2:172.21.15.69:3300/0,v1:172.21.15.69:6789/0] conn(0x7fe0141059e0 msgr2=0x7fe014105e00 secure :-1 s=STATE_CONNECTION_ESTABLISHED l=1).mark_down
2024-03-19T00:58:57.772 INFO:teuthology.orchestra.run.smithi069.stdout:/usr/bin/ceph: stderr
2024-03-19T00:58:56.856+0000 7fe019c00700 1 --2- 172.21.15.69:0/413636078 >> [v2:172.21.15.69:3300/0,v1:172.21.15.69:6789/0] conn(0x7fe0141059e0 0x7fe014105e00 secure :-1 s=READY pgs=43 cs=0 l=1 rev1=1 crypto rx=0x7fe0040098a0 tx=0x7fe004009bb0 comp rx=0 tx=0).stop
2024-03-19T00:58:57.772 INFO:teuthology.orchestra.run.smithi069.stdout:/usr/bin/ceph: stderr
2024-03-19T00:58:56.857+0000 7fe019c00700 1 -- 172.21.15.69:0/413636078 shutdown_connections
2024-03-19T00:58:57.772 INFO:teuthology.orchestra.run.smithi069.stdout:/usr/bin/ceph: stderr
2024-03-19T00:58:56.857+0000 7fe019c00700 1 --2- 172.21.15.69:0/413636078 >> [v2:172.21.15.69:3300/0,v1:172.21.15.69:6789/0] conn(0x7fe0141059e0 0x7fe014105e00 unknown :-1 s=CLOSED pgs=43 cs=0 l=1 rev1=1 crypto rx=0 tx=0 comp rx=0 tx=0).stop
2024-03-19T00:58:57.772 INFO:teuthology.orchestra.run.smithi069.stdout:/usr/bin/ceph: stderr
2024-03-19T00:58:56.857+0000 7fe019c00700 1 -- 172.21.15.69:0/413636078 >> 172.21.15.69:0/413636078 conn(0x7fe014101480 msgr2=0x7fe0141038c0 unknown :-1 s=STATE_NONE l=0).mark_down
2024-03-19T00:58:57.772 INFO:teuthology.orchestra.run.smithi069.stdout:/usr/bin/ceph: stderr
2024-03-19T00:58:56.857+0000 7fe019c00700 1 -- 172.21.15.69:0/413636078 shutdown_connections
2024-03-19T00:58:57.772 INFO:teuthology.orchestra.run.smithi069.stdout:/usr/bin/ceph: stderr
2024-03-19T00:58:56.857+0000 7fe019c00700 1 -- 172.21.15.69:0/413636078 wait complete.
2024-03-19T00:58:57.772 INFO:teuthology.orchestra.run.smithi069.stdout:/usr/bin/ceph: stderr
2024-03-19T00:58:56.858+0000 7fe019c00700 1 Processor -- start
2024-03-19T00:58:57.773 INFO:teuthology.orchestra.run.smithi069.stdout:/usr/bin/ceph: stderr
2024-03-19T00:58:56.858+0000 7fe019c00700 1 -- start start
2024-03-19T00:58:57.773 INFO:teuthology.orchestra.run.smithi069.stdout:/usr/bin/ceph: stderr
2024-03-19T00:58:56.858+0000 7fe019c00700 1 --2- >> [v2:172.21.15.69:3300/0,v1:172.21.15.69:6789/0] conn(0x7fe0141059e0 0x7fe01419de00 unknown :-1 s=NONE pgs=0 cs=0 l=1 rev1=0 crypto rx=0 tx=0 comp rx=0 tx=0).connect
2024-03-19T00:58:57.773 INFO:teuthology.orchestra.run.smithi069.stdout:/usr/bin/ceph: stderr
2024-03-19T00:58:56.858+0000 7fe019c00700 1 -- --> [v2:172.21.15.69:3300/0,v1:172.21.15.69:6789/0] -- mon_getmap magic: 0 -- 0x7fe01410c070 con 0x7fe0141059e0
2024-03-19T00:58:57.773 INFO:teuthology.orchestra.run.smithi069.stdout:/usr/bin/ceph: stderr
2024-03-19T00:58:56.858+0000 7fe012a00700 1 --2- >> [v2:172.21.15.69:3300/0,v1:172.21.15.69:6789/0] conn(0x7fe0141059e0 0x7fe01419de00 unknown :-1 s=BANNER_CONNECTING pgs=0 cs=0 l=1 rev1=0 crypto rx=0 tx=0 comp rx=0 tx=0)._handle_peer_banner_payload supported=3 required=0
2024-03-19T00:58:57.773 INFO:teuthology.orchestra.run.smithi069.stdout:/usr/bin/ceph: stderr
2024-03-19T00:58:56.858+0000 7fe012a00700 1 --2- >> [v2:172.21.15.69:3300/0,v1:172.21.15.69:6789/0] conn(0x7fe0141059e0 0x7fe01419de00 unknown :-1 s=HELLO_CONNECTING pgs=0 cs=0 l=1 rev1=1 crypto rx=0 tx=0 comp rx=0 tx=0).handle_hello peer v2:172.21.15.69:3300/0 says I am v2:172.21.15.69:50298/0 (socket says 172.21.15.69:50298)
2024-03-19T00:58:57.773 INFO:teuthology.orchestra.run.smithi069.stdout:/usr/bin/ceph: stderr
2024-03-19T00:58:56.858+0000 7fe012a00700 1 -- 172.21.15.69:0/880909369 learned_addr learned my addr 172.21.15.69:0/880909369 (peer_addr_for_me v2:172.21.15.69:0/0)
2024-03-19T00:58:57.773 INFO:teuthology.orchestra.run.smithi069.stdout:/usr/bin/ceph: stderr
2024-03-19T00:58:56.859+0000 7fe012a00700 1 -- 172.21.15.69:0/880909369 --> [v2:172.21.15.69:3300/0,v1:172.21.15.69:6789/0] -- mon_subscribe({config=0+,monmap=0+}) -- 0x7fe01419e340 con 0x7fe0141059e0
2024-03-19T00:58:57.773 INFO:teuthology.orchestra.run.smithi069.stdout:/usr/bin/ceph: stderr
2024-03-19T00:58:56.859+0000 7fe012a00700 1 --2- 172.21.15.69:0/880909369 >> [v2:172.21.15.69:3300/0,v1:172.21.15.69:6789/0] conn(0x7fe0141059e0 0x7fe01419de00 secure :-1 s=READY pgs=44 cs=0 l=1 rev1=1 crypto rx=0x7fe004011b60 tx=0x7fe004011c40 comp rx=0 tx=0).ready entity=mon.0 client_cookie=0 server_cookie=0 in_seq=0 out_seq=0
2024-03-19T00:58:57.773 INFO:teuthology.orchestra.run.smithi069.stdout:/usr/bin/ceph: stderr
2024-03-19T00:58:56.859+0000 7fe00b400700 1 -- 172.21.15.69:0/880909369 <== mon.0 v2:172.21.15.69:3300/0 1 ==== mon_map magic: 0 ==== 205+0+0 (secure 0 0 0) 0x7fe004003b20 con 0x7fe0141059e0
2024-03-19T00:58:57.773 INFO:teuthology.orchestra.run.smithi069.stdout:/usr/bin/ceph: stderr
2024-03-19T00:58:56.859+0000 7fe00b400700 1 -- 172.21.15.69:0/880909369 <== mon.0 v2:172.21.15.69:3300/0 2 ==== config(27 keys) ==== 1109+0+0 (secure 0 0 0) 0x7fe004003cc0 con 0x7fe0141059e0
2024-03-19T00:58:57.773 INFO:teuthology.orchestra.run.smithi069.stdout:/usr/bin/ceph: stderr
2024-03-19T00:58:56.859+0000 7fe019c00700 1 -- 172.21.15.69:0/880909369 --> [v2:172.21.15.69:3300/0,v1:172.21.15.69:6789/0] -- mon_subscribe({mgrmap=0+}) -- 0x7fe01419e5d0 con 0x7fe0141059e0
2024-03-19T00:58:57.773 INFO:teuthology.orchestra.run.smithi069.stdout:/usr/bin/ceph: stderr
2024-03-19T00:58:56.859+0000 7fe00b400700 1 -- 172.21.15.69:0/880909369 <== mon.0 v2:172.21.15.69:3300/0 3 ==== mon_map magic: 0 ==== 205+0+0 (secure 0 0 0) 0x7fe004024840 con 0x7fe0141059e0
2024-03-19T00:58:57.773 INFO:teuthology.orchestra.run.smithi069.stdout:/usr/bin/ceph: stderr
2024-03-19T00:58:56.860+0000 7fe019c00700 1 -- 172.21.15.69:0/880909369 --> [v2:172.21.15.69:3300/0,v1:172.21.15.69:6789/0] -- mon_subscribe({osdmap=0}) -- 0x7fe0141a12c0 con 0x7fe0141059e0
2024-03-19T00:58:57.773 INFO:teuthology.orchestra.run.smithi069.stdout:/usr/bin/ceph: stderr
2024-03-19T00:58:56.861+0000 7fe00b400700 1 -- 172.21.15.69:0/880909369 <== mon.0 v2:172.21.15.69:3300/0 4 ==== mgrmap(e 8) ==== 46106+0+0 (secure 0 0 0) 0x7fe004022020 con 0x7fe0141059e0
2024-03-19T00:58:57.773 INFO:teuthology.orchestra.run.smithi069.stdout:/usr/bin/ceph: stderr
2024-03-19T00:58:56.861+0000 7fe019c00700 1 -- 172.21.15.69:0/880909369 --> [v2:172.21.15.69:3300/0,v1:172.21.15.69:6789/0] -- mon_command({"prefix": "get_command_descriptions"} v 0) -- 0x7fe014063940 con 0x7fe0141059e0
2024-03-19T00:58:57.774 INFO:teuthology.orchestra.run.smithi069.stdout:/usr/bin/ceph: stderr
2024-03-19T00:58:56.861+0000 7fe00b400700 1 --2- 172.21.15.69:0/880909369 >> [v2:172.21.15.69:6800/4073584559,v1:172.21.15.69:6801/4073584559] conn(0x7fdff8038f70 0x7fdff803b430 unknown :-1 s=NONE pgs=0 cs=0 l=1 rev1=0 crypto rx=0 tx=0 comp rx=0 tx=0).connect
2024-03-19T00:58:57.774 INFO:teuthology.orchestra.run.smithi069.stdout:/usr/bin/ceph: stderr
2024-03-19T00:58:56.861+0000 7fe00b400700 1 -- 172.21.15.69:0/880909369 <== mon.0 v2:172.21.15.69:3300/0 5 ==== osd_map(2..2 src has 1..2) ==== 940+0+0 (secure 0 0 0) 0x7fe004011e00 con 0x7fe0141059e0
2024-03-19T00:58:57.774 INFO:teuthology.orchestra.run.smithi069.stdout:/usr/bin/ceph: stderr
2024-03-19T00:58:56.861+0000 7fe00be00700 1 --2- 172.21.15.69:0/880909369 >> [v2:172.21.15.69:6800/4073584559,v1:172.21.15.69:6801/4073584559] conn(0x7fdff8038f70 0x7fdff803b430 unknown :-1 s=BANNER_CONNECTING pgs=0 cs=0 l=1 rev1=0 crypto rx=0 tx=0 comp rx=0 tx=0)._handle_peer_banner_payload supported=3 required=0
2024-03-19T00:58:57.774 INFO:teuthology.orchestra.run.smithi069.stdout:/usr/bin/ceph: stderr
2024-03-19T00:58:56.862+0000 7fe00be00700 1 --2- 172.21.15.69:0/880909369 >> [v2:172.21.15.69:6800/4073584559,v1:172.21.15.69:6801/4073584559] conn(0x7fdff8038f70 0x7fdff803b430 secure :-1 s=READY pgs=10 cs=0 l=1 rev1=1 crypto rx=0x7fdffc006fd0 tx=0x7fdffc006e40 comp rx=0 tx=0).ready entity=mgr.14120 client_cookie=0 server_cookie=0 in_seq=0 out_seq=0
2024-03-19T00:58:57.774 INFO:teuthology.orchestra.run.smithi069.stdout:/usr/bin/ceph: stderr
2024-03-19T00:58:56.867+0000 7fe00b400700 1 -- 172.21.15.69:0/880909369 <== mon.0 v2:172.21.15.69:3300/0 6 ==== mon_command_ack([{"prefix": "get_command_descriptions"}]=0 v0) ==== 72+0+186149 (secure 0 0 0) 0x7fe00401a7b0 con 0x7fe0141059e0
2024-03-19T00:58:57.774 INFO:teuthology.orchestra.run.smithi069.stdout:/usr/bin/ceph: stderr
2024-03-19T00:58:57.091+0000 7fe019c00700 1 -- 172.21.15.69:0/880909369 --> [v2:172.21.15.69:6800/4073584559,v1:172.21.15.69:6801/4073584559] -- mgr_command(tid 0: {"prefix": "cephadm get-pub-key", "target": ["mon-mgr", ""]}) -- 0x7fe0141026d0 con 0x7fdff8038f70
2024-03-19T00:58:57.774 INFO:teuthology.orchestra.run.smithi069.stdout:/usr/bin/ceph: stderr
2024-03-19T00:58:57.092+0000 7fe00b400700 1 -- 172.21.15.69:0/880909369 <== mgr.14120 v2:172.21.15.69:6800/4073584559 1 ==== mgr_command_reply(tid 0: 0 ) ==== 8+0+595 (secure 0 0 0) 0x7fe0141026d0 con 0x7fdff8038f70
2024-03-19T00:58:57.774 INFO:teuthology.orchestra.run.smithi069.stdout:/usr/bin/ceph: stderr
2024-03-19T00:58:57.095+0000 7fe019c00700 1 -- 172.21.15.69:0/880909369 >> [v2:172.21.15.69:6800/4073584559,v1:172.21.15.69:6801/4073584559] conn(0x7fdff8038f70 msgr2=0x7fdff803b430 secure :-1 s=STATE_CONNECTION_ESTABLISHED l=1).mark_down
2024-03-19T00:58:57.774 INFO:teuthology.orchestra.run.smithi069.stdout:/usr/bin/ceph: stderr
2024-03-19T00:58:57.095+0000 7fe019c00700 1 --2- 172.21.15.69:0/880909369 >> [v2:172.21.15.69:6800/4073584559,v1:172.21.15.69:6801/4073584559] conn(0x7fdff8038f70 0x7fdff803b430 secure :-1 s=READY pgs=10 cs=0 l=1 rev1=1 crypto rx=0x7fdffc006fd0 tx=0x7fdffc006e40 comp rx=0 tx=0).stop
2024-03-19T00:58:57.774 INFO:teuthology.orchestra.run.smithi069.stdout:/usr/bin/ceph: stderr
2024-03-19T00:58:57.095+0000 7fe019c00700 1 -- 172.21.15.69:0/880909369 >> [v2:172.21.15.69:3300/0,v1:172.21.15.69:6789/0] conn(0x7fe0141059e0 msgr2=0x7fe01419de00 secure :-1 s=STATE_CONNECTION_ESTABLISHED l=1).mark_down
2024-03-19T00:58:57.774 INFO:teuthology.orchestra.run.smithi069.stdout:/usr/bin/ceph: stderr
2024-03-19T00:58:57.095+0000 7fe019c00700 1 --2- 172.21.15.69:0/880909369 >> [v2:172.21.15.69:3300/0,v1:172.21.15.69:6789/0] conn(0x7fe0141059e0 0x7fe01419de00 secure :-1 s=READY pgs=44 cs=0 l=1 rev1=1 crypto rx=0x7fe004011b60 tx=0x7fe004011c40 comp rx=0 tx=0).stop
2024-03-19T00:58:57.774 INFO:teuthology.orchestra.run.smithi069.stdout:/usr/bin/ceph: stderr
2024-03-19T00:58:57.095+0000 7fe019c00700 1 -- 172.21.15.69:0/880909369 shutdown_connections
2024-03-19T00:58:57.774 INFO:teuthology.orchestra.run.smithi069.stdout:/usr/bin/ceph: stderr
2024-03-19T00:58:57.095+0000 7fe019c00700 1 --2- 172.21.15.69:0/880909369 >> [v2:172.21.15.69:6800/4073584559,v1:172.21.15.69:6801/4073584559] conn(0x7fdff8038f70 0x7fdff803b430 unknown :-1 s=CLOSED pgs=10 cs=0 l=1 rev1=1 crypto rx=0 tx=0 comp rx=0 tx=0).stop
2024-03-19T00:58:57.774 INFO:teuthology.orchestra.run.smithi069.stdout:/usr/bin/ceph: stderr
2024-03-19T00:58:57.095+0000 7fe019c00700 1 --2- 172.21.15.69:0/880909369 >> [v2:172.21.15.69:3300/0,v1:172.21.15.69:6789/0] conn(0x7fe0141059e0 0x7fe01419de00 unknown :-1 s=CLOSED pgs=44 cs=0 l=1 rev1=1 crypto rx=0 tx=0 comp rx=0 tx=0).stop
2024-03-19T00:58:57.775 INFO:teuthology.orchestra.run.smithi069.stdout:/usr/bin/ceph: stderr
2024-03-19T00:58:57.095+0000 7fe019c00700 1 -- 172.21.15.69:0/880909369 >> 172.21.15.69:0/880909369 conn(0x7fe014101480 msgr2=0x7fe014101fc0 unknown :-1 s=STATE_NONE l=0).mark_down
2024-03-19T00:58:57.775 INFO:teuthology.orchestra.run.smithi069.stdout:/usr/bin/ceph: stderr
2024-03-19T00:58:57.095+0000 7fe019c00700 1 -- 172.21.15.69:0/880909369 shutdown_connections
2024-03-19T00:58:57.775 INFO:teuthology.orchestra.run.smithi069.stdout:/usr/bin/ceph: stderr
2024-03-19T00:58:57.095+0000 7fe019c00700 1 -- 172.21.15.69:0/880909369 wait complete.
2024-03-19T00:58:57.775 INFO:teuthology.orchestra.run.smithi069.stdout:Wrote public SSH key to /home/ubuntu/cephtest/ceph.pub
2024-03-19T00:58:57.775 INFO:teuthology.orchestra.run.smithi069.stdout:Adding key to root@localhost authorized_keys...
2024-03-19T00:58:57.775 INFO:teuthology.orchestra.run.smithi069.stdout:Adding host smithi069...
2024-03-19T00:58:58.032 INFO:journalctl@ceph.mon.a.smithi069.stdout:Mar 19 00:58:57 smithi069 ceph-mon[31727]: from='client.14138 -' entity='client.admin' cmd=[{"prefix": "cephadm get-pub-key", "target": ["mon-mgr", ""]}]: dispatch
2024-03-19T00:58:58.949 INFO:journalctl@ceph.mon.a.smithi069.stdout:Mar 19 00:58:58 smithi069 ceph-mon[31727]: from='client.14140 -' entity='client.admin' cmd=[{"prefix": "orch host add", "hostname": "smithi069", "addr": "172.21.15.69", "target": ["mon-mgr", ""]}]: dispatch
2024-03-19T00:59:01.032 INFO:journalctl@ceph.mon.a.smithi069.stdout:Mar 19 00:59:00 smithi069 ceph-mon[31727]: Deploying cephadm binary to smithi069
2024-03-19T00:59:05.777 INFO:teuthology.orchestra.run.smithi069.stdout:/usr/bin/ceph: stdout Added host 'smithi069' with addr '172.21.15.69'
2024-03-19T00:59:05.777 INFO:teuthology.orchestra.run.smithi069.stdout:/usr/bin/ceph: stderr
2024-03-19T00:58:58.394+0000 7efff9c00700 1 Processor -- start
2024-03-19T00:59:05.777 INFO:teuthology.orchestra.run.smithi069.stdout:/usr/bin/ceph: stderr
2024-03-19T00:58:58.394+0000 7efff9c00700 1 -- start start
2024-03-19T00:59:05.778 INFO:teuthology.orchestra.run.smithi069.stdout:/usr/bin/ceph: stderr
2024-03-19T00:58:58.395+0000 7efff9c00700 1 --2- >> [v2:172.21.15.69:3300/0,v1:172.21.15.69:6789/0] conn(0x7efff407de40 0x7efff407c340 unknown :-1 s=NONE pgs=0 cs=0 l=0 rev1=0 crypto rx=0 tx=0 comp rx=0 tx=0).connect
2024-03-19T00:59:05.778 INFO:teuthology.orchestra.run.smithi069.stdout:/usr/bin/ceph: stderr
2024-03-19T00:58:58.395+0000 7efff9c00700 1 -- --> [v2:172.21.15.69:3300/0,v1:172.21.15.69:6789/0] -- mon_getmap magic: 0 -- 0x7efff407c880 con 0x7efff407de40
2024-03-19T00:59:05.778 INFO:teuthology.orchestra.run.smithi069.stdout:/usr/bin/ceph: stderr
2024-03-19T00:58:58.395+0000 7efff2a00700 1 --2- >> [v2:172.21.15.69:3300/0,v1:172.21.15.69:6789/0] conn(0x7efff407de40 0x7efff407c340 unknown :-1 s=BANNER_CONNECTING pgs=0 cs=0 l=0 rev1=0 crypto rx=0 tx=0 comp rx=0 tx=0)._handle_peer_banner_payload supported=3 required=0
2024-03-19T00:59:05.778 INFO:teuthology.orchestra.run.smithi069.stdout:/usr/bin/ceph: stderr
2024-03-19T00:58:58.395+0000 7efff2a00700 1 --2- >> [v2:172.21.15.69:3300/0,v1:172.21.15.69:6789/0] conn(0x7efff407de40 0x7efff407c340 unknown :-1 s=HELLO_CONNECTING pgs=0 cs=0 l=0 rev1=1 crypto rx=0 tx=0 comp rx=0 tx=0).handle_hello peer v2:172.21.15.69:3300/0 says I am v2:172.21.15.69:50306/0 (socket says 172.21.15.69:50306)
2024-03-19T00:59:05.778 INFO:teuthology.orchestra.run.smithi069.stdout:/usr/bin/ceph: stderr
2024-03-19T00:58:58.395+0000 7efff2a00700 1 -- 172.21.15.69:0/24691343 learned_addr learned my addr 172.21.15.69:0/24691343 (peer_addr_for_me v2:172.21.15.69:0/0)
2024-03-19T00:59:05.778 INFO:teuthology.orchestra.run.smithi069.stdout:/usr/bin/ceph: stderr
2024-03-19T00:58:58.396+0000 7efff2a00700 1 -- 172.21.15.69:0/24691343 --> [v2:172.21.15.69:3300/0,v1:172.21.15.69:6789/0] -- mon_subscribe({config=0+,monmap=0+}) -- 0x7efff407ca00 con 0x7efff407de40
2024-03-19T00:59:05.778 INFO:teuthology.orchestra.run.smithi069.stdout:/usr/bin/ceph: stderr
2024-03-19T00:58:58.396+0000 7efff2a00700 1 --2- 172.21.15.69:0/24691343 >> [v2:172.21.15.69:3300/0,v1:172.21.15.69:6789/0] conn(0x7efff407de40 0x7efff407c340 secure :-1 s=READY pgs=45 cs=0 l=1 rev1=1 crypto rx=0x7effe4009e80 tx=0x7effe400b330 comp rx=0 tx=0).ready entity=mon.0 client_cookie=b8c2ad3b06ee0ec3 server_cookie=0 in_seq=0 out_seq=0
2024-03-19T00:59:05.778 INFO:teuthology.orchestra.run.smithi069.stdout:/usr/bin/ceph: stderr
2024-03-19T00:58:58.397+0000 7efff1600700 1 -- 172.21.15.69:0/24691343 <== mon.0 v2:172.21.15.69:3300/0 1 ==== mon_map magic: 0 ==== 205+0+0 (secure 0 0 0) 0x7effe4017070 con 0x7efff407de40
2024-03-19T00:59:05.778 INFO:teuthology.orchestra.run.smithi069.stdout:/usr/bin/ceph: stderr
2024-03-19T00:58:58.397+0000 7efff1600700 1 -- 172.21.15.69:0/24691343 <== mon.0 v2:172.21.15.69:3300/0 2 ==== config(27 keys) ==== 1109+0+0 (secure 0 0 0) 0x7effe400b8c0 con 0x7efff407de40
2024-03-19T00:59:05.778 INFO:teuthology.orchestra.run.smithi069.stdout:/usr/bin/ceph: stderr
2024-03-19T00:58:58.397+0000 7efff1600700 1 -- 172.21.15.69:0/24691343 <== mon.0 v2:172.21.15.69:3300/0 3 ==== mon_map magic: 0 ==== 205+0+0 (secure 0 0 0) 0x7effe40045c0 con 0x7efff407de40
2024-03-19T00:59:05.779 INFO:teuthology.orchestra.run.smithi069.stdout:/usr/bin/ceph: stderr
2024-03-19T00:58:58.398+0000 7efff9c00700 1 -- 172.21.15.69:0/24691343 >> [v2:172.21.15.69:3300/0,v1:172.21.15.69:6789/0] conn(0x7efff407de40 msgr2=0x7efff407c340 secure :-1 s=STATE_CONNECTION_ESTABLISHED l=1).mark_down
2024-03-19T00:59:05.779 INFO:teuthology.orchestra.run.smithi069.stdout:/usr/bin/ceph: stderr
2024-03-19T00:58:58.398+0000 7efff9c00700 1 --2- 172.21.15.69:0/24691343 >> [v2:172.21.15.69:3300/0,v1:172.21.15.69:6789/0] conn(0x7efff407de40 0x7efff407c340 secure :-1 s=READY pgs=45 cs=0 l=1 rev1=1 crypto rx=0x7effe4009e80 tx=0x7effe400b330 comp rx=0 tx=0).stop
2024-03-19T00:59:05.779 INFO:teuthology.orchestra.run.smithi069.stdout:/usr/bin/ceph: stderr
2024-03-19T00:58:58.398+0000 7efff9c00700 1 -- 172.21.15.69:0/24691343 shutdown_connections
2024-03-19T00:59:05.779 INFO:teuthology.orchestra.run.smithi069.stdout:/usr/bin/ceph: stderr
2024-03-19T00:58:58.398+0000 7efff9c00700 1 --2- 172.21.15.69:0/24691343 >> [v2:172.21.15.69:3300/0,v1:172.21.15.69:6789/0] conn(0x7efff407de40 0x7efff407c340 unknown :-1 s=CLOSED pgs=45 cs=0 l=1 rev1=1 crypto rx=0 tx=0 comp rx=0 tx=0).stop
2024-03-19T00:59:05.779 INFO:teuthology.orchestra.run.smithi069.stdout:/usr/bin/ceph: stderr
2024-03-19T00:58:58.398+0000 7efff9c00700 1 -- 172.21.15.69:0/24691343 >> 172.21.15.69:0/24691343 conn(0x7efff41032d0 msgr2=0x7efff41056f0 unknown :-1 s=STATE_NONE l=0).mark_down
2024-03-19T00:59:05.779 INFO:teuthology.orchestra.run.smithi069.stdout:/usr/bin/ceph: stderr
2024-03-19T00:58:58.398+0000 7efff9c00700 1 -- 172.21.15.69:0/24691343 shutdown_connections
2024-03-19T00:59:05.779 INFO:teuthology.orchestra.run.smithi069.stdout:/usr/bin/ceph: stderr
2024-03-19T00:58:58.398+0000 7efff9c00700 1 -- 172.21.15.69:0/24691343 wait complete.
2024-03-19T00:59:05.779 INFO:teuthology.orchestra.run.smithi069.stdout:/usr/bin/ceph: stderr
2024-03-19T00:58:58.399+0000 7efff9c00700 1 Processor -- start
2024-03-19T00:59:05.779 INFO:teuthology.orchestra.run.smithi069.stdout:/usr/bin/ceph: stderr
2024-03-19T00:58:58.399+0000 7efff9c00700 1 -- start start
2024-03-19T00:59:05.779 INFO:teuthology.orchestra.run.smithi069.stdout:/usr/bin/ceph: stderr
2024-03-19T00:58:58.399+0000 7efff9c00700 1 --2- >> [v2:172.21.15.69:3300/0,v1:172.21.15.69:6789/0] conn(0x7efff407de40 0x7efff419dda0 unknown :-1 s=NONE pgs=0 cs=0 l=1 rev1=0 crypto rx=0 tx=0 comp rx=0 tx=0).connect
2024-03-19T00:59:05.779 INFO:teuthology.orchestra.run.smithi069.stdout:/usr/bin/ceph: stderr
2024-03-19T00:58:58.400+0000 7efff9c00700 1 -- --> [v2:172.21.15.69:3300/0,v1:172.21.15.69:6789/0] -- mon_getmap magic: 0 -- 0x7efff410e2a0 con 0x7efff407de40
2024-03-19T00:59:05.779 INFO:teuthology.orchestra.run.smithi069.stdout:/usr/bin/ceph: stderr
2024-03-19T00:58:58.400+0000 7efff2a00700 1 --2- >> [v2:172.21.15.69:3300/0,v1:172.21.15.69:6789/0] conn(0x7efff407de40 0x7efff419dda0 unknown :-1 s=BANNER_CONNECTING pgs=0 cs=0 l=1 rev1=0 crypto rx=0 tx=0 comp rx=0 tx=0)._handle_peer_banner_payload supported=3 required=0
2024-03-19T00:59:05.779 INFO:teuthology.orchestra.run.smithi069.stdout:/usr/bin/ceph: stderr
2024-03-19T00:58:58.400+0000 7efff2a00700 1 --2- >> [v2:172.21.15.69:3300/0,v1:172.21.15.69:6789/0] conn(0x7efff407de40 0x7efff419dda0 unknown :-1 s=HELLO_CONNECTING pgs=0 cs=0 l=1 rev1=1 crypto rx=0 tx=0 comp rx=0 tx=0).handle_hello peer v2:172.21.15.69:3300/0 says I am v2:172.21.15.69:50308/0 (socket says 172.21.15.69:50308)
2024-03-19T00:59:05.780 INFO:teuthology.orchestra.run.smithi069.stdout:/usr/bin/ceph: stderr
2024-03-19T00:58:58.400+0000 7efff2a00700 1 -- 172.21.15.69:0/773252791 learned_addr learned my addr 172.21.15.69:0/773252791 (peer_addr_for_me v2:172.21.15.69:0/0)
2024-03-19T00:59:05.780 INFO:teuthology.orchestra.run.smithi069.stdout:/usr/bin/ceph: stderr
2024-03-19T00:58:58.400+0000 7efff2a00700 1 -- 172.21.15.69:0/773252791 --> [v2:172.21.15.69:3300/0,v1:172.21.15.69:6789/0] -- mon_subscribe({config=0+,monmap=0+}) -- 0x7efff419e2e0 con 0x7efff407de40
2024-03-19T00:59:05.780 INFO:teuthology.orchestra.run.smithi069.stdout:/usr/bin/ceph: stderr
2024-03-19T00:58:58.400+0000 7efff2a00700 1 --2- 172.21.15.69:0/773252791 >> [v2:172.21.15.69:3300/0,v1:172.21.15.69:6789/0] conn(0x7efff407de40 0x7efff419dda0 secure :-1 s=READY pgs=46 cs=0 l=1 rev1=1 crypto rx=0x7effe4004350 tx=0x7effe400bd50 comp rx=0 tx=0).ready entity=mon.0 client_cookie=0 server_cookie=0 in_seq=0 out_seq=0
2024-03-19T00:59:05.780 INFO:teuthology.orchestra.run.smithi069.stdout:/usr/bin/ceph: stderr
2024-03-19T00:58:58.401+0000 7effeb400700 1 -- 172.21.15.69:0/773252791 <== mon.0 v2:172.21.15.69:3300/0 1 ==== mon_map magic: 0 ==== 205+0+0 (secure 0 0 0) 0x7effe4020020 con 0x7efff407de40
2024-03-19T00:59:05.780 INFO:teuthology.orchestra.run.smithi069.stdout:/usr/bin/ceph: stderr
2024-03-19T00:58:58.401+0000 7effeb400700 1 -- 172.21.15.69:0/773252791 <== mon.0 v2:172.21.15.69:3300/0 2 ==== config(27 keys) ==== 1109+0+0 (secure 0 0 0) 0x7effe4003c10 con 0x7efff407de40
2024-03-19T00:59:05.780 INFO:teuthology.orchestra.run.smithi069.stdout:/usr/bin/ceph: stderr
2024-03-19T00:58:58.401+0000 7efff9c00700 1 -- 172.21.15.69:0/773252791 --> [v2:172.21.15.69:3300/0,v1:172.21.15.69:6789/0] -- mon_subscribe({mgrmap=0+}) -- 0x7efff419e570 con 0x7efff407de40
2024-03-19T00:59:05.780 INFO:teuthology.orchestra.run.smithi069.stdout:/usr/bin/ceph: stderr
2024-03-19T00:58:58.401+0000 7effeb400700 1 -- 172.21.15.69:0/773252791 <== mon.0 v2:172.21.15.69:3300/0 3 ==== mon_map magic: 0 ==== 205+0+0 (secure 0 0 0) 0x7effe4017040 con 0x7efff407de40
2024-03-19T00:59:05.780 INFO:teuthology.orchestra.run.smithi069.stdout:/usr/bin/ceph: stderr
2024-03-19T00:58:58.401+0000 7efff9c00700 1 -- 172.21.15.69:0/773252791 --> [v2:172.21.15.69:3300/0,v1:172.21.15.69:6789/0] -- mon_subscribe({osdmap=0}) -- 0x7efff41a1260 con 0x7efff407de40
2024-03-19T00:59:05.780 INFO:teuthology.orchestra.run.smithi069.stdout:/usr/bin/ceph: stderr
2024-03-19T00:58:58.402+0000 7effeb400700 1 -- 172.21.15.69:0/773252791 <== mon.0 v2:172.21.15.69:3300/0 4 ==== mgrmap(e 8) ==== 46106+0+0 (secure 0 0 0) 0x7effe4023020 con 0x7efff407de40
2024-03-19T00:59:05.780 INFO:teuthology.orchestra.run.smithi069.stdout:/usr/bin/ceph: stderr
2024-03-19T00:58:58.402+0000 7efff9c00700 1 -- 172.21.15.69:0/773252791 --> [v2:172.21.15.69:3300/0,v1:172.21.15.69:6789/0] -- mon_command({"prefix": "get_command_descriptions"} v 0) -- 0x7efff4063940 con 0x7efff407de40
2024-03-19T00:59:05.780 INFO:teuthology.orchestra.run.smithi069.stdout:/usr/bin/ceph: stderr
2024-03-19T00:58:58.403+0000 7effeb400700 1 --2- 172.21.15.69:0/773252791 >> [v2:172.21.15.69:6800/4073584559,v1:172.21.15.69:6801/4073584559] conn(0x7effd8038f20 0x7effd803b3e0 unknown :-1 s=NONE pgs=0 cs=0 l=1 rev1=0 crypto rx=0 tx=0 comp rx=0 tx=0).connect
2024-03-19T00:59:05.780 INFO:teuthology.orchestra.run.smithi069.stdout:/usr/bin/ceph: stderr
2024-03-19T00:58:58.403+0000 7effeb400700 1 -- 172.21.15.69:0/773252791 <== mon.0 v2:172.21.15.69:3300/0 5 ==== osd_map(2..2 src has 1..2) ==== 940+0+0 (secure 0 0 0) 0x7effe400f050 con 0x7efff407de40
2024-03-19T00:59:05.780 INFO:teuthology.orchestra.run.smithi069.stdout:/usr/bin/ceph: stderr
2024-03-19T00:58:58.403+0000 7efff2000700 1 --2- 172.21.15.69:0/773252791 >> [v2:172.21.15.69:6800/4073584559,v1:172.21.15.69:6801/4073584559] conn(0x7effd8038f20 0x7effd803b3e0 unknown :-1 s=BANNER_CONNECTING pgs=0 cs=0 l=1 rev1=0 crypto rx=0 tx=0 comp rx=0 tx=0)._handle_peer_banner_payload supported=3 required=0
2024-03-19T00:59:05.780 INFO:teuthology.orchestra.run.smithi069.stdout:/usr/bin/ceph: stderr
2024-03-19T00:58:58.404+0000 7efff2000700 1 --2- 172.21.15.69:0/773252791 >> [v2:172.21.15.69:6800/4073584559,v1:172.21.15.69:6801/4073584559] conn(0x7effd8038f20 0x7effd803b3e0 secure :-1 s=READY pgs=11 cs=0 l=1 rev1=1 crypto rx=0x7effe0006fd0 tx=0x7effe0006e40 comp rx=0 tx=0).ready entity=mgr.14120 client_cookie=0 server_cookie=0 in_seq=0 out_seq=0
2024-03-19T00:59:05.781 INFO:teuthology.orchestra.run.smithi069.stdout:/usr/bin/ceph: stderr
2024-03-19T00:58:58.408+0000 7effeb400700 1 -- 172.21.15.69:0/773252791 <== mon.0 v2:172.21.15.69:3300/0 6 ==== mon_command_ack([{"prefix": "get_command_descriptions"}]=0 v0) ==== 72+0+186149 (secure 0 0 0) 0x7effe402a020 con 0x7efff407de40
2024-03-19T00:59:05.781 INFO:teuthology.orchestra.run.smithi069.stdout:/usr/bin/ceph: stderr
2024-03-19T00:58:58.632+0000 7efff9c00700 1 -- 172.21.15.69:0/773252791 --> [v2:172.21.15.69:6800/4073584559,v1:172.21.15.69:6801/4073584559] -- mgr_command(tid 0: {"prefix": "orch host add", "hostname": "smithi069", "addr": "172.21.15.69", "target": ["mon-mgr", ""]}) -- 0x7efff4104440 con 0x7effd8038f20
2024-03-19T00:59:05.781 INFO:teuthology.orchestra.run.smithi069.stdout:/usr/bin/ceph: stderr
2024-03-19T00:59:05.027+0000 7effeb400700 1 -- 172.21.15.69:0/773252791 <== mgr.14120 v2:172.21.15.69:6800/4073584559 1 ==== mgr_command_reply(tid 0: 0 ) ==== 8+0+48 (secure 0 0 0) 0x7efff4104440 con 0x7effd8038f20
2024-03-19T00:59:05.781 INFO:teuthology.orchestra.run.smithi069.stdout:/usr/bin/ceph: stderr
2024-03-19T00:59:05.031+0000 7efff9c00700 1 -- 172.21.15.69:0/773252791 >> [v2:172.21.15.69:6800/4073584559,v1:172.21.15.69:6801/4073584559] conn(0x7effd8038f20 msgr2=0x7effd803b3e0 secure :-1 s=STATE_CONNECTION_ESTABLISHED l=1).mark_down
2024-03-19T00:59:05.781 INFO:teuthology.orchestra.run.smithi069.stdout:/usr/bin/ceph: stderr
2024-03-19T00:59:05.031+0000 7efff9c00700 1 --2- 172.21.15.69:0/773252791 >> [v2:172.21.15.69:6800/4073584559,v1:172.21.15.69:6801/4073584559] conn(0x7effd8038f20 0x7effd803b3e0 secure :-1 s=READY pgs=11 cs=0 l=1 rev1=1 crypto rx=0x7effe0006fd0 tx=0x7effe0006e40 comp rx=0 tx=0).stop
2024-03-19T00:59:05.781 INFO:teuthology.orchestra.run.smithi069.stdout:/usr/bin/ceph: stderr
2024-03-19T00:59:05.031+0000 7efff9c00700 1 -- 172.21.15.69:0/773252791 >> [v2:172.21.15.69:3300/0,v1:172.21.15.69:6789/0] conn(0x7efff407de40 msgr2=0x7efff419dda0 secure :-1 s=STATE_CONNECTION_ESTABLISHED l=1).mark_down
2024-03-19T00:59:05.781 INFO:teuthology.orchestra.run.smithi069.stdout:/usr/bin/ceph: stderr
2024-03-19T00:59:05.031+0000 7efff9c00700 1 --2- 172.21.15.69:0/773252791 >> [v2:172.21.15.69:3300/0,v1:172.21.15.69:6789/0] conn(0x7efff407de40 0x7efff419dda0 secure :-1 s=READY pgs=46 cs=0 l=1 rev1=1 crypto rx=0x7effe4004350 tx=0x7effe400bd50 comp rx=0 tx=0).stop
2024-03-19T00:59:05.781 INFO:teuthology.orchestra.run.smithi069.stdout:/usr/bin/ceph: stderr
2024-03-19T00:59:05.031+0000 7efff9c00700 1 -- 172.21.15.69:0/773252791 shutdown_connections
2024-03-19T00:59:05.781 INFO:teuthology.orchestra.run.smithi069.stdout:/usr/bin/ceph: stderr
2024-03-19T00:59:05.031+0000 7efff9c00700 1 --2- 172.21.15.69:0/773252791 >> [v2:172.21.15.69:6800/4073584559,v1:172.21.15.69:6801/4073584559] conn(0x7effd8038f20 0x7effd803b3e0 unknown :-1 s=CLOSED pgs=11 cs=0 l=1 rev1=1 crypto rx=0 tx=0 comp rx=0 tx=0).stop
2024-03-19T00:59:05.781 INFO:teuthology.orchestra.run.smithi069.stdout:/usr/bin/ceph: stderr
2024-03-19T00:59:05.031+0000 7efff9c00700 1 --2- 172.21.15.69:0/773252791 >> [v2:172.21.15.69:3300/0,v1:172.21.15.69:6789/0] conn(0x7efff407de40 0x7efff419dda0 unknown :-1 s=CLOSED pgs=46 cs=0 l=1 rev1=1 crypto rx=0 tx=0 comp rx=0 tx=0).stop
2024-03-19T00:59:05.781 INFO:teuthology.orchestra.run.smithi069.stdout:/usr/bin/ceph: stderr
2024-03-19T00:59:05.031+0000 7efff9c00700 1 -- 172.21.15.69:0/773252791 >> 172.21.15.69:0/773252791 conn(0x7efff41032d0 msgr2=0x7efff4103d30 unknown :-1 s=STATE_NONE l=0).mark_down
2024-03-19T00:59:05.781 INFO:teuthology.orchestra.run.smithi069.stdout:/usr/bin/ceph: stderr
2024-03-19T00:59:05.031+0000 7efff9c00700 1 -- 172.21.15.69:0/773252791 shutdown_connections
2024-03-19T00:59:05.781 INFO:teuthology.orchestra.run.smithi069.stdout:/usr/bin/ceph: stderr
2024-03-19T00:59:05.031+0000 7efff9c00700 1 -- 172.21.15.69:0/773252791 wait complete.
2024-03-19T00:59:05.782 INFO:teuthology.orchestra.run.smithi069.stdout:Deploying unmanaged mon service...
2024-03-19T00:59:06.280 INFO:journalctl@ceph.mon.a.smithi069.stdout:Mar 19 00:59:06 smithi069 ceph-mon[31727]: from='mgr.14120 172.21.15.69:0/3148857341' entity='mgr.x'
2024-03-19T00:59:06.280 INFO:journalctl@ceph.mon.a.smithi069.stdout:Mar 19 00:59:06 smithi069 ceph-mon[31727]: Added host smithi069
2024-03-19T00:59:06.280 INFO:journalctl@ceph.mon.a.smithi069.stdout:Mar 19 00:59:06 smithi069 ceph-mon[31727]: from='mgr.14120 172.21.15.69:0/3148857341' entity='mgr.x' cmd=[{"prefix": "config dump", "format": "json"}]: dispatch
2024-03-19T00:59:07.348 INFO:teuthology.orchestra.run.smithi069.stdout:/usr/bin/ceph: stdout Scheduled mon update...
2024-03-19T00:59:07.348 INFO:teuthology.orchestra.run.smithi069.stdout:/usr/bin/ceph: stderr
2024-03-19T00:59:06.449+0000 7f81fae00700 1 Processor -- start
2024-03-19T00:59:07.348 INFO:teuthology.orchestra.run.smithi069.stdout:/usr/bin/ceph: stderr
2024-03-19T00:59:06.449+0000 7f81fae00700 1 -- start start
2024-03-19T00:59:07.348 INFO:teuthology.orchestra.run.smithi069.stdout:/usr/bin/ceph: stderr
2024-03-19T00:59:06.449+0000 7f81fae00700 1 --2- >> [v2:172.21.15.69:3300/0,v1:172.21.15.69:6789/0] conn(0x7f81f4108720 0x7f81f410ab10 unknown :-1 s=NONE pgs=0 cs=0 l=0 rev1=0 crypto rx=0 tx=0 comp rx=0 tx=0).connect
2024-03-19T00:59:07.348 INFO:teuthology.orchestra.run.smithi069.stdout:/usr/bin/ceph: stderr
2024-03-19T00:59:06.450+0000 7f81fae00700 1 -- --> [v2:172.21.15.69:3300/0,v1:172.21.15.69:6789/0] -- mon_getmap magic: 0 -- 0x7f81f407bed0 con 0x7f81f4108720
2024-03-19T00:59:07.349 INFO:teuthology.orchestra.run.smithi069.stdout:/usr/bin/ceph: stderr
2024-03-19T00:59:06.450+0000 7f81f3e00700 1 --2- >> [v2:172.21.15.69:3300/0,v1:172.21.15.69:6789/0] conn(0x7f81f4108720 0x7f81f410ab10 unknown :-1 s=BANNER_CONNECTING pgs=0 cs=0 l=0 rev1=0 crypto rx=0 tx=0 comp rx=0 tx=0)._handle_peer_banner_payload supported=3 required=0
2024-03-19T00:59:07.349 INFO:teuthology.orchestra.run.smithi069.stdout:/usr/bin/ceph: stderr
2024-03-19T00:59:06.450+0000 7f81f3e00700 1 --2- >> [v2:172.21.15.69:3300/0,v1:172.21.15.69:6789/0] conn(0x7f81f4108720 0x7f81f410ab10 unknown :-1 s=HELLO_CONNECTING pgs=0 cs=0 l=0 rev1=1 crypto rx=0 tx=0 comp rx=0 tx=0).handle_hello peer v2:172.21.15.69:3300/0 says I am v2:172.21.15.69:60248/0 (socket says 172.21.15.69:60248)
2024-03-19T00:59:07.349 INFO:teuthology.orchestra.run.smithi069.stdout:/usr/bin/ceph: stderr
2024-03-19T00:59:06.450+0000 7f81f3e00700 1 -- 172.21.15.69:0/2544880358 learned_addr learned my addr 172.21.15.69:0/2544880358 (peer_addr_for_me v2:172.21.15.69:0/0)
2024-03-19T00:59:07.349 INFO:teuthology.orchestra.run.smithi069.stdout:/usr/bin/ceph: stderr
2024-03-19T00:59:06.450+0000 7f81f3e00700 1 -- 172.21.15.69:0/2544880358 --> [v2:172.21.15.69:3300/0,v1:172.21.15.69:6789/0] -- mon_subscribe({config=0+,monmap=0+}) -- 0x7f81f410b050 con 0x7f81f4108720
2024-03-19T00:59:07.349 INFO:teuthology.orchestra.run.smithi069.stdout:/usr/bin/ceph: stderr
2024-03-19T00:59:06.451+0000 7f81f3e00700 1 --2- 172.21.15.69:0/2544880358 >> [v2:172.21.15.69:3300/0,v1:172.21.15.69:6789/0] conn(0x7f81f4108720 0x7f81f410ab10 secure :-1 s=READY pgs=47 cs=0 l=1 rev1=1 crypto rx=0x7f81e40098a0 tx=0x7f81e4009bb0 comp rx=0 tx=0).ready entity=mon.0 client_cookie=316e9a9b6316f974 server_cookie=0 in_seq=0 out_seq=0
2024-03-19T00:59:07.349 INFO:teuthology.orchestra.run.smithi069.stdout:/usr/bin/ceph: stderr
2024-03-19T00:59:06.451+0000 7f81f2a00700 1 -- 172.21.15.69:0/2544880358 <== mon.0 v2:172.21.15.69:3300/0 1 ==== mon_map magic: 0 ==== 205+0+0 (secure 0 0 0) 0x7f81e4004160 con 0x7f81f4108720
2024-03-19T00:59:07.349 INFO:teuthology.orchestra.run.smithi069.stdout:/usr/bin/ceph: stderr
2024-03-19T00:59:06.451+0000 7f81f2a00700 1 -- 172.21.15.69:0/2544880358 <== mon.0 v2:172.21.15.69:3300/0 2 ==== config(27 keys) ==== 1109+0+0 (secure 0 0 0) 0x7f81e4004300 con 0x7f81f4108720
2024-03-19T00:59:07.349 INFO:teuthology.orchestra.run.smithi069.stdout:/usr/bin/ceph: stderr
2024-03-19T00:59:06.451+0000 7f81f2a00700 1 -- 172.21.15.69:0/2544880358 <== mon.0 v2:172.21.15.69:3300/0 3 ==== mon_map magic: 0 ==== 205+0+0 (secure 0 0 0) 0x7f81e4011b50 con 0x7f81f4108720
2024-03-19T00:59:07.349 INFO:teuthology.orchestra.run.smithi069.stdout:/usr/bin/ceph: stderr
2024-03-19T00:59:06.452+0000 7f81fae00700 1 -- 172.21.15.69:0/2544880358 >> [v2:172.21.15.69:3300/0,v1:172.21.15.69:6789/0] conn(0x7f81f4108720 msgr2=0x7f81f410ab10 secure :-1 s=STATE_CONNECTION_ESTABLISHED l=1).mark_down
2024-03-19T00:59:07.349 INFO:teuthology.orchestra.run.smithi069.stdout:/usr/bin/ceph: stderr
2024-03-19T00:59:06.452+0000 7f81fae00700 1 --2- 172.21.15.69:0/2544880358 >> [v2:172.21.15.69:3300/0,v1:172.21.15.69:6789/0] conn(0x7f81f4108720 0x7f81f410ab10 secure :-1 s=READY pgs=47 cs=0 l=1 rev1=1 crypto rx=0x7f81e40098a0 tx=0x7f81e4009bb0 comp rx=0 tx=0).stop
2024-03-19T00:59:07.349 INFO:teuthology.orchestra.run.smithi069.stdout:/usr/bin/ceph: stderr
2024-03-19T00:59:06.452+0000 7f81fae00700 1 -- 172.21.15.69:0/2544880358 shutdown_connections
2024-03-19T00:59:07.349 INFO:teuthology.orchestra.run.smithi069.stdout:/usr/bin/ceph: stderr
2024-03-19T00:59:06.452+0000 7f81fae00700 1 --2- 172.21.15.69:0/2544880358 >> [v2:172.21.15.69:3300/0,v1:172.21.15.69:6789/0] conn(0x7f81f4108720 0x7f81f410ab10 unknown :-1 s=CLOSED pgs=47 cs=0 l=1 rev1=1 crypto rx=0 tx=0 comp rx=0 tx=0).stop
2024-03-19T00:59:07.349 INFO:teuthology.orchestra.run.smithi069.stdout:/usr/bin/ceph: stderr
2024-03-19T00:59:06.452+0000 7f81fae00700 1 -- 172.21.15.69:0/2544880358 >> 172.21.15.69:0/2544880358 conn(0x7f81f4102130 msgr2=0x7f81f4104590 unknown :-1 s=STATE_NONE l=0).mark_down
2024-03-19T00:59:07.349 INFO:teuthology.orchestra.run.smithi069.stdout:/usr/bin/ceph: stderr
2024-03-19T00:59:06.452+0000 7f81fae00700 1 -- 172.21.15.69:0/2544880358 shutdown_connections
2024-03-19T00:59:07.350 INFO:teuthology.orchestra.run.smithi069.stdout:/usr/bin/ceph: stderr
2024-03-19T00:59:06.452+0000 7f81fae00700 1 -- 172.21.15.69:0/2544880358 wait complete.
2024-03-19T00:59:07.350 INFO:teuthology.orchestra.run.smithi069.stdout:/usr/bin/ceph: stderr
2024-03-19T00:59:06.453+0000 7f81fae00700 1 Processor -- start
2024-03-19T00:59:07.350 INFO:teuthology.orchestra.run.smithi069.stdout:/usr/bin/ceph: stderr
2024-03-19T00:59:06.453+0000 7f81fae00700 1 -- start start
2024-03-19T00:59:07.350 INFO:teuthology.orchestra.run.smithi069.stdout:/usr/bin/ceph: stderr
2024-03-19T00:59:06.453+0000 7f81fae00700 1 --2- >> [v2:172.21.15.69:3300/0,v1:172.21.15.69:6789/0] conn(0x7f81f4108720 0x7f81f419bc60 unknown :-1 s=NONE pgs=0 cs=0 l=1 rev1=0 crypto rx=0 tx=0 comp rx=0 tx=0).connect
2024-03-19T00:59:07.350 INFO:teuthology.orchestra.run.smithi069.stdout:/usr/bin/ceph: stderr
2024-03-19T00:59:06.453+0000 7f81fae00700 1 -- --> [v2:172.21.15.69:3300/0,v1:172.21.15.69:6789/0] -- mon_getmap magic: 0 -- 0x7f81f410c080 con 0x7f81f4108720
2024-03-19T00:59:07.350 INFO:teuthology.orchestra.run.smithi069.stdout:/usr/bin/ceph: stderr
2024-03-19T00:59:06.454+0000 7f81f3e00700 1 --2- >> [v2:172.21.15.69:3300/0,v1:172.21.15.69:6789/0] conn(0x7f81f4108720 0x7f81f419bc60 unknown :-1 s=BANNER_CONNECTING pgs=0 cs=0 l=1 rev1=0 crypto rx=0 tx=0 comp rx=0 tx=0)._handle_peer_banner_payload supported=3 required=0
2024-03-19T00:59:07.350 INFO:teuthology.orchestra.run.smithi069.stdout:/usr/bin/ceph: stderr
2024-03-19T00:59:06.454+0000 7f81f3e00700 1 --2- >> [v2:172.21.15.69:3300/0,v1:172.21.15.69:6789/0] conn(0x7f81f4108720 0x7f81f419bc60 unknown :-1 s=HELLO_CONNECTING pgs=0 cs=0 l=1 rev1=1 crypto rx=0 tx=0 comp rx=0 tx=0).handle_hello peer v2:172.21.15.69:3300/0 says I am v2:172.21.15.69:60260/0 (socket says 172.21.15.69:60260)
2024-03-19T00:59:07.350 INFO:teuthology.orchestra.run.smithi069.stdout:/usr/bin/ceph: stderr
2024-03-19T00:59:06.454+0000 7f81f3e00700 1 -- 172.21.15.69:0/592548718 learned_addr learned my addr 172.21.15.69:0/592548718 (peer_addr_for_me v2:172.21.15.69:0/0)
2024-03-19T00:59:07.350 INFO:teuthology.orchestra.run.smithi069.stdout:/usr/bin/ceph: stderr
2024-03-19T00:59:06.454+0000 7f81f3e00700 1 -- 172.21.15.69:0/592548718 --> [v2:172.21.15.69:3300/0,v1:172.21.15.69:6789/0] -- mon_subscribe({config=0+,monmap=0+}) -- 0x7f81f419c1a0 con 0x7f81f4108720
2024-03-19T00:59:07.350 INFO:teuthology.orchestra.run.smithi069.stdout:/usr/bin/ceph: stderr
2024-03-19T00:59:06.454+0000 7f81f3e00700 1 --2- 172.21.15.69:0/592548718 >> [v2:172.21.15.69:3300/0,v1:172.21.15.69:6789/0] conn(0x7f81f4108720 0x7f81f419bc60 secure :-1 s=READY pgs=48 cs=0 l=1 rev1=1 crypto rx=0x7f81e4011b60 tx=0x7f81e4011c40 comp rx=0 tx=0).ready entity=mon.0 client_cookie=0 server_cookie=0 in_seq=0 out_seq=0
2024-03-19T00:59:07.351 INFO:teuthology.orchestra.run.smithi069.stdout:/usr/bin/ceph: stderr
2024-03-19T00:59:06.454+0000 7f81f0c00700 1 -- 172.21.15.69:0/592548718 <== mon.0 v2:172.21.15.69:3300/0 1 ==== mon_map magic: 0 ==== 205+0+0 (secure 0 0 0) 0x7f81e4003b20 con 0x7f81f4108720
2024-03-19T00:59:07.351 INFO:teuthology.orchestra.run.smithi069.stdout:/usr/bin/ceph: stderr
2024-03-19T00:59:06.454+0000 7f81f0c00700 1 -- 172.21.15.69:0/592548718 <== mon.0 v2:172.21.15.69:3300/0 2 ==== config(27 keys) ==== 1109+0+0 (secure 0 0 0) 0x7f81e4003cc0 con 0x7f81f4108720
2024-03-19T00:59:07.351 INFO:teuthology.orchestra.run.smithi069.stdout:/usr/bin/ceph: stderr
2024-03-19T00:59:06.454+0000 7f81fae00700 1 -- 172.21.15.69:0/592548718 --> [v2:172.21.15.69:3300/0,v1:172.21.15.69:6789/0] -- mon_subscribe({mgrmap=0+}) -- 0x7f81f419c430 con 0x7f81f4108720
2024-03-19T00:59:07.351 INFO:teuthology.orchestra.run.smithi069.stdout:/usr/bin/ceph: stderr
2024-03-19T00:59:06.454+0000 7f81f0c00700 1 -- 172.21.15.69:0/592548718 <== mon.0 v2:172.21.15.69:3300/0 3 ==== mon_map magic: 0 ==== 205+0+0 (secure 0 0 0) 0x7f81e4024840 con 0x7f81f4108720
2024-03-19T00:59:07.351 INFO:teuthology.orchestra.run.smithi069.stdout:/usr/bin/ceph: stderr
2024-03-19T00:59:06.455+0000 7f81fae00700 1 -- 172.21.15.69:0/592548718 --> [v2:172.21.15.69:3300/0,v1:172.21.15.69:6789/0] -- mon_subscribe({osdmap=0}) -- 0x7f81f419f0d0 con 0x7f81f4108720
2024-03-19T00:59:07.351 INFO:teuthology.orchestra.run.smithi069.stdout:/usr/bin/ceph: stderr
2024-03-19T00:59:06.456+0000 7f81f0c00700 1 -- 172.21.15.69:0/592548718 <== mon.0 v2:172.21.15.69:3300/0 4 ==== mgrmap(e 8) ==== 46106+0+0 (secure 0 0 0) 0x7f81e4022020 con 0x7f81f4108720
2024-03-19T00:59:07.351 INFO:teuthology.orchestra.run.smithi069.stdout:/usr/bin/ceph: stderr
2024-03-19T00:59:06.456+0000 7f81fae00700 1 -- 172.21.15.69:0/592548718 --> [v2:172.21.15.69:3300/0,v1:172.21.15.69:6789/0] -- mon_command({"prefix": "get_command_descriptions"} v 0) -- 0x7f81f4063940 con 0x7f81f4108720
2024-03-19T00:59:07.351 INFO:teuthology.orchestra.run.smithi069.stdout:/usr/bin/ceph: stderr
2024-03-19T00:59:06.456+0000 7f81f0c00700 1 --2- 172.21.15.69:0/592548718 >> [v2:172.21.15.69:6800/4073584559,v1:172.21.15.69:6801/4073584559] conn(0x7f81d8038f70 0x7f81d803b430 unknown :-1 s=NONE pgs=0 cs=0 l=1 rev1=0 crypto rx=0 tx=0 comp rx=0 tx=0).connect
2024-03-19T00:59:07.351 INFO:teuthology.orchestra.run.smithi069.stdout:/usr/bin/ceph: stderr
