2024-03-19T00:59:06.456+0000 7f81f0c00700 1 -- 172.21.15.69:0/592548718 <== mon.0 v2:172.21.15.69:3300/0 5 ==== osd_map(2..2 src has 1..2) ==== 940+0+0 (secure 0 0 0) 0x7f81e4011e00 con 0x7f81f4108720
2024-03-19T00:59:07.351 INFO:teuthology.orchestra.run.smithi069.stdout:/usr/bin/ceph: stderr
2024-03-19T00:59:06.457+0000 7f81f3400700 1 --2- 172.21.15.69:0/592548718 >> [v2:172.21.15.69:6800/4073584559,v1:172.21.15.69:6801/4073584559] conn(0x7f81d8038f70 0x7f81d803b430 unknown :-1 s=BANNER_CONNECTING pgs=0 cs=0 l=1 rev1=0 crypto rx=0 tx=0 comp rx=0 tx=0)._handle_peer_banner_payload supported=3 required=0
2024-03-19T00:59:07.351 INFO:teuthology.orchestra.run.smithi069.stdout:/usr/bin/ceph: stderr
2024-03-19T00:59:06.457+0000 7f81f3400700 1 --2- 172.21.15.69:0/592548718 >> [v2:172.21.15.69:6800/4073584559,v1:172.21.15.69:6801/4073584559] conn(0x7f81d8038f70 0x7f81d803b430 secure :-1 s=READY pgs=12 cs=0 l=1 rev1=1 crypto rx=0x7f81e0006fd0 tx=0x7f81e0006e40 comp rx=0 tx=0).ready entity=mgr.14120 client_cookie=0 server_cookie=0 in_seq=0 out_seq=0
2024-03-19T00:59:07.351 INFO:teuthology.orchestra.run.smithi069.stdout:/usr/bin/ceph: stderr
2024-03-19T00:59:06.462+0000 7f81f0c00700 1 -- 172.21.15.69:0/592548718 <== mon.0 v2:172.21.15.69:3300/0 6 ==== mon_command_ack([{"prefix": "get_command_descriptions"}]=0 v0) ==== 72+0+186149 (secure 0 0 0) 0x7f81e404c950 con 0x7f81f4108720
2024-03-19T00:59:07.351 INFO:teuthology.orchestra.run.smithi069.stdout:/usr/bin/ceph: stderr
2024-03-19T00:59:06.704+0000 7f81fae00700 1 -- 172.21.15.69:0/592548718 --> [v2:172.21.15.69:6800/4073584559,v1:172.21.15.69:6801/4073584559] -- mgr_command(tid 0: {"prefix": "orch apply", "service_type": "mon", "unmanaged": true, "target": ["mon-mgr", ""]}) -- 0x7f81f4103350 con 0x7f81d8038f70
2024-03-19T00:59:07.351 INFO:teuthology.orchestra.run.smithi069.stdout:/usr/bin/ceph: stderr
2024-03-19T00:59:06.714+0000 7f81f0c00700 1 -- 172.21.15.69:0/592548718 <== mgr.14120 v2:172.21.15.69:6800/4073584559 1 ==== mgr_command_reply(tid 0: 0 ) ==== 8+0+24 (secure 0 0 0) 0x7f81f4103350 con 0x7f81d8038f70
2024-03-19T00:59:07.352 INFO:teuthology.orchestra.run.smithi069.stdout:/usr/bin/ceph: stderr
2024-03-19T00:59:06.717+0000 7f81fae00700 1 -- 172.21.15.69:0/592548718 >> [v2:172.21.15.69:6800/4073584559,v1:172.21.15.69:6801/4073584559] conn(0x7f81d8038f70 msgr2=0x7f81d803b430 secure :-1 s=STATE_CONNECTION_ESTABLISHED l=1).mark_down
2024-03-19T00:59:07.352 INFO:teuthology.orchestra.run.smithi069.stdout:/usr/bin/ceph: stderr
2024-03-19T00:59:06.717+0000 7f81fae00700 1 --2- 172.21.15.69:0/592548718 >> [v2:172.21.15.69:6800/4073584559,v1:172.21.15.69:6801/4073584559] conn(0x7f81d8038f70 0x7f81d803b430 secure :-1 s=READY pgs=12 cs=0 l=1 rev1=1 crypto rx=0x7f81e0006fd0 tx=0x7f81e0006e40 comp rx=0 tx=0).stop
2024-03-19T00:59:07.352 INFO:teuthology.orchestra.run.smithi069.stdout:/usr/bin/ceph: stderr
2024-03-19T00:59:06.717+0000 7f81fae00700 1 -- 172.21.15.69:0/592548718 >> [v2:172.21.15.69:3300/0,v1:172.21.15.69:6789/0] conn(0x7f81f4108720 msgr2=0x7f81f419bc60 secure :-1 s=STATE_CONNECTION_ESTABLISHED l=1).mark_down
2024-03-19T00:59:07.352 INFO:teuthology.orchestra.run.smithi069.stdout:/usr/bin/ceph: stderr
2024-03-19T00:59:06.717+0000 7f81fae00700 1 --2- 172.21.15.69:0/592548718 >> [v2:172.21.15.69:3300/0,v1:172.21.15.69:6789/0] conn(0x7f81f4108720 0x7f81f419bc60 secure :-1 s=READY pgs=48 cs=0 l=1 rev1=1 crypto rx=0x7f81e4011b60 tx=0x7f81e4011c40 comp rx=0 tx=0).stop
2024-03-19T00:59:07.352 INFO:teuthology.orchestra.run.smithi069.stdout:/usr/bin/ceph: stderr
2024-03-19T00:59:06.717+0000 7f81fae00700 1 -- 172.21.15.69:0/592548718 shutdown_connections
2024-03-19T00:59:07.352 INFO:teuthology.orchestra.run.smithi069.stdout:/usr/bin/ceph: stderr
2024-03-19T00:59:06.717+0000 7f81fae00700 1 --2- 172.21.15.69:0/592548718 >> [v2:172.21.15.69:6800/4073584559,v1:172.21.15.69:6801/4073584559] conn(0x7f81d8038f70 0x7f81d803b430 unknown :-1 s=CLOSED pgs=12 cs=0 l=1 rev1=1 crypto rx=0 tx=0 comp rx=0 tx=0).stop
2024-03-19T00:59:07.352 INFO:teuthology.orchestra.run.smithi069.stdout:/usr/bin/ceph: stderr
2024-03-19T00:59:06.717+0000 7f81fae00700 1 --2- 172.21.15.69:0/592548718 >> [v2:172.21.15.69:3300/0,v1:172.21.15.69:6789/0] conn(0x7f81f4108720 0x7f81f419bc60 unknown :-1 s=CLOSED pgs=48 cs=0 l=1 rev1=1 crypto rx=0 tx=0 comp rx=0 tx=0).stop
2024-03-19T00:59:07.352 INFO:teuthology.orchestra.run.smithi069.stdout:/usr/bin/ceph: stderr
2024-03-19T00:59:06.717+0000 7f81fae00700 1 -- 172.21.15.69:0/592548718 >> 172.21.15.69:0/592548718 conn(0x7f81f4102130 msgr2=0x7f81f4102c40 unknown :-1 s=STATE_NONE l=0).mark_down
2024-03-19T00:59:07.352 INFO:teuthology.orchestra.run.smithi069.stdout:/usr/bin/ceph: stderr
2024-03-19T00:59:06.718+0000 7f81fae00700 1 -- 172.21.15.69:0/592548718 shutdown_connections
2024-03-19T00:59:07.352 INFO:teuthology.orchestra.run.smithi069.stdout:/usr/bin/ceph: stderr
2024-03-19T00:59:06.718+0000 7f81fae00700 1 -- 172.21.15.69:0/592548718 wait complete.
2024-03-19T00:59:07.352 INFO:teuthology.orchestra.run.smithi069.stdout:Deploying unmanaged mgr service...
2024-03-19T00:59:07.883 INFO:journalctl@ceph.mon.a.smithi069.stdout:Mar 19 00:59:07 smithi069 ceph-mon[31727]: from='client.14142 -' entity='client.admin' cmd=[{"prefix": "orch apply", "service_type": "mon", "unmanaged": true, "target": ["mon-mgr", ""]}]: dispatch
2024-03-19T00:59:07.883 INFO:journalctl@ceph.mon.a.smithi069.stdout:Mar 19 00:59:07 smithi069 ceph-mon[31727]: Saving service mon spec with placement count:5
2024-03-19T00:59:07.883 INFO:journalctl@ceph.mon.a.smithi069.stdout:Mar 19 00:59:07 smithi069 ceph-mon[31727]: from='mgr.14120 172.21.15.69:0/3148857341' entity='mgr.x'
2024-03-19T00:59:09.330 INFO:teuthology.orchestra.run.smithi069.stdout:/usr/bin/ceph: stdout Scheduled mgr update...
2024-03-19T00:59:09.330 INFO:teuthology.orchestra.run.smithi069.stdout:/usr/bin/ceph: stderr
2024-03-19T00:59:08.373+0000 7f04a4600700 1 Processor -- start
2024-03-19T00:59:09.330 INFO:teuthology.orchestra.run.smithi069.stdout:/usr/bin/ceph: stderr
2024-03-19T00:59:08.373+0000 7f04a4600700 1 -- start start
2024-03-19T00:59:09.330 INFO:teuthology.orchestra.run.smithi069.stdout:/usr/bin/ceph: stderr
2024-03-19T00:59:08.374+0000 7f04a4600700 1 --2- >> [v2:172.21.15.69:3300/0,v1:172.21.15.69:6789/0] conn(0x7f049c081c20 0x7f049c082040 unknown :-1 s=NONE pgs=0 cs=0 l=0 rev1=0 crypto rx=0 tx=0 comp rx=0 tx=0).connect
2024-03-19T00:59:09.330 INFO:teuthology.orchestra.run.smithi069.stdout:/usr/bin/ceph: stderr
2024-03-19T00:59:08.374+0000 7f04a4600700 1 -- --> [v2:172.21.15.69:3300/0,v1:172.21.15.69:6789/0] -- mon_getmap magic: 0 -- 0x7f049c082610 con 0x7f049c081c20
2024-03-19T00:59:09.331 INFO:teuthology.orchestra.run.smithi069.stdout:/usr/bin/ceph: stderr
2024-03-19T00:59:08.374+0000 7f04a1c00700 1 --2- >> [v2:172.21.15.69:3300/0,v1:172.21.15.69:6789/0] conn(0x7f049c081c20 0x7f049c082040 unknown :-1 s=BANNER_CONNECTING pgs=0 cs=0 l=0 rev1=0 crypto rx=0 tx=0 comp rx=0 tx=0)._handle_peer_banner_payload supported=3 required=0
2024-03-19T00:59:09.331 INFO:teuthology.orchestra.run.smithi069.stdout:/usr/bin/ceph: stderr
2024-03-19T00:59:08.374+0000 7f04a1c00700 1 --2- >> [v2:172.21.15.69:3300/0,v1:172.21.15.69:6789/0] conn(0x7f049c081c20 0x7f049c082040 unknown :-1 s=HELLO_CONNECTING pgs=0 cs=0 l=0 rev1=1 crypto rx=0 tx=0 comp rx=0 tx=0).handle_hello peer v2:172.21.15.69:3300/0 says I am v2:172.21.15.69:60270/0 (socket says 172.21.15.69:60270)
2024-03-19T00:59:09.331 INFO:teuthology.orchestra.run.smithi069.stdout:/usr/bin/ceph: stderr
2024-03-19T00:59:08.374+0000 7f04a1c00700 1 -- 172.21.15.69:0/3589587923 learned_addr learned my addr 172.21.15.69:0/3589587923 (peer_addr_for_me v2:172.21.15.69:0/0)
2024-03-19T00:59:09.331 INFO:teuthology.orchestra.run.smithi069.stdout:/usr/bin/ceph: stderr
2024-03-19T00:59:08.375+0000 7f04a1c00700 1 -- 172.21.15.69:0/3589587923 --> [v2:172.21.15.69:3300/0,v1:172.21.15.69:6789/0] -- mon_subscribe({config=0+,monmap=0+}) -- 0x7f049c10f580 con 0x7f049c081c20
2024-03-19T00:59:09.331 INFO:teuthology.orchestra.run.smithi069.stdout:/usr/bin/ceph: stderr
2024-03-19T00:59:08.375+0000 7f04a1c00700 1 --2- 172.21.15.69:0/3589587923 >> [v2:172.21.15.69:3300/0,v1:172.21.15.69:6789/0] conn(0x7f049c081c20 0x7f049c082040 secure :-1 s=READY pgs=49 cs=0 l=1 rev1=1 crypto rx=0x7f04900098a0 tx=0x7f0490009bb0 comp rx=0 tx=0).ready entity=mon.0 client_cookie=7df9635f07f21fec server_cookie=0 in_seq=0 out_seq=0
2024-03-19T00:59:09.331 INFO:teuthology.orchestra.run.smithi069.stdout:/usr/bin/ceph: stderr
2024-03-19T00:59:08.375+0000 7f049be00700 1 -- 172.21.15.69:0/3589587923 <== mon.0 v2:172.21.15.69:3300/0 1 ==== mon_map magic: 0 ==== 205+0+0 (secure 0 0 0) 0x7f0490004160 con 0x7f049c081c20
2024-03-19T00:59:09.331 INFO:teuthology.orchestra.run.smithi069.stdout:/usr/bin/ceph: stderr
2024-03-19T00:59:08.376+0000 7f049be00700 1 -- 172.21.15.69:0/3589587923 <== mon.0 v2:172.21.15.69:3300/0 2 ==== config(27 keys) ==== 1109+0+0 (secure 0 0 0) 0x7f0490004300 con 0x7f049c081c20
2024-03-19T00:59:09.331 INFO:teuthology.orchestra.run.smithi069.stdout:/usr/bin/ceph: stderr
2024-03-19T00:59:08.376+0000 7f049be00700 1 -- 172.21.15.69:0/3589587923 <== mon.0 v2:172.21.15.69:3300/0 3 ==== mon_map magic: 0 ==== 205+0+0 (secure 0 0 0) 0x7f0490011b50 con 0x7f049c081c20
2024-03-19T00:59:09.331 INFO:teuthology.orchestra.run.smithi069.stdout:/usr/bin/ceph: stderr
2024-03-19T00:59:08.376+0000 7f04a4600700 1 -- 172.21.15.69:0/3589587923 >> [v2:172.21.15.69:3300/0,v1:172.21.15.69:6789/0] conn(0x7f049c081c20 msgr2=0x7f049c082040 secure :-1 s=STATE_CONNECTION_ESTABLISHED l=1).mark_down
2024-03-19T00:59:09.331 INFO:teuthology.orchestra.run.smithi069.stdout:/usr/bin/ceph: stderr
2024-03-19T00:59:08.376+0000 7f04a4600700 1 --2- 172.21.15.69:0/3589587923 >> [v2:172.21.15.69:3300/0,v1:172.21.15.69:6789/0] conn(0x7f049c081c20 0x7f049c082040 secure :-1 s=READY pgs=49 cs=0 l=1 rev1=1 crypto rx=0x7f04900098a0 tx=0x7f0490009bb0 comp rx=0 tx=0).stop
2024-03-19T00:59:09.331 INFO:teuthology.orchestra.run.smithi069.stdout:/usr/bin/ceph: stderr
2024-03-19T00:59:08.376+0000 7f04a4600700 1 -- 172.21.15.69:0/3589587923 shutdown_connections
2024-03-19T00:59:09.332 INFO:teuthology.orchestra.run.smithi069.stdout:/usr/bin/ceph: stderr
2024-03-19T00:59:08.376+0000 7f04a4600700 1 --2- 172.21.15.69:0/3589587923 >> [v2:172.21.15.69:3300/0,v1:172.21.15.69:6789/0] conn(0x7f049c081c20 0x7f049c082040 unknown :-1 s=CLOSED pgs=49 cs=0 l=1 rev1=1 crypto rx=0 tx=0 comp rx=0 tx=0).stop
2024-03-19T00:59:09.332 INFO:teuthology.orchestra.run.smithi069.stdout:/usr/bin/ceph: stderr
2024-03-19T00:59:08.376+0000 7f04a4600700 1 -- 172.21.15.69:0/3589587923 >> 172.21.15.69:0/3589587923 conn(0x7f049c07d3c0 msgr2=0x7f049c07f7e0 unknown :-1 s=STATE_NONE l=0).mark_down
2024-03-19T00:59:09.332 INFO:teuthology.orchestra.run.smithi069.stdout:/usr/bin/ceph: stderr
2024-03-19T00:59:08.376+0000 7f04a4600700 1 -- 172.21.15.69:0/3589587923 shutdown_connections
2024-03-19T00:59:09.332 INFO:teuthology.orchestra.run.smithi069.stdout:/usr/bin/ceph: stderr
2024-03-19T00:59:08.376+0000 7f04a4600700 1 -- 172.21.15.69:0/3589587923 wait complete.
2024-03-19T00:59:09.332 INFO:teuthology.orchestra.run.smithi069.stdout:/usr/bin/ceph: stderr
2024-03-19T00:59:08.377+0000 7f04a4600700 1 Processor -- start
2024-03-19T00:59:09.332 INFO:teuthology.orchestra.run.smithi069.stdout:/usr/bin/ceph: stderr
2024-03-19T00:59:08.378+0000 7f04a4600700 1 -- start start
2024-03-19T00:59:09.332 INFO:teuthology.orchestra.run.smithi069.stdout:/usr/bin/ceph: stderr
2024-03-19T00:59:08.378+0000 7f04a4600700 1 --2- >> [v2:172.21.15.69:3300/0,v1:172.21.15.69:6789/0] conn(0x7f049c081c20 0x7f049c1a2210 unknown :-1 s=NONE pgs=0 cs=0 l=1 rev1=0 crypto rx=0 tx=0 comp rx=0 tx=0).connect
2024-03-19T00:59:09.332 INFO:teuthology.orchestra.run.smithi069.stdout:/usr/bin/ceph: stderr
2024-03-19T00:59:08.378+0000 7f04a4600700 1 -- --> [v2:172.21.15.69:3300/0,v1:172.21.15.69:6789/0] -- mon_getmap magic: 0 -- 0x7f049c1127b0 con 0x7f049c081c20
2024-03-19T00:59:09.332 INFO:teuthology.orchestra.run.smithi069.stdout:/usr/bin/ceph: stderr
2024-03-19T00:59:08.378+0000 7f04a1c00700 1 --2- >> [v2:172.21.15.69:3300/0,v1:172.21.15.69:6789/0] conn(0x7f049c081c20 0x7f049c1a2210 unknown :-1 s=BANNER_CONNECTING pgs=0 cs=0 l=1 rev1=0 crypto rx=0 tx=0 comp rx=0 tx=0)._handle_peer_banner_payload supported=3 required=0
2024-03-19T00:59:09.332 INFO:teuthology.orchestra.run.smithi069.stdout:/usr/bin/ceph: stderr
2024-03-19T00:59:08.378+0000 7f04a1c00700 1 --2- >> [v2:172.21.15.69:3300/0,v1:172.21.15.69:6789/0] conn(0x7f049c081c20 0x7f049c1a2210 unknown :-1 s=HELLO_CONNECTING pgs=0 cs=0 l=1 rev1=1 crypto rx=0 tx=0 comp rx=0 tx=0).handle_hello peer v2:172.21.15.69:3300/0 says I am v2:172.21.15.69:60272/0 (socket says 172.21.15.69:60272)
2024-03-19T00:59:09.332 INFO:teuthology.orchestra.run.smithi069.stdout:/usr/bin/ceph: stderr
2024-03-19T00:59:08.378+0000 7f04a1c00700 1 -- 172.21.15.69:0/2278421197 learned_addr learned my addr 172.21.15.69:0/2278421197 (peer_addr_for_me v2:172.21.15.69:0/0)
2024-03-19T00:59:09.332 INFO:teuthology.orchestra.run.smithi069.stdout:/usr/bin/ceph: stderr
2024-03-19T00:59:08.378+0000 7f04a1c00700 1 -- 172.21.15.69:0/2278421197 --> [v2:172.21.15.69:3300/0,v1:172.21.15.69:6789/0] -- mon_subscribe({config=0+,monmap=0+}) -- 0x7f049c1a2750 con 0x7f049c081c20
2024-03-19T00:59:09.333 INFO:teuthology.orchestra.run.smithi069.stdout:/usr/bin/ceph: stderr
2024-03-19T00:59:08.379+0000 7f04a1c00700 1 --2- 172.21.15.69:0/2278421197 >> [v2:172.21.15.69:3300/0,v1:172.21.15.69:6789/0] conn(0x7f049c081c20 0x7f049c1a2210 secure :-1 s=READY pgs=50 cs=0 l=1 rev1=1 crypto rx=0x7f0490000c00 tx=0x7f0490011c10 comp rx=0 tx=0).ready entity=mon.0 client_cookie=0 server_cookie=0 in_seq=0 out_seq=0
2024-03-19T00:59:09.333 INFO:teuthology.orchestra.run.smithi069.stdout:/usr/bin/ceph: stderr
2024-03-19T00:59:08.379+0000 7f049a000700 1 -- 172.21.15.69:0/2278421197 <== mon.0 v2:172.21.15.69:3300/0 1 ==== mon_map magic: 0 ==== 205+0+0 (secure 0 0 0) 0x7f0490003b20 con 0x7f049c081c20
2024-03-19T00:59:09.333 INFO:teuthology.orchestra.run.smithi069.stdout:/usr/bin/ceph: stderr
2024-03-19T00:59:08.379+0000 7f049a000700 1 -- 172.21.15.69:0/2278421197 <== mon.0 v2:172.21.15.69:3300/0 2 ==== config(27 keys) ==== 1109+0+0 (secure 0 0 0) 0x7f0490003cc0 con 0x7f049c081c20
2024-03-19T00:59:09.333 INFO:teuthology.orchestra.run.smithi069.stdout:/usr/bin/ceph: stderr
2024-03-19T00:59:08.379+0000 7f04a4600700 1 -- 172.21.15.69:0/2278421197 --> [v2:172.21.15.69:3300/0,v1:172.21.15.69:6789/0] -- mon_subscribe({mgrmap=0+}) -- 0x7f049c1a29e0 con 0x7f049c081c20
2024-03-19T00:59:09.333 INFO:teuthology.orchestra.run.smithi069.stdout:/usr/bin/ceph: stderr
2024-03-19T00:59:08.379+0000 7f049a000700 1 -- 172.21.15.69:0/2278421197 <== mon.0 v2:172.21.15.69:3300/0 3 ==== mon_map magic: 0 ==== 205+0+0 (secure 0 0 0) 0x7f0490024910 con 0x7f049c081c20
2024-03-19T00:59:09.333 INFO:teuthology.orchestra.run.smithi069.stdout:/usr/bin/ceph: stderr
2024-03-19T00:59:08.379+0000 7f04a4600700 1 -- 172.21.15.69:0/2278421197 --> [v2:172.21.15.69:3300/0,v1:172.21.15.69:6789/0] -- mon_subscribe({osdmap=0}) -- 0x7f049c1a56d0 con 0x7f049c081c20
2024-03-19T00:59:09.333 INFO:teuthology.orchestra.run.smithi069.stdout:/usr/bin/ceph: stderr
2024-03-19T00:59:08.380+0000 7f049a000700 1 -- 172.21.15.69:0/2278421197 <== mon.0 v2:172.21.15.69:3300/0 4 ==== mgrmap(e 8) ==== 46106+0+0 (secure 0 0 0) 0x7f0490022020 con 0x7f049c081c20
2024-03-19T00:59:09.333 INFO:teuthology.orchestra.run.smithi069.stdout:/usr/bin/ceph: stderr
2024-03-19T00:59:08.380+0000 7f04a4600700 1 -- 172.21.15.69:0/2278421197 --> [v2:172.21.15.69:3300/0,v1:172.21.15.69:6789/0] -- mon_command({"prefix": "get_command_descriptions"} v 0) -- 0x7f049c112930 con 0x7f049c081c20
2024-03-19T00:59:09.333 INFO:teuthology.orchestra.run.smithi069.stdout:/usr/bin/ceph: stderr
2024-03-19T00:59:08.381+0000 7f049a000700 1 --2- 172.21.15.69:0/2278421197 >> [v2:172.21.15.69:6800/4073584559,v1:172.21.15.69:6801/4073584559] conn(0x7f0484038f70 0x7f048403b430 unknown :-1 s=NONE pgs=0 cs=0 l=1 rev1=0 crypto rx=0 tx=0 comp rx=0 tx=0).connect
2024-03-19T00:59:09.333 INFO:teuthology.orchestra.run.smithi069.stdout:/usr/bin/ceph: stderr
2024-03-19T00:59:08.381+0000 7f049a000700 1 -- 172.21.15.69:0/2278421197 <== mon.0 v2:172.21.15.69:3300/0 5 ==== osd_map(2..2 src has 1..2) ==== 940+0+0 (secure 0 0 0) 0x7f0490011e00 con 0x7f049c081c20
2024-03-19T00:59:09.333 INFO:teuthology.orchestra.run.smithi069.stdout:/usr/bin/ceph: stderr
2024-03-19T00:59:08.381+0000 7f04a1200700 1 --2- 172.21.15.69:0/2278421197 >> [v2:172.21.15.69:6800/4073584559,v1:172.21.15.69:6801/4073584559] conn(0x7f0484038f70 0x7f048403b430 unknown :-1 s=BANNER_CONNECTING pgs=0 cs=0 l=1 rev1=0 crypto rx=0 tx=0 comp rx=0 tx=0)._handle_peer_banner_payload supported=3 required=0
2024-03-19T00:59:09.333 INFO:teuthology.orchestra.run.smithi069.stdout:/usr/bin/ceph: stderr
2024-03-19T00:59:08.382+0000 7f04a1200700 1 --2- 172.21.15.69:0/2278421197 >> [v2:172.21.15.69:6800/4073584559,v1:172.21.15.69:6801/4073584559] conn(0x7f0484038f70 0x7f048403b430 secure :-1 s=READY pgs=13 cs=0 l=1 rev1=1 crypto rx=0x7f0488006fd0 tx=0x7f0488006e40 comp rx=0 tx=0).ready entity=mgr.14120 client_cookie=0 server_cookie=0 in_seq=0 out_seq=0
2024-03-19T00:59:09.334 INFO:teuthology.orchestra.run.smithi069.stdout:/usr/bin/ceph: stderr
2024-03-19T00:59:08.386+0000 7f049a000700 1 -- 172.21.15.69:0/2278421197 <== mon.0 v2:172.21.15.69:3300/0 6 ==== mon_command_ack([{"prefix": "get_command_descriptions"}]=0 v0) ==== 72+0+186149 (secure 0 0 0) 0x7f049001acd0 con 0x7f049c081c20
2024-03-19T00:59:09.334 INFO:teuthology.orchestra.run.smithi069.stdout:/usr/bin/ceph: stderr
2024-03-19T00:59:08.627+0000 7f04a4600700 1 -- 172.21.15.69:0/2278421197 --> [v2:172.21.15.69:6800/4073584559,v1:172.21.15.69:6801/4073584559] -- mgr_command(tid 0: {"prefix": "orch apply", "service_type": "mgr", "unmanaged": true, "target": ["mon-mgr", ""]}) -- 0x7f049c07e5c0 con 0x7f0484038f70
2024-03-19T00:59:09.334 INFO:teuthology.orchestra.run.smithi069.stdout:/usr/bin/ceph: stderr
2024-03-19T00:59:08.635+0000 7f049a000700 1 -- 172.21.15.69:0/2278421197 <== mgr.14120 v2:172.21.15.69:6800/4073584559 1 ==== mgr_command_reply(tid 0: 0 ) ==== 8+0+24 (secure 0 0 0) 0x7f049c07e5c0 con 0x7f0484038f70
2024-03-19T00:59:09.334 INFO:teuthology.orchestra.run.smithi069.stdout:/usr/bin/ceph: stderr
2024-03-19T00:59:08.637+0000 7f04a4600700 1 -- 172.21.15.69:0/2278421197 >> [v2:172.21.15.69:6800/4073584559,v1:172.21.15.69:6801/4073584559] conn(0x7f0484038f70 msgr2=0x7f048403b430 secure :-1 s=STATE_CONNECTION_ESTABLISHED l=1).mark_down
2024-03-19T00:59:09.334 INFO:teuthology.orchestra.run.smithi069.stdout:/usr/bin/ceph: stderr
2024-03-19T00:59:08.637+0000 7f04a4600700 1 --2- 172.21.15.69:0/2278421197 >> [v2:172.21.15.69:6800/4073584559,v1:172.21.15.69:6801/4073584559] conn(0x7f0484038f70 0x7f048403b430 secure :-1 s=READY pgs=13 cs=0 l=1 rev1=1 crypto rx=0x7f0488006fd0 tx=0x7f0488006e40 comp rx=0 tx=0).stop
2024-03-19T00:59:09.334 INFO:teuthology.orchestra.run.smithi069.stdout:/usr/bin/ceph: stderr
2024-03-19T00:59:08.637+0000 7f04a4600700 1 -- 172.21.15.69:0/2278421197 >> [v2:172.21.15.69:3300/0,v1:172.21.15.69:6789/0] conn(0x7f049c081c20 msgr2=0x7f049c1a2210 secure :-1 s=STATE_CONNECTION_ESTABLISHED l=1).mark_down
2024-03-19T00:59:09.334 INFO:teuthology.orchestra.run.smithi069.stdout:/usr/bin/ceph: stderr
2024-03-19T00:59:08.637+0000 7f04a4600700 1 --2- 172.21.15.69:0/2278421197 >> [v2:172.21.15.69:3300/0,v1:172.21.15.69:6789/0] conn(0x7f049c081c20 0x7f049c1a2210 secure :-1 s=READY pgs=50 cs=0 l=1 rev1=1 crypto rx=0x7f0490000c00 tx=0x7f0490011c10 comp rx=0 tx=0).stop
2024-03-19T00:59:09.334 INFO:teuthology.orchestra.run.smithi069.stdout:/usr/bin/ceph: stderr
2024-03-19T00:59:08.638+0000 7f04a4600700 1 -- 172.21.15.69:0/2278421197 shutdown_connections
2024-03-19T00:59:09.334 INFO:teuthology.orchestra.run.smithi069.stdout:/usr/bin/ceph: stderr
2024-03-19T00:59:08.638+0000 7f04a4600700 1 --2- 172.21.15.69:0/2278421197 >> [v2:172.21.15.69:6800/4073584559,v1:172.21.15.69:6801/4073584559] conn(0x7f0484038f70 0x7f048403b430 unknown :-1 s=CLOSED pgs=13 cs=0 l=1 rev1=1 crypto rx=0 tx=0 comp rx=0 tx=0).stop
2024-03-19T00:59:09.334 INFO:teuthology.orchestra.run.smithi069.stdout:/usr/bin/ceph: stderr
2024-03-19T00:59:08.638+0000 7f04a4600700 1 --2- 172.21.15.69:0/2278421197 >> [v2:172.21.15.69:3300/0,v1:172.21.15.69:6789/0] conn(0x7f049c081c20 0x7f049c1a2210 unknown :-1 s=CLOSED pgs=50 cs=0 l=1 rev1=1 crypto rx=0 tx=0 comp rx=0 tx=0).stop
2024-03-19T00:59:09.334 INFO:teuthology.orchestra.run.smithi069.stdout:/usr/bin/ceph: stderr
2024-03-19T00:59:08.638+0000 7f04a4600700 1 -- 172.21.15.69:0/2278421197 >> 172.21.15.69:0/2278421197 conn(0x7f049c07d3c0 msgr2=0x7f049c07deb0 unknown :-1 s=STATE_NONE l=0).mark_down
2024-03-19T00:59:09.335 INFO:teuthology.orchestra.run.smithi069.stdout:/usr/bin/ceph: stderr
2024-03-19T00:59:08.638+0000 7f04a4600700 1 -- 172.21.15.69:0/2278421197 shutdown_connections
2024-03-19T00:59:09.335 INFO:teuthology.orchestra.run.smithi069.stdout:/usr/bin/ceph: stderr
2024-03-19T00:59:08.638+0000 7f04a4600700 1 -- 172.21.15.69:0/2278421197 wait complete.
2024-03-19T00:59:09.900 INFO:journalctl@ceph.mon.a.smithi069.stdout:Mar 19 00:59:09 smithi069 ceph-mon[31727]: from='client.14144 -' entity='client.admin' cmd=[{"prefix": "orch apply", "service_type": "mgr", "unmanaged": true, "target": ["mon-mgr", ""]}]: dispatch
2024-03-19T00:59:09.900 INFO:journalctl@ceph.mon.a.smithi069.stdout:Mar 19 00:59:09 smithi069 ceph-mon[31727]: Saving service mgr spec with placement count:2
2024-03-19T00:59:09.900 INFO:journalctl@ceph.mon.a.smithi069.stdout:Mar 19 00:59:09 smithi069 ceph-mon[31727]: from='mgr.14120 172.21.15.69:0/3148857341' entity='mgr.x'
2024-03-19T00:59:09.900 INFO:journalctl@ceph.mon.a.smithi069.stdout:Mar 19 00:59:09 smithi069 ceph-mon[31727]: from='mgr.14120 172.21.15.69:0/3148857341' entity='mgr.x'
2024-03-19T00:59:10.782 INFO:journalctl@ceph.mon.a.smithi069.stdout:Mar 19 00:59:10 smithi069 ceph-mon[31727]: pgmap v3: 0 pgs: ; 0 B data, 0 B used, 0 B / 0 B avail
2024-03-19T00:59:10.782 INFO:journalctl@ceph.mon.a.smithi069.stdout:Mar 19 00:59:10 smithi069 ceph-mon[31727]: from='mgr.14120 172.21.15.69:0/3148857341' entity='mgr.x'
2024-03-19T00:59:10.783 INFO:journalctl@ceph.mon.a.smithi069.stdout:Mar 19 00:59:10 smithi069 ceph-mon[31727]: from='client.? 172.21.15.69:0/730456519' entity='client.admin'
2024-03-19T00:59:10.857 INFO:teuthology.orchestra.run.smithi069.stdout:/usr/bin/ceph: stderr
2024-03-19T00:59:09.899+0000 7f1f75a00700 1 Processor -- start
2024-03-19T00:59:10.857 INFO:teuthology.orchestra.run.smithi069.stdout:/usr/bin/ceph: stderr
2024-03-19T00:59:09.899+0000 7f1f75a00700 1 -- start start
2024-03-19T00:59:10.857 INFO:teuthology.orchestra.run.smithi069.stdout:/usr/bin/ceph: stderr
2024-03-19T00:59:09.899+0000 7f1f75a00700 1 --2- >> [v2:172.21.15.69:3300/0,v1:172.21.15.69:6789/0] conn(0x7f1f70107d10 0x7f1f70108130 unknown :-1 s=NONE pgs=0 cs=0 l=0 rev1=0 crypto rx=0 tx=0 comp rx=0 tx=0).connect
2024-03-19T00:59:10.857 INFO:teuthology.orchestra.run.smithi069.stdout:/usr/bin/ceph: stderr
2024-03-19T00:59:09.899+0000 7f1f75a00700 1 -- --> [v2:172.21.15.69:3300/0,v1:172.21.15.69:6789/0] -- mon_getmap magic: 0 -- 0x7f1f70108700 con 0x7f1f70107d10
2024-03-19T00:59:10.858 INFO:teuthology.orchestra.run.smithi069.stdout:/usr/bin/ceph: stderr
2024-03-19T00:59:09.900+0000 7f1f6ea00700 1 --2- >> [v2:172.21.15.69:3300/0,v1:172.21.15.69:6789/0] conn(0x7f1f70107d10 0x7f1f70108130 unknown :-1 s=BANNER_CONNECTING pgs=0 cs=0 l=0 rev1=0 crypto rx=0 tx=0 comp rx=0 tx=0)._handle_peer_banner_payload supported=3 required=0
2024-03-19T00:59:10.858 INFO:teuthology.orchestra.run.smithi069.stdout:/usr/bin/ceph: stderr
2024-03-19T00:59:09.900+0000 7f1f6ea00700 1 --2- >> [v2:172.21.15.69:3300/0,v1:172.21.15.69:6789/0] conn(0x7f1f70107d10 0x7f1f70108130 unknown :-1 s=HELLO_CONNECTING pgs=0 cs=0 l=0 rev1=1 crypto rx=0 tx=0 comp rx=0 tx=0).handle_hello peer v2:172.21.15.69:3300/0 says I am v2:172.21.15.69:60288/0 (socket says 172.21.15.69:60288)
2024-03-19T00:59:10.858 INFO:teuthology.orchestra.run.smithi069.stdout:/usr/bin/ceph: stderr
2024-03-19T00:59:09.900+0000 7f1f6ea00700 1 -- 172.21.15.69:0/835074061 learned_addr learned my addr 172.21.15.69:0/835074061 (peer_addr_for_me v2:172.21.15.69:0/0)
2024-03-19T00:59:10.858 INFO:teuthology.orchestra.run.smithi069.stdout:/usr/bin/ceph: stderr
2024-03-19T00:59:09.900+0000 7f1f6ea00700 1 -- 172.21.15.69:0/835074061 --> [v2:172.21.15.69:3300/0,v1:172.21.15.69:6789/0] -- mon_subscribe({config=0+,monmap=0+}) -- 0x7f1f70108e70 con 0x7f1f70107d10
2024-03-19T00:59:10.858 INFO:teuthology.orchestra.run.smithi069.stdout:/usr/bin/ceph: stderr
2024-03-19T00:59:09.901+0000 7f1f6ea00700 1 --2- 172.21.15.69:0/835074061 >> [v2:172.21.15.69:3300/0,v1:172.21.15.69:6789/0] conn(0x7f1f70107d10 0x7f1f70108130 secure :-1 s=READY pgs=51 cs=0 l=1 rev1=1 crypto rx=0x7f1f600098a0 tx=0x7f1f60009bb0 comp rx=0 tx=0).ready entity=mon.0 client_cookie=3026559408e02d78 server_cookie=0 in_seq=0 out_seq=0
2024-03-19T00:59:10.858 INFO:teuthology.orchestra.run.smithi069.stdout:/usr/bin/ceph: stderr
2024-03-19T00:59:09.901+0000 7f1f6d600700 1 -- 172.21.15.69:0/835074061 <== mon.0 v2:172.21.15.69:3300/0 1 ==== mon_map magic: 0 ==== 205+0+0 (secure 0 0 0) 0x7f1f60004160 con 0x7f1f70107d10
2024-03-19T00:59:10.858 INFO:teuthology.orchestra.run.smithi069.stdout:/usr/bin/ceph: stderr
2024-03-19T00:59:09.901+0000 7f1f6d600700 1 -- 172.21.15.69:0/835074061 <== mon.0 v2:172.21.15.69:3300/0 2 ==== config(27 keys) ==== 1140+0+0 (secure 0 0 0) 0x7f1f60004300 con 0x7f1f70107d10
2024-03-19T00:59:10.858 INFO:teuthology.orchestra.run.smithi069.stdout:/usr/bin/ceph: stderr
2024-03-19T00:59:09.901+0000 7f1f6d600700 1 -- 172.21.15.69:0/835074061 <== mon.0 v2:172.21.15.69:3300/0 3 ==== mon_map magic: 0 ==== 205+0+0 (secure 0 0 0) 0x7f1f60011b20 con 0x7f1f70107d10
2024-03-19T00:59:10.858 INFO:teuthology.orchestra.run.smithi069.stdout:/usr/bin/ceph: stderr
2024-03-19T00:59:09.902+0000 7f1f75a00700 1 -- 172.21.15.69:0/835074061 >> [v2:172.21.15.69:3300/0,v1:172.21.15.69:6789/0] conn(0x7f1f70107d10 msgr2=0x7f1f70108130 secure :-1 s=STATE_CONNECTION_ESTABLISHED l=1).mark_down
2024-03-19T00:59:10.858 INFO:teuthology.orchestra.run.smithi069.stdout:/usr/bin/ceph: stderr
2024-03-19T00:59:09.902+0000 7f1f75a00700 1 --2- 172.21.15.69:0/835074061 >> [v2:172.21.15.69:3300/0,v1:172.21.15.69:6789/0] conn(0x7f1f70107d10 0x7f1f70108130 secure :-1 s=READY pgs=51 cs=0 l=1 rev1=1 crypto rx=0x7f1f600098a0 tx=0x7f1f60009bb0 comp rx=0 tx=0).stop
2024-03-19T00:59:10.858 INFO:teuthology.orchestra.run.smithi069.stdout:/usr/bin/ceph: stderr
2024-03-19T00:59:09.902+0000 7f1f75a00700 1 -- 172.21.15.69:0/835074061 shutdown_connections
2024-03-19T00:59:10.858 INFO:teuthology.orchestra.run.smithi069.stdout:/usr/bin/ceph: stderr
2024-03-19T00:59:09.902+0000 7f1f75a00700 1 --2- 172.21.15.69:0/835074061 >> [v2:172.21.15.69:3300/0,v1:172.21.15.69:6789/0] conn(0x7f1f70107d10 0x7f1f70108130 unknown :-1 s=CLOSED pgs=51 cs=0 l=1 rev1=1 crypto rx=0 tx=0 comp rx=0 tx=0).stop
2024-03-19T00:59:10.859 INFO:teuthology.orchestra.run.smithi069.stdout:/usr/bin/ceph: stderr
2024-03-19T00:59:09.902+0000 7f1f75a00700 1 -- 172.21.15.69:0/835074061 >> 172.21.15.69:0/835074061 conn(0x7f1f701032d0 msgr2=0x7f1f701056f0 unknown :-1 s=STATE_NONE l=0).mark_down
2024-03-19T00:59:10.859 INFO:teuthology.orchestra.run.smithi069.stdout:/usr/bin/ceph: stderr
2024-03-19T00:59:09.902+0000 7f1f75a00700 1 -- 172.21.15.69:0/835074061 shutdown_connections
2024-03-19T00:59:10.859 INFO:teuthology.orchestra.run.smithi069.stdout:/usr/bin/ceph: stderr
2024-03-19T00:59:09.902+0000 7f1f75a00700 1 -- 172.21.15.69:0/835074061 wait complete.
2024-03-19T00:59:10.859 INFO:teuthology.orchestra.run.smithi069.stdout:/usr/bin/ceph: stderr
2024-03-19T00:59:09.903+0000 7f1f75a00700 1 Processor -- start
2024-03-19T00:59:10.859 INFO:teuthology.orchestra.run.smithi069.stdout:/usr/bin/ceph: stderr
2024-03-19T00:59:09.903+0000 7f1f75a00700 1 -- start start
2024-03-19T00:59:10.859 INFO:teuthology.orchestra.run.smithi069.stdout:/usr/bin/ceph: stderr
2024-03-19T00:59:09.903+0000 7f1f75a00700 1 --2- >> [v2:172.21.15.69:3300/0,v1:172.21.15.69:6789/0] conn(0x7f1f70107d10 0x7f1f7019de00 unknown :-1 s=NONE pgs=0 cs=0 l=1 rev1=0 crypto rx=0 tx=0 comp rx=0 tx=0).connect
2024-03-19T00:59:10.859 INFO:teuthology.orchestra.run.smithi069.stdout:/usr/bin/ceph: stderr
2024-03-19T00:59:09.903+0000 7f1f75a00700 1 -- --> [v2:172.21.15.69:3300/0,v1:172.21.15.69:6789/0] -- mon_getmap magic: 0 -- 0x7f1f7010c220 con 0x7f1f70107d10
2024-03-19T00:59:10.859 INFO:teuthology.orchestra.run.smithi069.stdout:/usr/bin/ceph: stderr
2024-03-19T00:59:09.904+0000 7f1f6ea00700 1 --2- >> [v2:172.21.15.69:3300/0,v1:172.21.15.69:6789/0] conn(0x7f1f70107d10 0x7f1f7019de00 unknown :-1 s=BANNER_CONNECTING pgs=0 cs=0 l=1 rev1=0 crypto rx=0 tx=0 comp rx=0 tx=0)._handle_peer_banner_payload supported=3 required=0
2024-03-19T00:59:10.859 INFO:teuthology.orchestra.run.smithi069.stdout:/usr/bin/ceph: stderr
2024-03-19T00:59:09.904+0000 7f1f6ea00700 1 --2- >> [v2:172.21.15.69:3300/0,v1:172.21.15.69:6789/0] conn(0x7f1f70107d10 0x7f1f7019de00 unknown :-1 s=HELLO_CONNECTING pgs=0 cs=0 l=1 rev1=1 crypto rx=0 tx=0 comp rx=0 tx=0).handle_hello peer v2:172.21.15.69:3300/0 says I am v2:172.21.15.69:60302/0 (socket says 172.21.15.69:60302)
2024-03-19T00:59:10.859 INFO:teuthology.orchestra.run.smithi069.stdout:/usr/bin/ceph: stderr
2024-03-19T00:59:09.904+0000 7f1f6ea00700 1 -- 172.21.15.69:0/730456519 learned_addr learned my addr 172.21.15.69:0/730456519 (peer_addr_for_me v2:172.21.15.69:0/0)
2024-03-19T00:59:10.859 INFO:teuthology.orchestra.run.smithi069.stdout:/usr/bin/ceph: stderr
2024-03-19T00:59:09.904+0000 7f1f6ea00700 1 -- 172.21.15.69:0/730456519 --> [v2:172.21.15.69:3300/0,v1:172.21.15.69:6789/0] -- mon_subscribe({config=0+,monmap=0+}) -- 0x7f1f7019e340 con 0x7f1f70107d10
2024-03-19T00:59:10.859 INFO:teuthology.orchestra.run.smithi069.stdout:/usr/bin/ceph: stderr
2024-03-19T00:59:09.904+0000 7f1f6ea00700 1 --2- 172.21.15.69:0/730456519 >> [v2:172.21.15.69:3300/0,v1:172.21.15.69:6789/0] conn(0x7f1f70107d10 0x7f1f7019de00 secure :-1 s=READY pgs=52 cs=0 l=1 rev1=1 crypto rx=0x7f1f600117e0 tx=0x7f1f60011ba0 comp rx=0 tx=0).ready entity=mon.0 client_cookie=0 server_cookie=0 in_seq=0 out_seq=0
2024-03-19T00:59:10.859 INFO:teuthology.orchestra.run.smithi069.stdout:/usr/bin/ceph: stderr
2024-03-19T00:59:09.905+0000 7f1f67400700 1 -- 172.21.15.69:0/730456519 <== mon.0 v2:172.21.15.69:3300/0 1 ==== mon_map magic: 0 ==== 205+0+0 (secure 0 0 0) 0x7f1f60003bf0 con 0x7f1f70107d10
2024-03-19T00:59:10.859 INFO:teuthology.orchestra.run.smithi069.stdout:/usr/bin/ceph: stderr
2024-03-19T00:59:09.905+0000 7f1f67400700 1 -- 172.21.15.69:0/730456519 <== mon.0 v2:172.21.15.69:3300/0 2 ==== config(27 keys) ==== 1140+0+0 (secure 0 0 0) 0x7f1f6001a910 con 0x7f1f70107d10
2024-03-19T00:59:10.860 INFO:teuthology.orchestra.run.smithi069.stdout:/usr/bin/ceph: stderr
2024-03-19T00:59:09.905+0000 7f1f75a00700 1 -- 172.21.15.69:0/730456519 --> [v2:172.21.15.69:3300/0,v1:172.21.15.69:6789/0] -- mon_subscribe({mgrmap=0+}) -- 0x7f1f7019e5d0 con 0x7f1f70107d10
2024-03-19T00:59:10.860 INFO:teuthology.orchestra.run.smithi069.stdout:/usr/bin/ceph: stderr
2024-03-19T00:59:09.905+0000 7f1f67400700 1 -- 172.21.15.69:0/730456519 <== mon.0 v2:172.21.15.69:3300/0 3 ==== mon_map magic: 0 ==== 205+0+0 (secure 0 0 0) 0x7f1f60024970 con 0x7f1f70107d10
2024-03-19T00:59:10.860 INFO:teuthology.orchestra.run.smithi069.stdout:/usr/bin/ceph: stderr
2024-03-19T00:59:09.905+0000 7f1f75a00700 1 -- 172.21.15.69:0/730456519 --> [v2:172.21.15.69:3300/0,v1:172.21.15.69:6789/0] -- mon_subscribe({osdmap=0}) -- 0x7f1f7019ea30 con 0x7f1f70107d10
2024-03-19T00:59:10.860 INFO:teuthology.orchestra.run.smithi069.stdout:/usr/bin/ceph: stderr
2024-03-19T00:59:09.906+0000 7f1f67400700 1 -- 172.21.15.69:0/730456519 <== mon.0 v2:172.21.15.69:3300/0 4 ==== mgrmap(e 8) ==== 46106+0+0 (secure 0 0 0) 0x7f1f60022020 con 0x7f1f70107d10
2024-03-19T00:59:10.860 INFO:teuthology.orchestra.run.smithi069.stdout:/usr/bin/ceph: stderr
2024-03-19T00:59:09.906+0000 7f1f75a00700 1 -- 172.21.15.69:0/730456519 --> [v2:172.21.15.69:3300/0,v1:172.21.15.69:6789/0] -- mon_command({"prefix": "get_command_descriptions"} v 0) -- 0x7f1f70063940 con 0x7f1f70107d10
2024-03-19T00:59:10.860 INFO:teuthology.orchestra.run.smithi069.stdout:/usr/bin/ceph: stderr
2024-03-19T00:59:09.907+0000 7f1f67400700 1 --2- 172.21.15.69:0/730456519 >> [v2:172.21.15.69:6800/4073584559,v1:172.21.15.69:6801/4073584559] conn(0x7f1f54038f70 0x7f1f5403b430 unknown :-1 s=NONE pgs=0 cs=0 l=1 rev1=0 crypto rx=0 tx=0 comp rx=0 tx=0).connect
2024-03-19T00:59:10.860 INFO:teuthology.orchestra.run.smithi069.stdout:/usr/bin/ceph: stderr
2024-03-19T00:59:09.907+0000 7f1f67400700 1 -- 172.21.15.69:0/730456519 <== mon.0 v2:172.21.15.69:3300/0 5 ==== osd_map(2..2 src has 1..2) ==== 940+0+0 (secure 0 0 0) 0x7f1f6004d300 con 0x7f1f70107d10
2024-03-19T00:59:10.860 INFO:teuthology.orchestra.run.smithi069.stdout:/usr/bin/ceph: stderr
2024-03-19T00:59:09.907+0000 7f1f6e000700 1 --2- 172.21.15.69:0/730456519 >> [v2:172.21.15.69:6800/4073584559,v1:172.21.15.69:6801/4073584559] conn(0x7f1f54038f70 0x7f1f5403b430 unknown :-1 s=BANNER_CONNECTING pgs=0 cs=0 l=1 rev1=0 crypto rx=0 tx=0 comp rx=0 tx=0)._handle_peer_banner_payload supported=3 required=0
2024-03-19T00:59:10.860 INFO:teuthology.orchestra.run.smithi069.stdout:/usr/bin/ceph: stderr
2024-03-19T00:59:09.908+0000 7f1f6e000700 1 --2- 172.21.15.69:0/730456519 >> [v2:172.21.15.69:6800/4073584559,v1:172.21.15.69:6801/4073584559] conn(0x7f1f54038f70 0x7f1f5403b430 secure :-1 s=READY pgs=14 cs=0 l=1 rev1=1 crypto rx=0x7f1f5c006fd0 tx=0x7f1f5c006e40 comp rx=0 tx=0).ready entity=mgr.14120 client_cookie=0 server_cookie=0 in_seq=0 out_seq=0
2024-03-19T00:59:10.860 INFO:teuthology.orchestra.run.smithi069.stdout:/usr/bin/ceph: stderr
2024-03-19T00:59:09.912+0000 7f1f67400700 1 -- 172.21.15.69:0/730456519 <== mon.0 v2:172.21.15.69:3300/0 6 ==== mon_command_ack([{"prefix": "get_command_descriptions"}]=0 v0) ==== 72+0+186149 (secure 0 0 0) 0x7f1f6004cc50 con 0x7f1f70107d10
2024-03-19T00:59:10.860 INFO:teuthology.orchestra.run.smithi069.stdout:/usr/bin/ceph: stderr
2024-03-19T00:59:10.132+0000 7f1f75a00700 1 -- 172.21.15.69:0/730456519 --> [v2:172.21.15.69:3300/0,v1:172.21.15.69:6789/0] -- mon_command([{prefix=config set, name=mgr/cephadm/container_init}] v 0) -- 0x7f1f701a12c0 con 0x7f1f70107d10
2024-03-19T00:59:10.860 INFO:teuthology.orchestra.run.smithi069.stdout:/usr/bin/ceph: stderr
2024-03-19T00:59:10.136+0000 7f1f67400700 1 -- 172.21.15.69:0/730456519 <== mon.0 v2:172.21.15.69:3300/0 7 ==== mon_command_ack([{prefix=config set, name=mgr/cephadm/container_init}]=0 v7)=0 v7) ==== 142+0+0 (secure 0 0 0) 0x7f1f6002d910 con 0x7f1f70107d10
2024-03-19T00:59:10.860 INFO:teuthology.orchestra.run.smithi069.stdout:/usr/bin/ceph: stderr
2024-03-19T00:59:10.140+0000 7f1f75a00700 1 -- 172.21.15.69:0/730456519 >> [v2:172.21.15.69:6800/4073584559,v1:172.21.15.69:6801/4073584559] conn(0x7f1f54038f70 msgr2=0x7f1f5403b430 secure :-1 s=STATE_CONNECTION_ESTABLISHED l=1).mark_down
2024-03-19T00:59:10.860 INFO:teuthology.orchestra.run.smithi069.stdout:/usr/bin/ceph: stderr
2024-03-19T00:59:10.140+0000 7f1f75a00700 1 --2- 172.21.15.69:0/730456519 >> [v2:172.21.15.69:6800/4073584559,v1:172.21.15.69:6801/4073584559] conn(0x7f1f54038f70 0x7f1f5403b430 secure :-1 s=READY pgs=14 cs=0 l=1 rev1=1 crypto rx=0x7f1f5c006fd0 tx=0x7f1f5c006e40 comp rx=0 tx=0).stop
2024-03-19T00:59:10.861 INFO:teuthology.orchestra.run.smithi069.stdout:/usr/bin/ceph: stderr
2024-03-19T00:59:10.140+0000 7f1f75a00700 1 -- 172.21.15.69:0/730456519 >> [v2:172.21.15.69:3300/0,v1:172.21.15.69:6789/0] conn(0x7f1f70107d10 msgr2=0x7f1f7019de00 secure :-1 s=STATE_CONNECTION_ESTABLISHED l=1).mark_down
2024-03-19T00:59:10.861 INFO:teuthology.orchestra.run.smithi069.stdout:/usr/bin/ceph: stderr
2024-03-19T00:59:10.140+0000 7f1f75a00700 1 --2- 172.21.15.69:0/730456519 >> [v2:172.21.15.69:3300/0,v1:172.21.15.69:6789/0] conn(0x7f1f70107d10 0x7f1f7019de00 secure :-1 s=READY pgs=52 cs=0 l=1 rev1=1 crypto rx=0x7f1f600117e0 tx=0x7f1f60011ba0 comp rx=0 tx=0).stop
2024-03-19T00:59:10.861 INFO:teuthology.orchestra.run.smithi069.stdout:/usr/bin/ceph: stderr
2024-03-19T00:59:10.140+0000 7f1f75a00700 1 -- 172.21.15.69:0/730456519 shutdown_connections
2024-03-19T00:59:10.861 INFO:teuthology.orchestra.run.smithi069.stdout:/usr/bin/ceph: stderr
2024-03-19T00:59:10.140+0000 7f1f75a00700 1 --2- 172.21.15.69:0/730456519 >> [v2:172.21.15.69:6800/4073584559,v1:172.21.15.69:6801/4073584559] conn(0x7f1f54038f70 0x7f1f5403b430 unknown :-1 s=CLOSED pgs=14 cs=0 l=1 rev1=1 crypto rx=0 tx=0 comp rx=0 tx=0).stop
2024-03-19T00:59:10.861 INFO:teuthology.orchestra.run.smithi069.stdout:/usr/bin/ceph: stderr
2024-03-19T00:59:10.140+0000 7f1f75a00700 1 --2- 172.21.15.69:0/730456519 >> [v2:172.21.15.69:3300/0,v1:172.21.15.69:6789/0] conn(0x7f1f70107d10 0x7f1f7019de00 unknown :-1 s=CLOSED pgs=52 cs=0 l=1 rev1=1 crypto rx=0 tx=0 comp rx=0 tx=0).stop
2024-03-19T00:59:10.861 INFO:teuthology.orchestra.run.smithi069.stdout:/usr/bin/ceph: stderr
2024-03-19T00:59:10.140+0000 7f1f75a00700 1 -- 172.21.15.69:0/730456519 >> 172.21.15.69:0/730456519 conn(0x7f1f701032d0 msgr2=0x7f1f70103d10 unknown :-1 s=STATE_NONE l=0).mark_down
2024-03-19T00:59:10.861 INFO:teuthology.orchestra.run.smithi069.stdout:/usr/bin/ceph: stderr
2024-03-19T00:59:10.140+0000 7f1f75a00700 1 -- 172.21.15.69:0/730456519 shutdown_connections
2024-03-19T00:59:10.861 INFO:teuthology.orchestra.run.smithi069.stdout:/usr/bin/ceph: stderr
2024-03-19T00:59:10.141+0000 7f1f75a00700 1 -- 172.21.15.69:0/730456519 wait complete.
2024-03-19T00:59:12.756 INFO:journalctl@ceph.mon.a.smithi069.stdout:Mar 19 00:59:12 smithi069 ceph-mon[31727]: pgmap v4: 0 pgs: ; 0 B data, 0 B used, 0 B / 0 B avail
2024-03-19T00:59:12.756 INFO:journalctl@ceph.mon.a.smithi069.stdout:Mar 19 00:59:12 smithi069 ceph-mon[31727]: from='client.? 172.21.15.69:0/797673681' entity='client.admin'
2024-03-19T00:59:12.756 INFO:journalctl@ceph.mon.a.smithi069.stdout:Mar 19 00:59:12 smithi069 ceph-mon[31727]: from='mgr.14120 172.21.15.69:0/3148857341' entity='mgr.x'
2024-03-19T00:59:12.767 INFO:teuthology.orchestra.run.smithi069.stdout:/usr/bin/ceph: stderr
2024-03-19T00:59:11.369+0000 7f391ae00700 1 Processor -- start
2024-03-19T00:59:12.768 INFO:teuthology.orchestra.run.smithi069.stdout:/usr/bin/ceph: stderr
2024-03-19T00:59:11.370+0000 7f391ae00700 1 -- start start
2024-03-19T00:59:12.768 INFO:teuthology.orchestra.run.smithi069.stdout:/usr/bin/ceph: stderr
2024-03-19T00:59:11.370+0000 7f391ae00700 1 --2- >> [v2:172.21.15.69:3300/0,v1:172.21.15.69:6789/0] conn(0x7f3914107ce0 0x7f3914108100 unknown :-1 s=NONE pgs=0 cs=0 l=0 rev1=0 crypto rx=0 tx=0 comp rx=0 tx=0).connect
2024-03-19T00:59:12.768 INFO:teuthology.orchestra.run.smithi069.stdout:/usr/bin/ceph: stderr
2024-03-19T00:59:11.370+0000 7f391ae00700 1 -- --> [v2:172.21.15.69:3300/0,v1:172.21.15.69:6789/0] -- mon_getmap magic: 0 -- 0x7f3914108640 con 0x7f3914107ce0
2024-03-19T00:59:12.768 INFO:teuthology.orchestra.run.smithi069.stdout:/usr/bin/ceph: stderr
2024-03-19T00:59:11.371+0000 7f3913e00700 1 --2- >> [v2:172.21.15.69:3300/0,v1:172.21.15.69:6789/0] conn(0x7f3914107ce0 0x7f3914108100 unknown :-1 s=BANNER_CONNECTING pgs=0 cs=0 l=0 rev1=0 crypto rx=0 tx=0 comp rx=0 tx=0)._handle_peer_banner_payload supported=3 required=0
2024-03-19T00:59:12.768 INFO:teuthology.orchestra.run.smithi069.stdout:/usr/bin/ceph: stderr
2024-03-19T00:59:11.371+0000 7f3913e00700 1 --2- >> [v2:172.21.15.69:3300/0,v1:172.21.15.69:6789/0] conn(0x7f3914107ce0 0x7f3914108100 unknown :-1 s=HELLO_CONNECTING pgs=0 cs=0 l=0 rev1=1 crypto rx=0 tx=0 comp rx=0 tx=0).handle_hello peer v2:172.21.15.69:3300/0 says I am v2:172.21.15.69:60308/0 (socket says 172.21.15.69:60308)
2024-03-19T00:59:12.768 INFO:teuthology.orchestra.run.smithi069.stdout:/usr/bin/ceph: stderr
2024-03-19T00:59:11.371+0000 7f3913e00700 1 -- 172.21.15.69:0/2146773997 learned_addr learned my addr 172.21.15.69:0/2146773997 (peer_addr_for_me v2:172.21.15.69:0/0)
2024-03-19T00:59:12.768 INFO:teuthology.orchestra.run.smithi069.stdout:/usr/bin/ceph: stderr
2024-03-19T00:59:11.371+0000 7f3913e00700 1 -- 172.21.15.69:0/2146773997 --> [v2:172.21.15.69:3300/0,v1:172.21.15.69:6789/0] -- mon_subscribe({config=0+,monmap=0+}) -- 0x7f39141087c0 con 0x7f3914107ce0
2024-03-19T00:59:12.768 INFO:teuthology.orchestra.run.smithi069.stdout:/usr/bin/ceph: stderr
2024-03-19T00:59:11.372+0000 7f3913e00700 1 --2- 172.21.15.69:0/2146773997 >> [v2:172.21.15.69:3300/0,v1:172.21.15.69:6789/0] conn(0x7f3914107ce0 0x7f3914108100 secure :-1 s=READY pgs=53 cs=0 l=1 rev1=1 crypto rx=0x7f39040098a0 tx=0x7f3904009bb0 comp rx=0 tx=0).ready entity=mon.0 client_cookie=c47c25e7d34bc573 server_cookie=0 in_seq=0 out_seq=0
2024-03-19T00:59:12.768 INFO:teuthology.orchestra.run.smithi069.stdout:/usr/bin/ceph: stderr
2024-03-19T00:59:11.372+0000 7f3912a00700 1 -- 172.21.15.69:0/2146773997 <== mon.0 v2:172.21.15.69:3300/0 1 ==== mon_map magic: 0 ==== 205+0+0 (secure 0 0 0) 0x7f3904004160 con 0x7f3914107ce0
2024-03-19T00:59:12.768 INFO:teuthology.orchestra.run.smithi069.stdout:/usr/bin/ceph: stderr
2024-03-19T00:59:11.372+0000 7f3912a00700 1 -- 172.21.15.69:0/2146773997 <== mon.0 v2:172.21.15.69:3300/0 2 ==== config(27 keys) ==== 1140+0+0 (secure 0 0 0) 0x7f3904004300 con 0x7f3914107ce0
2024-03-19T00:59:12.768 INFO:teuthology.orchestra.run.smithi069.stdout:/usr/bin/ceph: stderr
2024-03-19T00:59:11.372+0000 7f3912a00700 1 -- 172.21.15.69:0/2146773997 <== mon.0 v2:172.21.15.69:3300/0 3 ==== mon_map magic: 0 ==== 205+0+0 (secure 0 0 0) 0x7f3904011b20 con 0x7f3914107ce0
2024-03-19T00:59:12.768 INFO:teuthology.orchestra.run.smithi069.stdout:/usr/bin/ceph: stderr
2024-03-19T00:59:11.373+0000 7f391ae00700 1 -- 172.21.15.69:0/2146773997 >> [v2:172.21.15.69:3300/0,v1:172.21.15.69:6789/0] conn(0x7f3914107ce0 msgr2=0x7f3914108100 secure :-1 s=STATE_CONNECTION_ESTABLISHED l=1).mark_down
2024-03-19T00:59:12.768 INFO:teuthology.orchestra.run.smithi069.stdout:/usr/bin/ceph: stderr
2024-03-19T00:59:11.373+0000 7f391ae00700 1 --2- 172.21.15.69:0/2146773997 >> [v2:172.21.15.69:3300/0,v1:172.21.15.69:6789/0] conn(0x7f3914107ce0 0x7f3914108100 secure :-1 s=READY pgs=53 cs=0 l=1 rev1=1 crypto rx=0x7f39040098a0 tx=0x7f3904009bb0 comp rx=0 tx=0).stop
2024-03-19T00:59:12.768 INFO:teuthology.orchestra.run.smithi069.stdout:/usr/bin/ceph: stderr
2024-03-19T00:59:11.373+0000 7f391ae00700 1 -- 172.21.15.69:0/2146773997 shutdown_connections
2024-03-19T00:59:12.769 INFO:teuthology.orchestra.run.smithi069.stdout:/usr/bin/ceph: stderr
2024-03-19T00:59:11.373+0000 7f391ae00700 1 --2- 172.21.15.69:0/2146773997 >> [v2:172.21.15.69:3300/0,v1:172.21.15.69:6789/0] conn(0x7f3914107ce0 0x7f3914108100 unknown :-1 s=CLOSED pgs=53 cs=0 l=1 rev1=1 crypto rx=0 tx=0 comp rx=0 tx=0).stop
2024-03-19T00:59:12.769 INFO:teuthology.orchestra.run.smithi069.stdout:/usr/bin/ceph: stderr
2024-03-19T00:59:11.373+0000 7f391ae00700 1 -- 172.21.15.69:0/2146773997 >> 172.21.15.69:0/2146773997 conn(0x7f39141033a0 msgr2=0x7f39141057c0 unknown :-1 s=STATE_NONE l=0).mark_down
2024-03-19T00:59:12.769 INFO:teuthology.orchestra.run.smithi069.stdout:/usr/bin/ceph: stderr
2024-03-19T00:59:11.373+0000 7f391ae00700 1 -- 172.21.15.69:0/2146773997 shutdown_connections
2024-03-19T00:59:12.769 INFO:teuthology.orchestra.run.smithi069.stdout:/usr/bin/ceph: stderr
2024-03-19T00:59:11.373+0000 7f391ae00700 1 -- 172.21.15.69:0/2146773997 wait complete.
2024-03-19T00:59:12.769 INFO:teuthology.orchestra.run.smithi069.stdout:/usr/bin/ceph: stderr
2024-03-19T00:59:11.374+0000 7f391ae00700 1 Processor -- start
2024-03-19T00:59:12.769 INFO:teuthology.orchestra.run.smithi069.stdout:/usr/bin/ceph: stderr
2024-03-19T00:59:11.375+0000 7f391ae00700 1 -- start start
2024-03-19T00:59:12.769 INFO:teuthology.orchestra.run.smithi069.stdout:/usr/bin/ceph: stderr
2024-03-19T00:59:11.375+0000 7f391ae00700 1 --2- >> [v2:172.21.15.69:3300/0,v1:172.21.15.69:6789/0] conn(0x7f3914107ce0 0x7f391407e3d0 unknown :-1 s=NONE pgs=0 cs=0 l=1 rev1=0 crypto rx=0 tx=0 comp rx=0 tx=0).connect
2024-03-19T00:59:12.769 INFO:teuthology.orchestra.run.smithi069.stdout:/usr/bin/ceph: stderr
2024-03-19T00:59:11.375+0000 7f391ae00700 1 -- --> [v2:172.21.15.69:3300/0,v1:172.21.15.69:6789/0] -- mon_getmap magic: 0 -- 0x7f391410c150 con 0x7f3914107ce0
2024-03-19T00:59:12.769 INFO:teuthology.orchestra.run.smithi069.stdout:/usr/bin/ceph: stderr
2024-03-19T00:59:11.375+0000 7f3913e00700 1 --2- >> [v2:172.21.15.69:3300/0,v1:172.21.15.69:6789/0] conn(0x7f3914107ce0 0x7f391407e3d0 unknown :-1 s=BANNER_CONNECTING pgs=0 cs=0 l=1 rev1=0 crypto rx=0 tx=0 comp rx=0 tx=0)._handle_peer_banner_payload supported=3 required=0
2024-03-19T00:59:12.769 INFO:teuthology.orchestra.run.smithi069.stdout:/usr/bin/ceph: stderr
2024-03-19T00:59:11.375+0000 7f3913e00700 1 --2- >> [v2:172.21.15.69:3300/0,v1:172.21.15.69:6789/0] conn(0x7f3914107ce0 0x7f391407e3d0 unknown :-1 s=HELLO_CONNECTING pgs=0 cs=0 l=1 rev1=1 crypto rx=0 tx=0 comp rx=0 tx=0).handle_hello peer v2:172.21.15.69:3300/0 says I am v2:172.21.15.69:60324/0 (socket says 172.21.15.69:60324)
2024-03-19T00:59:12.769 INFO:teuthology.orchestra.run.smithi069.stdout:/usr/bin/ceph: stderr
2024-03-19T00:59:11.375+0000 7f3913e00700 1 -- 172.21.15.69:0/797673681 learned_addr learned my addr 172.21.15.69:0/797673681 (peer_addr_for_me v2:172.21.15.69:0/0)
2024-03-19T00:59:12.769 INFO:teuthology.orchestra.run.smithi069.stdout:/usr/bin/ceph: stderr
2024-03-19T00:59:11.376+0000 7f3913e00700 1 -- 172.21.15.69:0/797673681 --> [v2:172.21.15.69:3300/0,v1:172.21.15.69:6789/0] -- mon_subscribe({config=0+,monmap=0+}) -- 0x7f391407e910 con 0x7f3914107ce0
2024-03-19T00:59:12.769 INFO:teuthology.orchestra.run.smithi069.stdout:/usr/bin/ceph: stderr
2024-03-19T00:59:11.376+0000 7f3913e00700 1 --2- 172.21.15.69:0/797673681 >> [v2:172.21.15.69:3300/0,v1:172.21.15.69:6789/0] conn(0x7f3914107ce0 0x7f391407e3d0 secure :-1 s=READY pgs=54 cs=0 l=1 rev1=1 crypto rx=0x7f3904011b60 tx=0x7f3904011c40 comp rx=0 tx=0).ready entity=mon.0 client_cookie=0 server_cookie=0 in_seq=0 out_seq=0
2024-03-19T00:59:12.770 INFO:teuthology.orchestra.run.smithi069.stdout:/usr/bin/ceph: stderr
2024-03-19T00:59:11.376+0000 7f3910c00700 1 -- 172.21.15.69:0/797673681 <== mon.0 v2:172.21.15.69:3300/0 1 ==== mon_map magic: 0 ==== 205+0+0 (secure 0 0 0) 0x7f3904003b60 con 0x7f3914107ce0
2024-03-19T00:59:12.770 INFO:teuthology.orchestra.run.smithi069.stdout:/usr/bin/ceph: stderr
2024-03-19T00:59:11.376+0000 7f3910c00700 1 -- 172.21.15.69:0/797673681 <== mon.0 v2:172.21.15.69:3300/0 2 ==== config(27 keys) ==== 1140+0+0 (secure 0 0 0) 0x7f390401a910 con 0x7f3914107ce0
2024-03-19T00:59:12.770 INFO:teuthology.orchestra.run.smithi069.stdout:/usr/bin/ceph: stderr
2024-03-19T00:59:11.376+0000 7f391ae00700 1 -- 172.21.15.69:0/797673681 --> [v2:172.21.15.69:3300/0,v1:172.21.15.69:6789/0] -- mon_subscribe({mgrmap=0+}) -- 0x7f391407cb50 con 0x7f3914107ce0
2024-03-19T00:59:12.770 INFO:teuthology.orchestra.run.smithi069.stdout:/usr/bin/ceph: stderr
2024-03-19T00:59:11.376+0000 7f3910c00700 1 -- 172.21.15.69:0/797673681 <== mon.0 v2:172.21.15.69:3300/0 3 ==== mon_map magic: 0 ==== 205+0+0 (secure 0 0 0) 0x7f3904024930 con 0x7f3914107ce0
2024-03-19T00:59:12.770 INFO:teuthology.orchestra.run.smithi069.stdout:/usr/bin/ceph: stderr
2024-03-19T00:59:11.376+0000 7f391ae00700 1 -- 172.21.15.69:0/797673681 --> [v2:172.21.15.69:3300/0,v1:172.21.15.69:6789/0] -- mon_subscribe({osdmap=0}) -- 0x7f391407cfb0 con 0x7f3914107ce0
2024-03-19T00:59:12.770 INFO:teuthology.orchestra.run.smithi069.stdout:/usr/bin/ceph: stderr
2024-03-19T00:59:11.378+0000 7f391ae00700 1 -- 172.21.15.69:0/797673681 --> [v2:172.21.15.69:3300/0,v1:172.21.15.69:6789/0] -- mon_command({"prefix": "get_command_descriptions"} v 0) -- 0x7f391410c2d0 con 0x7f3914107ce0
2024-03-19T00:59:12.770 INFO:teuthology.orchestra.run.smithi069.stdout:/usr/bin/ceph: stderr
2024-03-19T00:59:11.378+0000 7f3910c00700 1 -- 172.21.15.69:0/797673681 <== mon.0 v2:172.21.15.69:3300/0 4 ==== mgrmap(e 8) ==== 46106+0+0 (secure 0 0 0) 0x7f3904022020 con 0x7f3914107ce0
2024-03-19T00:59:12.770 INFO:teuthology.orchestra.run.smithi069.stdout:/usr/bin/ceph: stderr
2024-03-19T00:59:11.379+0000 7f3910c00700 1 --2- 172.21.15.69:0/797673681 >> [v2:172.21.15.69:6800/4073584559,v1:172.21.15.69:6801/4073584559] conn(0x7f38f8038f20 0x7f38f803b3e0 unknown :-1 s=NONE pgs=0 cs=0 l=1 rev1=0 crypto rx=0 tx=0 comp rx=0 tx=0).connect
2024-03-19T00:59:12.770 INFO:teuthology.orchestra.run.smithi069.stdout:/usr/bin/ceph: stderr
2024-03-19T00:59:11.379+0000 7f3910c00700 1 -- 172.21.15.69:0/797673681 <== mon.0 v2:172.21.15.69:3300/0 5 ==== osd_map(2..2 src has 1..2) ==== 940+0+0 (secure 0 0 0) 0x7f390404d140 con 0x7f3914107ce0
2024-03-19T00:59:12.770 INFO:teuthology.orchestra.run.smithi069.stdout:/usr/bin/ceph: stderr
2024-03-19T00:59:11.379+0000 7f3913400700 1 --2- 172.21.15.69:0/797673681 >> [v2:172.21.15.69:6800/4073584559,v1:172.21.15.69:6801/4073584559] conn(0x7f38f8038f20 0x7f38f803b3e0 unknown :-1 s=BANNER_CONNECTING pgs=0 cs=0 l=1 rev1=0 crypto rx=0 tx=0 comp rx=0 tx=0)._handle_peer_banner_payload supported=3 required=0
2024-03-19T00:59:12.770 INFO:teuthology.orchestra.run.smithi069.stdout:/usr/bin/ceph: stderr
2024-03-19T00:59:11.380+0000 7f3913400700 1 --2- 172.21.15.69:0/797673681 >> [v2:172.21.15.69:6800/4073584559,v1:172.21.15.69:6801/4073584559] conn(0x7f38f8038f20 0x7f38f803b3e0 secure :-1 s=READY pgs=15 cs=0 l=1 rev1=1 crypto rx=0x7f3900006fd0 tx=0x7f3900006e40 comp rx=0 tx=0).ready entity=mgr.14120 client_cookie=0 server_cookie=0 in_seq=0 out_seq=0
