2024-03-19T01:32:11.224 INFO:teuthology.orchestra.run.smithi099.stdout:/usr/bin/ceph: stderr
2024-03-19T01:32:10.067+0000 7fa2c2721700 1 -- 172.21.15.99:0/2183928735 shutdown_connections
2024-03-19T01:32:11.224 INFO:teuthology.orchestra.run.smithi099.stdout:/usr/bin/ceph: stderr
2024-03-19T01:32:10.067+0000 7fa2c2721700 1 --2- 172.21.15.99:0/2183928735 >> [v2:172.21.15.99:3300/0,v1:172.21.15.99:6789/0] conn(0x7fa2bc106050 0x7fa2bc106470 unknown :-1 s=CLOSED pgs=70 cs=0 l=1 rev1=1 crypto rx=0 tx=0 comp rx=0 tx=0).stop
2024-03-19T01:32:11.224 INFO:teuthology.orchestra.run.smithi099.stdout:/usr/bin/ceph: stderr
2024-03-19T01:32:10.067+0000 7fa2c2721700 1 -- 172.21.15.99:0/2183928735 >> 172.21.15.99:0/2183928735 conn(0x7fa2bc1019c0 msgr2=0x7fa2bc103de0 unknown :-1 s=STATE_NONE l=0).mark_down
2024-03-19T01:32:11.225 INFO:teuthology.orchestra.run.smithi099.stdout:/usr/bin/ceph: stderr
2024-03-19T01:32:10.067+0000 7fa2c2721700 1 -- 172.21.15.99:0/2183928735 shutdown_connections
2024-03-19T01:32:11.225 INFO:teuthology.orchestra.run.smithi099.stdout:/usr/bin/ceph: stderr
2024-03-19T01:32:10.067+0000 7fa2c2721700 1 -- 172.21.15.99:0/2183928735 wait complete.
2024-03-19T01:32:11.225 INFO:teuthology.orchestra.run.smithi099.stdout:/usr/bin/ceph: stderr
2024-03-19T01:32:10.067+0000 7fa2c2721700 1 Processor -- start
2024-03-19T01:32:11.225 INFO:teuthology.orchestra.run.smithi099.stdout:/usr/bin/ceph: stderr
2024-03-19T01:32:10.067+0000 7fa2c2721700 1 -- start start
2024-03-19T01:32:11.225 INFO:teuthology.orchestra.run.smithi099.stdout:/usr/bin/ceph: stderr
2024-03-19T01:32:10.068+0000 7fa2c2721700 1 --2- >> [v2:172.21.15.99:3300/0,v1:172.21.15.99:6789/0] conn(0x7fa2bc106050 0x7fa2bc108810 unknown :-1 s=NONE pgs=0 cs=0 l=1 rev1=0 crypto rx=0 tx=0 comp rx=0 tx=0).connect
2024-03-19T01:32:11.225 INFO:teuthology.orchestra.run.smithi099.stdout:/usr/bin/ceph: stderr
2024-03-19T01:32:10.068+0000 7fa2c2721700 1 -- --> [v2:172.21.15.99:3300/0,v1:172.21.15.99:6789/0] -- mon_getmap magic: 0 -- 0x7fa2bc10c390 con 0x7fa2bc106050
2024-03-19T01:32:11.225 INFO:teuthology.orchestra.run.smithi099.stdout:/usr/bin/ceph: stderr
2024-03-19T01:32:10.068+0000 7fa2bbfff700 1 --2- >> [v2:172.21.15.99:3300/0,v1:172.21.15.99:6789/0] conn(0x7fa2bc106050 0x7fa2bc108810 unknown :-1 s=BANNER_CONNECTING pgs=0 cs=0 l=1 rev1=0 crypto rx=0 tx=0 comp rx=0 tx=0)._handle_peer_banner_payload supported=3 required=0
2024-03-19T01:32:11.225 INFO:teuthology.orchestra.run.smithi099.stdout:/usr/bin/ceph: stderr
2024-03-19T01:32:10.068+0000 7fa2bbfff700 1 --2- >> [v2:172.21.15.99:3300/0,v1:172.21.15.99:6789/0] conn(0x7fa2bc106050 0x7fa2bc108810 unknown :-1 s=HELLO_CONNECTING pgs=0 cs=0 l=1 rev1=1 crypto rx=0 tx=0 comp rx=0 tx=0).handle_hello peer v2:172.21.15.99:3300/0 says I am v2:172.21.15.99:51256/0 (socket says 172.21.15.99:51256)
2024-03-19T01:32:11.225 INFO:teuthology.orchestra.run.smithi099.stdout:/usr/bin/ceph: stderr
2024-03-19T01:32:10.068+0000 7fa2bbfff700 1 -- 172.21.15.99:0/2360842512 learned_addr learned my addr 172.21.15.99:0/2360842512 (peer_addr_for_me v2:172.21.15.99:0/0)
2024-03-19T01:32:11.225 INFO:teuthology.orchestra.run.smithi099.stdout:/usr/bin/ceph: stderr
2024-03-19T01:32:10.068+0000 7fa2bbfff700 1 -- 172.21.15.99:0/2360842512 --> [v2:172.21.15.99:3300/0,v1:172.21.15.99:6789/0] -- mon_subscribe({config=0+,monmap=0+}) -- 0x7fa2bc108d50 con 0x7fa2bc106050
2024-03-19T01:32:11.225 INFO:teuthology.orchestra.run.smithi099.stdout:/usr/bin/ceph: stderr
2024-03-19T01:32:10.068+0000 7fa2bbfff700 1 --2- 172.21.15.99:0/2360842512 >> [v2:172.21.15.99:3300/0,v1:172.21.15.99:6789/0] conn(0x7fa2bc106050 0x7fa2bc108810 secure :-1 s=READY pgs=71 cs=0 l=1 rev1=1 crypto rx=0x7fa2b00116a0 tx=0x7fa2b0011ba0 comp rx=0 tx=0).ready entity=mon.0 client_cookie=0 server_cookie=0 in_seq=0 out_seq=0
2024-03-19T01:32:11.225 INFO:teuthology.orchestra.run.smithi099.stdout:/usr/bin/ceph: stderr
2024-03-19T01:32:10.068+0000 7fa2b97fa700 1 -- 172.21.15.99:0/2360842512 <== mon.0 v2:172.21.15.99:3300/0 1 ==== mon_map magic: 0 ==== 205+0+0 (secure 0 0 0) 0x7fa2b0003a40 con 0x7fa2bc106050
2024-03-19T01:32:11.225 INFO:teuthology.orchestra.run.smithi099.stdout:/usr/bin/ceph: stderr
2024-03-19T01:32:10.068+0000 7fa2b97fa700 1 -- 172.21.15.99:0/2360842512 <== mon.0 v2:172.21.15.99:3300/0 2 ==== config(27 keys) ==== 1140+0+0 (secure 0 0 0) 0x7fa2b0003be0 con 0x7fa2bc106050
2024-03-19T01:32:11.226 INFO:teuthology.orchestra.run.smithi099.stdout:/usr/bin/ceph: stderr
2024-03-19T01:32:10.068+0000 7fa2c2721700 1 -- 172.21.15.99:0/2360842512 --> [v2:172.21.15.99:3300/0,v1:172.21.15.99:6789/0] -- mon_subscribe({mgrmap=0+}) -- 0x7fa2bc106f90 con 0x7fa2bc106050
2024-03-19T01:32:11.226 INFO:teuthology.orchestra.run.smithi099.stdout:/usr/bin/ceph: stderr
2024-03-19T01:32:10.068+0000 7fa2b97fa700 1 -- 172.21.15.99:0/2360842512 <== mon.0 v2:172.21.15.99:3300/0 3 ==== mon_map magic: 0 ==== 205+0+0 (secure 0 0 0) 0x7fa2b001a720 con 0x7fa2bc106050
2024-03-19T01:32:11.226 INFO:teuthology.orchestra.run.smithi099.stdout:/usr/bin/ceph: stderr
2024-03-19T01:32:10.068+0000 7fa2c2721700 1 -- 172.21.15.99:0/2360842512 --> [v2:172.21.15.99:3300/0,v1:172.21.15.99:6789/0] -- mon_subscribe({osdmap=0}) -- 0x7fa2bc1073f0 con 0x7fa2bc106050
2024-03-19T01:32:11.226 INFO:teuthology.orchestra.run.smithi099.stdout:/usr/bin/ceph: stderr
2024-03-19T01:32:10.069+0000 7fa2b97fa700 1 -- 172.21.15.99:0/2360842512 <== mon.0 v2:172.21.15.99:3300/0 4 ==== mgrmap(e 12) ==== 46119+0+0 (secure 0 0 0) 0x7fa2b001aa60 con 0x7fa2bc106050
2024-03-19T01:32:11.226 INFO:teuthology.orchestra.run.smithi099.stdout:/usr/bin/ceph: stderr
2024-03-19T01:32:10.069+0000 7fa2b97fa700 1 --2- 172.21.15.99:0/2360842512 >> [v2:172.21.15.99:6800/4272410295,v1:172.21.15.99:6801/4272410295] conn(0x7fa2a4038f20 0x7fa2a403b3e0 unknown :-1 s=NONE pgs=0 cs=0 l=1 rev1=0 crypto rx=0 tx=0 comp rx=0 tx=0).connect
2024-03-19T01:32:11.226 INFO:teuthology.orchestra.run.smithi099.stdout:/usr/bin/ceph: stderr
2024-03-19T01:32:10.069+0000 7fa2b97fa700 1 -- 172.21.15.99:0/2360842512 <== mon.0 v2:172.21.15.99:3300/0 5 ==== osd_map(3..3 src has 1..3) ==== 1155+0+0 (secure 0 0 0) 0x7fa2b004d5e0 con 0x7fa2bc106050
2024-03-19T01:32:11.226 INFO:teuthology.orchestra.run.smithi099.stdout:/usr/bin/ceph: stderr
2024-03-19T01:32:10.070+0000 7fa2bb7fe700 1 --2- 172.21.15.99:0/2360842512 >> [v2:172.21.15.99:6800/4272410295,v1:172.21.15.99:6801/4272410295] conn(0x7fa2a4038f20 0x7fa2a403b3e0 unknown :-1 s=BANNER_CONNECTING pgs=0 cs=0 l=1 rev1=0 crypto rx=0 tx=0 comp rx=0 tx=0)._handle_peer_banner_payload supported=3 required=0
2024-03-19T01:32:11.226 INFO:teuthology.orchestra.run.smithi099.stdout:/usr/bin/ceph: stderr
2024-03-19T01:32:10.070+0000 7fa2c2721700 1 -- 172.21.15.99:0/2360842512 --> [v2:172.21.15.99:3300/0,v1:172.21.15.99:6789/0] -- mon_command({"prefix": "get_command_descriptions"} v 0) -- 0x7fa2bc069420 con 0x7fa2bc106050
2024-03-19T01:32:11.226 INFO:teuthology.orchestra.run.smithi099.stdout:/usr/bin/ceph: stderr
2024-03-19T01:32:10.070+0000 7fa2bb7fe700 1 --2- 172.21.15.99:0/2360842512 >> [v2:172.21.15.99:6800/4272410295,v1:172.21.15.99:6801/4272410295] conn(0x7fa2a4038f20 0x7fa2a403b3e0 secure :-1 s=READY pgs=8 cs=0 l=1 rev1=1 crypto rx=0x7fa2ac006fd0 tx=0x7fa2ac006e40 comp rx=0 tx=0).ready entity=mgr.14150 client_cookie=0 server_cookie=0 in_seq=0 out_seq=0
2024-03-19T01:32:11.226 INFO:teuthology.orchestra.run.smithi099.stdout:/usr/bin/ceph: stderr
2024-03-19T01:32:10.079+0000 7fa2b97fa700 1 -- 172.21.15.99:0/2360842512 <== mon.0 v2:172.21.15.99:3300/0 6 ==== mon_command_ack([{"prefix": "get_command_descriptions"}]=0 v0) ==== 72+0+186149 (secure 0 0 0) 0x7fa2b0011e20 con 0x7fa2bc106050
2024-03-19T01:32:11.226 INFO:teuthology.orchestra.run.smithi099.stdout:/usr/bin/ceph: stderr
2024-03-19T01:32:10.313+0000 7fa2c2721700 1 -- 172.21.15.99:0/2360842512 --> [v2:172.21.15.99:6800/4272410295,v1:172.21.15.99:6801/4272410295] -- mgr_command(tid 0: {"prefix": "dashboard ac-user-create", "username": "admin", "rolename": "administrator", "force_password": true, "pwd_update_required": true, "target": ["mon-mgr", ""]}) -- 0x7fa2bc107ac0 con 0x7fa2a4038f20
2024-03-19T01:32:11.227 INFO:teuthology.orchestra.run.smithi099.stdout:/usr/bin/ceph: stderr
2024-03-19T01:32:10.540+0000 7fa2b97fa700 1 -- 172.21.15.99:0/2360842512 <== mgr.14150 v2:172.21.15.99:6800/4272410295 1 ==== mgr_command_reply(tid 0: 0 ) ==== 8+0+252 (secure 0 0 0) 0x7fa2bc107ac0 con 0x7fa2a4038f20
2024-03-19T01:32:11.227 INFO:teuthology.orchestra.run.smithi099.stdout:/usr/bin/ceph: stderr
2024-03-19T01:32:10.543+0000 7fa2c2721700 1 -- 172.21.15.99:0/2360842512 >> [v2:172.21.15.99:6800/4272410295,v1:172.21.15.99:6801/4272410295] conn(0x7fa2a4038f20 msgr2=0x7fa2a403b3e0 secure :-1 s=STATE_CONNECTION_ESTABLISHED l=1).mark_down
2024-03-19T01:32:11.227 INFO:teuthology.orchestra.run.smithi099.stdout:/usr/bin/ceph: stderr
2024-03-19T01:32:10.543+0000 7fa2c2721700 1 --2- 172.21.15.99:0/2360842512 >> [v2:172.21.15.99:6800/4272410295,v1:172.21.15.99:6801/4272410295] conn(0x7fa2a4038f20 0x7fa2a403b3e0 secure :-1 s=READY pgs=8 cs=0 l=1 rev1=1 crypto rx=0x7fa2ac006fd0 tx=0x7fa2ac006e40 comp rx=0 tx=0).stop
2024-03-19T01:32:11.227 INFO:teuthology.orchestra.run.smithi099.stdout:/usr/bin/ceph: stderr
2024-03-19T01:32:10.543+0000 7fa2c2721700 1 -- 172.21.15.99:0/2360842512 >> [v2:172.21.15.99:3300/0,v1:172.21.15.99:6789/0] conn(0x7fa2bc106050 msgr2=0x7fa2bc108810 secure :-1 s=STATE_CONNECTION_ESTABLISHED l=1).mark_down
2024-03-19T01:32:11.227 INFO:teuthology.orchestra.run.smithi099.stdout:/usr/bin/ceph: stderr
2024-03-19T01:32:10.543+0000 7fa2c2721700 1 --2- 172.21.15.99:0/2360842512 >> [v2:172.21.15.99:3300/0,v1:172.21.15.99:6789/0] conn(0x7fa2bc106050 0x7fa2bc108810 secure :-1 s=READY pgs=71 cs=0 l=1 rev1=1 crypto rx=0x7fa2b00116a0 tx=0x7fa2b0011ba0 comp rx=0 tx=0).stop
2024-03-19T01:32:11.227 INFO:teuthology.orchestra.run.smithi099.stdout:/usr/bin/ceph: stderr
2024-03-19T01:32:10.543+0000 7fa2c2721700 1 -- 172.21.15.99:0/2360842512 shutdown_connections
2024-03-19T01:32:11.227 INFO:teuthology.orchestra.run.smithi099.stdout:/usr/bin/ceph: stderr
2024-03-19T01:32:10.543+0000 7fa2c2721700 1 --2- 172.21.15.99:0/2360842512 >> [v2:172.21.15.99:6800/4272410295,v1:172.21.15.99:6801/4272410295] conn(0x7fa2a4038f20 0x7fa2a403b3e0 unknown :-1 s=CLOSED pgs=8 cs=0 l=1 rev1=1 crypto rx=0 tx=0 comp rx=0 tx=0).stop
2024-03-19T01:32:11.227 INFO:teuthology.orchestra.run.smithi099.stdout:/usr/bin/ceph: stderr
2024-03-19T01:32:10.543+0000 7fa2c2721700 1 --2- 172.21.15.99:0/2360842512 >> [v2:172.21.15.99:3300/0,v1:172.21.15.99:6789/0] conn(0x7fa2bc106050 0x7fa2bc108810 unknown :-1 s=CLOSED pgs=71 cs=0 l=1 rev1=1 crypto rx=0 tx=0 comp rx=0 tx=0).stop
2024-03-19T01:32:11.227 INFO:teuthology.orchestra.run.smithi099.stdout:/usr/bin/ceph: stderr
2024-03-19T01:32:10.543+0000 7fa2c2721700 1 -- 172.21.15.99:0/2360842512 >> 172.21.15.99:0/2360842512 conn(0x7fa2bc1019c0 msgr2=0x7fa2bc1024c0 unknown :-1 s=STATE_NONE l=0).mark_down
2024-03-19T01:32:11.227 INFO:teuthology.orchestra.run.smithi099.stdout:/usr/bin/ceph: stderr
2024-03-19T01:32:10.543+0000 7fa2c2721700 1 -- 172.21.15.99:0/2360842512 shutdown_connections
2024-03-19T01:32:11.227 INFO:teuthology.orchestra.run.smithi099.stdout:/usr/bin/ceph: stderr
2024-03-19T01:32:10.543+0000 7fa2c2721700 1 -- 172.21.15.99:0/2360842512 wait complete.
2024-03-19T01:32:11.228 INFO:teuthology.orchestra.run.smithi099.stdout:Fetching dashboard port number...
2024-03-19T01:32:12.091 INFO:journalctl@ceph.mon.a.smithi099.stdout:Mar 19 01:32:11 smithi099 ceph-mon[62951]: from='client.14164 -' entity='client.admin' cmd=[{"prefix": "dashboard ac-user-create", "username": "admin", "rolename": "administrator", "force_password": true, "pwd_update_required": true, "target": ["mon-mgr", ""]}]: dispatch
2024-03-19T01:32:12.091 INFO:journalctl@ceph.mon.a.smithi099.stdout:Mar 19 01:32:11 smithi099 ceph-mon[62951]: from='mgr.14150 172.21.15.99:0/2500444532' entity='mgr.x'
2024-03-19T01:32:12.456 INFO:teuthology.orchestra.run.smithi099.stdout:/usr/bin/ceph: stdout 8443
2024-03-19T01:32:12.456 INFO:teuthology.orchestra.run.smithi099.stdout:/usr/bin/ceph: stderr
2024-03-19T01:32:11.565+0000 7f7cbc833700 1 Processor -- start
2024-03-19T01:32:12.456 INFO:teuthology.orchestra.run.smithi099.stdout:/usr/bin/ceph: stderr
2024-03-19T01:32:11.565+0000 7f7cbc833700 1 -- start start
2024-03-19T01:32:12.456 INFO:teuthology.orchestra.run.smithi099.stdout:/usr/bin/ceph: stderr
2024-03-19T01:32:11.566+0000 7f7cbc833700 1 --2- >> [v2:172.21.15.99:3300/0,v1:172.21.15.99:6789/0] conn(0x7f7cb8108890 0x7f7cb810ac80 unknown :-1 s=NONE pgs=0 cs=0 l=0 rev1=0 crypto rx=0 tx=0 comp rx=0 tx=0).connect
2024-03-19T01:32:12.456 INFO:teuthology.orchestra.run.smithi099.stdout:/usr/bin/ceph: stderr
2024-03-19T01:32:11.566+0000 7f7cbc833700 1 -- --> [v2:172.21.15.99:3300/0,v1:172.21.15.99:6789/0] -- mon_getmap magic: 0 -- 0x7f7cb807be70 con 0x7f7cb8108890
2024-03-19T01:32:12.456 INFO:teuthology.orchestra.run.smithi099.stdout:/usr/bin/ceph: stderr
2024-03-19T01:32:11.566+0000 7f7cb659c700 1 --2- >> [v2:172.21.15.99:3300/0,v1:172.21.15.99:6789/0] conn(0x7f7cb8108890 0x7f7cb810ac80 unknown :-1 s=BANNER_CONNECTING pgs=0 cs=0 l=0 rev1=0 crypto rx=0 tx=0 comp rx=0 tx=0)._handle_peer_banner_payload supported=3 required=0
2024-03-19T01:32:12.456 INFO:teuthology.orchestra.run.smithi099.stdout:/usr/bin/ceph: stderr
2024-03-19T01:32:11.566+0000 7f7cb659c700 1 --2- >> [v2:172.21.15.99:3300/0,v1:172.21.15.99:6789/0] conn(0x7f7cb8108890 0x7f7cb810ac80 unknown :-1 s=HELLO_CONNECTING pgs=0 cs=0 l=0 rev1=1 crypto rx=0 tx=0 comp rx=0 tx=0).handle_hello peer v2:172.21.15.99:3300/0 says I am v2:172.21.15.99:51258/0 (socket says 172.21.15.99:51258)
2024-03-19T01:32:12.456 INFO:teuthology.orchestra.run.smithi099.stdout:/usr/bin/ceph: stderr
2024-03-19T01:32:11.566+0000 7f7cb659c700 1 -- 172.21.15.99:0/3977686212 learned_addr learned my addr 172.21.15.99:0/3977686212 (peer_addr_for_me v2:172.21.15.99:0/0)
2024-03-19T01:32:12.457 INFO:teuthology.orchestra.run.smithi099.stdout:/usr/bin/ceph: stderr
2024-03-19T01:32:11.566+0000 7f7cb659c700 1 -- 172.21.15.99:0/3977686212 --> [v2:172.21.15.99:3300/0,v1:172.21.15.99:6789/0] -- mon_subscribe({config=0+,monmap=0+}) -- 0x7f7cb810b1c0 con 0x7f7cb8108890
2024-03-19T01:32:12.457 INFO:teuthology.orchestra.run.smithi099.stdout:/usr/bin/ceph: stderr
2024-03-19T01:32:11.567+0000 7f7cb659c700 1 --2- 172.21.15.99:0/3977686212 >> [v2:172.21.15.99:3300/0,v1:172.21.15.99:6789/0] conn(0x7f7cb8108890 0x7f7cb810ac80 secure :-1 s=READY pgs=72 cs=0 l=1 rev1=1 crypto rx=0x7f7cac0098a0 tx=0x7f7cac009bb0 comp rx=0 tx=0).ready entity=mon.0 client_cookie=536368a47949c92f server_cookie=0 in_seq=0 out_seq=0
2024-03-19T01:32:12.457 INFO:teuthology.orchestra.run.smithi099.stdout:/usr/bin/ceph: stderr
2024-03-19T01:32:11.567+0000 7f7cb559a700 1 -- 172.21.15.99:0/3977686212 <== mon.0 v2:172.21.15.99:3300/0 1 ==== mon_map magic: 0 ==== 205+0+0 (secure 0 0 0) 0x7f7cac004160 con 0x7f7cb8108890
2024-03-19T01:32:12.457 INFO:teuthology.orchestra.run.smithi099.stdout:/usr/bin/ceph: stderr
2024-03-19T01:32:11.567+0000 7f7cb559a700 1 -- 172.21.15.99:0/3977686212 <== mon.0 v2:172.21.15.99:3300/0 2 ==== config(27 keys) ==== 1140+0+0 (secure 0 0 0) 0x7f7cac004300 con 0x7f7cb8108890
2024-03-19T01:32:12.457 INFO:teuthology.orchestra.run.smithi099.stdout:/usr/bin/ceph: stderr
2024-03-19T01:32:11.567+0000 7f7cb559a700 1 -- 172.21.15.99:0/3977686212 <== mon.0 v2:172.21.15.99:3300/0 3 ==== mon_map magic: 0 ==== 205+0+0 (secure 0 0 0) 0x7f7cac011b20 con 0x7f7cb8108890
2024-03-19T01:32:12.457 INFO:teuthology.orchestra.run.smithi099.stdout:/usr/bin/ceph: stderr
2024-03-19T01:32:11.567+0000 7f7cbc833700 1 -- 172.21.15.99:0/3977686212 >> [v2:172.21.15.99:3300/0,v1:172.21.15.99:6789/0] conn(0x7f7cb8108890 msgr2=0x7f7cb810ac80 secure :-1 s=STATE_CONNECTION_ESTABLISHED l=1).mark_down
2024-03-19T01:32:12.457 INFO:teuthology.orchestra.run.smithi099.stdout:/usr/bin/ceph: stderr
2024-03-19T01:32:11.567+0000 7f7cbc833700 1 --2- 172.21.15.99:0/3977686212 >> [v2:172.21.15.99:3300/0,v1:172.21.15.99:6789/0] conn(0x7f7cb8108890 0x7f7cb810ac80 secure :-1 s=READY pgs=72 cs=0 l=1 rev1=1 crypto rx=0x7f7cac0098a0 tx=0x7f7cac009bb0 comp rx=0 tx=0).stop
2024-03-19T01:32:12.457 INFO:teuthology.orchestra.run.smithi099.stdout:/usr/bin/ceph: stderr
2024-03-19T01:32:11.567+0000 7f7cbc833700 1 -- 172.21.15.99:0/3977686212 shutdown_connections
2024-03-19T01:32:12.457 INFO:teuthology.orchestra.run.smithi099.stdout:/usr/bin/ceph: stderr
2024-03-19T01:32:11.567+0000 7f7cbc833700 1 --2- 172.21.15.99:0/3977686212 >> [v2:172.21.15.99:3300/0,v1:172.21.15.99:6789/0] conn(0x7f7cb8108890 0x7f7cb810ac80 unknown :-1 s=CLOSED pgs=72 cs=0 l=1 rev1=1 crypto rx=0 tx=0 comp rx=0 tx=0).stop
2024-03-19T01:32:12.457 INFO:teuthology.orchestra.run.smithi099.stdout:/usr/bin/ceph: stderr
2024-03-19T01:32:11.567+0000 7f7cbc833700 1 -- 172.21.15.99:0/3977686212 >> 172.21.15.99:0/3977686212 conn(0x7f7cb8102260 msgr2=0x7f7cb81046a0 unknown :-1 s=STATE_NONE l=0).mark_down
2024-03-19T01:32:12.457 INFO:teuthology.orchestra.run.smithi099.stdout:/usr/bin/ceph: stderr
2024-03-19T01:32:11.567+0000 7f7cbc833700 1 -- 172.21.15.99:0/3977686212 shutdown_connections
2024-03-19T01:32:12.457 INFO:teuthology.orchestra.run.smithi099.stdout:/usr/bin/ceph: stderr
2024-03-19T01:32:11.567+0000 7f7cbc833700 1 -- 172.21.15.99:0/3977686212 wait complete.
2024-03-19T01:32:12.457 INFO:teuthology.orchestra.run.smithi099.stdout:/usr/bin/ceph: stderr
2024-03-19T01:32:11.568+0000 7f7cbc833700 1 Processor -- start
2024-03-19T01:32:12.457 INFO:teuthology.orchestra.run.smithi099.stdout:/usr/bin/ceph: stderr
2024-03-19T01:32:11.568+0000 7f7cbc833700 1 -- start start
2024-03-19T01:32:12.457 INFO:teuthology.orchestra.run.smithi099.stdout:/usr/bin/ceph: stderr
2024-03-19T01:32:11.568+0000 7f7cbc833700 1 --2- >> [v2:172.21.15.99:3300/0,v1:172.21.15.99:6789/0] conn(0x7f7cb8108890 0x7f7cb8108110 unknown :-1 s=NONE pgs=0 cs=0 l=1 rev1=0 crypto rx=0 tx=0 comp rx=0 tx=0).connect
2024-03-19T01:32:12.458 INFO:teuthology.orchestra.run.smithi099.stdout:/usr/bin/ceph: stderr
2024-03-19T01:32:11.568+0000 7f7cbc833700 1 -- --> [v2:172.21.15.99:3300/0,v1:172.21.15.99:6789/0] -- mon_getmap magic: 0 -- 0x7f7cb810c1d0 con 0x7f7cb8108890
2024-03-19T01:32:12.458 INFO:teuthology.orchestra.run.smithi099.stdout:/usr/bin/ceph: stderr
2024-03-19T01:32:11.568+0000 7f7cb659c700 1 --2- >> [v2:172.21.15.99:3300/0,v1:172.21.15.99:6789/0] conn(0x7f7cb8108890 0x7f7cb8108110 unknown :-1 s=BANNER_CONNECTING pgs=0 cs=0 l=1 rev1=0 crypto rx=0 tx=0 comp rx=0 tx=0)._handle_peer_banner_payload supported=3 required=0
2024-03-19T01:32:12.458 INFO:teuthology.orchestra.run.smithi099.stdout:/usr/bin/ceph: stderr
2024-03-19T01:32:11.568+0000 7f7cb659c700 1 --2- >> [v2:172.21.15.99:3300/0,v1:172.21.15.99:6789/0] conn(0x7f7cb8108890 0x7f7cb8108110 unknown :-1 s=HELLO_CONNECTING pgs=0 cs=0 l=1 rev1=1 crypto rx=0 tx=0 comp rx=0 tx=0).handle_hello peer v2:172.21.15.99:3300/0 says I am v2:172.21.15.99:51272/0 (socket says 172.21.15.99:51272)
2024-03-19T01:32:12.458 INFO:teuthology.orchestra.run.smithi099.stdout:/usr/bin/ceph: stderr
2024-03-19T01:32:11.569+0000 7f7cb659c700 1 -- 172.21.15.99:0/1286936405 learned_addr learned my addr 172.21.15.99:0/1286936405 (peer_addr_for_me v2:172.21.15.99:0/0)
2024-03-19T01:32:12.458 INFO:teuthology.orchestra.run.smithi099.stdout:/usr/bin/ceph: stderr
2024-03-19T01:32:11.569+0000 7f7cb659c700 1 -- 172.21.15.99:0/1286936405 --> [v2:172.21.15.99:3300/0,v1:172.21.15.99:6789/0] -- mon_subscribe({config=0+,monmap=0+}) -- 0x7f7cb8108650 con 0x7f7cb8108890
2024-03-19T01:32:12.458 INFO:teuthology.orchestra.run.smithi099.stdout:/usr/bin/ceph: stderr
2024-03-19T01:32:11.569+0000 7f7cb659c700 1 --2- 172.21.15.99:0/1286936405 >> [v2:172.21.15.99:3300/0,v1:172.21.15.99:6789/0] conn(0x7f7cb8108890 0x7f7cb8108110 secure :-1 s=READY pgs=73 cs=0 l=1 rev1=1 crypto rx=0x7f7cac0117e0 tx=0x7f7cac011c10 comp rx=0 tx=0).ready entity=mon.0 client_cookie=0 server_cookie=0 in_seq=0 out_seq=0
2024-03-19T01:32:12.458 INFO:teuthology.orchestra.run.smithi099.stdout:/usr/bin/ceph: stderr
2024-03-19T01:32:11.569+0000 7f7ca77fe700 1 -- 172.21.15.99:0/1286936405 <== mon.0 v2:172.21.15.99:3300/0 1 ==== mon_map magic: 0 ==== 205+0+0 (secure 0 0 0) 0x7f7cac003bf0 con 0x7f7cb8108890
2024-03-19T01:32:12.458 INFO:teuthology.orchestra.run.smithi099.stdout:/usr/bin/ceph: stderr
2024-03-19T01:32:11.569+0000 7f7ca77fe700 1 -- 172.21.15.99:0/1286936405 <== mon.0 v2:172.21.15.99:3300/0 2 ==== config(27 keys) ==== 1140+0+0 (secure 0 0 0) 0x7f7cac01a910 con 0x7f7cb8108890
2024-03-19T01:32:12.458 INFO:teuthology.orchestra.run.smithi099.stdout:/usr/bin/ceph: stderr
2024-03-19T01:32:11.569+0000 7f7cbc833700 1 -- 172.21.15.99:0/1286936405 --> [v2:172.21.15.99:3300/0,v1:172.21.15.99:6789/0] -- mon_subscribe({mgrmap=0+}) -- 0x7f7cb8106840 con 0x7f7cb8108890
2024-03-19T01:32:12.458 INFO:teuthology.orchestra.run.smithi099.stdout:/usr/bin/ceph: stderr
2024-03-19T01:32:11.569+0000 7f7ca77fe700 1 -- 172.21.15.99:0/1286936405 <== mon.0 v2:172.21.15.99:3300/0 3 ==== mon_map magic: 0 ==== 205+0+0 (secure 0 0 0) 0x7f7cac024970 con 0x7f7cb8108890
2024-03-19T01:32:12.458 INFO:teuthology.orchestra.run.smithi099.stdout:/usr/bin/ceph: stderr
2024-03-19T01:32:11.569+0000 7f7cbc833700 1 -- 172.21.15.99:0/1286936405 --> [v2:172.21.15.99:3300/0,v1:172.21.15.99:6789/0] -- mon_subscribe({osdmap=0}) -- 0x7f7cb8106d00 con 0x7f7cb8108890
2024-03-19T01:32:12.458 INFO:teuthology.orchestra.run.smithi099.stdout:/usr/bin/ceph: stderr
2024-03-19T01:32:11.570+0000 7f7ca77fe700 1 -- 172.21.15.99:0/1286936405 <== mon.0 v2:172.21.15.99:3300/0 4 ==== mgrmap(e 12) ==== 46119+0+0 (secure 0 0 0) 0x7f7cac022020 con 0x7f7cb8108890
2024-03-19T01:32:12.459 INFO:teuthology.orchestra.run.smithi099.stdout:/usr/bin/ceph: stderr
2024-03-19T01:32:11.570+0000 7f7cbc833700 1 -- 172.21.15.99:0/1286936405 --> [v2:172.21.15.99:3300/0,v1:172.21.15.99:6789/0] -- mon_command({"prefix": "get_command_descriptions"} v 0) -- 0x7f7cb8063940 con 0x7f7cb8108890
2024-03-19T01:32:12.459 INFO:teuthology.orchestra.run.smithi099.stdout:/usr/bin/ceph: stderr
2024-03-19T01:32:11.570+0000 7f7ca77fe700 1 --2- 172.21.15.99:0/1286936405 >> [v2:172.21.15.99:6800/4272410295,v1:172.21.15.99:6801/4272410295] conn(0x7f7ca0038f20 0x7f7ca003b3e0 unknown :-1 s=NONE pgs=0 cs=0 l=1 rev1=0 crypto rx=0 tx=0 comp rx=0 tx=0).connect
2024-03-19T01:32:12.459 INFO:teuthology.orchestra.run.smithi099.stdout:/usr/bin/ceph: stderr
2024-03-19T01:32:11.570+0000 7f7ca77fe700 1 -- 172.21.15.99:0/1286936405 <== mon.0 v2:172.21.15.99:3300/0 5 ==== osd_map(3..3 src has 1..3) ==== 1155+0+0 (secure 0 0 0) 0x7f7cac04d2c0 con 0x7f7cb8108890
2024-03-19T01:32:12.459 INFO:teuthology.orchestra.run.smithi099.stdout:/usr/bin/ceph: stderr
2024-03-19T01:32:11.570+0000 7f7cb5d9b700 1 --2- 172.21.15.99:0/1286936405 >> [v2:172.21.15.99:6800/4272410295,v1:172.21.15.99:6801/4272410295] conn(0x7f7ca0038f20 0x7f7ca003b3e0 unknown :-1 s=BANNER_CONNECTING pgs=0 cs=0 l=1 rev1=0 crypto rx=0 tx=0 comp rx=0 tx=0)._handle_peer_banner_payload supported=3 required=0
2024-03-19T01:32:12.459 INFO:teuthology.orchestra.run.smithi099.stdout:/usr/bin/ceph: stderr
2024-03-19T01:32:11.571+0000 7f7cb5d9b700 1 --2- 172.21.15.99:0/1286936405 >> [v2:172.21.15.99:6800/4272410295,v1:172.21.15.99:6801/4272410295] conn(0x7f7ca0038f20 0x7f7ca003b3e0 secure :-1 s=READY pgs=9 cs=0 l=1 rev1=1 crypto rx=0x7f7ca8006fd0 tx=0x7f7ca8006e40 comp rx=0 tx=0).ready entity=mgr.14150 client_cookie=0 server_cookie=0 in_seq=0 out_seq=0
2024-03-19T01:32:12.459 INFO:teuthology.orchestra.run.smithi099.stdout:/usr/bin/ceph: stderr
2024-03-19T01:32:11.575+0000 7f7ca77fe700 1 -- 172.21.15.99:0/1286936405 <== mon.0 v2:172.21.15.99:3300/0 6 ==== mon_command_ack([{"prefix": "get_command_descriptions"}]=0 v0) ==== 72+0+186149 (secure 0 0 0) 0x7f7cac011e20 con 0x7f7cb8108890
2024-03-19T01:32:12.459 INFO:teuthology.orchestra.run.smithi099.stdout:/usr/bin/ceph: stderr
2024-03-19T01:32:11.785+0000 7f7cbc833700 1 -- 172.21.15.99:0/1286936405 --> [v2:172.21.15.99:3300/0,v1:172.21.15.99:6789/0] -- mon_command({"prefix": "config get", "who": "mgr", "key": "mgr/dashboard/ssl_server_port"} v 0) -- 0x7f7cb8107040 con 0x7f7cb8108890
2024-03-19T01:32:12.459 INFO:teuthology.orchestra.run.smithi099.stdout:/usr/bin/ceph: stderr
2024-03-19T01:32:11.786+0000 7f7ca77fe700 1 -- 172.21.15.99:0/1286936405 <== mon.0 v2:172.21.15.99:3300/0 7 ==== mon_command_ack([{"prefix": "config get", "who": "mgr", "key": "mgr/dashboard/ssl_server_port"}]=0 v8) ==== 112+0+5 (secure 0 0 0) 0x7f7cb8107040 con 0x7f7cb8108890
2024-03-19T01:32:12.459 INFO:teuthology.orchestra.run.smithi099.stdout:/usr/bin/ceph: stderr
2024-03-19T01:32:11.788+0000 7f7cbc833700 1 -- 172.21.15.99:0/1286936405 >> [v2:172.21.15.99:6800/4272410295,v1:172.21.15.99:6801/4272410295] conn(0x7f7ca0038f20 msgr2=0x7f7ca003b3e0 secure :-1 s=STATE_CONNECTION_ESTABLISHED l=1).mark_down
2024-03-19T01:32:12.459 INFO:teuthology.orchestra.run.smithi099.stdout:/usr/bin/ceph: stderr
2024-03-19T01:32:11.788+0000 7f7cbc833700 1 --2- 172.21.15.99:0/1286936405 >> [v2:172.21.15.99:6800/4272410295,v1:172.21.15.99:6801/4272410295] conn(0x7f7ca0038f20 0x7f7ca003b3e0 secure :-1 s=READY pgs=9 cs=0 l=1 rev1=1 crypto rx=0x7f7ca8006fd0 tx=0x7f7ca8006e40 comp rx=0 tx=0).stop
2024-03-19T01:32:12.459 INFO:teuthology.orchestra.run.smithi099.stdout:/usr/bin/ceph: stderr
2024-03-19T01:32:11.788+0000 7f7cbc833700 1 -- 172.21.15.99:0/1286936405 >> [v2:172.21.15.99:3300/0,v1:172.21.15.99:6789/0] conn(0x7f7cb8108890 msgr2=0x7f7cb8108110 secure :-1 s=STATE_CONNECTION_ESTABLISHED l=1).mark_down
2024-03-19T01:32:12.459 INFO:teuthology.orchestra.run.smithi099.stdout:/usr/bin/ceph: stderr
2024-03-19T01:32:11.788+0000 7f7cbc833700 1 --2- 172.21.15.99:0/1286936405 >> [v2:172.21.15.99:3300/0,v1:172.21.15.99:6789/0] conn(0x7f7cb8108890 0x7f7cb8108110 secure :-1 s=READY pgs=73 cs=0 l=1 rev1=1 crypto rx=0x7f7cac0117e0 tx=0x7f7cac011c10 comp rx=0 tx=0).stop
2024-03-19T01:32:12.459 INFO:teuthology.orchestra.run.smithi099.stdout:/usr/bin/ceph: stderr
2024-03-19T01:32:11.788+0000 7f7cbc833700 1 -- 172.21.15.99:0/1286936405 shutdown_connections
2024-03-19T01:32:12.459 INFO:teuthology.orchestra.run.smithi099.stdout:/usr/bin/ceph: stderr
2024-03-19T01:32:11.788+0000 7f7cbc833700 1 --2- 172.21.15.99:0/1286936405 >> [v2:172.21.15.99:6800/4272410295,v1:172.21.15.99:6801/4272410295] conn(0x7f7ca0038f20 0x7f7ca003b3e0 unknown :-1 s=CLOSED pgs=9 cs=0 l=1 rev1=1 crypto rx=0 tx=0 comp rx=0 tx=0).stop
2024-03-19T01:32:12.460 INFO:teuthology.orchestra.run.smithi099.stdout:/usr/bin/ceph: stderr
2024-03-19T01:32:11.788+0000 7f7cbc833700 1 --2- 172.21.15.99:0/1286936405 >> [v2:172.21.15.99:3300/0,v1:172.21.15.99:6789/0] conn(0x7f7cb8108890 0x7f7cb8108110 unknown :-1 s=CLOSED pgs=73 cs=0 l=1 rev1=1 crypto rx=0 tx=0 comp rx=0 tx=0).stop
2024-03-19T01:32:12.460 INFO:teuthology.orchestra.run.smithi099.stdout:/usr/bin/ceph: stderr
2024-03-19T01:32:11.788+0000 7f7cbc833700 1 -- 172.21.15.99:0/1286936405 >> 172.21.15.99:0/1286936405 conn(0x7f7cb8102260 msgr2=0x7f7cb8102d20 unknown :-1 s=STATE_NONE l=0).mark_down
2024-03-19T01:32:12.460 INFO:teuthology.orchestra.run.smithi099.stdout:/usr/bin/ceph: stderr
2024-03-19T01:32:11.788+0000 7f7cbc833700 1 -- 172.21.15.99:0/1286936405 shutdown_connections
2024-03-19T01:32:12.460 INFO:teuthology.orchestra.run.smithi099.stdout:/usr/bin/ceph: stderr
2024-03-19T01:32:11.788+0000 7f7cbc833700 1 -- 172.21.15.99:0/1286936405 wait complete.
2024-03-19T01:32:12.463 INFO:teuthology.orchestra.run.smithi099.stdout:Non-zero exit code 1 from systemctl is-enabled firewalld.service
2024-03-19T01:32:12.463 INFO:teuthology.orchestra.run.smithi099.stdout:systemctl: stdout disabled
2024-03-19T01:32:12.470 INFO:teuthology.orchestra.run.smithi099.stdout:Non-zero exit code 3 from systemctl is-active firewalld.service
2024-03-19T01:32:12.470 INFO:teuthology.orchestra.run.smithi099.stdout:systemctl: stdout inactive
2024-03-19T01:32:12.471 INFO:teuthology.orchestra.run.smithi099.stdout:firewalld.service is not enabled
2024-03-19T01:32:12.471 INFO:teuthology.orchestra.run.smithi099.stdout:Not possible to open ports <[8443]>. firewalld.service is not available
2024-03-19T01:32:12.472 INFO:teuthology.orchestra.run.smithi099.stdout:Ceph Dashboard is now available at:
2024-03-19T01:32:12.472 INFO:teuthology.orchestra.run.smithi099.stdout:
2024-03-19T01:32:12.472 INFO:teuthology.orchestra.run.smithi099.stdout: URL: https://smithi099.front.sepia.ceph.com:8443/
2024-03-19T01:32:12.472 INFO:teuthology.orchestra.run.smithi099.stdout: User: admin
2024-03-19T01:32:12.472 INFO:teuthology.orchestra.run.smithi099.stdout: Password: phod09a7k7
2024-03-19T01:32:12.472 INFO:teuthology.orchestra.run.smithi099.stdout:
2024-03-19T01:32:12.473 INFO:teuthology.orchestra.run.smithi099.stdout:Saving cluster configuration to /var/lib/ceph/438fb69c-e590-11ee-95c9-87774f69a715/config directory
2024-03-19T01:32:12.473 INFO:teuthology.orchestra.run.smithi099.stdout:Enabling autotune for osd_memory_target
2024-03-19T01:32:13.011 INFO:journalctl@ceph.mon.a.smithi099.stdout:Mar 19 01:32:12 smithi099 ceph-mon[62951]: from='client.? 172.21.15.99:0/1286936405' entity='client.admin' cmd=[{"prefix": "config get", "who": "mgr", "key": "mgr/dashboard/ssl_server_port"}]: dispatch
2024-03-19T01:32:13.832 INFO:journalctl@ceph.mon.a.smithi099.stdout:Mar 19 01:32:13 smithi099 ceph-mon[62951]: mgrmap e13: x(active, since 6s)
2024-03-19T01:32:14.142 INFO:teuthology.orchestra.run.smithi099.stdout:/usr/bin/ceph: stderr
2024-03-19T01:32:12.870+0000 7fbc5da5c700 1 Processor -- start
2024-03-19T01:32:14.143 INFO:teuthology.orchestra.run.smithi099.stdout:/usr/bin/ceph: stderr
2024-03-19T01:32:12.870+0000 7fbc5da5c700 1 -- start start
2024-03-19T01:32:14.143 INFO:teuthology.orchestra.run.smithi099.stdout:/usr/bin/ceph: stderr
2024-03-19T01:32:12.870+0000 7fbc5da5c700 1 --2- >> [v2:172.21.15.99:3300/0,v1:172.21.15.99:6789/0] conn(0x7fbc58107dd0 0x7fbc581081f0 unknown :-1 s=NONE pgs=0 cs=0 l=0 rev1=0 crypto rx=0 tx=0 comp rx=0 tx=0).connect
2024-03-19T01:32:14.143 INFO:teuthology.orchestra.run.smithi099.stdout:/usr/bin/ceph: stderr
2024-03-19T01:32:12.870+0000 7fbc5da5c700 1 -- --> [v2:172.21.15.99:3300/0,v1:172.21.15.99:6789/0] -- mon_getmap magic: 0 -- 0x7fbc581087c0 con 0x7fbc58107dd0
2024-03-19T01:32:14.143 INFO:teuthology.orchestra.run.smithi099.stdout:/usr/bin/ceph: stderr
2024-03-19T01:32:12.870+0000 7fbc56ffd700 1 --2- >> [v2:172.21.15.99:3300/0,v1:172.21.15.99:6789/0] conn(0x7fbc58107dd0 0x7fbc581081f0 unknown :-1 s=BANNER_CONNECTING pgs=0 cs=0 l=0 rev1=0 crypto rx=0 tx=0 comp rx=0 tx=0)._handle_peer_banner_payload supported=3 required=0
2024-03-19T01:32:14.143 INFO:teuthology.orchestra.run.smithi099.stdout:/usr/bin/ceph: stderr
2024-03-19T01:32:12.870+0000 7fbc56ffd700 1 --2- >> [v2:172.21.15.99:3300/0,v1:172.21.15.99:6789/0] conn(0x7fbc58107dd0 0x7fbc581081f0 unknown :-1 s=HELLO_CONNECTING pgs=0 cs=0 l=0 rev1=1 crypto rx=0 tx=0 comp rx=0 tx=0).handle_hello peer v2:172.21.15.99:3300/0 says I am v2:172.21.15.99:49000/0 (socket says 172.21.15.99:49000)
2024-03-19T01:32:14.143 INFO:teuthology.orchestra.run.smithi099.stdout:/usr/bin/ceph: stderr
2024-03-19T01:32:12.870+0000 7fbc56ffd700 1 -- 172.21.15.99:0/1338130032 learned_addr learned my addr 172.21.15.99:0/1338130032 (peer_addr_for_me v2:172.21.15.99:0/0)
2024-03-19T01:32:14.143 INFO:teuthology.orchestra.run.smithi099.stdout:/usr/bin/ceph: stderr
2024-03-19T01:32:12.871+0000 7fbc56ffd700 1 -- 172.21.15.99:0/1338130032 --> [v2:172.21.15.99:3300/0,v1:172.21.15.99:6789/0] -- mon_subscribe({config=0+,monmap=0+}) -- 0x7fbc58108fd0 con 0x7fbc58107dd0
2024-03-19T01:32:14.143 INFO:teuthology.orchestra.run.smithi099.stdout:/usr/bin/ceph: stderr
2024-03-19T01:32:12.871+0000 7fbc56ffd700 1 --2- 172.21.15.99:0/1338130032 >> [v2:172.21.15.99:3300/0,v1:172.21.15.99:6789/0] conn(0x7fbc58107dd0 0x7fbc581081f0 secure :-1 s=READY pgs=74 cs=0 l=1 rev1=1 crypto rx=0x7fbc480098a0 tx=0x7fbc48009bb0 comp rx=0 tx=0).ready entity=mon.0 client_cookie=a12f9ef5761e0458 server_cookie=0 in_seq=0 out_seq=0
2024-03-19T01:32:14.143 INFO:teuthology.orchestra.run.smithi099.stdout:/usr/bin/ceph: stderr
2024-03-19T01:32:12.871+0000 7fbc55ffb700 1 -- 172.21.15.99:0/1338130032 <== mon.0 v2:172.21.15.99:3300/0 1 ==== mon_map magic: 0 ==== 205+0+0 (secure 0 0 0) 0x7fbc48004160 con 0x7fbc58107dd0
2024-03-19T01:32:14.143 INFO:teuthology.orchestra.run.smithi099.stdout:/usr/bin/ceph: stderr
2024-03-19T01:32:12.871+0000 7fbc55ffb700 1 -- 172.21.15.99:0/1338130032 <== mon.0 v2:172.21.15.99:3300/0 2 ==== config(27 keys) ==== 1140+0+0 (secure 0 0 0) 0x7fbc48004300 con 0x7fbc58107dd0
2024-03-19T01:32:14.143 INFO:teuthology.orchestra.run.smithi099.stdout:/usr/bin/ceph: stderr
2024-03-19T01:32:12.871+0000 7fbc55ffb700 1 -- 172.21.15.99:0/1338130032 <== mon.0 v2:172.21.15.99:3300/0 3 ==== mon_map magic: 0 ==== 205+0+0 (secure 0 0 0) 0x7fbc48011b20 con 0x7fbc58107dd0
2024-03-19T01:32:14.143 INFO:teuthology.orchestra.run.smithi099.stdout:/usr/bin/ceph: stderr
2024-03-19T01:32:12.871+0000 7fbc5da5c700 1 -- 172.21.15.99:0/1338130032 >> [v2:172.21.15.99:3300/0,v1:172.21.15.99:6789/0] conn(0x7fbc58107dd0 msgr2=0x7fbc581081f0 secure :-1 s=STATE_CONNECTION_ESTABLISHED l=1).mark_down
2024-03-19T01:32:14.144 INFO:teuthology.orchestra.run.smithi099.stdout:/usr/bin/ceph: stderr
2024-03-19T01:32:12.871+0000 7fbc5da5c700 1 --2- 172.21.15.99:0/1338130032 >> [v2:172.21.15.99:3300/0,v1:172.21.15.99:6789/0] conn(0x7fbc58107dd0 0x7fbc581081f0 secure :-1 s=READY pgs=74 cs=0 l=1 rev1=1 crypto rx=0x7fbc480098a0 tx=0x7fbc48009bb0 comp rx=0 tx=0).stop
2024-03-19T01:32:14.144 INFO:teuthology.orchestra.run.smithi099.stdout:/usr/bin/ceph: stderr
2024-03-19T01:32:12.872+0000 7fbc5da5c700 1 -- 172.21.15.99:0/1338130032 shutdown_connections
2024-03-19T01:32:14.144 INFO:teuthology.orchestra.run.smithi099.stdout:/usr/bin/ceph: stderr
2024-03-19T01:32:12.872+0000 7fbc5da5c700 1 --2- 172.21.15.99:0/1338130032 >> [v2:172.21.15.99:3300/0,v1:172.21.15.99:6789/0] conn(0x7fbc58107dd0 0x7fbc581081f0 unknown :-1 s=CLOSED pgs=74 cs=0 l=1 rev1=1 crypto rx=0 tx=0 comp rx=0 tx=0).stop
2024-03-19T01:32:14.144 INFO:teuthology.orchestra.run.smithi099.stdout:/usr/bin/ceph: stderr
2024-03-19T01:32:12.872+0000 7fbc5da5c700 1 -- 172.21.15.99:0/1338130032 >> 172.21.15.99:0/1338130032 conn(0x7fbc58103390 msgr2=0x7fbc581057b0 unknown :-1 s=STATE_NONE l=0).mark_down
2024-03-19T01:32:14.144 INFO:teuthology.orchestra.run.smithi099.stdout:/usr/bin/ceph: stderr
2024-03-19T01:32:12.872+0000 7fbc5da5c700 1 -- 172.21.15.99:0/1338130032 shutdown_connections
2024-03-19T01:32:14.144 INFO:teuthology.orchestra.run.smithi099.stdout:/usr/bin/ceph: stderr
2024-03-19T01:32:12.872+0000 7fbc5da5c700 1 -- 172.21.15.99:0/1338130032 wait complete.
2024-03-19T01:32:14.144 INFO:teuthology.orchestra.run.smithi099.stdout:/usr/bin/ceph: stderr
2024-03-19T01:32:12.872+0000 7fbc5da5c700 1 Processor -- start
2024-03-19T01:32:14.144 INFO:teuthology.orchestra.run.smithi099.stdout:/usr/bin/ceph: stderr
2024-03-19T01:32:12.872+0000 7fbc5da5c700 1 -- start start
2024-03-19T01:32:14.144 INFO:teuthology.orchestra.run.smithi099.stdout:/usr/bin/ceph: stderr
2024-03-19T01:32:12.873+0000 7fbc5da5c700 1 --2- >> [v2:172.21.15.99:3300/0,v1:172.21.15.99:6789/0] conn(0x7fbc58107dd0 0x7fbc5819bda0 unknown :-1 s=NONE pgs=0 cs=0 l=1 rev1=0 crypto rx=0 tx=0 comp rx=0 tx=0).connect
2024-03-19T01:32:14.144 INFO:teuthology.orchestra.run.smithi099.stdout:/usr/bin/ceph: stderr
2024-03-19T01:32:12.873+0000 7fbc5da5c700 1 -- --> [v2:172.21.15.99:3300/0,v1:172.21.15.99:6789/0] -- mon_getmap magic: 0 -- 0x7fbc5810c380 con 0x7fbc58107dd0
2024-03-19T01:32:14.144 INFO:teuthology.orchestra.run.smithi099.stdout:/usr/bin/ceph: stderr
2024-03-19T01:32:12.873+0000 7fbc56ffd700 1 --2- >> [v2:172.21.15.99:3300/0,v1:172.21.15.99:6789/0] conn(0x7fbc58107dd0 0x7fbc5819bda0 unknown :-1 s=BANNER_CONNECTING pgs=0 cs=0 l=1 rev1=0 crypto rx=0 tx=0 comp rx=0 tx=0)._handle_peer_banner_payload supported=3 required=0
2024-03-19T01:32:14.144 INFO:teuthology.orchestra.run.smithi099.stdout:/usr/bin/ceph: stderr
2024-03-19T01:32:12.873+0000 7fbc56ffd700 1 --2- >> [v2:172.21.15.99:3300/0,v1:172.21.15.99:6789/0] conn(0x7fbc58107dd0 0x7fbc5819bda0 unknown :-1 s=HELLO_CONNECTING pgs=0 cs=0 l=1 rev1=1 crypto rx=0 tx=0 comp rx=0 tx=0).handle_hello peer v2:172.21.15.99:3300/0 says I am v2:172.21.15.99:49012/0 (socket says 172.21.15.99:49012)
2024-03-19T01:32:14.144 INFO:teuthology.orchestra.run.smithi099.stdout:/usr/bin/ceph: stderr
2024-03-19T01:32:12.873+0000 7fbc56ffd700 1 -- 172.21.15.99:0/1011906599 learned_addr learned my addr 172.21.15.99:0/1011906599 (peer_addr_for_me v2:172.21.15.99:0/0)
2024-03-19T01:32:14.144 INFO:teuthology.orchestra.run.smithi099.stdout:/usr/bin/ceph: stderr
2024-03-19T01:32:12.873+0000 7fbc56ffd700 1 -- 172.21.15.99:0/1011906599 --> [v2:172.21.15.99:3300/0,v1:172.21.15.99:6789/0] -- mon_subscribe({config=0+,monmap=0+}) -- 0x7fbc5819c2e0 con 0x7fbc58107dd0
2024-03-19T01:32:14.144 INFO:teuthology.orchestra.run.smithi099.stdout:/usr/bin/ceph: stderr
2024-03-19T01:32:12.873+0000 7fbc56ffd700 1 --2- 172.21.15.99:0/1011906599 >> [v2:172.21.15.99:3300/0,v1:172.21.15.99:6789/0] conn(0x7fbc58107dd0 0x7fbc5819bda0 secure :-1 s=READY pgs=75 cs=0 l=1 rev1=1 crypto rx=0x7fbc480116a0 tx=0x7fbc48011ba0 comp rx=0 tx=0).ready entity=mon.0 client_cookie=0 server_cookie=0 in_seq=0 out_seq=0
2024-03-19T01:32:14.145 INFO:teuthology.orchestra.run.smithi099.stdout:/usr/bin/ceph: stderr
2024-03-19T01:32:12.873+0000 7fbc5ca5a700 1 -- 172.21.15.99:0/1011906599 <== mon.0 v2:172.21.15.99:3300/0 1 ==== mon_map magic: 0 ==== 205+0+0 (secure 0 0 0) 0x7fbc48003a40 con 0x7fbc58107dd0
2024-03-19T01:32:14.145 INFO:teuthology.orchestra.run.smithi099.stdout:/usr/bin/ceph: stderr
2024-03-19T01:32:12.873+0000 7fbc5ca5a700 1 -- 172.21.15.99:0/1011906599 <== mon.0 v2:172.21.15.99:3300/0 2 ==== config(27 keys) ==== 1140+0+0 (secure 0 0 0) 0x7fbc48003be0 con 0x7fbc58107dd0
2024-03-19T01:32:14.145 INFO:teuthology.orchestra.run.smithi099.stdout:/usr/bin/ceph: stderr
2024-03-19T01:32:12.873+0000 7fbc5ca5a700 1 -- 172.21.15.99:0/1011906599 <== mon.0 v2:172.21.15.99:3300/0 3 ==== mon_map magic: 0 ==== 205+0+0 (secure 0 0 0) 0x7fbc4801a720 con 0x7fbc58107dd0
2024-03-19T01:32:14.145 INFO:teuthology.orchestra.run.smithi099.stdout:/usr/bin/ceph: stderr
2024-03-19T01:32:12.873+0000 7fbc5da5c700 1 -- 172.21.15.99:0/1011906599 --> [v2:172.21.15.99:3300/0,v1:172.21.15.99:6789/0] -- mon_subscribe({mgrmap=0+}) -- 0x7fbc5819c570 con 0x7fbc58107dd0
2024-03-19T01:32:14.145 INFO:teuthology.orchestra.run.smithi099.stdout:/usr/bin/ceph: stderr
2024-03-19T01:32:12.873+0000 7fbc5da5c700 1 -- 172.21.15.99:0/1011906599 --> [v2:172.21.15.99:3300/0,v1:172.21.15.99:6789/0] -- mon_subscribe({osdmap=0}) -- 0x7fbc5819c9d0 con 0x7fbc58107dd0
2024-03-19T01:32:14.145 INFO:teuthology.orchestra.run.smithi099.stdout:/usr/bin/ceph: stderr
2024-03-19T01:32:12.874+0000 7fbc5ca5a700 1 -- 172.21.15.99:0/1011906599 <== mon.0 v2:172.21.15.99:3300/0 4 ==== mgrmap(e 13) ==== 46162+0+0 (secure 0 0 0) 0x7fbc4801aa20 con 0x7fbc58107dd0
2024-03-19T01:32:14.145 INFO:teuthology.orchestra.run.smithi099.stdout:/usr/bin/ceph: stderr
2024-03-19T01:32:12.874+0000 7fbc5da5c700 1 -- 172.21.15.99:0/1011906599 --> [v2:172.21.15.99:3300/0,v1:172.21.15.99:6789/0] -- mon_command({"prefix": "get_command_descriptions"} v 0) -- 0x7fbc58063940 con 0x7fbc58107dd0
2024-03-19T01:32:14.145 INFO:teuthology.orchestra.run.smithi099.stdout:/usr/bin/ceph: stderr
2024-03-19T01:32:12.874+0000 7fbc5ca5a700 1 --2- 172.21.15.99:0/1011906599 >> [v2:172.21.15.99:6800/4272410295,v1:172.21.15.99:6801/4272410295] conn(0x7fbc40038fc0 0x7fbc4003b480 unknown :-1 s=NONE pgs=0 cs=0 l=1 rev1=0 crypto rx=0 tx=0 comp rx=0 tx=0).connect
2024-03-19T01:32:14.145 INFO:teuthology.orchestra.run.smithi099.stdout:/usr/bin/ceph: stderr
2024-03-19T01:32:12.874+0000 7fbc5ca5a700 1 -- 172.21.15.99:0/1011906599 <== mon.0 v2:172.21.15.99:3300/0 5 ==== osd_map(3..3 src has 1..3) ==== 1155+0+0 (secure 0 0 0) 0x7fbc4804d640 con 0x7fbc58107dd0
2024-03-19T01:32:14.145 INFO:teuthology.orchestra.run.smithi099.stdout:/usr/bin/ceph: stderr
2024-03-19T01:32:12.874+0000 7fbc567fc700 1 --2- 172.21.15.99:0/1011906599 >> [v2:172.21.15.99:6800/4272410295,v1:172.21.15.99:6801/4272410295] conn(0x7fbc40038fc0 0x7fbc4003b480 unknown :-1 s=BANNER_CONNECTING pgs=0 cs=0 l=1 rev1=0 crypto rx=0 tx=0 comp rx=0 tx=0)._handle_peer_banner_payload supported=3 required=0
2024-03-19T01:32:14.145 INFO:teuthology.orchestra.run.smithi099.stdout:/usr/bin/ceph: stderr
2024-03-19T01:32:12.875+0000 7fbc567fc700 1 --2- 172.21.15.99:0/1011906599 >> [v2:172.21.15.99:6800/4272410295,v1:172.21.15.99:6801/4272410295] conn(0x7fbc40038fc0 0x7fbc4003b480 secure :-1 s=READY pgs=10 cs=0 l=1 rev1=1 crypto rx=0x7fbc4c006fd0 tx=0x7fbc4c006e40 comp rx=0 tx=0).ready entity=mgr.14150 client_cookie=0 server_cookie=0 in_seq=0 out_seq=0
2024-03-19T01:32:14.145 INFO:teuthology.orchestra.run.smithi099.stdout:/usr/bin/ceph: stderr
2024-03-19T01:32:12.879+0000 7fbc5ca5a700 1 -- 172.21.15.99:0/1011906599 <== mon.0 v2:172.21.15.99:3300/0 6 ==== mon_command_ack([{"prefix": "get_command_descriptions"}]=0 v0) ==== 72+0+186149 (secure 0 0 0) 0x7fbc48011e20 con 0x7fbc58107dd0
2024-03-19T01:32:14.145 INFO:teuthology.orchestra.run.smithi099.stdout:/usr/bin/ceph: stderr
2024-03-19T01:32:13.078+0000 7fbc5da5c700 1 -- 172.21.15.99:0/1011906599 --> [v2:172.21.15.99:3300/0,v1:172.21.15.99:6789/0] -- mon_command([{prefix=config set, name=osd_memory_target_autotune}] v 0) -- 0x7fbc5819f3a0 con 0x7fbc58107dd0
2024-03-19T01:32:14.145 INFO:teuthology.orchestra.run.smithi099.stdout:/usr/bin/ceph: stderr
2024-03-19T01:32:13.078+0000 7fbc5ca5a700 1 -- 172.21.15.99:0/1011906599 <== mon.0 v2:172.21.15.99:3300/0 7 ==== mon_command_ack([{prefix=config set, name=osd_memory_target_autotune}]=0 v8)=0 v8) ==== 127+0+0 (secure 0 0 0) 0x7fbc48024b50 con 0x7fbc58107dd0
2024-03-19T01:32:14.145 INFO:teuthology.orchestra.run.smithi099.stdout:/usr/bin/ceph: stderr
2024-03-19T01:32:13.081+0000 7fbc5da5c700 1 -- 172.21.15.99:0/1011906599 >> [v2:172.21.15.99:6800/4272410295,v1:172.21.15.99:6801/4272410295] conn(0x7fbc40038fc0 msgr2=0x7fbc4003b480 secure :-1 s=STATE_CONNECTION_ESTABLISHED l=1).mark_down
2024-03-19T01:32:14.146 INFO:teuthology.orchestra.run.smithi099.stdout:/usr/bin/ceph: stderr
2024-03-19T01:32:13.081+0000 7fbc5da5c700 1 --2- 172.21.15.99:0/1011906599 >> [v2:172.21.15.99:6800/4272410295,v1:172.21.15.99:6801/4272410295] conn(0x7fbc40038fc0 0x7fbc4003b480 secure :-1 s=READY pgs=10 cs=0 l=1 rev1=1 crypto rx=0x7fbc4c006fd0 tx=0x7fbc4c006e40 comp rx=0 tx=0).stop
2024-03-19T01:32:14.146 INFO:teuthology.orchestra.run.smithi099.stdout:/usr/bin/ceph: stderr
2024-03-19T01:32:13.081+0000 7fbc5da5c700 1 -- 172.21.15.99:0/1011906599 >> [v2:172.21.15.99:3300/0,v1:172.21.15.99:6789/0] conn(0x7fbc58107dd0 msgr2=0x7fbc5819bda0 secure :-1 s=STATE_CONNECTION_ESTABLISHED l=1).mark_down
2024-03-19T01:32:14.146 INFO:teuthology.orchestra.run.smithi099.stdout:/usr/bin/ceph: stderr
2024-03-19T01:32:13.081+0000 7fbc5da5c700 1 --2- 172.21.15.99:0/1011906599 >> [v2:172.21.15.99:3300/0,v1:172.21.15.99:6789/0] conn(0x7fbc58107dd0 0x7fbc5819bda0 secure :-1 s=READY pgs=75 cs=0 l=1 rev1=1 crypto rx=0x7fbc480116a0 tx=0x7fbc48011ba0 comp rx=0 tx=0).stop
2024-03-19T01:32:14.146 INFO:teuthology.orchestra.run.smithi099.stdout:/usr/bin/ceph: stderr
2024-03-19T01:32:13.081+0000 7fbc5da5c700 1 -- 172.21.15.99:0/1011906599 shutdown_connections
2024-03-19T01:32:14.146 INFO:teuthology.orchestra.run.smithi099.stdout:/usr/bin/ceph: stderr
2024-03-19T01:32:13.081+0000 7fbc5da5c700 1 --2- 172.21.15.99:0/1011906599 >> [v2:172.21.15.99:6800/4272410295,v1:172.21.15.99:6801/4272410295] conn(0x7fbc40038fc0 0x7fbc4003b480 unknown :-1 s=CLOSED pgs=10 cs=0 l=1 rev1=1 crypto rx=0 tx=0 comp rx=0 tx=0).stop
2024-03-19T01:32:14.146 INFO:teuthology.orchestra.run.smithi099.stdout:/usr/bin/ceph: stderr
2024-03-19T01:32:13.081+0000 7fbc5da5c700 1 --2- 172.21.15.99:0/1011906599 >> [v2:172.21.15.99:3300/0,v1:172.21.15.99:6789/0] conn(0x7fbc58107dd0 0x7fbc5819bda0 unknown :-1 s=CLOSED pgs=75 cs=0 l=1 rev1=1 crypto rx=0 tx=0 comp rx=0 tx=0).stop
2024-03-19T01:32:14.146 INFO:teuthology.orchestra.run.smithi099.stdout:/usr/bin/ceph: stderr
2024-03-19T01:32:13.081+0000 7fbc5da5c700 1 -- 172.21.15.99:0/1011906599 >> 172.21.15.99:0/1011906599 conn(0x7fbc58103390 msgr2=0x7fbc58103ee0 unknown :-1 s=STATE_NONE l=0).mark_down
2024-03-19T01:32:14.146 INFO:teuthology.orchestra.run.smithi099.stdout:/usr/bin/ceph: stderr
2024-03-19T01:32:13.081+0000 7fbc5da5c700 1 -- 172.21.15.99:0/1011906599 shutdown_connections
2024-03-19T01:32:14.146 INFO:teuthology.orchestra.run.smithi099.stdout:/usr/bin/ceph: stderr
2024-03-19T01:32:13.081+0000 7fbc5da5c700 1 -- 172.21.15.99:0/1011906599 wait complete.
2024-03-19T01:32:15.375 INFO:teuthology.orchestra.run.smithi099.stdout:/usr/bin/ceph: stderr
2024-03-19T01:32:14.547+0000 7fdcb21e7700 1 Processor -- start
2024-03-19T01:32:15.375 INFO:teuthology.orchestra.run.smithi099.stdout:/usr/bin/ceph: stderr
2024-03-19T01:32:14.547+0000 7fdcb21e7700 1 -- start start
2024-03-19T01:32:15.375 INFO:teuthology.orchestra.run.smithi099.stdout:/usr/bin/ceph: stderr
2024-03-19T01:32:14.547+0000 7fdcb21e7700 1 --2- >> [v2:172.21.15.99:3300/0,v1:172.21.15.99:6789/0] conn(0x7fdcac108910 0x7fdcac10ad00 unknown :-1 s=NONE pgs=0 cs=0 l=0 rev1=0 crypto rx=0 tx=0 comp rx=0 tx=0).connect
2024-03-19T01:32:15.375 INFO:teuthology.orchestra.run.smithi099.stdout:/usr/bin/ceph: stderr
2024-03-19T01:32:14.547+0000 7fdcb21e7700 1 -- --> [v2:172.21.15.99:3300/0,v1:172.21.15.99:6789/0] -- mon_getmap magic: 0 -- 0x7fdcac07bdf0 con 0x7fdcac108910
2024-03-19T01:32:15.375 INFO:teuthology.orchestra.run.smithi099.stdout:/usr/bin/ceph: stderr
2024-03-19T01:32:14.547+0000 7fdcab7fe700 1 --2- >> [v2:172.21.15.99:3300/0,v1:172.21.15.99:6789/0] conn(0x7fdcac108910 0x7fdcac10ad00 unknown :-1 s=BANNER_CONNECTING pgs=0 cs=0 l=0 rev1=0 crypto rx=0 tx=0 comp rx=0 tx=0)._handle_peer_banner_payload supported=3 required=0
2024-03-19T01:32:15.376 INFO:teuthology.orchestra.run.smithi099.stdout:/usr/bin/ceph: stderr
2024-03-19T01:32:14.547+0000 7fdcab7fe700 1 --2- >> [v2:172.21.15.99:3300/0,v1:172.21.15.99:6789/0] conn(0x7fdcac108910 0x7fdcac10ad00 unknown :-1 s=HELLO_CONNECTING pgs=0 cs=0 l=0 rev1=1 crypto rx=0 tx=0 comp rx=0 tx=0).handle_hello peer v2:172.21.15.99:3300/0 says I am v2:172.21.15.99:49018/0 (socket says 172.21.15.99:49018)
2024-03-19T01:32:15.376 INFO:teuthology.orchestra.run.smithi099.stdout:/usr/bin/ceph: stderr
2024-03-19T01:32:14.547+0000 7fdcab7fe700 1 -- 172.21.15.99:0/4211279191 learned_addr learned my addr 172.21.15.99:0/4211279191 (peer_addr_for_me v2:172.21.15.99:0/0)
2024-03-19T01:32:15.376 INFO:teuthology.orchestra.run.smithi099.stdout:/usr/bin/ceph: stderr
2024-03-19T01:32:14.547+0000 7fdcab7fe700 1 -- 172.21.15.99:0/4211279191 --> [v2:172.21.15.99:3300/0,v1:172.21.15.99:6789/0] -- mon_subscribe({config=0+,monmap=0+}) -- 0x7fdcac10b240 con 0x7fdcac108910
2024-03-19T01:32:15.376 INFO:teuthology.orchestra.run.smithi099.stdout:/usr/bin/ceph: stderr
2024-03-19T01:32:14.547+0000 7fdcab7fe700 1 --2- 172.21.15.99:0/4211279191 >> [v2:172.21.15.99:3300/0,v1:172.21.15.99:6789/0] conn(0x7fdcac108910 0x7fdcac10ad00 secure :-1 s=READY pgs=76 cs=0 l=1 rev1=1 crypto rx=0x7fdc9c0098a0 tx=0x7fdc9c009bb0 comp rx=0 tx=0).ready entity=mon.0 client_cookie=64cbfbb084c3c228 server_cookie=0 in_seq=0 out_seq=0
2024-03-19T01:32:15.376 INFO:teuthology.orchestra.run.smithi099.stdout:/usr/bin/ceph: stderr
2024-03-19T01:32:14.547+0000 7fdcaaffd700 1 -- 172.21.15.99:0/4211279191 <== mon.0 v2:172.21.15.99:3300/0 1 ==== mon_map magic: 0 ==== 205+0+0 (secure 0 0 0) 0x7fdc9c004160 con 0x7fdcac108910
2024-03-19T01:32:15.376 INFO:teuthology.orchestra.run.smithi099.stdout:/usr/bin/ceph: stderr
2024-03-19T01:32:14.548+0000 7fdcaaffd700 1 -- 172.21.15.99:0/4211279191 <== mon.0 v2:172.21.15.99:3300/0 2 ==== config(27 keys) ==== 1140+0+0 (secure 0 0 0) 0x7fdc9c004300 con 0x7fdcac108910
2024-03-19T01:32:15.376 INFO:teuthology.orchestra.run.smithi099.stdout:/usr/bin/ceph: stderr
2024-03-19T01:32:14.548+0000 7fdcaaffd700 1 -- 172.21.15.99:0/4211279191 <== mon.0 v2:172.21.15.99:3300/0 3 ==== mon_map magic: 0 ==== 205+0+0 (secure 0 0 0) 0x7fdc9c011b20 con 0x7fdcac108910
2024-03-19T01:32:15.376 INFO:teuthology.orchestra.run.smithi099.stdout:/usr/bin/ceph: stderr
2024-03-19T01:32:14.548+0000 7fdcb21e7700 1 -- 172.21.15.99:0/4211279191 >> [v2:172.21.15.99:3300/0,v1:172.21.15.99:6789/0] conn(0x7fdcac108910 msgr2=0x7fdcac10ad00 secure :-1 s=STATE_CONNECTION_ESTABLISHED l=1).mark_down
2024-03-19T01:32:15.376 INFO:teuthology.orchestra.run.smithi099.stdout:/usr/bin/ceph: stderr
2024-03-19T01:32:14.548+0000 7fdcb21e7700 1 --2- 172.21.15.99:0/4211279191 >> [v2:172.21.15.99:3300/0,v1:172.21.15.99:6789/0] conn(0x7fdcac108910 0x7fdcac10ad00 secure :-1 s=READY pgs=76 cs=0 l=1 rev1=1 crypto rx=0x7fdc9c0098a0 tx=0x7fdc9c009bb0 comp rx=0 tx=0).stop
2024-03-19T01:32:15.376 INFO:teuthology.orchestra.run.smithi099.stdout:/usr/bin/ceph: stderr
2024-03-19T01:32:14.548+0000 7fdcb21e7700 1 -- 172.21.15.99:0/4211279191 shutdown_connections
2024-03-19T01:32:15.376 INFO:teuthology.orchestra.run.smithi099.stdout:/usr/bin/ceph: stderr
2024-03-19T01:32:14.548+0000 7fdcb21e7700 1 --2- 172.21.15.99:0/4211279191 >> [v2:172.21.15.99:3300/0,v1:172.21.15.99:6789/0] conn(0x7fdcac108910 0x7fdcac10ad00 unknown :-1 s=CLOSED pgs=76 cs=0 l=1 rev1=1 crypto rx=0 tx=0 comp rx=0 tx=0).stop
2024-03-19T01:32:15.376 INFO:teuthology.orchestra.run.smithi099.stdout:/usr/bin/ceph: stderr
2024-03-19T01:32:14.548+0000 7fdcb21e7700 1 -- 172.21.15.99:0/4211279191 >> 172.21.15.99:0/4211279191 conn(0x7fdcac102260 msgr2=0x7fdcac1046a0 unknown :-1 s=STATE_NONE l=0).mark_down
