2024-03-19T01:31:52.691+0000 7f3be5a93700 1 --2- >> [v2:172.21.15.99:3300/0,v1:172.21.15.99:6789/0] conn(0x7f3be007dee0 0x7f3be007c340 unknown :-1 s=HELLO_CONNECTING pgs=0 cs=0 l=0 rev1=1 crypto rx=0 tx=0 comp rx=0 tx=0).handle_hello peer v2:172.21.15.99:3300/0 says I am v2:172.21.15.99:59442/0 (socket says 172.21.15.99:59442)
2024-03-19T01:31:54.427 INFO:teuthology.orchestra.run.smithi099.stdout:/usr/bin/ceph: stderr
2024-03-19T01:31:52.691+0000 7f3be5a93700 1 -- 172.21.15.99:0/3109693648 learned_addr learned my addr 172.21.15.99:0/3109693648 (peer_addr_for_me v2:172.21.15.99:0/0)
2024-03-19T01:31:54.427 INFO:teuthology.orchestra.run.smithi099.stdout:/usr/bin/ceph: stderr
2024-03-19T01:31:52.691+0000 7f3be5a93700 1 -- 172.21.15.99:0/3109693648 --> [v2:172.21.15.99:3300/0,v1:172.21.15.99:6789/0] -- mon_subscribe({config=0+,monmap=0+}) -- 0x7f3be007ca90 con 0x7f3be007dee0
2024-03-19T01:31:54.427 INFO:teuthology.orchestra.run.smithi099.stdout:/usr/bin/ceph: stderr
2024-03-19T01:31:52.692+0000 7f3be5a93700 1 --2- 172.21.15.99:0/3109693648 >> [v2:172.21.15.99:3300/0,v1:172.21.15.99:6789/0] conn(0x7f3be007dee0 0x7f3be007c340 secure :-1 s=READY pgs=45 cs=0 l=1 rev1=1 crypto rx=0x7f3bdc0098a0 tx=0x7f3bdc009bb0 comp rx=0 tx=0).ready entity=mon.0 client_cookie=8933049bc41d3fb9 server_cookie=0 in_seq=0 out_seq=0
2024-03-19T01:31:54.427 INFO:teuthology.orchestra.run.smithi099.stdout:/usr/bin/ceph: stderr
2024-03-19T01:31:52.692+0000 7f3be4a91700 1 -- 172.21.15.99:0/3109693648 <== mon.0 v2:172.21.15.99:3300/0 1 ==== mon_map magic: 0 ==== 205+0+0 (secure 0 0 0) 0x7f3bdc004160 con 0x7f3be007dee0
2024-03-19T01:31:54.427 INFO:teuthology.orchestra.run.smithi099.stdout:/usr/bin/ceph: stderr
2024-03-19T01:31:52.692+0000 7f3be4a91700 1 -- 172.21.15.99:0/3109693648 <== mon.0 v2:172.21.15.99:3300/0 2 ==== config(27 keys) ==== 1109+0+0 (secure 0 0 0) 0x7f3bdc004300 con 0x7f3be007dee0
2024-03-19T01:31:54.427 INFO:teuthology.orchestra.run.smithi099.stdout:/usr/bin/ceph: stderr
2024-03-19T01:31:52.692+0000 7f3be4a91700 1 -- 172.21.15.99:0/3109693648 <== mon.0 v2:172.21.15.99:3300/0 3 ==== mon_map magic: 0 ==== 205+0+0 (secure 0 0 0) 0x7f3bdc011b50 con 0x7f3be007dee0
2024-03-19T01:31:54.427 INFO:teuthology.orchestra.run.smithi099.stdout:/usr/bin/ceph: stderr
2024-03-19T01:31:52.692+0000 7f3be7cf7700 1 -- 172.21.15.99:0/3109693648 >> [v2:172.21.15.99:3300/0,v1:172.21.15.99:6789/0] conn(0x7f3be007dee0 msgr2=0x7f3be007c340 secure :-1 s=STATE_CONNECTION_ESTABLISHED l=1).mark_down
2024-03-19T01:31:54.427 INFO:teuthology.orchestra.run.smithi099.stdout:/usr/bin/ceph: stderr
2024-03-19T01:31:52.692+0000 7f3be7cf7700 1 --2- 172.21.15.99:0/3109693648 >> [v2:172.21.15.99:3300/0,v1:172.21.15.99:6789/0] conn(0x7f3be007dee0 0x7f3be007c340 secure :-1 s=READY pgs=45 cs=0 l=1 rev1=1 crypto rx=0x7f3bdc0098a0 tx=0x7f3bdc009bb0 comp rx=0 tx=0).stop
2024-03-19T01:31:54.427 INFO:teuthology.orchestra.run.smithi099.stdout:/usr/bin/ceph: stderr
2024-03-19T01:31:52.692+0000 7f3be7cf7700 1 -- 172.21.15.99:0/3109693648 shutdown_connections
2024-03-19T01:31:54.427 INFO:teuthology.orchestra.run.smithi099.stdout:/usr/bin/ceph: stderr
2024-03-19T01:31:52.692+0000 7f3be7cf7700 1 --2- 172.21.15.99:0/3109693648 >> [v2:172.21.15.99:3300/0,v1:172.21.15.99:6789/0] conn(0x7f3be007dee0 0x7f3be007c340 unknown :-1 s=CLOSED pgs=45 cs=0 l=1 rev1=1 crypto rx=0 tx=0 comp rx=0 tx=0).stop
2024-03-19T01:31:54.427 INFO:teuthology.orchestra.run.smithi099.stdout:/usr/bin/ceph: stderr
2024-03-19T01:31:52.692+0000 7f3be7cf7700 1 -- 172.21.15.99:0/3109693648 >> 172.21.15.99:0/3109693648 conn(0x7f3be01033a0 msgr2=0x7f3be01057c0 unknown :-1 s=STATE_NONE l=0).mark_down
2024-03-19T01:31:54.427 INFO:teuthology.orchestra.run.smithi099.stdout:/usr/bin/ceph: stderr
2024-03-19T01:31:52.692+0000 7f3be7cf7700 1 -- 172.21.15.99:0/3109693648 shutdown_connections
2024-03-19T01:31:54.427 INFO:teuthology.orchestra.run.smithi099.stdout:/usr/bin/ceph: stderr
2024-03-19T01:31:52.693+0000 7f3be7cf7700 1 -- 172.21.15.99:0/3109693648 wait complete.
2024-03-19T01:31:54.428 INFO:teuthology.orchestra.run.smithi099.stdout:/usr/bin/ceph: stderr
2024-03-19T01:31:52.693+0000 7f3be7cf7700 1 Processor -- start
2024-03-19T01:31:54.428 INFO:teuthology.orchestra.run.smithi099.stdout:/usr/bin/ceph: stderr
2024-03-19T01:31:52.693+0000 7f3be7cf7700 1 -- start start
2024-03-19T01:31:54.428 INFO:teuthology.orchestra.run.smithi099.stdout:/usr/bin/ceph: stderr
2024-03-19T01:31:52.693+0000 7f3be7cf7700 1 --2- >> [v2:172.21.15.99:3300/0,v1:172.21.15.99:6789/0] conn(0x7f3be007dee0 0x7f3be019df30 unknown :-1 s=NONE pgs=0 cs=0 l=1 rev1=0 crypto rx=0 tx=0 comp rx=0 tx=0).connect
2024-03-19T01:31:54.428 INFO:teuthology.orchestra.run.smithi099.stdout:/usr/bin/ceph: stderr
2024-03-19T01:31:52.693+0000 7f3be7cf7700 1 -- --> [v2:172.21.15.99:3300/0,v1:172.21.15.99:6789/0] -- mon_getmap magic: 0 -- 0x7f3be010e370 con 0x7f3be007dee0
2024-03-19T01:31:54.428 INFO:teuthology.orchestra.run.smithi099.stdout:/usr/bin/ceph: stderr
2024-03-19T01:31:52.693+0000 7f3be5a93700 1 --2- >> [v2:172.21.15.99:3300/0,v1:172.21.15.99:6789/0] conn(0x7f3be007dee0 0x7f3be019df30 unknown :-1 s=BANNER_CONNECTING pgs=0 cs=0 l=1 rev1=0 crypto rx=0 tx=0 comp rx=0 tx=0)._handle_peer_banner_payload supported=3 required=0
2024-03-19T01:31:54.428 INFO:teuthology.orchestra.run.smithi099.stdout:/usr/bin/ceph: stderr
2024-03-19T01:31:52.693+0000 7f3be5a93700 1 --2- >> [v2:172.21.15.99:3300/0,v1:172.21.15.99:6789/0] conn(0x7f3be007dee0 0x7f3be019df30 unknown :-1 s=HELLO_CONNECTING pgs=0 cs=0 l=1 rev1=1 crypto rx=0 tx=0 comp rx=0 tx=0).handle_hello peer v2:172.21.15.99:3300/0 says I am v2:172.21.15.99:59446/0 (socket says 172.21.15.99:59446)
2024-03-19T01:31:54.428 INFO:teuthology.orchestra.run.smithi099.stdout:/usr/bin/ceph: stderr
2024-03-19T01:31:52.693+0000 7f3be5a93700 1 -- 172.21.15.99:0/1578836612 learned_addr learned my addr 172.21.15.99:0/1578836612 (peer_addr_for_me v2:172.21.15.99:0/0)
2024-03-19T01:31:54.428 INFO:teuthology.orchestra.run.smithi099.stdout:/usr/bin/ceph: stderr
2024-03-19T01:31:52.693+0000 7f3be5a93700 1 -- 172.21.15.99:0/1578836612 --> [v2:172.21.15.99:3300/0,v1:172.21.15.99:6789/0] -- mon_subscribe({config=0+,monmap=0+}) -- 0x7f3be019e470 con 0x7f3be007dee0
2024-03-19T01:31:54.428 INFO:teuthology.orchestra.run.smithi099.stdout:/usr/bin/ceph: stderr
2024-03-19T01:31:52.694+0000 7f3be5a93700 1 --2- 172.21.15.99:0/1578836612 >> [v2:172.21.15.99:3300/0,v1:172.21.15.99:6789/0] conn(0x7f3be007dee0 0x7f3be019df30 secure :-1 s=READY pgs=46 cs=0 l=1 rev1=1 crypto rx=0x7f3bdc000c00 tx=0x7f3bdc011c10 comp rx=0 tx=0).ready entity=mon.0 client_cookie=0 server_cookie=0 in_seq=0 out_seq=0
2024-03-19T01:31:54.428 INFO:teuthology.orchestra.run.smithi099.stdout:/usr/bin/ceph: stderr
2024-03-19T01:31:52.694+0000 7f3bd6ffd700 1 -- 172.21.15.99:0/1578836612 <== mon.0 v2:172.21.15.99:3300/0 1 ==== mon_map magic: 0 ==== 205+0+0 (secure 0 0 0) 0x7f3bdc003b20 con 0x7f3be007dee0
2024-03-19T01:31:54.428 INFO:teuthology.orchestra.run.smithi099.stdout:/usr/bin/ceph: stderr
2024-03-19T01:31:52.694+0000 7f3bd6ffd700 1 -- 172.21.15.99:0/1578836612 <== mon.0 v2:172.21.15.99:3300/0 2 ==== config(27 keys) ==== 1109+0+0 (secure 0 0 0) 0x7f3bdc003cc0 con 0x7f3be007dee0
2024-03-19T01:31:54.428 INFO:teuthology.orchestra.run.smithi099.stdout:/usr/bin/ceph: stderr
2024-03-19T01:31:52.694+0000 7f3bd6ffd700 1 -- 172.21.15.99:0/1578836612 <== mon.0 v2:172.21.15.99:3300/0 3 ==== mon_map magic: 0 ==== 205+0+0 (secure 0 0 0) 0x7f3bdc024910 con 0x7f3be007dee0
2024-03-19T01:31:54.428 INFO:teuthology.orchestra.run.smithi099.stdout:/usr/bin/ceph: stderr
2024-03-19T01:31:52.694+0000 7f3be7cf7700 1 -- 172.21.15.99:0/1578836612 --> [v2:172.21.15.99:3300/0,v1:172.21.15.99:6789/0] -- mon_subscribe({mgrmap=0+}) -- 0x7f3be019e700 con 0x7f3be007dee0
2024-03-19T01:31:54.429 INFO:teuthology.orchestra.run.smithi099.stdout:/usr/bin/ceph: stderr
2024-03-19T01:31:52.694+0000 7f3be7cf7700 1 -- 172.21.15.99:0/1578836612 --> [v2:172.21.15.99:3300/0,v1:172.21.15.99:6789/0] -- mon_subscribe({osdmap=0}) -- 0x7f3be01a13f0 con 0x7f3be007dee0
2024-03-19T01:31:54.429 INFO:teuthology.orchestra.run.smithi099.stdout:/usr/bin/ceph: stderr
2024-03-19T01:31:52.695+0000 7f3bd6ffd700 1 -- 172.21.15.99:0/1578836612 <== mon.0 v2:172.21.15.99:3300/0 4 ==== mgrmap(e 8) ==== 46106+0+0 (secure 0 0 0) 0x7f3bdc022020 con 0x7f3be007dee0
2024-03-19T01:31:54.429 INFO:teuthology.orchestra.run.smithi099.stdout:/usr/bin/ceph: stderr
2024-03-19T01:31:52.695+0000 7f3be7cf7700 1 -- 172.21.15.99:0/1578836612 --> [v2:172.21.15.99:3300/0,v1:172.21.15.99:6789/0] -- mon_command({"prefix": "get_command_descriptions"} v 0) -- 0x7f3be0063940 con 0x7f3be007dee0
2024-03-19T01:31:54.429 INFO:teuthology.orchestra.run.smithi099.stdout:/usr/bin/ceph: stderr
2024-03-19T01:31:52.695+0000 7f3bd6ffd700 1 --2- 172.21.15.99:0/1578836612 >> [v2:172.21.15.99:6800/1328245934,v1:172.21.15.99:6801/1328245934] conn(0x7f3bcc038f70 0x7f3bcc03b430 unknown :-1 s=NONE pgs=0 cs=0 l=1 rev1=0 crypto rx=0 tx=0 comp rx=0 tx=0).connect
2024-03-19T01:31:54.429 INFO:teuthology.orchestra.run.smithi099.stdout:/usr/bin/ceph: stderr
2024-03-19T01:31:52.695+0000 7f3bd6ffd700 1 -- 172.21.15.99:0/1578836612 <== mon.0 v2:172.21.15.99:3300/0 5 ==== osd_map(2..2 src has 1..2) ==== 940+0+0 (secure 0 0 0) 0x7f3bdc011e00 con 0x7f3be007dee0
2024-03-19T01:31:54.429 INFO:teuthology.orchestra.run.smithi099.stdout:/usr/bin/ceph: stderr
2024-03-19T01:31:52.695+0000 7f3be5292700 1 --2- 172.21.15.99:0/1578836612 >> [v2:172.21.15.99:6800/1328245934,v1:172.21.15.99:6801/1328245934] conn(0x7f3bcc038f70 0x7f3bcc03b430 unknown :-1 s=BANNER_CONNECTING pgs=0 cs=0 l=1 rev1=0 crypto rx=0 tx=0 comp rx=0 tx=0)._handle_peer_banner_payload supported=3 required=0
2024-03-19T01:31:54.429 INFO:teuthology.orchestra.run.smithi099.stdout:/usr/bin/ceph: stderr
2024-03-19T01:31:52.695+0000 7f3be5292700 1 --2- 172.21.15.99:0/1578836612 >> [v2:172.21.15.99:6800/1328245934,v1:172.21.15.99:6801/1328245934] conn(0x7f3bcc038f70 0x7f3bcc03b430 secure :-1 s=READY pgs=12 cs=0 l=1 rev1=1 crypto rx=0x7f3bd0006fd0 tx=0x7f3bd0006e40 comp rx=0 tx=0).ready entity=mgr.14118 client_cookie=0 server_cookie=0 in_seq=0 out_seq=0
2024-03-19T01:31:54.429 INFO:teuthology.orchestra.run.smithi099.stdout:/usr/bin/ceph: stderr
2024-03-19T01:31:52.700+0000 7f3bd6ffd700 1 -- 172.21.15.99:0/1578836612 <== mon.0 v2:172.21.15.99:3300/0 6 ==== mon_command_ack([{"prefix": "get_command_descriptions"}]=0 v0) ==== 72+0+186149 (secure 0 0 0) 0x7f3bdc02cdf0 con 0x7f3be007dee0
2024-03-19T01:31:54.429 INFO:teuthology.orchestra.run.smithi099.stdout:/usr/bin/ceph: stderr
2024-03-19T01:31:52.911+0000 7f3be7cf7700 1 -- 172.21.15.99:0/1578836612 --> [v2:172.21.15.99:6800/1328245934,v1:172.21.15.99:6801/1328245934] -- mgr_command(tid 0: {"prefix": "orch apply", "service_type": "mon", "unmanaged": true, "target": ["mon-mgr", ""]}) -- 0x7f3be01045c0 con 0x7f3bcc038f70
2024-03-19T01:31:54.429 INFO:teuthology.orchestra.run.smithi099.stdout:/usr/bin/ceph: stderr
2024-03-19T01:31:52.916+0000 7f3bd6ffd700 1 -- 172.21.15.99:0/1578836612 <== mgr.14118 v2:172.21.15.99:6800/1328245934 1 ==== mgr_command_reply(tid 0: 0 ) ==== 8+0+24 (secure 0 0 0) 0x7f3be01045c0 con 0x7f3bcc038f70
2024-03-19T01:31:54.429 INFO:teuthology.orchestra.run.smithi099.stdout:/usr/bin/ceph: stderr
2024-03-19T01:31:52.918+0000 7f3be7cf7700 1 -- 172.21.15.99:0/1578836612 >> [v2:172.21.15.99:6800/1328245934,v1:172.21.15.99:6801/1328245934] conn(0x7f3bcc038f70 msgr2=0x7f3bcc03b430 secure :-1 s=STATE_CONNECTION_ESTABLISHED l=1).mark_down
2024-03-19T01:31:54.429 INFO:teuthology.orchestra.run.smithi099.stdout:/usr/bin/ceph: stderr
2024-03-19T01:31:52.918+0000 7f3be7cf7700 1 --2- 172.21.15.99:0/1578836612 >> [v2:172.21.15.99:6800/1328245934,v1:172.21.15.99:6801/1328245934] conn(0x7f3bcc038f70 0x7f3bcc03b430 secure :-1 s=READY pgs=12 cs=0 l=1 rev1=1 crypto rx=0x7f3bd0006fd0 tx=0x7f3bd0006e40 comp rx=0 tx=0).stop
2024-03-19T01:31:54.429 INFO:teuthology.orchestra.run.smithi099.stdout:/usr/bin/ceph: stderr
2024-03-19T01:31:52.918+0000 7f3be7cf7700 1 -- 172.21.15.99:0/1578836612 >> [v2:172.21.15.99:3300/0,v1:172.21.15.99:6789/0] conn(0x7f3be007dee0 msgr2=0x7f3be019df30 secure :-1 s=STATE_CONNECTION_ESTABLISHED l=1).mark_down
2024-03-19T01:31:54.429 INFO:teuthology.orchestra.run.smithi099.stdout:/usr/bin/ceph: stderr
2024-03-19T01:31:52.918+0000 7f3be7cf7700 1 --2- 172.21.15.99:0/1578836612 >> [v2:172.21.15.99:3300/0,v1:172.21.15.99:6789/0] conn(0x7f3be007dee0 0x7f3be019df30 secure :-1 s=READY pgs=46 cs=0 l=1 rev1=1 crypto rx=0x7f3bdc000c00 tx=0x7f3bdc011c10 comp rx=0 tx=0).stop
2024-03-19T01:31:54.430 INFO:teuthology.orchestra.run.smithi099.stdout:/usr/bin/ceph: stderr
2024-03-19T01:31:52.918+0000 7f3be7cf7700 1 -- 172.21.15.99:0/1578836612 shutdown_connections
2024-03-19T01:31:54.430 INFO:teuthology.orchestra.run.smithi099.stdout:/usr/bin/ceph: stderr
2024-03-19T01:31:52.918+0000 7f3be7cf7700 1 --2- 172.21.15.99:0/1578836612 >> [v2:172.21.15.99:6800/1328245934,v1:172.21.15.99:6801/1328245934] conn(0x7f3bcc038f70 0x7f3bcc03b430 unknown :-1 s=CLOSED pgs=12 cs=0 l=1 rev1=1 crypto rx=0 tx=0 comp rx=0 tx=0).stop
2024-03-19T01:31:54.430 INFO:teuthology.orchestra.run.smithi099.stdout:/usr/bin/ceph: stderr
2024-03-19T01:31:52.918+0000 7f3be7cf7700 1 --2- 172.21.15.99:0/1578836612 >> [v2:172.21.15.99:3300/0,v1:172.21.15.99:6789/0] conn(0x7f3be007dee0 0x7f3be019df30 unknown :-1 s=CLOSED pgs=46 cs=0 l=1 rev1=1 crypto rx=0 tx=0 comp rx=0 tx=0).stop
2024-03-19T01:31:54.430 INFO:teuthology.orchestra.run.smithi099.stdout:/usr/bin/ceph: stderr
2024-03-19T01:31:52.918+0000 7f3be7cf7700 1 -- 172.21.15.99:0/1578836612 >> 172.21.15.99:0/1578836612 conn(0x7f3be01033a0 msgr2=0x7f3be0103eb0 unknown :-1 s=STATE_NONE l=0).mark_down
2024-03-19T01:31:54.430 INFO:teuthology.orchestra.run.smithi099.stdout:/usr/bin/ceph: stderr
2024-03-19T01:31:52.918+0000 7f3be7cf7700 1 -- 172.21.15.99:0/1578836612 shutdown_connections
2024-03-19T01:31:54.430 INFO:teuthology.orchestra.run.smithi099.stdout:/usr/bin/ceph: stderr
2024-03-19T01:31:52.918+0000 7f3be7cf7700 1 -- 172.21.15.99:0/1578836612 wait complete.
2024-03-19T01:31:54.430 INFO:teuthology.orchestra.run.smithi099.stdout:Deploying unmanaged mgr service...
2024-03-19T01:31:55.341 INFO:journalctl@ceph.mon.a.smithi099.stdout:Mar 19 01:31:55 smithi099 ceph-mon[62951]: from='mgr.14118 172.21.15.99:0/2932773335' entity='mgr.x'
2024-03-19T01:31:55.341 INFO:journalctl@ceph.mon.a.smithi099.stdout:Mar 19 01:31:55 smithi099 ceph-mon[62951]: from='mgr.14118 172.21.15.99:0/2932773335' entity='mgr.x'
2024-03-19T01:31:55.341 INFO:journalctl@ceph.mon.a.smithi099.stdout:Mar 19 01:31:55 smithi099 ceph-mon[62951]: from='mgr.14118 172.21.15.99:0/2932773335' entity='mgr.x'
2024-03-19T01:31:55.690 INFO:teuthology.orchestra.run.smithi099.stdout:/usr/bin/ceph: stdout Scheduled mgr update...
2024-03-19T01:31:55.690 INFO:teuthology.orchestra.run.smithi099.stdout:/usr/bin/ceph: stderr
2024-03-19T01:31:54.852+0000 7f8ec5a3b700 1 Processor -- start
2024-03-19T01:31:55.690 INFO:teuthology.orchestra.run.smithi099.stdout:/usr/bin/ceph: stderr
2024-03-19T01:31:54.852+0000 7f8ec5a3b700 1 -- start start
2024-03-19T01:31:55.690 INFO:teuthology.orchestra.run.smithi099.stdout:/usr/bin/ceph: stderr
2024-03-19T01:31:54.852+0000 7f8ec5a3b700 1 --2- >> [v2:172.21.15.99:3300/0,v1:172.21.15.99:6789/0] conn(0x7f8ec007df00 0x7f8ec007c360 unknown :-1 s=NONE pgs=0 cs=0 l=0 rev1=0 crypto rx=0 tx=0 comp rx=0 tx=0).connect
2024-03-19T01:31:55.690 INFO:teuthology.orchestra.run.smithi099.stdout:/usr/bin/ceph: stderr
2024-03-19T01:31:54.852+0000 7f8ec5a3b700 1 -- --> [v2:172.21.15.99:3300/0,v1:172.21.15.99:6789/0] -- mon_getmap magic: 0 -- 0x7f8ec007c930 con 0x7f8ec007df00
2024-03-19T01:31:55.691 INFO:teuthology.orchestra.run.smithi099.stdout:/usr/bin/ceph: stderr
2024-03-19T01:31:54.853+0000 7f8ebeffd700 1 --2- >> [v2:172.21.15.99:3300/0,v1:172.21.15.99:6789/0] conn(0x7f8ec007df00 0x7f8ec007c360 unknown :-1 s=BANNER_CONNECTING pgs=0 cs=0 l=0 rev1=0 crypto rx=0 tx=0 comp rx=0 tx=0)._handle_peer_banner_payload supported=3 required=0
2024-03-19T01:31:55.691 INFO:teuthology.orchestra.run.smithi099.stdout:/usr/bin/ceph: stderr
2024-03-19T01:31:54.853+0000 7f8ebeffd700 1 --2- >> [v2:172.21.15.99:3300/0,v1:172.21.15.99:6789/0] conn(0x7f8ec007df00 0x7f8ec007c360 unknown :-1 s=HELLO_CONNECTING pgs=0 cs=0 l=0 rev1=1 crypto rx=0 tx=0 comp rx=0 tx=0).handle_hello peer v2:172.21.15.99:3300/0 says I am v2:172.21.15.99:59462/0 (socket says 172.21.15.99:59462)
2024-03-19T01:31:55.691 INFO:teuthology.orchestra.run.smithi099.stdout:/usr/bin/ceph: stderr
2024-03-19T01:31:54.853+0000 7f8ebeffd700 1 -- 172.21.15.99:0/3087648298 learned_addr learned my addr 172.21.15.99:0/3087648298 (peer_addr_for_me v2:172.21.15.99:0/0)
2024-03-19T01:31:55.691 INFO:teuthology.orchestra.run.smithi099.stdout:/usr/bin/ceph: stderr
2024-03-19T01:31:54.853+0000 7f8ebeffd700 1 -- 172.21.15.99:0/3087648298 --> [v2:172.21.15.99:3300/0,v1:172.21.15.99:6789/0] -- mon_subscribe({config=0+,monmap=0+}) -- 0x7f8ec007cab0 con 0x7f8ec007df00
2024-03-19T01:31:55.691 INFO:teuthology.orchestra.run.smithi099.stdout:/usr/bin/ceph: stderr
2024-03-19T01:31:54.853+0000 7f8ebeffd700 1 --2- 172.21.15.99:0/3087648298 >> [v2:172.21.15.99:3300/0,v1:172.21.15.99:6789/0] conn(0x7f8ec007df00 0x7f8ec007c360 secure :-1 s=READY pgs=47 cs=0 l=1 rev1=1 crypto rx=0x7f8eb8009e80 tx=0x7f8eb800b330 comp rx=0 tx=0).ready entity=mon.0 client_cookie=d7ea49d94d871356 server_cookie=0 in_seq=0 out_seq=0
2024-03-19T01:31:55.691 INFO:teuthology.orchestra.run.smithi099.stdout:/usr/bin/ceph: stderr
2024-03-19T01:31:54.853+0000 7f8ebdffb700 1 -- 172.21.15.99:0/3087648298 <== mon.0 v2:172.21.15.99:3300/0 1 ==== mon_map magic: 0 ==== 205+0+0 (secure 0 0 0) 0x7f8eb8017070 con 0x7f8ec007df00
2024-03-19T01:31:55.691 INFO:teuthology.orchestra.run.smithi099.stdout:/usr/bin/ceph: stderr
2024-03-19T01:31:54.853+0000 7f8ebdffb700 1 -- 172.21.15.99:0/3087648298 <== mon.0 v2:172.21.15.99:3300/0 2 ==== config(27 keys) ==== 1140+0+0 (secure 0 0 0) 0x7f8eb800b8c0 con 0x7f8ec007df00
2024-03-19T01:31:55.691 INFO:teuthology.orchestra.run.smithi099.stdout:/usr/bin/ceph: stderr
2024-03-19T01:31:54.853+0000 7f8ebdffb700 1 -- 172.21.15.99:0/3087648298 <== mon.0 v2:172.21.15.99:3300/0 3 ==== mon_map magic: 0 ==== 205+0+0 (secure 0 0 0) 0x7f8eb80045c0 con 0x7f8ec007df00
2024-03-19T01:31:55.691 INFO:teuthology.orchestra.run.smithi099.stdout:/usr/bin/ceph: stderr
2024-03-19T01:31:54.854+0000 7f8ec5a3b700 1 -- 172.21.15.99:0/3087648298 >> [v2:172.21.15.99:3300/0,v1:172.21.15.99:6789/0] conn(0x7f8ec007df00 msgr2=0x7f8ec007c360 secure :-1 s=STATE_CONNECTION_ESTABLISHED l=1).mark_down
2024-03-19T01:31:55.691 INFO:teuthology.orchestra.run.smithi099.stdout:/usr/bin/ceph: stderr
2024-03-19T01:31:54.854+0000 7f8ec5a3b700 1 --2- 172.21.15.99:0/3087648298 >> [v2:172.21.15.99:3300/0,v1:172.21.15.99:6789/0] conn(0x7f8ec007df00 0x7f8ec007c360 secure :-1 s=READY pgs=47 cs=0 l=1 rev1=1 crypto rx=0x7f8eb8009e80 tx=0x7f8eb800b330 comp rx=0 tx=0).stop
2024-03-19T01:31:55.691 INFO:teuthology.orchestra.run.smithi099.stdout:/usr/bin/ceph: stderr
2024-03-19T01:31:54.854+0000 7f8ec5a3b700 1 -- 172.21.15.99:0/3087648298 shutdown_connections
2024-03-19T01:31:55.691 INFO:teuthology.orchestra.run.smithi099.stdout:/usr/bin/ceph: stderr
2024-03-19T01:31:54.854+0000 7f8ec5a3b700 1 --2- 172.21.15.99:0/3087648298 >> [v2:172.21.15.99:3300/0,v1:172.21.15.99:6789/0] conn(0x7f8ec007df00 0x7f8ec007c360 unknown :-1 s=CLOSED pgs=47 cs=0 l=1 rev1=1 crypto rx=0 tx=0 comp rx=0 tx=0).stop
2024-03-19T01:31:55.692 INFO:teuthology.orchestra.run.smithi099.stdout:/usr/bin/ceph: stderr
2024-03-19T01:31:54.854+0000 7f8ec5a3b700 1 -- 172.21.15.99:0/3087648298 >> 172.21.15.99:0/3087648298 conn(0x7f8ec01033a0 msgr2=0x7f8ec01057c0 unknown :-1 s=STATE_NONE l=0).mark_down
2024-03-19T01:31:55.692 INFO:teuthology.orchestra.run.smithi099.stdout:/usr/bin/ceph: stderr
2024-03-19T01:31:54.854+0000 7f8ec5a3b700 1 -- 172.21.15.99:0/3087648298 shutdown_connections
2024-03-19T01:31:55.692 INFO:teuthology.orchestra.run.smithi099.stdout:/usr/bin/ceph: stderr
2024-03-19T01:31:54.854+0000 7f8ec5a3b700 1 -- 172.21.15.99:0/3087648298 wait complete.
2024-03-19T01:31:55.692 INFO:teuthology.orchestra.run.smithi099.stdout:/usr/bin/ceph: stderr
2024-03-19T01:31:54.854+0000 7f8ec5a3b700 1 Processor -- start
2024-03-19T01:31:55.692 INFO:teuthology.orchestra.run.smithi099.stdout:/usr/bin/ceph: stderr
2024-03-19T01:31:54.855+0000 7f8ec5a3b700 1 -- start start
2024-03-19T01:31:55.692 INFO:teuthology.orchestra.run.smithi099.stdout:/usr/bin/ceph: stderr
2024-03-19T01:31:54.855+0000 7f8ec5a3b700 1 --2- >> [v2:172.21.15.99:3300/0,v1:172.21.15.99:6789/0] conn(0x7f8ec007df00 0x7f8ec019df40 unknown :-1 s=NONE pgs=0 cs=0 l=1 rev1=0 crypto rx=0 tx=0 comp rx=0 tx=0).connect
2024-03-19T01:31:55.692 INFO:teuthology.orchestra.run.smithi099.stdout:/usr/bin/ceph: stderr
2024-03-19T01:31:54.855+0000 7f8ec5a3b700 1 -- --> [v2:172.21.15.99:3300/0,v1:172.21.15.99:6789/0] -- mon_getmap magic: 0 -- 0x7f8ec010e3f0 con 0x7f8ec007df00
2024-03-19T01:31:55.692 INFO:teuthology.orchestra.run.smithi099.stdout:/usr/bin/ceph: stderr
2024-03-19T01:31:54.855+0000 7f8ebeffd700 1 --2- >> [v2:172.21.15.99:3300/0,v1:172.21.15.99:6789/0] conn(0x7f8ec007df00 0x7f8ec019df40 unknown :-1 s=BANNER_CONNECTING pgs=0 cs=0 l=1 rev1=0 crypto rx=0 tx=0 comp rx=0 tx=0)._handle_peer_banner_payload supported=3 required=0
2024-03-19T01:31:55.692 INFO:teuthology.orchestra.run.smithi099.stdout:/usr/bin/ceph: stderr
2024-03-19T01:31:54.855+0000 7f8ebeffd700 1 --2- >> [v2:172.21.15.99:3300/0,v1:172.21.15.99:6789/0] conn(0x7f8ec007df00 0x7f8ec019df40 unknown :-1 s=HELLO_CONNECTING pgs=0 cs=0 l=1 rev1=1 crypto rx=0 tx=0 comp rx=0 tx=0).handle_hello peer v2:172.21.15.99:3300/0 says I am v2:172.21.15.99:59464/0 (socket says 172.21.15.99:59464)
2024-03-19T01:31:55.692 INFO:teuthology.orchestra.run.smithi099.stdout:/usr/bin/ceph: stderr
2024-03-19T01:31:54.855+0000 7f8ebeffd700 1 -- 172.21.15.99:0/3176240089 learned_addr learned my addr 172.21.15.99:0/3176240089 (peer_addr_for_me v2:172.21.15.99:0/0)
2024-03-19T01:31:55.692 INFO:teuthology.orchestra.run.smithi099.stdout:/usr/bin/ceph: stderr
2024-03-19T01:31:54.855+0000 7f8ebeffd700 1 -- 172.21.15.99:0/3176240089 --> [v2:172.21.15.99:3300/0,v1:172.21.15.99:6789/0] -- mon_subscribe({config=0+,monmap=0+}) -- 0x7f8ec019e480 con 0x7f8ec007df00
2024-03-19T01:31:55.692 INFO:teuthology.orchestra.run.smithi099.stdout:/usr/bin/ceph: stderr
2024-03-19T01:31:54.855+0000 7f8ebeffd700 1 --2- 172.21.15.99:0/3176240089 >> [v2:172.21.15.99:3300/0,v1:172.21.15.99:6789/0] conn(0x7f8ec007df00 0x7f8ec019df40 secure :-1 s=READY pgs=48 cs=0 l=1 rev1=1 crypto rx=0x7f8eb80048f0 tx=0x7f8eb80049d0 comp rx=0 tx=0).ready entity=mon.0 client_cookie=0 server_cookie=0 in_seq=0 out_seq=0
2024-03-19T01:31:55.692 INFO:teuthology.orchestra.run.smithi099.stdout:/usr/bin/ceph: stderr
2024-03-19T01:31:54.855+0000 7f8ec4a39700 1 -- 172.21.15.99:0/3176240089 <== mon.0 v2:172.21.15.99:3300/0 1 ==== mon_map magic: 0 ==== 205+0+0 (secure 0 0 0) 0x7f8eb8020020 con 0x7f8ec007df00
2024-03-19T01:31:55.693 INFO:teuthology.orchestra.run.smithi099.stdout:/usr/bin/ceph: stderr
2024-03-19T01:31:54.856+0000 7f8ec4a39700 1 -- 172.21.15.99:0/3176240089 <== mon.0 v2:172.21.15.99:3300/0 2 ==== config(27 keys) ==== 1140+0+0 (secure 0 0 0) 0x7f8eb8012430 con 0x7f8ec007df00
2024-03-19T01:31:55.693 INFO:teuthology.orchestra.run.smithi099.stdout:/usr/bin/ceph: stderr
2024-03-19T01:31:54.856+0000 7f8ec5a3b700 1 -- 172.21.15.99:0/3176240089 --> [v2:172.21.15.99:3300/0,v1:172.21.15.99:6789/0] -- mon_subscribe({mgrmap=0+}) -- 0x7f8ec019e710 con 0x7f8ec007df00
2024-03-19T01:31:55.693 INFO:teuthology.orchestra.run.smithi099.stdout:/usr/bin/ceph: stderr
2024-03-19T01:31:54.856+0000 7f8ec4a39700 1 -- 172.21.15.99:0/3176240089 <== mon.0 v2:172.21.15.99:3300/0 3 ==== mon_map magic: 0 ==== 205+0+0 (secure 0 0 0) 0x7f8eb8017040 con 0x7f8ec007df00
2024-03-19T01:31:55.693 INFO:teuthology.orchestra.run.smithi099.stdout:/usr/bin/ceph: stderr
2024-03-19T01:31:54.856+0000 7f8ec5a3b700 1 -- 172.21.15.99:0/3176240089 --> [v2:172.21.15.99:3300/0,v1:172.21.15.99:6789/0] -- mon_subscribe({osdmap=0}) -- 0x7f8ec01a1400 con 0x7f8ec007df00
2024-03-19T01:31:55.693 INFO:teuthology.orchestra.run.smithi099.stdout:/usr/bin/ceph: stderr
2024-03-19T01:31:54.856+0000 7f8ec4a39700 1 -- 172.21.15.99:0/3176240089 <== mon.0 v2:172.21.15.99:3300/0 4 ==== mgrmap(e 8) ==== 46106+0+0 (secure 0 0 0) 0x7f8eb8023020 con 0x7f8ec007df00
2024-03-19T01:31:55.693 INFO:teuthology.orchestra.run.smithi099.stdout:/usr/bin/ceph: stderr
2024-03-19T01:31:54.857+0000 7f8ec5a3b700 1 -- 172.21.15.99:0/3176240089 --> [v2:172.21.15.99:3300/0,v1:172.21.15.99:6789/0] -- mon_command({"prefix": "get_command_descriptions"} v 0) -- 0x7f8ec0063940 con 0x7f8ec007df00
2024-03-19T01:31:55.693 INFO:teuthology.orchestra.run.smithi099.stdout:/usr/bin/ceph: stderr
2024-03-19T01:31:54.857+0000 7f8ec4a39700 1 --2- 172.21.15.99:0/3176240089 >> [v2:172.21.15.99:6800/1328245934,v1:172.21.15.99:6801/1328245934] conn(0x7f8ea8038ed0 0x7f8ea803b390 unknown :-1 s=NONE pgs=0 cs=0 l=1 rev1=0 crypto rx=0 tx=0 comp rx=0 tx=0).connect
2024-03-19T01:31:55.693 INFO:teuthology.orchestra.run.smithi099.stdout:/usr/bin/ceph: stderr
2024-03-19T01:31:54.857+0000 7f8ec4a39700 1 -- 172.21.15.99:0/3176240089 <== mon.0 v2:172.21.15.99:3300/0 5 ==== osd_map(2..2 src has 1..2) ==== 940+0+0 (secure 0 0 0) 0x7f8eb800f050 con 0x7f8ec007df00
2024-03-19T01:31:55.693 INFO:teuthology.orchestra.run.smithi099.stdout:/usr/bin/ceph: stderr
2024-03-19T01:31:54.857+0000 7f8ebe7fc700 1 --2- 172.21.15.99:0/3176240089 >> [v2:172.21.15.99:6800/1328245934,v1:172.21.15.99:6801/1328245934] conn(0x7f8ea8038ed0 0x7f8ea803b390 unknown :-1 s=BANNER_CONNECTING pgs=0 cs=0 l=1 rev1=0 crypto rx=0 tx=0 comp rx=0 tx=0)._handle_peer_banner_payload supported=3 required=0
2024-03-19T01:31:55.693 INFO:teuthology.orchestra.run.smithi099.stdout:/usr/bin/ceph: stderr
2024-03-19T01:31:54.857+0000 7f8ebe7fc700 1 --2- 172.21.15.99:0/3176240089 >> [v2:172.21.15.99:6800/1328245934,v1:172.21.15.99:6801/1328245934] conn(0x7f8ea8038ed0 0x7f8ea803b390 secure :-1 s=READY pgs=13 cs=0 l=1 rev1=1 crypto rx=0x7f8eb4006fd0 tx=0x7f8eb4006e40 comp rx=0 tx=0).ready entity=mgr.14118 client_cookie=0 server_cookie=0 in_seq=0 out_seq=0
2024-03-19T01:31:55.693 INFO:teuthology.orchestra.run.smithi099.stdout:/usr/bin/ceph: stderr
2024-03-19T01:31:54.862+0000 7f8ec4a39700 1 -- 172.21.15.99:0/3176240089 <== mon.0 v2:172.21.15.99:3300/0 6 ==== mon_command_ack([{"prefix": "get_command_descriptions"}]=0 v0) ==== 72+0+186149 (secure 0 0 0) 0x7f8eb802a020 con 0x7f8ec007df00
2024-03-19T01:31:55.693 INFO:teuthology.orchestra.run.smithi099.stdout:/usr/bin/ceph: stderr
2024-03-19T01:31:55.085+0000 7f8ec5a3b700 1 -- 172.21.15.99:0/3176240089 --> [v2:172.21.15.99:6800/1328245934,v1:172.21.15.99:6801/1328245934] -- mgr_command(tid 0: {"prefix": "orch apply", "service_type": "mgr", "unmanaged": true, "target": ["mon-mgr", ""]}) -- 0x7f8ec01045c0 con 0x7f8ea8038ed0
2024-03-19T01:31:55.694 INFO:teuthology.orchestra.run.smithi099.stdout:/usr/bin/ceph: stderr
2024-03-19T01:31:55.089+0000 7f8ec4a39700 1 -- 172.21.15.99:0/3176240089 <== mgr.14118 v2:172.21.15.99:6800/1328245934 1 ==== mgr_command_reply(tid 0: 0 ) ==== 8+0+24 (secure 0 0 0) 0x7f8ec01045c0 con 0x7f8ea8038ed0
2024-03-19T01:31:55.694 INFO:teuthology.orchestra.run.smithi099.stdout:/usr/bin/ceph: stderr
2024-03-19T01:31:55.092+0000 7f8ec5a3b700 1 -- 172.21.15.99:0/3176240089 >> [v2:172.21.15.99:6800/1328245934,v1:172.21.15.99:6801/1328245934] conn(0x7f8ea8038ed0 msgr2=0x7f8ea803b390 secure :-1 s=STATE_CONNECTION_ESTABLISHED l=1).mark_down
2024-03-19T01:31:55.694 INFO:teuthology.orchestra.run.smithi099.stdout:/usr/bin/ceph: stderr
2024-03-19T01:31:55.092+0000 7f8ec5a3b700 1 --2- 172.21.15.99:0/3176240089 >> [v2:172.21.15.99:6800/1328245934,v1:172.21.15.99:6801/1328245934] conn(0x7f8ea8038ed0 0x7f8ea803b390 secure :-1 s=READY pgs=13 cs=0 l=1 rev1=1 crypto rx=0x7f8eb4006fd0 tx=0x7f8eb4006e40 comp rx=0 tx=0).stop
2024-03-19T01:31:55.694 INFO:teuthology.orchestra.run.smithi099.stdout:/usr/bin/ceph: stderr
2024-03-19T01:31:55.092+0000 7f8ec5a3b700 1 -- 172.21.15.99:0/3176240089 >> [v2:172.21.15.99:3300/0,v1:172.21.15.99:6789/0] conn(0x7f8ec007df00 msgr2=0x7f8ec019df40 secure :-1 s=STATE_CONNECTION_ESTABLISHED l=1).mark_down
2024-03-19T01:31:55.694 INFO:teuthology.orchestra.run.smithi099.stdout:/usr/bin/ceph: stderr
2024-03-19T01:31:55.092+0000 7f8ec5a3b700 1 --2- 172.21.15.99:0/3176240089 >> [v2:172.21.15.99:3300/0,v1:172.21.15.99:6789/0] conn(0x7f8ec007df00 0x7f8ec019df40 secure :-1 s=READY pgs=48 cs=0 l=1 rev1=1 crypto rx=0x7f8eb80048f0 tx=0x7f8eb80049d0 comp rx=0 tx=0).stop
2024-03-19T01:31:55.694 INFO:teuthology.orchestra.run.smithi099.stdout:/usr/bin/ceph: stderr
2024-03-19T01:31:55.092+0000 7f8ec5a3b700 1 -- 172.21.15.99:0/3176240089 shutdown_connections
2024-03-19T01:31:55.694 INFO:teuthology.orchestra.run.smithi099.stdout:/usr/bin/ceph: stderr
2024-03-19T01:31:55.092+0000 7f8ec5a3b700 1 --2- 172.21.15.99:0/3176240089 >> [v2:172.21.15.99:6800/1328245934,v1:172.21.15.99:6801/1328245934] conn(0x7f8ea8038ed0 0x7f8ea803b390 unknown :-1 s=CLOSED pgs=13 cs=0 l=1 rev1=1 crypto rx=0 tx=0 comp rx=0 tx=0).stop
2024-03-19T01:31:55.694 INFO:teuthology.orchestra.run.smithi099.stdout:/usr/bin/ceph: stderr
2024-03-19T01:31:55.092+0000 7f8ec5a3b700 1 --2- 172.21.15.99:0/3176240089 >> [v2:172.21.15.99:3300/0,v1:172.21.15.99:6789/0] conn(0x7f8ec007df00 0x7f8ec019df40 unknown :-1 s=CLOSED pgs=48 cs=0 l=1 rev1=1 crypto rx=0 tx=0 comp rx=0 tx=0).stop
2024-03-19T01:31:55.694 INFO:teuthology.orchestra.run.smithi099.stdout:/usr/bin/ceph: stderr
2024-03-19T01:31:55.092+0000 7f8ec5a3b700 1 -- 172.21.15.99:0/3176240089 >> 172.21.15.99:0/3176240089 conn(0x7f8ec01033a0 msgr2=0x7f8ec0103eb0 unknown :-1 s=STATE_NONE l=0).mark_down
2024-03-19T01:31:55.694 INFO:teuthology.orchestra.run.smithi099.stdout:/usr/bin/ceph: stderr
2024-03-19T01:31:55.092+0000 7f8ec5a3b700 1 -- 172.21.15.99:0/3176240089 shutdown_connections
2024-03-19T01:31:55.694 INFO:teuthology.orchestra.run.smithi099.stdout:/usr/bin/ceph: stderr
2024-03-19T01:31:55.092+0000 7f8ec5a3b700 1 -- 172.21.15.99:0/3176240089 wait complete.
2024-03-19T01:31:56.341 INFO:journalctl@ceph.mon.a.smithi099.stdout:Mar 19 01:31:56 smithi099 ceph-mon[62951]: from='client.14142 -' entity='client.admin' cmd=[{"prefix": "orch apply", "service_type": "mgr", "unmanaged": true, "target": ["mon-mgr", ""]}]: dispatch
2024-03-19T01:31:56.341 INFO:journalctl@ceph.mon.a.smithi099.stdout:Mar 19 01:31:56 smithi099 ceph-mon[62951]: Saving service mgr spec with placement count:2
2024-03-19T01:31:57.040 INFO:teuthology.orchestra.run.smithi099.stdout:/usr/bin/ceph: stderr
2024-03-19T01:31:56.254+0000 7fe976798700 1 Processor -- start
2024-03-19T01:31:57.040 INFO:teuthology.orchestra.run.smithi099.stdout:/usr/bin/ceph: stderr
2024-03-19T01:31:56.254+0000 7fe976798700 1 -- start start
2024-03-19T01:31:57.040 INFO:teuthology.orchestra.run.smithi099.stdout:/usr/bin/ceph: stderr
2024-03-19T01:31:56.254+0000 7fe976798700 1 --2- >> [v2:172.21.15.99:3300/0,v1:172.21.15.99:6789/0] conn(0x7fe97007dec0 0x7fe97007c320 unknown :-1 s=NONE pgs=0 cs=0 l=0 rev1=0 crypto rx=0 tx=0 comp rx=0 tx=0).connect
2024-03-19T01:31:57.041 INFO:teuthology.orchestra.run.smithi099.stdout:/usr/bin/ceph: stderr
2024-03-19T01:31:56.254+0000 7fe976798700 1 -- --> [v2:172.21.15.99:3300/0,v1:172.21.15.99:6789/0] -- mon_getmap magic: 0 -- 0x7fe97007c8f0 con 0x7fe97007dec0
2024-03-19T01:31:57.041 INFO:teuthology.orchestra.run.smithi099.stdout:/usr/bin/ceph: stderr
2024-03-19T01:31:56.254+0000 7fe96ffff700 1 --2- >> [v2:172.21.15.99:3300/0,v1:172.21.15.99:6789/0] conn(0x7fe97007dec0 0x7fe97007c320 unknown :-1 s=BANNER_CONNECTING pgs=0 cs=0 l=0 rev1=0 crypto rx=0 tx=0 comp rx=0 tx=0)._handle_peer_banner_payload supported=3 required=0
2024-03-19T01:31:57.041 INFO:teuthology.orchestra.run.smithi099.stdout:/usr/bin/ceph: stderr
2024-03-19T01:31:56.254+0000 7fe96ffff700 1 --2- >> [v2:172.21.15.99:3300/0,v1:172.21.15.99:6789/0] conn(0x7fe97007dec0 0x7fe97007c320 unknown :-1 s=HELLO_CONNECTING pgs=0 cs=0 l=0 rev1=1 crypto rx=0 tx=0 comp rx=0 tx=0).handle_hello peer v2:172.21.15.99:3300/0 says I am v2:172.21.15.99:59470/0 (socket says 172.21.15.99:59470)
2024-03-19T01:31:57.041 INFO:teuthology.orchestra.run.smithi099.stdout:/usr/bin/ceph: stderr
2024-03-19T01:31:56.254+0000 7fe96ffff700 1 -- 172.21.15.99:0/360819398 learned_addr learned my addr 172.21.15.99:0/360819398 (peer_addr_for_me v2:172.21.15.99:0/0)
2024-03-19T01:31:57.041 INFO:teuthology.orchestra.run.smithi099.stdout:/usr/bin/ceph: stderr
2024-03-19T01:31:56.255+0000 7fe96ffff700 1 -- 172.21.15.99:0/360819398 --> [v2:172.21.15.99:3300/0,v1:172.21.15.99:6789/0] -- mon_subscribe({config=0+,monmap=0+}) -- 0x7fe97007ca70 con 0x7fe97007dec0
2024-03-19T01:31:57.041 INFO:teuthology.orchestra.run.smithi099.stdout:/usr/bin/ceph: stderr
2024-03-19T01:31:56.255+0000 7fe96ffff700 1 --2- 172.21.15.99:0/360819398 >> [v2:172.21.15.99:3300/0,v1:172.21.15.99:6789/0] conn(0x7fe97007dec0 0x7fe97007c320 secure :-1 s=READY pgs=49 cs=0 l=1 rev1=1 crypto rx=0x7fe9600098a0 tx=0x7fe960009bb0 comp rx=0 tx=0).ready entity=mon.0 client_cookie=1c4fe43c90e38f54 server_cookie=0 in_seq=0 out_seq=0
2024-03-19T01:31:57.041 INFO:teuthology.orchestra.run.smithi099.stdout:/usr/bin/ceph: stderr
2024-03-19T01:31:56.255+0000 7fe96effd700 1 -- 172.21.15.99:0/360819398 <== mon.0 v2:172.21.15.99:3300/0 1 ==== mon_map magic: 0 ==== 205+0+0 (secure 0 0 0) 0x7fe960004160 con 0x7fe97007dec0
2024-03-19T01:31:57.041 INFO:teuthology.orchestra.run.smithi099.stdout:/usr/bin/ceph: stderr
2024-03-19T01:31:56.255+0000 7fe96effd700 1 -- 172.21.15.99:0/360819398 <== mon.0 v2:172.21.15.99:3300/0 2 ==== config(27 keys) ==== 1140+0+0 (secure 0 0 0) 0x7fe960004300 con 0x7fe97007dec0
2024-03-19T01:31:57.041 INFO:teuthology.orchestra.run.smithi099.stdout:/usr/bin/ceph: stderr
2024-03-19T01:31:56.255+0000 7fe96effd700 1 -- 172.21.15.99:0/360819398 <== mon.0 v2:172.21.15.99:3300/0 3 ==== mon_map magic: 0 ==== 205+0+0 (secure 0 0 0) 0x7fe960011b20 con 0x7fe97007dec0
2024-03-19T01:31:57.041 INFO:teuthology.orchestra.run.smithi099.stdout:/usr/bin/ceph: stderr
2024-03-19T01:31:56.256+0000 7fe976798700 1 -- 172.21.15.99:0/360819398 >> [v2:172.21.15.99:3300/0,v1:172.21.15.99:6789/0] conn(0x7fe97007dec0 msgr2=0x7fe97007c320 secure :-1 s=STATE_CONNECTION_ESTABLISHED l=1).mark_down
2024-03-19T01:31:57.041 INFO:teuthology.orchestra.run.smithi099.stdout:/usr/bin/ceph: stderr
2024-03-19T01:31:56.256+0000 7fe976798700 1 --2- 172.21.15.99:0/360819398 >> [v2:172.21.15.99:3300/0,v1:172.21.15.99:6789/0] conn(0x7fe97007dec0 0x7fe97007c320 secure :-1 s=READY pgs=49 cs=0 l=1 rev1=1 crypto rx=0x7fe9600098a0 tx=0x7fe960009bb0 comp rx=0 tx=0).stop
2024-03-19T01:31:57.042 INFO:teuthology.orchestra.run.smithi099.stdout:/usr/bin/ceph: stderr
2024-03-19T01:31:56.256+0000 7fe976798700 1 -- 172.21.15.99:0/360819398 shutdown_connections
2024-03-19T01:31:57.042 INFO:teuthology.orchestra.run.smithi099.stdout:/usr/bin/ceph: stderr
2024-03-19T01:31:56.256+0000 7fe976798700 1 --2- 172.21.15.99:0/360819398 >> [v2:172.21.15.99:3300/0,v1:172.21.15.99:6789/0] conn(0x7fe97007dec0 0x7fe97007c320 unknown :-1 s=CLOSED pgs=49 cs=0 l=1 rev1=1 crypto rx=0 tx=0 comp rx=0 tx=0).stop
2024-03-19T01:31:57.042 INFO:teuthology.orchestra.run.smithi099.stdout:/usr/bin/ceph: stderr
2024-03-19T01:31:56.256+0000 7fe976798700 1 -- 172.21.15.99:0/360819398 >> 172.21.15.99:0/360819398 conn(0x7fe970103390 msgr2=0x7fe9701057b0 unknown :-1 s=STATE_NONE l=0).mark_down
2024-03-19T01:31:57.042 INFO:teuthology.orchestra.run.smithi099.stdout:/usr/bin/ceph: stderr
2024-03-19T01:31:56.256+0000 7fe976798700 1 -- 172.21.15.99:0/360819398 shutdown_connections
2024-03-19T01:31:57.042 INFO:teuthology.orchestra.run.smithi099.stdout:/usr/bin/ceph: stderr
2024-03-19T01:31:56.256+0000 7fe976798700 1 -- 172.21.15.99:0/360819398 wait complete.
2024-03-19T01:31:57.042 INFO:teuthology.orchestra.run.smithi099.stdout:/usr/bin/ceph: stderr
2024-03-19T01:31:56.256+0000 7fe976798700 1 Processor -- start
2024-03-19T01:31:57.042 INFO:teuthology.orchestra.run.smithi099.stdout:/usr/bin/ceph: stderr
2024-03-19T01:31:56.256+0000 7fe976798700 1 -- start start
2024-03-19T01:31:57.042 INFO:teuthology.orchestra.run.smithi099.stdout:/usr/bin/ceph: stderr
2024-03-19T01:31:56.257+0000 7fe976798700 1 --2- >> [v2:172.21.15.99:3300/0,v1:172.21.15.99:6789/0] conn(0x7fe97007dec0 0x7fe97019dfa0 unknown :-1 s=NONE pgs=0 cs=0 l=1 rev1=0 crypto rx=0 tx=0 comp rx=0 tx=0).connect
2024-03-19T01:31:57.042 INFO:teuthology.orchestra.run.smithi099.stdout:/usr/bin/ceph: stderr
2024-03-19T01:31:56.257+0000 7fe976798700 1 -- --> [v2:172.21.15.99:3300/0,v1:172.21.15.99:6789/0] -- mon_getmap magic: 0 -- 0x7fe97010e430 con 0x7fe97007dec0
2024-03-19T01:31:57.042 INFO:teuthology.orchestra.run.smithi099.stdout:/usr/bin/ceph: stderr
2024-03-19T01:31:56.257+0000 7fe96ffff700 1 --2- >> [v2:172.21.15.99:3300/0,v1:172.21.15.99:6789/0] conn(0x7fe97007dec0 0x7fe97019dfa0 unknown :-1 s=BANNER_CONNECTING pgs=0 cs=0 l=1 rev1=0 crypto rx=0 tx=0 comp rx=0 tx=0)._handle_peer_banner_payload supported=3 required=0
2024-03-19T01:31:57.043 INFO:teuthology.orchestra.run.smithi099.stdout:/usr/bin/ceph: stderr
2024-03-19T01:31:56.257+0000 7fe96ffff700 1 --2- >> [v2:172.21.15.99:3300/0,v1:172.21.15.99:6789/0] conn(0x7fe97007dec0 0x7fe97019dfa0 unknown :-1 s=HELLO_CONNECTING pgs=0 cs=0 l=1 rev1=1 crypto rx=0 tx=0 comp rx=0 tx=0).handle_hello peer v2:172.21.15.99:3300/0 says I am v2:172.21.15.99:59482/0 (socket says 172.21.15.99:59482)
2024-03-19T01:31:57.043 INFO:teuthology.orchestra.run.smithi099.stdout:/usr/bin/ceph: stderr
2024-03-19T01:31:56.257+0000 7fe96ffff700 1 -- 172.21.15.99:0/4049452828 learned_addr learned my addr 172.21.15.99:0/4049452828 (peer_addr_for_me v2:172.21.15.99:0/0)
2024-03-19T01:31:57.043 INFO:teuthology.orchestra.run.smithi099.stdout:/usr/bin/ceph: stderr
2024-03-19T01:31:56.257+0000 7fe96ffff700 1 -- 172.21.15.99:0/4049452828 --> [v2:172.21.15.99:3300/0,v1:172.21.15.99:6789/0] -- mon_subscribe({config=0+,monmap=0+}) -- 0x7fe97019e4e0 con 0x7fe97007dec0
2024-03-19T01:31:57.043 INFO:teuthology.orchestra.run.smithi099.stdout:/usr/bin/ceph: stderr
2024-03-19T01:31:56.257+0000 7fe96ffff700 1 --2- 172.21.15.99:0/4049452828 >> [v2:172.21.15.99:3300/0,v1:172.21.15.99:6789/0] conn(0x7fe97007dec0 0x7fe97019dfa0 secure :-1 s=READY pgs=50 cs=0 l=1 rev1=1 crypto rx=0x7fe960000c00 tx=0x7fe960011c10 comp rx=0 tx=0).ready entity=mon.0 client_cookie=0 server_cookie=0 in_seq=0 out_seq=0
2024-03-19T01:31:57.043 INFO:teuthology.orchestra.run.smithi099.stdout:/usr/bin/ceph: stderr
2024-03-19T01:31:56.257+0000 7fe96d7fa700 1 -- 172.21.15.99:0/4049452828 <== mon.0 v2:172.21.15.99:3300/0 1 ==== mon_map magic: 0 ==== 205+0+0 (secure 0 0 0) 0x7fe960003b60 con 0x7fe97007dec0
2024-03-19T01:31:57.043 INFO:teuthology.orchestra.run.smithi099.stdout:/usr/bin/ceph: stderr
2024-03-19T01:31:56.257+0000 7fe976798700 1 -- 172.21.15.99:0/4049452828 --> [v2:172.21.15.99:3300/0,v1:172.21.15.99:6789/0] -- mon_subscribe({mgrmap=0+}) -- 0x7fe97019e770 con 0x7fe97007dec0
2024-03-19T01:31:57.043 INFO:teuthology.orchestra.run.smithi099.stdout:/usr/bin/ceph: stderr
2024-03-19T01:31:56.257+0000 7fe96d7fa700 1 -- 172.21.15.99:0/4049452828 <== mon.0 v2:172.21.15.99:3300/0 2 ==== config(27 keys) ==== 1140+0+0 (secure 0 0 0) 0x7fe96001a910 con 0x7fe97007dec0
2024-03-19T01:31:57.043 INFO:teuthology.orchestra.run.smithi099.stdout:/usr/bin/ceph: stderr
2024-03-19T01:31:56.257+0000 7fe96d7fa700 1 -- 172.21.15.99:0/4049452828 <== mon.0 v2:172.21.15.99:3300/0 3 ==== mon_map magic: 0 ==== 205+0+0 (secure 0 0 0) 0x7fe960024930 con 0x7fe97007dec0
2024-03-19T01:31:57.043 INFO:teuthology.orchestra.run.smithi099.stdout:/usr/bin/ceph: stderr
2024-03-19T01:31:56.257+0000 7fe976798700 1 -- 172.21.15.99:0/4049452828 --> [v2:172.21.15.99:3300/0,v1:172.21.15.99:6789/0] -- mon_subscribe({osdmap=0}) -- 0x7fe97019ebd0 con 0x7fe97007dec0
2024-03-19T01:31:57.043 INFO:teuthology.orchestra.run.smithi099.stdout:/usr/bin/ceph: stderr
2024-03-19T01:31:56.258+0000 7fe96d7fa700 1 -- 172.21.15.99:0/4049452828 <== mon.0 v2:172.21.15.99:3300/0 4 ==== mgrmap(e 8) ==== 46106+0+0 (secure 0 0 0) 0x7fe960022020 con 0x7fe97007dec0
2024-03-19T01:31:57.043 INFO:teuthology.orchestra.run.smithi099.stdout:/usr/bin/ceph: stderr
2024-03-19T01:31:56.258+0000 7fe976798700 1 -- 172.21.15.99:0/4049452828 --> [v2:172.21.15.99:3300/0,v1:172.21.15.99:6789/0] -- mon_command({"prefix": "get_command_descriptions"} v 0) -- 0x7fe970069420 con 0x7fe97007dec0
2024-03-19T01:31:57.044 INFO:teuthology.orchestra.run.smithi099.stdout:/usr/bin/ceph: stderr
2024-03-19T01:31:56.259+0000 7fe96d7fa700 1 --2- 172.21.15.99:0/4049452828 >> [v2:172.21.15.99:6800/1328245934,v1:172.21.15.99:6801/1328245934] conn(0x7fe958038f20 0x7fe95803b3e0 unknown :-1 s=NONE pgs=0 cs=0 l=1 rev1=0 crypto rx=0 tx=0 comp rx=0 tx=0).connect
2024-03-19T01:31:57.044 INFO:teuthology.orchestra.run.smithi099.stdout:/usr/bin/ceph: stderr
2024-03-19T01:31:56.259+0000 7fe96d7fa700 1 -- 172.21.15.99:0/4049452828 <== mon.0 v2:172.21.15.99:3300/0 5 ==== osd_map(2..2 src has 1..2) ==== 940+0+0 (secure 0 0 0) 0x7fe96004d090 con 0x7fe97007dec0
2024-03-19T01:31:57.044 INFO:teuthology.orchestra.run.smithi099.stdout:/usr/bin/ceph: stderr
2024-03-19T01:31:56.259+0000 7fe96f7fe700 1 --2- 172.21.15.99:0/4049452828 >> [v2:172.21.15.99:6800/1328245934,v1:172.21.15.99:6801/1328245934] conn(0x7fe958038f20 0x7fe95803b3e0 unknown :-1 s=BANNER_CONNECTING pgs=0 cs=0 l=1 rev1=0 crypto rx=0 tx=0 comp rx=0 tx=0)._handle_peer_banner_payload supported=3 required=0
2024-03-19T01:31:57.044 INFO:teuthology.orchestra.run.smithi099.stdout:/usr/bin/ceph: stderr
2024-03-19T01:31:56.259+0000 7fe96f7fe700 1 --2- 172.21.15.99:0/4049452828 >> [v2:172.21.15.99:6800/1328245934,v1:172.21.15.99:6801/1328245934] conn(0x7fe958038f20 0x7fe95803b3e0 secure :-1 s=READY pgs=14 cs=0 l=1 rev1=1 crypto rx=0x7fe964006fd0 tx=0x7fe964006e40 comp rx=0 tx=0).ready entity=mgr.14118 client_cookie=0 server_cookie=0 in_seq=0 out_seq=0
2024-03-19T01:31:57.044 INFO:teuthology.orchestra.run.smithi099.stdout:/usr/bin/ceph: stderr
2024-03-19T01:31:56.264+0000 7fe96d7fa700 1 -- 172.21.15.99:0/4049452828 <== mon.0 v2:172.21.15.99:3300/0 6 ==== mon_command_ack([{"prefix": "get_command_descriptions"}]=0 v0) ==== 72+0+186149 (secure 0 0 0) 0x7fe96000b3e0 con 0x7fe97007dec0
2024-03-19T01:31:57.044 INFO:teuthology.orchestra.run.smithi099.stdout:/usr/bin/ceph: stderr
2024-03-19T01:31:56.468+0000 7fe976798700 1 -- 172.21.15.99:0/4049452828 --> [v2:172.21.15.99:3300/0,v1:172.21.15.99:6789/0] -- mon_command([{prefix=config set, name=mgr/cephadm/container_init}] v 0) -- 0x7fe9701a1460 con 0x7fe97007dec0
2024-03-19T01:31:57.044 INFO:teuthology.orchestra.run.smithi099.stdout:/usr/bin/ceph: stderr
2024-03-19T01:31:56.470+0000 7fe96d7fa700 1 -- 172.21.15.99:0/4049452828 <== mon.0 v2:172.21.15.99:3300/0 7 ==== mon_command_ack([{prefix=config set, name=mgr/cephadm/container_init}]=0 v7)=0 v7) ==== 142+0+0 (secure 0 0 0) 0x7fe9600172b0 con 0x7fe97007dec0
2024-03-19T01:31:57.044 INFO:teuthology.orchestra.run.smithi099.stdout:/usr/bin/ceph: stderr
2024-03-19T01:31:56.473+0000 7fe976798700 1 -- 172.21.15.99:0/4049452828 >> [v2:172.21.15.99:6800/1328245934,v1:172.21.15.99:6801/1328245934] conn(0x7fe958038f20 msgr2=0x7fe95803b3e0 secure :-1 s=STATE_CONNECTION_ESTABLISHED l=1).mark_down
2024-03-19T01:31:57.044 INFO:teuthology.orchestra.run.smithi099.stdout:/usr/bin/ceph: stderr
2024-03-19T01:31:56.473+0000 7fe976798700 1 --2- 172.21.15.99:0/4049452828 >> [v2:172.21.15.99:6800/1328245934,v1:172.21.15.99:6801/1328245934] conn(0x7fe958038f20 0x7fe95803b3e0 secure :-1 s=READY pgs=14 cs=0 l=1 rev1=1 crypto rx=0x7fe964006fd0 tx=0x7fe964006e40 comp rx=0 tx=0).stop
2024-03-19T01:31:57.044 INFO:teuthology.orchestra.run.smithi099.stdout:/usr/bin/ceph: stderr
2024-03-19T01:31:56.473+0000 7fe976798700 1 -- 172.21.15.99:0/4049452828 >> [v2:172.21.15.99:3300/0,v1:172.21.15.99:6789/0] conn(0x7fe97007dec0 msgr2=0x7fe97019dfa0 secure :-1 s=STATE_CONNECTION_ESTABLISHED l=1).mark_down
2024-03-19T01:31:57.044 INFO:teuthology.orchestra.run.smithi099.stdout:/usr/bin/ceph: stderr
2024-03-19T01:31:56.473+0000 7fe976798700 1 --2- 172.21.15.99:0/4049452828 >> [v2:172.21.15.99:3300/0,v1:172.21.15.99:6789/0] conn(0x7fe97007dec0 0x7fe97019dfa0 secure :-1 s=READY pgs=50 cs=0 l=1 rev1=1 crypto rx=0x7fe960000c00 tx=0x7fe960011c10 comp rx=0 tx=0).stop
2024-03-19T01:31:57.045 INFO:teuthology.orchestra.run.smithi099.stdout:/usr/bin/ceph: stderr
2024-03-19T01:31:56.473+0000 7fe976798700 1 -- 172.21.15.99:0/4049452828 shutdown_connections
2024-03-19T01:31:57.045 INFO:teuthology.orchestra.run.smithi099.stdout:/usr/bin/ceph: stderr
2024-03-19T01:31:56.473+0000 7fe976798700 1 --2- 172.21.15.99:0/4049452828 >> [v2:172.21.15.99:6800/1328245934,v1:172.21.15.99:6801/1328245934] conn(0x7fe958038f20 0x7fe95803b3e0 unknown :-1 s=CLOSED pgs=14 cs=0 l=1 rev1=1 crypto rx=0 tx=0 comp rx=0 tx=0).stop
2024-03-19T01:31:57.045 INFO:teuthology.orchestra.run.smithi099.stdout:/usr/bin/ceph: stderr
2024-03-19T01:31:56.473+0000 7fe976798700 1 --2- 172.21.15.99:0/4049452828 >> [v2:172.21.15.99:3300/0,v1:172.21.15.99:6789/0] conn(0x7fe97007dec0 0x7fe97019dfa0 unknown :-1 s=CLOSED pgs=50 cs=0 l=1 rev1=1 crypto rx=0 tx=0 comp rx=0 tx=0).stop
2024-03-19T01:31:57.045 INFO:teuthology.orchestra.run.smithi099.stdout:/usr/bin/ceph: stderr
2024-03-19T01:31:56.473+0000 7fe976798700 1 -- 172.21.15.99:0/4049452828 >> 172.21.15.99:0/4049452828 conn(0x7fe970103390 msgr2=0x7fe970103ea0 unknown :-1 s=STATE_NONE l=0).mark_down
2024-03-19T01:31:57.045 INFO:teuthology.orchestra.run.smithi099.stdout:/usr/bin/ceph: stderr
2024-03-19T01:31:56.473+0000 7fe976798700 1 -- 172.21.15.99:0/4049452828 shutdown_connections
2024-03-19T01:31:57.045 INFO:teuthology.orchestra.run.smithi099.stdout:/usr/bin/ceph: stderr
2024-03-19T01:31:56.473+0000 7fe976798700 1 -- 172.21.15.99:0/4049452828 wait complete.
2024-03-19T01:31:57.591 INFO:journalctl@ceph.mon.a.smithi099.stdout:Mar 19 01:31:57 smithi099 ceph-mon[62951]: from='client.? 172.21.15.99:0/4049452828' entity='client.admin'
2024-03-19T01:31:58.690 INFO:teuthology.orchestra.run.smithi099.stdout:/usr/bin/ceph: stderr
2024-03-19T01:31:57.909+0000 7f4ea957e700 1 Processor -- start
2024-03-19T01:31:58.691 INFO:teuthology.orchestra.run.smithi099.stdout:/usr/bin/ceph: stderr
2024-03-19T01:31:57.909+0000 7f4ea957e700 1 -- start start
2024-03-19T01:31:58.691 INFO:teuthology.orchestra.run.smithi099.stdout:/usr/bin/ceph: stderr
2024-03-19T01:31:57.909+0000 7f4ea957e700 1 --2- >> [v2:172.21.15.99:3300/0,v1:172.21.15.99:6789/0] conn(0x7f4ea4108840 0x7f4ea410ac30 unknown :-1 s=NONE pgs=0 cs=0 l=0 rev1=0 crypto rx=0 tx=0 comp rx=0 tx=0).connect
2024-03-19T01:31:58.691 INFO:teuthology.orchestra.run.smithi099.stdout:/usr/bin/ceph: stderr
2024-03-19T01:31:57.909+0000 7f4ea957e700 1 -- --> [v2:172.21.15.99:3300/0,v1:172.21.15.99:6789/0] -- mon_getmap magic: 0 -- 0x7f4ea407be90 con 0x7f4ea4108840
2024-03-19T01:31:58.691 INFO:teuthology.orchestra.run.smithi099.stdout:/usr/bin/ceph: stderr
2024-03-19T01:31:57.909+0000 7f4ea2ffd700 1 --2- >> [v2:172.21.15.99:3300/0,v1:172.21.15.99:6789/0] conn(0x7f4ea4108840 0x7f4ea410ac30 unknown :-1 s=BANNER_CONNECTING pgs=0 cs=0 l=0 rev1=0 crypto rx=0 tx=0 comp rx=0 tx=0)._handle_peer_banner_payload supported=3 required=0
2024-03-19T01:31:58.691 INFO:teuthology.orchestra.run.smithi099.stdout:/usr/bin/ceph: stderr
2024-03-19T01:31:57.909+0000 7f4ea2ffd700 1 --2- >> [v2:172.21.15.99:3300/0,v1:172.21.15.99:6789/0] conn(0x7f4ea4108840 0x7f4ea410ac30 unknown :-1 s=HELLO_CONNECTING pgs=0 cs=0 l=0 rev1=1 crypto rx=0 tx=0 comp rx=0 tx=0).handle_hello peer v2:172.21.15.99:3300/0 says I am v2:172.21.15.99:59486/0 (socket says 172.21.15.99:59486)
2024-03-19T01:31:58.691 INFO:teuthology.orchestra.run.smithi099.stdout:/usr/bin/ceph: stderr
2024-03-19T01:31:57.909+0000 7f4ea2ffd700 1 -- 172.21.15.99:0/2692408063 learned_addr learned my addr 172.21.15.99:0/2692408063 (peer_addr_for_me v2:172.21.15.99:0/0)
2024-03-19T01:31:58.691 INFO:teuthology.orchestra.run.smithi099.stdout:/usr/bin/ceph: stderr
2024-03-19T01:31:57.910+0000 7f4ea2ffd700 1 -- 172.21.15.99:0/2692408063 --> [v2:172.21.15.99:3300/0,v1:172.21.15.99:6789/0] -- mon_subscribe({config=0+,monmap=0+}) -- 0x7f4ea410b170 con 0x7f4ea4108840
2024-03-19T01:31:58.691 INFO:teuthology.orchestra.run.smithi099.stdout:/usr/bin/ceph: stderr
2024-03-19T01:31:57.910+0000 7f4ea2ffd700 1 --2- 172.21.15.99:0/2692408063 >> [v2:172.21.15.99:3300/0,v1:172.21.15.99:6789/0] conn(0x7f4ea4108840 0x7f4ea410ac30 secure :-1 s=READY pgs=51 cs=0 l=1 rev1=1 crypto rx=0x7f4e980098a0 tx=0x7f4e98009bb0 comp rx=0 tx=0).ready entity=mon.0 client_cookie=768eba32ce8bad99 server_cookie=0 in_seq=0 out_seq=0
2024-03-19T01:31:58.691 INFO:teuthology.orchestra.run.smithi099.stdout:/usr/bin/ceph: stderr
2024-03-19T01:31:57.910+0000 7f4ea1ffb700 1 -- 172.21.15.99:0/2692408063 <== mon.0 v2:172.21.15.99:3300/0 1 ==== mon_map magic: 0 ==== 205+0+0 (secure 0 0 0) 0x7f4e98004160 con 0x7f4ea4108840
2024-03-19T01:31:58.691 INFO:teuthology.orchestra.run.smithi099.stdout:/usr/bin/ceph: stderr
2024-03-19T01:31:57.910+0000 7f4ea1ffb700 1 -- 172.21.15.99:0/2692408063 <== mon.0 v2:172.21.15.99:3300/0 2 ==== config(27 keys) ==== 1140+0+0 (secure 0 0 0) 0x7f4e98004300 con 0x7f4ea4108840
2024-03-19T01:31:58.691 INFO:teuthology.orchestra.run.smithi099.stdout:/usr/bin/ceph: stderr
2024-03-19T01:31:57.910+0000 7f4ea1ffb700 1 -- 172.21.15.99:0/2692408063 <== mon.0 v2:172.21.15.99:3300/0 3 ==== mon_map magic: 0 ==== 205+0+0 (secure 0 0 0) 0x7f4e98011b20 con 0x7f4ea4108840
2024-03-19T01:31:58.691 INFO:teuthology.orchestra.run.smithi099.stdout:/usr/bin/ceph: stderr
