2024-03-19T01:31:21.358 INFO:teuthology.orchestra.run.smithi099.stdout:mgr not available, waiting (2/15)...
2024-03-19T01:31:21.591 INFO:journalctl@ceph.mgr.x.smithi099.stdout:Mar 19 01:31:21 smithi099 ceph-438fb69c-e590-11ee-95c9-87774f69a715-mgr-x[63186]:
2024-03-19T01:31:21.419+0000 7ff1a46e1200 -1 mgr[py] Module crash has missing NOTIFY_TYPES member
2024-03-19T01:31:21.958 INFO:journalctl@ceph.mgr.x.smithi099.stdout:Mar 19 01:31:21 smithi099 ceph-438fb69c-e590-11ee-95c9-87774f69a715-mgr-x[63186]:
2024-03-19T01:31:21.701+0000 7ff1a46e1200 -1 mgr[py] Module orchestrator has missing NOTIFY_TYPES member
2024-03-19T01:31:21.958 INFO:journalctl@ceph.mgr.x.smithi099.stdout:Mar 19 01:31:21 smithi099 ceph-438fb69c-e590-11ee-95c9-87774f69a715-mgr-x[63186]:
2024-03-19T01:31:21.957+0000 7ff1a46e1200 -1 mgr[py] Module osd_support has missing NOTIFY_TYPES member
2024-03-19T01:31:22.341 INFO:journalctl@ceph.mgr.x.smithi099.stdout:Mar 19 01:31:22 smithi099 ceph-438fb69c-e590-11ee-95c9-87774f69a715-mgr-x[63186]:
2024-03-19T01:31:22.193+0000 7ff1a46e1200 -1 mgr[py] Module volumes has missing NOTIFY_TYPES member
2024-03-19T01:31:23.342 INFO:journalctl@ceph.mgr.x.smithi099.stdout:Mar 19 01:31:22 smithi099 ceph-438fb69c-e590-11ee-95c9-87774f69a715-mgr-x[63186]:
2024-03-19T01:31:22.998+0000 7ff1a46e1200 -1 mgr[py] Module telemetry has missing NOTIFY_TYPES member
2024-03-19T01:31:23.841 INFO:journalctl@ceph.mgr.x.smithi099.stdout:Mar 19 01:31:23 smithi099 ceph-438fb69c-e590-11ee-95c9-87774f69a715-mgr-x[63186]:
2024-03-19T01:31:23.570+0000 7ff1a46e1200 -1 mgr[py] Module prometheus has missing NOTIFY_TYPES member
2024-03-19T01:31:23.841 INFO:journalctl@ceph.mgr.x.smithi099.stdout:Mar 19 01:31:23 smithi099 ceph-438fb69c-e590-11ee-95c9-87774f69a715-mgr-x[63186]:
2024-03-19T01:31:23.667+0000 7ff1a46e1200 -1 mgr[py] Module status has missing NOTIFY_TYPES member
2024-03-19T01:31:24.341 INFO:journalctl@ceph.mgr.x.smithi099.stdout:Mar 19 01:31:23 smithi099 ceph-438fb69c-e590-11ee-95c9-87774f69a715-mgr-x[63186]:
2024-03-19T01:31:23.879+0000 7ff1a46e1200 -1 mgr[py] Module nfs has missing NOTIFY_TYPES member
2024-03-19T01:31:24.342 INFO:journalctl@ceph.mon.a.smithi099.stdout:Mar 19 01:31:23 smithi099 ceph-mon[62951]: Activating manager daemon x
2024-03-19T01:31:24.342 INFO:journalctl@ceph.mon.a.smithi099.stdout:Mar 19 01:31:23 smithi099 ceph-mon[62951]: mgrmap e2: x(active, starting, since 0.00310072s)
2024-03-19T01:31:24.342 INFO:journalctl@ceph.mon.a.smithi099.stdout:Mar 19 01:31:23 smithi099 ceph-mon[62951]: from='mgr.14100 172.21.15.99:0/2086207454' entity='mgr.x' cmd=[{"prefix": "mds metadata"}]: dispatch
2024-03-19T01:31:24.342 INFO:journalctl@ceph.mon.a.smithi099.stdout:Mar 19 01:31:23 smithi099 ceph-mon[62951]: from='mgr.14100 172.21.15.99:0/2086207454' entity='mgr.x' cmd=[{"prefix": "osd metadata"}]: dispatch
2024-03-19T01:31:24.342 INFO:journalctl@ceph.mon.a.smithi099.stdout:Mar 19 01:31:23 smithi099 ceph-mon[62951]: from='mgr.14100 172.21.15.99:0/2086207454' entity='mgr.x' cmd=[{"prefix": "mon metadata"}]: dispatch
2024-03-19T01:31:24.342 INFO:journalctl@ceph.mon.a.smithi099.stdout:Mar 19 01:31:23 smithi099 ceph-mon[62951]: from='mgr.14100 172.21.15.99:0/2086207454' entity='mgr.x' cmd=[{"prefix": "mon metadata", "id": "a"}]: dispatch
2024-03-19T01:31:24.342 INFO:journalctl@ceph.mon.a.smithi099.stdout:Mar 19 01:31:23 smithi099 ceph-mon[62951]: from='mgr.14100 172.21.15.99:0/2086207454' entity='mgr.x' cmd=[{"prefix": "mgr metadata", "who": "x", "id": "x"}]: dispatch
2024-03-19T01:31:24.342 INFO:journalctl@ceph.mon.a.smithi099.stdout:Mar 19 01:31:23 smithi099 ceph-mon[62951]: Manager daemon x is now available
2024-03-19T01:31:24.342 INFO:journalctl@ceph.mon.a.smithi099.stdout:Mar 19 01:31:23 smithi099 ceph-mon[62951]: from='mgr.14100 172.21.15.99:0/2086207454' entity='mgr.x' cmd=[{"prefix":"config rm","who":"mgr","name":"mgr/rbd_support/x/mirror_snapshot_schedule"}]: dispatch
2024-03-19T01:31:24.342 INFO:journalctl@ceph.mon.a.smithi099.stdout:Mar 19 01:31:23 smithi099 ceph-mon[62951]: from='mgr.14100 172.21.15.99:0/2086207454' entity='mgr.x' cmd=[{"prefix":"config rm","who":"mgr","name":"mgr/rbd_support/x/trash_purge_schedule"}]: dispatch
2024-03-19T01:31:24.342 INFO:journalctl@ceph.mon.a.smithi099.stdout:Mar 19 01:31:23 smithi099 ceph-mon[62951]: from='mgr.14100 172.21.15.99:0/2086207454' entity='mgr.x'
2024-03-19T01:31:24.342 INFO:journalctl@ceph.mon.a.smithi099.stdout:Mar 19 01:31:23 smithi099 ceph-mon[62951]: from='mgr.14100 172.21.15.99:0/2086207454' entity='mgr.x'
2024-03-19T01:31:24.343 INFO:journalctl@ceph.mon.a.smithi099.stdout:Mar 19 01:31:23 smithi099 ceph-mon[62951]: from='mgr.14100 172.21.15.99:0/2086207454' entity='mgr.x'
2024-03-19T01:31:26.341 INFO:journalctl@ceph.mon.a.smithi099.stdout:Mar 19 01:31:25 smithi099 ceph-mon[62951]: mgrmap e3: x(active, since 1.00699s)
2024-03-19T01:31:28.091 INFO:journalctl@ceph.mon.a.smithi099.stdout:Mar 19 01:31:27 smithi099 ceph-mon[62951]: mgrmap e4: x(active, since 3s)
2024-03-19T01:31:28.091 INFO:journalctl@ceph.mon.a.smithi099.stdout:Mar 19 01:31:27 smithi099 ceph-mon[62951]: from='client.? 172.21.15.99:0/616162539' entity='client.admin' cmd=[{"prefix": "status", "format": "json-pretty"}]: dispatch
2024-03-19T01:31:31.421 INFO:teuthology.orchestra.run.smithi099.stdout:/usr/bin/ceph: stdout
2024-03-19T01:31:31.421 INFO:teuthology.orchestra.run.smithi099.stdout:/usr/bin/ceph: stdout {
2024-03-19T01:31:31.421 INFO:teuthology.orchestra.run.smithi099.stdout:/usr/bin/ceph: stdout "fsid": "438fb69c-e590-11ee-95c9-87774f69a715",
2024-03-19T01:31:31.421 INFO:teuthology.orchestra.run.smithi099.stdout:/usr/bin/ceph: stdout "health": {
2024-03-19T01:31:31.421 INFO:teuthology.orchestra.run.smithi099.stdout:/usr/bin/ceph: stdout "status": "HEALTH_OK",
2024-03-19T01:31:31.421 INFO:teuthology.orchestra.run.smithi099.stdout:/usr/bin/ceph: stdout "checks": {},
2024-03-19T01:31:31.421 INFO:teuthology.orchestra.run.smithi099.stdout:/usr/bin/ceph: stdout "mutes": []
2024-03-19T01:31:31.421 INFO:teuthology.orchestra.run.smithi099.stdout:/usr/bin/ceph: stdout },
2024-03-19T01:31:31.421 INFO:teuthology.orchestra.run.smithi099.stdout:/usr/bin/ceph: stdout "election_epoch": 5,
2024-03-19T01:31:31.422 INFO:teuthology.orchestra.run.smithi099.stdout:/usr/bin/ceph: stdout "quorum": [
2024-03-19T01:31:31.422 INFO:teuthology.orchestra.run.smithi099.stdout:/usr/bin/ceph: stdout 0
2024-03-19T01:31:31.422 INFO:teuthology.orchestra.run.smithi099.stdout:/usr/bin/ceph: stdout ],
2024-03-19T01:31:31.422 INFO:teuthology.orchestra.run.smithi099.stdout:/usr/bin/ceph: stdout "quorum_names": [
2024-03-19T01:31:31.422 INFO:teuthology.orchestra.run.smithi099.stdout:/usr/bin/ceph: stdout "a"
2024-03-19T01:31:31.422 INFO:teuthology.orchestra.run.smithi099.stdout:/usr/bin/ceph: stdout ],
2024-03-19T01:31:31.422 INFO:teuthology.orchestra.run.smithi099.stdout:/usr/bin/ceph: stdout "quorum_age": 12,
2024-03-19T01:31:31.422 INFO:teuthology.orchestra.run.smithi099.stdout:/usr/bin/ceph: stdout "monmap": {
2024-03-19T01:31:31.422 INFO:teuthology.orchestra.run.smithi099.stdout:/usr/bin/ceph: stdout "epoch": 1,
2024-03-19T01:31:31.422 INFO:teuthology.orchestra.run.smithi099.stdout:/usr/bin/ceph: stdout "min_mon_release_name": "squid",
2024-03-19T01:31:31.422 INFO:teuthology.orchestra.run.smithi099.stdout:/usr/bin/ceph: stdout "num_mons": 1
2024-03-19T01:31:31.422 INFO:teuthology.orchestra.run.smithi099.stdout:/usr/bin/ceph: stdout },
2024-03-19T01:31:31.422 INFO:teuthology.orchestra.run.smithi099.stdout:/usr/bin/ceph: stdout "osdmap": {
2024-03-19T01:31:31.423 INFO:teuthology.orchestra.run.smithi099.stdout:/usr/bin/ceph: stdout "epoch": 1,
2024-03-19T01:31:31.423 INFO:teuthology.orchestra.run.smithi099.stdout:/usr/bin/ceph: stdout "num_osds": 0,
2024-03-19T01:31:31.423 INFO:teuthology.orchestra.run.smithi099.stdout:/usr/bin/ceph: stdout "num_up_osds": 0,
2024-03-19T01:31:31.423 INFO:teuthology.orchestra.run.smithi099.stdout:/usr/bin/ceph: stdout "osd_up_since": 0,
2024-03-19T01:31:31.423 INFO:teuthology.orchestra.run.smithi099.stdout:/usr/bin/ceph: stdout "num_in_osds": 0,
2024-03-19T01:31:31.423 INFO:teuthology.orchestra.run.smithi099.stdout:/usr/bin/ceph: stdout "osd_in_since": 0,
2024-03-19T01:31:31.423 INFO:teuthology.orchestra.run.smithi099.stdout:/usr/bin/ceph: stdout "num_remapped_pgs": 0
2024-03-19T01:31:31.423 INFO:teuthology.orchestra.run.smithi099.stdout:/usr/bin/ceph: stdout },
2024-03-19T01:31:31.423 INFO:teuthology.orchestra.run.smithi099.stdout:/usr/bin/ceph: stdout "pgmap": {
2024-03-19T01:31:31.423 INFO:teuthology.orchestra.run.smithi099.stdout:/usr/bin/ceph: stdout "pgs_by_state": [],
2024-03-19T01:31:31.423 INFO:teuthology.orchestra.run.smithi099.stdout:/usr/bin/ceph: stdout "num_pgs": 0,
2024-03-19T01:31:31.423 INFO:teuthology.orchestra.run.smithi099.stdout:/usr/bin/ceph: stdout "num_pools": 0,
2024-03-19T01:31:31.423 INFO:teuthology.orchestra.run.smithi099.stdout:/usr/bin/ceph: stdout "num_objects": 0,
2024-03-19T01:31:31.423 INFO:teuthology.orchestra.run.smithi099.stdout:/usr/bin/ceph: stdout "data_bytes": 0,
2024-03-19T01:31:31.424 INFO:teuthology.orchestra.run.smithi099.stdout:/usr/bin/ceph: stdout "bytes_used": 0,
2024-03-19T01:31:31.424 INFO:teuthology.orchestra.run.smithi099.stdout:/usr/bin/ceph: stdout "bytes_avail": 0,
2024-03-19T01:31:31.424 INFO:teuthology.orchestra.run.smithi099.stdout:/usr/bin/ceph: stdout "bytes_total": 0
2024-03-19T01:31:31.424 INFO:teuthology.orchestra.run.smithi099.stdout:/usr/bin/ceph: stdout },
2024-03-19T01:31:31.424 INFO:teuthology.orchestra.run.smithi099.stdout:/usr/bin/ceph: stdout "fsmap": {
2024-03-19T01:31:31.424 INFO:teuthology.orchestra.run.smithi099.stdout:/usr/bin/ceph: stdout "epoch": 1,
2024-03-19T01:31:31.424 INFO:teuthology.orchestra.run.smithi099.stdout:/usr/bin/ceph: stdout "by_rank": [],
2024-03-19T01:31:31.424 INFO:teuthology.orchestra.run.smithi099.stdout:/usr/bin/ceph: stdout "up:standby": 0
2024-03-19T01:31:31.424 INFO:teuthology.orchestra.run.smithi099.stdout:/usr/bin/ceph: stdout },
2024-03-19T01:31:31.424 INFO:teuthology.orchestra.run.smithi099.stdout:/usr/bin/ceph: stdout "mgrmap": {
2024-03-19T01:31:31.424 INFO:teuthology.orchestra.run.smithi099.stdout:/usr/bin/ceph: stdout "available": true,
2024-03-19T01:31:31.424 INFO:teuthology.orchestra.run.smithi099.stdout:/usr/bin/ceph: stdout "num_standbys": 0,
2024-03-19T01:31:31.424 INFO:teuthology.orchestra.run.smithi099.stdout:/usr/bin/ceph: stdout "modules": [
2024-03-19T01:31:31.424 INFO:teuthology.orchestra.run.smithi099.stdout:/usr/bin/ceph: stdout "iostat",
2024-03-19T01:31:31.425 INFO:teuthology.orchestra.run.smithi099.stdout:/usr/bin/ceph: stdout "nfs",
2024-03-19T01:31:31.425 INFO:teuthology.orchestra.run.smithi099.stdout:/usr/bin/ceph: stdout "restful"
2024-03-19T01:31:31.425 INFO:teuthology.orchestra.run.smithi099.stdout:/usr/bin/ceph: stdout ],
2024-03-19T01:31:31.425 INFO:teuthology.orchestra.run.smithi099.stdout:/usr/bin/ceph: stdout "services": {}
2024-03-19T01:31:31.425 INFO:teuthology.orchestra.run.smithi099.stdout:/usr/bin/ceph: stdout },
2024-03-19T01:31:31.425 INFO:teuthology.orchestra.run.smithi099.stdout:/usr/bin/ceph: stdout "servicemap": {
2024-03-19T01:31:31.425 INFO:teuthology.orchestra.run.smithi099.stdout:/usr/bin/ceph: stdout "epoch": 1,
2024-03-19T01:31:31.425 INFO:teuthology.orchestra.run.smithi099.stdout:/usr/bin/ceph: stdout "modified": "2024-03-19T01:31:10.165529+0000",
2024-03-19T01:31:31.425 INFO:teuthology.orchestra.run.smithi099.stdout:/usr/bin/ceph: stdout "services": {}
2024-03-19T01:31:31.425 INFO:teuthology.orchestra.run.smithi099.stdout:/usr/bin/ceph: stdout },
2024-03-19T01:31:31.425 INFO:teuthology.orchestra.run.smithi099.stdout:/usr/bin/ceph: stdout "progress_events": {}
2024-03-19T01:31:31.425 INFO:teuthology.orchestra.run.smithi099.stdout:/usr/bin/ceph: stdout }
2024-03-19T01:31:31.425 INFO:teuthology.orchestra.run.smithi099.stdout:/usr/bin/ceph: stderr
2024-03-19T01:31:26.965+0000 7f27ffc79700 1 Processor -- start
2024-03-19T01:31:31.425 INFO:teuthology.orchestra.run.smithi099.stdout:/usr/bin/ceph: stderr
2024-03-19T01:31:26.966+0000 7f27ffc79700 1 -- start start
2024-03-19T01:31:31.426 INFO:teuthology.orchestra.run.smithi099.stdout:/usr/bin/ceph: stderr
2024-03-19T01:31:26.966+0000 7f27ffc79700 1 --2- >> [v2:172.21.15.99:3300/0,v1:172.21.15.99:6789/0] conn(0x7f27f807dec0 0x7f27f807c320 unknown :-1 s=NONE pgs=0 cs=0 l=0 rev1=0 crypto rx=0 tx=0 comp rx=0 tx=0).connect
2024-03-19T01:31:31.426 INFO:teuthology.orchestra.run.smithi099.stdout:/usr/bin/ceph: stderr
2024-03-19T01:31:26.966+0000 7f27ffc79700 1 -- --> [v2:172.21.15.99:3300/0,v1:172.21.15.99:6789/0] -- mon_getmap magic: 0 -- 0x7f27f807c8f0 con 0x7f27f807dec0
2024-03-19T01:31:31.426 INFO:teuthology.orchestra.run.smithi099.stdout:/usr/bin/ceph: stderr
2024-03-19T01:31:26.966+0000 7f27fda15700 1 --2- >> [v2:172.21.15.99:3300/0,v1:172.21.15.99:6789/0] conn(0x7f27f807dec0 0x7f27f807c320 unknown :-1 s=BANNER_CONNECTING pgs=0 cs=0 l=0 rev1=0 crypto rx=0 tx=0 comp rx=0 tx=0)._handle_peer_banner_payload supported=3 required=0
2024-03-19T01:31:31.426 INFO:teuthology.orchestra.run.smithi099.stdout:/usr/bin/ceph: stderr
2024-03-19T01:31:26.966+0000 7f27fda15700 1 --2- >> [v2:172.21.15.99:3300/0,v1:172.21.15.99:6789/0] conn(0x7f27f807dec0 0x7f27f807c320 unknown :-1 s=HELLO_CONNECTING pgs=0 cs=0 l=0 rev1=1 crypto rx=0 tx=0 comp rx=0 tx=0).handle_hello peer v2:172.21.15.99:3300/0 says I am v2:172.21.15.99:35920/0 (socket says 172.21.15.99:35920)
2024-03-19T01:31:31.426 INFO:teuthology.orchestra.run.smithi099.stdout:/usr/bin/ceph: stderr
2024-03-19T01:31:26.966+0000 7f27fda15700 1 -- 172.21.15.99:0/905859808 learned_addr learned my addr 172.21.15.99:0/905859808 (peer_addr_for_me v2:172.21.15.99:0/0)
2024-03-19T01:31:31.426 INFO:teuthology.orchestra.run.smithi099.stdout:/usr/bin/ceph: stderr
2024-03-19T01:31:26.966+0000 7f27fda15700 1 -- 172.21.15.99:0/905859808 --> [v2:172.21.15.99:3300/0,v1:172.21.15.99:6789/0] -- mon_subscribe({config=0+,monmap=0+}) -- 0x7f27f807ca70 con 0x7f27f807dec0
2024-03-19T01:31:31.426 INFO:teuthology.orchestra.run.smithi099.stdout:/usr/bin/ceph: stderr
2024-03-19T01:31:26.966+0000 7f27fda15700 1 --2- 172.21.15.99:0/905859808 >> [v2:172.21.15.99:3300/0,v1:172.21.15.99:6789/0] conn(0x7f27f807dec0 0x7f27f807c320 secure :-1 s=READY pgs=16 cs=0 l=1 rev1=1 crypto rx=0x7f27f40098a0 tx=0x7f27f4009bb0 comp rx=0 tx=0).ready entity=mon.0 client_cookie=c65300c84d67edbb server_cookie=0 in_seq=0 out_seq=0
2024-03-19T01:31:31.426 INFO:teuthology.orchestra.run.smithi099.stdout:/usr/bin/ceph: stderr
2024-03-19T01:31:26.966+0000 7f27fca13700 1 -- 172.21.15.99:0/905859808 <== mon.0 v2:172.21.15.99:3300/0 1 ==== mon_map magic: 0 ==== 205+0+0 (secure 0 0 0) 0x7f27f4004160 con 0x7f27f807dec0
2024-03-19T01:31:31.426 INFO:teuthology.orchestra.run.smithi099.stdout:/usr/bin/ceph: stderr
2024-03-19T01:31:26.966+0000 7f27fca13700 1 -- 172.21.15.99:0/905859808 <== mon.0 v2:172.21.15.99:3300/0 2 ==== config(27 keys) ==== 1109+0+0 (secure 0 0 0) 0x7f27f4004300 con 0x7f27f807dec0
2024-03-19T01:31:31.426 INFO:teuthology.orchestra.run.smithi099.stdout:/usr/bin/ceph: stderr
2024-03-19T01:31:26.966+0000 7f27fca13700 1 -- 172.21.15.99:0/905859808 <== mon.0 v2:172.21.15.99:3300/0 3 ==== mon_map magic: 0 ==== 205+0+0 (secure 0 0 0) 0x7f27f4011b50 con 0x7f27f807dec0
2024-03-19T01:31:31.426 INFO:teuthology.orchestra.run.smithi099.stdout:/usr/bin/ceph: stderr
2024-03-19T01:31:26.967+0000 7f27ffc79700 1 -- 172.21.15.99:0/905859808 >> [v2:172.21.15.99:3300/0,v1:172.21.15.99:6789/0] conn(0x7f27f807dec0 msgr2=0x7f27f807c320 secure :-1 s=STATE_CONNECTION_ESTABLISHED l=1).mark_down
2024-03-19T01:31:31.426 INFO:teuthology.orchestra.run.smithi099.stdout:/usr/bin/ceph: stderr
2024-03-19T01:31:26.967+0000 7f27ffc79700 1 --2- 172.21.15.99:0/905859808 >> [v2:172.21.15.99:3300/0,v1:172.21.15.99:6789/0] conn(0x7f27f807dec0 0x7f27f807c320 secure :-1 s=READY pgs=16 cs=0 l=1 rev1=1 crypto rx=0x7f27f40098a0 tx=0x7f27f4009bb0 comp rx=0 tx=0).stop
2024-03-19T01:31:31.427 INFO:teuthology.orchestra.run.smithi099.stdout:/usr/bin/ceph: stderr
2024-03-19T01:31:26.967+0000 7f27ffc79700 1 -- 172.21.15.99:0/905859808 shutdown_connections
2024-03-19T01:31:31.427 INFO:teuthology.orchestra.run.smithi099.stdout:/usr/bin/ceph: stderr
2024-03-19T01:31:26.967+0000 7f27ffc79700 1 --2- 172.21.15.99:0/905859808 >> [v2:172.21.15.99:3300/0,v1:172.21.15.99:6789/0] conn(0x7f27f807dec0 0x7f27f807c320 unknown :-1 s=CLOSED pgs=16 cs=0 l=1 rev1=1 crypto rx=0 tx=0 comp rx=0 tx=0).stop
2024-03-19T01:31:31.427 INFO:teuthology.orchestra.run.smithi099.stdout:/usr/bin/ceph: stderr
2024-03-19T01:31:26.967+0000 7f27ffc79700 1 -- 172.21.15.99:0/905859808 >> 172.21.15.99:0/905859808 conn(0x7f27f8103390 msgr2=0x7f27f81057b0 unknown :-1 s=STATE_NONE l=0).mark_down
2024-03-19T01:31:31.427 INFO:teuthology.orchestra.run.smithi099.stdout:/usr/bin/ceph: stderr
2024-03-19T01:31:26.967+0000 7f27ffc79700 1 -- 172.21.15.99:0/905859808 shutdown_connections
2024-03-19T01:31:31.427 INFO:teuthology.orchestra.run.smithi099.stdout:/usr/bin/ceph: stderr
2024-03-19T01:31:26.967+0000 7f27ffc79700 1 -- 172.21.15.99:0/905859808 wait complete.
2024-03-19T01:31:31.427 INFO:teuthology.orchestra.run.smithi099.stdout:/usr/bin/ceph: stderr
2024-03-19T01:31:26.968+0000 7f27ffc79700 1 Processor -- start
2024-03-19T01:31:31.427 INFO:teuthology.orchestra.run.smithi099.stdout:/usr/bin/ceph: stderr
2024-03-19T01:31:26.968+0000 7f27ffc79700 1 -- start start
2024-03-19T01:31:31.427 INFO:teuthology.orchestra.run.smithi099.stdout:/usr/bin/ceph: stderr
2024-03-19T01:31:26.968+0000 7f27ffc79700 1 --2- >> [v2:172.21.15.99:3300/0,v1:172.21.15.99:6789/0] conn(0x7f27f807dec0 0x7f27f819dff0 unknown :-1 s=NONE pgs=0 cs=0 l=1 rev1=0 crypto rx=0 tx=0 comp rx=0 tx=0).connect
2024-03-19T01:31:31.427 INFO:teuthology.orchestra.run.smithi099.stdout:/usr/bin/ceph: stderr
2024-03-19T01:31:26.968+0000 7f27ffc79700 1 -- --> [v2:172.21.15.99:3300/0,v1:172.21.15.99:6789/0] -- mon_getmap magic: 0 -- 0x7f27f810e3e0 con 0x7f27f807dec0
2024-03-19T01:31:31.427 INFO:teuthology.orchestra.run.smithi099.stdout:/usr/bin/ceph: stderr
2024-03-19T01:31:26.968+0000 7f27fda15700 1 --2- >> [v2:172.21.15.99:3300/0,v1:172.21.15.99:6789/0] conn(0x7f27f807dec0 0x7f27f819dff0 unknown :-1 s=BANNER_CONNECTING pgs=0 cs=0 l=1 rev1=0 crypto rx=0 tx=0 comp rx=0 tx=0)._handle_peer_banner_payload supported=3 required=0
2024-03-19T01:31:31.427 INFO:teuthology.orchestra.run.smithi099.stdout:/usr/bin/ceph: stderr
2024-03-19T01:31:26.968+0000 7f27fda15700 1 --2- >> [v2:172.21.15.99:3300/0,v1:172.21.15.99:6789/0] conn(0x7f27f807dec0 0x7f27f819dff0 unknown :-1 s=HELLO_CONNECTING pgs=0 cs=0 l=1 rev1=1 crypto rx=0 tx=0 comp rx=0 tx=0).handle_hello peer v2:172.21.15.99:3300/0 says I am v2:172.21.15.99:35928/0 (socket says 172.21.15.99:35928)
2024-03-19T01:31:31.427 INFO:teuthology.orchestra.run.smithi099.stdout:/usr/bin/ceph: stderr
2024-03-19T01:31:26.968+0000 7f27fda15700 1 -- 172.21.15.99:0/616162539 learned_addr learned my addr 172.21.15.99:0/616162539 (peer_addr_for_me v2:172.21.15.99:0/0)
2024-03-19T01:31:31.427 INFO:teuthology.orchestra.run.smithi099.stdout:/usr/bin/ceph: stderr
2024-03-19T01:31:26.968+0000 7f27fda15700 1 -- 172.21.15.99:0/616162539 --> [v2:172.21.15.99:3300/0,v1:172.21.15.99:6789/0] -- mon_subscribe({config=0+,monmap=0+}) -- 0x7f27f819e530 con 0x7f27f807dec0
2024-03-19T01:31:31.428 INFO:teuthology.orchestra.run.smithi099.stdout:/usr/bin/ceph: stderr
2024-03-19T01:31:26.968+0000 7f27fda15700 1 --2- 172.21.15.99:0/616162539 >> [v2:172.21.15.99:3300/0,v1:172.21.15.99:6789/0] conn(0x7f27f807dec0 0x7f27f819dff0 secure :-1 s=READY pgs=17 cs=0 l=1 rev1=1 crypto rx=0x7f27f4009fb0 tx=0x7f27f4011bf0 comp rx=0 tx=0).ready entity=mon.0 client_cookie=0 server_cookie=0 in_seq=0 out_seq=0
2024-03-19T01:31:31.428 INFO:teuthology.orchestra.run.smithi099.stdout:/usr/bin/ceph: stderr
2024-03-19T01:31:26.968+0000 7f27eeffd700 1 -- 172.21.15.99:0/616162539 <== mon.0 v2:172.21.15.99:3300/0 1 ==== mon_map magic: 0 ==== 205+0+0 (secure 0 0 0) 0x7f27f40038b0 con 0x7f27f807dec0
2024-03-19T01:31:31.428 INFO:teuthology.orchestra.run.smithi099.stdout:/usr/bin/ceph: stderr
2024-03-19T01:31:26.969+0000 7f27eeffd700 1 -- 172.21.15.99:0/616162539 <== mon.0 v2:172.21.15.99:3300/0 2 ==== config(27 keys) ==== 1109+0+0 (secure 0 0 0) 0x7f27f4011e50 con 0x7f27f807dec0
2024-03-19T01:31:31.428 INFO:teuthology.orchestra.run.smithi099.stdout:/usr/bin/ceph: stderr
2024-03-19T01:31:26.969+0000 7f27eeffd700 1 -- 172.21.15.99:0/616162539 <== mon.0 v2:172.21.15.99:3300/0 3 ==== mon_map magic: 0 ==== 205+0+0 (secure 0 0 0) 0x7f27f4019550 con 0x7f27f807dec0
2024-03-19T01:31:31.428 INFO:teuthology.orchestra.run.smithi099.stdout:/usr/bin/ceph: stderr
2024-03-19T01:31:26.969+0000 7f27ffc79700 1 -- 172.21.15.99:0/616162539 --> [v2:172.21.15.99:3300/0,v1:172.21.15.99:6789/0] -- mon_subscribe({mgrmap=0+}) -- 0x7f27f819e7c0 con 0x7f27f807dec0
2024-03-19T01:31:31.428 INFO:teuthology.orchestra.run.smithi099.stdout:/usr/bin/ceph: stderr
2024-03-19T01:31:26.969+0000 7f27ffc79700 1 -- 172.21.15.99:0/616162539 --> [v2:172.21.15.99:3300/0,v1:172.21.15.99:6789/0] -- mon_subscribe({osdmap=0}) -- 0x7f27f81a14b0 con 0x7f27f807dec0
2024-03-19T01:31:31.428 INFO:teuthology.orchestra.run.smithi099.stdout:/usr/bin/ceph: stderr
2024-03-19T01:31:26.969+0000 7f27eeffd700 1 -- 172.21.15.99:0/616162539 <== mon.0 v2:172.21.15.99:3300/0 4 ==== mgrmap(e 4) ==== 46095+0+0 (secure 0 0 0) 0x7f27f4003a50 con 0x7f27f807dec0
2024-03-19T01:31:31.428 INFO:teuthology.orchestra.run.smithi099.stdout:/usr/bin/ceph: stderr
2024-03-19T01:31:26.969+0000 7f27ffc79700 1 -- 172.21.15.99:0/616162539 --> [v2:172.21.15.99:3300/0,v1:172.21.15.99:6789/0] -- mon_command({"prefix": "get_command_descriptions"} v 0) -- 0x7f27f8069420 con 0x7f27f807dec0
2024-03-19T01:31:31.428 INFO:teuthology.orchestra.run.smithi099.stdout:/usr/bin/ceph: stderr
2024-03-19T01:31:26.970+0000 7f27eeffd700 1 --2- 172.21.15.99:0/616162539 >> [v2:172.21.15.99:6800/4223048293,v1:172.21.15.99:6801/4223048293] conn(0x7f27e4038ed0 0x7f27e403b390 unknown :-1 s=NONE pgs=0 cs=0 l=1 rev1=0 crypto rx=0 tx=0 comp rx=0 tx=0).connect
2024-03-19T01:31:31.428 INFO:teuthology.orchestra.run.smithi099.stdout:/usr/bin/ceph: stderr
2024-03-19T01:31:26.970+0000 7f27eeffd700 1 -- 172.21.15.99:0/616162539 <== mon.0 v2:172.21.15.99:3300/0 5 ==== osd_map(1..1 src has 1..1) ==== 725+0+0 (secure 0 0 0) 0x7f27f404cfa0 con 0x7f27f807dec0
2024-03-19T01:31:31.428 INFO:teuthology.orchestra.run.smithi099.stdout:/usr/bin/ceph: stderr
2024-03-19T01:31:26.970+0000 7f27fd214700 1 --2- 172.21.15.99:0/616162539 >> [v2:172.21.15.99:6800/4223048293,v1:172.21.15.99:6801/4223048293] conn(0x7f27e4038ed0 0x7f27e403b390 unknown :-1 s=BANNER_CONNECTING pgs=0 cs=0 l=1 rev1=0 crypto rx=0 tx=0 comp rx=0 tx=0)._handle_peer_banner_payload supported=3 required=0
2024-03-19T01:31:31.428 INFO:teuthology.orchestra.run.smithi099.stdout:/usr/bin/ceph: stderr
2024-03-19T01:31:26.970+0000 7f27fd214700 1 --2- 172.21.15.99:0/616162539 >> [v2:172.21.15.99:6800/4223048293,v1:172.21.15.99:6801/4223048293] conn(0x7f27e4038ed0 0x7f27e403b390 secure :-1 s=READY pgs=6 cs=0 l=1 rev1=1 crypto rx=0x7f27e8006fd0 tx=0x7f27e8006e40 comp rx=0 tx=0).ready entity=mgr.14100 client_cookie=0 server_cookie=0 in_seq=0 out_seq=0
2024-03-19T01:31:31.428 INFO:teuthology.orchestra.run.smithi099.stdout:/usr/bin/ceph: stderr
2024-03-19T01:31:26.975+0000 7f27eeffd700 1 -- 172.21.15.99:0/616162539 <== mon.0 v2:172.21.15.99:3300/0 6 ==== mon_command_ack([{"prefix": "get_command_descriptions"}]=0 v0) ==== 72+0+186149 (secure 0 0 0) 0x7f27f4023390 con 0x7f27f807dec0
2024-03-19T01:31:31.428 INFO:teuthology.orchestra.run.smithi099.stdout:/usr/bin/ceph: stderr
2024-03-19T01:31:27.253+0000 7f27ffc79700 1 -- 172.21.15.99:0/616162539 --> [v2:172.21.15.99:3300/0,v1:172.21.15.99:6789/0] -- mon_command({"prefix": "status", "format": "json-pretty"} v 0) -- 0x7f27f81a1680 con 0x7f27f807dec0
2024-03-19T01:31:31.429 INFO:teuthology.orchestra.run.smithi099.stdout:/usr/bin/ceph: stderr
2024-03-19T01:31:27.254+0000 7f27eeffd700 1 -- 172.21.15.99:0/616162539 <== mon.0 v2:172.21.15.99:3300/0 7 ==== mon_command_ack([{"prefix": "status", "format": "json-pretty"}]=0 v0) ==== 79+0+1239 (secure 0 0 0) 0x7f27f81a1680 con 0x7f27f807dec0
2024-03-19T01:31:31.429 INFO:teuthology.orchestra.run.smithi099.stdout:/usr/bin/ceph: stderr
2024-03-19T01:31:27.256+0000 7f27ffc79700 1 -- 172.21.15.99:0/616162539 >> [v2:172.21.15.99:6800/4223048293,v1:172.21.15.99:6801/4223048293] conn(0x7f27e4038ed0 msgr2=0x7f27e403b390 secure :-1 s=STATE_CONNECTION_ESTABLISHED l=1).mark_down
2024-03-19T01:31:31.429 INFO:teuthology.orchestra.run.smithi099.stdout:/usr/bin/ceph: stderr
2024-03-19T01:31:27.256+0000 7f27ffc79700 1 --2- 172.21.15.99:0/616162539 >> [v2:172.21.15.99:6800/4223048293,v1:172.21.15.99:6801/4223048293] conn(0x7f27e4038ed0 0x7f27e403b390 secure :-1 s=READY pgs=6 cs=0 l=1 rev1=1 crypto rx=0x7f27e8006fd0 tx=0x7f27e8006e40 comp rx=0 tx=0).stop
2024-03-19T01:31:31.429 INFO:teuthology.orchestra.run.smithi099.stdout:/usr/bin/ceph: stderr
2024-03-19T01:31:27.256+0000 7f27ffc79700 1 -- 172.21.15.99:0/616162539 >> [v2:172.21.15.99:3300/0,v1:172.21.15.99:6789/0] conn(0x7f27f807dec0 msgr2=0x7f27f819dff0 secure :-1 s=STATE_CONNECTION_ESTABLISHED l=1).mark_down
2024-03-19T01:31:31.429 INFO:teuthology.orchestra.run.smithi099.stdout:/usr/bin/ceph: stderr
2024-03-19T01:31:27.256+0000 7f27ffc79700 1 --2- 172.21.15.99:0/616162539 >> [v2:172.21.15.99:3300/0,v1:172.21.15.99:6789/0] conn(0x7f27f807dec0 0x7f27f819dff0 secure :-1 s=READY pgs=17 cs=0 l=1 rev1=1 crypto rx=0x7f27f4009fb0 tx=0x7f27f4011bf0 comp rx=0 tx=0).stop
2024-03-19T01:31:31.429 INFO:teuthology.orchestra.run.smithi099.stdout:/usr/bin/ceph: stderr
2024-03-19T01:31:27.256+0000 7f27ffc79700 1 -- 172.21.15.99:0/616162539 shutdown_connections
2024-03-19T01:31:31.429 INFO:teuthology.orchestra.run.smithi099.stdout:/usr/bin/ceph: stderr
2024-03-19T01:31:27.256+0000 7f27ffc79700 1 --2- 172.21.15.99:0/616162539 >> [v2:172.21.15.99:6800/4223048293,v1:172.21.15.99:6801/4223048293] conn(0x7f27e4038ed0 0x7f27e403b390 unknown :-1 s=CLOSED pgs=6 cs=0 l=1 rev1=1 crypto rx=0 tx=0 comp rx=0 tx=0).stop
2024-03-19T01:31:31.429 INFO:teuthology.orchestra.run.smithi099.stdout:/usr/bin/ceph: stderr
2024-03-19T01:31:27.256+0000 7f27ffc79700 1 --2- 172.21.15.99:0/616162539 >> [v2:172.21.15.99:3300/0,v1:172.21.15.99:6789/0] conn(0x7f27f807dec0 0x7f27f819dff0 unknown :-1 s=CLOSED pgs=17 cs=0 l=1 rev1=1 crypto rx=0 tx=0 comp rx=0 tx=0).stop
2024-03-19T01:31:31.429 INFO:teuthology.orchestra.run.smithi099.stdout:/usr/bin/ceph: stderr
2024-03-19T01:31:27.256+0000 7f27ffc79700 1 -- 172.21.15.99:0/616162539 >> 172.21.15.99:0/616162539 conn(0x7f27f8103390 msgr2=0x7f27f8103f10 unknown :-1 s=STATE_NONE l=0).mark_down
2024-03-19T01:31:31.429 INFO:teuthology.orchestra.run.smithi099.stdout:/usr/bin/ceph: stderr
2024-03-19T01:31:27.256+0000 7f27ffc79700 1 -- 172.21.15.99:0/616162539 shutdown_connections
2024-03-19T01:31:31.429 INFO:teuthology.orchestra.run.smithi099.stdout:/usr/bin/ceph: stderr
2024-03-19T01:31:27.256+0000 7f27ffc79700 1 -- 172.21.15.99:0/616162539 wait complete.
2024-03-19T01:31:31.429 INFO:teuthology.orchestra.run.smithi099.stdout:mgr is available
2024-03-19T01:31:32.341 INFO:journalctl@ceph.mon.a.smithi099.stdout:Mar 19 01:31:32 smithi099 ceph-mon[62951]: from='client.? 172.21.15.99:0/496673876' entity='client.admin' cmd=[{"prefix": "config assimilate-conf"}]: dispatch
2024-03-19T01:31:32.541 INFO:teuthology.orchestra.run.smithi099.stdout:/usr/bin/ceph: stdout
2024-03-19T01:31:32.541 INFO:teuthology.orchestra.run.smithi099.stdout:/usr/bin/ceph: stdout [global]
2024-03-19T01:31:32.541 INFO:teuthology.orchestra.run.smithi099.stdout:/usr/bin/ceph: stdout fsid = 438fb69c-e590-11ee-95c9-87774f69a715
2024-03-19T01:31:32.541 INFO:teuthology.orchestra.run.smithi099.stdout:/usr/bin/ceph: stdout mon_osd_allow_pg_remap = true
2024-03-19T01:31:32.541 INFO:teuthology.orchestra.run.smithi099.stdout:/usr/bin/ceph: stdout mon_osd_allow_primary_affinity = true
2024-03-19T01:31:32.541 INFO:teuthology.orchestra.run.smithi099.stdout:/usr/bin/ceph: stdout mon_warn_on_no_sortbitwise = false
2024-03-19T01:31:32.542 INFO:teuthology.orchestra.run.smithi099.stdout:/usr/bin/ceph: stdout osd_crush_chooseleaf_type = 0
2024-03-19T01:31:32.542 INFO:teuthology.orchestra.run.smithi099.stdout:/usr/bin/ceph: stdout
2024-03-19T01:31:32.542 INFO:teuthology.orchestra.run.smithi099.stdout:/usr/bin/ceph: stdout [mgr]
2024-03-19T01:31:32.542 INFO:teuthology.orchestra.run.smithi099.stdout:/usr/bin/ceph: stdout mgr/telemetry/nag = false
2024-03-19T01:31:32.542 INFO:teuthology.orchestra.run.smithi099.stdout:/usr/bin/ceph: stdout
2024-03-19T01:31:32.542 INFO:teuthology.orchestra.run.smithi099.stdout:/usr/bin/ceph: stdout [osd]
2024-03-19T01:31:32.542 INFO:teuthology.orchestra.run.smithi099.stdout:/usr/bin/ceph: stdout bdev_async_discard = True
2024-03-19T01:31:32.542 INFO:teuthology.orchestra.run.smithi099.stdout:/usr/bin/ceph: stdout mon_osd_backfillfull_ratio = 0.85
2024-03-19T01:31:32.542 INFO:teuthology.orchestra.run.smithi099.stdout:/usr/bin/ceph: stdout mon_osd_full_ratio = 0.9
2024-03-19T01:31:32.542 INFO:teuthology.orchestra.run.smithi099.stdout:/usr/bin/ceph: stdout mon_osd_nearfull_ratio = 0.8
2024-03-19T01:31:32.542 INFO:teuthology.orchestra.run.smithi099.stdout:/usr/bin/ceph: stdout osd_map_max_advance = 10
2024-03-19T01:31:32.542 INFO:teuthology.orchestra.run.smithi099.stdout:/usr/bin/ceph: stdout osd_sloppy_crc = true
2024-03-19T01:31:32.542 INFO:teuthology.orchestra.run.smithi099.stdout:/usr/bin/ceph: stderr
2024-03-19T01:31:31.814+0000 7fe39d631700 1 Processor -- start
2024-03-19T01:31:32.543 INFO:teuthology.orchestra.run.smithi099.stdout:/usr/bin/ceph: stderr
2024-03-19T01:31:31.814+0000 7fe39d631700 1 -- start start
2024-03-19T01:31:32.543 INFO:teuthology.orchestra.run.smithi099.stdout:/usr/bin/ceph: stderr
2024-03-19T01:31:31.814+0000 7fe39d631700 1 --2- >> [v2:172.21.15.99:3300/0,v1:172.21.15.99:6789/0] conn(0x7fe398108830 0x7fe39810ac20 unknown :-1 s=NONE pgs=0 cs=0 l=0 rev1=0 crypto rx=0 tx=0 comp rx=0 tx=0).connect
2024-03-19T01:31:32.543 INFO:teuthology.orchestra.run.smithi099.stdout:/usr/bin/ceph: stderr
2024-03-19T01:31:31.814+0000 7fe39d631700 1 -- --> [v2:172.21.15.99:3300/0,v1:172.21.15.99:6789/0] -- mon_getmap magic: 0 -- 0x7fe39807bed0 con 0x7fe398108830
2024-03-19T01:31:32.543 INFO:teuthology.orchestra.run.smithi099.stdout:/usr/bin/ceph: stderr
2024-03-19T01:31:31.815+0000 7fe396ffd700 1 --2- >> [v2:172.21.15.99:3300/0,v1:172.21.15.99:6789/0] conn(0x7fe398108830 0x7fe39810ac20 unknown :-1 s=BANNER_CONNECTING pgs=0 cs=0 l=0 rev1=0 crypto rx=0 tx=0 comp rx=0 tx=0)._handle_peer_banner_payload supported=3 required=0
2024-03-19T01:31:32.543 INFO:teuthology.orchestra.run.smithi099.stdout:/usr/bin/ceph: stderr
2024-03-19T01:31:31.815+0000 7fe396ffd700 1 --2- >> [v2:172.21.15.99:3300/0,v1:172.21.15.99:6789/0] conn(0x7fe398108830 0x7fe39810ac20 unknown :-1 s=HELLO_CONNECTING pgs=0 cs=0 l=0 rev1=1 crypto rx=0 tx=0 comp rx=0 tx=0).handle_hello peer v2:172.21.15.99:3300/0 says I am v2:172.21.15.99:35942/0 (socket says 172.21.15.99:35942)
2024-03-19T01:31:32.543 INFO:teuthology.orchestra.run.smithi099.stdout:/usr/bin/ceph: stderr
2024-03-19T01:31:31.815+0000 7fe396ffd700 1 -- 172.21.15.99:0/2633250627 learned_addr learned my addr 172.21.15.99:0/2633250627 (peer_addr_for_me v2:172.21.15.99:0/0)
2024-03-19T01:31:32.543 INFO:teuthology.orchestra.run.smithi099.stdout:/usr/bin/ceph: stderr
2024-03-19T01:31:31.815+0000 7fe396ffd700 1 -- 172.21.15.99:0/2633250627 --> [v2:172.21.15.99:3300/0,v1:172.21.15.99:6789/0] -- mon_subscribe({config=0+,monmap=0+}) -- 0x7fe39810b160 con 0x7fe398108830
2024-03-19T01:31:32.543 INFO:teuthology.orchestra.run.smithi099.stdout:/usr/bin/ceph: stderr
2024-03-19T01:31:31.815+0000 7fe396ffd700 1 --2- 172.21.15.99:0/2633250627 >> [v2:172.21.15.99:3300/0,v1:172.21.15.99:6789/0] conn(0x7fe398108830 0x7fe39810ac20 secure :-1 s=READY pgs=18 cs=0 l=1 rev1=1 crypto rx=0x7fe3880098a0 tx=0x7fe388009bb0 comp rx=0 tx=0).ready entity=mon.0 client_cookie=8c9613c8ef83eeda server_cookie=0 in_seq=0 out_seq=0
2024-03-19T01:31:32.543 INFO:teuthology.orchestra.run.smithi099.stdout:/usr/bin/ceph: stderr
2024-03-19T01:31:31.815+0000 7fe3967fc700 1 -- 172.21.15.99:0/2633250627 <== mon.0 v2:172.21.15.99:3300/0 1 ==== mon_map magic: 0 ==== 205+0+0 (secure 0 0 0) 0x7fe388004160 con 0x7fe398108830
2024-03-19T01:31:32.543 INFO:teuthology.orchestra.run.smithi099.stdout:/usr/bin/ceph: stderr
2024-03-19T01:31:31.815+0000 7fe3967fc700 1 -- 172.21.15.99:0/2633250627 <== mon.0 v2:172.21.15.99:3300/0 2 ==== config(27 keys) ==== 1109+0+0 (secure 0 0 0) 0x7fe388004300 con 0x7fe398108830
2024-03-19T01:31:32.543 INFO:teuthology.orchestra.run.smithi099.stdout:/usr/bin/ceph: stderr
2024-03-19T01:31:31.815+0000 7fe3967fc700 1 -- 172.21.15.99:0/2633250627 <== mon.0 v2:172.21.15.99:3300/0 3 ==== mon_map magic: 0 ==== 205+0+0 (secure 0 0 0) 0x7fe388011b50 con 0x7fe398108830
2024-03-19T01:31:32.543 INFO:teuthology.orchestra.run.smithi099.stdout:/usr/bin/ceph: stderr
2024-03-19T01:31:31.816+0000 7fe39d631700 1 -- 172.21.15.99:0/2633250627 >> [v2:172.21.15.99:3300/0,v1:172.21.15.99:6789/0] conn(0x7fe398108830 msgr2=0x7fe39810ac20 secure :-1 s=STATE_CONNECTION_ESTABLISHED l=1).mark_down
2024-03-19T01:31:32.543 INFO:teuthology.orchestra.run.smithi099.stdout:/usr/bin/ceph: stderr
2024-03-19T01:31:31.816+0000 7fe39d631700 1 --2- 172.21.15.99:0/2633250627 >> [v2:172.21.15.99:3300/0,v1:172.21.15.99:6789/0] conn(0x7fe398108830 0x7fe39810ac20 secure :-1 s=READY pgs=18 cs=0 l=1 rev1=1 crypto rx=0x7fe3880098a0 tx=0x7fe388009bb0 comp rx=0 tx=0).stop
2024-03-19T01:31:32.543 INFO:teuthology.orchestra.run.smithi099.stdout:/usr/bin/ceph: stderr
2024-03-19T01:31:31.816+0000 7fe39d631700 1 -- 172.21.15.99:0/2633250627 shutdown_connections
2024-03-19T01:31:32.544 INFO:teuthology.orchestra.run.smithi099.stdout:/usr/bin/ceph: stderr
2024-03-19T01:31:31.816+0000 7fe39d631700 1 --2- 172.21.15.99:0/2633250627 >> [v2:172.21.15.99:3300/0,v1:172.21.15.99:6789/0] conn(0x7fe398108830 0x7fe39810ac20 unknown :-1 s=CLOSED pgs=18 cs=0 l=1 rev1=1 crypto rx=0 tx=0 comp rx=0 tx=0).stop
2024-03-19T01:31:32.544 INFO:teuthology.orchestra.run.smithi099.stdout:/usr/bin/ceph: stderr
2024-03-19T01:31:31.816+0000 7fe39d631700 1 -- 172.21.15.99:0/2633250627 >> 172.21.15.99:0/2633250627 conn(0x7fe398102220 msgr2=0x7fe3981046a0 unknown :-1 s=STATE_NONE l=0).mark_down
2024-03-19T01:31:32.544 INFO:teuthology.orchestra.run.smithi099.stdout:/usr/bin/ceph: stderr
2024-03-19T01:31:31.816+0000 7fe39d631700 1 -- 172.21.15.99:0/2633250627 shutdown_connections
2024-03-19T01:31:32.544 INFO:teuthology.orchestra.run.smithi099.stdout:/usr/bin/ceph: stderr
2024-03-19T01:31:31.816+0000 7fe39d631700 1 -- 172.21.15.99:0/2633250627 wait complete.
2024-03-19T01:31:32.544 INFO:teuthology.orchestra.run.smithi099.stdout:/usr/bin/ceph: stderr
2024-03-19T01:31:31.817+0000 7fe39d631700 1 Processor -- start
2024-03-19T01:31:32.544 INFO:teuthology.orchestra.run.smithi099.stdout:/usr/bin/ceph: stderr
2024-03-19T01:31:31.817+0000 7fe39d631700 1 -- start start
2024-03-19T01:31:32.544 INFO:teuthology.orchestra.run.smithi099.stdout:/usr/bin/ceph: stderr
2024-03-19T01:31:31.817+0000 7fe39d631700 1 --2- >> [v2:172.21.15.99:3300/0,v1:172.21.15.99:6789/0] conn(0x7fe398108830 0x7fe39819bdc0 unknown :-1 s=NONE pgs=0 cs=0 l=1 rev1=0 crypto rx=0 tx=0 comp rx=0 tx=0).connect
2024-03-19T01:31:32.544 INFO:teuthology.orchestra.run.smithi099.stdout:/usr/bin/ceph: stderr
2024-03-19T01:31:31.817+0000 7fe39d631700 1 -- --> [v2:172.21.15.99:3300/0,v1:172.21.15.99:6789/0] -- mon_getmap magic: 0 -- 0x7fe39810c190 con 0x7fe398108830
2024-03-19T01:31:32.544 INFO:teuthology.orchestra.run.smithi099.stdout:/usr/bin/ceph: stderr
2024-03-19T01:31:31.817+0000 7fe396ffd700 1 --2- >> [v2:172.21.15.99:3300/0,v1:172.21.15.99:6789/0] conn(0x7fe398108830 0x7fe39819bdc0 unknown :-1 s=BANNER_CONNECTING pgs=0 cs=0 l=1 rev1=0 crypto rx=0 tx=0 comp rx=0 tx=0)._handle_peer_banner_payload supported=3 required=0
2024-03-19T01:31:32.544 INFO:teuthology.orchestra.run.smithi099.stdout:/usr/bin/ceph: stderr
2024-03-19T01:31:31.817+0000 7fe396ffd700 1 --2- >> [v2:172.21.15.99:3300/0,v1:172.21.15.99:6789/0] conn(0x7fe398108830 0x7fe39819bdc0 unknown :-1 s=HELLO_CONNECTING pgs=0 cs=0 l=1 rev1=1 crypto rx=0 tx=0 comp rx=0 tx=0).handle_hello peer v2:172.21.15.99:3300/0 says I am v2:172.21.15.99:35954/0 (socket says 172.21.15.99:35954)
2024-03-19T01:31:32.544 INFO:teuthology.orchestra.run.smithi099.stdout:/usr/bin/ceph: stderr
2024-03-19T01:31:31.817+0000 7fe396ffd700 1 -- 172.21.15.99:0/496673876 learned_addr learned my addr 172.21.15.99:0/496673876 (peer_addr_for_me v2:172.21.15.99:0/0)
2024-03-19T01:31:32.544 INFO:teuthology.orchestra.run.smithi099.stdout:/usr/bin/ceph: stderr
2024-03-19T01:31:31.817+0000 7fe396ffd700 1 -- 172.21.15.99:0/496673876 --> [v2:172.21.15.99:3300/0,v1:172.21.15.99:6789/0] -- mon_subscribe({config=0+,monmap=0+}) -- 0x7fe39819c300 con 0x7fe398108830
2024-03-19T01:31:32.544 INFO:teuthology.orchestra.run.smithi099.stdout:/usr/bin/ceph: stderr
2024-03-19T01:31:31.817+0000 7fe396ffd700 1 --2- 172.21.15.99:0/496673876 >> [v2:172.21.15.99:3300/0,v1:172.21.15.99:6789/0] conn(0x7fe398108830 0x7fe39819bdc0 secure :-1 s=READY pgs=19 cs=0 l=1 rev1=1 crypto rx=0x7fe388011b60 tx=0x7fe388011c40 comp rx=0 tx=0).ready entity=mon.0 client_cookie=0 server_cookie=0 in_seq=0 out_seq=0
2024-03-19T01:31:32.544 INFO:teuthology.orchestra.run.smithi099.stdout:/usr/bin/ceph: stderr
2024-03-19T01:31:31.817+0000 7fe394ff9700 1 -- 172.21.15.99:0/496673876 <== mon.0 v2:172.21.15.99:3300/0 1 ==== mon_map magic: 0 ==== 205+0+0 (secure 0 0 0) 0x7fe388003970 con 0x7fe398108830
2024-03-19T01:31:32.545 INFO:teuthology.orchestra.run.smithi099.stdout:/usr/bin/ceph: stderr
2024-03-19T01:31:31.817+0000 7fe394ff9700 1 -- 172.21.15.99:0/496673876 <== mon.0 v2:172.21.15.99:3300/0 2 ==== config(27 keys) ==== 1109+0+0 (secure 0 0 0) 0x7fe388003b10 con 0x7fe398108830
2024-03-19T01:31:32.545 INFO:teuthology.orchestra.run.smithi099.stdout:/usr/bin/ceph: stderr
2024-03-19T01:31:31.817+0000 7fe39d631700 1 -- 172.21.15.99:0/496673876 --> [v2:172.21.15.99:3300/0,v1:172.21.15.99:6789/0] -- mon_subscribe({mgrmap=0+}) -- 0x7fe39819c590 con 0x7fe398108830
2024-03-19T01:31:32.545 INFO:teuthology.orchestra.run.smithi099.stdout:/usr/bin/ceph: stderr
2024-03-19T01:31:31.817+0000 7fe394ff9700 1 -- 172.21.15.99:0/496673876 <== mon.0 v2:172.21.15.99:3300/0 3 ==== mon_map magic: 0 ==== 205+0+0 (secure 0 0 0) 0x7fe388024610 con 0x7fe398108830
2024-03-19T01:31:32.545 INFO:teuthology.orchestra.run.smithi099.stdout:/usr/bin/ceph: stderr
2024-03-19T01:31:31.818+0000 7fe39d631700 1 -- 172.21.15.99:0/496673876 --> [v2:172.21.15.99:3300/0,v1:172.21.15.99:6789/0] -- mon_subscribe({osdmap=0}) -- 0x7fe39819f280 con 0x7fe398108830
2024-03-19T01:31:32.545 INFO:teuthology.orchestra.run.smithi099.stdout:/usr/bin/ceph: stderr
2024-03-19T01:31:31.818+0000 7fe394ff9700 1 -- 172.21.15.99:0/496673876 <== mon.0 v2:172.21.15.99:3300/0 4 ==== mgrmap(e 4) ==== 46095+0+0 (secure 0 0 0) 0x7fe388024910 con 0x7fe398108830
2024-03-19T01:31:32.545 INFO:teuthology.orchestra.run.smithi099.stdout:/usr/bin/ceph: stderr
2024-03-19T01:31:31.818+0000 7fe394ff9700 1 --2- 172.21.15.99:0/496673876 >> [v2:172.21.15.99:6800/4223048293,v1:172.21.15.99:6801/4223048293] conn(0x7fe384038ed0 0x7fe38403b390 unknown :-1 s=NONE pgs=0 cs=0 l=1 rev1=0 crypto rx=0 tx=0 comp rx=0 tx=0).connect
2024-03-19T01:31:32.545 INFO:teuthology.orchestra.run.smithi099.stdout:/usr/bin/ceph: stderr
2024-03-19T01:31:31.818+0000 7fe394ff9700 1 -- 172.21.15.99:0/496673876 <== mon.0 v2:172.21.15.99:3300/0 5 ==== osd_map(1..1 src has 1..1) ==== 725+0+0 (secure 0 0 0) 0x7fe388011e00 con 0x7fe398108830
2024-03-19T01:31:32.545 INFO:teuthology.orchestra.run.smithi099.stdout:/usr/bin/ceph: stderr
2024-03-19T01:31:31.818+0000 7fe39d631700 1 -- 172.21.15.99:0/496673876 --> [v2:172.21.15.99:3300/0,v1:172.21.15.99:6789/0] -- mon_command({"prefix": "get_command_descriptions"} v 0) -- 0x7fe398069420 con 0x7fe398108830
2024-03-19T01:31:32.545 INFO:teuthology.orchestra.run.smithi099.stdout:/usr/bin/ceph: stderr
2024-03-19T01:31:31.819+0000 7fe38ffff700 1 --2- 172.21.15.99:0/496673876 >> [v2:172.21.15.99:6800/4223048293,v1:172.21.15.99:6801/4223048293] conn(0x7fe384038ed0 0x7fe38403b390 unknown :-1 s=BANNER_CONNECTING pgs=0 cs=0 l=1 rev1=0 crypto rx=0 tx=0 comp rx=0 tx=0)._handle_peer_banner_payload supported=3 required=0
2024-03-19T01:31:32.545 INFO:teuthology.orchestra.run.smithi099.stdout:/usr/bin/ceph: stderr
2024-03-19T01:31:31.819+0000 7fe38ffff700 1 --2- 172.21.15.99:0/496673876 >> [v2:172.21.15.99:6800/4223048293,v1:172.21.15.99:6801/4223048293] conn(0x7fe384038ed0 0x7fe38403b390 secure :-1 s=READY pgs=7 cs=0 l=1 rev1=1 crypto rx=0x7fe380006fd0 tx=0x7fe380006e40 comp rx=0 tx=0).ready entity=mgr.14100 client_cookie=0 server_cookie=0 in_seq=0 out_seq=0
2024-03-19T01:31:32.545 INFO:teuthology.orchestra.run.smithi099.stdout:/usr/bin/ceph: stderr
2024-03-19T01:31:31.824+0000 7fe394ff9700 1 -- 172.21.15.99:0/496673876 <== mon.0 v2:172.21.15.99:3300/0 6 ==== mon_command_ack([{"prefix": "get_command_descriptions"}]=0 v0) ==== 72+0+186149 (secure 0 0 0) 0x7fe38801a7b0 con 0x7fe398108830
2024-03-19T01:31:32.545 INFO:teuthology.orchestra.run.smithi099.stdout:/usr/bin/ceph: stderr
2024-03-19T01:31:32.017+0000 7fe39d631700 1 -- 172.21.15.99:0/496673876 --> [v2:172.21.15.99:3300/0,v1:172.21.15.99:6789/0] -- mon_command({"prefix": "config assimilate-conf"} v 0) -- 0x7fe3981a09d0 con 0x7fe398108830
2024-03-19T01:31:32.545 INFO:teuthology.orchestra.run.smithi099.stdout:/usr/bin/ceph: stderr
2024-03-19T01:31:32.018+0000 7fe394ff9700 1 -- 172.21.15.99:0/496673876 <== mon.0 v2:172.21.15.99:3300/0 7 ==== mon_command_ack([{"prefix": "config assimilate-conf"}]=0 v3) ==== 70+0+400 (secure 0 0 0) 0x7fe38802d3f0 con 0x7fe398108830
2024-03-19T01:31:32.545 INFO:teuthology.orchestra.run.smithi099.stdout:/usr/bin/ceph: stderr
2024-03-19T01:31:32.020+0000 7fe39d631700 1 -- 172.21.15.99:0/496673876 >> [v2:172.21.15.99:6800/4223048293,v1:172.21.15.99:6801/4223048293] conn(0x7fe384038ed0 msgr2=0x7fe38403b390 secure :-1 s=STATE_CONNECTION_ESTABLISHED l=1).mark_down
2024-03-19T01:31:32.545 INFO:teuthology.orchestra.run.smithi099.stdout:/usr/bin/ceph: stderr
2024-03-19T01:31:32.020+0000 7fe39d631700 1 --2- 172.21.15.99:0/496673876 >> [v2:172.21.15.99:6800/4223048293,v1:172.21.15.99:6801/4223048293] conn(0x7fe384038ed0 0x7fe38403b390 secure :-1 s=READY pgs=7 cs=0 l=1 rev1=1 crypto rx=0x7fe380006fd0 tx=0x7fe380006e40 comp rx=0 tx=0).stop
2024-03-19T01:31:32.546 INFO:teuthology.orchestra.run.smithi099.stdout:/usr/bin/ceph: stderr
2024-03-19T01:31:32.020+0000 7fe39d631700 1 -- 172.21.15.99:0/496673876 >> [v2:172.21.15.99:3300/0,v1:172.21.15.99:6789/0] conn(0x7fe398108830 msgr2=0x7fe39819bdc0 secure :-1 s=STATE_CONNECTION_ESTABLISHED l=1).mark_down
2024-03-19T01:31:32.546 INFO:teuthology.orchestra.run.smithi099.stdout:/usr/bin/ceph: stderr
2024-03-19T01:31:32.020+0000 7fe39d631700 1 --2- 172.21.15.99:0/496673876 >> [v2:172.21.15.99:3300/0,v1:172.21.15.99:6789/0] conn(0x7fe398108830 0x7fe39819bdc0 secure :-1 s=READY pgs=19 cs=0 l=1 rev1=1 crypto rx=0x7fe388011b60 tx=0x7fe388011c40 comp rx=0 tx=0).stop
2024-03-19T01:31:32.546 INFO:teuthology.orchestra.run.smithi099.stdout:/usr/bin/ceph: stderr
2024-03-19T01:31:32.020+0000 7fe39d631700 1 -- 172.21.15.99:0/496673876 shutdown_connections
2024-03-19T01:31:32.546 INFO:teuthology.orchestra.run.smithi099.stdout:/usr/bin/ceph: stderr
2024-03-19T01:31:32.020+0000 7fe39d631700 1 --2- 172.21.15.99:0/496673876 >> [v2:172.21.15.99:6800/4223048293,v1:172.21.15.99:6801/4223048293] conn(0x7fe384038ed0 0x7fe38403b390 unknown :-1 s=CLOSED pgs=7 cs=0 l=1 rev1=1 crypto rx=0 tx=0 comp rx=0 tx=0).stop
2024-03-19T01:31:32.546 INFO:teuthology.orchestra.run.smithi099.stdout:/usr/bin/ceph: stderr
2024-03-19T01:31:32.020+0000 7fe39d631700 1 --2- 172.21.15.99:0/496673876 >> [v2:172.21.15.99:3300/0,v1:172.21.15.99:6789/0] conn(0x7fe398108830 0x7fe39819bdc0 unknown :-1 s=CLOSED pgs=19 cs=0 l=1 rev1=1 crypto rx=0 tx=0 comp rx=0 tx=0).stop
2024-03-19T01:31:32.546 INFO:teuthology.orchestra.run.smithi099.stdout:/usr/bin/ceph: stderr
2024-03-19T01:31:32.020+0000 7fe39d631700 1 -- 172.21.15.99:0/496673876 >> 172.21.15.99:0/496673876 conn(0x7fe398102220 msgr2=0x7fe398102e10 unknown :-1 s=STATE_NONE l=0).mark_down
2024-03-19T01:31:32.546 INFO:teuthology.orchestra.run.smithi099.stdout:/usr/bin/ceph: stderr
2024-03-19T01:31:32.021+0000 7fe39d631700 1 -- 172.21.15.99:0/496673876 shutdown_connections
2024-03-19T01:31:32.546 INFO:teuthology.orchestra.run.smithi099.stdout:/usr/bin/ceph: stderr
2024-03-19T01:31:32.021+0000 7fe39d631700 1 -- 172.21.15.99:0/496673876 wait complete.
2024-03-19T01:31:32.546 INFO:teuthology.orchestra.run.smithi099.stdout:Enabling cephadm module...
2024-03-19T01:31:33.591 INFO:journalctl@ceph.mon.a.smithi099.stdout:Mar 19 01:31:33 smithi099 ceph-mon[62951]: from='client.? 172.21.15.99:0/2937661384' entity='client.admin' cmd=[{"prefix": "mgr module enable", "module": "cephadm"}]: dispatch
2024-03-19T01:31:33.591 INFO:journalctl@ceph.mgr.x.smithi099.stdout:Mar 19 01:31:33 smithi099 ceph-438fb69c-e590-11ee-95c9-87774f69a715-mgr-x[63186]: ignoring --setuser ceph since I am not root
2024-03-19T01:31:33.592 INFO:journalctl@ceph.mgr.x.smithi099.stdout:Mar 19 01:31:33 smithi099 ceph-438fb69c-e590-11ee-95c9-87774f69a715-mgr-x[63186]: ignoring --setgroup ceph since I am not root
2024-03-19T01:31:34.091 INFO:journalctl@ceph.mgr.x.smithi099.stdout:Mar 19 01:31:33 smithi099 ceph-438fb69c-e590-11ee-95c9-87774f69a715-mgr-x[63186]:
2024-03-19T01:31:33.803+0000 7f8e195ae200 -1 mgr[py] Module osd_perf_query has missing NOTIFY_TYPES member
2024-03-19T01:31:34.091 INFO:journalctl@ceph.mgr.x.smithi099.stdout:Mar 19 01:31:33 smithi099 ceph-438fb69c-e590-11ee-95c9-87774f69a715-mgr-x[63186]:
2024-03-19T01:31:33.898+0000 7f8e195ae200 -1 mgr[py] Module snap_schedule has missing NOTIFY_TYPES member
2024-03-19T01:31:34.122 INFO:teuthology.orchestra.run.smithi099.stdout:/usr/bin/ceph: stderr
2024-03-19T01:31:32.940+0000 7feb70740700 1 Processor -- start
2024-03-19T01:31:34.122 INFO:teuthology.orchestra.run.smithi099.stdout:/usr/bin/ceph: stderr
2024-03-19T01:31:32.940+0000 7feb70740700 1 -- start start
2024-03-19T01:31:34.122 INFO:teuthology.orchestra.run.smithi099.stdout:/usr/bin/ceph: stderr
2024-03-19T01:31:32.940+0000 7feb70740700 1 --2- >> [v2:172.21.15.99:3300/0,v1:172.21.15.99:6789/0] conn(0x7feb68108870 0x7feb6810ac60 unknown :-1 s=NONE pgs=0 cs=0 l=0 rev1=0 crypto rx=0 tx=0 comp rx=0 tx=0).connect
2024-03-19T01:31:34.122 INFO:teuthology.orchestra.run.smithi099.stdout:/usr/bin/ceph: stderr
2024-03-19T01:31:32.940+0000 7feb70740700 1 -- --> [v2:172.21.15.99:3300/0,v1:172.21.15.99:6789/0] -- mon_getmap magic: 0 -- 0x7feb6807be90 con 0x7feb68108870
2024-03-19T01:31:34.122 INFO:teuthology.orchestra.run.smithi099.stdout:/usr/bin/ceph: stderr
2024-03-19T01:31:32.940+0000 7feb6e4dc700 1 --2- >> [v2:172.21.15.99:3300/0,v1:172.21.15.99:6789/0] conn(0x7feb68108870 0x7feb6810ac60 unknown :-1 s=BANNER_CONNECTING pgs=0 cs=0 l=0 rev1=0 crypto rx=0 tx=0 comp rx=0 tx=0)._handle_peer_banner_payload supported=3 required=0
2024-03-19T01:31:34.122 INFO:teuthology.orchestra.run.smithi099.stdout:/usr/bin/ceph: stderr
2024-03-19T01:31:32.940+0000 7feb6e4dc700 1 --2- >> [v2:172.21.15.99:3300/0,v1:172.21.15.99:6789/0] conn(0x7feb68108870 0x7feb6810ac60 unknown :-1 s=HELLO_CONNECTING pgs=0 cs=0 l=0 rev1=1 crypto rx=0 tx=0 comp rx=0 tx=0).handle_hello peer v2:172.21.15.99:3300/0 says I am v2:172.21.15.99:50898/0 (socket says 172.21.15.99:50898)
2024-03-19T01:31:34.122 INFO:teuthology.orchestra.run.smithi099.stdout:/usr/bin/ceph: stderr
2024-03-19T01:31:32.940+0000 7feb6e4dc700 1 -- 172.21.15.99:0/1832016443 learned_addr learned my addr 172.21.15.99:0/1832016443 (peer_addr_for_me v2:172.21.15.99:0/0)
2024-03-19T01:31:34.122 INFO:teuthology.orchestra.run.smithi099.stdout:/usr/bin/ceph: stderr
2024-03-19T01:31:32.940+0000 7feb6e4dc700 1 -- 172.21.15.99:0/1832016443 --> [v2:172.21.15.99:3300/0,v1:172.21.15.99:6789/0] -- mon_subscribe({config=0+,monmap=0+}) -- 0x7feb6810b1a0 con 0x7feb68108870
2024-03-19T01:31:34.122 INFO:teuthology.orchestra.run.smithi099.stdout:/usr/bin/ceph: stderr
2024-03-19T01:31:32.941+0000 7feb6e4dc700 1 --2- 172.21.15.99:0/1832016443 >> [v2:172.21.15.99:3300/0,v1:172.21.15.99:6789/0] conn(0x7feb68108870 0x7feb6810ac60 secure :-1 s=READY pgs=20 cs=0 l=1 rev1=1 crypto rx=0x7feb640098a0 tx=0x7feb64009bb0 comp rx=0 tx=0).ready entity=mon.0 client_cookie=4f7e8057363ef649 server_cookie=0 in_seq=0 out_seq=0
2024-03-19T01:31:34.123 INFO:teuthology.orchestra.run.smithi099.stdout:/usr/bin/ceph: stderr
2024-03-19T01:31:32.941+0000 7feb6d4da700 1 -- 172.21.15.99:0/1832016443 <== mon.0 v2:172.21.15.99:3300/0 1 ==== mon_map magic: 0 ==== 205+0+0 (secure 0 0 0) 0x7feb64004160 con 0x7feb68108870
2024-03-19T01:31:34.123 INFO:teuthology.orchestra.run.smithi099.stdout:/usr/bin/ceph: stderr
2024-03-19T01:31:32.941+0000 7feb6d4da700 1 -- 172.21.15.99:0/1832016443 <== mon.0 v2:172.21.15.99:3300/0 2 ==== config(27 keys) ==== 1109+0+0 (secure 0 0 0) 0x7feb64004300 con 0x7feb68108870
2024-03-19T01:31:34.123 INFO:teuthology.orchestra.run.smithi099.stdout:/usr/bin/ceph: stderr
2024-03-19T01:31:32.941+0000 7feb6d4da700 1 -- 172.21.15.99:0/1832016443 <== mon.0 v2:172.21.15.99:3300/0 3 ==== mon_map magic: 0 ==== 205+0+0 (secure 0 0 0) 0x7feb64011b50 con 0x7feb68108870
2024-03-19T01:31:34.123 INFO:teuthology.orchestra.run.smithi099.stdout:/usr/bin/ceph: stderr
