2024-03-19T01:40:02.840+0000 7fd5eaffd700 1 -- 172.21.15.46:0/3500887878 --> [v2:172.21.15.46:3300/0,v1:172.21.15.46:6789/0] -- mon_subscribe({config=0+,monmap=0+}) -- 0x7fd5ec108ba0 con 0x7fd5ec1079f0
2024-03-19T01:40:03.667 INFO:teuthology.orchestra.run.smithi046.stdout:/usr/bin/ceph: stderr
2024-03-19T01:40:02.840+0000 7fd5eaffd700 1 --2- 172.21.15.46:0/3500887878 >> [v2:172.21.15.46:3300/0,v1:172.21.15.46:6789/0] conn(0x7fd5ec1079f0 0x7fd5ec107e10 secure :-1 s=READY pgs=47 cs=0 l=1 rev1=1 crypto rx=0x7fd5e4009e80 tx=0x7fd5e400b330 comp rx=0 tx=0).ready entity=mon.0 client_cookie=a4f8c90afecd7497 server_cookie=0 in_seq=0 out_seq=0
2024-03-19T01:40:03.667 INFO:teuthology.orchestra.run.smithi046.stdout:/usr/bin/ceph: stderr
2024-03-19T01:40:02.840+0000 7fd5e9ffb700 1 -- 172.21.15.46:0/3500887878 <== mon.0 v2:172.21.15.46:3300/0 1 ==== mon_map magic: 0 ==== 205+0+0 (secure 0 0 0) 0x7fd5e4017070 con 0x7fd5ec1079f0
2024-03-19T01:40:03.667 INFO:teuthology.orchestra.run.smithi046.stdout:/usr/bin/ceph: stderr
2024-03-19T01:40:02.840+0000 7fd5e9ffb700 1 -- 172.21.15.46:0/3500887878 <== mon.0 v2:172.21.15.46:3300/0 2 ==== config(26 keys) ==== 1071+0+0 (secure 0 0 0) 0x7fd5e400b8c0 con 0x7fd5ec1079f0
2024-03-19T01:40:03.667 INFO:teuthology.orchestra.run.smithi046.stdout:/usr/bin/ceph: stderr
2024-03-19T01:40:02.840+0000 7fd5e9ffb700 1 -- 172.21.15.46:0/3500887878 <== mon.0 v2:172.21.15.46:3300/0 3 ==== mon_map magic: 0 ==== 205+0+0 (secure 0 0 0) 0x7fd5e4004520 con 0x7fd5ec1079f0
2024-03-19T01:40:03.667 INFO:teuthology.orchestra.run.smithi046.stdout:/usr/bin/ceph: stderr
2024-03-19T01:40:02.841+0000 7fd5f1379700 1 -- 172.21.15.46:0/3500887878 >> [v2:172.21.15.46:3300/0,v1:172.21.15.46:6789/0] conn(0x7fd5ec1079f0 msgr2=0x7fd5ec107e10 secure :-1 s=STATE_CONNECTION_ESTABLISHED l=1).mark_down
2024-03-19T01:40:03.667 INFO:teuthology.orchestra.run.smithi046.stdout:/usr/bin/ceph: stderr
2024-03-19T01:40:02.841+0000 7fd5f1379700 1 --2- 172.21.15.46:0/3500887878 >> [v2:172.21.15.46:3300/0,v1:172.21.15.46:6789/0] conn(0x7fd5ec1079f0 0x7fd5ec107e10 secure :-1 s=READY pgs=47 cs=0 l=1 rev1=1 crypto rx=0x7fd5e4009e80 tx=0x7fd5e400b330 comp rx=0 tx=0).stop
2024-03-19T01:40:03.667 INFO:teuthology.orchestra.run.smithi046.stdout:/usr/bin/ceph: stderr
2024-03-19T01:40:02.841+0000 7fd5f1379700 1 -- 172.21.15.46:0/3500887878 shutdown_connections
2024-03-19T01:40:03.667 INFO:teuthology.orchestra.run.smithi046.stdout:/usr/bin/ceph: stderr
2024-03-19T01:40:02.841+0000 7fd5f1379700 1 --2- 172.21.15.46:0/3500887878 >> [v2:172.21.15.46:3300/0,v1:172.21.15.46:6789/0] conn(0x7fd5ec1079f0 0x7fd5ec107e10 unknown :-1 s=CLOSED pgs=47 cs=0 l=1 rev1=1 crypto rx=0 tx=0 comp rx=0 tx=0).stop
2024-03-19T01:40:03.667 INFO:teuthology.orchestra.run.smithi046.stdout:/usr/bin/ceph: stderr
2024-03-19T01:40:02.841+0000 7fd5f1379700 1 -- 172.21.15.46:0/3500887878 >> 172.21.15.46:0/3500887878 conn(0x7fd5ec103010 msgr2=0x7fd5ec105430 unknown :-1 s=STATE_NONE l=0).mark_down
2024-03-19T01:40:03.667 INFO:teuthology.orchestra.run.smithi046.stdout:/usr/bin/ceph: stderr
2024-03-19T01:40:02.841+0000 7fd5f1379700 1 -- 172.21.15.46:0/3500887878 shutdown_connections
2024-03-19T01:40:03.667 INFO:teuthology.orchestra.run.smithi046.stdout:/usr/bin/ceph: stderr
2024-03-19T01:40:02.841+0000 7fd5f1379700 1 -- 172.21.15.46:0/3500887878 wait complete.
2024-03-19T01:40:03.667 INFO:teuthology.orchestra.run.smithi046.stdout:/usr/bin/ceph: stderr
2024-03-19T01:40:02.841+0000 7fd5f1379700 1 Processor -- start
2024-03-19T01:40:03.668 INFO:teuthology.orchestra.run.smithi046.stdout:/usr/bin/ceph: stderr
2024-03-19T01:40:02.842+0000 7fd5f1379700 1 -- start start
2024-03-19T01:40:03.668 INFO:teuthology.orchestra.run.smithi046.stdout:/usr/bin/ceph: stderr
2024-03-19T01:40:02.842+0000 7fd5f1379700 1 --2- >> [v2:172.21.15.46:3300/0,v1:172.21.15.46:6789/0] conn(0x7fd5ec1079f0 0x7fd5ec19b9d0 unknown :-1 s=NONE pgs=0 cs=0 l=1 rev1=0 crypto rx=0 tx=0 comp rx=0 tx=0).connect
2024-03-19T01:40:03.668 INFO:teuthology.orchestra.run.smithi046.stdout:/usr/bin/ceph: stderr
2024-03-19T01:40:02.842+0000 7fd5f1379700 1 -- --> [v2:172.21.15.46:3300/0,v1:172.21.15.46:6789/0] -- mon_getmap magic: 0 -- 0x7fd5ec10bf50 con 0x7fd5ec1079f0
2024-03-19T01:40:03.668 INFO:teuthology.orchestra.run.smithi046.stdout:/usr/bin/ceph: stderr
2024-03-19T01:40:02.842+0000 7fd5eaffd700 1 --2- >> [v2:172.21.15.46:3300/0,v1:172.21.15.46:6789/0] conn(0x7fd5ec1079f0 0x7fd5ec19b9d0 unknown :-1 s=BANNER_CONNECTING pgs=0 cs=0 l=1 rev1=0 crypto rx=0 tx=0 comp rx=0 tx=0)._handle_peer_banner_payload supported=3 required=0
2024-03-19T01:40:03.668 INFO:teuthology.orchestra.run.smithi046.stdout:/usr/bin/ceph: stderr
2024-03-19T01:40:02.842+0000 7fd5eaffd700 1 --2- >> [v2:172.21.15.46:3300/0,v1:172.21.15.46:6789/0] conn(0x7fd5ec1079f0 0x7fd5ec19b9d0 unknown :-1 s=HELLO_CONNECTING pgs=0 cs=0 l=1 rev1=1 crypto rx=0 tx=0 comp rx=0 tx=0).handle_hello peer v2:172.21.15.46:3300/0 says I am v2:172.21.15.46:59862/0 (socket says 172.21.15.46:59862)
2024-03-19T01:40:03.668 INFO:teuthology.orchestra.run.smithi046.stdout:/usr/bin/ceph: stderr
2024-03-19T01:40:02.842+0000 7fd5eaffd700 1 -- 172.21.15.46:0/1054938994 learned_addr learned my addr 172.21.15.46:0/1054938994 (peer_addr_for_me v2:172.21.15.46:0/0)
2024-03-19T01:40:03.668 INFO:teuthology.orchestra.run.smithi046.stdout:/usr/bin/ceph: stderr
2024-03-19T01:40:02.842+0000 7fd5eaffd700 1 -- 172.21.15.46:0/1054938994 --> [v2:172.21.15.46:3300/0,v1:172.21.15.46:6789/0] -- mon_subscribe({config=0+,monmap=0+}) -- 0x7fd5ec19bf10 con 0x7fd5ec1079f0
2024-03-19T01:40:03.668 INFO:teuthology.orchestra.run.smithi046.stdout:/usr/bin/ceph: stderr
2024-03-19T01:40:02.842+0000 7fd5eaffd700 1 --2- 172.21.15.46:0/1054938994 >> [v2:172.21.15.46:3300/0,v1:172.21.15.46:6789/0] conn(0x7fd5ec1079f0 0x7fd5ec19b9d0 secure :-1 s=READY pgs=48 cs=0 l=1 rev1=1 crypto rx=0x7fd5e4009e50 tx=0x7fd5e4004670 comp rx=0 tx=0).ready entity=mon.0 client_cookie=0 server_cookie=0 in_seq=0 out_seq=0
2024-03-19T01:40:03.668 INFO:teuthology.orchestra.run.smithi046.stdout:/usr/bin/ceph: stderr
2024-03-19T01:40:02.842+0000 7fd5e3fff700 1 -- 172.21.15.46:0/1054938994 <== mon.0 v2:172.21.15.46:3300/0 1 ==== mon_map magic: 0 ==== 205+0+0 (secure 0 0 0) 0x7fd5e4020020 con 0x7fd5ec1079f0
2024-03-19T01:40:03.668 INFO:teuthology.orchestra.run.smithi046.stdout:/usr/bin/ceph: stderr
2024-03-19T01:40:02.842+0000 7fd5e3fff700 1 -- 172.21.15.46:0/1054938994 <== mon.0 v2:172.21.15.46:3300/0 2 ==== config(26 keys) ==== 1071+0+0 (secure 0 0 0) 0x7fd5e400bba0 con 0x7fd5ec1079f0
2024-03-19T01:40:03.668 INFO:teuthology.orchestra.run.smithi046.stdout:/usr/bin/ceph: stderr
2024-03-19T01:40:02.842+0000 7fd5e3fff700 1 -- 172.21.15.46:0/1054938994 <== mon.0 v2:172.21.15.46:3300/0 3 ==== mon_map magic: 0 ==== 205+0+0 (secure 0 0 0) 0x7fd5e4017040 con 0x7fd5ec1079f0
2024-03-19T01:40:03.668 INFO:teuthology.orchestra.run.smithi046.stdout:/usr/bin/ceph: stderr
2024-03-19T01:40:02.842+0000 7fd5f1379700 1 -- 172.21.15.46:0/1054938994 --> [v2:172.21.15.46:3300/0,v1:172.21.15.46:6789/0] -- mon_subscribe({mgrmap=0+}) -- 0x7fd5ec19c1a0 con 0x7fd5ec1079f0
2024-03-19T01:40:03.668 INFO:teuthology.orchestra.run.smithi046.stdout:/usr/bin/ceph: stderr
2024-03-19T01:40:02.842+0000 7fd5f1379700 1 -- 172.21.15.46:0/1054938994 --> [v2:172.21.15.46:3300/0,v1:172.21.15.46:6789/0] -- mon_subscribe({osdmap=0}) -- 0x7fd5ec19ccc0 con 0x7fd5ec1079f0
2024-03-19T01:40:03.668 INFO:teuthology.orchestra.run.smithi046.stdout:/usr/bin/ceph: stderr
2024-03-19T01:40:02.843+0000 7fd5e3fff700 1 -- 172.21.15.46:0/1054938994 <== mon.0 v2:172.21.15.46:3300/0 4 ==== mgrmap(e 8) ==== 46106+0+0 (secure 0 0 0) 0x7fd5e4023020 con 0x7fd5ec1079f0
2024-03-19T01:40:03.669 INFO:teuthology.orchestra.run.smithi046.stdout:/usr/bin/ceph: stderr
2024-03-19T01:40:02.843+0000 7fd5f1379700 1 -- 172.21.15.46:0/1054938994 --> [v2:172.21.15.46:3300/0,v1:172.21.15.46:6789/0] -- mon_command({"prefix": "get_command_descriptions"} v 0) -- 0x7fd5ec063940 con 0x7fd5ec1079f0
2024-03-19T01:40:03.669 INFO:teuthology.orchestra.run.smithi046.stdout:/usr/bin/ceph: stderr
2024-03-19T01:40:02.843+0000 7fd5e3fff700 1 --2- 172.21.15.46:0/1054938994 >> [v2:172.21.15.46:6800/2839078617,v1:172.21.15.46:6801/2839078617] conn(0x7fd5d8038ed0 0x7fd5d803b390 unknown :-1 s=NONE pgs=0 cs=0 l=1 rev1=0 crypto rx=0 tx=0 comp rx=0 tx=0).connect
2024-03-19T01:40:03.669 INFO:teuthology.orchestra.run.smithi046.stdout:/usr/bin/ceph: stderr
2024-03-19T01:40:02.843+0000 7fd5e3fff700 1 -- 172.21.15.46:0/1054938994 <== mon.0 v2:172.21.15.46:3300/0 5 ==== osd_map(2..2 src has 1..2) ==== 940+0+0 (secure 0 0 0) 0x7fd5e400f050 con 0x7fd5ec1079f0
2024-03-19T01:40:03.669 INFO:teuthology.orchestra.run.smithi046.stdout:/usr/bin/ceph: stderr
2024-03-19T01:40:02.844+0000 7fd5ea7fc700 1 --2- 172.21.15.46:0/1054938994 >> [v2:172.21.15.46:6800/2839078617,v1:172.21.15.46:6801/2839078617] conn(0x7fd5d8038ed0 0x7fd5d803b390 unknown :-1 s=BANNER_CONNECTING pgs=0 cs=0 l=1 rev1=0 crypto rx=0 tx=0 comp rx=0 tx=0)._handle_peer_banner_payload supported=3 required=0
2024-03-19T01:40:03.669 INFO:teuthology.orchestra.run.smithi046.stdout:/usr/bin/ceph: stderr
2024-03-19T01:40:02.844+0000 7fd5ea7fc700 1 --2- 172.21.15.46:0/1054938994 >> [v2:172.21.15.46:6800/2839078617,v1:172.21.15.46:6801/2839078617] conn(0x7fd5d8038ed0 0x7fd5d803b390 secure :-1 s=READY pgs=12 cs=0 l=1 rev1=1 crypto rx=0x7fd5d4006fd0 tx=0x7fd5d4006e40 comp rx=0 tx=0).ready entity=mgr.14120 client_cookie=0 server_cookie=0 in_seq=0 out_seq=0
2024-03-19T01:40:03.669 INFO:teuthology.orchestra.run.smithi046.stdout:/usr/bin/ceph: stderr
2024-03-19T01:40:02.848+0000 7fd5e3fff700 1 -- 172.21.15.46:0/1054938994 <== mon.0 v2:172.21.15.46:3300/0 6 ==== mon_command_ack([{"prefix": "get_command_descriptions"}]=0 v0) ==== 72+0+186149 (secure 0 0 0) 0x7fd5e402a020 con 0x7fd5ec1079f0
2024-03-19T01:40:03.669 INFO:teuthology.orchestra.run.smithi046.stdout:/usr/bin/ceph: stderr
2024-03-19T01:40:03.075+0000 7fd5f1379700 1 -- 172.21.15.46:0/1054938994 --> [v2:172.21.15.46:6800/2839078617,v1:172.21.15.46:6801/2839078617] -- mgr_command(tid 0: {"prefix": "orch apply", "service_type": "mon", "unmanaged": true, "target": ["mon-mgr", ""]}) -- 0x7fd5ec104270 con 0x7fd5d8038ed0
2024-03-19T01:40:03.669 INFO:teuthology.orchestra.run.smithi046.stdout:/usr/bin/ceph: stderr
2024-03-19T01:40:03.080+0000 7fd5e3fff700 1 -- 172.21.15.46:0/1054938994 <== mgr.14120 v2:172.21.15.46:6800/2839078617 1 ==== mgr_command_reply(tid 0: 0 ) ==== 8+0+24 (secure 0 0 0) 0x7fd5ec104270 con 0x7fd5d8038ed0
2024-03-19T01:40:03.669 INFO:teuthology.orchestra.run.smithi046.stdout:/usr/bin/ceph: stderr
2024-03-19T01:40:03.083+0000 7fd5f1379700 1 -- 172.21.15.46:0/1054938994 >> [v2:172.21.15.46:6800/2839078617,v1:172.21.15.46:6801/2839078617] conn(0x7fd5d8038ed0 msgr2=0x7fd5d803b390 secure :-1 s=STATE_CONNECTION_ESTABLISHED l=1).mark_down
2024-03-19T01:40:03.669 INFO:teuthology.orchestra.run.smithi046.stdout:/usr/bin/ceph: stderr
2024-03-19T01:40:03.083+0000 7fd5f1379700 1 --2- 172.21.15.46:0/1054938994 >> [v2:172.21.15.46:6800/2839078617,v1:172.21.15.46:6801/2839078617] conn(0x7fd5d8038ed0 0x7fd5d803b390 secure :-1 s=READY pgs=12 cs=0 l=1 rev1=1 crypto rx=0x7fd5d4006fd0 tx=0x7fd5d4006e40 comp rx=0 tx=0).stop
2024-03-19T01:40:03.669 INFO:teuthology.orchestra.run.smithi046.stdout:/usr/bin/ceph: stderr
2024-03-19T01:40:03.083+0000 7fd5f1379700 1 -- 172.21.15.46:0/1054938994 >> [v2:172.21.15.46:3300/0,v1:172.21.15.46:6789/0] conn(0x7fd5ec1079f0 msgr2=0x7fd5ec19b9d0 secure :-1 s=STATE_CONNECTION_ESTABLISHED l=1).mark_down
2024-03-19T01:40:03.669 INFO:teuthology.orchestra.run.smithi046.stdout:/usr/bin/ceph: stderr
2024-03-19T01:40:03.083+0000 7fd5f1379700 1 --2- 172.21.15.46:0/1054938994 >> [v2:172.21.15.46:3300/0,v1:172.21.15.46:6789/0] conn(0x7fd5ec1079f0 0x7fd5ec19b9d0 secure :-1 s=READY pgs=48 cs=0 l=1 rev1=1 crypto rx=0x7fd5e4009e50 tx=0x7fd5e4004670 comp rx=0 tx=0).stop
2024-03-19T01:40:03.669 INFO:teuthology.orchestra.run.smithi046.stdout:/usr/bin/ceph: stderr
2024-03-19T01:40:03.083+0000 7fd5f1379700 1 -- 172.21.15.46:0/1054938994 shutdown_connections
2024-03-19T01:40:03.669 INFO:teuthology.orchestra.run.smithi046.stdout:/usr/bin/ceph: stderr
2024-03-19T01:40:03.083+0000 7fd5f1379700 1 --2- 172.21.15.46:0/1054938994 >> [v2:172.21.15.46:6800/2839078617,v1:172.21.15.46:6801/2839078617] conn(0x7fd5d8038ed0 0x7fd5d803b390 unknown :-1 s=CLOSED pgs=12 cs=0 l=1 rev1=1 crypto rx=0 tx=0 comp rx=0 tx=0).stop
2024-03-19T01:40:03.670 INFO:teuthology.orchestra.run.smithi046.stdout:/usr/bin/ceph: stderr
2024-03-19T01:40:03.083+0000 7fd5f1379700 1 --2- 172.21.15.46:0/1054938994 >> [v2:172.21.15.46:3300/0,v1:172.21.15.46:6789/0] conn(0x7fd5ec1079f0 0x7fd5ec19b9d0 unknown :-1 s=CLOSED pgs=48 cs=0 l=1 rev1=1 crypto rx=0 tx=0 comp rx=0 tx=0).stop
2024-03-19T01:40:03.670 INFO:teuthology.orchestra.run.smithi046.stdout:/usr/bin/ceph: stderr
2024-03-19T01:40:03.083+0000 7fd5f1379700 1 -- 172.21.15.46:0/1054938994 >> 172.21.15.46:0/1054938994 conn(0x7fd5ec103010 msgr2=0x7fd5ec103b60 unknown :-1 s=STATE_NONE l=0).mark_down
2024-03-19T01:40:03.670 INFO:teuthology.orchestra.run.smithi046.stdout:/usr/bin/ceph: stderr
2024-03-19T01:40:03.083+0000 7fd5f1379700 1 -- 172.21.15.46:0/1054938994 shutdown_connections
2024-03-19T01:40:03.670 INFO:teuthology.orchestra.run.smithi046.stdout:/usr/bin/ceph: stderr
2024-03-19T01:40:03.083+0000 7fd5f1379700 1 -- 172.21.15.46:0/1054938994 wait complete.
2024-03-19T01:40:03.670 INFO:teuthology.orchestra.run.smithi046.stdout:Deploying unmanaged mgr service...
2024-03-19T01:40:04.228 INFO:journalctl@ceph.mon.a.smithi046.stdout:Mar 19 01:40:04 smithi046 ceph-mon[63102]: from='client.14142 -' entity='client.admin' cmd=[{"prefix": "orch apply", "service_type": "mon", "unmanaged": true, "target": ["mon-mgr", ""]}]: dispatch
2024-03-19T01:40:04.228 INFO:journalctl@ceph.mon.a.smithi046.stdout:Mar 19 01:40:04 smithi046 ceph-mon[63102]: Saving service mon spec with placement count:5
2024-03-19T01:40:04.228 INFO:journalctl@ceph.mon.a.smithi046.stdout:Mar 19 01:40:04 smithi046 ceph-mon[63102]: from='mgr.14120 172.21.15.46:0/57248' entity='mgr.x'
2024-03-19T01:40:05.334 INFO:teuthology.orchestra.run.smithi046.stdout:/usr/bin/ceph: stdout Scheduled mgr update...
2024-03-19T01:40:05.334 INFO:teuthology.orchestra.run.smithi046.stdout:/usr/bin/ceph: stderr
2024-03-19T01:40:04.055+0000 7f85d04ab700 1 Processor -- start
2024-03-19T01:40:05.334 INFO:teuthology.orchestra.run.smithi046.stdout:/usr/bin/ceph: stderr
2024-03-19T01:40:04.056+0000 7f85d04ab700 1 -- start start
2024-03-19T01:40:05.335 INFO:teuthology.orchestra.run.smithi046.stdout:/usr/bin/ceph: stderr
2024-03-19T01:40:04.056+0000 7f85d04ab700 1 --2- >> [v2:172.21.15.46:3300/0,v1:172.21.15.46:6789/0] conn(0x7f85c81079e0 0x7f85c8107e00 unknown :-1 s=NONE pgs=0 cs=0 l=0 rev1=0 crypto rx=0 tx=0 comp rx=0 tx=0).connect
2024-03-19T01:40:05.335 INFO:teuthology.orchestra.run.smithi046.stdout:/usr/bin/ceph: stderr
2024-03-19T01:40:04.056+0000 7f85d04ab700 1 -- --> [v2:172.21.15.46:3300/0,v1:172.21.15.46:6789/0] -- mon_getmap magic: 0 -- 0x7f85c81083d0 con 0x7f85c81079e0
2024-03-19T01:40:05.335 INFO:teuthology.orchestra.run.smithi046.stdout:/usr/bin/ceph: stderr
2024-03-19T01:40:04.056+0000 7f85ce247700 1 --2- >> [v2:172.21.15.46:3300/0,v1:172.21.15.46:6789/0] conn(0x7f85c81079e0 0x7f85c8107e00 unknown :-1 s=BANNER_CONNECTING pgs=0 cs=0 l=0 rev1=0 crypto rx=0 tx=0 comp rx=0 tx=0)._handle_peer_banner_payload supported=3 required=0
2024-03-19T01:40:05.335 INFO:teuthology.orchestra.run.smithi046.stdout:/usr/bin/ceph: stderr
2024-03-19T01:40:04.056+0000 7f85ce247700 1 --2- >> [v2:172.21.15.46:3300/0,v1:172.21.15.46:6789/0] conn(0x7f85c81079e0 0x7f85c8107e00 unknown :-1 s=HELLO_CONNECTING pgs=0 cs=0 l=0 rev1=1 crypto rx=0 tx=0 comp rx=0 tx=0).handle_hello peer v2:172.21.15.46:3300/0 says I am v2:172.21.15.46:59866/0 (socket says 172.21.15.46:59866)
2024-03-19T01:40:05.335 INFO:teuthology.orchestra.run.smithi046.stdout:/usr/bin/ceph: stderr
2024-03-19T01:40:04.056+0000 7f85ce247700 1 -- 172.21.15.46:0/1276472148 learned_addr learned my addr 172.21.15.46:0/1276472148 (peer_addr_for_me v2:172.21.15.46:0/0)
2024-03-19T01:40:05.335 INFO:teuthology.orchestra.run.smithi046.stdout:/usr/bin/ceph: stderr
2024-03-19T01:40:04.056+0000 7f85ce247700 1 -- 172.21.15.46:0/1276472148 --> [v2:172.21.15.46:3300/0,v1:172.21.15.46:6789/0] -- mon_subscribe({config=0+,monmap=0+}) -- 0x7f85c8108be0 con 0x7f85c81079e0
2024-03-19T01:40:05.335 INFO:teuthology.orchestra.run.smithi046.stdout:/usr/bin/ceph: stderr
2024-03-19T01:40:04.057+0000 7f85ce247700 1 --2- 172.21.15.46:0/1276472148 >> [v2:172.21.15.46:3300/0,v1:172.21.15.46:6789/0] conn(0x7f85c81079e0 0x7f85c8107e00 secure :-1 s=READY pgs=49 cs=0 l=1 rev1=1 crypto rx=0x7f85c40098a0 tx=0x7f85c4009bb0 comp rx=0 tx=0).ready entity=mon.0 client_cookie=3cf1ab32c877578e server_cookie=0 in_seq=0 out_seq=0
2024-03-19T01:40:05.335 INFO:teuthology.orchestra.run.smithi046.stdout:/usr/bin/ceph: stderr
2024-03-19T01:40:04.057+0000 7f85cd245700 1 -- 172.21.15.46:0/1276472148 <== mon.0 v2:172.21.15.46:3300/0 1 ==== mon_map magic: 0 ==== 205+0+0 (secure 0 0 0) 0x7f85c4004160 con 0x7f85c81079e0
2024-03-19T01:40:05.335 INFO:teuthology.orchestra.run.smithi046.stdout:/usr/bin/ceph: stderr
2024-03-19T01:40:04.057+0000 7f85cd245700 1 -- 172.21.15.46:0/1276472148 <== mon.0 v2:172.21.15.46:3300/0 2 ==== config(26 keys) ==== 1071+0+0 (secure 0 0 0) 0x7f85c4004300 con 0x7f85c81079e0
2024-03-19T01:40:05.335 INFO:teuthology.orchestra.run.smithi046.stdout:/usr/bin/ceph: stderr
2024-03-19T01:40:04.057+0000 7f85cd245700 1 -- 172.21.15.46:0/1276472148 <== mon.0 v2:172.21.15.46:3300/0 3 ==== mon_map magic: 0 ==== 205+0+0 (secure 0 0 0) 0x7f85c4011a80 con 0x7f85c81079e0
2024-03-19T01:40:05.335 INFO:teuthology.orchestra.run.smithi046.stdout:/usr/bin/ceph: stderr
2024-03-19T01:40:04.057+0000 7f85d04ab700 1 -- 172.21.15.46:0/1276472148 >> [v2:172.21.15.46:3300/0,v1:172.21.15.46:6789/0] conn(0x7f85c81079e0 msgr2=0x7f85c8107e00 secure :-1 s=STATE_CONNECTION_ESTABLISHED l=1).mark_down
2024-03-19T01:40:05.335 INFO:teuthology.orchestra.run.smithi046.stdout:/usr/bin/ceph: stderr
2024-03-19T01:40:04.057+0000 7f85d04ab700 1 --2- 172.21.15.46:0/1276472148 >> [v2:172.21.15.46:3300/0,v1:172.21.15.46:6789/0] conn(0x7f85c81079e0 0x7f85c8107e00 secure :-1 s=READY pgs=49 cs=0 l=1 rev1=1 crypto rx=0x7f85c40098a0 tx=0x7f85c4009bb0 comp rx=0 tx=0).stop
2024-03-19T01:40:05.335 INFO:teuthology.orchestra.run.smithi046.stdout:/usr/bin/ceph: stderr
2024-03-19T01:40:04.058+0000 7f85d04ab700 1 -- 172.21.15.46:0/1276472148 shutdown_connections
2024-03-19T01:40:05.335 INFO:teuthology.orchestra.run.smithi046.stdout:/usr/bin/ceph: stderr
2024-03-19T01:40:04.058+0000 7f85d04ab700 1 --2- 172.21.15.46:0/1276472148 >> [v2:172.21.15.46:3300/0,v1:172.21.15.46:6789/0] conn(0x7f85c81079e0 0x7f85c8107e00 unknown :-1 s=CLOSED pgs=49 cs=0 l=1 rev1=1 crypto rx=0 tx=0 comp rx=0 tx=0).stop
2024-03-19T01:40:05.336 INFO:teuthology.orchestra.run.smithi046.stdout:/usr/bin/ceph: stderr
2024-03-19T01:40:04.058+0000 7f85d04ab700 1 -- 172.21.15.46:0/1276472148 >> 172.21.15.46:0/1276472148 conn(0x7f85c8103040 msgr2=0x7f85c8105460 unknown :-1 s=STATE_NONE l=0).mark_down
2024-03-19T01:40:05.336 INFO:teuthology.orchestra.run.smithi046.stdout:/usr/bin/ceph: stderr
2024-03-19T01:40:04.058+0000 7f85d04ab700 1 -- 172.21.15.46:0/1276472148 shutdown_connections
2024-03-19T01:40:05.336 INFO:teuthology.orchestra.run.smithi046.stdout:/usr/bin/ceph: stderr
2024-03-19T01:40:04.058+0000 7f85d04ab700 1 -- 172.21.15.46:0/1276472148 wait complete.
2024-03-19T01:40:05.336 INFO:teuthology.orchestra.run.smithi046.stdout:/usr/bin/ceph: stderr
2024-03-19T01:40:04.058+0000 7f85d04ab700 1 Processor -- start
2024-03-19T01:40:05.336 INFO:teuthology.orchestra.run.smithi046.stdout:/usr/bin/ceph: stderr
2024-03-19T01:40:04.058+0000 7f85d04ab700 1 -- start start
2024-03-19T01:40:05.336 INFO:teuthology.orchestra.run.smithi046.stdout:/usr/bin/ceph: stderr
2024-03-19T01:40:04.058+0000 7f85d04ab700 1 --2- >> [v2:172.21.15.46:3300/0,v1:172.21.15.46:6789/0] conn(0x7f85c81079e0 0x7f85c819b880 unknown :-1 s=NONE pgs=0 cs=0 l=1 rev1=0 crypto rx=0 tx=0 comp rx=0 tx=0).connect
2024-03-19T01:40:05.336 INFO:teuthology.orchestra.run.smithi046.stdout:/usr/bin/ceph: stderr
2024-03-19T01:40:04.058+0000 7f85d04ab700 1 -- --> [v2:172.21.15.46:3300/0,v1:172.21.15.46:6789/0] -- mon_getmap magic: 0 -- 0x7f85c810bf90 con 0x7f85c81079e0
2024-03-19T01:40:05.336 INFO:teuthology.orchestra.run.smithi046.stdout:/usr/bin/ceph: stderr
2024-03-19T01:40:04.059+0000 7f85ce247700 1 --2- >> [v2:172.21.15.46:3300/0,v1:172.21.15.46:6789/0] conn(0x7f85c81079e0 0x7f85c819b880 unknown :-1 s=BANNER_CONNECTING pgs=0 cs=0 l=1 rev1=0 crypto rx=0 tx=0 comp rx=0 tx=0)._handle_peer_banner_payload supported=3 required=0
2024-03-19T01:40:05.336 INFO:teuthology.orchestra.run.smithi046.stdout:/usr/bin/ceph: stderr
2024-03-19T01:40:04.059+0000 7f85ce247700 1 --2- >> [v2:172.21.15.46:3300/0,v1:172.21.15.46:6789/0] conn(0x7f85c81079e0 0x7f85c819b880 unknown :-1 s=HELLO_CONNECTING pgs=0 cs=0 l=1 rev1=1 crypto rx=0 tx=0 comp rx=0 tx=0).handle_hello peer v2:172.21.15.46:3300/0 says I am v2:172.21.15.46:59874/0 (socket says 172.21.15.46:59874)
2024-03-19T01:40:05.336 INFO:teuthology.orchestra.run.smithi046.stdout:/usr/bin/ceph: stderr
2024-03-19T01:40:04.059+0000 7f85ce247700 1 -- 172.21.15.46:0/998142421 learned_addr learned my addr 172.21.15.46:0/998142421 (peer_addr_for_me v2:172.21.15.46:0/0)
2024-03-19T01:40:05.336 INFO:teuthology.orchestra.run.smithi046.stdout:/usr/bin/ceph: stderr
2024-03-19T01:40:04.059+0000 7f85ce247700 1 -- 172.21.15.46:0/998142421 --> [v2:172.21.15.46:3300/0,v1:172.21.15.46:6789/0] -- mon_subscribe({config=0+,monmap=0+}) -- 0x7f85c819bdc0 con 0x7f85c81079e0
2024-03-19T01:40:05.336 INFO:teuthology.orchestra.run.smithi046.stdout:/usr/bin/ceph: stderr
2024-03-19T01:40:04.059+0000 7f85ce247700 1 --2- 172.21.15.46:0/998142421 >> [v2:172.21.15.46:3300/0,v1:172.21.15.46:6789/0] conn(0x7f85c81079e0 0x7f85c819b880 secure :-1 s=READY pgs=50 cs=0 l=1 rev1=1 crypto rx=0x7f85c4006af0 tx=0x7f85c4011c40 comp rx=0 tx=0).ready entity=mon.0 client_cookie=0 server_cookie=0 in_seq=0 out_seq=0
2024-03-19T01:40:05.336 INFO:teuthology.orchestra.run.smithi046.stdout:/usr/bin/ceph: stderr
2024-03-19T01:40:04.059+0000 7f85bb7fe700 1 -- 172.21.15.46:0/998142421 <== mon.0 v2:172.21.15.46:3300/0 1 ==== mon_map magic: 0 ==== 205+0+0 (secure 0 0 0) 0x7f85c40039e0 con 0x7f85c81079e0
2024-03-19T01:40:05.336 INFO:teuthology.orchestra.run.smithi046.stdout:/usr/bin/ceph: stderr
2024-03-19T01:40:04.059+0000 7f85d04ab700 1 -- 172.21.15.46:0/998142421 --> [v2:172.21.15.46:3300/0,v1:172.21.15.46:6789/0] -- mon_subscribe({mgrmap=0+}) -- 0x7f85c819c050 con 0x7f85c81079e0
2024-03-19T01:40:05.337 INFO:teuthology.orchestra.run.smithi046.stdout:/usr/bin/ceph: stderr
2024-03-19T01:40:04.059+0000 7f85bb7fe700 1 -- 172.21.15.46:0/998142421 <== mon.0 v2:172.21.15.46:3300/0 2 ==== config(26 keys) ==== 1071+0+0 (secure 0 0 0) 0x7f85c4003b80 con 0x7f85c81079e0
2024-03-19T01:40:05.337 INFO:teuthology.orchestra.run.smithi046.stdout:/usr/bin/ceph: stderr
2024-03-19T01:40:04.059+0000 7f85d04ab700 1 -- 172.21.15.46:0/998142421 --> [v2:172.21.15.46:3300/0,v1:172.21.15.46:6789/0] -- mon_subscribe({osdmap=0}) -- 0x7f85c819ed40 con 0x7f85c81079e0
2024-03-19T01:40:05.337 INFO:teuthology.orchestra.run.smithi046.stdout:/usr/bin/ceph: stderr
2024-03-19T01:40:04.059+0000 7f85bb7fe700 1 -- 172.21.15.46:0/998142421 <== mon.0 v2:172.21.15.46:3300/0 3 ==== mon_map magic: 0 ==== 205+0+0 (secure 0 0 0) 0x7f85c40196a0 con 0x7f85c81079e0
2024-03-19T01:40:05.337 INFO:teuthology.orchestra.run.smithi046.stdout:/usr/bin/ceph: stderr
2024-03-19T01:40:04.060+0000 7f85bb7fe700 1 -- 172.21.15.46:0/998142421 <== mon.0 v2:172.21.15.46:3300/0 4 ==== mgrmap(e 8) ==== 46106+0+0 (secure 0 0 0) 0x7f85c401a430 con 0x7f85c81079e0
2024-03-19T01:40:05.337 INFO:teuthology.orchestra.run.smithi046.stdout:/usr/bin/ceph: stderr
2024-03-19T01:40:04.060+0000 7f85d04ab700 1 -- 172.21.15.46:0/998142421 --> [v2:172.21.15.46:3300/0,v1:172.21.15.46:6789/0] -- mon_command({"prefix": "get_command_descriptions"} v 0) -- 0x7f85c8063940 con 0x7f85c81079e0
2024-03-19T01:40:05.337 INFO:teuthology.orchestra.run.smithi046.stdout:/usr/bin/ceph: stderr
2024-03-19T01:40:04.060+0000 7f85bb7fe700 1 --2- 172.21.15.46:0/998142421 >> [v2:172.21.15.46:6800/2839078617,v1:172.21.15.46:6801/2839078617] conn(0x7f85b4038f90 0x7f85b403b450 unknown :-1 s=NONE pgs=0 cs=0 l=1 rev1=0 crypto rx=0 tx=0 comp rx=0 tx=0).connect
2024-03-19T01:40:05.337 INFO:teuthology.orchestra.run.smithi046.stdout:/usr/bin/ceph: stderr
2024-03-19T01:40:04.060+0000 7f85bb7fe700 1 -- 172.21.15.46:0/998142421 <== mon.0 v2:172.21.15.46:3300/0 5 ==== osd_map(2..2 src has 1..2) ==== 940+0+0 (secure 0 0 0) 0x7f85c404d3a0 con 0x7f85c81079e0
2024-03-19T01:40:05.337 INFO:teuthology.orchestra.run.smithi046.stdout:/usr/bin/ceph: stderr
2024-03-19T01:40:04.060+0000 7f85cda46700 1 --2- 172.21.15.46:0/998142421 >> [v2:172.21.15.46:6800/2839078617,v1:172.21.15.46:6801/2839078617] conn(0x7f85b4038f90 0x7f85b403b450 unknown :-1 s=BANNER_CONNECTING pgs=0 cs=0 l=1 rev1=0 crypto rx=0 tx=0 comp rx=0 tx=0)._handle_peer_banner_payload supported=3 required=0
2024-03-19T01:40:05.337 INFO:teuthology.orchestra.run.smithi046.stdout:/usr/bin/ceph: stderr
2024-03-19T01:40:04.061+0000 7f85cda46700 1 --2- 172.21.15.46:0/998142421 >> [v2:172.21.15.46:6800/2839078617,v1:172.21.15.46:6801/2839078617] conn(0x7f85b4038f90 0x7f85b403b450 secure :-1 s=READY pgs=13 cs=0 l=1 rev1=1 crypto rx=0x7f85bc006fd0 tx=0x7f85bc006e40 comp rx=0 tx=0).ready entity=mgr.14120 client_cookie=0 server_cookie=0 in_seq=0 out_seq=0
2024-03-19T01:40:05.337 INFO:teuthology.orchestra.run.smithi046.stdout:/usr/bin/ceph: stderr
2024-03-19T01:40:04.065+0000 7f85bb7fe700 1 -- 172.21.15.46:0/998142421 <== mon.0 v2:172.21.15.46:3300/0 6 ==== mon_command_ack([{"prefix": "get_command_descriptions"}]=0 v0) ==== 72+0+186149 (secure 0 0 0) 0x7f85c4023e00 con 0x7f85c81079e0
2024-03-19T01:40:05.337 INFO:teuthology.orchestra.run.smithi046.stdout:/usr/bin/ceph: stderr
2024-03-19T01:40:04.291+0000 7f85d04ab700 1 -- 172.21.15.46:0/998142421 --> [v2:172.21.15.46:6800/2839078617,v1:172.21.15.46:6801/2839078617] -- mgr_command(tid 0: {"prefix": "orch apply", "service_type": "mgr", "unmanaged": true, "target": ["mon-mgr", ""]}) -- 0x7f85c81041b0 con 0x7f85b4038f90
2024-03-19T01:40:05.337 INFO:teuthology.orchestra.run.smithi046.stdout:/usr/bin/ceph: stderr
2024-03-19T01:40:04.295+0000 7f85bb7fe700 1 -- 172.21.15.46:0/998142421 <== mgr.14120 v2:172.21.15.46:6800/2839078617 1 ==== mgr_command_reply(tid 0: 0 ) ==== 8+0+24 (secure 0 0 0) 0x7f85c81041b0 con 0x7f85b4038f90
2024-03-19T01:40:05.337 INFO:teuthology.orchestra.run.smithi046.stdout:/usr/bin/ceph: stderr
2024-03-19T01:40:04.297+0000 7f85d04ab700 1 -- 172.21.15.46:0/998142421 >> [v2:172.21.15.46:6800/2839078617,v1:172.21.15.46:6801/2839078617] conn(0x7f85b4038f90 msgr2=0x7f85b403b450 secure :-1 s=STATE_CONNECTION_ESTABLISHED l=1).mark_down
2024-03-19T01:40:05.338 INFO:teuthology.orchestra.run.smithi046.stdout:/usr/bin/ceph: stderr
2024-03-19T01:40:04.297+0000 7f85d04ab700 1 --2- 172.21.15.46:0/998142421 >> [v2:172.21.15.46:6800/2839078617,v1:172.21.15.46:6801/2839078617] conn(0x7f85b4038f90 0x7f85b403b450 secure :-1 s=READY pgs=13 cs=0 l=1 rev1=1 crypto rx=0x7f85bc006fd0 tx=0x7f85bc006e40 comp rx=0 tx=0).stop
2024-03-19T01:40:05.338 INFO:teuthology.orchestra.run.smithi046.stdout:/usr/bin/ceph: stderr
2024-03-19T01:40:04.297+0000 7f85d04ab700 1 -- 172.21.15.46:0/998142421 >> [v2:172.21.15.46:3300/0,v1:172.21.15.46:6789/0] conn(0x7f85c81079e0 msgr2=0x7f85c819b880 secure :-1 s=STATE_CONNECTION_ESTABLISHED l=1).mark_down
2024-03-19T01:40:05.338 INFO:teuthology.orchestra.run.smithi046.stdout:/usr/bin/ceph: stderr
2024-03-19T01:40:04.297+0000 7f85d04ab700 1 --2- 172.21.15.46:0/998142421 >> [v2:172.21.15.46:3300/0,v1:172.21.15.46:6789/0] conn(0x7f85c81079e0 0x7f85c819b880 secure :-1 s=READY pgs=50 cs=0 l=1 rev1=1 crypto rx=0x7f85c4006af0 tx=0x7f85c4011c40 comp rx=0 tx=0).stop
2024-03-19T01:40:05.338 INFO:teuthology.orchestra.run.smithi046.stdout:/usr/bin/ceph: stderr
2024-03-19T01:40:04.297+0000 7f85d04ab700 1 -- 172.21.15.46:0/998142421 shutdown_connections
2024-03-19T01:40:05.338 INFO:teuthology.orchestra.run.smithi046.stdout:/usr/bin/ceph: stderr
2024-03-19T01:40:04.297+0000 7f85d04ab700 1 --2- 172.21.15.46:0/998142421 >> [v2:172.21.15.46:6800/2839078617,v1:172.21.15.46:6801/2839078617] conn(0x7f85b4038f90 0x7f85b403b450 unknown :-1 s=CLOSED pgs=13 cs=0 l=1 rev1=1 crypto rx=0 tx=0 comp rx=0 tx=0).stop
2024-03-19T01:40:05.338 INFO:teuthology.orchestra.run.smithi046.stdout:/usr/bin/ceph: stderr
2024-03-19T01:40:04.297+0000 7f85d04ab700 1 --2- 172.21.15.46:0/998142421 >> [v2:172.21.15.46:3300/0,v1:172.21.15.46:6789/0] conn(0x7f85c81079e0 0x7f85c819b880 unknown :-1 s=CLOSED pgs=50 cs=0 l=1 rev1=1 crypto rx=0 tx=0 comp rx=0 tx=0).stop
2024-03-19T01:40:05.338 INFO:teuthology.orchestra.run.smithi046.stdout:/usr/bin/ceph: stderr
2024-03-19T01:40:04.297+0000 7f85d04ab700 1 -- 172.21.15.46:0/998142421 >> 172.21.15.46:0/998142421 conn(0x7f85c8103040 msgr2=0x7f85c8103aa0 unknown :-1 s=STATE_NONE l=0).mark_down
2024-03-19T01:40:05.338 INFO:teuthology.orchestra.run.smithi046.stdout:/usr/bin/ceph: stderr
2024-03-19T01:40:04.298+0000 7f85d04ab700 1 -- 172.21.15.46:0/998142421 shutdown_connections
2024-03-19T01:40:05.338 INFO:teuthology.orchestra.run.smithi046.stdout:/usr/bin/ceph: stderr
2024-03-19T01:40:04.298+0000 7f85d04ab700 1 -- 172.21.15.46:0/998142421 wait complete.
2024-03-19T01:40:05.365 INFO:journalctl@ceph.mon.a.smithi046.stdout:Mar 19 01:40:05 smithi046 ceph-mon[63102]: from='client.14144 -' entity='client.admin' cmd=[{"prefix": "orch apply", "service_type": "mgr", "unmanaged": true, "target": ["mon-mgr", ""]}]: dispatch
2024-03-19T01:40:05.365 INFO:journalctl@ceph.mon.a.smithi046.stdout:Mar 19 01:40:05 smithi046 ceph-mon[63102]: Saving service mgr spec with placement count:2
2024-03-19T01:40:05.365 INFO:journalctl@ceph.mon.a.smithi046.stdout:Mar 19 01:40:05 smithi046 ceph-mon[63102]: from='mgr.14120 172.21.15.46:0/57248' entity='mgr.x'
2024-03-19T01:40:06.776 INFO:journalctl@ceph.mon.a.smithi046.stdout:Mar 19 01:40:06 smithi046 ceph-mon[63102]: from='mgr.14120 172.21.15.46:0/57248' entity='mgr.x'
2024-03-19T01:40:06.776 INFO:journalctl@ceph.mon.a.smithi046.stdout:Mar 19 01:40:06 smithi046 ceph-mon[63102]: from='mgr.14120 172.21.15.46:0/57248' entity='mgr.x'
2024-03-19T01:40:06.776 INFO:journalctl@ceph.mon.a.smithi046.stdout:Mar 19 01:40:06 smithi046 ceph-mon[63102]: from='client.? 172.21.15.46:0/3418580590' entity='client.admin'
2024-03-19T01:40:07.001 INFO:teuthology.orchestra.run.smithi046.stdout:/usr/bin/ceph: stderr
2024-03-19T01:40:06.238+0000 7f2ec9e54700 1 Processor -- start
2024-03-19T01:40:07.001 INFO:teuthology.orchestra.run.smithi046.stdout:/usr/bin/ceph: stderr
2024-03-19T01:40:06.238+0000 7f2ec9e54700 1 -- start start
2024-03-19T01:40:07.001 INFO:teuthology.orchestra.run.smithi046.stdout:/usr/bin/ceph: stderr
2024-03-19T01:40:06.239+0000 7f2ec9e54700 1 --2- >> [v2:172.21.15.46:3300/0,v1:172.21.15.46:6789/0] conn(0x7f2ec41060a0 0x7f2ec41064c0 unknown :-1 s=NONE pgs=0 cs=0 l=0 rev1=0 crypto rx=0 tx=0 comp rx=0 tx=0).connect
2024-03-19T01:40:07.001 INFO:teuthology.orchestra.run.smithi046.stdout:/usr/bin/ceph: stderr
2024-03-19T01:40:06.239+0000 7f2ec9e54700 1 -- --> [v2:172.21.15.46:3300/0,v1:172.21.15.46:6789/0] -- mon_getmap magic: 0 -- 0x7f2ec4106a90 con 0x7f2ec41060a0
2024-03-19T01:40:07.001 INFO:teuthology.orchestra.run.smithi046.stdout:/usr/bin/ceph: stderr
2024-03-19T01:40:06.239+0000 7f2ec37fe700 1 --2- >> [v2:172.21.15.46:3300/0,v1:172.21.15.46:6789/0] conn(0x7f2ec41060a0 0x7f2ec41064c0 unknown :-1 s=BANNER_CONNECTING pgs=0 cs=0 l=0 rev1=0 crypto rx=0 tx=0 comp rx=0 tx=0)._handle_peer_banner_payload supported=3 required=0
2024-03-19T01:40:07.001 INFO:teuthology.orchestra.run.smithi046.stdout:/usr/bin/ceph: stderr
2024-03-19T01:40:06.239+0000 7f2ec37fe700 1 --2- >> [v2:172.21.15.46:3300/0,v1:172.21.15.46:6789/0] conn(0x7f2ec41060a0 0x7f2ec41064c0 unknown :-1 s=HELLO_CONNECTING pgs=0 cs=0 l=0 rev1=1 crypto rx=0 tx=0 comp rx=0 tx=0).handle_hello peer v2:172.21.15.46:3300/0 says I am v2:172.21.15.46:59880/0 (socket says 172.21.15.46:59880)
2024-03-19T01:40:07.001 INFO:teuthology.orchestra.run.smithi046.stdout:/usr/bin/ceph: stderr
2024-03-19T01:40:06.239+0000 7f2ec37fe700 1 -- 172.21.15.46:0/2149423211 learned_addr learned my addr 172.21.15.46:0/2149423211 (peer_addr_for_me v2:172.21.15.46:0/0)
2024-03-19T01:40:07.001 INFO:teuthology.orchestra.run.smithi046.stdout:/usr/bin/ceph: stderr
2024-03-19T01:40:06.239+0000 7f2ec37fe700 1 -- 172.21.15.46:0/2149423211 --> [v2:172.21.15.46:3300/0,v1:172.21.15.46:6789/0] -- mon_subscribe({config=0+,monmap=0+}) -- 0x7f2ec41072a0 con 0x7f2ec41060a0
2024-03-19T01:40:07.001 INFO:teuthology.orchestra.run.smithi046.stdout:/usr/bin/ceph: stderr
2024-03-19T01:40:06.239+0000 7f2ec37fe700 1 --2- 172.21.15.46:0/2149423211 >> [v2:172.21.15.46:3300/0,v1:172.21.15.46:6789/0] conn(0x7f2ec41060a0 0x7f2ec41064c0 secure :-1 s=READY pgs=51 cs=0 l=1 rev1=1 crypto rx=0x7f2eb40098a0 tx=0x7f2eb4009bb0 comp rx=0 tx=0).ready entity=mon.0 client_cookie=cb37c95dca2e6e77 server_cookie=0 in_seq=0 out_seq=0
2024-03-19T01:40:07.001 INFO:teuthology.orchestra.run.smithi046.stdout:/usr/bin/ceph: stderr
2024-03-19T01:40:06.239+0000 7f2ec27fc700 1 -- 172.21.15.46:0/2149423211 <== mon.0 v2:172.21.15.46:3300/0 1 ==== mon_map magic: 0 ==== 205+0+0 (secure 0 0 0) 0x7f2eb4004160 con 0x7f2ec41060a0
2024-03-19T01:40:07.002 INFO:teuthology.orchestra.run.smithi046.stdout:/usr/bin/ceph: stderr
2024-03-19T01:40:06.240+0000 7f2ec27fc700 1 -- 172.21.15.46:0/2149423211 <== mon.0 v2:172.21.15.46:3300/0 2 ==== config(26 keys) ==== 1102+0+0 (secure 0 0 0) 0x7f2eb4004300 con 0x7f2ec41060a0
2024-03-19T01:40:07.002 INFO:teuthology.orchestra.run.smithi046.stdout:/usr/bin/ceph: stderr
2024-03-19T01:40:06.240+0000 7f2ec27fc700 1 -- 172.21.15.46:0/2149423211 <== mon.0 v2:172.21.15.46:3300/0 3 ==== mon_map magic: 0 ==== 205+0+0 (secure 0 0 0) 0x7f2eb4011a50 con 0x7f2ec41060a0
2024-03-19T01:40:07.002 INFO:teuthology.orchestra.run.smithi046.stdout:/usr/bin/ceph: stderr
2024-03-19T01:40:06.240+0000 7f2ec9e54700 1 -- 172.21.15.46:0/2149423211 >> [v2:172.21.15.46:3300/0,v1:172.21.15.46:6789/0] conn(0x7f2ec41060a0 msgr2=0x7f2ec41064c0 secure :-1 s=STATE_CONNECTION_ESTABLISHED l=1).mark_down
2024-03-19T01:40:07.002 INFO:teuthology.orchestra.run.smithi046.stdout:/usr/bin/ceph: stderr
2024-03-19T01:40:06.240+0000 7f2ec9e54700 1 --2- 172.21.15.46:0/2149423211 >> [v2:172.21.15.46:3300/0,v1:172.21.15.46:6789/0] conn(0x7f2ec41060a0 0x7f2ec41064c0 secure :-1 s=READY pgs=51 cs=0 l=1 rev1=1 crypto rx=0x7f2eb40098a0 tx=0x7f2eb4009bb0 comp rx=0 tx=0).stop
2024-03-19T01:40:07.002 INFO:teuthology.orchestra.run.smithi046.stdout:/usr/bin/ceph: stderr
2024-03-19T01:40:06.240+0000 7f2ec9e54700 1 -- 172.21.15.46:0/2149423211 shutdown_connections
2024-03-19T01:40:07.002 INFO:teuthology.orchestra.run.smithi046.stdout:/usr/bin/ceph: stderr
2024-03-19T01:40:06.240+0000 7f2ec9e54700 1 --2- 172.21.15.46:0/2149423211 >> [v2:172.21.15.46:3300/0,v1:172.21.15.46:6789/0] conn(0x7f2ec41060a0 0x7f2ec41064c0 unknown :-1 s=CLOSED pgs=51 cs=0 l=1 rev1=1 crypto rx=0 tx=0 comp rx=0 tx=0).stop
2024-03-19T01:40:07.002 INFO:teuthology.orchestra.run.smithi046.stdout:/usr/bin/ceph: stderr
2024-03-19T01:40:06.240+0000 7f2ec9e54700 1 -- 172.21.15.46:0/2149423211 >> 172.21.15.46:0/2149423211 conn(0x7f2ec4101640 msgr2=0x7f2ec4103a80 unknown :-1 s=STATE_NONE l=0).mark_down
2024-03-19T01:40:07.002 INFO:teuthology.orchestra.run.smithi046.stdout:/usr/bin/ceph: stderr
2024-03-19T01:40:06.240+0000 7f2ec9e54700 1 -- 172.21.15.46:0/2149423211 shutdown_connections
2024-03-19T01:40:07.002 INFO:teuthology.orchestra.run.smithi046.stdout:/usr/bin/ceph: stderr
2024-03-19T01:40:06.240+0000 7f2ec9e54700 1 -- 172.21.15.46:0/2149423211 wait complete.
2024-03-19T01:40:07.002 INFO:teuthology.orchestra.run.smithi046.stdout:/usr/bin/ceph: stderr
2024-03-19T01:40:06.241+0000 7f2ec9e54700 1 Processor -- start
2024-03-19T01:40:07.002 INFO:teuthology.orchestra.run.smithi046.stdout:/usr/bin/ceph: stderr
2024-03-19T01:40:06.241+0000 7f2ec9e54700 1 -- start start
2024-03-19T01:40:07.002 INFO:teuthology.orchestra.run.smithi046.stdout:/usr/bin/ceph: stderr
2024-03-19T01:40:06.241+0000 7f2ec9e54700 1 --2- >> [v2:172.21.15.46:3300/0,v1:172.21.15.46:6789/0] conn(0x7f2ec41060a0 0x7f2ec419b870 unknown :-1 s=NONE pgs=0 cs=0 l=1 rev1=0 crypto rx=0 tx=0 comp rx=0 tx=0).connect
2024-03-19T01:40:07.003 INFO:teuthology.orchestra.run.smithi046.stdout:/usr/bin/ceph: stderr
2024-03-19T01:40:06.241+0000 7f2ec9e54700 1 -- --> [v2:172.21.15.46:3300/0,v1:172.21.15.46:6789/0] -- mon_getmap magic: 0 -- 0x7f2ec410a650 con 0x7f2ec41060a0
2024-03-19T01:40:07.003 INFO:teuthology.orchestra.run.smithi046.stdout:/usr/bin/ceph: stderr
2024-03-19T01:40:06.241+0000 7f2ec37fe700 1 --2- >> [v2:172.21.15.46:3300/0,v1:172.21.15.46:6789/0] conn(0x7f2ec41060a0 0x7f2ec419b870 unknown :-1 s=BANNER_CONNECTING pgs=0 cs=0 l=1 rev1=0 crypto rx=0 tx=0 comp rx=0 tx=0)._handle_peer_banner_payload supported=3 required=0
2024-03-19T01:40:07.003 INFO:teuthology.orchestra.run.smithi046.stdout:/usr/bin/ceph: stderr
2024-03-19T01:40:06.241+0000 7f2ec37fe700 1 --2- >> [v2:172.21.15.46:3300/0,v1:172.21.15.46:6789/0] conn(0x7f2ec41060a0 0x7f2ec419b870 unknown :-1 s=HELLO_CONNECTING pgs=0 cs=0 l=1 rev1=1 crypto rx=0 tx=0 comp rx=0 tx=0).handle_hello peer v2:172.21.15.46:3300/0 says I am v2:172.21.15.46:59886/0 (socket says 172.21.15.46:59886)
2024-03-19T01:40:07.003 INFO:teuthology.orchestra.run.smithi046.stdout:/usr/bin/ceph: stderr
2024-03-19T01:40:06.241+0000 7f2ec37fe700 1 -- 172.21.15.46:0/3418580590 learned_addr learned my addr 172.21.15.46:0/3418580590 (peer_addr_for_me v2:172.21.15.46:0/0)
2024-03-19T01:40:07.003 INFO:teuthology.orchestra.run.smithi046.stdout:/usr/bin/ceph: stderr
2024-03-19T01:40:06.242+0000 7f2ec37fe700 1 -- 172.21.15.46:0/3418580590 --> [v2:172.21.15.46:3300/0,v1:172.21.15.46:6789/0] -- mon_subscribe({config=0+,monmap=0+}) -- 0x7f2ec419bdb0 con 0x7f2ec41060a0
2024-03-19T01:40:07.003 INFO:teuthology.orchestra.run.smithi046.stdout:/usr/bin/ceph: stderr
2024-03-19T01:40:06.242+0000 7f2ec37fe700 1 --2- 172.21.15.46:0/3418580590 >> [v2:172.21.15.46:3300/0,v1:172.21.15.46:6789/0] conn(0x7f2ec41060a0 0x7f2ec419b870 secure :-1 s=READY pgs=52 cs=0 l=1 rev1=1 crypto rx=0x7f2eb4006b20 tx=0x7f2eb4011ad0 comp rx=0 tx=0).ready entity=mon.0 client_cookie=0 server_cookie=0 in_seq=0 out_seq=0
2024-03-19T01:40:07.003 INFO:teuthology.orchestra.run.smithi046.stdout:/usr/bin/ceph: stderr
2024-03-19T01:40:06.242+0000 7f2ec0ff9700 1 -- 172.21.15.46:0/3418580590 <== mon.0 v2:172.21.15.46:3300/0 1 ==== mon_map magic: 0 ==== 205+0+0 (secure 0 0 0) 0x7f2eb40039e0 con 0x7f2ec41060a0
2024-03-19T01:40:07.003 INFO:teuthology.orchestra.run.smithi046.stdout:/usr/bin/ceph: stderr
2024-03-19T01:40:06.242+0000 7f2ec0ff9700 1 -- 172.21.15.46:0/3418580590 <== mon.0 v2:172.21.15.46:3300/0 2 ==== config(26 keys) ==== 1102+0+0 (secure 0 0 0) 0x7f2eb401a8e0 con 0x7f2ec41060a0
2024-03-19T01:40:07.003 INFO:teuthology.orchestra.run.smithi046.stdout:/usr/bin/ceph: stderr
2024-03-19T01:40:06.242+0000 7f2ec9e54700 1 -- 172.21.15.46:0/3418580590 --> [v2:172.21.15.46:3300/0,v1:172.21.15.46:6789/0] -- mon_subscribe({mgrmap=0+}) -- 0x7f2ec419c040 con 0x7f2ec41060a0
2024-03-19T01:40:07.003 INFO:teuthology.orchestra.run.smithi046.stdout:/usr/bin/ceph: stderr
2024-03-19T01:40:06.242+0000 7f2ec0ff9700 1 -- 172.21.15.46:0/3418580590 <== mon.0 v2:172.21.15.46:3300/0 3 ==== mon_map magic: 0 ==== 205+0+0 (secure 0 0 0) 0x7f2eb40247e0 con 0x7f2ec41060a0
2024-03-19T01:40:07.003 INFO:teuthology.orchestra.run.smithi046.stdout:/usr/bin/ceph: stderr
2024-03-19T01:40:06.242+0000 7f2ec9e54700 1 -- 172.21.15.46:0/3418580590 --> [v2:172.21.15.46:3300/0,v1:172.21.15.46:6789/0] -- mon_subscribe({osdmap=0}) -- 0x7f2ec419ed30 con 0x7f2ec41060a0
2024-03-19T01:40:07.003 INFO:teuthology.orchestra.run.smithi046.stdout:/usr/bin/ceph: stderr
2024-03-19T01:40:06.243+0000 7f2ec0ff9700 1 -- 172.21.15.46:0/3418580590 <== mon.0 v2:172.21.15.46:3300/0 4 ==== mgrmap(e 8) ==== 46106+0+0 (secure 0 0 0) 0x7f2eb4022020 con 0x7f2ec41060a0
2024-03-19T01:40:07.003 INFO:teuthology.orchestra.run.smithi046.stdout:/usr/bin/ceph: stderr
2024-03-19T01:40:06.243+0000 7f2ec0ff9700 1 --2- 172.21.15.46:0/3418580590 >> [v2:172.21.15.46:6800/2839078617,v1:172.21.15.46:6801/2839078617] conn(0x7f2eb0039030 0x7f2eb003b4f0 unknown :-1 s=NONE pgs=0 cs=0 l=1 rev1=0 crypto rx=0 tx=0 comp rx=0 tx=0).connect
2024-03-19T01:40:07.004 INFO:teuthology.orchestra.run.smithi046.stdout:/usr/bin/ceph: stderr
2024-03-19T01:40:06.243+0000 7f2ec9e54700 1 -- 172.21.15.46:0/3418580590 --> [v2:172.21.15.46:3300/0,v1:172.21.15.46:6789/0] -- mon_command({"prefix": "get_command_descriptions"} v 0) -- 0x7f2ec4063940 con 0x7f2ec41060a0
2024-03-19T01:40:07.004 INFO:teuthology.orchestra.run.smithi046.stdout:/usr/bin/ceph: stderr
2024-03-19T01:40:06.243+0000 7f2ec0ff9700 1 -- 172.21.15.46:0/3418580590 <== mon.0 v2:172.21.15.46:3300/0 5 ==== osd_map(2..2 src has 1..2) ==== 940+0+0 (secure 0 0 0) 0x7f2eb404d280 con 0x7f2ec41060a0
2024-03-19T01:40:07.004 INFO:teuthology.orchestra.run.smithi046.stdout:/usr/bin/ceph: stderr
2024-03-19T01:40:06.243+0000 7f2ec2ffd700 1 --2- 172.21.15.46:0/3418580590 >> [v2:172.21.15.46:6800/2839078617,v1:172.21.15.46:6801/2839078617] conn(0x7f2eb0039030 0x7f2eb003b4f0 unknown :-1 s=BANNER_CONNECTING pgs=0 cs=0 l=1 rev1=0 crypto rx=0 tx=0 comp rx=0 tx=0)._handle_peer_banner_payload supported=3 required=0
2024-03-19T01:40:07.004 INFO:teuthology.orchestra.run.smithi046.stdout:/usr/bin/ceph: stderr
2024-03-19T01:40:06.244+0000 7f2ec2ffd700 1 --2- 172.21.15.46:0/3418580590 >> [v2:172.21.15.46:6800/2839078617,v1:172.21.15.46:6801/2839078617] conn(0x7f2eb0039030 0x7f2eb003b4f0 secure :-1 s=READY pgs=14 cs=0 l=1 rev1=1 crypto rx=0x7f2eac006fd0 tx=0x7f2eac006e40 comp rx=0 tx=0).ready entity=mgr.14120 client_cookie=0 server_cookie=0 in_seq=0 out_seq=0
2024-03-19T01:40:07.004 INFO:teuthology.orchestra.run.smithi046.stdout:/usr/bin/ceph: stderr
2024-03-19T01:40:06.248+0000 7f2ec0ff9700 1 -- 172.21.15.46:0/3418580590 <== mon.0 v2:172.21.15.46:3300/0 6 ==== mon_command_ack([{"prefix": "get_command_descriptions"}]=0 v0) ==== 72+0+186149 (secure 0 0 0) 0x7f2eb40172b0 con 0x7f2ec41060a0
2024-03-19T01:40:07.004 INFO:teuthology.orchestra.run.smithi046.stdout:/usr/bin/ceph: stderr
2024-03-19T01:40:06.455+0000 7f2ec9e54700 1 -- 172.21.15.46:0/3418580590 --> [v2:172.21.15.46:3300/0,v1:172.21.15.46:6789/0] -- mon_command([{prefix=config set, name=mgr/cephadm/container_init}] v 0) -- 0x7f2ec402de40 con 0x7f2ec41060a0
2024-03-19T01:40:07.004 INFO:teuthology.orchestra.run.smithi046.stdout:/usr/bin/ceph: stderr
2024-03-19T01:40:06.458+0000 7f2ec0ff9700 1 -- 172.21.15.46:0/3418580590 <== mon.0 v2:172.21.15.46:3300/0 7 ==== mon_command_ack([{prefix=config set, name=mgr/cephadm/container_init}]=0 v7)=0 v7) ==== 142+0+0 (secure 0 0 0) 0x7f2eb404cbd0 con 0x7f2ec41060a0
2024-03-19T01:40:07.004 INFO:teuthology.orchestra.run.smithi046.stdout:/usr/bin/ceph: stderr
2024-03-19T01:40:06.460+0000 7f2ec9e54700 1 -- 172.21.15.46:0/3418580590 >> [v2:172.21.15.46:6800/2839078617,v1:172.21.15.46:6801/2839078617] conn(0x7f2eb0039030 msgr2=0x7f2eb003b4f0 secure :-1 s=STATE_CONNECTION_ESTABLISHED l=1).mark_down
2024-03-19T01:40:07.004 INFO:teuthology.orchestra.run.smithi046.stdout:/usr/bin/ceph: stderr
2024-03-19T01:40:06.460+0000 7f2ec9e54700 1 --2- 172.21.15.46:0/3418580590 >> [v2:172.21.15.46:6800/2839078617,v1:172.21.15.46:6801/2839078617] conn(0x7f2eb0039030 0x7f2eb003b4f0 secure :-1 s=READY pgs=14 cs=0 l=1 rev1=1 crypto rx=0x7f2eac006fd0 tx=0x7f2eac006e40 comp rx=0 tx=0).stop
2024-03-19T01:40:07.004 INFO:teuthology.orchestra.run.smithi046.stdout:/usr/bin/ceph: stderr
2024-03-19T01:40:06.460+0000 7f2ec9e54700 1 -- 172.21.15.46:0/3418580590 >> [v2:172.21.15.46:3300/0,v1:172.21.15.46:6789/0] conn(0x7f2ec41060a0 msgr2=0x7f2ec419b870 secure :-1 s=STATE_CONNECTION_ESTABLISHED l=1).mark_down
2024-03-19T01:40:07.004 INFO:teuthology.orchestra.run.smithi046.stdout:/usr/bin/ceph: stderr
2024-03-19T01:40:06.460+0000 7f2ec9e54700 1 --2- 172.21.15.46:0/3418580590 >> [v2:172.21.15.46:3300/0,v1:172.21.15.46:6789/0] conn(0x7f2ec41060a0 0x7f2ec419b870 secure :-1 s=READY pgs=52 cs=0 l=1 rev1=1 crypto rx=0x7f2eb4006b20 tx=0x7f2eb4011ad0 comp rx=0 tx=0).stop
2024-03-19T01:40:07.004 INFO:teuthology.orchestra.run.smithi046.stdout:/usr/bin/ceph: stderr
2024-03-19T01:40:06.460+0000 7f2ec9e54700 1 -- 172.21.15.46:0/3418580590 shutdown_connections
2024-03-19T01:40:07.004 INFO:teuthology.orchestra.run.smithi046.stdout:/usr/bin/ceph: stderr
2024-03-19T01:40:06.460+0000 7f2ec9e54700 1 --2- 172.21.15.46:0/3418580590 >> [v2:172.21.15.46:6800/2839078617,v1:172.21.15.46:6801/2839078617] conn(0x7f2eb0039030 0x7f2eb003b4f0 unknown :-1 s=CLOSED pgs=14 cs=0 l=1 rev1=1 crypto rx=0 tx=0 comp rx=0 tx=0).stop
2024-03-19T01:40:07.005 INFO:teuthology.orchestra.run.smithi046.stdout:/usr/bin/ceph: stderr
2024-03-19T01:40:06.460+0000 7f2ec9e54700 1 --2- 172.21.15.46:0/3418580590 >> [v2:172.21.15.46:3300/0,v1:172.21.15.46:6789/0] conn(0x7f2ec41060a0 0x7f2ec419b870 unknown :-1 s=CLOSED pgs=52 cs=0 l=1 rev1=1 crypto rx=0 tx=0 comp rx=0 tx=0).stop
2024-03-19T01:40:07.005 INFO:teuthology.orchestra.run.smithi046.stdout:/usr/bin/ceph: stderr
2024-03-19T01:40:06.460+0000 7f2ec9e54700 1 -- 172.21.15.46:0/3418580590 >> 172.21.15.46:0/3418580590 conn(0x7f2ec4101640 msgr2=0x7f2ec4103820 unknown :-1 s=STATE_NONE l=0).mark_down
2024-03-19T01:40:07.005 INFO:teuthology.orchestra.run.smithi046.stdout:/usr/bin/ceph: stderr
2024-03-19T01:40:06.461+0000 7f2ec9e54700 1 -- 172.21.15.46:0/3418580590 shutdown_connections
2024-03-19T01:40:07.005 INFO:teuthology.orchestra.run.smithi046.stdout:/usr/bin/ceph: stderr
2024-03-19T01:40:06.461+0000 7f2ec9e54700 1 -- 172.21.15.46:0/3418580590 wait complete.
2024-03-19T01:40:08.828 INFO:journalctl@ceph.mon.a.smithi046.stdout:Mar 19 01:40:08 smithi046 ceph-mon[63102]: from='client.? 172.21.15.46:0/4159045245' entity='client.admin'
2024-03-19T01:40:08.828 INFO:journalctl@ceph.mon.a.smithi046.stdout:Mar 19 01:40:08 smithi046 ceph-mon[63102]: from='mgr.14120 172.21.15.46:0/57248' entity='mgr.x'
2024-03-19T01:40:09.045 INFO:teuthology.orchestra.run.smithi046.stdout:/usr/bin/ceph: stderr
2024-03-19T01:40:07.442+0000 7f6f87a5a700 1 Processor -- start
2024-03-19T01:40:09.045 INFO:teuthology.orchestra.run.smithi046.stdout:/usr/bin/ceph: stderr
2024-03-19T01:40:07.442+0000 7f6f87a5a700 1 -- start start
2024-03-19T01:40:09.045 INFO:teuthology.orchestra.run.smithi046.stdout:/usr/bin/ceph: stderr
2024-03-19T01:40:07.443+0000 7f6f87a5a700 1 --2- >> [v2:172.21.15.46:3300/0,v1:172.21.15.46:6789/0] conn(0x7f6f801068d0 0x7f6f80106cf0 unknown :-1 s=NONE pgs=0 cs=0 l=0 rev1=0 crypto rx=0 tx=0 comp rx=0 tx=0).connect
2024-03-19T01:40:09.045 INFO:teuthology.orchestra.run.smithi046.stdout:/usr/bin/ceph: stderr
2024-03-19T01:40:07.443+0000 7f6f87a5a700 1 -- --> [v2:172.21.15.46:3300/0,v1:172.21.15.46:6789/0] -- mon_getmap magic: 0 -- 0x7f6f801072c0 con 0x7f6f801068d0
2024-03-19T01:40:09.045 INFO:teuthology.orchestra.run.smithi046.stdout:/usr/bin/ceph: stderr
2024-03-19T01:40:07.443+0000 7f6f857f6700 1 --2- >> [v2:172.21.15.46:3300/0,v1:172.21.15.46:6789/0] conn(0x7f6f801068d0 0x7f6f80106cf0 unknown :-1 s=BANNER_CONNECTING pgs=0 cs=0 l=0 rev1=0 crypto rx=0 tx=0 comp rx=0 tx=0)._handle_peer_banner_payload supported=3 required=0
2024-03-19T01:40:09.045 INFO:teuthology.orchestra.run.smithi046.stdout:/usr/bin/ceph: stderr
2024-03-19T01:40:07.443+0000 7f6f857f6700 1 --2- >> [v2:172.21.15.46:3300/0,v1:172.21.15.46:6789/0] conn(0x7f6f801068d0 0x7f6f80106cf0 unknown :-1 s=HELLO_CONNECTING pgs=0 cs=0 l=0 rev1=1 crypto rx=0 tx=0 comp rx=0 tx=0).handle_hello peer v2:172.21.15.46:3300/0 says I am v2:172.21.15.46:59888/0 (socket says 172.21.15.46:59888)
2024-03-19T01:40:09.046 INFO:teuthology.orchestra.run.smithi046.stdout:/usr/bin/ceph: stderr
2024-03-19T01:40:07.443+0000 7f6f857f6700 1 -- 172.21.15.46:0/3846324128 learned_addr learned my addr 172.21.15.46:0/3846324128 (peer_addr_for_me v2:172.21.15.46:0/0)
2024-03-19T01:40:09.046 INFO:teuthology.orchestra.run.smithi046.stdout:/usr/bin/ceph: stderr
2024-03-19T01:40:07.443+0000 7f6f857f6700 1 -- 172.21.15.46:0/3846324128 --> [v2:172.21.15.46:3300/0,v1:172.21.15.46:6789/0] -- mon_subscribe({config=0+,monmap=0+}) -- 0x7f6f80107ad0 con 0x7f6f801068d0
2024-03-19T01:40:09.046 INFO:teuthology.orchestra.run.smithi046.stdout:/usr/bin/ceph: stderr
2024-03-19T01:40:07.443+0000 7f6f857f6700 1 --2- 172.21.15.46:0/3846324128 >> [v2:172.21.15.46:3300/0,v1:172.21.15.46:6789/0] conn(0x7f6f801068d0 0x7f6f80106cf0 secure :-1 s=READY pgs=53 cs=0 l=1 rev1=1 crypto rx=0x7f6f7c0098a0 tx=0x7f6f7c009bb0 comp rx=0 tx=0).ready entity=mon.0 client_cookie=1f2dfeb18ca11717 server_cookie=0 in_seq=0 out_seq=0
2024-03-19T01:40:09.046 INFO:teuthology.orchestra.run.smithi046.stdout:/usr/bin/ceph: stderr
2024-03-19T01:40:07.443+0000 7f6f77fff700 1 -- 172.21.15.46:0/3846324128 <== mon.0 v2:172.21.15.46:3300/0 1 ==== mon_map magic: 0 ==== 205+0+0 (secure 0 0 0) 0x7f6f7c004160 con 0x7f6f801068d0
2024-03-19T01:40:09.046 INFO:teuthology.orchestra.run.smithi046.stdout:/usr/bin/ceph: stderr
2024-03-19T01:40:07.444+0000 7f6f77fff700 1 -- 172.21.15.46:0/3846324128 <== mon.0 v2:172.21.15.46:3300/0 2 ==== config(26 keys) ==== 1102+0+0 (secure 0 0 0) 0x7f6f7c004300 con 0x7f6f801068d0
2024-03-19T01:40:09.046 INFO:teuthology.orchestra.run.smithi046.stdout:/usr/bin/ceph: stderr
