2024-03-19T01:43:09.770 INFO:journalctl@ceph.mgr.x.smithi092.stdout:Mar 19 01:43:09 smithi092 ceph-d1e857f4-e591-11ee-95c9-87774f69a715-mgr-x[62805]:
2024-03-19T01:43:09.587+0000 7f761404a200 -1 mgr[py] Module test_orchestrator has missing NOTIFY_TYPES member
2024-03-19T01:43:09.770 INFO:journalctl@ceph.mgr.x.smithi092.stdout:Mar 19 01:43:09 smithi092 ceph-d1e857f4-e591-11ee-95c9-87774f69a715-mgr-x[62805]:
2024-03-19T01:43:09.770+0000 7f761404a200 -1 mgr[py] Module crash has missing NOTIFY_TYPES member
2024-03-19T01:43:10.310 INFO:journalctl@ceph.mgr.x.smithi092.stdout:Mar 19 01:43:10 smithi092 ceph-d1e857f4-e591-11ee-95c9-87774f69a715-mgr-x[62805]:
2024-03-19T01:43:10.053+0000 7f761404a200 -1 mgr[py] Module orchestrator has missing NOTIFY_TYPES member
2024-03-19T01:43:10.310 INFO:journalctl@ceph.mgr.x.smithi092.stdout:Mar 19 01:43:10 smithi092 ceph-d1e857f4-e591-11ee-95c9-87774f69a715-mgr-x[62805]:
2024-03-19T01:43:10.309+0000 7f761404a200 -1 mgr[py] Module osd_support has missing NOTIFY_TYPES member
2024-03-19T01:43:10.560 INFO:journalctl@ceph.mgr.x.smithi092.stdout:Mar 19 01:43:10 smithi092 ceph-d1e857f4-e591-11ee-95c9-87774f69a715-mgr-x[62805]:
2024-03-19T01:43:10.545+0000 7f761404a200 -1 mgr[py] Module volumes has missing NOTIFY_TYPES member
2024-03-19T01:43:11.810 INFO:journalctl@ceph.mgr.x.smithi092.stdout:Mar 19 01:43:11 smithi092 ceph-d1e857f4-e591-11ee-95c9-87774f69a715-mgr-x[62805]:
2024-03-19T01:43:11.336+0000 7f761404a200 -1 mgr[py] Module telemetry has missing NOTIFY_TYPES member
2024-03-19T01:43:12.207 INFO:journalctl@ceph.mgr.x.smithi092.stdout:Mar 19 01:43:11 smithi092 ceph-d1e857f4-e591-11ee-95c9-87774f69a715-mgr-x[62805]:
2024-03-19T01:43:11.898+0000 7f761404a200 -1 mgr[py] Module prometheus has missing NOTIFY_TYPES member
2024-03-19T01:43:12.207 INFO:journalctl@ceph.mgr.x.smithi092.stdout:Mar 19 01:43:11 smithi092 ceph-d1e857f4-e591-11ee-95c9-87774f69a715-mgr-x[62805]:
2024-03-19T01:43:11.994+0000 7f761404a200 -1 mgr[py] Module status has missing NOTIFY_TYPES member
2024-03-19T01:43:12.207 INFO:journalctl@ceph.mgr.x.smithi092.stdout:Mar 19 01:43:12 smithi092 ceph-d1e857f4-e591-11ee-95c9-87774f69a715-mgr-x[62805]:
2024-03-19T01:43:12.206+0000 7f761404a200 -1 mgr[py] Module nfs has missing NOTIFY_TYPES member
2024-03-19T01:43:12.560 INFO:journalctl@ceph.mon.a.smithi092.stdout:Mar 19 01:43:12 smithi092 ceph-mon[62574]: Active manager daemon x restarted
2024-03-19T01:43:12.560 INFO:journalctl@ceph.mon.a.smithi092.stdout:Mar 19 01:43:12 smithi092 ceph-mon[62574]: Activating manager daemon x
2024-03-19T01:43:12.560 INFO:journalctl@ceph.mon.a.smithi092.stdout:Mar 19 01:43:12 smithi092 ceph-mon[62574]: osdmap e2: 0 total, 0 up, 0 in
2024-03-19T01:43:12.561 INFO:journalctl@ceph.mon.a.smithi092.stdout:Mar 19 01:43:12 smithi092 ceph-mon[62574]: mgrmap e6: x(active, starting, since 0.00314064s)
2024-03-19T01:43:12.561 INFO:journalctl@ceph.mon.a.smithi092.stdout:Mar 19 01:43:12 smithi092 ceph-mon[62574]: from='mgr.14120 172.21.15.92:0/815355771' entity='mgr.x' cmd=[{"prefix": "mon metadata", "id": "a"}]: dispatch
2024-03-19T01:43:12.561 INFO:journalctl@ceph.mon.a.smithi092.stdout:Mar 19 01:43:12 smithi092 ceph-mon[62574]: from='mgr.14120 172.21.15.92:0/815355771' entity='mgr.x' cmd=[{"prefix": "mgr metadata", "who": "x", "id": "x"}]: dispatch
2024-03-19T01:43:12.561 INFO:journalctl@ceph.mon.a.smithi092.stdout:Mar 19 01:43:12 smithi092 ceph-mon[62574]: from='mgr.14120 172.21.15.92:0/815355771' entity='mgr.x' cmd=[{"prefix": "mds metadata"}]: dispatch
2024-03-19T01:43:12.561 INFO:journalctl@ceph.mon.a.smithi092.stdout:Mar 19 01:43:12 smithi092 ceph-mon[62574]: from='mgr.14120 172.21.15.92:0/815355771' entity='mgr.x' cmd=[{"prefix": "osd metadata"}]: dispatch
2024-03-19T01:43:12.561 INFO:journalctl@ceph.mon.a.smithi092.stdout:Mar 19 01:43:12 smithi092 ceph-mon[62574]: from='mgr.14120 172.21.15.92:0/815355771' entity='mgr.x' cmd=[{"prefix": "mon metadata"}]: dispatch
2024-03-19T01:43:12.561 INFO:journalctl@ceph.mon.a.smithi092.stdout:Mar 19 01:43:12 smithi092 ceph-mon[62574]: Manager daemon x is now available
2024-03-19T01:43:12.561 INFO:journalctl@ceph.mon.a.smithi092.stdout:Mar 19 01:43:12 smithi092 ceph-mon[62574]: from='mgr.14120 172.21.15.92:0/815355771' entity='mgr.x'
2024-03-19T01:43:12.561 INFO:journalctl@ceph.mon.a.smithi092.stdout:Mar 19 01:43:12 smithi092 ceph-mon[62574]: from='mgr.14120 172.21.15.92:0/815355771' entity='mgr.x'
2024-03-19T01:43:12.561 INFO:journalctl@ceph.mon.a.smithi092.stdout:Mar 19 01:43:12 smithi092 ceph-mon[62574]: from='mgr.14120 172.21.15.92:0/815355771' entity='mgr.x' cmd=[{"prefix": "config dump", "format": "json"}]: dispatch
2024-03-19T01:43:12.561 INFO:journalctl@ceph.mon.a.smithi092.stdout:Mar 19 01:43:12 smithi092 ceph-mon[62574]: from='mgr.14120 172.21.15.92:0/815355771' entity='mgr.x' cmd=[{"prefix": "config dump", "format": "json"}]: dispatch
2024-03-19T01:43:13.560 INFO:journalctl@ceph.mon.a.smithi092.stdout:Mar 19 01:43:13 smithi092 ceph-mon[62574]: Found migration_current of "None". Setting to last migration.
2024-03-19T01:43:13.560 INFO:journalctl@ceph.mon.a.smithi092.stdout:Mar 19 01:43:13 smithi092 ceph-mon[62574]: from='mgr.14120 172.21.15.92:0/815355771' entity='mgr.x' cmd=[{"prefix": "config dump", "format": "json"}]: dispatch
2024-03-19T01:43:13.560 INFO:journalctl@ceph.mon.a.smithi092.stdout:Mar 19 01:43:13 smithi092 ceph-mon[62574]: from='mgr.14120 172.21.15.92:0/815355771' entity='mgr.x' cmd=[{"prefix":"config rm","who":"mgr","name":"mgr/rbd_support/x/mirror_snapshot_schedule"}]: dispatch
2024-03-19T01:43:13.561 INFO:journalctl@ceph.mon.a.smithi092.stdout:Mar 19 01:43:13 smithi092 ceph-mon[62574]: from='mgr.14120 172.21.15.92:0/815355771' entity='mgr.x' cmd=[{"prefix":"config rm","who":"mgr","name":"mgr/rbd_support/x/trash_purge_schedule"}]: dispatch
2024-03-19T01:43:13.561 INFO:journalctl@ceph.mon.a.smithi092.stdout:Mar 19 01:43:13 smithi092 ceph-mon[62574]: from='mgr.14120 172.21.15.92:0/815355771' entity='mgr.x'
2024-03-19T01:43:13.561 INFO:journalctl@ceph.mon.a.smithi092.stdout:Mar 19 01:43:13 smithi092 ceph-mon[62574]: from='mgr.14120 172.21.15.92:0/815355771' entity='mgr.x'
2024-03-19T01:43:13.561 INFO:journalctl@ceph.mon.a.smithi092.stdout:Mar 19 01:43:13 smithi092 ceph-mon[62574]: mgrmap e7: x(active, since 1.00533s)
2024-03-19T01:43:13.839 INFO:teuthology.orchestra.run.smithi092.stdout:/usr/bin/ceph: stdout {
2024-03-19T01:43:14.697 INFO:teuthology.orchestra.run.smithi092.stdout:/usr/bin/ceph: stdout "mgrmap_epoch": 7,
2024-03-19T01:43:14.697 INFO:teuthology.orchestra.run.smithi092.stdout:/usr/bin/ceph: stdout "initialized": true
2024-03-19T01:43:14.697 INFO:teuthology.orchestra.run.smithi092.stdout:/usr/bin/ceph: stdout }
2024-03-19T01:43:14.697 INFO:teuthology.orchestra.run.smithi092.stdout:/usr/bin/ceph: stderr
2024-03-19T01:43:07.731+0000 7f376cea1700 1 Processor -- start
2024-03-19T01:43:14.697 INFO:teuthology.orchestra.run.smithi092.stdout:/usr/bin/ceph: stderr
2024-03-19T01:43:07.731+0000 7f376cea1700 1 -- start start
2024-03-19T01:43:14.698 INFO:teuthology.orchestra.run.smithi092.stdout:/usr/bin/ceph: stderr
2024-03-19T01:43:07.731+0000 7f376cea1700 1 --2- >> [v2:172.21.15.92:3300/0,v1:172.21.15.92:6789/0] conn(0x7f37681062f0 0x7f3768106710 unknown :-1 s=NONE pgs=0 cs=0 l=0 rev1=0 crypto rx=0 tx=0 comp rx=0 tx=0).connect
2024-03-19T01:43:14.698 INFO:teuthology.orchestra.run.smithi092.stdout:/usr/bin/ceph: stderr
2024-03-19T01:43:07.731+0000 7f376cea1700 1 -- --> [v2:172.21.15.92:3300/0,v1:172.21.15.92:6789/0] -- mon_getmap magic: 0 -- 0x7f3768106ce0 con 0x7f37681062f0
2024-03-19T01:43:14.698 INFO:teuthology.orchestra.run.smithi092.stdout:/usr/bin/ceph: stderr
2024-03-19T01:43:07.732+0000 7f376659c700 1 --2- >> [v2:172.21.15.92:3300/0,v1:172.21.15.92:6789/0] conn(0x7f37681062f0 0x7f3768106710 unknown :-1 s=BANNER_CONNECTING pgs=0 cs=0 l=0 rev1=0 crypto rx=0 tx=0 comp rx=0 tx=0)._handle_peer_banner_payload supported=3 required=0
2024-03-19T01:43:14.698 INFO:teuthology.orchestra.run.smithi092.stdout:/usr/bin/ceph: stderr
2024-03-19T01:43:07.732+0000 7f376659c700 1 --2- >> [v2:172.21.15.92:3300/0,v1:172.21.15.92:6789/0] conn(0x7f37681062f0 0x7f3768106710 unknown :-1 s=HELLO_CONNECTING pgs=0 cs=0 l=0 rev1=1 crypto rx=0 tx=0 comp rx=0 tx=0).handle_hello peer v2:172.21.15.92:3300/0 says I am v2:172.21.15.92:48888/0 (socket says 172.21.15.92:48888)
2024-03-19T01:43:14.698 INFO:teuthology.orchestra.run.smithi092.stdout:/usr/bin/ceph: stderr
2024-03-19T01:43:07.732+0000 7f376659c700 1 -- 172.21.15.92:0/703275895 learned_addr learned my addr 172.21.15.92:0/703275895 (peer_addr_for_me v2:172.21.15.92:0/0)
2024-03-19T01:43:14.698 INFO:teuthology.orchestra.run.smithi092.stdout:/usr/bin/ceph: stderr
2024-03-19T01:43:07.732+0000 7f376659c700 1 -- 172.21.15.92:0/703275895 --> [v2:172.21.15.92:3300/0,v1:172.21.15.92:6789/0] -- mon_subscribe({config=0+,monmap=0+}) -- 0x7f37681074f0 con 0x7f37681062f0
2024-03-19T01:43:14.698 INFO:teuthology.orchestra.run.smithi092.stdout:/usr/bin/ceph: stderr
2024-03-19T01:43:07.732+0000 7f376659c700 1 --2- 172.21.15.92:0/703275895 >> [v2:172.21.15.92:3300/0,v1:172.21.15.92:6789/0] conn(0x7f37681062f0 0x7f3768106710 secure :-1 s=READY pgs=28 cs=0 l=1 rev1=1 crypto rx=0x7f375c00ac50 tx=0x7f375c00af60 comp rx=0 tx=0).ready entity=mon.0 client_cookie=4dd1ee3c6b992969 server_cookie=0 in_seq=0 out_seq=0
2024-03-19T01:43:14.698 INFO:teuthology.orchestra.run.smithi092.stdout:/usr/bin/ceph: stderr
2024-03-19T01:43:07.732+0000 7f376559a700 1 -- 172.21.15.92:0/703275895 <== mon.0 v2:172.21.15.92:3300/0 1 ==== mon_map magic: 0 ==== 205+0+0 (secure 0 0 0) 0x7f375c00b040 con 0x7f37681062f0
2024-03-19T01:43:14.698 INFO:teuthology.orchestra.run.smithi092.stdout:/usr/bin/ceph: stderr
2024-03-19T01:43:07.732+0000 7f376559a700 1 -- 172.21.15.92:0/703275895 <== mon.0 v2:172.21.15.92:3300/0 2 ==== config(27 keys) ==== 1109+0+0 (secure 0 0 0) 0x7f375c0044f0 con 0x7f37681062f0
2024-03-19T01:43:14.698 INFO:teuthology.orchestra.run.smithi092.stdout:/usr/bin/ceph: stderr
2024-03-19T01:43:07.732+0000 7f376559a700 1 -- 172.21.15.92:0/703275895 <== mon.0 v2:172.21.15.92:3300/0 3 ==== mon_map magic: 0 ==== 205+0+0 (secure 0 0 0) 0x7f375c0103f0 con 0x7f37681062f0
2024-03-19T01:43:14.698 INFO:teuthology.orchestra.run.smithi092.stdout:/usr/bin/ceph: stderr
2024-03-19T01:43:07.733+0000 7f376cea1700 1 -- 172.21.15.92:0/703275895 >> [v2:172.21.15.92:3300/0,v1:172.21.15.92:6789/0] conn(0x7f37681062f0 msgr2=0x7f3768106710 secure :-1 s=STATE_CONNECTION_ESTABLISHED l=1).mark_down
2024-03-19T01:43:14.699 INFO:teuthology.orchestra.run.smithi092.stdout:/usr/bin/ceph: stderr
2024-03-19T01:43:07.733+0000 7f376cea1700 1 --2- 172.21.15.92:0/703275895 >> [v2:172.21.15.92:3300/0,v1:172.21.15.92:6789/0] conn(0x7f37681062f0 0x7f3768106710 secure :-1 s=READY pgs=28 cs=0 l=1 rev1=1 crypto rx=0x7f375c00ac50 tx=0x7f375c00af60 comp rx=0 tx=0).stop
2024-03-19T01:43:14.699 INFO:teuthology.orchestra.run.smithi092.stdout:/usr/bin/ceph: stderr
2024-03-19T01:43:07.733+0000 7f376cea1700 1 -- 172.21.15.92:0/703275895 shutdown_connections
2024-03-19T01:43:14.699 INFO:teuthology.orchestra.run.smithi092.stdout:/usr/bin/ceph: stderr
2024-03-19T01:43:07.733+0000 7f376cea1700 1 --2- 172.21.15.92:0/703275895 >> [v2:172.21.15.92:3300/0,v1:172.21.15.92:6789/0] conn(0x7f37681062f0 0x7f3768106710 unknown :-1 s=CLOSED pgs=28 cs=0 l=1 rev1=1 crypto rx=0 tx=0 comp rx=0 tx=0).stop
2024-03-19T01:43:14.699 INFO:teuthology.orchestra.run.smithi092.stdout:/usr/bin/ceph: stderr
2024-03-19T01:43:07.733+0000 7f376cea1700 1 -- 172.21.15.92:0/703275895 >> 172.21.15.92:0/703275895 conn(0x7f37681018d0 msgr2=0x7f3768103cf0 unknown :-1 s=STATE_NONE l=0).mark_down
2024-03-19T01:43:14.699 INFO:teuthology.orchestra.run.smithi092.stdout:/usr/bin/ceph: stderr
2024-03-19T01:43:07.733+0000 7f376cea1700 1 -- 172.21.15.92:0/703275895 shutdown_connections
2024-03-19T01:43:14.699 INFO:teuthology.orchestra.run.smithi092.stdout:/usr/bin/ceph: stderr
2024-03-19T01:43:07.733+0000 7f376cea1700 1 -- 172.21.15.92:0/703275895 wait complete.
2024-03-19T01:43:14.699 INFO:teuthology.orchestra.run.smithi092.stdout:/usr/bin/ceph: stderr
2024-03-19T01:43:07.734+0000 7f376cea1700 1 Processor -- start
2024-03-19T01:43:14.699 INFO:teuthology.orchestra.run.smithi092.stdout:/usr/bin/ceph: stderr
2024-03-19T01:43:07.734+0000 7f376cea1700 1 -- start start
2024-03-19T01:43:14.699 INFO:teuthology.orchestra.run.smithi092.stdout:/usr/bin/ceph: stderr
2024-03-19T01:43:07.734+0000 7f376cea1700 1 --2- >> [v2:172.21.15.92:3300/0,v1:172.21.15.92:6789/0] conn(0x7f37681062f0 0x7f376819bc50 unknown :-1 s=NONE pgs=0 cs=0 l=1 rev1=0 crypto rx=0 tx=0 comp rx=0 tx=0).connect
2024-03-19T01:43:14.699 INFO:teuthology.orchestra.run.smithi092.stdout:/usr/bin/ceph: stderr
2024-03-19T01:43:07.734+0000 7f376cea1700 1 -- --> [v2:172.21.15.92:3300/0,v1:172.21.15.92:6789/0] -- mon_getmap magic: 0 -- 0x7f3768107c10 con 0x7f37681062f0
2024-03-19T01:43:14.699 INFO:teuthology.orchestra.run.smithi092.stdout:/usr/bin/ceph: stderr
2024-03-19T01:43:07.734+0000 7f376659c700 1 --2- >> [v2:172.21.15.92:3300/0,v1:172.21.15.92:6789/0] conn(0x7f37681062f0 0x7f376819bc50 unknown :-1 s=BANNER_CONNECTING pgs=0 cs=0 l=1 rev1=0 crypto rx=0 tx=0 comp rx=0 tx=0)._handle_peer_banner_payload supported=3 required=0
2024-03-19T01:43:14.699 INFO:teuthology.orchestra.run.smithi092.stdout:/usr/bin/ceph: stderr
2024-03-19T01:43:07.734+0000 7f376659c700 1 --2- >> [v2:172.21.15.92:3300/0,v1:172.21.15.92:6789/0] conn(0x7f37681062f0 0x7f376819bc50 unknown :-1 s=HELLO_CONNECTING pgs=0 cs=0 l=1 rev1=1 crypto rx=0 tx=0 comp rx=0 tx=0).handle_hello peer v2:172.21.15.92:3300/0 says I am v2:172.21.15.92:48900/0 (socket says 172.21.15.92:48900)
2024-03-19T01:43:14.699 INFO:teuthology.orchestra.run.smithi092.stdout:/usr/bin/ceph: stderr
2024-03-19T01:43:07.734+0000 7f376659c700 1 -- 172.21.15.92:0/1931437187 learned_addr learned my addr 172.21.15.92:0/1931437187 (peer_addr_for_me v2:172.21.15.92:0/0)
2024-03-19T01:43:14.699 INFO:teuthology.orchestra.run.smithi092.stdout:/usr/bin/ceph: stderr
2024-03-19T01:43:07.734+0000 7f376659c700 1 -- 172.21.15.92:0/1931437187 --> [v2:172.21.15.92:3300/0,v1:172.21.15.92:6789/0] -- mon_subscribe({config=0+,monmap=0+}) -- 0x7f376819c190 con 0x7f37681062f0
2024-03-19T01:43:14.700 INFO:teuthology.orchestra.run.smithi092.stdout:/usr/bin/ceph: stderr
2024-03-19T01:43:07.734+0000 7f376659c700 1 --2- 172.21.15.92:0/1931437187 >> [v2:172.21.15.92:3300/0,v1:172.21.15.92:6789/0] conn(0x7f37681062f0 0x7f376819bc50 secure :-1 s=READY pgs=29 cs=0 l=1 rev1=1 crypto rx=0x7f375c0046e0 tx=0x7f375c003f50 comp rx=0 tx=0).ready entity=mon.0 client_cookie=0 server_cookie=0 in_seq=0 out_seq=0
2024-03-19T01:43:14.700 INFO:teuthology.orchestra.run.smithi092.stdout:/usr/bin/ceph: stderr
2024-03-19T01:43:07.735+0000 7f37577fe700 1 -- 172.21.15.92:0/1931437187 <== mon.0 v2:172.21.15.92:3300/0 1 ==== mon_map magic: 0 ==== 205+0+0 (secure 0 0 0) 0x7f375c026070 con 0x7f37681062f0
2024-03-19T01:43:14.700 INFO:teuthology.orchestra.run.smithi092.stdout:/usr/bin/ceph: stderr
2024-03-19T01:43:07.735+0000 7f37577fe700 1 -- 172.21.15.92:0/1931437187 <== mon.0 v2:172.21.15.92:3300/0 2 ==== config(27 keys) ==== 1109+0+0 (secure 0 0 0) 0x7f375c0036a0 con 0x7f37681062f0
2024-03-19T01:43:14.700 INFO:teuthology.orchestra.run.smithi092.stdout:/usr/bin/ceph: stderr
2024-03-19T01:43:07.735+0000 7f376cea1700 1 -- 172.21.15.92:0/1931437187 --> [v2:172.21.15.92:3300/0,v1:172.21.15.92:6789/0] -- mon_subscribe({mgrmap=0+}) -- 0x7f376819c420 con 0x7f37681062f0
2024-03-19T01:43:14.700 INFO:teuthology.orchestra.run.smithi092.stdout:/usr/bin/ceph: stderr
2024-03-19T01:43:07.735+0000 7f37577fe700 1 -- 172.21.15.92:0/1931437187 <== mon.0 v2:172.21.15.92:3300/0 3 ==== mon_map magic: 0 ==== 205+0+0 (secure 0 0 0) 0x7f375c021b50 con 0x7f37681062f0
2024-03-19T01:43:14.700 INFO:teuthology.orchestra.run.smithi092.stdout:/usr/bin/ceph: stderr
2024-03-19T01:43:07.735+0000 7f376cea1700 1 -- 172.21.15.92:0/1931437187 --> [v2:172.21.15.92:3300/0,v1:172.21.15.92:6789/0] -- mon_subscribe({osdmap=0}) -- 0x7f376819f110 con 0x7f37681062f0
2024-03-19T01:43:14.700 INFO:teuthology.orchestra.run.smithi092.stdout:/usr/bin/ceph: stderr
2024-03-19T01:43:07.736+0000 7f37577fe700 1 -- 172.21.15.92:0/1931437187 <== mon.0 v2:172.21.15.92:3300/0 4 ==== mgrmap(e 5) ==== 46106+0+0 (secure 0 0 0) 0x7f375c029070 con 0x7f37681062f0
2024-03-19T01:43:14.700 INFO:teuthology.orchestra.run.smithi092.stdout:/usr/bin/ceph: stderr
2024-03-19T01:43:07.736+0000 7f37577fe700 1 --2- 172.21.15.92:0/1931437187 >> [v2:172.21.15.92:6800/1465441882,v1:172.21.15.92:6801/1465441882] conn(0x7f3750038ed0 0x7f375003b390 unknown :-1 s=NONE pgs=0 cs=0 l=1 rev1=0 crypto rx=0 tx=0 comp rx=0 tx=0).connect
2024-03-19T01:43:14.700 INFO:teuthology.orchestra.run.smithi092.stdout:/usr/bin/ceph: stderr
2024-03-19T01:43:07.736+0000 7f37577fe700 1 -- 172.21.15.92:0/1931437187 --> [v2:172.21.15.92:6800/1465441882,v1:172.21.15.92:6801/1465441882] -- command(tid 0: {"prefix": "get_command_descriptions"}) -- 0x7f375003baa0 con 0x7f3750038ed0
2024-03-19T01:43:14.700 INFO:teuthology.orchestra.run.smithi092.stdout:/usr/bin/ceph: stderr
2024-03-19T01:43:07.736+0000 7f3765d9b700 1 -- 172.21.15.92:0/1931437187 >> [v2:172.21.15.92:6800/1465441882,v1:172.21.15.92:6801/1465441882] conn(0x7f3750038ed0 msgr2=0x7f375003b390 unknown :-1 s=STATE_CONNECTING_RE l=1).process reconnect failed to v2:172.21.15.92:6800/1465441882
2024-03-19T01:43:14.700 INFO:teuthology.orchestra.run.smithi092.stdout:/usr/bin/ceph: stderr
2024-03-19T01:43:07.736+0000 7f37577fe700 1 -- 172.21.15.92:0/1931437187 <== mon.0 v2:172.21.15.92:3300/0 5 ==== osd_map(1..1 src has 1..1) ==== 725+0+0 (secure 0 0 0) 0x7f375c04d4a0 con 0x7f37681062f0
2024-03-19T01:43:14.700 INFO:teuthology.orchestra.run.smithi092.stdout:/usr/bin/ceph: stderr
2024-03-19T01:43:07.736+0000 7f3765d9b700 1 --2- 172.21.15.92:0/1931437187 >> [v2:172.21.15.92:6800/1465441882,v1:172.21.15.92:6801/1465441882] conn(0x7f3750038ed0 0x7f375003b390 unknown :-1 s=START_CONNECT pgs=0 cs=0 l=1 rev1=0 crypto rx=0 tx=0 comp rx=0 tx=0)._fault waiting 0.200000
2024-03-19T01:43:14.700 INFO:teuthology.orchestra.run.smithi092.stdout:/usr/bin/ceph: stderr
2024-03-19T01:43:07.937+0000 7f3765d9b700 1 -- 172.21.15.92:0/1931437187 >> [v2:172.21.15.92:6800/1465441882,v1:172.21.15.92:6801/1465441882] conn(0x7f3750038ed0 msgr2=0x7f375003b390 unknown :-1 s=STATE_CONNECTING_RE l=1).process reconnect failed to v2:172.21.15.92:6800/1465441882
2024-03-19T01:43:14.700 INFO:teuthology.orchestra.run.smithi092.stdout:/usr/bin/ceph: stderr
2024-03-19T01:43:07.937+0000 7f3765d9b700 1 --2- 172.21.15.92:0/1931437187 >> [v2:172.21.15.92:6800/1465441882,v1:172.21.15.92:6801/1465441882] conn(0x7f3750038ed0 0x7f375003b390 unknown :-1 s=START_CONNECT pgs=0 cs=0 l=1 rev1=0 crypto rx=0 tx=0 comp rx=0 tx=0)._fault waiting 0.400000
2024-03-19T01:43:14.701 INFO:teuthology.orchestra.run.smithi092.stdout:/usr/bin/ceph: stderr
2024-03-19T01:43:08.338+0000 7f3765d9b700 1 -- 172.21.15.92:0/1931437187 >> [v2:172.21.15.92:6800/1465441882,v1:172.21.15.92:6801/1465441882] conn(0x7f3750038ed0 msgr2=0x7f375003b390 unknown :-1 s=STATE_CONNECTING_RE l=1).process reconnect failed to v2:172.21.15.92:6800/1465441882
2024-03-19T01:43:14.701 INFO:teuthology.orchestra.run.smithi092.stdout:/usr/bin/ceph: stderr
2024-03-19T01:43:08.338+0000 7f3765d9b700 1 --2- 172.21.15.92:0/1931437187 >> [v2:172.21.15.92:6800/1465441882,v1:172.21.15.92:6801/1465441882] conn(0x7f3750038ed0 0x7f375003b390 unknown :-1 s=START_CONNECT pgs=0 cs=0 l=1 rev1=0 crypto rx=0 tx=0 comp rx=0 tx=0)._fault waiting 0.800000
2024-03-19T01:43:14.701 INFO:teuthology.orchestra.run.smithi092.stdout:/usr/bin/ceph: stderr
2024-03-19T01:43:09.139+0000 7f3765d9b700 1 -- 172.21.15.92:0/1931437187 >> [v2:172.21.15.92:6800/1465441882,v1:172.21.15.92:6801/1465441882] conn(0x7f3750038ed0 msgr2=0x7f375003b390 unknown :-1 s=STATE_CONNECTING_RE l=1).process reconnect failed to v2:172.21.15.92:6800/1465441882
2024-03-19T01:43:14.701 INFO:teuthology.orchestra.run.smithi092.stdout:/usr/bin/ceph: stderr
2024-03-19T01:43:09.139+0000 7f3765d9b700 1 --2- 172.21.15.92:0/1931437187 >> [v2:172.21.15.92:6800/1465441882,v1:172.21.15.92:6801/1465441882] conn(0x7f3750038ed0 0x7f375003b390 unknown :-1 s=START_CONNECT pgs=0 cs=0 l=1 rev1=0 crypto rx=0 tx=0 comp rx=0 tx=0)._fault waiting 1.600000
2024-03-19T01:43:14.701 INFO:teuthology.orchestra.run.smithi092.stdout:/usr/bin/ceph: stderr
2024-03-19T01:43:10.740+0000 7f3765d9b700 1 -- 172.21.15.92:0/1931437187 >> [v2:172.21.15.92:6800/1465441882,v1:172.21.15.92:6801/1465441882] conn(0x7f3750038ed0 msgr2=0x7f375003b390 unknown :-1 s=STATE_CONNECTING_RE l=1).process reconnect failed to v2:172.21.15.92:6800/1465441882
2024-03-19T01:43:14.701 INFO:teuthology.orchestra.run.smithi092.stdout:/usr/bin/ceph: stderr
2024-03-19T01:43:10.740+0000 7f3765d9b700 1 --2- 172.21.15.92:0/1931437187 >> [v2:172.21.15.92:6800/1465441882,v1:172.21.15.92:6801/1465441882] conn(0x7f3750038ed0 0x7f375003b390 unknown :-1 s=START_CONNECT pgs=0 cs=0 l=1 rev1=0 crypto rx=0 tx=0 comp rx=0 tx=0)._fault waiting 3.200000
2024-03-19T01:43:14.701 INFO:teuthology.orchestra.run.smithi092.stdout:/usr/bin/ceph: stderr
2024-03-19T01:43:12.222+0000 7f37577fe700 1 -- 172.21.15.92:0/1931437187 <== mon.0 v2:172.21.15.92:3300/0 6 ==== mgrmap(e 6) ==== 45873+0+0 (secure 0 0 0) 0x7f375c0213f0 con 0x7f37681062f0
2024-03-19T01:43:14.701 INFO:teuthology.orchestra.run.smithi092.stdout:/usr/bin/ceph: stderr
2024-03-19T01:43:12.222+0000 7f37577fe700 1 -- 172.21.15.92:0/1931437187 >> [v2:172.21.15.92:6800/1465441882,v1:172.21.15.92:6801/1465441882] conn(0x7f3750038ed0 msgr2=0x7f375003b390 unknown :-1 s=STATE_CONNECTING l=1).mark_down
2024-03-19T01:43:14.701 INFO:teuthology.orchestra.run.smithi092.stdout:/usr/bin/ceph: stderr
2024-03-19T01:43:12.222+0000 7f37577fe700 1 --2- 172.21.15.92:0/1931437187 >> [v2:172.21.15.92:6800/1465441882,v1:172.21.15.92:6801/1465441882] conn(0x7f3750038ed0 0x7f375003b390 unknown :-1 s=START_CONNECT pgs=0 cs=0 l=1 rev1=0 crypto rx=0 tx=0 comp rx=0 tx=0).stop
2024-03-19T01:43:14.701 INFO:teuthology.orchestra.run.smithi092.stdout:/usr/bin/ceph: stderr
2024-03-19T01:43:13.223+0000 7f37577fe700 1 -- 172.21.15.92:0/1931437187 <== mon.0 v2:172.21.15.92:3300/0 7 ==== mgrmap(e 7) ==== 46000+0+0 (secure 0 0 0) 0x7f375c02bce0 con 0x7f37681062f0
2024-03-19T01:43:14.701 INFO:teuthology.orchestra.run.smithi092.stdout:/usr/bin/ceph: stderr
2024-03-19T01:43:13.223+0000 7f37577fe700 1 --2- 172.21.15.92:0/1931437187 >> [v2:172.21.15.92:6800/1866676846,v1:172.21.15.92:6801/1866676846] conn(0x7f375003c7c0 0x7f375003ebb0 unknown :-1 s=NONE pgs=0 cs=0 l=1 rev1=0 crypto rx=0 tx=0 comp rx=0 tx=0).connect
2024-03-19T01:43:14.701 INFO:teuthology.orchestra.run.smithi092.stdout:/usr/bin/ceph: stderr
2024-03-19T01:43:13.223+0000 7f37577fe700 1 -- 172.21.15.92:0/1931437187 --> [v2:172.21.15.92:6800/1866676846,v1:172.21.15.92:6801/1866676846] -- command(tid 0: {"prefix": "get_command_descriptions"}) -- 0x7f375c008e80 con 0x7f375003c7c0
2024-03-19T01:43:14.701 INFO:teuthology.orchestra.run.smithi092.stdout:/usr/bin/ceph: stderr
2024-03-19T01:43:13.223+0000 7f3765d9b700 1 --2- 172.21.15.92:0/1931437187 >> [v2:172.21.15.92:6800/1866676846,v1:172.21.15.92:6801/1866676846] conn(0x7f375003c7c0 0x7f375003ebb0 unknown :-1 s=BANNER_CONNECTING pgs=0 cs=0 l=1 rev1=0 crypto rx=0 tx=0 comp rx=0 tx=0)._handle_peer_banner_payload supported=3 required=0
2024-03-19T01:43:14.701 INFO:teuthology.orchestra.run.smithi092.stdout:/usr/bin/ceph: stderr
2024-03-19T01:43:13.224+0000 7f3765d9b700 1 --2- 172.21.15.92:0/1931437187 >> [v2:172.21.15.92:6800/1866676846,v1:172.21.15.92:6801/1866676846] conn(0x7f375003c7c0 0x7f375003ebb0 secure :-1 s=READY pgs=1 cs=0 l=1 rev1=1 crypto rx=0x7f3758003a10 tx=0x7f3758009290 comp rx=0 tx=0).ready entity=mgr.14120 client_cookie=0 server_cookie=0 in_seq=0 out_seq=0
2024-03-19T01:43:14.701 INFO:teuthology.orchestra.run.smithi092.stdout:/usr/bin/ceph: stderr
2024-03-19T01:43:13.225+0000 7f37577fe700 1 -- 172.21.15.92:0/1931437187 <== mgr.14120 v2:172.21.15.92:6800/1866676846 1 ==== command_reply(tid 0: 0 ) ==== 8+0+7774 (secure 0 0 0) 0x7f375c008e80 con 0x7f375003c7c0
2024-03-19T01:43:14.702 INFO:teuthology.orchestra.run.smithi092.stdout:/usr/bin/ceph: stderr
2024-03-19T01:43:13.236+0000 7f376cea1700 1 -- 172.21.15.92:0/1931437187 --> [v2:172.21.15.92:6800/1866676846,v1:172.21.15.92:6801/1866676846] -- command(tid 1: {"prefix": "mgr_status"}) -- 0x7f3768063940 con 0x7f375003c7c0
2024-03-19T01:43:14.702 INFO:teuthology.orchestra.run.smithi092.stdout:/usr/bin/ceph: stderr
2024-03-19T01:43:13.236+0000 7f37577fe700 1 -- 172.21.15.92:0/1931437187 <== mgr.14120 v2:172.21.15.92:6800/1866676846 2 ==== command_reply(tid 1: 0 ) ==== 8+0+51 (secure 0 0 0) 0x7f3768063940 con 0x7f375003c7c0
2024-03-19T01:43:14.702 INFO:teuthology.orchestra.run.smithi092.stdout:/usr/bin/ceph: stderr
2024-03-19T01:43:13.236+0000 7f376cea1700 1 -- 172.21.15.92:0/1931437187 >> [v2:172.21.15.92:6800/1866676846,v1:172.21.15.92:6801/1866676846] conn(0x7f375003c7c0 msgr2=0x7f375003ebb0 secure :-1 s=STATE_CONNECTION_ESTABLISHED l=1).mark_down
2024-03-19T01:43:14.702 INFO:teuthology.orchestra.run.smithi092.stdout:/usr/bin/ceph: stderr
2024-03-19T01:43:13.236+0000 7f376cea1700 1 --2- 172.21.15.92:0/1931437187 >> [v2:172.21.15.92:6800/1866676846,v1:172.21.15.92:6801/1866676846] conn(0x7f375003c7c0 0x7f375003ebb0 secure :-1 s=READY pgs=1 cs=0 l=1 rev1=1 crypto rx=0x7f3758003a10 tx=0x7f3758009290 comp rx=0 tx=0).stop
2024-03-19T01:43:14.702 INFO:teuthology.orchestra.run.smithi092.stdout:/usr/bin/ceph: stderr
2024-03-19T01:43:13.236+0000 7f376cea1700 1 -- 172.21.15.92:0/1931437187 >> [v2:172.21.15.92:3300/0,v1:172.21.15.92:6789/0] conn(0x7f37681062f0 msgr2=0x7f376819bc50 secure :-1 s=STATE_CONNECTION_ESTABLISHED l=1).mark_down
2024-03-19T01:43:14.702 INFO:teuthology.orchestra.run.smithi092.stdout:/usr/bin/ceph: stderr
2024-03-19T01:43:13.236+0000 7f376cea1700 1 --2- 172.21.15.92:0/1931437187 >> [v2:172.21.15.92:3300/0,v1:172.21.15.92:6789/0] conn(0x7f37681062f0 0x7f376819bc50 secure :-1 s=READY pgs=29 cs=0 l=1 rev1=1 crypto rx=0x7f375c0046e0 tx=0x7f375c003f50 comp rx=0 tx=0).stop
2024-03-19T01:43:14.702 INFO:teuthology.orchestra.run.smithi092.stdout:/usr/bin/ceph: stderr
2024-03-19T01:43:13.236+0000 7f376cea1700 1 -- 172.21.15.92:0/1931437187 shutdown_connections
2024-03-19T01:43:14.702 INFO:teuthology.orchestra.run.smithi092.stdout:/usr/bin/ceph: stderr
2024-03-19T01:43:13.236+0000 7f376cea1700 1 --2- 172.21.15.92:0/1931437187 >> [v2:172.21.15.92:6800/1866676846,v1:172.21.15.92:6801/1866676846] conn(0x7f375003c7c0 0x7f375003ebb0 unknown :-1 s=CLOSED pgs=1 cs=0 l=1 rev1=1 crypto rx=0 tx=0 comp rx=0 tx=0).stop
2024-03-19T01:43:14.702 INFO:teuthology.orchestra.run.smithi092.stdout:/usr/bin/ceph: stderr
2024-03-19T01:43:13.236+0000 7f376cea1700 1 --2- 172.21.15.92:0/1931437187 >> [v2:172.21.15.92:3300/0,v1:172.21.15.92:6789/0] conn(0x7f37681062f0 0x7f376819bc50 unknown :-1 s=CLOSED pgs=29 cs=0 l=1 rev1=1 crypto rx=0 tx=0 comp rx=0 tx=0).stop
2024-03-19T01:43:14.702 INFO:teuthology.orchestra.run.smithi092.stdout:/usr/bin/ceph: stderr
2024-03-19T01:43:13.236+0000 7f376cea1700 1 --2- 172.21.15.92:0/1931437187 >> [v2:172.21.15.92:6800/1465441882,v1:172.21.15.92:6801/1465441882] conn(0x7f3750038ed0 0x7f375003b390 unknown :-1 s=CLOSED pgs=0 cs=0 l=1 rev1=0 crypto rx=0 tx=0 comp rx=0 tx=0).stop
2024-03-19T01:43:14.703 INFO:teuthology.orchestra.run.smithi092.stdout:/usr/bin/ceph: stderr
2024-03-19T01:43:13.236+0000 7f376cea1700 1 -- 172.21.15.92:0/1931437187 >> 172.21.15.92:0/1931437187 conn(0x7f37681018d0 msgr2=0x7f3768192810 unknown :-1 s=STATE_NONE l=0).mark_down
2024-03-19T01:43:14.703 INFO:teuthology.orchestra.run.smithi092.stdout:/usr/bin/ceph: stderr
2024-03-19T01:43:13.236+0000 7f376cea1700 1 -- 172.21.15.92:0/1931437187 shutdown_connections
2024-03-19T01:43:14.703 INFO:teuthology.orchestra.run.smithi092.stdout:/usr/bin/ceph: stderr
2024-03-19T01:43:13.236+0000 7f376cea1700 1 -- 172.21.15.92:0/1931437187 wait complete.
2024-03-19T01:43:14.703 INFO:teuthology.orchestra.run.smithi092.stdout:mgr epoch 5 is available
2024-03-19T01:43:14.703 INFO:teuthology.orchestra.run.smithi092.stdout:Setting orchestrator backend to cephadm...
2024-03-19T01:43:14.704 INFO:journalctl@ceph.mon.a.smithi092.stdout:Mar 19 01:43:14 smithi092 ceph-mon[62574]: from='client.14124 -' entity='client.admin' cmd=[{"prefix": "get_command_descriptions"}]: dispatch
2024-03-19T01:43:14.704 INFO:journalctl@ceph.mon.a.smithi092.stdout:Mar 19 01:43:14 smithi092 ceph-mon[62574]: from='client.14124 -' entity='client.admin' cmd=[{"prefix": "mgr_status"}]: dispatch
2024-03-19T01:43:14.704 INFO:journalctl@ceph.mon.a.smithi092.stdout:Mar 19 01:43:14 smithi092 ceph-mon[62574]: from='mgr.14120 172.21.15.92:0/815355771' entity='mgr.x' cmd=[{"prefix": "config dump", "format": "json"}]: dispatch
2024-03-19T01:43:15.058 INFO:teuthology.orchestra.run.smithi092.stdout:/usr/bin/ceph: stderr
2024-03-19T01:43:14.296+0000 7fa20e488700 1 Processor -- start
2024-03-19T01:43:15.058 INFO:teuthology.orchestra.run.smithi092.stdout:/usr/bin/ceph: stderr
2024-03-19T01:43:14.296+0000 7fa20e488700 1 -- start start
2024-03-19T01:43:15.058 INFO:teuthology.orchestra.run.smithi092.stdout:/usr/bin/ceph: stderr
2024-03-19T01:43:14.296+0000 7fa20e488700 1 --2- >> [v2:172.21.15.92:3300/0,v1:172.21.15.92:6789/0] conn(0x7fa20807de20 0x7fa20807c280 unknown :-1 s=NONE pgs=0 cs=0 l=0 rev1=0 crypto rx=0 tx=0 comp rx=0 tx=0).connect
2024-03-19T01:43:15.058 INFO:teuthology.orchestra.run.smithi092.stdout:/usr/bin/ceph: stderr
2024-03-19T01:43:14.296+0000 7fa20e488700 1 -- --> [v2:172.21.15.92:3300/0,v1:172.21.15.92:6789/0] -- mon_getmap magic: 0 -- 0x7fa20807c850 con 0x7fa20807de20
2024-03-19T01:43:15.058 INFO:teuthology.orchestra.run.smithi092.stdout:/usr/bin/ceph: stderr
2024-03-19T01:43:14.296+0000 7fa207fff700 1 --2- >> [v2:172.21.15.92:3300/0,v1:172.21.15.92:6789/0] conn(0x7fa20807de20 0x7fa20807c280 unknown :-1 s=BANNER_CONNECTING pgs=0 cs=0 l=0 rev1=0 crypto rx=0 tx=0 comp rx=0 tx=0)._handle_peer_banner_payload supported=3 required=0
2024-03-19T01:43:15.059 INFO:teuthology.orchestra.run.smithi092.stdout:/usr/bin/ceph: stderr
2024-03-19T01:43:14.296+0000 7fa207fff700 1 --2- >> [v2:172.21.15.92:3300/0,v1:172.21.15.92:6789/0] conn(0x7fa20807de20 0x7fa20807c280 unknown :-1 s=HELLO_CONNECTING pgs=0 cs=0 l=0 rev1=1 crypto rx=0 tx=0 comp rx=0 tx=0).handle_hello peer v2:172.21.15.92:3300/0 says I am v2:172.21.15.92:41784/0 (socket says 172.21.15.92:41784)
2024-03-19T01:43:15.059 INFO:teuthology.orchestra.run.smithi092.stdout:/usr/bin/ceph: stderr
2024-03-19T01:43:14.296+0000 7fa207fff700 1 -- 172.21.15.92:0/1388719771 learned_addr learned my addr 172.21.15.92:0/1388719771 (peer_addr_for_me v2:172.21.15.92:0/0)
2024-03-19T01:43:15.059 INFO:teuthology.orchestra.run.smithi092.stdout:/usr/bin/ceph: stderr
2024-03-19T01:43:14.297+0000 7fa207fff700 1 -- 172.21.15.92:0/1388719771 --> [v2:172.21.15.92:3300/0,v1:172.21.15.92:6789/0] -- mon_subscribe({config=0+,monmap=0+}) -- 0x7fa20807c9d0 con 0x7fa20807de20
2024-03-19T01:43:15.059 INFO:teuthology.orchestra.run.smithi092.stdout:/usr/bin/ceph: stderr
2024-03-19T01:43:14.297+0000 7fa207fff700 1 --2- 172.21.15.92:0/1388719771 >> [v2:172.21.15.92:3300/0,v1:172.21.15.92:6789/0] conn(0x7fa20807de20 0x7fa20807c280 secure :-1 s=READY pgs=37 cs=0 l=1 rev1=1 crypto rx=0x7fa1f80098a0 tx=0x7fa1f8009bb0 comp rx=0 tx=0).ready entity=mon.0 client_cookie=957397a65a066e79 server_cookie=0 in_seq=0 out_seq=0
2024-03-19T01:43:15.059 INFO:teuthology.orchestra.run.smithi092.stdout:/usr/bin/ceph: stderr
2024-03-19T01:43:14.297+0000 7fa206ffd700 1 -- 172.21.15.92:0/1388719771 <== mon.0 v2:172.21.15.92:3300/0 1 ==== mon_map magic: 0 ==== 205+0+0 (secure 0 0 0) 0x7fa1f8004160 con 0x7fa20807de20
2024-03-19T01:43:15.059 INFO:teuthology.orchestra.run.smithi092.stdout:/usr/bin/ceph: stderr
2024-03-19T01:43:14.297+0000 7fa206ffd700 1 -- 172.21.15.92:0/1388719771 <== mon.0 v2:172.21.15.92:3300/0 2 ==== config(27 keys) ==== 1109+0+0 (secure 0 0 0) 0x7fa1f8004300 con 0x7fa20807de20
2024-03-19T01:43:15.059 INFO:teuthology.orchestra.run.smithi092.stdout:/usr/bin/ceph: stderr
2024-03-19T01:43:14.297+0000 7fa206ffd700 1 -- 172.21.15.92:0/1388719771 <== mon.0 v2:172.21.15.92:3300/0 3 ==== mon_map magic: 0 ==== 205+0+0 (secure 0 0 0) 0x7fa1f8011b50 con 0x7fa20807de20
2024-03-19T01:43:15.059 INFO:teuthology.orchestra.run.smithi092.stdout:/usr/bin/ceph: stderr
2024-03-19T01:43:14.297+0000 7fa20e488700 1 -- 172.21.15.92:0/1388719771 >> [v2:172.21.15.92:3300/0,v1:172.21.15.92:6789/0] conn(0x7fa20807de20 msgr2=0x7fa20807c280 secure :-1 s=STATE_CONNECTION_ESTABLISHED l=1).mark_down
2024-03-19T01:43:15.059 INFO:teuthology.orchestra.run.smithi092.stdout:/usr/bin/ceph: stderr
2024-03-19T01:43:14.297+0000 7fa20e488700 1 --2- 172.21.15.92:0/1388719771 >> [v2:172.21.15.92:3300/0,v1:172.21.15.92:6789/0] conn(0x7fa20807de20 0x7fa20807c280 secure :-1 s=READY pgs=37 cs=0 l=1 rev1=1 crypto rx=0x7fa1f80098a0 tx=0x7fa1f8009bb0 comp rx=0 tx=0).stop
2024-03-19T01:43:15.059 INFO:teuthology.orchestra.run.smithi092.stdout:/usr/bin/ceph: stderr
2024-03-19T01:43:14.298+0000 7fa20e488700 1 -- 172.21.15.92:0/1388719771 shutdown_connections
2024-03-19T01:43:15.059 INFO:teuthology.orchestra.run.smithi092.stdout:/usr/bin/ceph: stderr
2024-03-19T01:43:14.298+0000 7fa20e488700 1 --2- 172.21.15.92:0/1388719771 >> [v2:172.21.15.92:3300/0,v1:172.21.15.92:6789/0] conn(0x7fa20807de20 0x7fa20807c280 unknown :-1 s=CLOSED pgs=37 cs=0 l=1 rev1=1 crypto rx=0 tx=0 comp rx=0 tx=0).stop
2024-03-19T01:43:15.059 INFO:teuthology.orchestra.run.smithi092.stdout:/usr/bin/ceph: stderr
2024-03-19T01:43:14.298+0000 7fa20e488700 1 -- 172.21.15.92:0/1388719771 >> 172.21.15.92:0/1388719771 conn(0x7fa208103200 msgr2=0x7fa208105640 unknown :-1 s=STATE_NONE l=0).mark_down
2024-03-19T01:43:15.059 INFO:teuthology.orchestra.run.smithi092.stdout:/usr/bin/ceph: stderr
2024-03-19T01:43:14.298+0000 7fa20e488700 1 -- 172.21.15.92:0/1388719771 shutdown_connections
2024-03-19T01:43:15.059 INFO:teuthology.orchestra.run.smithi092.stdout:/usr/bin/ceph: stderr
2024-03-19T01:43:14.298+0000 7fa20e488700 1 -- 172.21.15.92:0/1388719771 wait complete.
2024-03-19T01:43:15.060 INFO:teuthology.orchestra.run.smithi092.stdout:/usr/bin/ceph: stderr
2024-03-19T01:43:14.298+0000 7fa20e488700 1 Processor -- start
2024-03-19T01:43:15.060 INFO:teuthology.orchestra.run.smithi092.stdout:/usr/bin/ceph: stderr
2024-03-19T01:43:14.298+0000 7fa20e488700 1 -- start start
2024-03-19T01:43:15.060 INFO:teuthology.orchestra.run.smithi092.stdout:/usr/bin/ceph: stderr
2024-03-19T01:43:14.299+0000 7fa20e488700 1 --2- >> [v2:172.21.15.92:3300/0,v1:172.21.15.92:6789/0] conn(0x7fa20807de20 0x7fa20819de70 unknown :-1 s=NONE pgs=0 cs=0 l=1 rev1=0 crypto rx=0 tx=0 comp rx=0 tx=0).connect
2024-03-19T01:43:15.060 INFO:teuthology.orchestra.run.smithi092.stdout:/usr/bin/ceph: stderr
2024-03-19T01:43:14.299+0000 7fa20e488700 1 -- --> [v2:172.21.15.92:3300/0,v1:172.21.15.92:6789/0] -- mon_getmap magic: 0 -- 0x7fa20810e210 con 0x7fa20807de20
2024-03-19T01:43:15.060 INFO:teuthology.orchestra.run.smithi092.stdout:/usr/bin/ceph: stderr
2024-03-19T01:43:14.299+0000 7fa207fff700 1 --2- >> [v2:172.21.15.92:3300/0,v1:172.21.15.92:6789/0] conn(0x7fa20807de20 0x7fa20819de70 unknown :-1 s=BANNER_CONNECTING pgs=0 cs=0 l=1 rev1=0 crypto rx=0 tx=0 comp rx=0 tx=0)._handle_peer_banner_payload supported=3 required=0
2024-03-19T01:43:15.060 INFO:teuthology.orchestra.run.smithi092.stdout:/usr/bin/ceph: stderr
2024-03-19T01:43:14.299+0000 7fa207fff700 1 --2- >> [v2:172.21.15.92:3300/0,v1:172.21.15.92:6789/0] conn(0x7fa20807de20 0x7fa20819de70 unknown :-1 s=HELLO_CONNECTING pgs=0 cs=0 l=1 rev1=1 crypto rx=0 tx=0 comp rx=0 tx=0).handle_hello peer v2:172.21.15.92:3300/0 says I am v2:172.21.15.92:41800/0 (socket says 172.21.15.92:41800)
2024-03-19T01:43:15.060 INFO:teuthology.orchestra.run.smithi092.stdout:/usr/bin/ceph: stderr
2024-03-19T01:43:14.299+0000 7fa207fff700 1 -- 172.21.15.92:0/3111735033 learned_addr learned my addr 172.21.15.92:0/3111735033 (peer_addr_for_me v2:172.21.15.92:0/0)
2024-03-19T01:43:15.060 INFO:teuthology.orchestra.run.smithi092.stdout:/usr/bin/ceph: stderr
2024-03-19T01:43:14.299+0000 7fa207fff700 1 -- 172.21.15.92:0/3111735033 --> [v2:172.21.15.92:3300/0,v1:172.21.15.92:6789/0] -- mon_subscribe({config=0+,monmap=0+}) -- 0x7fa20819e3b0 con 0x7fa20807de20
2024-03-19T01:43:15.060 INFO:teuthology.orchestra.run.smithi092.stdout:/usr/bin/ceph: stderr
2024-03-19T01:43:14.299+0000 7fa207fff700 1 --2- 172.21.15.92:0/3111735033 >> [v2:172.21.15.92:3300/0,v1:172.21.15.92:6789/0] conn(0x7fa20807de20 0x7fa20819de70 secure :-1 s=READY pgs=38 cs=0 l=1 rev1=1 crypto rx=0x7fa1f8011850 tx=0x7fa1f8011c10 comp rx=0 tx=0).ready entity=mon.0 client_cookie=0 server_cookie=0 in_seq=0 out_seq=0
2024-03-19T01:43:15.060 INFO:teuthology.orchestra.run.smithi092.stdout:/usr/bin/ceph: stderr
2024-03-19T01:43:14.299+0000 7fa2057fa700 1 -- 172.21.15.92:0/3111735033 <== mon.0 v2:172.21.15.92:3300/0 1 ==== mon_map magic: 0 ==== 205+0+0 (secure 0 0 0) 0x7fa1f8003af0 con 0x7fa20807de20
2024-03-19T01:43:15.060 INFO:teuthology.orchestra.run.smithi092.stdout:/usr/bin/ceph: stderr
2024-03-19T01:43:14.299+0000 7fa20e488700 1 -- 172.21.15.92:0/3111735033 --> [v2:172.21.15.92:3300/0,v1:172.21.15.92:6789/0] -- mon_subscribe({mgrmap=0+}) -- 0x7fa20819e640 con 0x7fa20807de20
2024-03-19T01:43:15.060 INFO:teuthology.orchestra.run.smithi092.stdout:/usr/bin/ceph: stderr
2024-03-19T01:43:14.299+0000 7fa2057fa700 1 -- 172.21.15.92:0/3111735033 <== mon.0 v2:172.21.15.92:3300/0 2 ==== config(27 keys) ==== 1109+0+0 (secure 0 0 0) 0x7fa1f8020070 con 0x7fa20807de20
2024-03-19T01:43:15.060 INFO:teuthology.orchestra.run.smithi092.stdout:/usr/bin/ceph: stderr
2024-03-19T01:43:14.299+0000 7fa2057fa700 1 -- 172.21.15.92:0/3111735033 <== mon.0 v2:172.21.15.92:3300/0 3 ==== mon_map magic: 0 ==== 205+0+0 (secure 0 0 0) 0x7fa1f80195a0 con 0x7fa20807de20
2024-03-19T01:43:15.060 INFO:teuthology.orchestra.run.smithi092.stdout:/usr/bin/ceph: stderr
2024-03-19T01:43:14.299+0000 7fa20e488700 1 -- 172.21.15.92:0/3111735033 --> [v2:172.21.15.92:3300/0,v1:172.21.15.92:6789/0] -- mon_subscribe({osdmap=0}) -- 0x7fa2081a1330 con 0x7fa20807de20
2024-03-19T01:43:15.061 INFO:teuthology.orchestra.run.smithi092.stdout:/usr/bin/ceph: stderr
2024-03-19T01:43:14.300+0000 7fa2057fa700 1 -- 172.21.15.92:0/3111735033 <== mon.0 v2:172.21.15.92:3300/0 4 ==== mgrmap(e 8) ==== 46106+0+0 (secure 0 0 0) 0x7fa1f80198a0 con 0x7fa20807de20
2024-03-19T01:43:15.061 INFO:teuthology.orchestra.run.smithi092.stdout:/usr/bin/ceph: stderr
2024-03-19T01:43:14.300+0000 7fa20e488700 1 -- 172.21.15.92:0/3111735033 --> [v2:172.21.15.92:3300/0,v1:172.21.15.92:6789/0] -- mon_command({"prefix": "get_command_descriptions"} v 0) -- 0x7fa208063940 con 0x7fa20807de20
2024-03-19T01:43:15.061 INFO:teuthology.orchestra.run.smithi092.stdout:/usr/bin/ceph: stderr
2024-03-19T01:43:14.300+0000 7fa2057fa700 1 --2- 172.21.15.92:0/3111735033 >> [v2:172.21.15.92:6800/1866676846,v1:172.21.15.92:6801/1866676846] conn(0x7fa1f0038f20 0x7fa1f003b3e0 unknown :-1 s=NONE pgs=0 cs=0 l=1 rev1=0 crypto rx=0 tx=0 comp rx=0 tx=0).connect
2024-03-19T01:43:15.061 INFO:teuthology.orchestra.run.smithi092.stdout:/usr/bin/ceph: stderr
2024-03-19T01:43:14.300+0000 7fa2057fa700 1 -- 172.21.15.92:0/3111735033 <== mon.0 v2:172.21.15.92:3300/0 5 ==== osd_map(2..2 src has 1..2) ==== 940+0+0 (secure 0 0 0) 0x7fa1f8011e00 con 0x7fa20807de20
2024-03-19T01:43:15.061 INFO:teuthology.orchestra.run.smithi092.stdout:/usr/bin/ceph: stderr
2024-03-19T01:43:14.300+0000 7fa2077fe700 1 --2- 172.21.15.92:0/3111735033 >> [v2:172.21.15.92:6800/1866676846,v1:172.21.15.92:6801/1866676846] conn(0x7fa1f0038f20 0x7fa1f003b3e0 unknown :-1 s=BANNER_CONNECTING pgs=0 cs=0 l=1 rev1=0 crypto rx=0 tx=0 comp rx=0 tx=0)._handle_peer_banner_payload supported=3 required=0
2024-03-19T01:43:15.061 INFO:teuthology.orchestra.run.smithi092.stdout:/usr/bin/ceph: stderr
2024-03-19T01:43:14.301+0000 7fa2077fe700 1 --2- 172.21.15.92:0/3111735033 >> [v2:172.21.15.92:6800/1866676846,v1:172.21.15.92:6801/1866676846] conn(0x7fa1f0038f20 0x7fa1f003b3e0 secure :-1 s=READY pgs=7 cs=0 l=1 rev1=1 crypto rx=0x7fa1fc006fd0 tx=0x7fa1fc006e40 comp rx=0 tx=0).ready entity=mgr.14120 client_cookie=0 server_cookie=0 in_seq=0 out_seq=0
2024-03-19T01:43:15.061 INFO:teuthology.orchestra.run.smithi092.stdout:/usr/bin/ceph: stderr
2024-03-19T01:43:14.305+0000 7fa2057fa700 1 -- 172.21.15.92:0/3111735033 <== mon.0 v2:172.21.15.92:3300/0 6 ==== mon_command_ack([{"prefix": "get_command_descriptions"}]=0 v0) ==== 72+0+186149 (secure 0 0 0) 0x7fa1f8019b90 con 0x7fa20807de20
2024-03-19T01:43:15.061 INFO:teuthology.orchestra.run.smithi092.stdout:/usr/bin/ceph: stderr
2024-03-19T01:43:14.520+0000 7fa20e488700 1 -- 172.21.15.92:0/3111735033 --> [v2:172.21.15.92:6800/1866676846,v1:172.21.15.92:6801/1866676846] -- mgr_command(tid 0: {"prefix": "orch set backend", "module_name": "cephadm", "target": ["mon-mgr", ""]}) -- 0x7fa208104580 con 0x7fa1f0038f20
2024-03-19T01:43:15.061 INFO:teuthology.orchestra.run.smithi092.stdout:/usr/bin/ceph: stderr
2024-03-19T01:43:14.529+0000 7fa2057fa700 1 -- 172.21.15.92:0/3111735033 <== mgr.14120 v2:172.21.15.92:6800/1866676846 1 ==== mgr_command_reply(tid 0: 0 ) ==== 8+0+0 (secure 0 0 0) 0x7fa208104580 con 0x7fa1f0038f20
2024-03-19T01:43:15.061 INFO:teuthology.orchestra.run.smithi092.stdout:/usr/bin/ceph: stderr
2024-03-19T01:43:14.532+0000 7fa20e488700 1 -- 172.21.15.92:0/3111735033 >> [v2:172.21.15.92:6800/1866676846,v1:172.21.15.92:6801/1866676846] conn(0x7fa1f0038f20 msgr2=0x7fa1f003b3e0 secure :-1 s=STATE_CONNECTION_ESTABLISHED l=1).mark_down
2024-03-19T01:43:15.061 INFO:teuthology.orchestra.run.smithi092.stdout:/usr/bin/ceph: stderr
2024-03-19T01:43:14.532+0000 7fa20e488700 1 --2- 172.21.15.92:0/3111735033 >> [v2:172.21.15.92:6800/1866676846,v1:172.21.15.92:6801/1866676846] conn(0x7fa1f0038f20 0x7fa1f003b3e0 secure :-1 s=READY pgs=7 cs=0 l=1 rev1=1 crypto rx=0x7fa1fc006fd0 tx=0x7fa1fc006e40 comp rx=0 tx=0).stop
2024-03-19T01:43:15.061 INFO:teuthology.orchestra.run.smithi092.stdout:/usr/bin/ceph: stderr
2024-03-19T01:43:14.532+0000 7fa20e488700 1 -- 172.21.15.92:0/3111735033 >> [v2:172.21.15.92:3300/0,v1:172.21.15.92:6789/0] conn(0x7fa20807de20 msgr2=0x7fa20819de70 secure :-1 s=STATE_CONNECTION_ESTABLISHED l=1).mark_down
2024-03-19T01:43:15.061 INFO:teuthology.orchestra.run.smithi092.stdout:/usr/bin/ceph: stderr
2024-03-19T01:43:14.532+0000 7fa20e488700 1 --2- 172.21.15.92:0/3111735033 >> [v2:172.21.15.92:3300/0,v1:172.21.15.92:6789/0] conn(0x7fa20807de20 0x7fa20819de70 secure :-1 s=READY pgs=38 cs=0 l=1 rev1=1 crypto rx=0x7fa1f8011850 tx=0x7fa1f8011c10 comp rx=0 tx=0).stop
2024-03-19T01:43:15.061 INFO:teuthology.orchestra.run.smithi092.stdout:/usr/bin/ceph: stderr
2024-03-19T01:43:14.532+0000 7fa20e488700 1 -- 172.21.15.92:0/3111735033 shutdown_connections
2024-03-19T01:43:15.062 INFO:teuthology.orchestra.run.smithi092.stdout:/usr/bin/ceph: stderr
2024-03-19T01:43:14.532+0000 7fa20e488700 1 --2- 172.21.15.92:0/3111735033 >> [v2:172.21.15.92:6800/1866676846,v1:172.21.15.92:6801/1866676846] conn(0x7fa1f0038f20 0x7fa1f003b3e0 unknown :-1 s=CLOSED pgs=7 cs=0 l=1 rev1=1 crypto rx=0 tx=0 comp rx=0 tx=0).stop
2024-03-19T01:43:15.062 INFO:teuthology.orchestra.run.smithi092.stdout:/usr/bin/ceph: stderr
2024-03-19T01:43:14.532+0000 7fa20e488700 1 --2- 172.21.15.92:0/3111735033 >> [v2:172.21.15.92:3300/0,v1:172.21.15.92:6789/0] conn(0x7fa20807de20 0x7fa20819de70 unknown :-1 s=CLOSED pgs=38 cs=0 l=1 rev1=1 crypto rx=0 tx=0 comp rx=0 tx=0).stop
2024-03-19T01:43:15.062 INFO:teuthology.orchestra.run.smithi092.stdout:/usr/bin/ceph: stderr
2024-03-19T01:43:14.532+0000 7fa20e488700 1 -- 172.21.15.92:0/3111735033 >> 172.21.15.92:0/3111735033 conn(0x7fa208103200 msgr2=0x7fa208103e50 unknown :-1 s=STATE_NONE l=0).mark_down
2024-03-19T01:43:15.062 INFO:teuthology.orchestra.run.smithi092.stdout:/usr/bin/ceph: stderr
2024-03-19T01:43:14.532+0000 7fa20e488700 1 -- 172.21.15.92:0/3111735033 shutdown_connections
2024-03-19T01:43:15.062 INFO:teuthology.orchestra.run.smithi092.stdout:/usr/bin/ceph: stderr
2024-03-19T01:43:14.532+0000 7fa20e488700 1 -- 172.21.15.92:0/3111735033 wait complete.
2024-03-19T01:43:15.453 INFO:journalctl@ceph.mon.a.smithi092.stdout:Mar 19 01:43:15 smithi092 ceph-mon[62574]: [19/Mar/2024:01:43:13] ENGINE Bus STARTING
2024-03-19T01:43:15.453 INFO:journalctl@ceph.mon.a.smithi092.stdout:Mar 19 01:43:15 smithi092 ceph-mon[62574]: [19/Mar/2024:01:43:13] ENGINE Serving on http://172.21.15.92:8765
2024-03-19T01:43:15.453 INFO:journalctl@ceph.mon.a.smithi092.stdout:Mar 19 01:43:15 smithi092 ceph-mon[62574]: [19/Mar/2024:01:43:13] ENGINE Serving on https://172.21.15.92:7150
2024-03-19T01:43:15.453 INFO:journalctl@ceph.mon.a.smithi092.stdout:Mar 19 01:43:15 smithi092 ceph-mon[62574]: [19/Mar/2024:01:43:13] ENGINE Bus STARTED
2024-03-19T01:43:15.453 INFO:journalctl@ceph.mon.a.smithi092.stdout:Mar 19 01:43:15 smithi092 ceph-mon[62574]: mgrmap e8: x(active, since 2s)
2024-03-19T01:43:15.453 INFO:journalctl@ceph.mon.a.smithi092.stdout:Mar 19 01:43:15 smithi092 ceph-mon[62574]: from='mgr.14120 172.21.15.92:0/815355771' entity='mgr.x'
2024-03-19T01:43:15.453 INFO:journalctl@ceph.mon.a.smithi092.stdout:Mar 19 01:43:15 smithi092 ceph-mon[62574]: from='mgr.14120 172.21.15.92:0/815355771' entity='mgr.x' cmd=[{"prefix": "config dump", "format": "json"}]: dispatch
2024-03-19T01:43:16.310 INFO:journalctl@ceph.mon.a.smithi092.stdout:Mar 19 01:43:16 smithi092 ceph-mon[62574]: from='client.14132 -' entity='client.admin' cmd=[{"prefix": "orch set backend", "module_name": "cephadm", "target": ["mon-mgr", ""]}]: dispatch
2024-03-19T01:43:16.330 INFO:teuthology.orchestra.run.smithi092.stdout:/usr/bin/ceph: stdout value unchanged
2024-03-19T01:43:16.330 INFO:teuthology.orchestra.run.smithi092.stdout:/usr/bin/ceph: stderr
2024-03-19T01:43:15.476+0000 7f0967f60700 1 Processor -- start
2024-03-19T01:43:16.331 INFO:teuthology.orchestra.run.smithi092.stdout:/usr/bin/ceph: stderr
2024-03-19T01:43:15.476+0000 7f0967f60700 1 -- start start
2024-03-19T01:43:16.331 INFO:teuthology.orchestra.run.smithi092.stdout:/usr/bin/ceph: stderr
2024-03-19T01:43:15.476+0000 7f0967f60700 1 --2- >> [v2:172.21.15.92:3300/0,v1:172.21.15.92:6789/0] conn(0x7f0960108700 0x7f096010aaf0 unknown :-1 s=NONE pgs=0 cs=0 l=0 rev1=0 crypto rx=0 tx=0 comp rx=0 tx=0).connect
2024-03-19T01:43:16.331 INFO:teuthology.orchestra.run.smithi092.stdout:/usr/bin/ceph: stderr
2024-03-19T01:43:15.476+0000 7f0967f60700 1 -- --> [v2:172.21.15.92:3300/0,v1:172.21.15.92:6789/0] -- mon_getmap magic: 0 -- 0x7f096007be30 con 0x7f0960108700
2024-03-19T01:43:16.331 INFO:teuthology.orchestra.run.smithi092.stdout:/usr/bin/ceph: stderr
2024-03-19T01:43:15.477+0000 7f0965cfc700 1 --2- >> [v2:172.21.15.92:3300/0,v1:172.21.15.92:6789/0] conn(0x7f0960108700 0x7f096010aaf0 unknown :-1 s=BANNER_CONNECTING pgs=0 cs=0 l=0 rev1=0 crypto rx=0 tx=0 comp rx=0 tx=0)._handle_peer_banner_payload supported=3 required=0
2024-03-19T01:43:16.331 INFO:teuthology.orchestra.run.smithi092.stdout:/usr/bin/ceph: stderr
2024-03-19T01:43:15.477+0000 7f0965cfc700 1 --2- >> [v2:172.21.15.92:3300/0,v1:172.21.15.92:6789/0] conn(0x7f0960108700 0x7f096010aaf0 unknown :-1 s=HELLO_CONNECTING pgs=0 cs=0 l=0 rev1=1 crypto rx=0 tx=0 comp rx=0 tx=0).handle_hello peer v2:172.21.15.92:3300/0 says I am v2:172.21.15.92:41816/0 (socket says 172.21.15.92:41816)
2024-03-19T01:43:16.331 INFO:teuthology.orchestra.run.smithi092.stdout:/usr/bin/ceph: stderr
2024-03-19T01:43:15.477+0000 7f0965cfc700 1 -- 172.21.15.92:0/3021856866 learned_addr learned my addr 172.21.15.92:0/3021856866 (peer_addr_for_me v2:172.21.15.92:0/0)
2024-03-19T01:43:16.331 INFO:teuthology.orchestra.run.smithi092.stdout:/usr/bin/ceph: stderr
2024-03-19T01:43:15.477+0000 7f0965cfc700 1 -- 172.21.15.92:0/3021856866 --> [v2:172.21.15.92:3300/0,v1:172.21.15.92:6789/0] -- mon_subscribe({config=0+,monmap=0+}) -- 0x7f096010b030 con 0x7f0960108700
2024-03-19T01:43:16.331 INFO:teuthology.orchestra.run.smithi092.stdout:/usr/bin/ceph: stderr
2024-03-19T01:43:15.477+0000 7f0965cfc700 1 --2- 172.21.15.92:0/3021856866 >> [v2:172.21.15.92:3300/0,v1:172.21.15.92:6789/0] conn(0x7f0960108700 0x7f096010aaf0 secure :-1 s=READY pgs=39 cs=0 l=1 rev1=1 crypto rx=0x7f095c0098a0 tx=0x7f095c009bb0 comp rx=0 tx=0).ready entity=mon.0 client_cookie=b577b9c7b8afd325 server_cookie=0 in_seq=0 out_seq=0
2024-03-19T01:43:16.331 INFO:teuthology.orchestra.run.smithi092.stdout:/usr/bin/ceph: stderr
2024-03-19T01:43:15.477+0000 7f0964cfa700 1 -- 172.21.15.92:0/3021856866 <== mon.0 v2:172.21.15.92:3300/0 1 ==== mon_map magic: 0 ==== 205+0+0 (secure 0 0 0) 0x7f095c004160 con 0x7f0960108700
2024-03-19T01:43:16.331 INFO:teuthology.orchestra.run.smithi092.stdout:/usr/bin/ceph: stderr
2024-03-19T01:43:15.477+0000 7f0964cfa700 1 -- 172.21.15.92:0/3021856866 <== mon.0 v2:172.21.15.92:3300/0 2 ==== config(27 keys) ==== 1109+0+0 (secure 0 0 0) 0x7f095c004300 con 0x7f0960108700
2024-03-19T01:43:16.331 INFO:teuthology.orchestra.run.smithi092.stdout:/usr/bin/ceph: stderr
2024-03-19T01:43:15.477+0000 7f0964cfa700 1 -- 172.21.15.92:0/3021856866 <== mon.0 v2:172.21.15.92:3300/0 3 ==== mon_map magic: 0 ==== 205+0+0 (secure 0 0 0) 0x7f095c011b50 con 0x7f0960108700
2024-03-19T01:43:16.331 INFO:teuthology.orchestra.run.smithi092.stdout:/usr/bin/ceph: stderr
2024-03-19T01:43:15.478+0000 7f0967f60700 1 -- 172.21.15.92:0/3021856866 >> [v2:172.21.15.92:3300/0,v1:172.21.15.92:6789/0] conn(0x7f0960108700 msgr2=0x7f096010aaf0 secure :-1 s=STATE_CONNECTION_ESTABLISHED l=1).mark_down
2024-03-19T01:43:16.332 INFO:teuthology.orchestra.run.smithi092.stdout:/usr/bin/ceph: stderr
