2024-03-19T01:41:25.628 INFO:journalctl@ceph.mon.smithi088.smithi088.stdout:Mar 19 01:41:25 smithi088 ceph-mon[29308]: from='mgr.14164 172.21.15.88:0/1279712543' entity='mgr.smithi088.sthccc' cmd=[{"prefix": "osd metadata"}]: dispatch
2024-03-19T01:41:25.628 INFO:journalctl@ceph.mon.smithi088.smithi088.stdout:Mar 19 01:41:25 smithi088 ceph-mon[29308]: from='mgr.14164 172.21.15.88:0/1279712543' entity='mgr.smithi088.sthccc' cmd=[{"prefix": "mon metadata"}]: dispatch
2024-03-19T01:41:25.628 INFO:journalctl@ceph.mon.smithi088.smithi088.stdout:Mar 19 01:41:25 smithi088 ceph-mon[29308]: Manager daemon smithi088.sthccc is now available
2024-03-19T01:41:25.628 INFO:journalctl@ceph.mon.smithi088.smithi088.stdout:Mar 19 01:41:25 smithi088 ceph-mon[29308]: from='mgr.14164 172.21.15.88:0/1279712543' entity='mgr.smithi088.sthccc' cmd=[{"prefix": "config dump", "format": "json"}]: dispatch
2024-03-19T01:41:25.628 INFO:journalctl@ceph.mon.smithi088.smithi088.stdout:Mar 19 01:41:25 smithi088 ceph-mon[29308]: from='mgr.14164 172.21.15.88:0/1279712543' entity='mgr.smithi088.sthccc' cmd=[{"prefix": "config dump", "format": "json"}]: dispatch
2024-03-19T01:41:26.377 INFO:journalctl@ceph.mon.smithi088.smithi088.stdout:Mar 19 01:41:26 smithi088 ceph-mon[29308]: from='mgr.14164 172.21.15.88:0/1279712543' entity='mgr.smithi088.sthccc' cmd=[{"prefix":"config rm","who":"mgr","name":"mgr/rbd_support/smithi088.sthccc/mirror_snapshot_schedule"}]: dispatch
2024-03-19T01:41:26.377 INFO:journalctl@ceph.mon.smithi088.smithi088.stdout:Mar 19 01:41:26 smithi088 ceph-mon[29308]: from='mgr.14164 172.21.15.88:0/1279712543' entity='mgr.smithi088.sthccc' cmd=[{"prefix":"config rm","who":"mgr","name":"mgr/rbd_support/smithi088.sthccc/trash_purge_schedule"}]: dispatch
2024-03-19T01:41:26.377 INFO:journalctl@ceph.mon.smithi088.smithi088.stdout:Mar 19 01:41:26 smithi088 ceph-mon[29308]: mgrmap e11: smithi088.sthccc(active, since 1.00585s)
2024-03-19T01:41:26.988 INFO:teuthology.orchestra.run.smithi088.stdout:/usr/bin/ceph: stdout {
2024-03-19T01:41:26.988 INFO:teuthology.orchestra.run.smithi088.stdout:/usr/bin/ceph: stdout "mgrmap_epoch": 11,
2024-03-19T01:41:26.988 INFO:teuthology.orchestra.run.smithi088.stdout:/usr/bin/ceph: stdout "initialized": true
2024-03-19T01:41:26.988 INFO:teuthology.orchestra.run.smithi088.stdout:/usr/bin/ceph: stdout }
2024-03-19T01:41:26.988 INFO:teuthology.orchestra.run.smithi088.stdout:/usr/bin/ceph: stderr
2024-03-19T01:41:20.881+0000 7fb3d7751700 1 Processor -- start
2024-03-19T01:41:26.988 INFO:teuthology.orchestra.run.smithi088.stdout:/usr/bin/ceph: stderr
2024-03-19T01:41:20.882+0000 7fb3d7751700 1 -- start start
2024-03-19T01:41:26.988 INFO:teuthology.orchestra.run.smithi088.stdout:/usr/bin/ceph: stderr
2024-03-19T01:41:20.882+0000 7fb3d7751700 1 --2- >> [v2:172.21.15.88:3300/0,v1:172.21.15.88:6789/0] conn(0x7fb3d0079cd0 0x7fb3d010a950 unknown :-1 s=NONE pgs=0 cs=0 l=0 rev1=0 crypto rx=0 tx=0 comp rx=0 tx=0).connect
2024-03-19T01:41:26.988 INFO:teuthology.orchestra.run.smithi088.stdout:/usr/bin/ceph: stderr
2024-03-19T01:41:20.882+0000 7fb3d7751700 1 -- --> [v2:172.21.15.88:3300/0,v1:172.21.15.88:6789/0] -- mon_getmap magic: 0 v1 -- 0x7fb3d0106340 con 0x7fb3d0079cd0
2024-03-19T01:41:26.989 INFO:teuthology.orchestra.run.smithi088.stdout:/usr/bin/ceph: stderr
2024-03-19T01:41:20.882+0000 7fb3d54ed700 1 --2- >> [v2:172.21.15.88:3300/0,v1:172.21.15.88:6789/0] conn(0x7fb3d0079cd0 0x7fb3d010a950 unknown :-1 s=BANNER_CONNECTING pgs=0 cs=0 l=0 rev1=0 crypto rx=0 tx=0 comp rx=0 tx=0)._handle_peer_banner_payload supported=3 required=0
2024-03-19T01:41:26.989 INFO:teuthology.orchestra.run.smithi088.stdout:/usr/bin/ceph: stderr
2024-03-19T01:41:20.882+0000 7fb3d54ed700 1 --2- >> [v2:172.21.15.88:3300/0,v1:172.21.15.88:6789/0] conn(0x7fb3d0079cd0 0x7fb3d010a950 unknown :-1 s=HELLO_CONNECTING pgs=0 cs=0 l=0 rev1=1 crypto rx=0 tx=0 comp rx=0 tx=0).handle_hello peer v2:172.21.15.88:3300/0 says I am v2:172.21.15.88:47242/0 (socket says 172.21.15.88:47242)
2024-03-19T01:41:26.989 INFO:teuthology.orchestra.run.smithi088.stdout:/usr/bin/ceph: stderr
2024-03-19T01:41:20.882+0000 7fb3d54ed700 1 -- 172.21.15.88:0/1276029274 learned_addr learned my addr 172.21.15.88:0/1276029274 (peer_addr_for_me v2:172.21.15.88:0/0)
2024-03-19T01:41:26.989 INFO:teuthology.orchestra.run.smithi088.stdout:/usr/bin/ceph: stderr
2024-03-19T01:41:20.882+0000 7fb3d54ed700 1 -- 172.21.15.88:0/1276029274 --> [v2:172.21.15.88:3300/0,v1:172.21.15.88:6789/0] -- mon_subscribe({config=0+,monmap=0+}) v3 -- 0x7fb3d010ae90 con 0x7fb3d0079cd0
2024-03-19T01:41:26.989 INFO:teuthology.orchestra.run.smithi088.stdout:/usr/bin/ceph: stderr
2024-03-19T01:41:20.882+0000 7fb3d54ed700 1 --2- 172.21.15.88:0/1276029274 >> [v2:172.21.15.88:3300/0,v1:172.21.15.88:6789/0] conn(0x7fb3d0079cd0 0x7fb3d010a950 secure :-1 s=READY pgs=73 cs=0 l=1 rev1=1 crypto rx=0x7fb3cc0098a0 tx=0x7fb3cc009bb0 comp rx=0 tx=0).ready entity=mon.0 client_cookie=36e8a098e96d72d9 server_cookie=0 in_seq=0 out_seq=0
2024-03-19T01:41:26.989 INFO:teuthology.orchestra.run.smithi088.stdout:/usr/bin/ceph: stderr
2024-03-19T01:41:20.883+0000 7fb3c7fff700 1 -- 172.21.15.88:0/1276029274 <== mon.0 v2:172.21.15.88:3300/0 1 ==== mon_map magic: 0 v1 ==== 229+0+0 (secure 0 0 0) 0x7fb3cc004180 con 0x7fb3d0079cd0
2024-03-19T01:41:26.989 INFO:teuthology.orchestra.run.smithi088.stdout:/usr/bin/ceph: stderr
2024-03-19T01:41:20.883+0000 7fb3c7fff700 1 -- 172.21.15.88:0/1276029274 <== mon.0 v2:172.21.15.88:3300/0 2 ==== config(27 keys) v1 ==== 1101+0+0 (secure 0 0 0) 0x7fb3cc0042e0 con 0x7fb3d0079cd0
2024-03-19T01:41:26.989 INFO:teuthology.orchestra.run.smithi088.stdout:/usr/bin/ceph: stderr
2024-03-19T01:41:20.883+0000 7fb3c7fff700 1 -- 172.21.15.88:0/1276029274 <== mon.0 v2:172.21.15.88:3300/0 3 ==== mon_map magic: 0 v1 ==== 229+0+0 (secure 0 0 0) 0x7fb3cc011af0 con 0x7fb3d0079cd0
2024-03-19T01:41:26.989 INFO:teuthology.orchestra.run.smithi088.stdout:/usr/bin/ceph: stderr
2024-03-19T01:41:20.883+0000 7fb3d7751700 1 -- 172.21.15.88:0/1276029274 >> [v2:172.21.15.88:3300/0,v1:172.21.15.88:6789/0] conn(0x7fb3d0079cd0 msgr2=0x7fb3d010a950 secure :-1 s=STATE_CONNECTION_ESTABLISHED l=1).mark_down
2024-03-19T01:41:26.989 INFO:teuthology.orchestra.run.smithi088.stdout:/usr/bin/ceph: stderr
2024-03-19T01:41:20.883+0000 7fb3d7751700 1 --2- 172.21.15.88:0/1276029274 >> [v2:172.21.15.88:3300/0,v1:172.21.15.88:6789/0] conn(0x7fb3d0079cd0 0x7fb3d010a950 secure :-1 s=READY pgs=73 cs=0 l=1 rev1=1 crypto rx=0x7fb3cc0098a0 tx=0x7fb3cc009bb0 comp rx=0 tx=0).stop
2024-03-19T01:41:26.989 INFO:teuthology.orchestra.run.smithi088.stdout:/usr/bin/ceph: stderr
2024-03-19T01:41:20.883+0000 7fb3d7751700 1 -- 172.21.15.88:0/1276029274 shutdown_connections
2024-03-19T01:41:26.989 INFO:teuthology.orchestra.run.smithi088.stdout:/usr/bin/ceph: stderr
2024-03-19T01:41:20.883+0000 7fb3d7751700 1 --2- 172.21.15.88:0/1276029274 >> [v2:172.21.15.88:3300/0,v1:172.21.15.88:6789/0] conn(0x7fb3d0079cd0 0x7fb3d010a950 unknown :-1 s=CLOSED pgs=73 cs=0 l=1 rev1=1 crypto rx=0 tx=0 comp rx=0 tx=0).stop
2024-03-19T01:41:26.989 INFO:teuthology.orchestra.run.smithi088.stdout:/usr/bin/ceph: stderr
2024-03-19T01:41:20.883+0000 7fb3d7751700 1 -- 172.21.15.88:0/1276029274 >> 172.21.15.88:0/1276029274 conn(0x7fb3d00ffee0 msgr2=0x7fb3d0102330 unknown :-1 s=STATE_NONE l=0).mark_down
2024-03-19T01:41:26.989 INFO:teuthology.orchestra.run.smithi088.stdout:/usr/bin/ceph: stderr
2024-03-19T01:41:20.883+0000 7fb3d7751700 1 -- 172.21.15.88:0/1276029274 shutdown_connections
2024-03-19T01:41:26.990 INFO:teuthology.orchestra.run.smithi088.stdout:/usr/bin/ceph: stderr
2024-03-19T01:41:20.883+0000 7fb3d7751700 1 -- 172.21.15.88:0/1276029274 wait complete.
2024-03-19T01:41:26.990 INFO:teuthology.orchestra.run.smithi088.stdout:/usr/bin/ceph: stderr
2024-03-19T01:41:20.884+0000 7fb3d7751700 1 Processor -- start
2024-03-19T01:41:26.990 INFO:teuthology.orchestra.run.smithi088.stdout:/usr/bin/ceph: stderr
2024-03-19T01:41:20.884+0000 7fb3d7751700 1 -- start start
2024-03-19T01:41:26.990 INFO:teuthology.orchestra.run.smithi088.stdout:/usr/bin/ceph: stderr
2024-03-19T01:41:20.884+0000 7fb3d7751700 1 --2- >> [v2:172.21.15.88:3300/0,v1:172.21.15.88:6789/0] conn(0x7fb3d019b910 0x7fb3d019bd20 unknown :-1 s=NONE pgs=0 cs=0 l=1 rev1=0 crypto rx=0 tx=0 comp rx=0 tx=0).connect
2024-03-19T01:41:26.990 INFO:teuthology.orchestra.run.smithi088.stdout:/usr/bin/ceph: stderr
2024-03-19T01:41:20.884+0000 7fb3d7751700 1 -- --> [v2:172.21.15.88:3300/0,v1:172.21.15.88:6789/0] -- mon_getmap magic: 0 v1 -- 0x7fb3d019c260 con 0x7fb3d019b910
2024-03-19T01:41:26.990 INFO:teuthology.orchestra.run.smithi088.stdout:/usr/bin/ceph: stderr
2024-03-19T01:41:20.884+0000 7fb3d54ed700 1 --2- >> [v2:172.21.15.88:3300/0,v1:172.21.15.88:6789/0] conn(0x7fb3d019b910 0x7fb3d019bd20 unknown :-1 s=BANNER_CONNECTING pgs=0 cs=0 l=1 rev1=0 crypto rx=0 tx=0 comp rx=0 tx=0)._handle_peer_banner_payload supported=3 required=0
2024-03-19T01:41:26.990 INFO:teuthology.orchestra.run.smithi088.stdout:/usr/bin/ceph: stderr
2024-03-19T01:41:20.884+0000 7fb3d54ed700 1 --2- >> [v2:172.21.15.88:3300/0,v1:172.21.15.88:6789/0] conn(0x7fb3d019b910 0x7fb3d019bd20 unknown :-1 s=HELLO_CONNECTING pgs=0 cs=0 l=1 rev1=1 crypto rx=0 tx=0 comp rx=0 tx=0).handle_hello peer v2:172.21.15.88:3300/0 says I am v2:172.21.15.88:47244/0 (socket says 172.21.15.88:47244)
2024-03-19T01:41:26.990 INFO:teuthology.orchestra.run.smithi088.stdout:/usr/bin/ceph: stderr
2024-03-19T01:41:20.884+0000 7fb3d54ed700 1 -- 172.21.15.88:0/1800372027 learned_addr learned my addr 172.21.15.88:0/1800372027 (peer_addr_for_me v2:172.21.15.88:0/0)
2024-03-19T01:41:26.990 INFO:teuthology.orchestra.run.smithi088.stdout:/usr/bin/ceph: stderr
2024-03-19T01:41:20.884+0000 7fb3d54ed700 1 -- 172.21.15.88:0/1800372027 --> [v2:172.21.15.88:3300/0,v1:172.21.15.88:6789/0] -- mon_subscribe({config=0+,monmap=0+}) v3 -- 0x7fb3cc009550 con 0x7fb3d019b910
2024-03-19T01:41:26.990 INFO:teuthology.orchestra.run.smithi088.stdout:/usr/bin/ceph: stderr
2024-03-19T01:41:20.884+0000 7fb3d54ed700 1 --2- 172.21.15.88:0/1800372027 >> [v2:172.21.15.88:3300/0,v1:172.21.15.88:6789/0] conn(0x7fb3d019b910 0x7fb3d019bd20 secure :-1 s=READY pgs=74 cs=0 l=1 rev1=1 crypto rx=0x7fb3cc011670 tx=0x7fb3cc011aa0 comp rx=0 tx=0).ready entity=mon.0 client_cookie=0 server_cookie=0 in_seq=0 out_seq=0
2024-03-19T01:41:26.990 INFO:teuthology.orchestra.run.smithi088.stdout:/usr/bin/ceph: stderr
2024-03-19T01:41:20.885+0000 7fb3c67fc700 1 -- 172.21.15.88:0/1800372027 <== mon.0 v2:172.21.15.88:3300/0 1 ==== mon_map magic: 0 v1 ==== 229+0+0 (secure 0 0 0) 0x7fb3cc0039c0 con 0x7fb3d019b910
2024-03-19T01:41:26.990 INFO:teuthology.orchestra.run.smithi088.stdout:/usr/bin/ceph: stderr
2024-03-19T01:41:20.885+0000 7fb3d7751700 1 -- 172.21.15.88:0/1800372027 --> [v2:172.21.15.88:3300/0,v1:172.21.15.88:6789/0] -- mon_subscribe({mgrmap=0+}) v3 -- 0x7fb3d019c460 con 0x7fb3d019b910
2024-03-19T01:41:26.990 INFO:teuthology.orchestra.run.smithi088.stdout:/usr/bin/ceph: stderr
2024-03-19T01:41:20.885+0000 7fb3c67fc700 1 -- 172.21.15.88:0/1800372027 <== mon.0 v2:172.21.15.88:3300/0 2 ==== config(27 keys) v1 ==== 1101+0+0 (secure 0 0 0) 0x7fb3cc003b20 con 0x7fb3d019b910
2024-03-19T01:41:26.990 INFO:teuthology.orchestra.run.smithi088.stdout:/usr/bin/ceph: stderr
2024-03-19T01:41:20.885+0000 7fb3c67fc700 1 -- 172.21.15.88:0/1800372027 <== mon.0 v2:172.21.15.88:3300/0 3 ==== mon_map magic: 0 v1 ==== 229+0+0 (secure 0 0 0) 0x7fb3cc0247f0 con 0x7fb3d019b910
2024-03-19T01:41:26.991 INFO:teuthology.orchestra.run.smithi088.stdout:/usr/bin/ceph: stderr
2024-03-19T01:41:20.885+0000 7fb3d7751700 1 -- 172.21.15.88:0/1800372027 --> [v2:172.21.15.88:3300/0,v1:172.21.15.88:6789/0] -- mon_subscribe({osdmap=0}) v3 -- 0x7fb3d019f0c0 con 0x7fb3d019b910
2024-03-19T01:41:26.991 INFO:teuthology.orchestra.run.smithi088.stdout:/usr/bin/ceph: stderr
2024-03-19T01:41:20.885+0000 7fb3c67fc700 1 -- 172.21.15.88:0/1800372027 <== mon.0 v2:172.21.15.88:3300/0 4 ==== mgrmap(e 9) v1 ==== 45097+0+0 (secure 0 0 0) 0x7fb3cc024ab0 con 0x7fb3d019b910
2024-03-19T01:41:26.991 INFO:teuthology.orchestra.run.smithi088.stdout:/usr/bin/ceph: stderr
2024-03-19T01:41:20.886+0000 7fb3c67fc700 1 --2- 172.21.15.88:0/1800372027 >> [v2:172.21.15.88:6800/1925732803,v1:172.21.15.88:6801/1925732803] conn(0x7fb3bc038400 0x7fb3bc03a8b0 unknown :-1 s=NONE pgs=0 cs=0 l=1 rev1=0 crypto rx=0 tx=0 comp rx=0 tx=0).connect
2024-03-19T01:41:26.991 INFO:teuthology.orchestra.run.smithi088.stdout:/usr/bin/ceph: stderr
2024-03-19T01:41:20.886+0000 7fb3c67fc700 1 -- 172.21.15.88:0/1800372027 --> [v2:172.21.15.88:6800/1925732803,v1:172.21.15.88:6801/1925732803] -- command(tid 0: {"prefix": "get_command_descriptions"}) v1 -- 0x7fb3bc03afc0 con 0x7fb3bc038400
2024-03-19T01:41:26.991 INFO:teuthology.orchestra.run.smithi088.stdout:/usr/bin/ceph: stderr
2024-03-19T01:41:20.886+0000 7fb3d4cec700 1 -- 172.21.15.88:0/1800372027 >> [v2:172.21.15.88:6800/1925732803,v1:172.21.15.88:6801/1925732803] conn(0x7fb3bc038400 msgr2=0x7fb3bc03a8b0 unknown :-1 s=STATE_CONNECTING_RE l=1).process reconnect failed to v2:172.21.15.88:6800/1925732803
2024-03-19T01:41:26.991 INFO:teuthology.orchestra.run.smithi088.stdout:/usr/bin/ceph: stderr
2024-03-19T01:41:20.886+0000 7fb3c67fc700 1 -- 172.21.15.88:0/1800372027 <== mon.0 v2:172.21.15.88:3300/0 5 ==== osd_map(2..2 src has 1..2) v4 ==== 940+0+0 (secure 0 0 0) 0x7fb3cc04c560 con 0x7fb3d019b910
2024-03-19T01:41:26.991 INFO:teuthology.orchestra.run.smithi088.stdout:/usr/bin/ceph: stderr
2024-03-19T01:41:20.886+0000 7fb3d4cec700 1 --2- 172.21.15.88:0/1800372027 >> [v2:172.21.15.88:6800/1925732803,v1:172.21.15.88:6801/1925732803] conn(0x7fb3bc038400 0x7fb3bc03a8b0 unknown :-1 s=START_CONNECT pgs=0 cs=0 l=1 rev1=0 crypto rx=0 tx=0 comp rx=0 tx=0)._fault waiting 0.200000
2024-03-19T01:41:26.991 INFO:teuthology.orchestra.run.smithi088.stdout:/usr/bin/ceph: stderr
2024-03-19T01:41:21.087+0000 7fb3d4cec700 1 -- 172.21.15.88:0/1800372027 >> [v2:172.21.15.88:6800/1925732803,v1:172.21.15.88:6801/1925732803] conn(0x7fb3bc038400 msgr2=0x7fb3bc03a8b0 unknown :-1 s=STATE_CONNECTING_RE l=1).process reconnect failed to v2:172.21.15.88:6800/1925732803
2024-03-19T01:41:26.991 INFO:teuthology.orchestra.run.smithi088.stdout:/usr/bin/ceph: stderr
2024-03-19T01:41:21.087+0000 7fb3d4cec700 1 --2- 172.21.15.88:0/1800372027 >> [v2:172.21.15.88:6800/1925732803,v1:172.21.15.88:6801/1925732803] conn(0x7fb3bc038400 0x7fb3bc03a8b0 unknown :-1 s=START_CONNECT pgs=0 cs=0 l=1 rev1=0 crypto rx=0 tx=0 comp rx=0 tx=0)._fault waiting 0.400000
2024-03-19T01:41:26.991 INFO:teuthology.orchestra.run.smithi088.stdout:/usr/bin/ceph: stderr
2024-03-19T01:41:21.488+0000 7fb3d4cec700 1 -- 172.21.15.88:0/1800372027 >> [v2:172.21.15.88:6800/1925732803,v1:172.21.15.88:6801/1925732803] conn(0x7fb3bc038400 msgr2=0x7fb3bc03a8b0 unknown :-1 s=STATE_CONNECTING_RE l=1).process reconnect failed to v2:172.21.15.88:6800/1925732803
2024-03-19T01:41:26.991 INFO:teuthology.orchestra.run.smithi088.stdout:/usr/bin/ceph: stderr
2024-03-19T01:41:21.488+0000 7fb3d4cec700 1 --2- 172.21.15.88:0/1800372027 >> [v2:172.21.15.88:6800/1925732803,v1:172.21.15.88:6801/1925732803] conn(0x7fb3bc038400 0x7fb3bc03a8b0 unknown :-1 s=START_CONNECT pgs=0 cs=0 l=1 rev1=0 crypto rx=0 tx=0 comp rx=0 tx=0)._fault waiting 0.800000
2024-03-19T01:41:26.991 INFO:teuthology.orchestra.run.smithi088.stdout:/usr/bin/ceph: stderr
2024-03-19T01:41:22.289+0000 7fb3d4cec700 1 -- 172.21.15.88:0/1800372027 >> [v2:172.21.15.88:6800/1925732803,v1:172.21.15.88:6801/1925732803] conn(0x7fb3bc038400 msgr2=0x7fb3bc03a8b0 unknown :-1 s=STATE_CONNECTING_RE l=1).process reconnect failed to v2:172.21.15.88:6800/1925732803
2024-03-19T01:41:26.991 INFO:teuthology.orchestra.run.smithi088.stdout:/usr/bin/ceph: stderr
2024-03-19T01:41:22.289+0000 7fb3d4cec700 1 --2- 172.21.15.88:0/1800372027 >> [v2:172.21.15.88:6800/1925732803,v1:172.21.15.88:6801/1925732803] conn(0x7fb3bc038400 0x7fb3bc03a8b0 unknown :-1 s=START_CONNECT pgs=0 cs=0 l=1 rev1=0 crypto rx=0 tx=0 comp rx=0 tx=0)._fault waiting 1.600000
2024-03-19T01:41:26.991 INFO:teuthology.orchestra.run.smithi088.stdout:/usr/bin/ceph: stderr
2024-03-19T01:41:23.890+0000 7fb3d4cec700 1 -- 172.21.15.88:0/1800372027 >> [v2:172.21.15.88:6800/1925732803,v1:172.21.15.88:6801/1925732803] conn(0x7fb3bc038400 msgr2=0x7fb3bc03a8b0 unknown :-1 s=STATE_CONNECTING_RE l=1).process reconnect failed to v2:172.21.15.88:6800/1925732803
2024-03-19T01:41:26.992 INFO:teuthology.orchestra.run.smithi088.stdout:/usr/bin/ceph: stderr
2024-03-19T01:41:23.890+0000 7fb3d4cec700 1 --2- 172.21.15.88:0/1800372027 >> [v2:172.21.15.88:6800/1925732803,v1:172.21.15.88:6801/1925732803] conn(0x7fb3bc038400 0x7fb3bc03a8b0 unknown :-1 s=START_CONNECT pgs=0 cs=0 l=1 rev1=0 crypto rx=0 tx=0 comp rx=0 tx=0)._fault waiting 3.200000
2024-03-19T01:41:26.992 INFO:teuthology.orchestra.run.smithi088.stdout:/usr/bin/ceph: stderr
2024-03-19T01:41:25.279+0000 7fb3c67fc700 1 -- 172.21.15.88:0/1800372027 <== mon.0 v2:172.21.15.88:3300/0 6 ==== mgrmap(e 10) v1 ==== 44864+0+0 (secure 0 0 0) 0x7fb3cc01ac70 con 0x7fb3d019b910
2024-03-19T01:41:26.992 INFO:teuthology.orchestra.run.smithi088.stdout:/usr/bin/ceph: stderr
2024-03-19T01:41:25.279+0000 7fb3c67fc700 1 -- 172.21.15.88:0/1800372027 >> [v2:172.21.15.88:6800/1925732803,v1:172.21.15.88:6801/1925732803] conn(0x7fb3bc038400 msgr2=0x7fb3bc03a8b0 unknown :-1 s=STATE_CONNECTING l=1).mark_down
2024-03-19T01:41:26.992 INFO:teuthology.orchestra.run.smithi088.stdout:/usr/bin/ceph: stderr
2024-03-19T01:41:25.279+0000 7fb3c67fc700 1 --2- 172.21.15.88:0/1800372027 >> [v2:172.21.15.88:6800/1925732803,v1:172.21.15.88:6801/1925732803] conn(0x7fb3bc038400 0x7fb3bc03a8b0 unknown :-1 s=START_CONNECT pgs=0 cs=0 l=1 rev1=0 crypto rx=0 tx=0 comp rx=0 tx=0).stop
2024-03-19T01:41:26.992 INFO:teuthology.orchestra.run.smithi088.stdout:/usr/bin/ceph: stderr
2024-03-19T01:41:26.280+0000 7fb3c67fc700 1 -- 172.21.15.88:0/1800372027 <== mon.0 v2:172.21.15.88:3300/0 7 ==== mgrmap(e 11) v1 ==== 44991+0+0 (secure 0 0 0) 0x7fb3cc02d770 con 0x7fb3d019b910
2024-03-19T01:41:26.992 INFO:teuthology.orchestra.run.smithi088.stdout:/usr/bin/ceph: stderr
2024-03-19T01:41:26.280+0000 7fb3c67fc700 1 --2- 172.21.15.88:0/1800372027 >> [v2:172.21.15.88:6800/1723850772,v1:172.21.15.88:6801/1723850772] conn(0x7fb3bc03beb0 0x7fb3bc03e290 unknown :-1 s=NONE pgs=0 cs=0 l=1 rev1=0 crypto rx=0 tx=0 comp rx=0 tx=0).connect
2024-03-19T01:41:26.992 INFO:teuthology.orchestra.run.smithi088.stdout:/usr/bin/ceph: stderr
2024-03-19T01:41:26.280+0000 7fb3c67fc700 1 -- 172.21.15.88:0/1800372027 --> [v2:172.21.15.88:6800/1723850772,v1:172.21.15.88:6801/1723850772] -- command(tid 0: {"prefix": "get_command_descriptions"}) v1 -- 0x7fb3bc03afc0 con 0x7fb3bc03beb0
2024-03-19T01:41:26.992 INFO:teuthology.orchestra.run.smithi088.stdout:/usr/bin/ceph: stderr
2024-03-19T01:41:26.281+0000 7fb3d4cec700 1 --2- 172.21.15.88:0/1800372027 >> [v2:172.21.15.88:6800/1723850772,v1:172.21.15.88:6801/1723850772] conn(0x7fb3bc03beb0 0x7fb3bc03e290 unknown :-1 s=BANNER_CONNECTING pgs=0 cs=0 l=1 rev1=0 crypto rx=0 tx=0 comp rx=0 tx=0)._handle_peer_banner_payload supported=3 required=0
2024-03-19T01:41:26.992 INFO:teuthology.orchestra.run.smithi088.stdout:/usr/bin/ceph: stderr
2024-03-19T01:41:26.281+0000 7fb3d4cec700 1 --2- 172.21.15.88:0/1800372027 >> [v2:172.21.15.88:6800/1723850772,v1:172.21.15.88:6801/1723850772] conn(0x7fb3bc03beb0 0x7fb3bc03e290 secure :-1 s=READY pgs=2 cs=0 l=1 rev1=1 crypto rx=0x7fb3c0003a10 tx=0x7fb3c00092b0 comp rx=0 tx=0).ready entity=mgr.14164 client_cookie=0 server_cookie=0 in_seq=0 out_seq=0
2024-03-19T01:41:26.992 INFO:teuthology.orchestra.run.smithi088.stdout:/usr/bin/ceph: stderr
2024-03-19T01:41:26.282+0000 7fb3c67fc700 1 -- 172.21.15.88:0/1800372027 <== mgr.14164 v2:172.21.15.88:6800/1723850772 1 ==== command_reply(tid 0: 0 ) v1 ==== 8+0+6910 (secure 0 0 0) 0x7fb3bc03afc0 con 0x7fb3bc03beb0
2024-03-19T01:41:26.992 INFO:teuthology.orchestra.run.smithi088.stdout:/usr/bin/ceph: stderr
2024-03-19T01:41:26.288+0000 7fb3d7751700 1 -- 172.21.15.88:0/1800372027 --> [v2:172.21.15.88:6800/1723850772,v1:172.21.15.88:6801/1723850772] -- command(tid 1: {"prefix": "mgr_status"}) v1 -- 0x7fb3d019cc90 con 0x7fb3bc03beb0
2024-03-19T01:41:26.992 INFO:teuthology.orchestra.run.smithi088.stdout:/usr/bin/ceph: stderr
2024-03-19T01:41:26.288+0000 7fb3c67fc700 1 -- 172.21.15.88:0/1800372027 <== mgr.14164 v2:172.21.15.88:6800/1723850772 2 ==== command_reply(tid 1: 0 ) v1 ==== 8+0+52 (secure 0 0 0) 0x7fb3d019cc90 con 0x7fb3bc03beb0
2024-03-19T01:41:26.992 INFO:teuthology.orchestra.run.smithi088.stdout:/usr/bin/ceph: stderr
2024-03-19T01:41:26.289+0000 7fb3d7751700 1 -- 172.21.15.88:0/1800372027 >> [v2:172.21.15.88:6800/1723850772,v1:172.21.15.88:6801/1723850772] conn(0x7fb3bc03beb0 msgr2=0x7fb3bc03e290 secure :-1 s=STATE_CONNECTION_ESTABLISHED l=1).mark_down
2024-03-19T01:41:26.992 INFO:teuthology.orchestra.run.smithi088.stdout:/usr/bin/ceph: stderr
2024-03-19T01:41:26.289+0000 7fb3d7751700 1 --2- 172.21.15.88:0/1800372027 >> [v2:172.21.15.88:6800/1723850772,v1:172.21.15.88:6801/1723850772] conn(0x7fb3bc03beb0 0x7fb3bc03e290 secure :-1 s=READY pgs=2 cs=0 l=1 rev1=1 crypto rx=0x7fb3c0003a10 tx=0x7fb3c00092b0 comp rx=0 tx=0).stop
2024-03-19T01:41:26.992 INFO:teuthology.orchestra.run.smithi088.stdout:/usr/bin/ceph: stderr
2024-03-19T01:41:26.289+0000 7fb3d7751700 1 -- 172.21.15.88:0/1800372027 >> [v2:172.21.15.88:3300/0,v1:172.21.15.88:6789/0] conn(0x7fb3d019b910 msgr2=0x7fb3d019bd20 secure :-1 s=STATE_CONNECTION_ESTABLISHED l=1).mark_down
2024-03-19T01:41:26.993 INFO:teuthology.orchestra.run.smithi088.stdout:/usr/bin/ceph: stderr
2024-03-19T01:41:26.289+0000 7fb3d7751700 1 --2- 172.21.15.88:0/1800372027 >> [v2:172.21.15.88:3300/0,v1:172.21.15.88:6789/0] conn(0x7fb3d019b910 0x7fb3d019bd20 secure :-1 s=READY pgs=74 cs=0 l=1 rev1=1 crypto rx=0x7fb3cc011670 tx=0x7fb3cc011aa0 comp rx=0 tx=0).stop
2024-03-19T01:41:26.993 INFO:teuthology.orchestra.run.smithi088.stdout:/usr/bin/ceph: stderr
2024-03-19T01:41:26.289+0000 7fb3d7751700 1 -- 172.21.15.88:0/1800372027 shutdown_connections
2024-03-19T01:41:26.993 INFO:teuthology.orchestra.run.smithi088.stdout:/usr/bin/ceph: stderr
2024-03-19T01:41:26.289+0000 7fb3d7751700 1 --2- 172.21.15.88:0/1800372027 >> [v2:172.21.15.88:6800/1723850772,v1:172.21.15.88:6801/1723850772] conn(0x7fb3bc03beb0 0x7fb3bc03e290 unknown :-1 s=CLOSED pgs=2 cs=0 l=1 rev1=1 crypto rx=0 tx=0 comp rx=0 tx=0).stop
2024-03-19T01:41:26.993 INFO:teuthology.orchestra.run.smithi088.stdout:/usr/bin/ceph: stderr
2024-03-19T01:41:26.289+0000 7fb3d7751700 1 --2- 172.21.15.88:0/1800372027 >> [v2:172.21.15.88:3300/0,v1:172.21.15.88:6789/0] conn(0x7fb3d019b910 0x7fb3d019bd20 unknown :-1 s=CLOSED pgs=74 cs=0 l=1 rev1=1 crypto rx=0 tx=0 comp rx=0 tx=0).stop
2024-03-19T01:41:26.993 INFO:teuthology.orchestra.run.smithi088.stdout:/usr/bin/ceph: stderr
2024-03-19T01:41:26.289+0000 7fb3d7751700 1 --2- 172.21.15.88:0/1800372027 >> [v2:172.21.15.88:6800/1925732803,v1:172.21.15.88:6801/1925732803] conn(0x7fb3bc038400 0x7fb3bc03a8b0 unknown :-1 s=CLOSED pgs=0 cs=0 l=1 rev1=0 crypto rx=0 tx=0 comp rx=0 tx=0).stop
2024-03-19T01:41:26.993 INFO:teuthology.orchestra.run.smithi088.stdout:/usr/bin/ceph: stderr
2024-03-19T01:41:26.289+0000 7fb3d7751700 1 -- 172.21.15.88:0/1800372027 >> 172.21.15.88:0/1800372027 conn(0x7fb3d00ffee0 msgr2=0x7fb3d0101680 unknown :-1 s=STATE_NONE l=0).mark_down
2024-03-19T01:41:26.993 INFO:teuthology.orchestra.run.smithi088.stdout:/usr/bin/ceph: stderr
2024-03-19T01:41:26.289+0000 7fb3d7751700 1 -- 172.21.15.88:0/1800372027 shutdown_connections
2024-03-19T01:41:26.993 INFO:teuthology.orchestra.run.smithi088.stdout:/usr/bin/ceph: stderr
2024-03-19T01:41:26.289+0000 7fb3d7751700 1 -- 172.21.15.88:0/1800372027 wait complete.
2024-03-19T01:41:26.993 INFO:teuthology.orchestra.run.smithi088.stdout:mgr epoch 9 is available
2024-03-19T01:41:26.993 INFO:teuthology.orchestra.run.smithi088.stdout:Generating a dashboard self-signed certificate...
2024-03-19T01:41:27.627 INFO:journalctl@ceph.mon.smithi088.smithi088.stdout:Mar 19 01:41:27 smithi088 ceph-mon[29308]: [19/Mar/2024:01:41:25] ENGINE Bus STARTING
2024-03-19T01:41:27.627 INFO:journalctl@ceph.mon.smithi088.smithi088.stdout:Mar 19 01:41:27 smithi088 ceph-mon[29308]: [19/Mar/2024:01:41:26] ENGINE Serving on http://172.21.15.88:8765
2024-03-19T01:41:27.627 INFO:journalctl@ceph.mon.smithi088.smithi088.stdout:Mar 19 01:41:27 smithi088 ceph-mon[29308]: [19/Mar/2024:01:41:26] ENGINE Serving on https://172.21.15.88:7150
2024-03-19T01:41:27.627 INFO:journalctl@ceph.mon.smithi088.smithi088.stdout:Mar 19 01:41:27 smithi088 ceph-mon[29308]: [19/Mar/2024:01:41:26] ENGINE Bus STARTED
2024-03-19T01:41:27.627 INFO:journalctl@ceph.mon.smithi088.smithi088.stdout:Mar 19 01:41:27 smithi088 ceph-mon[29308]: from='client.14168 -' entity='client.admin' cmd=[{"prefix": "get_command_descriptions"}]: dispatch
2024-03-19T01:41:27.627 INFO:journalctl@ceph.mon.smithi088.smithi088.stdout:Mar 19 01:41:27 smithi088 ceph-mon[29308]: from='client.14168 -' entity='client.admin' cmd=[{"prefix": "mgr_status"}]: dispatch
2024-03-19T01:41:27.627 INFO:journalctl@ceph.mon.smithi088.smithi088.stdout:Mar 19 01:41:27 smithi088 ceph-mon[29308]: from='mgr.14164 172.21.15.88:0/1279712543' entity='mgr.smithi088.sthccc'
2024-03-19T01:41:28.460 INFO:journalctl@ceph.mon.smithi088.smithi088.stdout:Mar 19 01:41:28 smithi088 ceph-mon[29308]: from='client.14176 -' entity='client.admin' cmd=[{"prefix": "dashboard create-self-signed-cert", "target": ["mon-mgr", ""]}]: dispatch
2024-03-19T01:41:28.461 INFO:journalctl@ceph.mon.smithi088.smithi088.stdout:Mar 19 01:41:28 smithi088 ceph-mon[29308]: from='mgr.14164 172.21.15.88:0/1279712543' entity='mgr.smithi088.sthccc'
2024-03-19T01:41:28.461 INFO:journalctl@ceph.mon.smithi088.smithi088.stdout:Mar 19 01:41:28 smithi088 ceph-mon[29308]: from='mgr.14164 172.21.15.88:0/1279712543' entity='mgr.smithi088.sthccc'
2024-03-19T01:41:28.461 INFO:journalctl@ceph.mon.smithi088.smithi088.stdout:Mar 19 01:41:28 smithi088 ceph-mon[29308]: from='mgr.14164 172.21.15.88:0/1279712543' entity='mgr.smithi088.sthccc'
2024-03-19T01:41:28.461 INFO:journalctl@ceph.mon.smithi088.smithi088.stdout:Mar 19 01:41:28 smithi088 ceph-mon[29308]: mgrmap e12: smithi088.sthccc(active, since 2s)
2024-03-19T01:41:28.468 INFO:teuthology.orchestra.run.smithi088.stdout:/usr/bin/ceph: stdout Self-signed certificate created
2024-03-19T01:41:28.468 INFO:teuthology.orchestra.run.smithi088.stdout:/usr/bin/ceph: stderr
2024-03-19T01:41:27.434+0000 7f0abd93c700 1 Processor -- start
2024-03-19T01:41:28.468 INFO:teuthology.orchestra.run.smithi088.stdout:/usr/bin/ceph: stderr
2024-03-19T01:41:27.434+0000 7f0abd93c700 1 -- start start
2024-03-19T01:41:28.468 INFO:teuthology.orchestra.run.smithi088.stdout:/usr/bin/ceph: stderr
2024-03-19T01:41:27.434+0000 7f0abd93c700 1 --2- >> [v2:172.21.15.88:3300/0,v1:172.21.15.88:6789/0] conn(0x7f0ab8079cd0 0x7f0ab810a970 unknown :-1 s=NONE pgs=0 cs=0 l=0 rev1=0 crypto rx=0 tx=0 comp rx=0 tx=0).connect
2024-03-19T01:41:28.468 INFO:teuthology.orchestra.run.smithi088.stdout:/usr/bin/ceph: stderr
2024-03-19T01:41:27.434+0000 7f0abd93c700 1 -- --> [v2:172.21.15.88:3300/0,v1:172.21.15.88:6789/0] -- mon_getmap magic: 0 v1 -- 0x7f0ab8106360 con 0x7f0ab8079cd0
2024-03-19T01:41:28.468 INFO:teuthology.orchestra.run.smithi088.stdout:/usr/bin/ceph: stderr
2024-03-19T01:41:27.434+0000 7f0ab6ffd700 1 --2- >> [v2:172.21.15.88:3300/0,v1:172.21.15.88:6789/0] conn(0x7f0ab8079cd0 0x7f0ab810a970 unknown :-1 s=BANNER_CONNECTING pgs=0 cs=0 l=0 rev1=0 crypto rx=0 tx=0 comp rx=0 tx=0)._handle_peer_banner_payload supported=3 required=0
2024-03-19T01:41:28.468 INFO:teuthology.orchestra.run.smithi088.stdout:/usr/bin/ceph: stderr
2024-03-19T01:41:27.434+0000 7f0ab6ffd700 1 --2- >> [v2:172.21.15.88:3300/0,v1:172.21.15.88:6789/0] conn(0x7f0ab8079cd0 0x7f0ab810a970 unknown :-1 s=HELLO_CONNECTING pgs=0 cs=0 l=0 rev1=1 crypto rx=0 tx=0 comp rx=0 tx=0).handle_hello peer v2:172.21.15.88:3300/0 says I am v2:172.21.15.88:41792/0 (socket says 172.21.15.88:41792)
2024-03-19T01:41:28.468 INFO:teuthology.orchestra.run.smithi088.stdout:/usr/bin/ceph: stderr
2024-03-19T01:41:27.434+0000 7f0ab6ffd700 1 -- 172.21.15.88:0/995391254 learned_addr learned my addr 172.21.15.88:0/995391254 (peer_addr_for_me v2:172.21.15.88:0/0)
2024-03-19T01:41:28.468 INFO:teuthology.orchestra.run.smithi088.stdout:/usr/bin/ceph: stderr
2024-03-19T01:41:27.434+0000 7f0ab6ffd700 1 -- 172.21.15.88:0/995391254 --> [v2:172.21.15.88:3300/0,v1:172.21.15.88:6789/0] -- mon_subscribe({config=0+,monmap=0+}) v3 -- 0x7f0ab810aeb0 con 0x7f0ab8079cd0
2024-03-19T01:41:28.468 INFO:teuthology.orchestra.run.smithi088.stdout:/usr/bin/ceph: stderr
2024-03-19T01:41:27.435+0000 7f0ab6ffd700 1 --2- 172.21.15.88:0/995391254 >> [v2:172.21.15.88:3300/0,v1:172.21.15.88:6789/0] conn(0x7f0ab8079cd0 0x7f0ab810a970 secure :-1 s=READY pgs=82 cs=0 l=1 rev1=1 crypto rx=0x7f0aa80098a0 tx=0x7f0aa8009bb0 comp rx=0 tx=0).ready entity=mon.0 client_cookie=9cd8913ba8ee1bc6 server_cookie=0 in_seq=0 out_seq=0
2024-03-19T01:41:28.468 INFO:teuthology.orchestra.run.smithi088.stdout:/usr/bin/ceph: stderr
2024-03-19T01:41:27.435+0000 7f0ab5ffb700 1 -- 172.21.15.88:0/995391254 <== mon.0 v2:172.21.15.88:3300/0 1 ==== mon_map magic: 0 v1 ==== 229+0+0 (secure 0 0 0) 0x7f0aa8004180 con 0x7f0ab8079cd0
2024-03-19T01:41:28.469 INFO:teuthology.orchestra.run.smithi088.stdout:/usr/bin/ceph: stderr
2024-03-19T01:41:27.435+0000 7f0ab5ffb700 1 -- 172.21.15.88:0/995391254 <== mon.0 v2:172.21.15.88:3300/0 2 ==== config(27 keys) v1 ==== 1101+0+0 (secure 0 0 0) 0x7f0aa80042e0 con 0x7f0ab8079cd0
2024-03-19T01:41:28.469 INFO:teuthology.orchestra.run.smithi088.stdout:/usr/bin/ceph: stderr
2024-03-19T01:41:27.435+0000 7f0ab5ffb700 1 -- 172.21.15.88:0/995391254 <== mon.0 v2:172.21.15.88:3300/0 3 ==== mon_map magic: 0 v1 ==== 229+0+0 (secure 0 0 0) 0x7f0aa8011af0 con 0x7f0ab8079cd0
2024-03-19T01:41:28.469 INFO:teuthology.orchestra.run.smithi088.stdout:/usr/bin/ceph: stderr
2024-03-19T01:41:27.435+0000 7f0abd93c700 1 -- 172.21.15.88:0/995391254 >> [v2:172.21.15.88:3300/0,v1:172.21.15.88:6789/0] conn(0x7f0ab8079cd0 msgr2=0x7f0ab810a970 secure :-1 s=STATE_CONNECTION_ESTABLISHED l=1).mark_down
2024-03-19T01:41:28.469 INFO:teuthology.orchestra.run.smithi088.stdout:/usr/bin/ceph: stderr
2024-03-19T01:41:27.435+0000 7f0abd93c700 1 --2- 172.21.15.88:0/995391254 >> [v2:172.21.15.88:3300/0,v1:172.21.15.88:6789/0] conn(0x7f0ab8079cd0 0x7f0ab810a970 secure :-1 s=READY pgs=82 cs=0 l=1 rev1=1 crypto rx=0x7f0aa80098a0 tx=0x7f0aa8009bb0 comp rx=0 tx=0).stop
2024-03-19T01:41:28.469 INFO:teuthology.orchestra.run.smithi088.stdout:/usr/bin/ceph: stderr
2024-03-19T01:41:27.435+0000 7f0abd93c700 1 -- 172.21.15.88:0/995391254 shutdown_connections
2024-03-19T01:41:28.469 INFO:teuthology.orchestra.run.smithi088.stdout:/usr/bin/ceph: stderr
2024-03-19T01:41:27.435+0000 7f0abd93c700 1 --2- 172.21.15.88:0/995391254 >> [v2:172.21.15.88:3300/0,v1:172.21.15.88:6789/0] conn(0x7f0ab8079cd0 0x7f0ab810a970 unknown :-1 s=CLOSED pgs=82 cs=0 l=1 rev1=1 crypto rx=0 tx=0 comp rx=0 tx=0).stop
2024-03-19T01:41:28.469 INFO:teuthology.orchestra.run.smithi088.stdout:/usr/bin/ceph: stderr
2024-03-19T01:41:27.435+0000 7f0abd93c700 1 -- 172.21.15.88:0/995391254 >> 172.21.15.88:0/995391254 conn(0x7f0ab80fff00 msgr2=0x7f0ab8102350 unknown :-1 s=STATE_NONE l=0).mark_down
2024-03-19T01:41:28.469 INFO:teuthology.orchestra.run.smithi088.stdout:/usr/bin/ceph: stderr
2024-03-19T01:41:27.435+0000 7f0abd93c700 1 -- 172.21.15.88:0/995391254 shutdown_connections
2024-03-19T01:41:28.469 INFO:teuthology.orchestra.run.smithi088.stdout:/usr/bin/ceph: stderr
2024-03-19T01:41:27.435+0000 7f0abd93c700 1 -- 172.21.15.88:0/995391254 wait complete.
2024-03-19T01:41:28.469 INFO:teuthology.orchestra.run.smithi088.stdout:/usr/bin/ceph: stderr
2024-03-19T01:41:27.436+0000 7f0abd93c700 1 Processor -- start
2024-03-19T01:41:28.469 INFO:teuthology.orchestra.run.smithi088.stdout:/usr/bin/ceph: stderr
2024-03-19T01:41:27.437+0000 7f0abd93c700 1 -- start start
2024-03-19T01:41:28.469 INFO:teuthology.orchestra.run.smithi088.stdout:/usr/bin/ceph: stderr
2024-03-19T01:41:27.437+0000 7f0abd93c700 1 --2- >> [v2:172.21.15.88:3300/0,v1:172.21.15.88:6789/0] conn(0x7f0ab819b920 0x7f0ab819bd30 unknown :-1 s=NONE pgs=0 cs=0 l=1 rev1=0 crypto rx=0 tx=0 comp rx=0 tx=0).connect
2024-03-19T01:41:28.469 INFO:teuthology.orchestra.run.smithi088.stdout:/usr/bin/ceph: stderr
2024-03-19T01:41:27.437+0000 7f0abd93c700 1 -- --> [v2:172.21.15.88:3300/0,v1:172.21.15.88:6789/0] -- mon_getmap magic: 0 v1 -- 0x7f0ab819c270 con 0x7f0ab819b920
2024-03-19T01:41:28.469 INFO:teuthology.orchestra.run.smithi088.stdout:/usr/bin/ceph: stderr
2024-03-19T01:41:27.437+0000 7f0ab6ffd700 1 --2- >> [v2:172.21.15.88:3300/0,v1:172.21.15.88:6789/0] conn(0x7f0ab819b920 0x7f0ab819bd30 unknown :-1 s=BANNER_CONNECTING pgs=0 cs=0 l=1 rev1=0 crypto rx=0 tx=0 comp rx=0 tx=0)._handle_peer_banner_payload supported=3 required=0
2024-03-19T01:41:28.469 INFO:teuthology.orchestra.run.smithi088.stdout:/usr/bin/ceph: stderr
2024-03-19T01:41:27.437+0000 7f0ab6ffd700 1 --2- >> [v2:172.21.15.88:3300/0,v1:172.21.15.88:6789/0] conn(0x7f0ab819b920 0x7f0ab819bd30 unknown :-1 s=HELLO_CONNECTING pgs=0 cs=0 l=1 rev1=1 crypto rx=0 tx=0 comp rx=0 tx=0).handle_hello peer v2:172.21.15.88:3300/0 says I am v2:172.21.15.88:41808/0 (socket says 172.21.15.88:41808)
2024-03-19T01:41:28.470 INFO:teuthology.orchestra.run.smithi088.stdout:/usr/bin/ceph: stderr
2024-03-19T01:41:27.437+0000 7f0ab6ffd700 1 -- 172.21.15.88:0/1358787940 learned_addr learned my addr 172.21.15.88:0/1358787940 (peer_addr_for_me v2:172.21.15.88:0/0)
2024-03-19T01:41:28.470 INFO:teuthology.orchestra.run.smithi088.stdout:/usr/bin/ceph: stderr
2024-03-19T01:41:27.437+0000 7f0ab6ffd700 1 -- 172.21.15.88:0/1358787940 --> [v2:172.21.15.88:3300/0,v1:172.21.15.88:6789/0] -- mon_subscribe({config=0+,monmap=0+}) v3 -- 0x7f0aa8009550 con 0x7f0ab819b920
2024-03-19T01:41:28.470 INFO:teuthology.orchestra.run.smithi088.stdout:/usr/bin/ceph: stderr
2024-03-19T01:41:27.437+0000 7f0ab6ffd700 1 --2- 172.21.15.88:0/1358787940 >> [v2:172.21.15.88:3300/0,v1:172.21.15.88:6789/0] conn(0x7f0ab819b920 0x7f0ab819bd30 secure :-1 s=READY pgs=83 cs=0 l=1 rev1=1 crypto rx=0x7f0aa8011670 tx=0x7f0aa8011b50 comp rx=0 tx=0).ready entity=mon.0 client_cookie=0 server_cookie=0 in_seq=0 out_seq=0
2024-03-19T01:41:28.470 INFO:teuthology.orchestra.run.smithi088.stdout:/usr/bin/ceph: stderr
2024-03-19T01:41:27.437+0000 7f0abc93a700 1 -- 172.21.15.88:0/1358787940 <== mon.0 v2:172.21.15.88:3300/0 1 ==== mon_map magic: 0 v1 ==== 229+0+0 (secure 0 0 0) 0x7f0aa80039f0 con 0x7f0ab819b920
2024-03-19T01:41:28.470 INFO:teuthology.orchestra.run.smithi088.stdout:/usr/bin/ceph: stderr
2024-03-19T01:41:27.437+0000 7f0abc93a700 1 -- 172.21.15.88:0/1358787940 <== mon.0 v2:172.21.15.88:3300/0 2 ==== config(27 keys) v1 ==== 1101+0+0 (secure 0 0 0) 0x7f0aa8003b50 con 0x7f0ab819b920
2024-03-19T01:41:28.470 INFO:teuthology.orchestra.run.smithi088.stdout:/usr/bin/ceph: stderr
2024-03-19T01:41:27.437+0000 7f0abc93a700 1 -- 172.21.15.88:0/1358787940 <== mon.0 v2:172.21.15.88:3300/0 3 ==== mon_map magic: 0 v1 ==== 229+0+0 (secure 0 0 0) 0x7f0aa80247c0 con 0x7f0ab819b920
2024-03-19T01:41:28.470 INFO:teuthology.orchestra.run.smithi088.stdout:/usr/bin/ceph: stderr
2024-03-19T01:41:27.437+0000 7f0abd93c700 1 -- 172.21.15.88:0/1358787940 --> [v2:172.21.15.88:3300/0,v1:172.21.15.88:6789/0] -- mon_subscribe({mgrmap=0+}) v3 -- 0x7f0ab819c470 con 0x7f0ab819b920
2024-03-19T01:41:28.470 INFO:teuthology.orchestra.run.smithi088.stdout:/usr/bin/ceph: stderr
2024-03-19T01:41:27.438+0000 7f0abd93c700 1 -- 172.21.15.88:0/1358787940 --> [v2:172.21.15.88:3300/0,v1:172.21.15.88:6789/0] -- mon_subscribe({osdmap=0}) v3 -- 0x7f0ab819f0d0 con 0x7f0ab819b920
2024-03-19T01:41:28.470 INFO:teuthology.orchestra.run.smithi088.stdout:/usr/bin/ceph: stderr
2024-03-19T01:41:27.438+0000 7f0abc93a700 1 -- 172.21.15.88:0/1358787940 <== mon.0 v2:172.21.15.88:3300/0 4 ==== mgrmap(e 11) v1 ==== 44991+0+0 (secure 0 0 0) 0x7f0aa802d3f0 con 0x7f0ab819b920
2024-03-19T01:41:28.470 INFO:teuthology.orchestra.run.smithi088.stdout:/usr/bin/ceph: stderr
2024-03-19T01:41:27.438+0000 7f0abc93a700 1 --2- 172.21.15.88:0/1358787940 >> [v2:172.21.15.88:6800/1723850772,v1:172.21.15.88:6801/1723850772] conn(0x7f0aa0038370 0x7f0aa003a820 unknown :-1 s=NONE pgs=0 cs=0 l=1 rev1=0 crypto rx=0 tx=0 comp rx=0 tx=0).connect
2024-03-19T01:41:28.470 INFO:teuthology.orchestra.run.smithi088.stdout:/usr/bin/ceph: stderr
2024-03-19T01:41:27.438+0000 7f0abd93c700 1 -- 172.21.15.88:0/1358787940 --> [v2:172.21.15.88:3300/0,v1:172.21.15.88:6789/0] -- mon_command({"prefix": "get_command_descriptions"} v 0) v1 -- 0x7f0aa4005320 con 0x7f0ab819b920
2024-03-19T01:41:28.470 INFO:teuthology.orchestra.run.smithi088.stdout:/usr/bin/ceph: stderr
2024-03-19T01:41:27.439+0000 7f0abc93a700 1 -- 172.21.15.88:0/1358787940 <== mon.0 v2:172.21.15.88:3300/0 5 ==== osd_map(3..3 src has 1..3) v4 ==== 1155+0+0 (secure 0 0 0) 0x7f0aa804c310 con 0x7f0ab819b920
2024-03-19T01:41:28.470 INFO:teuthology.orchestra.run.smithi088.stdout:/usr/bin/ceph: stderr
2024-03-19T01:41:27.439+0000 7f0ab67fc700 1 --2- 172.21.15.88:0/1358787940 >> [v2:172.21.15.88:6800/1723850772,v1:172.21.15.88:6801/1723850772] conn(0x7f0aa0038370 0x7f0aa003a820 unknown :-1 s=BANNER_CONNECTING pgs=0 cs=0 l=1 rev1=0 crypto rx=0 tx=0 comp rx=0 tx=0)._handle_peer_banner_payload supported=3 required=0
2024-03-19T01:41:28.470 INFO:teuthology.orchestra.run.smithi088.stdout:/usr/bin/ceph: stderr
2024-03-19T01:41:27.439+0000 7f0ab67fc700 1 --2- 172.21.15.88:0/1358787940 >> [v2:172.21.15.88:6800/1723850772,v1:172.21.15.88:6801/1723850772] conn(0x7f0aa0038370 0x7f0aa003a820 secure :-1 s=READY pgs=7 cs=0 l=1 rev1=1 crypto rx=0x7f0aac006fd0 tx=0x7f0aac006e40 comp rx=0 tx=0).ready entity=mgr.14164 client_cookie=0 server_cookie=0 in_seq=0 out_seq=0
2024-03-19T01:41:28.471 INFO:teuthology.orchestra.run.smithi088.stdout:/usr/bin/ceph: stderr
2024-03-19T01:41:27.444+0000 7f0abc93a700 1 -- 172.21.15.88:0/1358787940 <== mon.0 v2:172.21.15.88:3300/0 6 ==== mon_command_ack([{"prefix": "get_command_descriptions"}]=0 v0) v1 ==== 72+0+177933 (secure 0 0 0) 0x7f0aa8010970 con 0x7f0ab819b920
2024-03-19T01:41:28.471 INFO:teuthology.orchestra.run.smithi088.stdout:/usr/bin/ceph: stderr
2024-03-19T01:41:27.645+0000 7f0abd93c700 1 -- 172.21.15.88:0/1358787940 --> [v2:172.21.15.88:6800/1723850772,v1:172.21.15.88:6801/1723850772] -- mgr_command(tid 0: {"prefix": "dashboard create-self-signed-cert", "target": ["mon-mgr", ""]}) v1 -- 0x7f0aa4000bf0 con 0x7f0aa0038370
2024-03-19T01:41:28.471 INFO:teuthology.orchestra.run.smithi088.stdout:/usr/bin/ceph: stderr
2024-03-19T01:41:27.695+0000 7f0abc93a700 1 -- 172.21.15.88:0/1358787940 <== mgr.14164 v2:172.21.15.88:6800/1723850772 1 ==== mgr_command_reply(tid 0: 0 ) v1 ==== 8+0+32 (secure 0 0 0) 0x7f0aa4000bf0 con 0x7f0aa0038370
2024-03-19T01:41:28.471 INFO:teuthology.orchestra.run.smithi088.stdout:/usr/bin/ceph: stderr
2024-03-19T01:41:27.697+0000 7f0abd93c700 1 -- 172.21.15.88:0/1358787940 >> [v2:172.21.15.88:6800/1723850772,v1:172.21.15.88:6801/1723850772] conn(0x7f0aa0038370 msgr2=0x7f0aa003a820 secure :-1 s=STATE_CONNECTION_ESTABLISHED l=1).mark_down
2024-03-19T01:41:28.471 INFO:teuthology.orchestra.run.smithi088.stdout:/usr/bin/ceph: stderr
2024-03-19T01:41:27.697+0000 7f0abd93c700 1 --2- 172.21.15.88:0/1358787940 >> [v2:172.21.15.88:6800/1723850772,v1:172.21.15.88:6801/1723850772] conn(0x7f0aa0038370 0x7f0aa003a820 secure :-1 s=READY pgs=7 cs=0 l=1 rev1=1 crypto rx=0x7f0aac006fd0 tx=0x7f0aac006e40 comp rx=0 tx=0).stop
2024-03-19T01:41:28.471 INFO:teuthology.orchestra.run.smithi088.stdout:/usr/bin/ceph: stderr
2024-03-19T01:41:27.697+0000 7f0abd93c700 1 -- 172.21.15.88:0/1358787940 >> [v2:172.21.15.88:3300/0,v1:172.21.15.88:6789/0] conn(0x7f0ab819b920 msgr2=0x7f0ab819bd30 secure :-1 s=STATE_CONNECTION_ESTABLISHED l=1).mark_down
2024-03-19T01:41:28.471 INFO:teuthology.orchestra.run.smithi088.stdout:/usr/bin/ceph: stderr
2024-03-19T01:41:27.697+0000 7f0abd93c700 1 --2- 172.21.15.88:0/1358787940 >> [v2:172.21.15.88:3300/0,v1:172.21.15.88:6789/0] conn(0x7f0ab819b920 0x7f0ab819bd30 secure :-1 s=READY pgs=83 cs=0 l=1 rev1=1 crypto rx=0x7f0aa8011670 tx=0x7f0aa8011b50 comp rx=0 tx=0).stop
2024-03-19T01:41:28.471 INFO:teuthology.orchestra.run.smithi088.stdout:/usr/bin/ceph: stderr
2024-03-19T01:41:27.698+0000 7f0abd93c700 1 -- 172.21.15.88:0/1358787940 shutdown_connections
2024-03-19T01:41:28.471 INFO:teuthology.orchestra.run.smithi088.stdout:/usr/bin/ceph: stderr
2024-03-19T01:41:27.698+0000 7f0abd93c700 1 --2- 172.21.15.88:0/1358787940 >> [v2:172.21.15.88:6800/1723850772,v1:172.21.15.88:6801/1723850772] conn(0x7f0aa0038370 0x7f0aa003a820 unknown :-1 s=CLOSED pgs=7 cs=0 l=1 rev1=1 crypto rx=0 tx=0 comp rx=0 tx=0).stop
2024-03-19T01:41:28.471 INFO:teuthology.orchestra.run.smithi088.stdout:/usr/bin/ceph: stderr
2024-03-19T01:41:27.698+0000 7f0abd93c700 1 --2- 172.21.15.88:0/1358787940 >> [v2:172.21.15.88:3300/0,v1:172.21.15.88:6789/0] conn(0x7f0ab819b920 0x7f0ab819bd30 unknown :-1 s=CLOSED pgs=83 cs=0 l=1 rev1=1 crypto rx=0 tx=0 comp rx=0 tx=0).stop
2024-03-19T01:41:28.471 INFO:teuthology.orchestra.run.smithi088.stdout:/usr/bin/ceph: stderr
2024-03-19T01:41:27.698+0000 7f0abd93c700 1 -- 172.21.15.88:0/1358787940 >> 172.21.15.88:0/1358787940 conn(0x7f0ab80fff00 msgr2=0x7f0ab81015c0 unknown :-1 s=STATE_NONE l=0).mark_down
2024-03-19T01:41:28.471 INFO:teuthology.orchestra.run.smithi088.stdout:/usr/bin/ceph: stderr
2024-03-19T01:41:27.698+0000 7f0abd93c700 1 -- 172.21.15.88:0/1358787940 shutdown_connections
2024-03-19T01:41:28.471 INFO:teuthology.orchestra.run.smithi088.stdout:/usr/bin/ceph: stderr
2024-03-19T01:41:27.698+0000 7f0abd93c700 1 -- 172.21.15.88:0/1358787940 wait complete.
2024-03-19T01:41:28.471 INFO:teuthology.orchestra.run.smithi088.stdout:Creating initial admin user...
2024-03-19T01:41:30.095 INFO:teuthology.orchestra.run.smithi088.stdout:/usr/bin/ceph: stdout {"username": "admin", "password": "$2b$12$f8gP2Nr.bvdaurpHja39Gu7Xkrl9njtbHrW/lwzEDTl9CPB36vQhi", "roles": ["administrator"], "name": null, "email": null, "lastUpdate": 1710812489, "enabled": true, "pwdExpirationDate": null, "pwdUpdateRequired": true}
2024-03-19T01:41:30.095 INFO:teuthology.orchestra.run.smithi088.stdout:/usr/bin/ceph: stderr
2024-03-19T01:41:28.902+0000 7fc2c972d700 1 Processor -- start
2024-03-19T01:41:30.095 INFO:teuthology.orchestra.run.smithi088.stdout:/usr/bin/ceph: stderr
2024-03-19T01:41:28.902+0000 7fc2c972d700 1 -- start start
2024-03-19T01:41:30.095 INFO:teuthology.orchestra.run.smithi088.stdout:/usr/bin/ceph: stderr
2024-03-19T01:41:28.902+0000 7fc2c972d700 1 --2- >> [v2:172.21.15.88:3300/0,v1:172.21.15.88:6789/0] conn(0x7fc2c4104310 0x7fc2c4104720 unknown :-1 s=NONE pgs=0 cs=0 l=0 rev1=0 crypto rx=0 tx=0 comp rx=0 tx=0).connect
2024-03-19T01:41:30.095 INFO:teuthology.orchestra.run.smithi088.stdout:/usr/bin/ceph: stderr
2024-03-19T01:41:28.902+0000 7fc2c972d700 1 -- --> [v2:172.21.15.88:3300/0,v1:172.21.15.88:6789/0] -- mon_getmap magic: 0 v1 -- 0x7fc2c4079d10 con 0x7fc2c4104310
2024-03-19T01:41:30.095 INFO:teuthology.orchestra.run.smithi088.stdout:/usr/bin/ceph: stderr
2024-03-19T01:41:28.903+0000 7fc2c2ffd700 1 --2- >> [v2:172.21.15.88:3300/0,v1:172.21.15.88:6789/0] conn(0x7fc2c4104310 0x7fc2c4104720 unknown :-1 s=BANNER_CONNECTING pgs=0 cs=0 l=0 rev1=0 crypto rx=0 tx=0 comp rx=0 tx=0)._handle_peer_banner_payload supported=3 required=0
2024-03-19T01:41:30.095 INFO:teuthology.orchestra.run.smithi088.stdout:/usr/bin/ceph: stderr
2024-03-19T01:41:28.903+0000 7fc2c2ffd700 1 --2- >> [v2:172.21.15.88:3300/0,v1:172.21.15.88:6789/0] conn(0x7fc2c4104310 0x7fc2c4104720 unknown :-1 s=HELLO_CONNECTING pgs=0 cs=0 l=0 rev1=1 crypto rx=0 tx=0 comp rx=0 tx=0).handle_hello peer v2:172.21.15.88:3300/0 says I am v2:172.21.15.88:41818/0 (socket says 172.21.15.88:41818)
2024-03-19T01:41:30.095 INFO:teuthology.orchestra.run.smithi088.stdout:/usr/bin/ceph: stderr
2024-03-19T01:41:28.903+0000 7fc2c2ffd700 1 -- 172.21.15.88:0/3170281197 learned_addr learned my addr 172.21.15.88:0/3170281197 (peer_addr_for_me v2:172.21.15.88:0/0)
2024-03-19T01:41:30.095 INFO:teuthology.orchestra.run.smithi088.stdout:/usr/bin/ceph: stderr
2024-03-19T01:41:28.903+0000 7fc2c2ffd700 1 -- 172.21.15.88:0/3170281197 --> [v2:172.21.15.88:3300/0,v1:172.21.15.88:6789/0] -- mon_subscribe({config=0+,monmap=0+}) v3 -- 0x7fc2c4079e50 con 0x7fc2c4104310
2024-03-19T01:41:30.095 INFO:teuthology.orchestra.run.smithi088.stdout:/usr/bin/ceph: stderr
2024-03-19T01:41:28.903+0000 7fc2c2ffd700 1 --2- 172.21.15.88:0/3170281197 >> [v2:172.21.15.88:3300/0,v1:172.21.15.88:6789/0] conn(0x7fc2c4104310 0x7fc2c4104720 secure :-1 s=READY pgs=84 cs=0 l=1 rev1=1 crypto rx=0x7fc2ac0098a0 tx=0x7fc2ac009bb0 comp rx=0 tx=0).ready entity=mon.0 client_cookie=4c6e6ced99aa5a26 server_cookie=0 in_seq=0 out_seq=0
2024-03-19T01:41:30.095 INFO:teuthology.orchestra.run.smithi088.stdout:/usr/bin/ceph: stderr
2024-03-19T01:41:28.903+0000 7fc2c1ffb700 1 -- 172.21.15.88:0/3170281197 <== mon.0 v2:172.21.15.88:3300/0 1 ==== mon_map magic: 0 v1 ==== 229+0+0 (secure 0 0 0) 0x7fc2ac004180 con 0x7fc2c4104310
2024-03-19T01:41:30.095 INFO:teuthology.orchestra.run.smithi088.stdout:/usr/bin/ceph: stderr
2024-03-19T01:41:28.903+0000 7fc2c1ffb700 1 -- 172.21.15.88:0/3170281197 <== mon.0 v2:172.21.15.88:3300/0 2 ==== config(27 keys) v1 ==== 1101+0+0 (secure 0 0 0) 0x7fc2ac0042e0 con 0x7fc2c4104310
2024-03-19T01:41:30.096 INFO:teuthology.orchestra.run.smithi088.stdout:/usr/bin/ceph: stderr
2024-03-19T01:41:28.903+0000 7fc2c1ffb700 1 -- 172.21.15.88:0/3170281197 <== mon.0 v2:172.21.15.88:3300/0 3 ==== mon_map magic: 0 v1 ==== 229+0+0 (secure 0 0 0) 0x7fc2ac011af0 con 0x7fc2c4104310
2024-03-19T01:41:30.096 INFO:teuthology.orchestra.run.smithi088.stdout:/usr/bin/ceph: stderr
2024-03-19T01:41:28.904+0000 7fc2c972d700 1 -- 172.21.15.88:0/3170281197 >> [v2:172.21.15.88:3300/0,v1:172.21.15.88:6789/0] conn(0x7fc2c4104310 msgr2=0x7fc2c4104720 secure :-1 s=STATE_CONNECTION_ESTABLISHED l=1).mark_down
2024-03-19T01:41:30.096 INFO:teuthology.orchestra.run.smithi088.stdout:/usr/bin/ceph: stderr
2024-03-19T01:41:28.904+0000 7fc2c972d700 1 --2- 172.21.15.88:0/3170281197 >> [v2:172.21.15.88:3300/0,v1:172.21.15.88:6789/0] conn(0x7fc2c4104310 0x7fc2c4104720 secure :-1 s=READY pgs=84 cs=0 l=1 rev1=1 crypto rx=0x7fc2ac0098a0 tx=0x7fc2ac009bb0 comp rx=0 tx=0).stop
2024-03-19T01:41:30.096 INFO:teuthology.orchestra.run.smithi088.stdout:/usr/bin/ceph: stderr
2024-03-19T01:41:28.904+0000 7fc2c972d700 1 -- 172.21.15.88:0/3170281197 shutdown_connections
2024-03-19T01:41:30.096 INFO:teuthology.orchestra.run.smithi088.stdout:/usr/bin/ceph: stderr
2024-03-19T01:41:28.904+0000 7fc2c972d700 1 --2- 172.21.15.88:0/3170281197 >> [v2:172.21.15.88:3300/0,v1:172.21.15.88:6789/0] conn(0x7fc2c4104310 0x7fc2c4104720 unknown :-1 s=CLOSED pgs=84 cs=0 l=1 rev1=1 crypto rx=0 tx=0 comp rx=0 tx=0).stop
2024-03-19T01:41:30.096 INFO:teuthology.orchestra.run.smithi088.stdout:/usr/bin/ceph: stderr
2024-03-19T01:41:28.904+0000 7fc2c972d700 1 -- 172.21.15.88:0/3170281197 >> 172.21.15.88:0/3170281197 conn(0x7fc2c40fff00 msgr2=0x7fc2c4102350 unknown :-1 s=STATE_NONE l=0).mark_down
2024-03-19T01:41:30.096 INFO:teuthology.orchestra.run.smithi088.stdout:/usr/bin/ceph: stderr
2024-03-19T01:41:28.904+0000 7fc2c972d700 1 -- 172.21.15.88:0/3170281197 shutdown_connections
2024-03-19T01:41:30.096 INFO:teuthology.orchestra.run.smithi088.stdout:/usr/bin/ceph: stderr
2024-03-19T01:41:28.904+0000 7fc2c972d700 1 -- 172.21.15.88:0/3170281197 wait complete.
2024-03-19T01:41:30.096 INFO:teuthology.orchestra.run.smithi088.stdout:/usr/bin/ceph: stderr
2024-03-19T01:41:28.905+0000 7fc2c972d700 1 Processor -- start
2024-03-19T01:41:30.096 INFO:teuthology.orchestra.run.smithi088.stdout:/usr/bin/ceph: stderr
2024-03-19T01:41:28.905+0000 7fc2c972d700 1 -- start start
2024-03-19T01:41:30.096 INFO:teuthology.orchestra.run.smithi088.stdout:/usr/bin/ceph: stderr
2024-03-19T01:41:28.905+0000 7fc2c972d700 1 --2- >> [v2:172.21.15.88:3300/0,v1:172.21.15.88:6789/0] conn(0x7fc2c4104310 0x7fc2c4197310 unknown :-1 s=NONE pgs=0 cs=0 l=1 rev1=0 crypto rx=0 tx=0 comp rx=0 tx=0).connect
2024-03-19T01:41:30.096 INFO:teuthology.orchestra.run.smithi088.stdout:/usr/bin/ceph: stderr
2024-03-19T01:41:28.905+0000 7fc2c972d700 1 -- --> [v2:172.21.15.88:3300/0,v1:172.21.15.88:6789/0] -- mon_getmap magic: 0 v1 -- 0x7fc2c4198cc0 con 0x7fc2c4104310
2024-03-19T01:41:30.096 INFO:teuthology.orchestra.run.smithi088.stdout:/usr/bin/ceph: stderr
2024-03-19T01:41:28.905+0000 7fc2c2ffd700 1 --2- >> [v2:172.21.15.88:3300/0,v1:172.21.15.88:6789/0] conn(0x7fc2c4104310 0x7fc2c4197310 unknown :-1 s=BANNER_CONNECTING pgs=0 cs=0 l=1 rev1=0 crypto rx=0 tx=0 comp rx=0 tx=0)._handle_peer_banner_payload supported=3 required=0
2024-03-19T01:41:30.096 INFO:teuthology.orchestra.run.smithi088.stdout:/usr/bin/ceph: stderr
2024-03-19T01:41:28.905+0000 7fc2c2ffd700 1 --2- >> [v2:172.21.15.88:3300/0,v1:172.21.15.88:6789/0] conn(0x7fc2c4104310 0x7fc2c4197310 unknown :-1 s=HELLO_CONNECTING pgs=0 cs=0 l=1 rev1=1 crypto rx=0 tx=0 comp rx=0 tx=0).handle_hello peer v2:172.21.15.88:3300/0 says I am v2:172.21.15.88:41820/0 (socket says 172.21.15.88:41820)
2024-03-19T01:41:30.096 INFO:teuthology.orchestra.run.smithi088.stdout:/usr/bin/ceph: stderr
2024-03-19T01:41:28.905+0000 7fc2c2ffd700 1 -- 172.21.15.88:0/40379900 learned_addr learned my addr 172.21.15.88:0/40379900 (peer_addr_for_me v2:172.21.15.88:0/0)
2024-03-19T01:41:30.097 INFO:teuthology.orchestra.run.smithi088.stdout:/usr/bin/ceph: stderr
2024-03-19T01:41:28.906+0000 7fc2c2ffd700 1 -- 172.21.15.88:0/40379900 --> [v2:172.21.15.88:3300/0,v1:172.21.15.88:6789/0] -- mon_subscribe({config=0+,monmap=0+}) v3 -- 0x7fc2ac009550 con 0x7fc2c4104310
