2024-03-19T01:40:56.219+0000 7fae3c398700 1 --2- 172.21.15.88:0/1259920817 >> [v2:172.21.15.88:6800/1925732803,v1:172.21.15.88:6801/1925732803] conn(0x7fae20038400 0x7fae2003a8b0 unknown :-1 s=CLOSED pgs=8 cs=0 l=1 rev1=1 crypto rx=0 tx=0 comp rx=0 tx=0).stop
2024-03-19T01:40:56.764 INFO:teuthology.orchestra.run.smithi088.stdout:/usr/bin/ceph: stderr
2024-03-19T01:40:56.219+0000 7fae3c398700 1 --2- 172.21.15.88:0/1259920817 >> [v2:172.21.15.88:3300/0,v1:172.21.15.88:6789/0] conn(0x7fae341059d0 0x7fae34199660 unknown :-1 s=CLOSED pgs=40 cs=0 l=1 rev1=1 crypto rx=0 tx=0 comp rx=0 tx=0).stop
2024-03-19T01:40:56.764 INFO:teuthology.orchestra.run.smithi088.stdout:/usr/bin/ceph: stderr
2024-03-19T01:40:56.219+0000 7fae3c398700 1 -- 172.21.15.88:0/1259920817 >> 172.21.15.88:0/1259920817 conn(0x7fae34101020 msgr2=0x7fae34101d30 unknown :-1 s=STATE_NONE l=0).mark_down
2024-03-19T01:40:56.764 INFO:teuthology.orchestra.run.smithi088.stdout:/usr/bin/ceph: stderr
2024-03-19T01:40:56.219+0000 7fae3c398700 1 -- 172.21.15.88:0/1259920817 shutdown_connections
2024-03-19T01:40:56.764 INFO:teuthology.orchestra.run.smithi088.stdout:/usr/bin/ceph: stderr
2024-03-19T01:40:56.220+0000 7fae3c398700 1 -- 172.21.15.88:0/1259920817 wait complete.
2024-03-19T01:40:56.765 INFO:teuthology.orchestra.run.smithi088.stdout:Generating ssh key...
2024-03-19T01:40:57.533 INFO:journalctl@ceph.mon.smithi088.smithi088.stdout:Mar 19 01:40:57 smithi088 ceph-mon[29308]: from='client.14134 -' entity='client.admin' cmd=[{"prefix": "cephadm set-user", "user": "root", "target": ["mon-mgr", ""]}]: dispatch
2024-03-19T01:40:58.114 INFO:teuthology.orchestra.run.smithi088.stdout:/usr/bin/ceph: stderr
2024-03-19T01:40:57.209+0000 7f8d68f96700 1 Processor -- start
2024-03-19T01:40:58.114 INFO:teuthology.orchestra.run.smithi088.stdout:/usr/bin/ceph: stderr
2024-03-19T01:40:57.209+0000 7f8d68f96700 1 -- start start
2024-03-19T01:40:58.115 INFO:teuthology.orchestra.run.smithi088.stdout:/usr/bin/ceph: stderr
2024-03-19T01:40:57.209+0000 7f8d68f96700 1 --2- >> [v2:172.21.15.88:3300/0,v1:172.21.15.88:6789/0] conn(0x7f8d641059d0 0x7f8d64105de0 unknown :-1 s=NONE pgs=0 cs=0 l=0 rev1=0 crypto rx=0 tx=0 comp rx=0 tx=0).connect
2024-03-19T01:40:58.115 INFO:teuthology.orchestra.run.smithi088.stdout:/usr/bin/ceph: stderr
2024-03-19T01:40:57.209+0000 7f8d68f96700 1 -- --> [v2:172.21.15.88:3300/0,v1:172.21.15.88:6789/0] -- mon_getmap magic: 0 v1 -- 0x7f8d64106320 con 0x7f8d641059d0
2024-03-19T01:40:58.115 INFO:teuthology.orchestra.run.smithi088.stdout:/usr/bin/ceph: stderr
2024-03-19T01:40:57.209+0000 7f8d6259c700 1 --2- >> [v2:172.21.15.88:3300/0,v1:172.21.15.88:6789/0] conn(0x7f8d641059d0 0x7f8d64105de0 unknown :-1 s=BANNER_CONNECTING pgs=0 cs=0 l=0 rev1=0 crypto rx=0 tx=0 comp rx=0 tx=0)._handle_peer_banner_payload supported=3 required=0
2024-03-19T01:40:58.115 INFO:teuthology.orchestra.run.smithi088.stdout:/usr/bin/ceph: stderr
2024-03-19T01:40:57.209+0000 7f8d6259c700 1 --2- >> [v2:172.21.15.88:3300/0,v1:172.21.15.88:6789/0] conn(0x7f8d641059d0 0x7f8d64105de0 unknown :-1 s=HELLO_CONNECTING pgs=0 cs=0 l=0 rev1=1 crypto rx=0 tx=0 comp rx=0 tx=0).handle_hello peer v2:172.21.15.88:3300/0 says I am v2:172.21.15.88:47984/0 (socket says 172.21.15.88:47984)
2024-03-19T01:40:58.115 INFO:teuthology.orchestra.run.smithi088.stdout:/usr/bin/ceph: stderr
2024-03-19T01:40:57.209+0000 7f8d6259c700 1 -- 172.21.15.88:0/2469638798 learned_addr learned my addr 172.21.15.88:0/2469638798 (peer_addr_for_me v2:172.21.15.88:0/0)
2024-03-19T01:40:58.115 INFO:teuthology.orchestra.run.smithi088.stdout:/usr/bin/ceph: stderr
2024-03-19T01:40:57.209+0000 7f8d6259c700 1 -- 172.21.15.88:0/2469638798 --> [v2:172.21.15.88:3300/0,v1:172.21.15.88:6789/0] -- mon_subscribe({config=0+,monmap=0+}) v3 -- 0x7f8d64106460 con 0x7f8d641059d0
2024-03-19T01:40:58.115 INFO:teuthology.orchestra.run.smithi088.stdout:/usr/bin/ceph: stderr
2024-03-19T01:40:57.209+0000 7f8d6259c700 1 --2- 172.21.15.88:0/2469638798 >> [v2:172.21.15.88:3300/0,v1:172.21.15.88:6789/0] conn(0x7f8d641059d0 0x7f8d64105de0 secure :-1 s=READY pgs=41 cs=0 l=1 rev1=1 crypto rx=0x7f8d4c009870 tx=0x7f8d4c009b80 comp rx=0 tx=0).ready entity=mon.0 client_cookie=7bb7f03763199db1 server_cookie=0 in_seq=0 out_seq=0
2024-03-19T01:40:58.115 INFO:teuthology.orchestra.run.smithi088.stdout:/usr/bin/ceph: stderr
2024-03-19T01:40:57.210+0000 7f8d6159a700 1 -- 172.21.15.88:0/2469638798 <== mon.0 v2:172.21.15.88:3300/0 1 ==== mon_map magic: 0 v1 ==== 229+0+0 (secure 0 0 0) 0x7f8d4c005c30 con 0x7f8d641059d0
2024-03-19T01:40:58.115 INFO:teuthology.orchestra.run.smithi088.stdout:/usr/bin/ceph: stderr
2024-03-19T01:40:57.210+0000 7f8d6159a700 1 -- 172.21.15.88:0/2469638798 <== mon.0 v2:172.21.15.88:3300/0 2 ==== config(27 keys) v1 ==== 1037+0+0 (secure 0 0 0) 0x7f8d4c005d90 con 0x7f8d641059d0
2024-03-19T01:40:58.115 INFO:teuthology.orchestra.run.smithi088.stdout:/usr/bin/ceph: stderr
2024-03-19T01:40:57.210+0000 7f8d6159a700 1 -- 172.21.15.88:0/2469638798 <== mon.0 v2:172.21.15.88:3300/0 3 ==== mon_map magic: 0 v1 ==== 229+0+0 (secure 0 0 0) 0x7f8d4c006030 con 0x7f8d641059d0
2024-03-19T01:40:58.115 INFO:teuthology.orchestra.run.smithi088.stdout:/usr/bin/ceph: stderr
2024-03-19T01:40:57.210+0000 7f8d68f96700 1 -- 172.21.15.88:0/2469638798 >> [v2:172.21.15.88:3300/0,v1:172.21.15.88:6789/0] conn(0x7f8d641059d0 msgr2=0x7f8d64105de0 secure :-1 s=STATE_CONNECTION_ESTABLISHED l=1).mark_down
2024-03-19T01:40:58.115 INFO:teuthology.orchestra.run.smithi088.stdout:/usr/bin/ceph: stderr
2024-03-19T01:40:57.210+0000 7f8d68f96700 1 --2- 172.21.15.88:0/2469638798 >> [v2:172.21.15.88:3300/0,v1:172.21.15.88:6789/0] conn(0x7f8d641059d0 0x7f8d64105de0 secure :-1 s=READY pgs=41 cs=0 l=1 rev1=1 crypto rx=0x7f8d4c009870 tx=0x7f8d4c009b80 comp rx=0 tx=0).stop
2024-03-19T01:40:58.115 INFO:teuthology.orchestra.run.smithi088.stdout:/usr/bin/ceph: stderr
2024-03-19T01:40:57.210+0000 7f8d68f96700 1 -- 172.21.15.88:0/2469638798 shutdown_connections
2024-03-19T01:40:58.116 INFO:teuthology.orchestra.run.smithi088.stdout:/usr/bin/ceph: stderr
2024-03-19T01:40:57.210+0000 7f8d68f96700 1 --2- 172.21.15.88:0/2469638798 >> [v2:172.21.15.88:3300/0,v1:172.21.15.88:6789/0] conn(0x7f8d641059d0 0x7f8d64105de0 unknown :-1 s=CLOSED pgs=41 cs=0 l=1 rev1=1 crypto rx=0 tx=0 comp rx=0 tx=0).stop
2024-03-19T01:40:58.116 INFO:teuthology.orchestra.run.smithi088.stdout:/usr/bin/ceph: stderr
2024-03-19T01:40:57.210+0000 7f8d68f96700 1 -- 172.21.15.88:0/2469638798 >> 172.21.15.88:0/2469638798 conn(0x7f8d64101020 msgr2=0x7f8d64103450 unknown :-1 s=STATE_NONE l=0).mark_down
2024-03-19T01:40:58.116 INFO:teuthology.orchestra.run.smithi088.stdout:/usr/bin/ceph: stderr
2024-03-19T01:40:57.210+0000 7f8d68f96700 1 -- 172.21.15.88:0/2469638798 shutdown_connections
2024-03-19T01:40:58.116 INFO:teuthology.orchestra.run.smithi088.stdout:/usr/bin/ceph: stderr
2024-03-19T01:40:57.210+0000 7f8d68f96700 1 -- 172.21.15.88:0/2469638798 wait complete.
2024-03-19T01:40:58.116 INFO:teuthology.orchestra.run.smithi088.stdout:/usr/bin/ceph: stderr
2024-03-19T01:40:57.211+0000 7f8d68f96700 1 Processor -- start
2024-03-19T01:40:58.116 INFO:teuthology.orchestra.run.smithi088.stdout:/usr/bin/ceph: stderr
2024-03-19T01:40:57.211+0000 7f8d68f96700 1 -- start start
2024-03-19T01:40:58.116 INFO:teuthology.orchestra.run.smithi088.stdout:/usr/bin/ceph: stderr
2024-03-19T01:40:57.211+0000 7f8d68f96700 1 --2- >> [v2:172.21.15.88:3300/0,v1:172.21.15.88:6789/0] conn(0x7f8d641059d0 0x7f8d641996b0 unknown :-1 s=NONE pgs=0 cs=0 l=1 rev1=0 crypto rx=0 tx=0 comp rx=0 tx=0).connect
2024-03-19T01:40:58.116 INFO:teuthology.orchestra.run.smithi088.stdout:/usr/bin/ceph: stderr
2024-03-19T01:40:57.211+0000 7f8d68f96700 1 -- --> [v2:172.21.15.88:3300/0,v1:172.21.15.88:6789/0] -- mon_getmap magic: 0 v1 -- 0x7f8d64199bf0 con 0x7f8d641059d0
2024-03-19T01:40:58.116 INFO:teuthology.orchestra.run.smithi088.stdout:/usr/bin/ceph: stderr
2024-03-19T01:40:57.211+0000 7f8d6259c700 1 --2- >> [v2:172.21.15.88:3300/0,v1:172.21.15.88:6789/0] conn(0x7f8d641059d0 0x7f8d641996b0 unknown :-1 s=BANNER_CONNECTING pgs=0 cs=0 l=1 rev1=0 crypto rx=0 tx=0 comp rx=0 tx=0)._handle_peer_banner_payload supported=3 required=0
2024-03-19T01:40:58.116 INFO:teuthology.orchestra.run.smithi088.stdout:/usr/bin/ceph: stderr
2024-03-19T01:40:57.211+0000 7f8d6259c700 1 --2- >> [v2:172.21.15.88:3300/0,v1:172.21.15.88:6789/0] conn(0x7f8d641059d0 0x7f8d641996b0 unknown :-1 s=HELLO_CONNECTING pgs=0 cs=0 l=1 rev1=1 crypto rx=0 tx=0 comp rx=0 tx=0).handle_hello peer v2:172.21.15.88:3300/0 says I am v2:172.21.15.88:47994/0 (socket says 172.21.15.88:47994)
2024-03-19T01:40:58.117 INFO:teuthology.orchestra.run.smithi088.stdout:/usr/bin/ceph: stderr
2024-03-19T01:40:57.211+0000 7f8d6259c700 1 -- 172.21.15.88:0/186830139 learned_addr learned my addr 172.21.15.88:0/186830139 (peer_addr_for_me v2:172.21.15.88:0/0)
2024-03-19T01:40:58.117 INFO:teuthology.orchestra.run.smithi088.stdout:/usr/bin/ceph: stderr
2024-03-19T01:40:57.212+0000 7f8d6259c700 1 -- 172.21.15.88:0/186830139 --> [v2:172.21.15.88:3300/0,v1:172.21.15.88:6789/0] -- mon_subscribe({config=0+,monmap=0+}) v3 -- 0x7f8d4c009500 con 0x7f8d641059d0
2024-03-19T01:40:58.117 INFO:teuthology.orchestra.run.smithi088.stdout:/usr/bin/ceph: stderr
2024-03-19T01:40:57.212+0000 7f8d6259c700 1 --2- 172.21.15.88:0/186830139 >> [v2:172.21.15.88:3300/0,v1:172.21.15.88:6789/0] conn(0x7f8d641059d0 0x7f8d641996b0 secure :-1 s=READY pgs=42 cs=0 l=1 rev1=1 crypto rx=0x7f8d4c006130 tx=0x7f8d4c003e30 comp rx=0 tx=0).ready entity=mon.0 client_cookie=0 server_cookie=0 in_seq=0 out_seq=0
2024-03-19T01:40:58.117 INFO:teuthology.orchestra.run.smithi088.stdout:/usr/bin/ceph: stderr
2024-03-19T01:40:57.212+0000 7f8d5b7fe700 1 -- 172.21.15.88:0/186830139 <== mon.0 v2:172.21.15.88:3300/0 1 ==== mon_map magic: 0 v1 ==== 229+0+0 (secure 0 0 0) 0x7f8d4c0043d0 con 0x7f8d641059d0
2024-03-19T01:40:58.117 INFO:teuthology.orchestra.run.smithi088.stdout:/usr/bin/ceph: stderr
2024-03-19T01:40:57.212+0000 7f8d68f96700 1 -- 172.21.15.88:0/186830139 --> [v2:172.21.15.88:3300/0,v1:172.21.15.88:6789/0] -- mon_subscribe({mgrmap=0+}) v3 -- 0x7f8d64199df0 con 0x7f8d641059d0
2024-03-19T01:40:58.117 INFO:teuthology.orchestra.run.smithi088.stdout:/usr/bin/ceph: stderr
2024-03-19T01:40:57.212+0000 7f8d5b7fe700 1 -- 172.21.15.88:0/186830139 <== mon.0 v2:172.21.15.88:3300/0 2 ==== config(27 keys) v1 ==== 1037+0+0 (secure 0 0 0) 0x7f8d4c004530 con 0x7f8d641059d0
2024-03-19T01:40:58.117 INFO:teuthology.orchestra.run.smithi088.stdout:/usr/bin/ceph: stderr
2024-03-19T01:40:57.212+0000 7f8d5b7fe700 1 -- 172.21.15.88:0/186830139 <== mon.0 v2:172.21.15.88:3300/0 3 ==== mon_map magic: 0 v1 ==== 229+0+0 (secure 0 0 0) 0x7f8d4c011c60 con 0x7f8d641059d0
2024-03-19T01:40:58.117 INFO:teuthology.orchestra.run.smithi088.stdout:/usr/bin/ceph: stderr
2024-03-19T01:40:57.212+0000 7f8d68f96700 1 -- 172.21.15.88:0/186830139 --> [v2:172.21.15.88:3300/0,v1:172.21.15.88:6789/0] -- mon_subscribe({osdmap=0}) v3 -- 0x7f8d6419a290 con 0x7f8d641059d0
2024-03-19T01:40:58.117 INFO:teuthology.orchestra.run.smithi088.stdout:/usr/bin/ceph: stderr
2024-03-19T01:40:57.213+0000 7f8d5b7fe700 1 -- 172.21.15.88:0/186830139 <== mon.0 v2:172.21.15.88:3300/0 4 ==== mgrmap(e 8) v1 ==== 45084+0+0 (secure 0 0 0) 0x7f8d4c018070 con 0x7f8d641059d0
2024-03-19T01:40:58.117 INFO:teuthology.orchestra.run.smithi088.stdout:/usr/bin/ceph: stderr
2024-03-19T01:40:57.213+0000 7f8d68f96700 1 -- 172.21.15.88:0/186830139 --> [v2:172.21.15.88:3300/0,v1:172.21.15.88:6789/0] -- mon_command({"prefix": "get_command_descriptions"} v 0) v1 -- 0x7f8d64062380 con 0x7f8d641059d0
2024-03-19T01:40:58.117 INFO:teuthology.orchestra.run.smithi088.stdout:/usr/bin/ceph: stderr
2024-03-19T01:40:57.213+0000 7f8d5b7fe700 1 --2- 172.21.15.88:0/186830139 >> [v2:172.21.15.88:6800/1925732803,v1:172.21.15.88:6801/1925732803] conn(0x7f8d500383b0 0x7f8d5003a860 unknown :-1 s=NONE pgs=0 cs=0 l=1 rev1=0 crypto rx=0 tx=0 comp rx=0 tx=0).connect
2024-03-19T01:40:58.117 INFO:teuthology.orchestra.run.smithi088.stdout:/usr/bin/ceph: stderr
2024-03-19T01:40:57.213+0000 7f8d5b7fe700 1 -- 172.21.15.88:0/186830139 <== mon.0 v2:172.21.15.88:3300/0 5 ==== osd_map(2..2 src has 1..2) v4 ==== 940+0+0 (secure 0 0 0) 0x7f8d4c04bb20 con 0x7f8d641059d0
2024-03-19T01:40:58.118 INFO:teuthology.orchestra.run.smithi088.stdout:/usr/bin/ceph: stderr
2024-03-19T01:40:57.213+0000 7f8d61d9b700 1 --2- 172.21.15.88:0/186830139 >> [v2:172.21.15.88:6800/1925732803,v1:172.21.15.88:6801/1925732803] conn(0x7f8d500383b0 0x7f8d5003a860 unknown :-1 s=BANNER_CONNECTING pgs=0 cs=0 l=1 rev1=0 crypto rx=0 tx=0 comp rx=0 tx=0)._handle_peer_banner_payload supported=3 required=0
2024-03-19T01:40:58.118 INFO:teuthology.orchestra.run.smithi088.stdout:/usr/bin/ceph: stderr
2024-03-19T01:40:57.213+0000 7f8d61d9b700 1 --2- 172.21.15.88:0/186830139 >> [v2:172.21.15.88:6800/1925732803,v1:172.21.15.88:6801/1925732803] conn(0x7f8d500383b0 0x7f8d5003a860 secure :-1 s=READY pgs=9 cs=0 l=1 rev1=1 crypto rx=0x7f8d54006fd0 tx=0x7f8d54006e40 comp rx=0 tx=0).ready entity=mgr.14120 client_cookie=0 server_cookie=0 in_seq=0 out_seq=0
2024-03-19T01:40:58.118 INFO:teuthology.orchestra.run.smithi088.stdout:/usr/bin/ceph: stderr
2024-03-19T01:40:57.218+0000 7f8d5b7fe700 1 -- 172.21.15.88:0/186830139 <== mon.0 v2:172.21.15.88:3300/0 6 ==== mon_command_ack([{"prefix": "get_command_descriptions"}]=0 v0) v1 ==== 72+0+177933 (secure 0 0 0) 0x7f8d4c023d90 con 0x7f8d641059d0
2024-03-19T01:40:58.118 INFO:teuthology.orchestra.run.smithi088.stdout:/usr/bin/ceph: stderr
2024-03-19T01:40:57.411+0000 7f8d68f96700 1 -- 172.21.15.88:0/186830139 --> [v2:172.21.15.88:6800/1925732803,v1:172.21.15.88:6801/1925732803] -- mgr_command(tid 0: {"prefix": "cephadm generate-key", "target": ["mon-mgr", ""]}) v1 -- 0x7f8d6419d0d0 con 0x7f8d500383b0
2024-03-19T01:40:58.118 INFO:teuthology.orchestra.run.smithi088.stdout:/usr/bin/ceph: stderr
2024-03-19T01:40:57.546+0000 7f8d5b7fe700 1 -- 172.21.15.88:0/186830139 <== mgr.14120 v2:172.21.15.88:6800/1925732803 1 ==== mgr_command_reply(tid 0: 0 ) v1 ==== 8+0+0 (secure 0 0 0) 0x7f8d6419d0d0 con 0x7f8d500383b0
2024-03-19T01:40:58.118 INFO:teuthology.orchestra.run.smithi088.stdout:/usr/bin/ceph: stderr
2024-03-19T01:40:57.548+0000 7f8d68f96700 1 -- 172.21.15.88:0/186830139 >> [v2:172.21.15.88:6800/1925732803,v1:172.21.15.88:6801/1925732803] conn(0x7f8d500383b0 msgr2=0x7f8d5003a860 secure :-1 s=STATE_CONNECTION_ESTABLISHED l=1).mark_down
2024-03-19T01:40:58.118 INFO:teuthology.orchestra.run.smithi088.stdout:/usr/bin/ceph: stderr
2024-03-19T01:40:57.548+0000 7f8d68f96700 1 --2- 172.21.15.88:0/186830139 >> [v2:172.21.15.88:6800/1925732803,v1:172.21.15.88:6801/1925732803] conn(0x7f8d500383b0 0x7f8d5003a860 secure :-1 s=READY pgs=9 cs=0 l=1 rev1=1 crypto rx=0x7f8d54006fd0 tx=0x7f8d54006e40 comp rx=0 tx=0).stop
2024-03-19T01:40:58.118 INFO:teuthology.orchestra.run.smithi088.stdout:/usr/bin/ceph: stderr
2024-03-19T01:40:57.548+0000 7f8d68f96700 1 -- 172.21.15.88:0/186830139 >> [v2:172.21.15.88:3300/0,v1:172.21.15.88:6789/0] conn(0x7f8d641059d0 msgr2=0x7f8d641996b0 secure :-1 s=STATE_CONNECTION_ESTABLISHED l=1).mark_down
2024-03-19T01:40:58.118 INFO:teuthology.orchestra.run.smithi088.stdout:/usr/bin/ceph: stderr
2024-03-19T01:40:57.548+0000 7f8d68f96700 1 --2- 172.21.15.88:0/186830139 >> [v2:172.21.15.88:3300/0,v1:172.21.15.88:6789/0] conn(0x7f8d641059d0 0x7f8d641996b0 secure :-1 s=READY pgs=42 cs=0 l=1 rev1=1 crypto rx=0x7f8d4c006130 tx=0x7f8d4c003e30 comp rx=0 tx=0).stop
2024-03-19T01:40:58.118 INFO:teuthology.orchestra.run.smithi088.stdout:/usr/bin/ceph: stderr
2024-03-19T01:40:57.548+0000 7f8d68f96700 1 -- 172.21.15.88:0/186830139 shutdown_connections
2024-03-19T01:40:58.119 INFO:teuthology.orchestra.run.smithi088.stdout:/usr/bin/ceph: stderr
2024-03-19T01:40:57.548+0000 7f8d68f96700 1 --2- 172.21.15.88:0/186830139 >> [v2:172.21.15.88:6800/1925732803,v1:172.21.15.88:6801/1925732803] conn(0x7f8d500383b0 0x7f8d5003a860 unknown :-1 s=CLOSED pgs=9 cs=0 l=1 rev1=1 crypto rx=0 tx=0 comp rx=0 tx=0).stop
2024-03-19T01:40:58.119 INFO:teuthology.orchestra.run.smithi088.stdout:/usr/bin/ceph: stderr
2024-03-19T01:40:57.548+0000 7f8d68f96700 1 --2- 172.21.15.88:0/186830139 >> [v2:172.21.15.88:3300/0,v1:172.21.15.88:6789/0] conn(0x7f8d641059d0 0x7f8d641996b0 unknown :-1 s=CLOSED pgs=42 cs=0 l=1 rev1=1 crypto rx=0 tx=0 comp rx=0 tx=0).stop
2024-03-19T01:40:58.119 INFO:teuthology.orchestra.run.smithi088.stdout:/usr/bin/ceph: stderr
2024-03-19T01:40:57.548+0000 7f8d68f96700 1 -- 172.21.15.88:0/186830139 >> 172.21.15.88:0/186830139 conn(0x7f8d64101020 msgr2=0x7f8d64101df0 unknown :-1 s=STATE_NONE l=0).mark_down
2024-03-19T01:40:58.119 INFO:teuthology.orchestra.run.smithi088.stdout:/usr/bin/ceph: stderr
2024-03-19T01:40:57.548+0000 7f8d68f96700 1 -- 172.21.15.88:0/186830139 shutdown_connections
2024-03-19T01:40:58.119 INFO:teuthology.orchestra.run.smithi088.stdout:/usr/bin/ceph: stderr
2024-03-19T01:40:57.548+0000 7f8d68f96700 1 -- 172.21.15.88:0/186830139 wait complete.
2024-03-19T01:40:58.724 INFO:journalctl@ceph.mon.smithi088.smithi088.stdout:Mar 19 01:40:58 smithi088 ceph-mon[29308]: from='client.14136 -' entity='client.admin' cmd=[{"prefix": "cephadm generate-key", "target": ["mon-mgr", ""]}]: dispatch
2024-03-19T01:40:58.725 INFO:journalctl@ceph.mon.smithi088.smithi088.stdout:Mar 19 01:40:58 smithi088 ceph-mon[29308]: Generating ssh key...
2024-03-19T01:40:58.725 INFO:journalctl@ceph.mon.smithi088.smithi088.stdout:Mar 19 01:40:58 smithi088 ceph-mon[29308]: from='mgr.14120 172.21.15.88:0/2946252524' entity='mgr.smithi088.sthccc'
2024-03-19T01:40:58.725 INFO:journalctl@ceph.mon.smithi088.smithi088.stdout:Mar 19 01:40:58 smithi088 ceph-mon[29308]: from='mgr.14120 172.21.15.88:0/2946252524' entity='mgr.smithi088.sthccc'
2024-03-19T01:40:59.312 INFO:teuthology.orchestra.run.smithi088.stdout:/usr/bin/ceph: stdout ssh-rsa AAAAB3NzaC1yc2EAAAADAQABAAABgQCgfG57AVU1/1ltHusptOVIl3Dqm4Ixh0K+50EC0vi0W2/mFxf+GYTcAyKT1Trwr7bYPD+2r2tAWRIEIgcgBBS0V5msjqDTbO9JUnRizpIEbanQQ6XQME4Ywi1S5IEUxUS7dxLAjD5G805OdvNAfSpqaXP95TjR0iM/L8hwsyyWcMLC7+pO7W0dlb6uMaGxyYnoLm/wqWRTFaIQFWTLs+PL+XkBbAPTtoDCR54tjL1ECMvGiSxzm/MK5Q/BCyYchG1pHI8WFjrwKuH/zv/tXlWC3eh5Bfp7W+KUgmXSbeZ7PqyQApGgnVdp6QVLwOe/h9wqidDASqtpLjLF85rYAM2JHduqNm+7yQqcOrIJcYwF+opatUXXFts2cwFRzm9YZnNu6iVxZJ2KtPYzVV0/50qRpZjqqaKNMIAH69RVueZgCWw9HGfj6E8hSyadHzF/Ifj0V8W9vCbH5700D+jUwYo4XbgboxNHUATN/fI4/DeSk327Tm8VU9rRKMRZAD7O08c= ceph-8daae0ca-e591-11ee-95c9-87774f69a715
2024-03-19T01:40:59.312 INFO:teuthology.orchestra.run.smithi088.stdout:/usr/bin/ceph: stderr
2024-03-19T01:40:58.526+0000 7f78052c7700 1 Processor -- start
2024-03-19T01:40:59.312 INFO:teuthology.orchestra.run.smithi088.stdout:/usr/bin/ceph: stderr
2024-03-19T01:40:58.526+0000 7f78052c7700 1 -- start start
2024-03-19T01:40:59.312 INFO:teuthology.orchestra.run.smithi088.stdout:/usr/bin/ceph: stderr
2024-03-19T01:40:58.526+0000 7f78052c7700 1 --2- >> [v2:172.21.15.88:3300/0,v1:172.21.15.88:6789/0] conn(0x7f78001059b0 0x7f7800105dc0 unknown :-1 s=NONE pgs=0 cs=0 l=0 rev1=0 crypto rx=0 tx=0 comp rx=0 tx=0).connect
2024-03-19T01:40:59.312 INFO:teuthology.orchestra.run.smithi088.stdout:/usr/bin/ceph: stderr
2024-03-19T01:40:58.526+0000 7f78052c7700 1 -- --> [v2:172.21.15.88:3300/0,v1:172.21.15.88:6789/0] -- mon_getmap magic: 0 v1 -- 0x7f7800106300 con 0x7f78001059b0
2024-03-19T01:40:59.312 INFO:teuthology.orchestra.run.smithi088.stdout:/usr/bin/ceph: stderr
2024-03-19T01:40:58.526+0000 7f77feffd700 1 --2- >> [v2:172.21.15.88:3300/0,v1:172.21.15.88:6789/0] conn(0x7f78001059b0 0x7f7800105dc0 unknown :-1 s=BANNER_CONNECTING pgs=0 cs=0 l=0 rev1=0 crypto rx=0 tx=0 comp rx=0 tx=0)._handle_peer_banner_payload supported=3 required=0
2024-03-19T01:40:59.312 INFO:teuthology.orchestra.run.smithi088.stdout:/usr/bin/ceph: stderr
2024-03-19T01:40:58.526+0000 7f77feffd700 1 --2- >> [v2:172.21.15.88:3300/0,v1:172.21.15.88:6789/0] conn(0x7f78001059b0 0x7f7800105dc0 unknown :-1 s=HELLO_CONNECTING pgs=0 cs=0 l=0 rev1=1 crypto rx=0 tx=0 comp rx=0 tx=0).handle_hello peer v2:172.21.15.88:3300/0 says I am v2:172.21.15.88:48002/0 (socket says 172.21.15.88:48002)
2024-03-19T01:40:59.313 INFO:teuthology.orchestra.run.smithi088.stdout:/usr/bin/ceph: stderr
2024-03-19T01:40:58.526+0000 7f77feffd700 1 -- 172.21.15.88:0/2387623714 learned_addr learned my addr 172.21.15.88:0/2387623714 (peer_addr_for_me v2:172.21.15.88:0/0)
2024-03-19T01:40:59.313 INFO:teuthology.orchestra.run.smithi088.stdout:/usr/bin/ceph: stderr
2024-03-19T01:40:58.526+0000 7f77feffd700 1 -- 172.21.15.88:0/2387623714 --> [v2:172.21.15.88:3300/0,v1:172.21.15.88:6789/0] -- mon_subscribe({config=0+,monmap=0+}) v3 -- 0x7f7800106440 con 0x7f78001059b0
2024-03-19T01:40:59.313 INFO:teuthology.orchestra.run.smithi088.stdout:/usr/bin/ceph: stderr
2024-03-19T01:40:58.527+0000 7f77feffd700 1 --2- 172.21.15.88:0/2387623714 >> [v2:172.21.15.88:3300/0,v1:172.21.15.88:6789/0] conn(0x7f78001059b0 0x7f7800105dc0 secure :-1 s=READY pgs=43 cs=0 l=1 rev1=1 crypto rx=0x7f77f00098a0 tx=0x7f77f0009bb0 comp rx=0 tx=0).ready entity=mon.0 client_cookie=c6b950fbc6057787 server_cookie=0 in_seq=0 out_seq=0
2024-03-19T01:40:59.313 INFO:teuthology.orchestra.run.smithi088.stdout:/usr/bin/ceph: stderr
2024-03-19T01:40:58.527+0000 7f77fdffb700 1 -- 172.21.15.88:0/2387623714 <== mon.0 v2:172.21.15.88:3300/0 1 ==== mon_map magic: 0 v1 ==== 229+0+0 (secure 0 0 0) 0x7f77f0004180 con 0x7f78001059b0
2024-03-19T01:40:59.313 INFO:teuthology.orchestra.run.smithi088.stdout:/usr/bin/ceph: stderr
2024-03-19T01:40:58.527+0000 7f77fdffb700 1 -- 172.21.15.88:0/2387623714 <== mon.0 v2:172.21.15.88:3300/0 2 ==== config(27 keys) v1 ==== 1037+0+0 (secure 0 0 0) 0x7f77f00042e0 con 0x7f78001059b0
2024-03-19T01:40:59.313 INFO:teuthology.orchestra.run.smithi088.stdout:/usr/bin/ceph: stderr
2024-03-19T01:40:58.527+0000 7f77fdffb700 1 -- 172.21.15.88:0/2387623714 <== mon.0 v2:172.21.15.88:3300/0 3 ==== mon_map magic: 0 v1 ==== 229+0+0 (secure 0 0 0) 0x7f77f0011a50 con 0x7f78001059b0
2024-03-19T01:40:59.313 INFO:teuthology.orchestra.run.smithi088.stdout:/usr/bin/ceph: stderr
2024-03-19T01:40:58.527+0000 7f78052c7700 1 -- 172.21.15.88:0/2387623714 >> [v2:172.21.15.88:3300/0,v1:172.21.15.88:6789/0] conn(0x7f78001059b0 msgr2=0x7f7800105dc0 secure :-1 s=STATE_CONNECTION_ESTABLISHED l=1).mark_down
2024-03-19T01:40:59.313 INFO:teuthology.orchestra.run.smithi088.stdout:/usr/bin/ceph: stderr
2024-03-19T01:40:58.527+0000 7f78052c7700 1 --2- 172.21.15.88:0/2387623714 >> [v2:172.21.15.88:3300/0,v1:172.21.15.88:6789/0] conn(0x7f78001059b0 0x7f7800105dc0 secure :-1 s=READY pgs=43 cs=0 l=1 rev1=1 crypto rx=0x7f77f00098a0 tx=0x7f77f0009bb0 comp rx=0 tx=0).stop
2024-03-19T01:40:59.313 INFO:teuthology.orchestra.run.smithi088.stdout:/usr/bin/ceph: stderr
2024-03-19T01:40:58.527+0000 7f78052c7700 1 -- 172.21.15.88:0/2387623714 shutdown_connections
2024-03-19T01:40:59.313 INFO:teuthology.orchestra.run.smithi088.stdout:/usr/bin/ceph: stderr
2024-03-19T01:40:58.527+0000 7f78052c7700 1 --2- 172.21.15.88:0/2387623714 >> [v2:172.21.15.88:3300/0,v1:172.21.15.88:6789/0] conn(0x7f78001059b0 0x7f7800105dc0 unknown :-1 s=CLOSED pgs=43 cs=0 l=1 rev1=1 crypto rx=0 tx=0 comp rx=0 tx=0).stop
2024-03-19T01:40:59.313 INFO:teuthology.orchestra.run.smithi088.stdout:/usr/bin/ceph: stderr
2024-03-19T01:40:58.527+0000 7f78052c7700 1 -- 172.21.15.88:0/2387623714 >> 172.21.15.88:0/2387623714 conn(0x7f7800101020 msgr2=0x7f7800103430 unknown :-1 s=STATE_NONE l=0).mark_down
2024-03-19T01:40:59.313 INFO:teuthology.orchestra.run.smithi088.stdout:/usr/bin/ceph: stderr
2024-03-19T01:40:58.527+0000 7f78052c7700 1 -- 172.21.15.88:0/2387623714 shutdown_connections
2024-03-19T01:40:59.314 INFO:teuthology.orchestra.run.smithi088.stdout:/usr/bin/ceph: stderr
2024-03-19T01:40:58.527+0000 7f78052c7700 1 -- 172.21.15.88:0/2387623714 wait complete.
2024-03-19T01:40:59.314 INFO:teuthology.orchestra.run.smithi088.stdout:/usr/bin/ceph: stderr
2024-03-19T01:40:58.528+0000 7f78052c7700 1 Processor -- start
2024-03-19T01:40:59.314 INFO:teuthology.orchestra.run.smithi088.stdout:/usr/bin/ceph: stderr
2024-03-19T01:40:58.528+0000 7f78052c7700 1 -- start start
2024-03-19T01:40:59.314 INFO:teuthology.orchestra.run.smithi088.stdout:/usr/bin/ceph: stderr
2024-03-19T01:40:58.528+0000 7f78052c7700 1 --2- >> [v2:172.21.15.88:3300/0,v1:172.21.15.88:6789/0] conn(0x7f78001059b0 0x7f78001996b0 unknown :-1 s=NONE pgs=0 cs=0 l=1 rev1=0 crypto rx=0 tx=0 comp rx=0 tx=0).connect
2024-03-19T01:40:59.314 INFO:teuthology.orchestra.run.smithi088.stdout:/usr/bin/ceph: stderr
2024-03-19T01:40:58.528+0000 7f78052c7700 1 -- --> [v2:172.21.15.88:3300/0,v1:172.21.15.88:6789/0] -- mon_getmap magic: 0 v1 -- 0x7f7800199bf0 con 0x7f78001059b0
2024-03-19T01:40:59.314 INFO:teuthology.orchestra.run.smithi088.stdout:/usr/bin/ceph: stderr
2024-03-19T01:40:58.528+0000 7f77feffd700 1 --2- >> [v2:172.21.15.88:3300/0,v1:172.21.15.88:6789/0] conn(0x7f78001059b0 0x7f78001996b0 unknown :-1 s=BANNER_CONNECTING pgs=0 cs=0 l=1 rev1=0 crypto rx=0 tx=0 comp rx=0 tx=0)._handle_peer_banner_payload supported=3 required=0
2024-03-19T01:40:59.314 INFO:teuthology.orchestra.run.smithi088.stdout:/usr/bin/ceph: stderr
2024-03-19T01:40:58.528+0000 7f77feffd700 1 --2- >> [v2:172.21.15.88:3300/0,v1:172.21.15.88:6789/0] conn(0x7f78001059b0 0x7f78001996b0 unknown :-1 s=HELLO_CONNECTING pgs=0 cs=0 l=1 rev1=1 crypto rx=0 tx=0 comp rx=0 tx=0).handle_hello peer v2:172.21.15.88:3300/0 says I am v2:172.21.15.88:48010/0 (socket says 172.21.15.88:48010)
2024-03-19T01:40:59.314 INFO:teuthology.orchestra.run.smithi088.stdout:/usr/bin/ceph: stderr
2024-03-19T01:40:58.528+0000 7f77feffd700 1 -- 172.21.15.88:0/2403028530 learned_addr learned my addr 172.21.15.88:0/2403028530 (peer_addr_for_me v2:172.21.15.88:0/0)
2024-03-19T01:40:59.314 INFO:teuthology.orchestra.run.smithi088.stdout:/usr/bin/ceph: stderr
2024-03-19T01:40:58.529+0000 7f77feffd700 1 -- 172.21.15.88:0/2403028530 --> [v2:172.21.15.88:3300/0,v1:172.21.15.88:6789/0] -- mon_subscribe({config=0+,monmap=0+}) v3 -- 0x7f77f0009550 con 0x7f78001059b0
2024-03-19T01:40:59.314 INFO:teuthology.orchestra.run.smithi088.stdout:/usr/bin/ceph: stderr
2024-03-19T01:40:58.529+0000 7f77feffd700 1 --2- 172.21.15.88:0/2403028530 >> [v2:172.21.15.88:3300/0,v1:172.21.15.88:6789/0] conn(0x7f78001059b0 0x7f78001996b0 secure :-1 s=READY pgs=44 cs=0 l=1 rev1=1 crypto rx=0x7f77f0000c00 tx=0x7f77f0011ab0 comp rx=0 tx=0).ready entity=mon.0 client_cookie=0 server_cookie=0 in_seq=0 out_seq=0
2024-03-19T01:40:59.314 INFO:teuthology.orchestra.run.smithi088.stdout:/usr/bin/ceph: stderr
2024-03-19T01:40:58.529+0000 7f77e7fff700 1 -- 172.21.15.88:0/2403028530 <== mon.0 v2:172.21.15.88:3300/0 1 ==== mon_map magic: 0 v1 ==== 229+0+0 (secure 0 0 0) 0x7f77f0003b90 con 0x7f78001059b0
2024-03-19T01:40:59.314 INFO:teuthology.orchestra.run.smithi088.stdout:/usr/bin/ceph: stderr
2024-03-19T01:40:58.529+0000 7f77e7fff700 1 -- 172.21.15.88:0/2403028530 <== mon.0 v2:172.21.15.88:3300/0 2 ==== config(27 keys) v1 ==== 1037+0+0 (secure 0 0 0) 0x7f77f00248b0 con 0x7f78001059b0
2024-03-19T01:40:59.314 INFO:teuthology.orchestra.run.smithi088.stdout:/usr/bin/ceph: stderr
2024-03-19T01:40:58.529+0000 7f78052c7700 1 -- 172.21.15.88:0/2403028530 --> [v2:172.21.15.88:3300/0,v1:172.21.15.88:6789/0] -- mon_subscribe({mgrmap=0+}) v3 -- 0x7f7800199df0 con 0x7f78001059b0
2024-03-19T01:40:59.315 INFO:teuthology.orchestra.run.smithi088.stdout:/usr/bin/ceph: stderr
2024-03-19T01:40:58.529+0000 7f77e7fff700 1 -- 172.21.15.88:0/2403028530 <== mon.0 v2:172.21.15.88:3300/0 3 ==== mon_map magic: 0 v1 ==== 229+0+0 (secure 0 0 0) 0x7f77f001a8e0 con 0x7f78001059b0
2024-03-19T01:40:59.315 INFO:teuthology.orchestra.run.smithi088.stdout:/usr/bin/ceph: stderr
2024-03-19T01:40:58.529+0000 7f78052c7700 1 -- 172.21.15.88:0/2403028530 --> [v2:172.21.15.88:3300/0,v1:172.21.15.88:6789/0] -- mon_subscribe({osdmap=0}) v3 -- 0x7f780019a290 con 0x7f78001059b0
2024-03-19T01:40:59.315 INFO:teuthology.orchestra.run.smithi088.stdout:/usr/bin/ceph: stderr
2024-03-19T01:40:58.530+0000 7f77e7fff700 1 -- 172.21.15.88:0/2403028530 <== mon.0 v2:172.21.15.88:3300/0 4 ==== mgrmap(e 8) v1 ==== 45084+0+0 (secure 0 0 0) 0x7f77f001ab50 con 0x7f78001059b0
2024-03-19T01:40:59.315 INFO:teuthology.orchestra.run.smithi088.stdout:/usr/bin/ceph: stderr
2024-03-19T01:40:58.530+0000 7f77e7fff700 1 --2- 172.21.15.88:0/2403028530 >> [v2:172.21.15.88:6800/1925732803,v1:172.21.15.88:6801/1925732803] conn(0x7f77e8038440 0x7f77e803a8f0 unknown :-1 s=NONE pgs=0 cs=0 l=1 rev1=0 crypto rx=0 tx=0 comp rx=0 tx=0).connect
2024-03-19T01:40:59.315 INFO:teuthology.orchestra.run.smithi088.stdout:/usr/bin/ceph: stderr
2024-03-19T01:40:58.530+0000 7f78052c7700 1 -- 172.21.15.88:0/2403028530 --> [v2:172.21.15.88:3300/0,v1:172.21.15.88:6789/0] -- mon_command({"prefix": "get_command_descriptions"} v 0) v1 -- 0x7f7800062380 con 0x7f78001059b0
2024-03-19T01:40:59.315 INFO:teuthology.orchestra.run.smithi088.stdout:/usr/bin/ceph: stderr
2024-03-19T01:40:58.530+0000 7f77e7fff700 1 -- 172.21.15.88:0/2403028530 <== mon.0 v2:172.21.15.88:3300/0 5 ==== osd_map(2..2 src has 1..2) v4 ==== 940+0+0 (secure 0 0 0) 0x7f77f004c5a0 con 0x7f78001059b0
2024-03-19T01:40:59.315 INFO:teuthology.orchestra.run.smithi088.stdout:/usr/bin/ceph: stderr
2024-03-19T01:40:58.530+0000 7f77fe7fc700 1 --2- 172.21.15.88:0/2403028530 >> [v2:172.21.15.88:6800/1925732803,v1:172.21.15.88:6801/1925732803] conn(0x7f77e8038440 0x7f77e803a8f0 unknown :-1 s=BANNER_CONNECTING pgs=0 cs=0 l=1 rev1=0 crypto rx=0 tx=0 comp rx=0 tx=0)._handle_peer_banner_payload supported=3 required=0
2024-03-19T01:40:59.315 INFO:teuthology.orchestra.run.smithi088.stdout:/usr/bin/ceph: stderr
2024-03-19T01:40:58.531+0000 7f77fe7fc700 1 --2- 172.21.15.88:0/2403028530 >> [v2:172.21.15.88:6800/1925732803,v1:172.21.15.88:6801/1925732803] conn(0x7f77e8038440 0x7f77e803a8f0 secure :-1 s=READY pgs=10 cs=0 l=1 rev1=1 crypto rx=0x7f77f4006fd0 tx=0x7f77f4006e40 comp rx=0 tx=0).ready entity=mgr.14120 client_cookie=0 server_cookie=0 in_seq=0 out_seq=0
2024-03-19T01:40:59.315 INFO:teuthology.orchestra.run.smithi088.stdout:/usr/bin/ceph: stderr
2024-03-19T01:40:58.535+0000 7f77e7fff700 1 -- 172.21.15.88:0/2403028530 <== mon.0 v2:172.21.15.88:3300/0 6 ==== mon_command_ack([{"prefix": "get_command_descriptions"}]=0 v0) v1 ==== 72+0+177933 (secure 0 0 0) 0x7f77f001ae00 con 0x7f78001059b0
2024-03-19T01:40:59.315 INFO:teuthology.orchestra.run.smithi088.stdout:/usr/bin/ceph: stderr
2024-03-19T01:40:58.725+0000 7f78052c7700 1 -- 172.21.15.88:0/2403028530 --> [v2:172.21.15.88:6800/1925732803,v1:172.21.15.88:6801/1925732803] -- mgr_command(tid 0: {"prefix": "cephadm get-pub-key", "target": ["mon-mgr", ""]}) v1 -- 0x7f7800102490 con 0x7f77e8038440
2024-03-19T01:40:59.315 INFO:teuthology.orchestra.run.smithi088.stdout:/usr/bin/ceph: stderr
2024-03-19T01:40:58.725+0000 7f77e7fff700 1 -- 172.21.15.88:0/2403028530 <== mgr.14120 v2:172.21.15.88:6800/1925732803 1 ==== mgr_command_reply(tid 0: 0 ) v1 ==== 8+0+595 (secure 0 0 0) 0x7f7800102490 con 0x7f77e8038440
2024-03-19T01:40:59.316 INFO:teuthology.orchestra.run.smithi088.stdout:/usr/bin/ceph: stderr
2024-03-19T01:40:58.727+0000 7f78052c7700 1 -- 172.21.15.88:0/2403028530 >> [v2:172.21.15.88:6800/1925732803,v1:172.21.15.88:6801/1925732803] conn(0x7f77e8038440 msgr2=0x7f77e803a8f0 secure :-1 s=STATE_CONNECTION_ESTABLISHED l=1).mark_down
2024-03-19T01:40:59.316 INFO:teuthology.orchestra.run.smithi088.stdout:/usr/bin/ceph: stderr
2024-03-19T01:40:58.727+0000 7f78052c7700 1 --2- 172.21.15.88:0/2403028530 >> [v2:172.21.15.88:6800/1925732803,v1:172.21.15.88:6801/1925732803] conn(0x7f77e8038440 0x7f77e803a8f0 secure :-1 s=READY pgs=10 cs=0 l=1 rev1=1 crypto rx=0x7f77f4006fd0 tx=0x7f77f4006e40 comp rx=0 tx=0).stop
2024-03-19T01:40:59.316 INFO:teuthology.orchestra.run.smithi088.stdout:/usr/bin/ceph: stderr
2024-03-19T01:40:58.727+0000 7f78052c7700 1 -- 172.21.15.88:0/2403028530 >> [v2:172.21.15.88:3300/0,v1:172.21.15.88:6789/0] conn(0x7f78001059b0 msgr2=0x7f78001996b0 secure :-1 s=STATE_CONNECTION_ESTABLISHED l=1).mark_down
2024-03-19T01:40:59.316 INFO:teuthology.orchestra.run.smithi088.stdout:/usr/bin/ceph: stderr
2024-03-19T01:40:58.727+0000 7f78052c7700 1 --2- 172.21.15.88:0/2403028530 >> [v2:172.21.15.88:3300/0,v1:172.21.15.88:6789/0] conn(0x7f78001059b0 0x7f78001996b0 secure :-1 s=READY pgs=44 cs=0 l=1 rev1=1 crypto rx=0x7f77f0000c00 tx=0x7f77f0011ab0 comp rx=0 tx=0).stop
2024-03-19T01:40:59.316 INFO:teuthology.orchestra.run.smithi088.stdout:/usr/bin/ceph: stderr
2024-03-19T01:40:58.727+0000 7f78052c7700 1 -- 172.21.15.88:0/2403028530 shutdown_connections
2024-03-19T01:40:59.316 INFO:teuthology.orchestra.run.smithi088.stdout:/usr/bin/ceph: stderr
2024-03-19T01:40:58.727+0000 7f78052c7700 1 --2- 172.21.15.88:0/2403028530 >> [v2:172.21.15.88:6800/1925732803,v1:172.21.15.88:6801/1925732803] conn(0x7f77e8038440 0x7f77e803a8f0 unknown :-1 s=CLOSED pgs=10 cs=0 l=1 rev1=1 crypto rx=0 tx=0 comp rx=0 tx=0).stop
2024-03-19T01:40:59.316 INFO:teuthology.orchestra.run.smithi088.stdout:/usr/bin/ceph: stderr
2024-03-19T01:40:58.727+0000 7f78052c7700 1 --2- 172.21.15.88:0/2403028530 >> [v2:172.21.15.88:3300/0,v1:172.21.15.88:6789/0] conn(0x7f78001059b0 0x7f78001996b0 unknown :-1 s=CLOSED pgs=44 cs=0 l=1 rev1=1 crypto rx=0 tx=0 comp rx=0 tx=0).stop
2024-03-19T01:40:59.316 INFO:teuthology.orchestra.run.smithi088.stdout:/usr/bin/ceph: stderr
2024-03-19T01:40:58.727+0000 7f78052c7700 1 -- 172.21.15.88:0/2403028530 >> 172.21.15.88:0/2403028530 conn(0x7f7800101020 msgr2=0x7f7800101d80 unknown :-1 s=STATE_NONE l=0).mark_down
2024-03-19T01:40:59.316 INFO:teuthology.orchestra.run.smithi088.stdout:/usr/bin/ceph: stderr
2024-03-19T01:40:58.728+0000 7f78052c7700 1 -- 172.21.15.88:0/2403028530 shutdown_connections
2024-03-19T01:40:59.316 INFO:teuthology.orchestra.run.smithi088.stdout:/usr/bin/ceph: stderr
2024-03-19T01:40:58.728+0000 7f78052c7700 1 -- 172.21.15.88:0/2403028530 wait complete.
2024-03-19T01:40:59.316 INFO:teuthology.orchestra.run.smithi088.stdout:Wrote public SSH key to /home/ubuntu/cephtest/ceph.pub
2024-03-19T01:40:59.316 INFO:teuthology.orchestra.run.smithi088.stdout:Adding key to root@localhost authorized_keys...
2024-03-19T01:40:59.316 INFO:teuthology.orchestra.run.smithi088.stdout:Adding host smithi088...
2024-03-19T01:40:59.877 INFO:journalctl@ceph.mon.smithi088.smithi088.stdout:Mar 19 01:40:59 smithi088 ceph-mon[29308]: from='client.14138 -' entity='client.admin' cmd=[{"prefix": "cephadm get-pub-key", "target": ["mon-mgr", ""]}]: dispatch
2024-03-19T01:41:00.800 INFO:journalctl@ceph.mon.smithi088.smithi088.stdout:Mar 19 01:41:00 smithi088 ceph-mon[29308]: from='client.14140 -' entity='client.admin' cmd=[{"prefix": "orch host add", "hostname": "smithi088", "addr": "172.21.15.88", "target": ["mon-mgr", ""]}]: dispatch
2024-03-19T01:41:02.557 INFO:journalctl@ceph.mon.smithi088.smithi088.stdout:Mar 19 01:41:02 smithi088 ceph-mon[29308]: Deploying cephadm binary to smithi088
2024-03-19T01:41:03.053 INFO:teuthology.orchestra.run.smithi088.stdout:/usr/bin/ceph: stdout Added host 'smithi088' with addr '172.21.15.88'
2024-03-19T01:41:03.053 INFO:teuthology.orchestra.run.smithi088.stdout:/usr/bin/ceph: stderr
2024-03-19T01:40:59.743+0000 7fbf82234700 1 Processor -- start
2024-03-19T01:41:03.054 INFO:teuthology.orchestra.run.smithi088.stdout:/usr/bin/ceph: stderr
2024-03-19T01:40:59.743+0000 7fbf82234700 1 -- start start
2024-03-19T01:41:03.054 INFO:teuthology.orchestra.run.smithi088.stdout:/usr/bin/ceph: stderr
2024-03-19T01:40:59.744+0000 7fbf82234700 1 --2- >> [v2:172.21.15.88:3300/0,v1:172.21.15.88:6789/0] conn(0x7fbf7c106530 0x7fbf7c108910 unknown :-1 s=NONE pgs=0 cs=0 l=0 rev1=0 crypto rx=0 tx=0 comp rx=0 tx=0).connect
2024-03-19T01:41:03.054 INFO:teuthology.orchestra.run.smithi088.stdout:/usr/bin/ceph: stderr
2024-03-19T01:40:59.744+0000 7fbf82234700 1 -- --> [v2:172.21.15.88:3300/0,v1:172.21.15.88:6789/0] -- mon_getmap magic: 0 v1 -- 0x7fbf7c079cf0 con 0x7fbf7c106530
2024-03-19T01:41:03.054 INFO:teuthology.orchestra.run.smithi088.stdout:/usr/bin/ceph: stderr
2024-03-19T01:40:59.744+0000 7fbf7b7fe700 1 --2- >> [v2:172.21.15.88:3300/0,v1:172.21.15.88:6789/0] conn(0x7fbf7c106530 0x7fbf7c108910 unknown :-1 s=BANNER_CONNECTING pgs=0 cs=0 l=0 rev1=0 crypto rx=0 tx=0 comp rx=0 tx=0)._handle_peer_banner_payload supported=3 required=0
2024-03-19T01:41:03.054 INFO:teuthology.orchestra.run.smithi088.stdout:/usr/bin/ceph: stderr
2024-03-19T01:40:59.744+0000 7fbf7b7fe700 1 --2- >> [v2:172.21.15.88:3300/0,v1:172.21.15.88:6789/0] conn(0x7fbf7c106530 0x7fbf7c108910 unknown :-1 s=HELLO_CONNECTING pgs=0 cs=0 l=0 rev1=1 crypto rx=0 tx=0 comp rx=0 tx=0).handle_hello peer v2:172.21.15.88:3300/0 says I am v2:172.21.15.88:48022/0 (socket says 172.21.15.88:48022)
2024-03-19T01:41:03.054 INFO:teuthology.orchestra.run.smithi088.stdout:/usr/bin/ceph: stderr
2024-03-19T01:40:59.744+0000 7fbf7b7fe700 1 -- 172.21.15.88:0/3122584727 learned_addr learned my addr 172.21.15.88:0/3122584727 (peer_addr_for_me v2:172.21.15.88:0/0)
2024-03-19T01:41:03.054 INFO:teuthology.orchestra.run.smithi088.stdout:/usr/bin/ceph: stderr
2024-03-19T01:40:59.744+0000 7fbf7b7fe700 1 -- 172.21.15.88:0/3122584727 --> [v2:172.21.15.88:3300/0,v1:172.21.15.88:6789/0] -- mon_subscribe({config=0+,monmap=0+}) v3 -- 0x7fbf7c079e30 con 0x7fbf7c106530
2024-03-19T01:41:03.054 INFO:teuthology.orchestra.run.smithi088.stdout:/usr/bin/ceph: stderr
2024-03-19T01:40:59.744+0000 7fbf7b7fe700 1 --2- 172.21.15.88:0/3122584727 >> [v2:172.21.15.88:3300/0,v1:172.21.15.88:6789/0] conn(0x7fbf7c106530 0x7fbf7c108910 secure :-1 s=READY pgs=45 cs=0 l=1 rev1=1 crypto rx=0x7fbf6c0098a0 tx=0x7fbf6c009bb0 comp rx=0 tx=0).ready entity=mon.0 client_cookie=1c407b8729da6a4d server_cookie=0 in_seq=0 out_seq=0
2024-03-19T01:41:03.054 INFO:teuthology.orchestra.run.smithi088.stdout:/usr/bin/ceph: stderr
2024-03-19T01:40:59.744+0000 7fbf7affd700 1 -- 172.21.15.88:0/3122584727 <== mon.0 v2:172.21.15.88:3300/0 1 ==== mon_map magic: 0 v1 ==== 229+0+0 (secure 0 0 0) 0x7fbf6c004180 con 0x7fbf7c106530
2024-03-19T01:41:03.054 INFO:teuthology.orchestra.run.smithi088.stdout:/usr/bin/ceph: stderr
2024-03-19T01:40:59.744+0000 7fbf7affd700 1 -- 172.21.15.88:0/3122584727 <== mon.0 v2:172.21.15.88:3300/0 2 ==== config(27 keys) v1 ==== 1037+0+0 (secure 0 0 0) 0x7fbf6c0042e0 con 0x7fbf7c106530
2024-03-19T01:41:03.055 INFO:teuthology.orchestra.run.smithi088.stdout:/usr/bin/ceph: stderr
2024-03-19T01:40:59.744+0000 7fbf7affd700 1 -- 172.21.15.88:0/3122584727 <== mon.0 v2:172.21.15.88:3300/0 3 ==== mon_map magic: 0 v1 ==== 229+0+0 (secure 0 0 0) 0x7fbf6c011a50 con 0x7fbf7c106530
2024-03-19T01:41:03.055 INFO:teuthology.orchestra.run.smithi088.stdout:/usr/bin/ceph: stderr
2024-03-19T01:40:59.745+0000 7fbf82234700 1 -- 172.21.15.88:0/3122584727 >> [v2:172.21.15.88:3300/0,v1:172.21.15.88:6789/0] conn(0x7fbf7c106530 msgr2=0x7fbf7c108910 secure :-1 s=STATE_CONNECTION_ESTABLISHED l=1).mark_down
2024-03-19T01:41:03.055 INFO:teuthology.orchestra.run.smithi088.stdout:/usr/bin/ceph: stderr
2024-03-19T01:40:59.745+0000 7fbf82234700 1 --2- 172.21.15.88:0/3122584727 >> [v2:172.21.15.88:3300/0,v1:172.21.15.88:6789/0] conn(0x7fbf7c106530 0x7fbf7c108910 secure :-1 s=READY pgs=45 cs=0 l=1 rev1=1 crypto rx=0x7fbf6c0098a0 tx=0x7fbf6c009bb0 comp rx=0 tx=0).stop
2024-03-19T01:41:03.055 INFO:teuthology.orchestra.run.smithi088.stdout:/usr/bin/ceph: stderr
2024-03-19T01:40:59.745+0000 7fbf82234700 1 -- 172.21.15.88:0/3122584727 shutdown_connections
2024-03-19T01:41:03.055 INFO:teuthology.orchestra.run.smithi088.stdout:/usr/bin/ceph: stderr
2024-03-19T01:40:59.745+0000 7fbf82234700 1 --2- 172.21.15.88:0/3122584727 >> [v2:172.21.15.88:3300/0,v1:172.21.15.88:6789/0] conn(0x7fbf7c106530 0x7fbf7c108910 unknown :-1 s=CLOSED pgs=45 cs=0 l=1 rev1=1 crypto rx=0 tx=0 comp rx=0 tx=0).stop
2024-03-19T01:41:03.055 INFO:teuthology.orchestra.run.smithi088.stdout:/usr/bin/ceph: stderr
2024-03-19T01:40:59.745+0000 7fbf82234700 1 -- 172.21.15.88:0/3122584727 >> 172.21.15.88:0/3122584727 conn(0x7fbf7c0ffed0 msgr2=0x7fbf7c102340 unknown :-1 s=STATE_NONE l=0).mark_down
2024-03-19T01:41:03.055 INFO:teuthology.orchestra.run.smithi088.stdout:/usr/bin/ceph: stderr
2024-03-19T01:40:59.745+0000 7fbf82234700 1 -- 172.21.15.88:0/3122584727 shutdown_connections
2024-03-19T01:41:03.055 INFO:teuthology.orchestra.run.smithi088.stdout:/usr/bin/ceph: stderr
2024-03-19T01:40:59.745+0000 7fbf82234700 1 -- 172.21.15.88:0/3122584727 wait complete.
2024-03-19T01:41:03.057 INFO:teuthology.orchestra.run.smithi088.stdout:/usr/bin/ceph: stderr
2024-03-19T01:40:59.746+0000 7fbf82234700 1 Processor -- start
2024-03-19T01:41:03.058 INFO:teuthology.orchestra.run.smithi088.stdout:/usr/bin/ceph: stderr
2024-03-19T01:40:59.746+0000 7fbf82234700 1 -- start start
2024-03-19T01:41:03.058 INFO:teuthology.orchestra.run.smithi088.stdout:/usr/bin/ceph: stderr
2024-03-19T01:40:59.746+0000 7fbf82234700 1 --2- >> [v2:172.21.15.88:3300/0,v1:172.21.15.88:6789/0] conn(0x7fbf7c106530 0x7fbf7c199720 unknown :-1 s=NONE pgs=0 cs=0 l=1 rev1=0 crypto rx=0 tx=0 comp rx=0 tx=0).connect
2024-03-19T01:41:03.058 INFO:teuthology.orchestra.run.smithi088.stdout:/usr/bin/ceph: stderr
2024-03-19T01:40:59.746+0000 7fbf82234700 1 -- --> [v2:172.21.15.88:3300/0,v1:172.21.15.88:6789/0] -- mon_getmap magic: 0 v1 -- 0x7fbf7c199c60 con 0x7fbf7c106530
2024-03-19T01:41:03.058 INFO:teuthology.orchestra.run.smithi088.stdout:/usr/bin/ceph: stderr
2024-03-19T01:40:59.746+0000 7fbf7b7fe700 1 --2- >> [v2:172.21.15.88:3300/0,v1:172.21.15.88:6789/0] conn(0x7fbf7c106530 0x7fbf7c199720 unknown :-1 s=BANNER_CONNECTING pgs=0 cs=0 l=1 rev1=0 crypto rx=0 tx=0 comp rx=0 tx=0)._handle_peer_banner_payload supported=3 required=0
2024-03-19T01:41:03.058 INFO:teuthology.orchestra.run.smithi088.stdout:/usr/bin/ceph: stderr
2024-03-19T01:40:59.746+0000 7fbf7b7fe700 1 --2- >> [v2:172.21.15.88:3300/0,v1:172.21.15.88:6789/0] conn(0x7fbf7c106530 0x7fbf7c199720 unknown :-1 s=HELLO_CONNECTING pgs=0 cs=0 l=1 rev1=1 crypto rx=0 tx=0 comp rx=0 tx=0).handle_hello peer v2:172.21.15.88:3300/0 says I am v2:172.21.15.88:48036/0 (socket says 172.21.15.88:48036)
2024-03-19T01:41:03.058 INFO:teuthology.orchestra.run.smithi088.stdout:/usr/bin/ceph: stderr
2024-03-19T01:40:59.746+0000 7fbf7b7fe700 1 -- 172.21.15.88:0/986358363 learned_addr learned my addr 172.21.15.88:0/986358363 (peer_addr_for_me v2:172.21.15.88:0/0)
2024-03-19T01:41:03.058 INFO:teuthology.orchestra.run.smithi088.stdout:/usr/bin/ceph: stderr
2024-03-19T01:40:59.746+0000 7fbf7b7fe700 1 -- 172.21.15.88:0/986358363 --> [v2:172.21.15.88:3300/0,v1:172.21.15.88:6789/0] -- mon_subscribe({config=0+,monmap=0+}) v3 -- 0x7fbf6c009550 con 0x7fbf7c106530
2024-03-19T01:41:03.058 INFO:teuthology.orchestra.run.smithi088.stdout:/usr/bin/ceph: stderr
2024-03-19T01:40:59.746+0000 7fbf7b7fe700 1 --2- 172.21.15.88:0/986358363 >> [v2:172.21.15.88:3300/0,v1:172.21.15.88:6789/0] conn(0x7fbf7c106530 0x7fbf7c199720 secure :-1 s=READY pgs=46 cs=0 l=1 rev1=1 crypto rx=0x7fbf6c003de0 tx=0x7fbf6c011ab0 comp rx=0 tx=0).ready entity=mon.0 client_cookie=0 server_cookie=0 in_seq=0 out_seq=0
2024-03-19T01:41:03.058 INFO:teuthology.orchestra.run.smithi088.stdout:/usr/bin/ceph: stderr
2024-03-19T01:40:59.747+0000 7fbf797fa700 1 -- 172.21.15.88:0/986358363 <== mon.0 v2:172.21.15.88:3300/0 1 ==== mon_map magic: 0 v1 ==== 229+0+0 (secure 0 0 0) 0x7fbf6c003930 con 0x7fbf7c106530
2024-03-19T01:41:03.058 INFO:teuthology.orchestra.run.smithi088.stdout:/usr/bin/ceph: stderr
2024-03-19T01:40:59.747+0000 7fbf797fa700 1 -- 172.21.15.88:0/986358363 <== mon.0 v2:172.21.15.88:3300/0 2 ==== config(27 keys) v1 ==== 1037+0+0 (secure 0 0 0) 0x7fbf6c003a90 con 0x7fbf7c106530
2024-03-19T01:41:03.058 INFO:teuthology.orchestra.run.smithi088.stdout:/usr/bin/ceph: stderr
2024-03-19T01:40:59.747+0000 7fbf797fa700 1 -- 172.21.15.88:0/986358363 <== mon.0 v2:172.21.15.88:3300/0 3 ==== mon_map magic: 0 v1 ==== 229+0+0 (secure 0 0 0) 0x7fbf6c0196c0 con 0x7fbf7c106530
2024-03-19T01:41:03.058 INFO:teuthology.orchestra.run.smithi088.stdout:/usr/bin/ceph: stderr
2024-03-19T01:40:59.747+0000 7fbf82234700 1 -- 172.21.15.88:0/986358363 --> [v2:172.21.15.88:3300/0,v1:172.21.15.88:6789/0] -- mon_subscribe({mgrmap=0+}) v3 -- 0x7fbf7c199e60 con 0x7fbf7c106530
2024-03-19T01:41:03.058 INFO:teuthology.orchestra.run.smithi088.stdout:/usr/bin/ceph: stderr
2024-03-19T01:40:59.747+0000 7fbf82234700 1 -- 172.21.15.88:0/986358363 --> [v2:172.21.15.88:3300/0,v1:172.21.15.88:6789/0] -- mon_subscribe({osdmap=0}) v3 -- 0x7fbf7c19a300 con 0x7fbf7c106530
2024-03-19T01:41:03.059 INFO:teuthology.orchestra.run.smithi088.stdout:/usr/bin/ceph: stderr
2024-03-19T01:40:59.748+0000 7fbf797fa700 1 -- 172.21.15.88:0/986358363 <== mon.0 v2:172.21.15.88:3300/0 4 ==== mgrmap(e 8) v1 ==== 45084+0+0 (secure 0 0 0) 0x7fbf6c01abc0 con 0x7fbf7c106530
2024-03-19T01:41:03.059 INFO:teuthology.orchestra.run.smithi088.stdout:/usr/bin/ceph: stderr
2024-03-19T01:40:59.748+0000 7fbf82234700 1 -- 172.21.15.88:0/986358363 --> [v2:172.21.15.88:3300/0,v1:172.21.15.88:6789/0] -- mon_command({"prefix": "get_command_descriptions"} v 0) v1 -- 0x7fbf7c109a40 con 0x7fbf7c106530
2024-03-19T01:41:03.059 INFO:teuthology.orchestra.run.smithi088.stdout:/usr/bin/ceph: stderr
2024-03-19T01:40:59.748+0000 7fbf797fa700 1 --2- 172.21.15.88:0/986358363 >> [v2:172.21.15.88:6800/1925732803,v1:172.21.15.88:6801/1925732803] conn(0x7fbf68038440 0x7fbf6803a8f0 unknown :-1 s=NONE pgs=0 cs=0 l=1 rev1=0 crypto rx=0 tx=0 comp rx=0 tx=0).connect
2024-03-19T01:41:03.059 INFO:teuthology.orchestra.run.smithi088.stdout:/usr/bin/ceph: stderr
2024-03-19T01:40:59.748+0000 7fbf797fa700 1 -- 172.21.15.88:0/986358363 <== mon.0 v2:172.21.15.88:3300/0 5 ==== osd_map(2..2 src has 1..2) v4 ==== 940+0+0 (secure 0 0 0) 0x7fbf6c04c4b0 con 0x7fbf7c106530
2024-03-19T01:41:03.059 INFO:teuthology.orchestra.run.smithi088.stdout:/usr/bin/ceph: stderr
2024-03-19T01:40:59.748+0000 7fbf72ffd700 1 --2- 172.21.15.88:0/986358363 >> [v2:172.21.15.88:6800/1925732803,v1:172.21.15.88:6801/1925732803] conn(0x7fbf68038440 0x7fbf6803a8f0 unknown :-1 s=BANNER_CONNECTING pgs=0 cs=0 l=1 rev1=0 crypto rx=0 tx=0 comp rx=0 tx=0)._handle_peer_banner_payload supported=3 required=0
2024-03-19T01:41:03.059 INFO:teuthology.orchestra.run.smithi088.stdout:/usr/bin/ceph: stderr
2024-03-19T01:40:59.748+0000 7fbf72ffd700 1 --2- 172.21.15.88:0/986358363 >> [v2:172.21.15.88:6800/1925732803,v1:172.21.15.88:6801/1925732803] conn(0x7fbf68038440 0x7fbf6803a8f0 secure :-1 s=READY pgs=11 cs=0 l=1 rev1=1 crypto rx=0x7fbf64006fd0 tx=0x7fbf64006e40 comp rx=0 tx=0).ready entity=mgr.14120 client_cookie=0 server_cookie=0 in_seq=0 out_seq=0
2024-03-19T01:41:03.059 INFO:teuthology.orchestra.run.smithi088.stdout:/usr/bin/ceph: stderr
2024-03-19T01:40:59.752+0000 7fbf797fa700 1 -- 172.21.15.88:0/986358363 <== mon.0 v2:172.21.15.88:3300/0 6 ==== mon_command_ack([{"prefix": "get_command_descriptions"}]=0 v0) v1 ==== 72+0+177933 (secure 0 0 0) 0x7fbf6c010790 con 0x7fbf7c106530
2024-03-19T01:41:03.059 INFO:teuthology.orchestra.run.smithi088.stdout:/usr/bin/ceph: stderr
2024-03-19T01:40:59.944+0000 7fbf82234700 1 -- 172.21.15.88:0/986358363 --> [v2:172.21.15.88:6800/1925732803,v1:172.21.15.88:6801/1925732803] -- mgr_command(tid 0: {"prefix": "orch host add", "hostname": "smithi088", "addr": "172.21.15.88", "target": ["mon-mgr", ""]}) v1 -- 0x7fbf7c1021f0 con 0x7fbf68038440
2024-03-19T01:41:03.059 INFO:teuthology.orchestra.run.smithi088.stdout:/usr/bin/ceph: stderr
2024-03-19T01:41:02.517+0000 7fbf797fa700 1 -- 172.21.15.88:0/986358363 <== mgr.14120 v2:172.21.15.88:6800/1925732803 1 ==== mgr_command_reply(tid 0: 0 ) v1 ==== 8+0+48 (secure 0 0 0) 0x7fbf7c1021f0 con 0x7fbf68038440
2024-03-19T01:41:03.059 INFO:teuthology.orchestra.run.smithi088.stdout:/usr/bin/ceph: stderr
2024-03-19T01:41:02.520+0000 7fbf82234700 1 -- 172.21.15.88:0/986358363 >> [v2:172.21.15.88:6800/1925732803,v1:172.21.15.88:6801/1925732803] conn(0x7fbf68038440 msgr2=0x7fbf6803a8f0 secure :-1 s=STATE_CONNECTION_ESTABLISHED l=1).mark_down
2024-03-19T01:41:03.059 INFO:teuthology.orchestra.run.smithi088.stdout:/usr/bin/ceph: stderr
2024-03-19T01:41:02.520+0000 7fbf82234700 1 --2- 172.21.15.88:0/986358363 >> [v2:172.21.15.88:6800/1925732803,v1:172.21.15.88:6801/1925732803] conn(0x7fbf68038440 0x7fbf6803a8f0 secure :-1 s=READY pgs=11 cs=0 l=1 rev1=1 crypto rx=0x7fbf64006fd0 tx=0x7fbf64006e40 comp rx=0 tx=0).stop
2024-03-19T01:41:03.059 INFO:teuthology.orchestra.run.smithi088.stdout:/usr/bin/ceph: stderr
2024-03-19T01:41:02.520+0000 7fbf82234700 1 -- 172.21.15.88:0/986358363 >> [v2:172.21.15.88:3300/0,v1:172.21.15.88:6789/0] conn(0x7fbf7c106530 msgr2=0x7fbf7c199720 secure :-1 s=STATE_CONNECTION_ESTABLISHED l=1).mark_down
2024-03-19T01:41:03.059 INFO:teuthology.orchestra.run.smithi088.stdout:/usr/bin/ceph: stderr
2024-03-19T01:41:02.520+0000 7fbf82234700 1 --2- 172.21.15.88:0/986358363 >> [v2:172.21.15.88:3300/0,v1:172.21.15.88:6789/0] conn(0x7fbf7c106530 0x7fbf7c199720 secure :-1 s=READY pgs=46 cs=0 l=1 rev1=1 crypto rx=0x7fbf6c003de0 tx=0x7fbf6c011ab0 comp rx=0 tx=0).stop
2024-03-19T01:41:03.059 INFO:teuthology.orchestra.run.smithi088.stdout:/usr/bin/ceph: stderr
2024-03-19T01:41:02.520+0000 7fbf82234700 1 -- 172.21.15.88:0/986358363 shutdown_connections
2024-03-19T01:41:03.060 INFO:teuthology.orchestra.run.smithi088.stdout:/usr/bin/ceph: stderr
2024-03-19T01:41:02.520+0000 7fbf82234700 1 --2- 172.21.15.88:0/986358363 >> [v2:172.21.15.88:6800/1925732803,v1:172.21.15.88:6801/1925732803] conn(0x7fbf68038440 0x7fbf6803a8f0 unknown :-1 s=CLOSED pgs=11 cs=0 l=1 rev1=1 crypto rx=0 tx=0 comp rx=0 tx=0).stop
2024-03-19T01:41:03.060 INFO:teuthology.orchestra.run.smithi088.stdout:/usr/bin/ceph: stderr
2024-03-19T01:41:02.520+0000 7fbf82234700 1 --2- 172.21.15.88:0/986358363 >> [v2:172.21.15.88:3300/0,v1:172.21.15.88:6789/0] conn(0x7fbf7c106530 0x7fbf7c199720 unknown :-1 s=CLOSED pgs=46 cs=0 l=1 rev1=1 crypto rx=0 tx=0 comp rx=0 tx=0).stop
