2024-03-19T01:41:30.097 INFO:teuthology.orchestra.run.smithi088.stdout:/usr/bin/ceph: stderr
2024-03-19T01:41:28.906+0000 7fc2c2ffd700 1 --2- 172.21.15.88:0/40379900 >> [v2:172.21.15.88:3300/0,v1:172.21.15.88:6789/0] conn(0x7fc2c4104310 0x7fc2c4197310 secure :-1 s=READY pgs=85 cs=0 l=1 rev1=1 crypto rx=0x7fc2ac011670 tx=0x7fc2ac011b50 comp rx=0 tx=0).ready entity=mon.0 client_cookie=0 server_cookie=0 in_seq=0 out_seq=0
2024-03-19T01:41:30.097 INFO:teuthology.orchestra.run.smithi088.stdout:/usr/bin/ceph: stderr
2024-03-19T01:41:28.906+0000 7fc2bbfff700 1 -- 172.21.15.88:0/40379900 <== mon.0 v2:172.21.15.88:3300/0 1 ==== mon_map magic: 0 v1 ==== 229+0+0 (secure 0 0 0) 0x7fc2ac0039f0 con 0x7fc2c4104310
2024-03-19T01:41:30.097 INFO:teuthology.orchestra.run.smithi088.stdout:/usr/bin/ceph: stderr
2024-03-19T01:41:28.906+0000 7fc2bbfff700 1 -- 172.21.15.88:0/40379900 <== mon.0 v2:172.21.15.88:3300/0 2 ==== config(27 keys) v1 ==== 1101+0+0 (secure 0 0 0) 0x7fc2ac003b50 con 0x7fc2c4104310
2024-03-19T01:41:30.097 INFO:teuthology.orchestra.run.smithi088.stdout:/usr/bin/ceph: stderr
2024-03-19T01:41:28.906+0000 7fc2bbfff700 1 -- 172.21.15.88:0/40379900 <== mon.0 v2:172.21.15.88:3300/0 3 ==== mon_map magic: 0 v1 ==== 229+0+0 (secure 0 0 0) 0x7fc2ac0247c0 con 0x7fc2c4104310
2024-03-19T01:41:30.097 INFO:teuthology.orchestra.run.smithi088.stdout:/usr/bin/ceph: stderr
2024-03-19T01:41:28.906+0000 7fc2c972d700 1 -- 172.21.15.88:0/40379900 --> [v2:172.21.15.88:3300/0,v1:172.21.15.88:6789/0] -- mon_subscribe({mgrmap=0+}) v3 -- 0x7fc2c4198f20 con 0x7fc2c4104310
2024-03-19T01:41:30.097 INFO:teuthology.orchestra.run.smithi088.stdout:/usr/bin/ceph: stderr
2024-03-19T01:41:28.906+0000 7fc2c972d700 1 -- 172.21.15.88:0/40379900 --> [v2:172.21.15.88:3300/0,v1:172.21.15.88:6789/0] -- mon_subscribe({osdmap=0}) v3 -- 0x7fc2c4197aa0 con 0x7fc2c4104310
2024-03-19T01:41:30.097 INFO:teuthology.orchestra.run.smithi088.stdout:/usr/bin/ceph: stderr
2024-03-19T01:41:28.907+0000 7fc2bbfff700 1 -- 172.21.15.88:0/40379900 <== mon.0 v2:172.21.15.88:3300/0 4 ==== mgrmap(e 12) v1 ==== 45097+0+0 (secure 0 0 0) 0x7fc2ac02d3f0 con 0x7fc2c4104310
2024-03-19T01:41:30.097 INFO:teuthology.orchestra.run.smithi088.stdout:/usr/bin/ceph: stderr
2024-03-19T01:41:28.907+0000 7fc2bbfff700 1 --2- 172.21.15.88:0/40379900 >> [v2:172.21.15.88:6800/1723850772,v1:172.21.15.88:6801/1723850772] conn(0x7fc2b0038490 0x7fc2b003a940 unknown :-1 s=NONE pgs=0 cs=0 l=1 rev1=0 crypto rx=0 tx=0 comp rx=0 tx=0).connect
2024-03-19T01:41:30.097 INFO:teuthology.orchestra.run.smithi088.stdout:/usr/bin/ceph: stderr
2024-03-19T01:41:28.907+0000 7fc2bbfff700 1 -- 172.21.15.88:0/40379900 <== mon.0 v2:172.21.15.88:3300/0 5 ==== osd_map(3..3 src has 1..3) v4 ==== 1155+0+0 (secure 0 0 0) 0x7fc2ac04c4b0 con 0x7fc2c4104310
2024-03-19T01:41:30.097 INFO:teuthology.orchestra.run.smithi088.stdout:/usr/bin/ceph: stderr
2024-03-19T01:41:28.907+0000 7fc2c972d700 1 -- 172.21.15.88:0/40379900 --> [v2:172.21.15.88:3300/0,v1:172.21.15.88:6789/0] -- mon_command({"prefix": "get_command_descriptions"} v 0) v1 -- 0x7fc2c4105850 con 0x7fc2c4104310
2024-03-19T01:41:30.097 INFO:teuthology.orchestra.run.smithi088.stdout:/usr/bin/ceph: stderr
2024-03-19T01:41:28.907+0000 7fc2c27fc700 1 --2- 172.21.15.88:0/40379900 >> [v2:172.21.15.88:6800/1723850772,v1:172.21.15.88:6801/1723850772] conn(0x7fc2b0038490 0x7fc2b003a940 unknown :-1 s=BANNER_CONNECTING pgs=0 cs=0 l=1 rev1=0 crypto rx=0 tx=0 comp rx=0 tx=0)._handle_peer_banner_payload supported=3 required=0
2024-03-19T01:41:30.097 INFO:teuthology.orchestra.run.smithi088.stdout:/usr/bin/ceph: stderr
2024-03-19T01:41:28.908+0000 7fc2c27fc700 1 --2- 172.21.15.88:0/40379900 >> [v2:172.21.15.88:6800/1723850772,v1:172.21.15.88:6801/1723850772] conn(0x7fc2b0038490 0x7fc2b003a940 secure :-1 s=READY pgs=8 cs=0 l=1 rev1=1 crypto rx=0x7fc2b4006fd0 tx=0x7fc2b4006e40 comp rx=0 tx=0).ready entity=mgr.14164 client_cookie=0 server_cookie=0 in_seq=0 out_seq=0
2024-03-19T01:41:30.097 INFO:teuthology.orchestra.run.smithi088.stdout:/usr/bin/ceph: stderr
2024-03-19T01:41:28.912+0000 7fc2bbfff700 1 -- 172.21.15.88:0/40379900 <== mon.0 v2:172.21.15.88:3300/0 6 ==== mon_command_ack([{"prefix": "get_command_descriptions"}]=0 v0) v1 ==== 72+0+177933 (secure 0 0 0) 0x7fc2ac010970 con 0x7fc2c4104310
2024-03-19T01:41:30.097 INFO:teuthology.orchestra.run.smithi088.stdout:/usr/bin/ceph: stderr
2024-03-19T01:41:29.132+0000 7fc2c972d700 1 -- 172.21.15.88:0/40379900 --> [v2:172.21.15.88:6800/1723850772,v1:172.21.15.88:6801/1723850772] -- mgr_command(tid 0: {"prefix": "dashboard ac-user-create", "username": "admin", "rolename": "administrator", "force_password": true, "pwd_update_required": true, "target": ["mon-mgr", ""]}) v1 -- 0x7fc2c40621a0 con 0x7fc2b0038490
2024-03-19T01:41:30.098 INFO:teuthology.orchestra.run.smithi088.stdout:/usr/bin/ceph: stderr
2024-03-19T01:41:29.356+0000 7fc2bbfff700 1 -- 172.21.15.88:0/40379900 <== mgr.14164 v2:172.21.15.88:6800/1723850772 1 ==== mgr_command_reply(tid 0: 0 ) v1 ==== 8+0+252 (secure 0 0 0) 0x7fc2c40621a0 con 0x7fc2b0038490
2024-03-19T01:41:30.098 INFO:teuthology.orchestra.run.smithi088.stdout:/usr/bin/ceph: stderr
2024-03-19T01:41:29.358+0000 7fc2c972d700 1 -- 172.21.15.88:0/40379900 >> [v2:172.21.15.88:6800/1723850772,v1:172.21.15.88:6801/1723850772] conn(0x7fc2b0038490 msgr2=0x7fc2b003a940 secure :-1 s=STATE_CONNECTION_ESTABLISHED l=1).mark_down
2024-03-19T01:41:30.098 INFO:teuthology.orchestra.run.smithi088.stdout:/usr/bin/ceph: stderr
2024-03-19T01:41:29.358+0000 7fc2c972d700 1 --2- 172.21.15.88:0/40379900 >> [v2:172.21.15.88:6800/1723850772,v1:172.21.15.88:6801/1723850772] conn(0x7fc2b0038490 0x7fc2b003a940 secure :-1 s=READY pgs=8 cs=0 l=1 rev1=1 crypto rx=0x7fc2b4006fd0 tx=0x7fc2b4006e40 comp rx=0 tx=0).stop
2024-03-19T01:41:30.098 INFO:teuthology.orchestra.run.smithi088.stdout:/usr/bin/ceph: stderr
2024-03-19T01:41:29.358+0000 7fc2c972d700 1 -- 172.21.15.88:0/40379900 >> [v2:172.21.15.88:3300/0,v1:172.21.15.88:6789/0] conn(0x7fc2c4104310 msgr2=0x7fc2c4197310 secure :-1 s=STATE_CONNECTION_ESTABLISHED l=1).mark_down
2024-03-19T01:41:30.098 INFO:teuthology.orchestra.run.smithi088.stdout:/usr/bin/ceph: stderr
2024-03-19T01:41:29.358+0000 7fc2c972d700 1 --2- 172.21.15.88:0/40379900 >> [v2:172.21.15.88:3300/0,v1:172.21.15.88:6789/0] conn(0x7fc2c4104310 0x7fc2c4197310 secure :-1 s=READY pgs=85 cs=0 l=1 rev1=1 crypto rx=0x7fc2ac011670 tx=0x7fc2ac011b50 comp rx=0 tx=0).stop
2024-03-19T01:41:30.098 INFO:teuthology.orchestra.run.smithi088.stdout:/usr/bin/ceph: stderr
2024-03-19T01:41:29.358+0000 7fc2c972d700 1 -- 172.21.15.88:0/40379900 shutdown_connections
2024-03-19T01:41:30.098 INFO:teuthology.orchestra.run.smithi088.stdout:/usr/bin/ceph: stderr
2024-03-19T01:41:29.358+0000 7fc2c972d700 1 --2- 172.21.15.88:0/40379900 >> [v2:172.21.15.88:6800/1723850772,v1:172.21.15.88:6801/1723850772] conn(0x7fc2b0038490 0x7fc2b003a940 unknown :-1 s=CLOSED pgs=8 cs=0 l=1 rev1=1 crypto rx=0 tx=0 comp rx=0 tx=0).stop
2024-03-19T01:41:30.098 INFO:teuthology.orchestra.run.smithi088.stdout:/usr/bin/ceph: stderr
2024-03-19T01:41:29.358+0000 7fc2c972d700 1 --2- 172.21.15.88:0/40379900 >> [v2:172.21.15.88:3300/0,v1:172.21.15.88:6789/0] conn(0x7fc2c4104310 0x7fc2c4197310 unknown :-1 s=CLOSED pgs=85 cs=0 l=1 rev1=1 crypto rx=0 tx=0 comp rx=0 tx=0).stop
2024-03-19T01:41:30.098 INFO:teuthology.orchestra.run.smithi088.stdout:/usr/bin/ceph: stderr
2024-03-19T01:41:29.358+0000 7fc2c972d700 1 -- 172.21.15.88:0/40379900 >> 172.21.15.88:0/40379900 conn(0x7fc2c40fff00 msgr2=0x7fc2c418fed0 unknown :-1 s=STATE_NONE l=0).mark_down
2024-03-19T01:41:30.098 INFO:teuthology.orchestra.run.smithi088.stdout:/usr/bin/ceph: stderr
2024-03-19T01:41:29.358+0000 7fc2c972d700 1 -- 172.21.15.88:0/40379900 shutdown_connections
2024-03-19T01:41:30.098 INFO:teuthology.orchestra.run.smithi088.stdout:/usr/bin/ceph: stderr
2024-03-19T01:41:29.358+0000 7fc2c972d700 1 -- 172.21.15.88:0/40379900 wait complete.
2024-03-19T01:41:30.098 INFO:teuthology.orchestra.run.smithi088.stdout:Fetching dashboard port number...
2024-03-19T01:41:30.627 INFO:journalctl@ceph.mon.smithi088.smithi088.stdout:Mar 19 01:41:30 smithi088 ceph-mon[29308]: from='client.14178 -' entity='client.admin' cmd=[{"prefix": "dashboard ac-user-create", "username": "admin", "rolename": "administrator", "force_password": true, "pwd_update_required": true, "target": ["mon-mgr", ""]}]: dispatch
2024-03-19T01:41:30.627 INFO:journalctl@ceph.mon.smithi088.smithi088.stdout:Mar 19 01:41:30 smithi088 ceph-mon[29308]: from='mgr.14164 172.21.15.88:0/1279712543' entity='mgr.smithi088.sthccc'
2024-03-19T01:41:31.571 INFO:journalctl@ceph.mon.smithi088.smithi088.stdout:Mar 19 01:41:31 smithi088 ceph-mon[29308]: from='client.? 172.21.15.88:0/1451577526' entity='client.admin' cmd=[{"prefix": "config get", "who": "mgr", "key": "mgr/dashboard/ssl_server_port"}]: dispatch
2024-03-19T01:41:31.579 INFO:teuthology.orchestra.run.smithi088.stdout:/usr/bin/ceph: stdout 8443
2024-03-19T01:41:31.579 INFO:teuthology.orchestra.run.smithi088.stdout:/usr/bin/ceph: stderr
2024-03-19T01:41:30.522+0000 7fc997079700 1 Processor -- start
2024-03-19T01:41:31.579 INFO:teuthology.orchestra.run.smithi088.stdout:/usr/bin/ceph: stderr
2024-03-19T01:41:30.522+0000 7fc997079700 1 -- start start
2024-03-19T01:41:31.579 INFO:teuthology.orchestra.run.smithi088.stdout:/usr/bin/ceph: stderr
2024-03-19T01:41:30.522+0000 7fc997079700 1 --2- >> [v2:172.21.15.88:3300/0,v1:172.21.15.88:6789/0] conn(0x7fc990104e90 0x7fc9901052a0 unknown :-1 s=NONE pgs=0 cs=0 l=0 rev1=0 crypto rx=0 tx=0 comp rx=0 tx=0).connect
2024-03-19T01:41:31.579 INFO:teuthology.orchestra.run.smithi088.stdout:/usr/bin/ceph: stderr
2024-03-19T01:41:30.522+0000 7fc997079700 1 -- --> [v2:172.21.15.88:3300/0,v1:172.21.15.88:6789/0] -- mon_getmap magic: 0 v1 -- 0x7fc9901057e0 con 0x7fc990104e90
2024-03-19T01:41:31.579 INFO:teuthology.orchestra.run.smithi088.stdout:/usr/bin/ceph: stderr
2024-03-19T01:41:30.522+0000 7fc994e15700 1 --2- >> [v2:172.21.15.88:3300/0,v1:172.21.15.88:6789/0] conn(0x7fc990104e90 0x7fc9901052a0 unknown :-1 s=BANNER_CONNECTING pgs=0 cs=0 l=0 rev1=0 crypto rx=0 tx=0 comp rx=0 tx=0)._handle_peer_banner_payload supported=3 required=0
2024-03-19T01:41:31.579 INFO:teuthology.orchestra.run.smithi088.stdout:/usr/bin/ceph: stderr
2024-03-19T01:41:30.522+0000 7fc994e15700 1 --2- >> [v2:172.21.15.88:3300/0,v1:172.21.15.88:6789/0] conn(0x7fc990104e90 0x7fc9901052a0 unknown :-1 s=HELLO_CONNECTING pgs=0 cs=0 l=0 rev1=1 crypto rx=0 tx=0 comp rx=0 tx=0).handle_hello peer v2:172.21.15.88:3300/0 says I am v2:172.21.15.88:41830/0 (socket says 172.21.15.88:41830)
2024-03-19T01:41:31.579 INFO:teuthology.orchestra.run.smithi088.stdout:/usr/bin/ceph: stderr
2024-03-19T01:41:30.522+0000 7fc994e15700 1 -- 172.21.15.88:0/941200524 learned_addr learned my addr 172.21.15.88:0/941200524 (peer_addr_for_me v2:172.21.15.88:0/0)
2024-03-19T01:41:31.579 INFO:teuthology.orchestra.run.smithi088.stdout:/usr/bin/ceph: stderr
2024-03-19T01:41:30.522+0000 7fc994e15700 1 -- 172.21.15.88:0/941200524 --> [v2:172.21.15.88:3300/0,v1:172.21.15.88:6789/0] -- mon_subscribe({config=0+,monmap=0+}) v3 -- 0x7fc990105920 con 0x7fc990104e90
2024-03-19T01:41:31.579 INFO:teuthology.orchestra.run.smithi088.stdout:/usr/bin/ceph: stderr
2024-03-19T01:41:30.523+0000 7fc994e15700 1 --2- 172.21.15.88:0/941200524 >> [v2:172.21.15.88:3300/0,v1:172.21.15.88:6789/0] conn(0x7fc990104e90 0x7fc9901052a0 secure :-1 s=READY pgs=86 cs=0 l=1 rev1=1 crypto rx=0x7fc9840098a0 tx=0x7fc984009bb0 comp rx=0 tx=0).ready entity=mon.0 client_cookie=f3a5313475f1e2bb server_cookie=0 in_seq=0 out_seq=0
2024-03-19T01:41:31.580 INFO:teuthology.orchestra.run.smithi088.stdout:/usr/bin/ceph: stderr
2024-03-19T01:41:30.523+0000 7fc98f7fe700 1 -- 172.21.15.88:0/941200524 <== mon.0 v2:172.21.15.88:3300/0 1 ==== mon_map magic: 0 v1 ==== 229+0+0 (secure 0 0 0) 0x7fc984004180 con 0x7fc990104e90
2024-03-19T01:41:31.580 INFO:teuthology.orchestra.run.smithi088.stdout:/usr/bin/ceph: stderr
2024-03-19T01:41:30.523+0000 7fc98f7fe700 1 -- 172.21.15.88:0/941200524 <== mon.0 v2:172.21.15.88:3300/0 2 ==== config(27 keys) v1 ==== 1101+0+0 (secure 0 0 0) 0x7fc9840042e0 con 0x7fc990104e90
2024-03-19T01:41:31.580 INFO:teuthology.orchestra.run.smithi088.stdout:/usr/bin/ceph: stderr
2024-03-19T01:41:30.523+0000 7fc98f7fe700 1 -- 172.21.15.88:0/941200524 <== mon.0 v2:172.21.15.88:3300/0 3 ==== mon_map magic: 0 v1 ==== 229+0+0 (secure 0 0 0) 0x7fc984011af0 con 0x7fc990104e90
2024-03-19T01:41:31.580 INFO:teuthology.orchestra.run.smithi088.stdout:/usr/bin/ceph: stderr
2024-03-19T01:41:30.523+0000 7fc997079700 1 -- 172.21.15.88:0/941200524 >> [v2:172.21.15.88:3300/0,v1:172.21.15.88:6789/0] conn(0x7fc990104e90 msgr2=0x7fc9901052a0 secure :-1 s=STATE_CONNECTION_ESTABLISHED l=1).mark_down
2024-03-19T01:41:31.580 INFO:teuthology.orchestra.run.smithi088.stdout:/usr/bin/ceph: stderr
2024-03-19T01:41:30.523+0000 7fc997079700 1 --2- 172.21.15.88:0/941200524 >> [v2:172.21.15.88:3300/0,v1:172.21.15.88:6789/0] conn(0x7fc990104e90 0x7fc9901052a0 secure :-1 s=READY pgs=86 cs=0 l=1 rev1=1 crypto rx=0x7fc9840098a0 tx=0x7fc984009bb0 comp rx=0 tx=0).stop
2024-03-19T01:41:31.580 INFO:teuthology.orchestra.run.smithi088.stdout:/usr/bin/ceph: stderr
2024-03-19T01:41:30.523+0000 7fc997079700 1 -- 172.21.15.88:0/941200524 shutdown_connections
2024-03-19T01:41:31.580 INFO:teuthology.orchestra.run.smithi088.stdout:/usr/bin/ceph: stderr
2024-03-19T01:41:30.523+0000 7fc997079700 1 --2- 172.21.15.88:0/941200524 >> [v2:172.21.15.88:3300/0,v1:172.21.15.88:6789/0] conn(0x7fc990104e90 0x7fc9901052a0 unknown :-1 s=CLOSED pgs=86 cs=0 l=1 rev1=1 crypto rx=0 tx=0 comp rx=0 tx=0).stop
2024-03-19T01:41:31.580 INFO:teuthology.orchestra.run.smithi088.stdout:/usr/bin/ceph: stderr
2024-03-19T01:41:30.523+0000 7fc997079700 1 -- 172.21.15.88:0/941200524 >> 172.21.15.88:0/941200524 conn(0x7fc9900ff670 msgr2=0x7fc990101ac0 unknown :-1 s=STATE_NONE l=0).mark_down
2024-03-19T01:41:31.580 INFO:teuthology.orchestra.run.smithi088.stdout:/usr/bin/ceph: stderr
2024-03-19T01:41:30.524+0000 7fc997079700 1 -- 172.21.15.88:0/941200524 shutdown_connections
2024-03-19T01:41:31.580 INFO:teuthology.orchestra.run.smithi088.stdout:/usr/bin/ceph: stderr
2024-03-19T01:41:30.524+0000 7fc997079700 1 -- 172.21.15.88:0/941200524 wait complete.
2024-03-19T01:41:31.580 INFO:teuthology.orchestra.run.smithi088.stdout:/usr/bin/ceph: stderr
2024-03-19T01:41:30.524+0000 7fc997079700 1 Processor -- start
2024-03-19T01:41:31.580 INFO:teuthology.orchestra.run.smithi088.stdout:/usr/bin/ceph: stderr
2024-03-19T01:41:30.524+0000 7fc997079700 1 -- start start
2024-03-19T01:41:31.580 INFO:teuthology.orchestra.run.smithi088.stdout:/usr/bin/ceph: stderr
2024-03-19T01:41:30.524+0000 7fc997079700 1 --2- >> [v2:172.21.15.88:3300/0,v1:172.21.15.88:6789/0] conn(0x7fc990104e90 0x7fc9901997d0 unknown :-1 s=NONE pgs=0 cs=0 l=1 rev1=0 crypto rx=0 tx=0 comp rx=0 tx=0).connect
2024-03-19T01:41:31.580 INFO:teuthology.orchestra.run.smithi088.stdout:/usr/bin/ceph: stderr
2024-03-19T01:41:30.524+0000 7fc997079700 1 -- --> [v2:172.21.15.88:3300/0,v1:172.21.15.88:6789/0] -- mon_getmap magic: 0 v1 -- 0x7fc990199d10 con 0x7fc990104e90
2024-03-19T01:41:31.581 INFO:teuthology.orchestra.run.smithi088.stdout:/usr/bin/ceph: stderr
2024-03-19T01:41:30.524+0000 7fc994e15700 1 --2- >> [v2:172.21.15.88:3300/0,v1:172.21.15.88:6789/0] conn(0x7fc990104e90 0x7fc9901997d0 unknown :-1 s=BANNER_CONNECTING pgs=0 cs=0 l=1 rev1=0 crypto rx=0 tx=0 comp rx=0 tx=0)._handle_peer_banner_payload supported=3 required=0
2024-03-19T01:41:31.581 INFO:teuthology.orchestra.run.smithi088.stdout:/usr/bin/ceph: stderr
2024-03-19T01:41:30.524+0000 7fc994e15700 1 --2- >> [v2:172.21.15.88:3300/0,v1:172.21.15.88:6789/0] conn(0x7fc990104e90 0x7fc9901997d0 unknown :-1 s=HELLO_CONNECTING pgs=0 cs=0 l=1 rev1=1 crypto rx=0 tx=0 comp rx=0 tx=0).handle_hello peer v2:172.21.15.88:3300/0 says I am v2:172.21.15.88:41838/0 (socket says 172.21.15.88:41838)
2024-03-19T01:41:31.581 INFO:teuthology.orchestra.run.smithi088.stdout:/usr/bin/ceph: stderr
2024-03-19T01:41:30.524+0000 7fc994e15700 1 -- 172.21.15.88:0/1451577526 learned_addr learned my addr 172.21.15.88:0/1451577526 (peer_addr_for_me v2:172.21.15.88:0/0)
2024-03-19T01:41:31.581 INFO:teuthology.orchestra.run.smithi088.stdout:/usr/bin/ceph: stderr
2024-03-19T01:41:30.525+0000 7fc994e15700 1 -- 172.21.15.88:0/1451577526 --> [v2:172.21.15.88:3300/0,v1:172.21.15.88:6789/0] -- mon_subscribe({config=0+,monmap=0+}) v3 -- 0x7fc984009550 con 0x7fc990104e90
2024-03-19T01:41:31.581 INFO:teuthology.orchestra.run.smithi088.stdout:/usr/bin/ceph: stderr
2024-03-19T01:41:30.525+0000 7fc994e15700 1 --2- 172.21.15.88:0/1451577526 >> [v2:172.21.15.88:3300/0,v1:172.21.15.88:6789/0] conn(0x7fc990104e90 0x7fc9901997d0 secure :-1 s=READY pgs=87 cs=0 l=1 rev1=1 crypto rx=0x7fc984011670 tx=0x7fc984011aa0 comp rx=0 tx=0).ready entity=mon.0 client_cookie=0 server_cookie=0 in_seq=0 out_seq=0
2024-03-19T01:41:31.581 INFO:teuthology.orchestra.run.smithi088.stdout:/usr/bin/ceph: stderr
2024-03-19T01:41:30.525+0000 7fc98dffb700 1 -- 172.21.15.88:0/1451577526 <== mon.0 v2:172.21.15.88:3300/0 1 ==== mon_map magic: 0 v1 ==== 229+0+0 (secure 0 0 0) 0x7fc984003a40 con 0x7fc990104e90
2024-03-19T01:41:31.581 INFO:teuthology.orchestra.run.smithi088.stdout:/usr/bin/ceph: stderr
2024-03-19T01:41:30.525+0000 7fc98dffb700 1 -- 172.21.15.88:0/1451577526 <== mon.0 v2:172.21.15.88:3300/0 2 ==== config(27 keys) v1 ==== 1101+0+0 (secure 0 0 0) 0x7fc984003ba0 con 0x7fc990104e90
2024-03-19T01:41:31.581 INFO:teuthology.orchestra.run.smithi088.stdout:/usr/bin/ceph: stderr
2024-03-19T01:41:30.525+0000 7fc98dffb700 1 -- 172.21.15.88:0/1451577526 <== mon.0 v2:172.21.15.88:3300/0 3 ==== mon_map magic: 0 v1 ==== 229+0+0 (secure 0 0 0) 0x7fc9840246c0 con 0x7fc990104e90
2024-03-19T01:41:31.581 INFO:teuthology.orchestra.run.smithi088.stdout:/usr/bin/ceph: stderr
2024-03-19T01:41:30.525+0000 7fc997079700 1 -- 172.21.15.88:0/1451577526 --> [v2:172.21.15.88:3300/0,v1:172.21.15.88:6789/0] -- mon_subscribe({mgrmap=0+}) v3 -- 0x7fc990199f10 con 0x7fc990104e90
2024-03-19T01:41:31.581 INFO:teuthology.orchestra.run.smithi088.stdout:/usr/bin/ceph: stderr
2024-03-19T01:41:30.525+0000 7fc997079700 1 -- 172.21.15.88:0/1451577526 --> [v2:172.21.15.88:3300/0,v1:172.21.15.88:6789/0] -- mon_subscribe({osdmap=0}) v3 -- 0x7fc99019a3b0 con 0x7fc990104e90
2024-03-19T01:41:31.581 INFO:teuthology.orchestra.run.smithi088.stdout:/usr/bin/ceph: stderr
2024-03-19T01:41:30.526+0000 7fc98dffb700 1 -- 172.21.15.88:0/1451577526 <== mon.0 v2:172.21.15.88:3300/0 4 ==== mgrmap(e 12) v1 ==== 45097+0+0 (secure 0 0 0) 0x7fc98401ab70 con 0x7fc990104e90
2024-03-19T01:41:31.581 INFO:teuthology.orchestra.run.smithi088.stdout:/usr/bin/ceph: stderr
2024-03-19T01:41:30.526+0000 7fc997079700 1 -- 172.21.15.88:0/1451577526 --> [v2:172.21.15.88:3300/0,v1:172.21.15.88:6789/0] -- mon_command({"prefix": "get_command_descriptions"} v 0) v1 -- 0x7fc990106770 con 0x7fc990104e90
2024-03-19T01:41:31.581 INFO:teuthology.orchestra.run.smithi088.stdout:/usr/bin/ceph: stderr
2024-03-19T01:41:30.526+0000 7fc98dffb700 1 --2- 172.21.15.88:0/1451577526 >> [v2:172.21.15.88:6800/1723850772,v1:172.21.15.88:6801/1723850772] conn(0x7fc980038450 0x7fc98003a900 unknown :-1 s=NONE pgs=0 cs=0 l=1 rev1=0 crypto rx=0 tx=0 comp rx=0 tx=0).connect
2024-03-19T01:41:31.581 INFO:teuthology.orchestra.run.smithi088.stdout:/usr/bin/ceph: stderr
2024-03-19T01:41:30.526+0000 7fc98dffb700 1 -- 172.21.15.88:0/1451577526 <== mon.0 v2:172.21.15.88:3300/0 5 ==== osd_map(3..3 src has 1..3) v4 ==== 1155+0+0 (secure 0 0 0) 0x7fc98404c310 con 0x7fc990104e90
2024-03-19T01:41:31.582 INFO:teuthology.orchestra.run.smithi088.stdout:/usr/bin/ceph: stderr
2024-03-19T01:41:30.526+0000 7fc98ffff700 1 --2- 172.21.15.88:0/1451577526 >> [v2:172.21.15.88:6800/1723850772,v1:172.21.15.88:6801/1723850772] conn(0x7fc980038450 0x7fc98003a900 unknown :-1 s=BANNER_CONNECTING pgs=0 cs=0 l=1 rev1=0 crypto rx=0 tx=0 comp rx=0 tx=0)._handle_peer_banner_payload supported=3 required=0
2024-03-19T01:41:31.582 INFO:teuthology.orchestra.run.smithi088.stdout:/usr/bin/ceph: stderr
2024-03-19T01:41:30.526+0000 7fc98ffff700 1 --2- 172.21.15.88:0/1451577526 >> [v2:172.21.15.88:6800/1723850772,v1:172.21.15.88:6801/1723850772] conn(0x7fc980038450 0x7fc98003a900 secure :-1 s=READY pgs=9 cs=0 l=1 rev1=1 crypto rx=0x7fc97c006fd0 tx=0x7fc97c006e40 comp rx=0 tx=0).ready entity=mgr.14164 client_cookie=0 server_cookie=0 in_seq=0 out_seq=0
2024-03-19T01:41:31.582 INFO:teuthology.orchestra.run.smithi088.stdout:/usr/bin/ceph: stderr
2024-03-19T01:41:30.531+0000 7fc98dffb700 1 -- 172.21.15.88:0/1451577526 <== mon.0 v2:172.21.15.88:3300/0 6 ==== mon_command_ack([{"prefix": "get_command_descriptions"}]=0 v0) v1 ==== 72+0+177933 (secure 0 0 0) 0x7fc984003d10 con 0x7fc990104e90
2024-03-19T01:41:31.582 INFO:teuthology.orchestra.run.smithi088.stdout:/usr/bin/ceph: stderr
2024-03-19T01:41:30.728+0000 7fc997079700 1 -- 172.21.15.88:0/1451577526 --> [v2:172.21.15.88:3300/0,v1:172.21.15.88:6789/0] -- mon_command({"prefix": "config get", "who": "mgr", "key": "mgr/dashboard/ssl_server_port"} v 0) v1 -- 0x7fc990106990 con 0x7fc990104e90
2024-03-19T01:41:31.582 INFO:teuthology.orchestra.run.smithi088.stdout:/usr/bin/ceph: stderr
2024-03-19T01:41:30.728+0000 7fc98dffb700 1 -- 172.21.15.88:0/1451577526 <== mon.0 v2:172.21.15.88:3300/0 7 ==== mon_command_ack([{"prefix": "config get", "who": "mgr", "key": "mgr/dashboard/ssl_server_port"}]=0 v8) v1 ==== 112+0+5 (secure 0 0 0) 0x7fc98402cb00 con 0x7fc990104e90
2024-03-19T01:41:31.582 INFO:teuthology.orchestra.run.smithi088.stdout:/usr/bin/ceph: stderr
2024-03-19T01:41:30.730+0000 7fc997079700 1 -- 172.21.15.88:0/1451577526 >> [v2:172.21.15.88:6800/1723850772,v1:172.21.15.88:6801/1723850772] conn(0x7fc980038450 msgr2=0x7fc98003a900 secure :-1 s=STATE_CONNECTION_ESTABLISHED l=1).mark_down
2024-03-19T01:41:31.582 INFO:teuthology.orchestra.run.smithi088.stdout:/usr/bin/ceph: stderr
2024-03-19T01:41:30.730+0000 7fc997079700 1 --2- 172.21.15.88:0/1451577526 >> [v2:172.21.15.88:6800/1723850772,v1:172.21.15.88:6801/1723850772] conn(0x7fc980038450 0x7fc98003a900 secure :-1 s=READY pgs=9 cs=0 l=1 rev1=1 crypto rx=0x7fc97c006fd0 tx=0x7fc97c006e40 comp rx=0 tx=0).stop
2024-03-19T01:41:31.582 INFO:teuthology.orchestra.run.smithi088.stdout:/usr/bin/ceph: stderr
2024-03-19T01:41:30.730+0000 7fc997079700 1 -- 172.21.15.88:0/1451577526 >> [v2:172.21.15.88:3300/0,v1:172.21.15.88:6789/0] conn(0x7fc990104e90 msgr2=0x7fc9901997d0 secure :-1 s=STATE_CONNECTION_ESTABLISHED l=1).mark_down
2024-03-19T01:41:31.582 INFO:teuthology.orchestra.run.smithi088.stdout:/usr/bin/ceph: stderr
2024-03-19T01:41:30.730+0000 7fc997079700 1 --2- 172.21.15.88:0/1451577526 >> [v2:172.21.15.88:3300/0,v1:172.21.15.88:6789/0] conn(0x7fc990104e90 0x7fc9901997d0 secure :-1 s=READY pgs=87 cs=0 l=1 rev1=1 crypto rx=0x7fc984011670 tx=0x7fc984011aa0 comp rx=0 tx=0).stop
2024-03-19T01:41:31.582 INFO:teuthology.orchestra.run.smithi088.stdout:/usr/bin/ceph: stderr
2024-03-19T01:41:30.730+0000 7fc997079700 1 -- 172.21.15.88:0/1451577526 shutdown_connections
2024-03-19T01:41:31.582 INFO:teuthology.orchestra.run.smithi088.stdout:/usr/bin/ceph: stderr
2024-03-19T01:41:30.730+0000 7fc997079700 1 --2- 172.21.15.88:0/1451577526 >> [v2:172.21.15.88:6800/1723850772,v1:172.21.15.88:6801/1723850772] conn(0x7fc980038450 0x7fc98003a900 unknown :-1 s=CLOSED pgs=9 cs=0 l=1 rev1=1 crypto rx=0 tx=0 comp rx=0 tx=0).stop
2024-03-19T01:41:31.582 INFO:teuthology.orchestra.run.smithi088.stdout:/usr/bin/ceph: stderr
2024-03-19T01:41:30.730+0000 7fc997079700 1 --2- 172.21.15.88:0/1451577526 >> [v2:172.21.15.88:3300/0,v1:172.21.15.88:6789/0] conn(0x7fc990104e90 0x7fc9901997d0 unknown :-1 s=CLOSED pgs=87 cs=0 l=1 rev1=1 crypto rx=0 tx=0 comp rx=0 tx=0).stop
2024-03-19T01:41:31.582 INFO:teuthology.orchestra.run.smithi088.stdout:/usr/bin/ceph: stderr
2024-03-19T01:41:30.730+0000 7fc997079700 1 -- 172.21.15.88:0/1451577526 >> 172.21.15.88:0/1451577526 conn(0x7fc9900ff670 msgr2=0x7fc990104430 unknown :-1 s=STATE_NONE l=0).mark_down
2024-03-19T01:41:31.582 INFO:teuthology.orchestra.run.smithi088.stdout:/usr/bin/ceph: stderr
2024-03-19T01:41:30.730+0000 7fc997079700 1 -- 172.21.15.88:0/1451577526 shutdown_connections
2024-03-19T01:41:31.583 INFO:teuthology.orchestra.run.smithi088.stdout:/usr/bin/ceph: stderr
2024-03-19T01:41:30.730+0000 7fc997079700 1 -- 172.21.15.88:0/1451577526 wait complete.
2024-03-19T01:41:31.586 INFO:teuthology.orchestra.run.smithi088.stdout:Non-zero exit code 1 from systemctl is-enabled firewalld.service
2024-03-19T01:41:31.586 INFO:teuthology.orchestra.run.smithi088.stdout:systemctl: stdout disabled
2024-03-19T01:41:31.593 INFO:teuthology.orchestra.run.smithi088.stdout:Non-zero exit code 3 from systemctl is-active firewalld.service
2024-03-19T01:41:31.593 INFO:teuthology.orchestra.run.smithi088.stdout:systemctl: stdout inactive
2024-03-19T01:41:31.593 INFO:teuthology.orchestra.run.smithi088.stdout:firewalld.service is not enabled
2024-03-19T01:41:31.593 INFO:teuthology.orchestra.run.smithi088.stdout:Not possible to open ports <[8443]>. firewalld.service is not available
2024-03-19T01:41:31.594 INFO:teuthology.orchestra.run.smithi088.stdout:Ceph Dashboard is now available at:
2024-03-19T01:41:31.594 INFO:teuthology.orchestra.run.smithi088.stdout:
2024-03-19T01:41:31.594 INFO:teuthology.orchestra.run.smithi088.stdout: URL: https://smithi088.front.sepia.ceph.com:8443/
2024-03-19T01:41:31.594 INFO:teuthology.orchestra.run.smithi088.stdout: User: admin
2024-03-19T01:41:31.595 INFO:teuthology.orchestra.run.smithi088.stdout: Password: 3vlvjrzskd
2024-03-19T01:41:31.595 INFO:teuthology.orchestra.run.smithi088.stdout:
2024-03-19T01:41:31.595 INFO:teuthology.orchestra.run.smithi088.stdout:Saving cluster configuration to /var/lib/ceph/8daae0ca-e591-11ee-95c9-87774f69a715/config directory
2024-03-19T01:41:31.595 INFO:teuthology.orchestra.run.smithi088.stdout:Enabling autotune for osd_memory_target
2024-03-19T01:41:32.743 INFO:teuthology.orchestra.run.smithi088.stdout:/usr/bin/ceph: stderr
2024-03-19T01:41:31.993+0000 7f453b241700 1 Processor -- start
2024-03-19T01:41:32.743 INFO:teuthology.orchestra.run.smithi088.stdout:/usr/bin/ceph: stderr
2024-03-19T01:41:31.993+0000 7f453b241700 1 -- start start
2024-03-19T01:41:32.743 INFO:teuthology.orchestra.run.smithi088.stdout:/usr/bin/ceph: stderr
2024-03-19T01:41:31.993+0000 7f453b241700 1 --2- >> [v2:172.21.15.88:3300/0,v1:172.21.15.88:6789/0] conn(0x7f45341059b0 0x7f4534105dc0 unknown :-1 s=NONE pgs=0 cs=0 l=0 rev1=0 crypto rx=0 tx=0 comp rx=0 tx=0).connect
2024-03-19T01:41:32.743 INFO:teuthology.orchestra.run.smithi088.stdout:/usr/bin/ceph: stderr
2024-03-19T01:41:31.993+0000 7f453b241700 1 -- --> [v2:172.21.15.88:3300/0,v1:172.21.15.88:6789/0] -- mon_getmap magic: 0 v1 -- 0x7f4534106300 con 0x7f45341059b0
2024-03-19T01:41:32.743 INFO:teuthology.orchestra.run.smithi088.stdout:/usr/bin/ceph: stderr
2024-03-19T01:41:31.994+0000 7f4538fdd700 1 --2- >> [v2:172.21.15.88:3300/0,v1:172.21.15.88:6789/0] conn(0x7f45341059b0 0x7f4534105dc0 unknown :-1 s=BANNER_CONNECTING pgs=0 cs=0 l=0 rev1=0 crypto rx=0 tx=0 comp rx=0 tx=0)._handle_peer_banner_payload supported=3 required=0
2024-03-19T01:41:32.744 INFO:teuthology.orchestra.run.smithi088.stdout:/usr/bin/ceph: stderr
2024-03-19T01:41:31.994+0000 7f4538fdd700 1 --2- >> [v2:172.21.15.88:3300/0,v1:172.21.15.88:6789/0] conn(0x7f45341059b0 0x7f4534105dc0 unknown :-1 s=HELLO_CONNECTING pgs=0 cs=0 l=0 rev1=1 crypto rx=0 tx=0 comp rx=0 tx=0).handle_hello peer v2:172.21.15.88:3300/0 says I am v2:172.21.15.88:41840/0 (socket says 172.21.15.88:41840)
2024-03-19T01:41:32.744 INFO:teuthology.orchestra.run.smithi088.stdout:/usr/bin/ceph: stderr
2024-03-19T01:41:31.994+0000 7f4538fdd700 1 -- 172.21.15.88:0/211477351 learned_addr learned my addr 172.21.15.88:0/211477351 (peer_addr_for_me v2:172.21.15.88:0/0)
2024-03-19T01:41:32.744 INFO:teuthology.orchestra.run.smithi088.stdout:/usr/bin/ceph: stderr
2024-03-19T01:41:31.994+0000 7f4538fdd700 1 -- 172.21.15.88:0/211477351 --> [v2:172.21.15.88:3300/0,v1:172.21.15.88:6789/0] -- mon_subscribe({config=0+,monmap=0+}) v3 -- 0x7f4534106440 con 0x7f45341059b0
2024-03-19T01:41:32.744 INFO:teuthology.orchestra.run.smithi088.stdout:/usr/bin/ceph: stderr
2024-03-19T01:41:31.994+0000 7f4538fdd700 1 --2- 172.21.15.88:0/211477351 >> [v2:172.21.15.88:3300/0,v1:172.21.15.88:6789/0] conn(0x7f45341059b0 0x7f4534105dc0 secure :-1 s=READY pgs=88 cs=0 l=1 rev1=1 crypto rx=0x7f45280098a0 tx=0x7f4528009bb0 comp rx=0 tx=0).ready entity=mon.0 client_cookie=c86455afc4dcf145 server_cookie=0 in_seq=0 out_seq=0
2024-03-19T01:41:32.744 INFO:teuthology.orchestra.run.smithi088.stdout:/usr/bin/ceph: stderr
2024-03-19T01:41:31.994+0000 7f45337fe700 1 -- 172.21.15.88:0/211477351 <== mon.0 v2:172.21.15.88:3300/0 1 ==== mon_map magic: 0 v1 ==== 229+0+0 (secure 0 0 0) 0x7f4528004180 con 0x7f45341059b0
2024-03-19T01:41:32.744 INFO:teuthology.orchestra.run.smithi088.stdout:/usr/bin/ceph: stderr
2024-03-19T01:41:31.994+0000 7f45337fe700 1 -- 172.21.15.88:0/211477351 <== mon.0 v2:172.21.15.88:3300/0 2 ==== config(27 keys) v1 ==== 1101+0+0 (secure 0 0 0) 0x7f45280042e0 con 0x7f45341059b0
2024-03-19T01:41:32.744 INFO:teuthology.orchestra.run.smithi088.stdout:/usr/bin/ceph: stderr
2024-03-19T01:41:31.994+0000 7f45337fe700 1 -- 172.21.15.88:0/211477351 <== mon.0 v2:172.21.15.88:3300/0 3 ==== mon_map magic: 0 v1 ==== 229+0+0 (secure 0 0 0) 0x7f4528011af0 con 0x7f45341059b0
2024-03-19T01:41:32.744 INFO:teuthology.orchestra.run.smithi088.stdout:/usr/bin/ceph: stderr
2024-03-19T01:41:31.995+0000 7f453b241700 1 -- 172.21.15.88:0/211477351 >> [v2:172.21.15.88:3300/0,v1:172.21.15.88:6789/0] conn(0x7f45341059b0 msgr2=0x7f4534105dc0 secure :-1 s=STATE_CONNECTION_ESTABLISHED l=1).mark_down
2024-03-19T01:41:32.744 INFO:teuthology.orchestra.run.smithi088.stdout:/usr/bin/ceph: stderr
2024-03-19T01:41:31.995+0000 7f453b241700 1 --2- 172.21.15.88:0/211477351 >> [v2:172.21.15.88:3300/0,v1:172.21.15.88:6789/0] conn(0x7f45341059b0 0x7f4534105dc0 secure :-1 s=READY pgs=88 cs=0 l=1 rev1=1 crypto rx=0x7f45280098a0 tx=0x7f4528009bb0 comp rx=0 tx=0).stop
2024-03-19T01:41:32.744 INFO:teuthology.orchestra.run.smithi088.stdout:/usr/bin/ceph: stderr
2024-03-19T01:41:31.995+0000 7f453b241700 1 -- 172.21.15.88:0/211477351 shutdown_connections
2024-03-19T01:41:32.744 INFO:teuthology.orchestra.run.smithi088.stdout:/usr/bin/ceph: stderr
2024-03-19T01:41:31.995+0000 7f453b241700 1 --2- 172.21.15.88:0/211477351 >> [v2:172.21.15.88:3300/0,v1:172.21.15.88:6789/0] conn(0x7f45341059b0 0x7f4534105dc0 unknown :-1 s=CLOSED pgs=88 cs=0 l=1 rev1=1 crypto rx=0 tx=0 comp rx=0 tx=0).stop
2024-03-19T01:41:32.744 INFO:teuthology.orchestra.run.smithi088.stdout:/usr/bin/ceph: stderr
2024-03-19T01:41:31.995+0000 7f453b241700 1 -- 172.21.15.88:0/211477351 >> 172.21.15.88:0/211477351 conn(0x7f4534101020 msgr2=0x7f4534103430 unknown :-1 s=STATE_NONE l=0).mark_down
2024-03-19T01:41:32.744 INFO:teuthology.orchestra.run.smithi088.stdout:/usr/bin/ceph: stderr
2024-03-19T01:41:31.995+0000 7f453b241700 1 -- 172.21.15.88:0/211477351 shutdown_connections
2024-03-19T01:41:32.744 INFO:teuthology.orchestra.run.smithi088.stdout:/usr/bin/ceph: stderr
2024-03-19T01:41:31.995+0000 7f453b241700 1 -- 172.21.15.88:0/211477351 wait complete.
2024-03-19T01:41:32.744 INFO:teuthology.orchestra.run.smithi088.stdout:/usr/bin/ceph: stderr
2024-03-19T01:41:31.995+0000 7f453b241700 1 Processor -- start
2024-03-19T01:41:32.745 INFO:teuthology.orchestra.run.smithi088.stdout:/usr/bin/ceph: stderr
2024-03-19T01:41:31.995+0000 7f453b241700 1 -- start start
2024-03-19T01:41:32.745 INFO:teuthology.orchestra.run.smithi088.stdout:/usr/bin/ceph: stderr
2024-03-19T01:41:31.996+0000 7f453b241700 1 --2- >> [v2:172.21.15.88:3300/0,v1:172.21.15.88:6789/0] conn(0x7f45341059b0 0x7f4534199700 unknown :-1 s=NONE pgs=0 cs=0 l=1 rev1=0 crypto rx=0 tx=0 comp rx=0 tx=0).connect
2024-03-19T01:41:32.745 INFO:teuthology.orchestra.run.smithi088.stdout:/usr/bin/ceph: stderr
2024-03-19T01:41:31.996+0000 7f453b241700 1 -- --> [v2:172.21.15.88:3300/0,v1:172.21.15.88:6789/0] -- mon_getmap magic: 0 v1 -- 0x7f4534199c40 con 0x7f45341059b0
2024-03-19T01:41:32.745 INFO:teuthology.orchestra.run.smithi088.stdout:/usr/bin/ceph: stderr
2024-03-19T01:41:31.996+0000 7f4538fdd700 1 --2- >> [v2:172.21.15.88:3300/0,v1:172.21.15.88:6789/0] conn(0x7f45341059b0 0x7f4534199700 unknown :-1 s=BANNER_CONNECTING pgs=0 cs=0 l=1 rev1=0 crypto rx=0 tx=0 comp rx=0 tx=0)._handle_peer_banner_payload supported=3 required=0
2024-03-19T01:41:32.745 INFO:teuthology.orchestra.run.smithi088.stdout:/usr/bin/ceph: stderr
2024-03-19T01:41:31.996+0000 7f4538fdd700 1 --2- >> [v2:172.21.15.88:3300/0,v1:172.21.15.88:6789/0] conn(0x7f45341059b0 0x7f4534199700 unknown :-1 s=HELLO_CONNECTING pgs=0 cs=0 l=1 rev1=1 crypto rx=0 tx=0 comp rx=0 tx=0).handle_hello peer v2:172.21.15.88:3300/0 says I am v2:172.21.15.88:41850/0 (socket says 172.21.15.88:41850)
2024-03-19T01:41:32.745 INFO:teuthology.orchestra.run.smithi088.stdout:/usr/bin/ceph: stderr
2024-03-19T01:41:31.996+0000 7f4538fdd700 1 -- 172.21.15.88:0/2445681581 learned_addr learned my addr 172.21.15.88:0/2445681581 (peer_addr_for_me v2:172.21.15.88:0/0)
2024-03-19T01:41:32.745 INFO:teuthology.orchestra.run.smithi088.stdout:/usr/bin/ceph: stderr
2024-03-19T01:41:31.996+0000 7f4538fdd700 1 -- 172.21.15.88:0/2445681581 --> [v2:172.21.15.88:3300/0,v1:172.21.15.88:6789/0] -- mon_subscribe({config=0+,monmap=0+}) v3 -- 0x7f4528009550 con 0x7f45341059b0
2024-03-19T01:41:32.745 INFO:teuthology.orchestra.run.smithi088.stdout:/usr/bin/ceph: stderr
2024-03-19T01:41:31.996+0000 7f4538fdd700 1 --2- 172.21.15.88:0/2445681581 >> [v2:172.21.15.88:3300/0,v1:172.21.15.88:6789/0] conn(0x7f45341059b0 0x7f4534199700 secure :-1 s=READY pgs=89 cs=0 l=1 rev1=1 crypto rx=0x7f4528011ad0 tx=0x7f4528011bb0 comp rx=0 tx=0).ready entity=mon.0 client_cookie=0 server_cookie=0 in_seq=0 out_seq=0
2024-03-19T01:41:32.745 INFO:teuthology.orchestra.run.smithi088.stdout:/usr/bin/ceph: stderr
2024-03-19T01:41:31.996+0000 7f4531ffb700 1 -- 172.21.15.88:0/2445681581 <== mon.0 v2:172.21.15.88:3300/0 1 ==== mon_map magic: 0 v1 ==== 229+0+0 (secure 0 0 0) 0x7f4528003ab0 con 0x7f45341059b0
2024-03-19T01:41:32.745 INFO:teuthology.orchestra.run.smithi088.stdout:/usr/bin/ceph: stderr
2024-03-19T01:41:31.996+0000 7f4531ffb700 1 -- 172.21.15.88:0/2445681581 <== mon.0 v2:172.21.15.88:3300/0 2 ==== config(27 keys) v1 ==== 1101+0+0 (secure 0 0 0) 0x7f4528003c10 con 0x7f45341059b0
2024-03-19T01:41:32.745 INFO:teuthology.orchestra.run.smithi088.stdout:/usr/bin/ceph: stderr
2024-03-19T01:41:31.996+0000 7f453b241700 1 -- 172.21.15.88:0/2445681581 --> [v2:172.21.15.88:3300/0,v1:172.21.15.88:6789/0] -- mon_subscribe({mgrmap=0+}) v3 -- 0x7f4534199e40 con 0x7f45341059b0
2024-03-19T01:41:32.745 INFO:teuthology.orchestra.run.smithi088.stdout:/usr/bin/ceph: stderr
2024-03-19T01:41:31.996+0000 7f4531ffb700 1 -- 172.21.15.88:0/2445681581 <== mon.0 v2:172.21.15.88:3300/0 3 ==== mon_map magic: 0 v1 ==== 229+0+0 (secure 0 0 0) 0x7f45280198e0 con 0x7f45341059b0
2024-03-19T01:41:32.745 INFO:teuthology.orchestra.run.smithi088.stdout:/usr/bin/ceph: stderr
2024-03-19T01:41:31.996+0000 7f453b241700 1 -- 172.21.15.88:0/2445681581 --> [v2:172.21.15.88:3300/0,v1:172.21.15.88:6789/0] -- mon_subscribe({osdmap=0}) v3 -- 0x7f453419a2e0 con 0x7f45341059b0
2024-03-19T01:41:32.745 INFO:teuthology.orchestra.run.smithi088.stdout:/usr/bin/ceph: stderr
2024-03-19T01:41:31.997+0000 7f4531ffb700 1 -- 172.21.15.88:0/2445681581 <== mon.0 v2:172.21.15.88:3300/0 4 ==== mgrmap(e 12) v1 ==== 45097+0+0 (secure 0 0 0) 0x7f4528019b50 con 0x7f45341059b0
2024-03-19T01:41:32.745 INFO:teuthology.orchestra.run.smithi088.stdout:/usr/bin/ceph: stderr
2024-03-19T01:41:31.997+0000 7f453b241700 1 -- 172.21.15.88:0/2445681581 --> [v2:172.21.15.88:3300/0,v1:172.21.15.88:6789/0] -- mon_command({"prefix": "get_command_descriptions"} v 0) v1 -- 0x7f4534062380 con 0x7f45341059b0
2024-03-19T01:41:32.746 INFO:teuthology.orchestra.run.smithi088.stdout:/usr/bin/ceph: stderr
2024-03-19T01:41:31.998+0000 7f4531ffb700 1 --2- 172.21.15.88:0/2445681581 >> [v2:172.21.15.88:6800/1723850772,v1:172.21.15.88:6801/1723850772] conn(0x7f4524038490 0x7f452403a940 unknown :-1 s=NONE pgs=0 cs=0 l=1 rev1=0 crypto rx=0 tx=0 comp rx=0 tx=0).connect
2024-03-19T01:41:32.746 INFO:teuthology.orchestra.run.smithi088.stdout:/usr/bin/ceph: stderr
2024-03-19T01:41:31.998+0000 7f4531ffb700 1 -- 172.21.15.88:0/2445681581 <== mon.0 v2:172.21.15.88:3300/0 5 ==== osd_map(3..3 src has 1..3) v4 ==== 1155+0+0 (secure 0 0 0) 0x7f452804c4c0 con 0x7f45341059b0
2024-03-19T01:41:32.746 INFO:teuthology.orchestra.run.smithi088.stdout:/usr/bin/ceph: stderr
2024-03-19T01:41:31.998+0000 7f4533fff700 1 --2- 172.21.15.88:0/2445681581 >> [v2:172.21.15.88:6800/1723850772,v1:172.21.15.88:6801/1723850772] conn(0x7f4524038490 0x7f452403a940 unknown :-1 s=BANNER_CONNECTING pgs=0 cs=0 l=1 rev1=0 crypto rx=0 tx=0 comp rx=0 tx=0)._handle_peer_banner_payload supported=3 required=0
2024-03-19T01:41:32.746 INFO:teuthology.orchestra.run.smithi088.stdout:/usr/bin/ceph: stderr
2024-03-19T01:41:31.998+0000 7f4533fff700 1 --2- 172.21.15.88:0/2445681581 >> [v2:172.21.15.88:6800/1723850772,v1:172.21.15.88:6801/1723850772] conn(0x7f4524038490 0x7f452403a940 secure :-1 s=READY pgs=10 cs=0 l=1 rev1=1 crypto rx=0x7f4520006fd0 tx=0x7f4520006e40 comp rx=0 tx=0).ready entity=mgr.14164 client_cookie=0 server_cookie=0 in_seq=0 out_seq=0
2024-03-19T01:41:32.746 INFO:teuthology.orchestra.run.smithi088.stdout:/usr/bin/ceph: stderr
2024-03-19T01:41:32.002+0000 7f4531ffb700 1 -- 172.21.15.88:0/2445681581 <== mon.0 v2:172.21.15.88:3300/0 6 ==== mon_command_ack([{"prefix": "get_command_descriptions"}]=0 v0) v1 ==== 72+0+177933 (secure 0 0 0) 0x7f452802b300 con 0x7f45341059b0
2024-03-19T01:41:32.746 INFO:teuthology.orchestra.run.smithi088.stdout:/usr/bin/ceph: stderr
2024-03-19T01:41:32.193+0000 7f453b241700 1 -- 172.21.15.88:0/2445681581 --> [v2:172.21.15.88:3300/0,v1:172.21.15.88:6789/0] -- mon_command([{prefix=config set, name=osd_memory_target_autotune}] v 0) v1 -- 0x7f453419d1e0 con 0x7f45341059b0
2024-03-19T01:41:32.746 INFO:teuthology.orchestra.run.smithi088.stdout:/usr/bin/ceph: stderr
2024-03-19T01:41:32.194+0000 7f4531ffb700 1 -- 172.21.15.88:0/2445681581 <== mon.0 v2:172.21.15.88:3300/0 7 ==== mon_command_ack([{prefix=config set, name=osd_memory_target_autotune}]=0 v8)=0 v8) v1 ==== 127+0+0 (secure 0 0 0) 0x7f4528010b70 con 0x7f45341059b0
2024-03-19T01:41:32.746 INFO:teuthology.orchestra.run.smithi088.stdout:/usr/bin/ceph: stderr
2024-03-19T01:41:32.197+0000 7f453b241700 1 -- 172.21.15.88:0/2445681581 >> [v2:172.21.15.88:6800/1723850772,v1:172.21.15.88:6801/1723850772] conn(0x7f4524038490 msgr2=0x7f452403a940 secure :-1 s=STATE_CONNECTION_ESTABLISHED l=1).mark_down
2024-03-19T01:41:32.746 INFO:teuthology.orchestra.run.smithi088.stdout:/usr/bin/ceph: stderr
2024-03-19T01:41:32.197+0000 7f453b241700 1 --2- 172.21.15.88:0/2445681581 >> [v2:172.21.15.88:6800/1723850772,v1:172.21.15.88:6801/1723850772] conn(0x7f4524038490 0x7f452403a940 secure :-1 s=READY pgs=10 cs=0 l=1 rev1=1 crypto rx=0x7f4520006fd0 tx=0x7f4520006e40 comp rx=0 tx=0).stop
2024-03-19T01:41:32.746 INFO:teuthology.orchestra.run.smithi088.stdout:/usr/bin/ceph: stderr
2024-03-19T01:41:32.197+0000 7f453b241700 1 -- 172.21.15.88:0/2445681581 >> [v2:172.21.15.88:3300/0,v1:172.21.15.88:6789/0] conn(0x7f45341059b0 msgr2=0x7f4534199700 secure :-1 s=STATE_CONNECTION_ESTABLISHED l=1).mark_down
2024-03-19T01:41:32.746 INFO:teuthology.orchestra.run.smithi088.stdout:/usr/bin/ceph: stderr
2024-03-19T01:41:32.197+0000 7f453b241700 1 --2- 172.21.15.88:0/2445681581 >> [v2:172.21.15.88:3300/0,v1:172.21.15.88:6789/0] conn(0x7f45341059b0 0x7f4534199700 secure :-1 s=READY pgs=89 cs=0 l=1 rev1=1 crypto rx=0x7f4528011ad0 tx=0x7f4528011bb0 comp rx=0 tx=0).stop
2024-03-19T01:41:32.747 INFO:teuthology.orchestra.run.smithi088.stdout:/usr/bin/ceph: stderr
2024-03-19T01:41:32.197+0000 7f453b241700 1 -- 172.21.15.88:0/2445681581 shutdown_connections
2024-03-19T01:41:32.747 INFO:teuthology.orchestra.run.smithi088.stdout:/usr/bin/ceph: stderr
2024-03-19T01:41:32.197+0000 7f453b241700 1 --2- 172.21.15.88:0/2445681581 >> [v2:172.21.15.88:6800/1723850772,v1:172.21.15.88:6801/1723850772] conn(0x7f4524038490 0x7f452403a940 unknown :-1 s=CLOSED pgs=10 cs=0 l=1 rev1=1 crypto rx=0 tx=0 comp rx=0 tx=0).stop
2024-03-19T01:41:32.747 INFO:teuthology.orchestra.run.smithi088.stdout:/usr/bin/ceph: stderr
2024-03-19T01:41:32.197+0000 7f453b241700 1 --2- 172.21.15.88:0/2445681581 >> [v2:172.21.15.88:3300/0,v1:172.21.15.88:6789/0] conn(0x7f45341059b0 0x7f4534199700 unknown :-1 s=CLOSED pgs=89 cs=0 l=1 rev1=1 crypto rx=0 tx=0 comp rx=0 tx=0).stop
2024-03-19T01:41:32.747 INFO:teuthology.orchestra.run.smithi088.stdout:/usr/bin/ceph: stderr
2024-03-19T01:41:32.197+0000 7f453b241700 1 -- 172.21.15.88:0/2445681581 >> 172.21.15.88:0/2445681581 conn(0x7f4534101020 msgr2=0x7f4534101da0 unknown :-1 s=STATE_NONE l=0).mark_down
2024-03-19T01:41:32.747 INFO:teuthology.orchestra.run.smithi088.stdout:/usr/bin/ceph: stderr
2024-03-19T01:41:32.197+0000 7f453b241700 1 -- 172.21.15.88:0/2445681581 shutdown_connections
2024-03-19T01:41:32.747 INFO:teuthology.orchestra.run.smithi088.stdout:/usr/bin/ceph: stderr
2024-03-19T01:41:32.197+0000 7f453b241700 1 -- 172.21.15.88:0/2445681581 wait complete.
2024-03-19T01:41:33.627 INFO:journalctl@ceph.mon.smithi088.smithi088.stdout:Mar 19 01:41:33 smithi088 ceph-mon[29308]: mgrmap e13: smithi088.sthccc(active, since 7s)
2024-03-19T01:41:33.975 INFO:teuthology.orchestra.run.smithi088.stdout:/usr/bin/ceph: stderr
2024-03-19T01:41:33.133+0000 7fc885562700 1 Processor -- start
2024-03-19T01:41:33.975 INFO:teuthology.orchestra.run.smithi088.stdout:/usr/bin/ceph: stderr
2024-03-19T01:41:33.133+0000 7fc885562700 1 -- start start
2024-03-19T01:41:33.975 INFO:teuthology.orchestra.run.smithi088.stdout:/usr/bin/ceph: stderr
2024-03-19T01:41:33.133+0000 7fc885562700 1 --2- >> [v2:172.21.15.88:3300/0,v1:172.21.15.88:6789/0] conn(0x7fc8801048e0 0x7fc880104cf0 unknown :-1 s=NONE pgs=0 cs=0 l=0 rev1=0 crypto rx=0 tx=0 comp rx=0 tx=0).connect
2024-03-19T01:41:33.975 INFO:teuthology.orchestra.run.smithi088.stdout:/usr/bin/ceph: stderr
2024-03-19T01:41:33.133+0000 7fc885562700 1 -- --> [v2:172.21.15.88:3300/0,v1:172.21.15.88:6789/0] -- mon_getmap magic: 0 v1 -- 0x7fc880105230 con 0x7fc8801048e0
2024-03-19T01:41:33.975 INFO:teuthology.orchestra.run.smithi088.stdout:/usr/bin/ceph: stderr
2024-03-19T01:41:33.133+0000 7fc87effd700 1 --2- >> [v2:172.21.15.88:3300/0,v1:172.21.15.88:6789/0] conn(0x7fc8801048e0 0x7fc880104cf0 unknown :-1 s=BANNER_CONNECTING pgs=0 cs=0 l=0 rev1=0 crypto rx=0 tx=0 comp rx=0 tx=0)._handle_peer_banner_payload supported=3 required=0
2024-03-19T01:41:33.975 INFO:teuthology.orchestra.run.smithi088.stdout:/usr/bin/ceph: stderr
2024-03-19T01:41:33.133+0000 7fc87effd700 1 --2- >> [v2:172.21.15.88:3300/0,v1:172.21.15.88:6789/0] conn(0x7fc8801048e0 0x7fc880104cf0 unknown :-1 s=HELLO_CONNECTING pgs=0 cs=0 l=0 rev1=1 crypto rx=0 tx=0 comp rx=0 tx=0).handle_hello peer v2:172.21.15.88:3300/0 says I am v2:172.21.15.88:41858/0 (socket says 172.21.15.88:41858)
2024-03-19T01:41:33.976 INFO:teuthology.orchestra.run.smithi088.stdout:/usr/bin/ceph: stderr
2024-03-19T01:41:33.133+0000 7fc87effd700 1 -- 172.21.15.88:0/1291360483 learned_addr learned my addr 172.21.15.88:0/1291360483 (peer_addr_for_me v2:172.21.15.88:0/0)
2024-03-19T01:41:33.976 INFO:teuthology.orchestra.run.smithi088.stdout:/usr/bin/ceph: stderr
2024-03-19T01:41:33.133+0000 7fc87effd700 1 -- 172.21.15.88:0/1291360483 --> [v2:172.21.15.88:3300/0,v1:172.21.15.88:6789/0] -- mon_subscribe({config=0+,monmap=0+}) v3 -- 0x7fc880105370 con 0x7fc8801048e0
2024-03-19T01:41:33.976 INFO:teuthology.orchestra.run.smithi088.stdout:/usr/bin/ceph: stderr
2024-03-19T01:41:33.133+0000 7fc87effd700 1 --2- 172.21.15.88:0/1291360483 >> [v2:172.21.15.88:3300/0,v1:172.21.15.88:6789/0] conn(0x7fc8801048e0 0x7fc880104cf0 secure :-1 s=READY pgs=90 cs=0 l=1 rev1=1 crypto rx=0x7fc8740098a0 tx=0x7fc874009bb0 comp rx=0 tx=0).ready entity=mon.0 client_cookie=8d30ee905a3b43a4 server_cookie=0 in_seq=0 out_seq=0
2024-03-19T01:41:33.976 INFO:teuthology.orchestra.run.smithi088.stdout:/usr/bin/ceph: stderr
2024-03-19T01:41:33.134+0000 7fc87dffb700 1 -- 172.21.15.88:0/1291360483 <== mon.0 v2:172.21.15.88:3300/0 1 ==== mon_map magic: 0 v1 ==== 229+0+0 (secure 0 0 0) 0x7fc874004180 con 0x7fc8801048e0
2024-03-19T01:41:33.976 INFO:teuthology.orchestra.run.smithi088.stdout:/usr/bin/ceph: stderr
2024-03-19T01:41:33.134+0000 7fc87dffb700 1 -- 172.21.15.88:0/1291360483 <== mon.0 v2:172.21.15.88:3300/0 2 ==== config(27 keys) v1 ==== 1101+0+0 (secure 0 0 0) 0x7fc8740042e0 con 0x7fc8801048e0
2024-03-19T01:41:33.976 INFO:teuthology.orchestra.run.smithi088.stdout:/usr/bin/ceph: stderr
2024-03-19T01:41:33.134+0000 7fc87dffb700 1 -- 172.21.15.88:0/1291360483 <== mon.0 v2:172.21.15.88:3300/0 3 ==== mon_map magic: 0 v1 ==== 229+0+0 (secure 0 0 0) 0x7fc874011af0 con 0x7fc8801048e0
2024-03-19T01:41:33.976 INFO:teuthology.orchestra.run.smithi088.stdout:/usr/bin/ceph: stderr
2024-03-19T01:41:33.134+0000 7fc885562700 1 -- 172.21.15.88:0/1291360483 >> [v2:172.21.15.88:3300/0,v1:172.21.15.88:6789/0] conn(0x7fc8801048e0 msgr2=0x7fc880104cf0 secure :-1 s=STATE_CONNECTION_ESTABLISHED l=1).mark_down
2024-03-19T01:41:33.976 INFO:teuthology.orchestra.run.smithi088.stdout:/usr/bin/ceph: stderr
2024-03-19T01:41:33.134+0000 7fc885562700 1 --2- 172.21.15.88:0/1291360483 >> [v2:172.21.15.88:3300/0,v1:172.21.15.88:6789/0] conn(0x7fc8801048e0 0x7fc880104cf0 secure :-1 s=READY pgs=90 cs=0 l=1 rev1=1 crypto rx=0x7fc8740098a0 tx=0x7fc874009bb0 comp rx=0 tx=0).stop
2024-03-19T01:41:33.976 INFO:teuthology.orchestra.run.smithi088.stdout:/usr/bin/ceph: stderr
2024-03-19T01:41:33.134+0000 7fc885562700 1 -- 172.21.15.88:0/1291360483 shutdown_connections
2024-03-19T01:41:33.976 INFO:teuthology.orchestra.run.smithi088.stdout:/usr/bin/ceph: stderr
2024-03-19T01:41:33.134+0000 7fc885562700 1 --2- 172.21.15.88:0/1291360483 >> [v2:172.21.15.88:3300/0,v1:172.21.15.88:6789/0] conn(0x7fc8801048e0 0x7fc880104cf0 unknown :-1 s=CLOSED pgs=90 cs=0 l=1 rev1=1 crypto rx=0 tx=0 comp rx=0 tx=0).stop
2024-03-19T01:41:33.976 INFO:teuthology.orchestra.run.smithi088.stdout:/usr/bin/ceph: stderr
2024-03-19T01:41:33.134+0000 7fc885562700 1 -- 172.21.15.88:0/1291360483 >> 172.21.15.88:0/1291360483 conn(0x7fc8800fff10 msgr2=0x7fc880102360 unknown :-1 s=STATE_NONE l=0).mark_down
2024-03-19T01:41:33.976 INFO:teuthology.orchestra.run.smithi088.stdout:/usr/bin/ceph: stderr
2024-03-19T01:41:33.134+0000 7fc885562700 1 -- 172.21.15.88:0/1291360483 shutdown_connections
2024-03-19T01:41:33.976 INFO:teuthology.orchestra.run.smithi088.stdout:/usr/bin/ceph: stderr
2024-03-19T01:41:33.134+0000 7fc885562700 1 -- 172.21.15.88:0/1291360483 wait complete.
2024-03-19T01:41:33.976 INFO:teuthology.orchestra.run.smithi088.stdout:/usr/bin/ceph: stderr
2024-03-19T01:41:33.135+0000 7fc885562700 1 Processor -- start
2024-03-19T01:41:33.976 INFO:teuthology.orchestra.run.smithi088.stdout:/usr/bin/ceph: stderr
2024-03-19T01:41:33.135+0000 7fc885562700 1 -- start start
2024-03-19T01:41:33.977 INFO:teuthology.orchestra.run.smithi088.stdout:/usr/bin/ceph: stderr
2024-03-19T01:41:33.135+0000 7fc885562700 1 --2- >> [v2:172.21.15.88:3300/0,v1:172.21.15.88:6789/0] conn(0x7fc8801048e0 0x7fc880198660 unknown :-1 s=NONE pgs=0 cs=0 l=1 rev1=0 crypto rx=0 tx=0 comp rx=0 tx=0).connect
2024-03-19T01:41:33.977 INFO:teuthology.orchestra.run.smithi088.stdout:/usr/bin/ceph: stderr
2024-03-19T01:41:33.135+0000 7fc885562700 1 -- --> [v2:172.21.15.88:3300/0,v1:172.21.15.88:6789/0] -- mon_getmap magic: 0 v1 -- 0x7fc880198ba0 con 0x7fc8801048e0
2024-03-19T01:41:33.977 INFO:teuthology.orchestra.run.smithi088.stdout:/usr/bin/ceph: stderr
2024-03-19T01:41:33.135+0000 7fc87effd700 1 --2- >> [v2:172.21.15.88:3300/0,v1:172.21.15.88:6789/0] conn(0x7fc8801048e0 0x7fc880198660 unknown :-1 s=BANNER_CONNECTING pgs=0 cs=0 l=1 rev1=0 crypto rx=0 tx=0 comp rx=0 tx=0)._handle_peer_banner_payload supported=3 required=0
2024-03-19T01:41:33.977 INFO:teuthology.orchestra.run.smithi088.stdout:/usr/bin/ceph: stderr
2024-03-19T01:41:33.135+0000 7fc87effd700 1 --2- >> [v2:172.21.15.88:3300/0,v1:172.21.15.88:6789/0] conn(0x7fc8801048e0 0x7fc880198660 unknown :-1 s=HELLO_CONNECTING pgs=0 cs=0 l=1 rev1=1 crypto rx=0 tx=0 comp rx=0 tx=0).handle_hello peer v2:172.21.15.88:3300/0 says I am v2:172.21.15.88:41860/0 (socket says 172.21.15.88:41860)
2024-03-19T01:41:33.977 INFO:teuthology.orchestra.run.smithi088.stdout:/usr/bin/ceph: stderr
2024-03-19T01:41:33.135+0000 7fc87effd700 1 -- 172.21.15.88:0/9190252 learned_addr learned my addr 172.21.15.88:0/9190252 (peer_addr_for_me v2:172.21.15.88:0/0)
2024-03-19T01:41:33.977 INFO:teuthology.orchestra.run.smithi088.stdout:/usr/bin/ceph: stderr
2024-03-19T01:41:33.135+0000 7fc87effd700 1 -- 172.21.15.88:0/9190252 --> [v2:172.21.15.88:3300/0,v1:172.21.15.88:6789/0] -- mon_subscribe({config=0+,monmap=0+}) v3 -- 0x7fc874009550 con 0x7fc8801048e0
2024-03-19T01:41:33.977 INFO:teuthology.orchestra.run.smithi088.stdout:/usr/bin/ceph: stderr
2024-03-19T01:41:33.136+0000 7fc87effd700 1 --2- 172.21.15.88:0/9190252 >> [v2:172.21.15.88:3300/0,v1:172.21.15.88:6789/0] conn(0x7fc8801048e0 0x7fc880198660 secure :-1 s=READY pgs=91 cs=0 l=1 rev1=1 crypto rx=0x7fc874011670 tx=0x7fc874011aa0 comp rx=0 tx=0).ready entity=mon.0 client_cookie=0 server_cookie=0 in_seq=0 out_seq=0
2024-03-19T01:41:33.977 INFO:teuthology.orchestra.run.smithi088.stdout:/usr/bin/ceph: stderr
2024-03-19T01:41:33.136+0000 7fc867fff700 1 -- 172.21.15.88:0/9190252 <== mon.0 v2:172.21.15.88:3300/0 1 ==== mon_map magic: 0 v1 ==== 229+0+0 (secure 0 0 0) 0x7fc874003a40 con 0x7fc8801048e0
