2024-03-19T02:00:37.053+0000 7f7307155700 1 --2- 172.21.15.69:0/2297109032 >> [v2:172.21.15.69:6800/2827655727,v1:172.21.15.69:6801/2827655727] conn(0x7f72f0036790 0x7f72f0038c40 unknown :-1 s=CLOSED pgs=19 cs=0 l=1 rev1=1 crypto rx=0 tx=0 comp rx=0 tx=0).stop
2024-03-19T02:00:37.620 INFO:teuthology.orchestra.run.smithi069.stdout:/usr/bin/ceph: stderr
2024-03-19T02:00:37.053+0000 7f7307155700 1 --2- 172.21.15.69:0/2297109032 >> [v2:172.21.15.69:3300/0,v1:172.21.15.69:6789/0] conn(0x7f7300102720 0x7f73001115b0 unknown :-1 s=CLOSED pgs=60 cs=0 l=1 rev1=1 crypto rx=0 tx=0 comp rx=0 tx=0).stop
2024-03-19T02:00:37.620 INFO:teuthology.orchestra.run.smithi069.stdout:/usr/bin/ceph: stderr
2024-03-19T02:00:37.053+0000 7f7307155700 1 -- 172.21.15.69:0/2297109032 >> 172.21.15.69:0/2297109032 conn(0x7f73000fdea0 msgr2=0x7f73000feab0 unknown :-1 s=STATE_NONE l=0).mark_down
2024-03-19T02:00:37.620 INFO:teuthology.orchestra.run.smithi069.stdout:/usr/bin/ceph: stderr
2024-03-19T02:00:37.053+0000 7f7307155700 1 -- 172.21.15.69:0/2297109032 shutdown_connections
2024-03-19T02:00:37.620 INFO:teuthology.orchestra.run.smithi069.stdout:/usr/bin/ceph: stderr
2024-03-19T02:00:37.053+0000 7f7307155700 1 -- 172.21.15.69:0/2297109032 wait complete.
2024-03-19T02:00:37.879 INFO:journalctl@ceph.mon.smithi069.smithi069.stdout:Mar 19 02:00:37 smithi069 ceph-mon[29207]: pgmap v3: 0 pgs: ; 0 B data, 0 B used, 0 B / 0 B avail
2024-03-19T02:00:37.879 INFO:journalctl@ceph.mon.smithi069.smithi069.stdout:Mar 19 02:00:37 smithi069 ceph-mon[29207]: from='client.? 172.21.15.69:0/2297109032' entity='client.admin'
2024-03-19T02:00:38.931 INFO:teuthology.orchestra.run.smithi069.stdout:/usr/bin/ceph: stderr
2024-03-19T02:00:38.093+0000 7f675d283700 1 Processor -- start
2024-03-19T02:00:38.932 INFO:teuthology.orchestra.run.smithi069.stdout:/usr/bin/ceph: stderr
2024-03-19T02:00:38.093+0000 7f675d283700 1 -- start start
2024-03-19T02:00:38.932 INFO:teuthology.orchestra.run.smithi069.stdout:/usr/bin/ceph: stderr
2024-03-19T02:00:38.093+0000 7f675d283700 1 --2- >> [v2:172.21.15.69:3300/0,v1:172.21.15.69:6789/0] conn(0x7f6758103d00 0x7f6758104110 unknown :-1 s=NONE pgs=0 cs=0 l=0 rev1=0 crypto rx=0 tx=0 comp rx=0 tx=0).connect
2024-03-19T02:00:38.932 INFO:teuthology.orchestra.run.smithi069.stdout:/usr/bin/ceph: stderr
2024-03-19T02:00:38.093+0000 7f675d283700 1 -- --> [v2:172.21.15.69:3300/0,v1:172.21.15.69:6789/0] -- mon_getmap magic: 0 v1 -- 0x7f6758104650 con 0x7f6758103d00
2024-03-19T02:00:38.932 INFO:teuthology.orchestra.run.smithi069.stdout:/usr/bin/ceph: stderr
2024-03-19T02:00:38.094+0000 7f6756ffd700 1 --2- >> [v2:172.21.15.69:3300/0,v1:172.21.15.69:6789/0] conn(0x7f6758103d00 0x7f6758104110 unknown :-1 s=BANNER_CONNECTING pgs=0 cs=0 l=0 rev1=0 crypto rx=0 tx=0 comp rx=0 tx=0)._handle_peer_banner_payload supported=3 required=0
2024-03-19T02:00:38.932 INFO:teuthology.orchestra.run.smithi069.stdout:/usr/bin/ceph: stderr
2024-03-19T02:00:38.094+0000 7f6756ffd700 1 --2- >> [v2:172.21.15.69:3300/0,v1:172.21.15.69:6789/0] conn(0x7f6758103d00 0x7f6758104110 unknown :-1 s=HELLO_CONNECTING pgs=0 cs=0 l=0 rev1=1 crypto rx=0 tx=0 comp rx=0 tx=0).handle_hello peer v2:172.21.15.69:3300/0 says I am v2:172.21.15.69:46314/0 (socket says 172.21.15.69:46314)
2024-03-19T02:00:38.932 INFO:teuthology.orchestra.run.smithi069.stdout:/usr/bin/ceph: stderr
2024-03-19T02:00:38.094+0000 7f6756ffd700 1 -- 172.21.15.69:0/14312516 learned_addr learned my addr 172.21.15.69:0/14312516 (peer_addr_for_me v2:172.21.15.69:0/0)
2024-03-19T02:00:38.932 INFO:teuthology.orchestra.run.smithi069.stdout:/usr/bin/ceph: stderr
2024-03-19T02:00:38.094+0000 7f6756ffd700 1 -- 172.21.15.69:0/14312516 --> [v2:172.21.15.69:3300/0,v1:172.21.15.69:6789/0] -- mon_subscribe({config=0+,monmap=0+}) v3 -- 0x7f6758104790 con 0x7f6758103d00
2024-03-19T02:00:38.932 INFO:teuthology.orchestra.run.smithi069.stdout:/usr/bin/ceph: stderr
2024-03-19T02:00:38.094+0000 7f6756ffd700 1 --2- 172.21.15.69:0/14312516 >> [v2:172.21.15.69:3300/0,v1:172.21.15.69:6789/0] conn(0x7f6758103d00 0x7f6758104110 secure :-1 s=READY pgs=61 cs=0 l=1 rev1=1 crypto rx=0x7f67400098e0 tx=0x7f6740009250 comp rx=0 tx=0).ready entity=mon.0 client_cookie=13c19661c5ecc67 server_cookie=0 in_seq=0 out_seq=0
2024-03-19T02:00:38.932 INFO:teuthology.orchestra.run.smithi069.stdout:/usr/bin/ceph: stderr
2024-03-19T02:00:38.094+0000 7f6755ffb700 1 -- 172.21.15.69:0/14312516 <== mon.0 v2:172.21.15.69:3300/0 1 ==== mon_map magic: 0 v1 ==== 229+0+0 (secure 0 0 0) 0x7f674000b860 con 0x7f6758103d00
2024-03-19T02:00:38.932 INFO:teuthology.orchestra.run.smithi069.stdout:/usr/bin/ceph: stderr
2024-03-19T02:00:38.094+0000 7f6755ffb700 1 -- 172.21.15.69:0/14312516 <== mon.0 v2:172.21.15.69:3300/0 2 ==== config(27 keys) v1 ==== 1109+0+0 (secure 0 0 0) 0x7f674000be90 con 0x7f6758103d00
2024-03-19T02:00:38.932 INFO:teuthology.orchestra.run.smithi069.stdout:/usr/bin/ceph: stderr
2024-03-19T02:00:38.094+0000 7f6755ffb700 1 -- 172.21.15.69:0/14312516 <== mon.0 v2:172.21.15.69:3300/0 3 ==== mon_map magic: 0 v1 ==== 229+0+0 (secure 0 0 0) 0x7f67400103c0 con 0x7f6758103d00
2024-03-19T02:00:38.932 INFO:teuthology.orchestra.run.smithi069.stdout:/usr/bin/ceph: stderr
2024-03-19T02:00:38.095+0000 7f675d283700 1 -- 172.21.15.69:0/14312516 >> [v2:172.21.15.69:3300/0,v1:172.21.15.69:6789/0] conn(0x7f6758103d00 msgr2=0x7f6758104110 secure :-1 s=STATE_CONNECTION_ESTABLISHED l=1).mark_down
2024-03-19T02:00:38.933 INFO:teuthology.orchestra.run.smithi069.stdout:/usr/bin/ceph: stderr
2024-03-19T02:00:38.095+0000 7f675d283700 1 --2- 172.21.15.69:0/14312516 >> [v2:172.21.15.69:3300/0,v1:172.21.15.69:6789/0] conn(0x7f6758103d00 0x7f6758104110 secure :-1 s=READY pgs=61 cs=0 l=1 rev1=1 crypto rx=0x7f67400098e0 tx=0x7f6740009250 comp rx=0 tx=0).stop
2024-03-19T02:00:38.933 INFO:teuthology.orchestra.run.smithi069.stdout:/usr/bin/ceph: stderr
2024-03-19T02:00:38.095+0000 7f675d283700 1 -- 172.21.15.69:0/14312516 shutdown_connections
2024-03-19T02:00:38.933 INFO:teuthology.orchestra.run.smithi069.stdout:/usr/bin/ceph: stderr
2024-03-19T02:00:38.095+0000 7f675d283700 1 --2- 172.21.15.69:0/14312516 >> [v2:172.21.15.69:3300/0,v1:172.21.15.69:6789/0] conn(0x7f6758103d00 0x7f6758104110 unknown :-1 s=CLOSED pgs=61 cs=0 l=1 rev1=1 crypto rx=0 tx=0 comp rx=0 tx=0).stop
2024-03-19T02:00:38.933 INFO:teuthology.orchestra.run.smithi069.stdout:/usr/bin/ceph: stderr
2024-03-19T02:00:38.095+0000 7f675d283700 1 -- 172.21.15.69:0/14312516 >> 172.21.15.69:0/14312516 conn(0x7f67580fc500 msgr2=0x7f67580fe910 unknown :-1 s=STATE_NONE l=0).mark_down
2024-03-19T02:00:38.933 INFO:teuthology.orchestra.run.smithi069.stdout:/usr/bin/ceph: stderr
2024-03-19T02:00:38.095+0000 7f675d283700 1 -- 172.21.15.69:0/14312516 shutdown_connections
2024-03-19T02:00:38.933 INFO:teuthology.orchestra.run.smithi069.stdout:/usr/bin/ceph: stderr
2024-03-19T02:00:38.095+0000 7f675d283700 1 -- 172.21.15.69:0/14312516 wait complete.
2024-03-19T02:00:38.933 INFO:teuthology.orchestra.run.smithi069.stdout:/usr/bin/ceph: stderr
2024-03-19T02:00:38.096+0000 7f675d283700 1 Processor -- start
2024-03-19T02:00:38.933 INFO:teuthology.orchestra.run.smithi069.stdout:/usr/bin/ceph: stderr
2024-03-19T02:00:38.096+0000 7f675d283700 1 -- start start
2024-03-19T02:00:38.933 INFO:teuthology.orchestra.run.smithi069.stdout:/usr/bin/ceph: stderr
2024-03-19T02:00:38.096+0000 7f675d283700 1 --2- >> [v2:172.21.15.69:3300/0,v1:172.21.15.69:6789/0] conn(0x7f6758103d00 0x7f6758111590 unknown :-1 s=NONE pgs=0 cs=0 l=1 rev1=0 crypto rx=0 tx=0 comp rx=0 tx=0).connect
2024-03-19T02:00:38.933 INFO:teuthology.orchestra.run.smithi069.stdout:/usr/bin/ceph: stderr
2024-03-19T02:00:38.096+0000 7f675d283700 1 -- --> [v2:172.21.15.69:3300/0,v1:172.21.15.69:6789/0] -- mon_getmap magic: 0 v1 -- 0x7f6758111ad0 con 0x7f6758103d00
2024-03-19T02:00:38.933 INFO:teuthology.orchestra.run.smithi069.stdout:/usr/bin/ceph: stderr
2024-03-19T02:00:38.096+0000 7f6756ffd700 1 --2- >> [v2:172.21.15.69:3300/0,v1:172.21.15.69:6789/0] conn(0x7f6758103d00 0x7f6758111590 unknown :-1 s=BANNER_CONNECTING pgs=0 cs=0 l=1 rev1=0 crypto rx=0 tx=0 comp rx=0 tx=0)._handle_peer_banner_payload supported=3 required=0
2024-03-19T02:00:38.933 INFO:teuthology.orchestra.run.smithi069.stdout:/usr/bin/ceph: stderr
2024-03-19T02:00:38.096+0000 7f6756ffd700 1 --2- >> [v2:172.21.15.69:3300/0,v1:172.21.15.69:6789/0] conn(0x7f6758103d00 0x7f6758111590 unknown :-1 s=HELLO_CONNECTING pgs=0 cs=0 l=1 rev1=1 crypto rx=0 tx=0 comp rx=0 tx=0).handle_hello peer v2:172.21.15.69:3300/0 says I am v2:172.21.15.69:46320/0 (socket says 172.21.15.69:46320)
2024-03-19T02:00:38.933 INFO:teuthology.orchestra.run.smithi069.stdout:/usr/bin/ceph: stderr
2024-03-19T02:00:38.096+0000 7f6756ffd700 1 -- 172.21.15.69:0/3715081509 learned_addr learned my addr 172.21.15.69:0/3715081509 (peer_addr_for_me v2:172.21.15.69:0/0)
2024-03-19T02:00:38.933 INFO:teuthology.orchestra.run.smithi069.stdout:/usr/bin/ceph: stderr
2024-03-19T02:00:38.096+0000 7f6756ffd700 1 -- 172.21.15.69:0/3715081509 --> [v2:172.21.15.69:3300/0,v1:172.21.15.69:6789/0] -- mon_subscribe({config=0+,monmap=0+}) v3 -- 0x7f67400094f0 con 0x7f6758103d00
2024-03-19T02:00:38.934 INFO:teuthology.orchestra.run.smithi069.stdout:/usr/bin/ceph: stderr
2024-03-19T02:00:38.096+0000 7f6756ffd700 1 --2- 172.21.15.69:0/3715081509 >> [v2:172.21.15.69:3300/0,v1:172.21.15.69:6789/0] conn(0x7f6758103d00 0x7f6758111590 secure :-1 s=READY pgs=62 cs=0 l=1 rev1=1 crypto rx=0x7f6740011680 tx=0x7f6740009250 comp rx=0 tx=0).ready entity=mon.0 client_cookie=0 server_cookie=0 in_seq=0 out_seq=0
2024-03-19T02:00:38.934 INFO:teuthology.orchestra.run.smithi069.stdout:/usr/bin/ceph: stderr
2024-03-19T02:00:38.096+0000 7f674f7fe700 1 -- 172.21.15.69:0/3715081509 <== mon.0 v2:172.21.15.69:3300/0 1 ==== mon_map magic: 0 v1 ==== 229+0+0 (secure 0 0 0) 0x7f6740010890 con 0x7f6758103d00
2024-03-19T02:00:38.934 INFO:teuthology.orchestra.run.smithi069.stdout:/usr/bin/ceph: stderr
2024-03-19T02:00:38.097+0000 7f674f7fe700 1 -- 172.21.15.69:0/3715081509 <== mon.0 v2:172.21.15.69:3300/0 2 ==== config(27 keys) v1 ==== 1109+0+0 (secure 0 0 0) 0x7f6740010ec0 con 0x7f6758103d00
2024-03-19T02:00:38.934 INFO:teuthology.orchestra.run.smithi069.stdout:/usr/bin/ceph: stderr
2024-03-19T02:00:38.097+0000 7f675d283700 1 -- 172.21.15.69:0/3715081509 --> [v2:172.21.15.69:3300/0,v1:172.21.15.69:6789/0] -- mon_subscribe({mgrmap=0+}) v3 -- 0x7f6758111cd0 con 0x7f6758103d00
2024-03-19T02:00:38.934 INFO:teuthology.orchestra.run.smithi069.stdout:/usr/bin/ceph: stderr
2024-03-19T02:00:38.097+0000 7f674f7fe700 1 -- 172.21.15.69:0/3715081509 <== mon.0 v2:172.21.15.69:3300/0 3 ==== mon_map magic: 0 v1 ==== 229+0+0 (secure 0 0 0) 0x7f67400243f0 con 0x7f6758103d00
2024-03-19T02:00:38.934 INFO:teuthology.orchestra.run.smithi069.stdout:/usr/bin/ceph: stderr
2024-03-19T02:00:38.097+0000 7f675d283700 1 -- 172.21.15.69:0/3715081509 --> [v2:172.21.15.69:3300/0,v1:172.21.15.69:6789/0] -- mon_subscribe({osdmap=0}) v3 -- 0x7f6758112840 con 0x7f6758103d00
2024-03-19T02:00:38.934 INFO:teuthology.orchestra.run.smithi069.stdout:/usr/bin/ceph: stderr
2024-03-19T02:00:38.097+0000 7f674f7fe700 1 -- 172.21.15.69:0/3715081509 <== mon.0 v2:172.21.15.69:3300/0 4 ==== mgrmap(e 8) v1 ==== 43368+0+0 (secure 0 0 0) 0x7f674002d3f0 con 0x7f6758103d00
2024-03-19T02:00:38.934 INFO:teuthology.orchestra.run.smithi069.stdout:/usr/bin/ceph: stderr
2024-03-19T02:00:38.098+0000 7f674f7fe700 1 --2- 172.21.15.69:0/3715081509 >> [v2:172.21.15.69:6800/2827655727,v1:172.21.15.69:6801/2827655727] conn(0x7f67440367e0 0x7f6744038c90 unknown :-1 s=NONE pgs=0 cs=0 l=1 rev1=0 crypto rx=0 tx=0 comp rx=0 tx=0).connect
2024-03-19T02:00:38.934 INFO:teuthology.orchestra.run.smithi069.stdout:/usr/bin/ceph: stderr
2024-03-19T02:00:38.098+0000 7f675d283700 1 -- 172.21.15.69:0/3715081509 --> [v2:172.21.15.69:3300/0,v1:172.21.15.69:6789/0] -- mon_command({"prefix": "get_command_descriptions"} v 0) v1 -- 0x7f675805f5f0 con 0x7f6758103d00
2024-03-19T02:00:38.934 INFO:teuthology.orchestra.run.smithi069.stdout:/usr/bin/ceph: stderr
2024-03-19T02:00:38.098+0000 7f674f7fe700 1 -- 172.21.15.69:0/3715081509 <== mon.0 v2:172.21.15.69:3300/0 5 ==== osd_map(2..2 src has 1..2) v4 ==== 936+0+0 (secure 0 0 0) 0x7f674004a3e0 con 0x7f6758103d00
2024-03-19T02:00:38.934 INFO:teuthology.orchestra.run.smithi069.stdout:/usr/bin/ceph: stderr
2024-03-19T02:00:38.098+0000 7f67567fc700 1 --2- 172.21.15.69:0/3715081509 >> [v2:172.21.15.69:6800/2827655727,v1:172.21.15.69:6801/2827655727] conn(0x7f67440367e0 0x7f6744038c90 unknown :-1 s=BANNER_CONNECTING pgs=0 cs=0 l=1 rev1=0 crypto rx=0 tx=0 comp rx=0 tx=0)._handle_peer_banner_payload supported=3 required=0
2024-03-19T02:00:38.934 INFO:teuthology.orchestra.run.smithi069.stdout:/usr/bin/ceph: stderr
2024-03-19T02:00:38.098+0000 7f67567fc700 1 --2- 172.21.15.69:0/3715081509 >> [v2:172.21.15.69:6800/2827655727,v1:172.21.15.69:6801/2827655727] conn(0x7f67440367e0 0x7f6744038c90 secure :-1 s=READY pgs=20 cs=0 l=1 rev1=1 crypto rx=0x7f6748009990 tx=0x7f6748006e40 comp rx=0 tx=0).ready entity=mgr.14118 client_cookie=0 server_cookie=0 in_seq=0 out_seq=0
2024-03-19T02:00:38.934 INFO:teuthology.orchestra.run.smithi069.stdout:/usr/bin/ceph: stderr
2024-03-19T02:00:38.102+0000 7f674f7fe700 1 -- 172.21.15.69:0/3715081509 <== mon.0 v2:172.21.15.69:3300/0 6 ==== mon_command_ack([{"prefix": "get_command_descriptions"}]=0 v0) v1 ==== 72+0+175674 (secure 0 0 0) 0x7f674002b8e0 con 0x7f6758103d00
2024-03-19T02:00:38.934 INFO:teuthology.orchestra.run.smithi069.stdout:/usr/bin/ceph: stderr
2024-03-19T02:00:38.296+0000 7f675d283700 1 -- 172.21.15.69:0/3715081509 --> [v2:172.21.15.69:3300/0,v1:172.21.15.69:6789/0] -- mon_command([{prefix=config set, name=mgr/dashboard/ssl_server_port}] v 0) v1 -- 0x7f6758101210 con 0x7f6758103d00
2024-03-19T02:00:38.935 INFO:teuthology.orchestra.run.smithi069.stdout:/usr/bin/ceph: stderr
2024-03-19T02:00:38.299+0000 7f674f7fe700 1 -- 172.21.15.69:0/3715081509 <== mon.0 v2:172.21.15.69:3300/0 7 ==== mon_command_ack([{prefix=config set, name=mgr/dashboard/ssl_server_port}]=0 v8)=0 v8) v1 ==== 130+0+0 (secure 0 0 0) 0x7f674002c350 con 0x7f6758103d00
2024-03-19T02:00:38.935 INFO:teuthology.orchestra.run.smithi069.stdout:/usr/bin/ceph: stderr
2024-03-19T02:00:38.301+0000 7f675d283700 1 -- 172.21.15.69:0/3715081509 >> [v2:172.21.15.69:6800/2827655727,v1:172.21.15.69:6801/2827655727] conn(0x7f67440367e0 msgr2=0x7f6744038c90 secure :-1 s=STATE_CONNECTION_ESTABLISHED l=1).mark_down
2024-03-19T02:00:38.935 INFO:teuthology.orchestra.run.smithi069.stdout:/usr/bin/ceph: stderr
2024-03-19T02:00:38.301+0000 7f675d283700 1 --2- 172.21.15.69:0/3715081509 >> [v2:172.21.15.69:6800/2827655727,v1:172.21.15.69:6801/2827655727] conn(0x7f67440367e0 0x7f6744038c90 secure :-1 s=READY pgs=20 cs=0 l=1 rev1=1 crypto rx=0x7f6748009990 tx=0x7f6748006e40 comp rx=0 tx=0).stop
2024-03-19T02:00:38.935 INFO:teuthology.orchestra.run.smithi069.stdout:/usr/bin/ceph: stderr
2024-03-19T02:00:38.301+0000 7f675d283700 1 -- 172.21.15.69:0/3715081509 >> [v2:172.21.15.69:3300/0,v1:172.21.15.69:6789/0] conn(0x7f6758103d00 msgr2=0x7f6758111590 secure :-1 s=STATE_CONNECTION_ESTABLISHED l=1).mark_down
2024-03-19T02:00:38.935 INFO:teuthology.orchestra.run.smithi069.stdout:/usr/bin/ceph: stderr
2024-03-19T02:00:38.301+0000 7f675d283700 1 --2- 172.21.15.69:0/3715081509 >> [v2:172.21.15.69:3300/0,v1:172.21.15.69:6789/0] conn(0x7f6758103d00 0x7f6758111590 secure :-1 s=READY pgs=62 cs=0 l=1 rev1=1 crypto rx=0x7f6740011680 tx=0x7f6740009250 comp rx=0 tx=0).stop
2024-03-19T02:00:38.935 INFO:teuthology.orchestra.run.smithi069.stdout:/usr/bin/ceph: stderr
2024-03-19T02:00:38.301+0000 7f675d283700 1 -- 172.21.15.69:0/3715081509 shutdown_connections
2024-03-19T02:00:38.935 INFO:teuthology.orchestra.run.smithi069.stdout:/usr/bin/ceph: stderr
2024-03-19T02:00:38.301+0000 7f675d283700 1 --2- 172.21.15.69:0/3715081509 >> [v2:172.21.15.69:6800/2827655727,v1:172.21.15.69:6801/2827655727] conn(0x7f67440367e0 0x7f6744038c90 unknown :-1 s=CLOSED pgs=20 cs=0 l=1 rev1=1 crypto rx=0 tx=0 comp rx=0 tx=0).stop
2024-03-19T02:00:38.935 INFO:teuthology.orchestra.run.smithi069.stdout:/usr/bin/ceph: stderr
2024-03-19T02:00:38.301+0000 7f675d283700 1 --2- 172.21.15.69:0/3715081509 >> [v2:172.21.15.69:3300/0,v1:172.21.15.69:6789/0] conn(0x7f6758103d00 0x7f6758111590 unknown :-1 s=CLOSED pgs=62 cs=0 l=1 rev1=1 crypto rx=0 tx=0 comp rx=0 tx=0).stop
2024-03-19T02:00:38.935 INFO:teuthology.orchestra.run.smithi069.stdout:/usr/bin/ceph: stderr
2024-03-19T02:00:38.301+0000 7f675d283700 1 -- 172.21.15.69:0/3715081509 >> 172.21.15.69:0/3715081509 conn(0x7f67580fc500 msgr2=0x7f67580fd0a0 unknown :-1 s=STATE_NONE l=0).mark_down
2024-03-19T02:00:38.935 INFO:teuthology.orchestra.run.smithi069.stdout:/usr/bin/ceph: stderr
2024-03-19T02:00:38.301+0000 7f675d283700 1 -- 172.21.15.69:0/3715081509 shutdown_connections
2024-03-19T02:00:38.935 INFO:teuthology.orchestra.run.smithi069.stdout:/usr/bin/ceph: stderr
2024-03-19T02:00:38.302+0000 7f675d283700 1 -- 172.21.15.69:0/3715081509 wait complete.
2024-03-19T02:00:38.935 INFO:teuthology.orchestra.run.smithi069.stdout:Enabling the dashboard module...
2024-03-19T02:00:39.446 INFO:journalctl@ceph.mon.smithi069.smithi069.stdout:Mar 19 02:00:39 smithi069 ceph-mon[29207]: pgmap v4: 0 pgs: ; 0 B data, 0 B used, 0 B / 0 B avail
2024-03-19T02:00:39.446 INFO:journalctl@ceph.mon.smithi069.smithi069.stdout:Mar 19 02:00:39 smithi069 ceph-mon[29207]: from='client.? 172.21.15.69:0/3715081509' entity='client.admin'
2024-03-19T02:00:40.620 INFO:journalctl@ceph.mon.smithi069.smithi069.stdout:Mar 19 02:00:40 smithi069 ceph-mon[29207]: from='client.? 172.21.15.69:0/4208031161' entity='client.admin' cmd=[{"prefix": "mgr module enable", "module": "dashboard"}]: dispatch
2024-03-19T02:00:40.906 INFO:teuthology.orchestra.run.smithi069.stdout:/usr/bin/ceph: stderr
2024-03-19T02:00:39.446+0000 7f3897b9d700 1 Processor -- start
2024-03-19T02:00:40.906 INFO:teuthology.orchestra.run.smithi069.stdout:/usr/bin/ceph: stderr
2024-03-19T02:00:39.446+0000 7f3897b9d700 1 -- start start
2024-03-19T02:00:40.906 INFO:teuthology.orchestra.run.smithi069.stdout:/usr/bin/ceph: stderr
2024-03-19T02:00:39.446+0000 7f3897b9d700 1 --2- >> [v2:172.21.15.69:3300/0,v1:172.21.15.69:6789/0] conn(0x7f38901015d0 0x7f38901019e0 unknown :-1 s=NONE pgs=0 cs=0 l=0 rev1=0 crypto rx=0 tx=0 comp rx=0 tx=0).connect
2024-03-19T02:00:40.906 INFO:teuthology.orchestra.run.smithi069.stdout:/usr/bin/ceph: stderr
2024-03-19T02:00:39.446+0000 7f3897b9d700 1 -- --> [v2:172.21.15.69:3300/0,v1:172.21.15.69:6789/0] -- mon_getmap magic: 0 v1 -- 0x7f3890101f20 con 0x7f38901015d0
2024-03-19T02:00:40.906 INFO:teuthology.orchestra.run.smithi069.stdout:/usr/bin/ceph: stderr
2024-03-19T02:00:39.447+0000 7f3895939700 1 --2- >> [v2:172.21.15.69:3300/0,v1:172.21.15.69:6789/0] conn(0x7f38901015d0 0x7f38901019e0 unknown :-1 s=BANNER_CONNECTING pgs=0 cs=0 l=0 rev1=0 crypto rx=0 tx=0 comp rx=0 tx=0)._handle_peer_banner_payload supported=3 required=0
2024-03-19T02:00:40.906 INFO:teuthology.orchestra.run.smithi069.stdout:/usr/bin/ceph: stderr
2024-03-19T02:00:39.447+0000 7f3895939700 1 --2- >> [v2:172.21.15.69:3300/0,v1:172.21.15.69:6789/0] conn(0x7f38901015d0 0x7f38901019e0 unknown :-1 s=HELLO_CONNECTING pgs=0 cs=0 l=0 rev1=1 crypto rx=0 tx=0 comp rx=0 tx=0).handle_hello peer v2:172.21.15.69:3300/0 says I am v2:172.21.15.69:46330/0 (socket says 172.21.15.69:46330)
2024-03-19T02:00:40.906 INFO:teuthology.orchestra.run.smithi069.stdout:/usr/bin/ceph: stderr
2024-03-19T02:00:39.447+0000 7f3895939700 1 -- 172.21.15.69:0/1135205442 learned_addr learned my addr 172.21.15.69:0/1135205442 (peer_addr_for_me v2:172.21.15.69:0/0)
2024-03-19T02:00:40.907 INFO:teuthology.orchestra.run.smithi069.stdout:/usr/bin/ceph: stderr
2024-03-19T02:00:39.447+0000 7f3895939700 1 -- 172.21.15.69:0/1135205442 --> [v2:172.21.15.69:3300/0,v1:172.21.15.69:6789/0] -- mon_subscribe({config=0+,monmap=0+}) v3 -- 0x7f3890102060 con 0x7f38901015d0
2024-03-19T02:00:40.907 INFO:teuthology.orchestra.run.smithi069.stdout:/usr/bin/ceph: stderr
2024-03-19T02:00:39.447+0000 7f3895939700 1 --2- 172.21.15.69:0/1135205442 >> [v2:172.21.15.69:3300/0,v1:172.21.15.69:6789/0] conn(0x7f38901015d0 0x7f38901019e0 secure :-1 s=READY pgs=63 cs=0 l=1 rev1=1 crypto rx=0x7f388c0098e0 tx=0x7f388c009250 comp rx=0 tx=0).ready entity=mon.0 client_cookie=7524bc872919546d server_cookie=0 in_seq=0 out_seq=0
2024-03-19T02:00:40.907 INFO:teuthology.orchestra.run.smithi069.stdout:/usr/bin/ceph: stderr
2024-03-19T02:00:39.447+0000 7f3894937700 1 -- 172.21.15.69:0/1135205442 <== mon.0 v2:172.21.15.69:3300/0 1 ==== mon_map magic: 0 v1 ==== 229+0+0 (secure 0 0 0) 0x7f388c00b860 con 0x7f38901015d0
2024-03-19T02:00:40.907 INFO:teuthology.orchestra.run.smithi069.stdout:/usr/bin/ceph: stderr
2024-03-19T02:00:39.447+0000 7f3894937700 1 -- 172.21.15.69:0/1135205442 <== mon.0 v2:172.21.15.69:3300/0 2 ==== config(27 keys) v1 ==== 1109+0+0 (secure 0 0 0) 0x7f388c00be90 con 0x7f38901015d0
2024-03-19T02:00:40.907 INFO:teuthology.orchestra.run.smithi069.stdout:/usr/bin/ceph: stderr
2024-03-19T02:00:39.447+0000 7f3894937700 1 -- 172.21.15.69:0/1135205442 <== mon.0 v2:172.21.15.69:3300/0 3 ==== mon_map magic: 0 v1 ==== 229+0+0 (secure 0 0 0) 0x7f388c0103c0 con 0x7f38901015d0
2024-03-19T02:00:40.907 INFO:teuthology.orchestra.run.smithi069.stdout:/usr/bin/ceph: stderr
2024-03-19T02:00:39.448+0000 7f3897b9d700 1 -- 172.21.15.69:0/1135205442 >> [v2:172.21.15.69:3300/0,v1:172.21.15.69:6789/0] conn(0x7f38901015d0 msgr2=0x7f38901019e0 secure :-1 s=STATE_CONNECTION_ESTABLISHED l=1).mark_down
2024-03-19T02:00:40.907 INFO:teuthology.orchestra.run.smithi069.stdout:/usr/bin/ceph: stderr
2024-03-19T02:00:39.448+0000 7f3897b9d700 1 --2- 172.21.15.69:0/1135205442 >> [v2:172.21.15.69:3300/0,v1:172.21.15.69:6789/0] conn(0x7f38901015d0 0x7f38901019e0 secure :-1 s=READY pgs=63 cs=0 l=1 rev1=1 crypto rx=0x7f388c0098e0 tx=0x7f388c009250 comp rx=0 tx=0).stop
2024-03-19T02:00:40.907 INFO:teuthology.orchestra.run.smithi069.stdout:/usr/bin/ceph: stderr
2024-03-19T02:00:39.448+0000 7f3897b9d700 1 -- 172.21.15.69:0/1135205442 shutdown_connections
2024-03-19T02:00:40.907 INFO:teuthology.orchestra.run.smithi069.stdout:/usr/bin/ceph: stderr
2024-03-19T02:00:39.448+0000 7f3897b9d700 1 --2- 172.21.15.69:0/1135205442 >> [v2:172.21.15.69:3300/0,v1:172.21.15.69:6789/0] conn(0x7f38901015d0 0x7f38901019e0 unknown :-1 s=CLOSED pgs=63 cs=0 l=1 rev1=1 crypto rx=0 tx=0 comp rx=0 tx=0).stop
2024-03-19T02:00:40.907 INFO:teuthology.orchestra.run.smithi069.stdout:/usr/bin/ceph: stderr
2024-03-19T02:00:39.448+0000 7f3897b9d700 1 -- 172.21.15.69:0/1135205442 >> 172.21.15.69:0/1135205442 conn(0x7f38900fcd50 msgr2=0x7f38900ff160 unknown :-1 s=STATE_NONE l=0).mark_down
2024-03-19T02:00:40.907 INFO:teuthology.orchestra.run.smithi069.stdout:/usr/bin/ceph: stderr
2024-03-19T02:00:39.448+0000 7f3897b9d700 1 -- 172.21.15.69:0/1135205442 shutdown_connections
2024-03-19T02:00:40.907 INFO:teuthology.orchestra.run.smithi069.stdout:/usr/bin/ceph: stderr
2024-03-19T02:00:39.448+0000 7f3897b9d700 1 -- 172.21.15.69:0/1135205442 wait complete.
2024-03-19T02:00:40.907 INFO:teuthology.orchestra.run.smithi069.stdout:/usr/bin/ceph: stderr
2024-03-19T02:00:39.449+0000 7f3897b9d700 1 Processor -- start
2024-03-19T02:00:40.907 INFO:teuthology.orchestra.run.smithi069.stdout:/usr/bin/ceph: stderr
2024-03-19T02:00:39.449+0000 7f3897b9d700 1 -- start start
2024-03-19T02:00:40.908 INFO:teuthology.orchestra.run.smithi069.stdout:/usr/bin/ceph: stderr
2024-03-19T02:00:39.449+0000 7f3897b9d700 1 --2- >> [v2:172.21.15.69:3300/0,v1:172.21.15.69:6789/0] conn(0x7f38901015d0 0x7f3890071200 unknown :-1 s=NONE pgs=0 cs=0 l=1 rev1=0 crypto rx=0 tx=0 comp rx=0 tx=0).connect
2024-03-19T02:00:40.908 INFO:teuthology.orchestra.run.smithi069.stdout:/usr/bin/ceph: stderr
2024-03-19T02:00:39.449+0000 7f3897b9d700 1 -- --> [v2:172.21.15.69:3300/0,v1:172.21.15.69:6789/0] -- mon_getmap magic: 0 v1 -- 0x7f3890114340 con 0x7f38901015d0
2024-03-19T02:00:40.908 INFO:teuthology.orchestra.run.smithi069.stdout:/usr/bin/ceph: stderr
2024-03-19T02:00:39.449+0000 7f3895939700 1 --2- >> [v2:172.21.15.69:3300/0,v1:172.21.15.69:6789/0] conn(0x7f38901015d0 0x7f3890071200 unknown :-1 s=BANNER_CONNECTING pgs=0 cs=0 l=1 rev1=0 crypto rx=0 tx=0 comp rx=0 tx=0)._handle_peer_banner_payload supported=3 required=0
2024-03-19T02:00:40.908 INFO:teuthology.orchestra.run.smithi069.stdout:/usr/bin/ceph: stderr
2024-03-19T02:00:39.449+0000 7f3895939700 1 --2- >> [v2:172.21.15.69:3300/0,v1:172.21.15.69:6789/0] conn(0x7f38901015d0 0x7f3890071200 unknown :-1 s=HELLO_CONNECTING pgs=0 cs=0 l=1 rev1=1 crypto rx=0 tx=0 comp rx=0 tx=0).handle_hello peer v2:172.21.15.69:3300/0 says I am v2:172.21.15.69:46336/0 (socket says 172.21.15.69:46336)
2024-03-19T02:00:40.908 INFO:teuthology.orchestra.run.smithi069.stdout:/usr/bin/ceph: stderr
2024-03-19T02:00:39.449+0000 7f3895939700 1 -- 172.21.15.69:0/4208031161 learned_addr learned my addr 172.21.15.69:0/4208031161 (peer_addr_for_me v2:172.21.15.69:0/0)
2024-03-19T02:00:40.908 INFO:teuthology.orchestra.run.smithi069.stdout:/usr/bin/ceph: stderr
2024-03-19T02:00:39.449+0000 7f3895939700 1 -- 172.21.15.69:0/4208031161 --> [v2:172.21.15.69:3300/0,v1:172.21.15.69:6789/0] -- mon_subscribe({config=0+,monmap=0+}) v3 -- 0x7f388c0094f0 con 0x7f38901015d0
2024-03-19T02:00:40.908 INFO:teuthology.orchestra.run.smithi069.stdout:/usr/bin/ceph: stderr
2024-03-19T02:00:39.449+0000 7f3895939700 1 --2- 172.21.15.69:0/4208031161 >> [v2:172.21.15.69:3300/0,v1:172.21.15.69:6789/0] conn(0x7f38901015d0 0x7f3890071200 secure :-1 s=READY pgs=64 cs=0 l=1 rev1=1 crypto rx=0x7f388c011c10 tx=0x7f388c009250 comp rx=0 tx=0).ready entity=mon.0 client_cookie=0 server_cookie=0 in_seq=0 out_seq=0
2024-03-19T02:00:40.908 INFO:teuthology.orchestra.run.smithi069.stdout:/usr/bin/ceph: stderr
2024-03-19T02:00:39.449+0000 7f38867fc700 1 -- 172.21.15.69:0/4208031161 <== mon.0 v2:172.21.15.69:3300/0 1 ==== mon_map magic: 0 v1 ==== 229+0+0 (secure 0 0 0) 0x7f388c010890 con 0x7f38901015d0
2024-03-19T02:00:40.908 INFO:teuthology.orchestra.run.smithi069.stdout:/usr/bin/ceph: stderr
2024-03-19T02:00:39.449+0000 7f38867fc700 1 -- 172.21.15.69:0/4208031161 <== mon.0 v2:172.21.15.69:3300/0 2 ==== config(27 keys) v1 ==== 1109+0+0 (secure 0 0 0) 0x7f388c010ec0 con 0x7f38901015d0
2024-03-19T02:00:40.908 INFO:teuthology.orchestra.run.smithi069.stdout:/usr/bin/ceph: stderr
2024-03-19T02:00:39.449+0000 7f3897b9d700 1 -- 172.21.15.69:0/4208031161 --> [v2:172.21.15.69:3300/0,v1:172.21.15.69:6789/0] -- mon_subscribe({mgrmap=0+}) v3 -- 0x7f3890114480 con 0x7f38901015d0
2024-03-19T02:00:40.908 INFO:teuthology.orchestra.run.smithi069.stdout:/usr/bin/ceph: stderr
2024-03-19T02:00:39.449+0000 7f38867fc700 1 -- 172.21.15.69:0/4208031161 <== mon.0 v2:172.21.15.69:3300/0 3 ==== mon_map magic: 0 v1 ==== 229+0+0 (secure 0 0 0) 0x7f388c0243f0 con 0x7f38901015d0
2024-03-19T02:00:40.908 INFO:teuthology.orchestra.run.smithi069.stdout:/usr/bin/ceph: stderr
2024-03-19T02:00:39.449+0000 7f3897b9d700 1 -- 172.21.15.69:0/4208031161 --> [v2:172.21.15.69:3300/0,v1:172.21.15.69:6789/0] -- mon_subscribe({osdmap=0}) v3 -- 0x7f3890114910 con 0x7f38901015d0
2024-03-19T02:00:40.908 INFO:teuthology.orchestra.run.smithi069.stdout:/usr/bin/ceph: stderr
2024-03-19T02:00:39.450+0000 7f38867fc700 1 -- 172.21.15.69:0/4208031161 <== mon.0 v2:172.21.15.69:3300/0 4 ==== mgrmap(e 8) v1 ==== 43368+0+0 (secure 0 0 0) 0x7f388c02d3f0 con 0x7f38901015d0
2024-03-19T02:00:40.908 INFO:teuthology.orchestra.run.smithi069.stdout:/usr/bin/ceph: stderr
2024-03-19T02:00:39.450+0000 7f3897b9d700 1 -- 172.21.15.69:0/4208031161 --> [v2:172.21.15.69:3300/0,v1:172.21.15.69:6789/0] -- mon_command({"prefix": "get_command_descriptions"} v 0) v1 -- 0x7f389004bed0 con 0x7f38901015d0
2024-03-19T02:00:40.908 INFO:teuthology.orchestra.run.smithi069.stdout:/usr/bin/ceph: stderr
2024-03-19T02:00:39.450+0000 7f38867fc700 1 --2- 172.21.15.69:0/4208031161 >> [v2:172.21.15.69:6800/2827655727,v1:172.21.15.69:6801/2827655727] conn(0x7f387c036790 0x7f387c038c40 unknown :-1 s=NONE pgs=0 cs=0 l=1 rev1=0 crypto rx=0 tx=0 comp rx=0 tx=0).connect
2024-03-19T02:00:40.909 INFO:teuthology.orchestra.run.smithi069.stdout:/usr/bin/ceph: stderr
2024-03-19T02:00:39.450+0000 7f38867fc700 1 -- 172.21.15.69:0/4208031161 <== mon.0 v2:172.21.15.69:3300/0 5 ==== osd_map(2..2 src has 1..2) v4 ==== 936+0+0 (secure 0 0 0) 0x7f388c04a3b0 con 0x7f38901015d0
2024-03-19T02:00:40.909 INFO:teuthology.orchestra.run.smithi069.stdout:/usr/bin/ceph: stderr
2024-03-19T02:00:39.451+0000 7f3895138700 1 --2- 172.21.15.69:0/4208031161 >> [v2:172.21.15.69:6800/2827655727,v1:172.21.15.69:6801/2827655727] conn(0x7f387c036790 0x7f387c038c40 unknown :-1 s=BANNER_CONNECTING pgs=0 cs=0 l=1 rev1=0 crypto rx=0 tx=0 comp rx=0 tx=0)._handle_peer_banner_payload supported=3 required=0
2024-03-19T02:00:40.909 INFO:teuthology.orchestra.run.smithi069.stdout:/usr/bin/ceph: stderr
2024-03-19T02:00:39.451+0000 7f3895138700 1 --2- 172.21.15.69:0/4208031161 >> [v2:172.21.15.69:6800/2827655727,v1:172.21.15.69:6801/2827655727] conn(0x7f387c036790 0x7f387c038c40 secure :-1 s=READY pgs=21 cs=0 l=1 rev1=1 crypto rx=0x7f3880009990 tx=0x7f3880006e40 comp rx=0 tx=0).ready entity=mgr.14118 client_cookie=0 server_cookie=0 in_seq=0 out_seq=0
2024-03-19T02:00:40.909 INFO:teuthology.orchestra.run.smithi069.stdout:/usr/bin/ceph: stderr
2024-03-19T02:00:39.455+0000 7f38867fc700 1 -- 172.21.15.69:0/4208031161 <== mon.0 v2:172.21.15.69:3300/0 6 ==== mon_command_ack([{"prefix": "get_command_descriptions"}]=0 v0) v1 ==== 72+0+175674 (secure 0 0 0) 0x7f388c02b2f0 con 0x7f38901015d0
2024-03-19T02:00:40.909 INFO:teuthology.orchestra.run.smithi069.stdout:/usr/bin/ceph: stderr
2024-03-19T02:00:39.688+0000 7f3897b9d700 1 -- 172.21.15.69:0/4208031161 --> [v2:172.21.15.69:3300/0,v1:172.21.15.69:6789/0] -- mon_command({"prefix": "mgr module enable", "module": "dashboard"} v 0) v1 -- 0x7f3890103410 con 0x7f38901015d0
2024-03-19T02:00:40.909 INFO:teuthology.orchestra.run.smithi069.stdout:/usr/bin/ceph: stderr
2024-03-19T02:00:40.305+0000 7f38867fc700 1 -- 172.21.15.69:0/4208031161 <== mon.0 v2:172.21.15.69:3300/0 7 ==== mgrmap(e 9) v1 ==== 43381+0+0 (secure 0 0 0) 0x7f388c0193c0 con 0x7f38901015d0
2024-03-19T02:00:40.909 INFO:teuthology.orchestra.run.smithi069.stdout:/usr/bin/ceph: stderr
2024-03-19T02:00:40.306+0000 7f38867fc700 1 -- 172.21.15.69:0/4208031161 <== mon.0 v2:172.21.15.69:3300/0 8 ==== mon_command_ack([{"prefix": "mgr module enable", "module": "dashboard"}]=0 v9) v1 ==== 88+0+0 (secure 0 0 0) 0x7f388c0238d0 con 0x7f38901015d0
2024-03-19T02:00:40.909 INFO:teuthology.orchestra.run.smithi069.stdout:/usr/bin/ceph: stderr
2024-03-19T02:00:40.309+0000 7f3897b9d700 1 -- 172.21.15.69:0/4208031161 >> [v2:172.21.15.69:6800/2827655727,v1:172.21.15.69:6801/2827655727] conn(0x7f387c036790 msgr2=0x7f387c038c40 secure :-1 s=STATE_CONNECTION_ESTABLISHED l=1).mark_down
2024-03-19T02:00:40.909 INFO:teuthology.orchestra.run.smithi069.stdout:/usr/bin/ceph: stderr
2024-03-19T02:00:40.309+0000 7f3897b9d700 1 --2- 172.21.15.69:0/4208031161 >> [v2:172.21.15.69:6800/2827655727,v1:172.21.15.69:6801/2827655727] conn(0x7f387c036790 0x7f387c038c40 secure :-1 s=READY pgs=21 cs=0 l=1 rev1=1 crypto rx=0x7f3880009990 tx=0x7f3880006e40 comp rx=0 tx=0).stop
2024-03-19T02:00:40.909 INFO:teuthology.orchestra.run.smithi069.stdout:/usr/bin/ceph: stderr
2024-03-19T02:00:40.309+0000 7f3897b9d700 1 -- 172.21.15.69:0/4208031161 >> [v2:172.21.15.69:3300/0,v1:172.21.15.69:6789/0] conn(0x7f38901015d0 msgr2=0x7f3890071200 secure :-1 s=STATE_CONNECTION_ESTABLISHED l=1).mark_down
2024-03-19T02:00:40.909 INFO:teuthology.orchestra.run.smithi069.stdout:/usr/bin/ceph: stderr
2024-03-19T02:00:40.309+0000 7f3897b9d700 1 --2- 172.21.15.69:0/4208031161 >> [v2:172.21.15.69:3300/0,v1:172.21.15.69:6789/0] conn(0x7f38901015d0 0x7f3890071200 secure :-1 s=READY pgs=64 cs=0 l=1 rev1=1 crypto rx=0x7f388c011c10 tx=0x7f388c009250 comp rx=0 tx=0).stop
2024-03-19T02:00:40.909 INFO:teuthology.orchestra.run.smithi069.stdout:/usr/bin/ceph: stderr
2024-03-19T02:00:40.309+0000 7f3897b9d700 1 -- 172.21.15.69:0/4208031161 shutdown_connections
2024-03-19T02:00:40.909 INFO:teuthology.orchestra.run.smithi069.stdout:/usr/bin/ceph: stderr
2024-03-19T02:00:40.309+0000 7f3897b9d700 1 --2- 172.21.15.69:0/4208031161 >> [v2:172.21.15.69:6800/2827655727,v1:172.21.15.69:6801/2827655727] conn(0x7f387c036790 0x7f387c038c40 unknown :-1 s=CLOSED pgs=21 cs=0 l=1 rev1=1 crypto rx=0 tx=0 comp rx=0 tx=0).stop
2024-03-19T02:00:40.909 INFO:teuthology.orchestra.run.smithi069.stdout:/usr/bin/ceph: stderr
2024-03-19T02:00:40.309+0000 7f3897b9d700 1 --2- 172.21.15.69:0/4208031161 >> [v2:172.21.15.69:3300/0,v1:172.21.15.69:6789/0] conn(0x7f38901015d0 0x7f3890071200 unknown :-1 s=CLOSED pgs=64 cs=0 l=1 rev1=1 crypto rx=0 tx=0 comp rx=0 tx=0).stop
2024-03-19T02:00:40.910 INFO:teuthology.orchestra.run.smithi069.stdout:/usr/bin/ceph: stderr
2024-03-19T02:00:40.309+0000 7f3897b9d700 1 -- 172.21.15.69:0/4208031161 >> 172.21.15.69:0/4208031161 conn(0x7f38900fcd50 msgr2=0x7f38900fd940 unknown :-1 s=STATE_NONE l=0).mark_down
2024-03-19T02:00:40.910 INFO:teuthology.orchestra.run.smithi069.stdout:/usr/bin/ceph: stderr
2024-03-19T02:00:40.309+0000 7f3897b9d700 1 -- 172.21.15.69:0/4208031161 shutdown_connections
2024-03-19T02:00:40.910 INFO:teuthology.orchestra.run.smithi069.stdout:/usr/bin/ceph: stderr
2024-03-19T02:00:40.309+0000 7f3897b9d700 1 -- 172.21.15.69:0/4208031161 wait complete.
2024-03-19T02:00:41.522 INFO:journalctl@ceph.mon.smithi069.smithi069.stdout:Mar 19 02:00:41 smithi069 ceph-mon[29207]: from='client.? 172.21.15.69:0/4208031161' entity='client.admin' cmd='[{"prefix": "mgr module enable", "module": "dashboard"}]': finished
2024-03-19T02:00:41.522 INFO:journalctl@ceph.mon.smithi069.smithi069.stdout:Mar 19 02:00:41 smithi069 ceph-mon[29207]: mgrmap e9: smithi069.ugdozm(active, since 24s)
2024-03-19T02:00:42.277 INFO:teuthology.orchestra.run.smithi069.stdout:/usr/bin/ceph: stdout {
2024-03-19T02:00:42.277 INFO:teuthology.orchestra.run.smithi069.stdout:/usr/bin/ceph: stdout "epoch": 9,
2024-03-19T02:00:42.278 INFO:teuthology.orchestra.run.smithi069.stdout:/usr/bin/ceph: stdout "available": true,
2024-03-19T02:00:42.278 INFO:teuthology.orchestra.run.smithi069.stdout:/usr/bin/ceph: stdout "active_name": "smithi069.ugdozm",
2024-03-19T02:00:42.278 INFO:teuthology.orchestra.run.smithi069.stdout:/usr/bin/ceph: stdout "num_standby": 0
2024-03-19T02:00:42.278 INFO:teuthology.orchestra.run.smithi069.stdout:/usr/bin/ceph: stdout }
2024-03-19T02:00:42.278 INFO:teuthology.orchestra.run.smithi069.stdout:/usr/bin/ceph: stderr
2024-03-19T02:00:41.330+0000 7fc9a42a3700 1 Processor -- start
2024-03-19T02:00:42.278 INFO:teuthology.orchestra.run.smithi069.stdout:/usr/bin/ceph: stderr
2024-03-19T02:00:41.330+0000 7fc9a42a3700 1 -- start start
2024-03-19T02:00:42.278 INFO:teuthology.orchestra.run.smithi069.stdout:/usr/bin/ceph: stderr
2024-03-19T02:00:41.330+0000 7fc9a42a3700 1 --2- >> [v2:172.21.15.69:3300/0,v1:172.21.15.69:6789/0] conn(0x7fc99c0712c0 0x7fc99c105380 unknown :-1 s=NONE pgs=0 cs=0 l=0 rev1=0 crypto rx=0 tx=0 comp rx=0 tx=0).connect
2024-03-19T02:00:42.278 INFO:teuthology.orchestra.run.smithi069.stdout:/usr/bin/ceph: stderr
2024-03-19T02:00:41.330+0000 7fc9a42a3700 1 -- --> [v2:172.21.15.69:3300/0,v1:172.21.15.69:6789/0] -- mon_getmap magic: 0 v1 -- 0x7fc99c1058c0 con 0x7fc99c0712c0
2024-03-19T02:00:42.278 INFO:teuthology.orchestra.run.smithi069.stdout:/usr/bin/ceph: stderr
2024-03-19T02:00:41.330+0000 7fc9a203f700 1 --2- >> [v2:172.21.15.69:3300/0,v1:172.21.15.69:6789/0] conn(0x7fc99c0712c0 0x7fc99c105380 unknown :-1 s=BANNER_CONNECTING pgs=0 cs=0 l=0 rev1=0 crypto rx=0 tx=0 comp rx=0 tx=0)._handle_peer_banner_payload supported=3 required=0
2024-03-19T02:00:42.278 INFO:teuthology.orchestra.run.smithi069.stdout:/usr/bin/ceph: stderr
2024-03-19T02:00:41.331+0000 7fc9a203f700 1 --2- >> [v2:172.21.15.69:3300/0,v1:172.21.15.69:6789/0] conn(0x7fc99c0712c0 0x7fc99c105380 unknown :-1 s=HELLO_CONNECTING pgs=0 cs=0 l=0 rev1=1 crypto rx=0 tx=0 comp rx=0 tx=0).handle_hello peer v2:172.21.15.69:3300/0 says I am v2:172.21.15.69:46358/0 (socket says 172.21.15.69:46358)
2024-03-19T02:00:42.278 INFO:teuthology.orchestra.run.smithi069.stdout:/usr/bin/ceph: stderr
2024-03-19T02:00:41.331+0000 7fc9a203f700 1 -- 172.21.15.69:0/2726813879 learned_addr learned my addr 172.21.15.69:0/2726813879 (peer_addr_for_me v2:172.21.15.69:0/0)
2024-03-19T02:00:42.279 INFO:teuthology.orchestra.run.smithi069.stdout:/usr/bin/ceph: stderr
2024-03-19T02:00:41.331+0000 7fc9a203f700 1 -- 172.21.15.69:0/2726813879 --> [v2:172.21.15.69:3300/0,v1:172.21.15.69:6789/0] -- mon_subscribe({config=0+,monmap=0+}) v3 -- 0x7fc99c105a00 con 0x7fc99c0712c0
2024-03-19T02:00:42.279 INFO:teuthology.orchestra.run.smithi069.stdout:/usr/bin/ceph: stderr
2024-03-19T02:00:41.331+0000 7fc9a203f700 1 --2- 172.21.15.69:0/2726813879 >> [v2:172.21.15.69:3300/0,v1:172.21.15.69:6789/0] conn(0x7fc99c0712c0 0x7fc99c105380 secure :-1 s=READY pgs=67 cs=0 l=1 rev1=1 crypto rx=0x7fc9940098e0 tx=0x7fc994009250 comp rx=0 tx=0).ready entity=mon.0 client_cookie=cc5ecc94161a40e7 server_cookie=0 in_seq=0 out_seq=0
2024-03-19T02:00:42.279 INFO:teuthology.orchestra.run.smithi069.stdout:/usr/bin/ceph: stderr
2024-03-19T02:00:41.331+0000 7fc9a103d700 1 -- 172.21.15.69:0/2726813879 <== mon.0 v2:172.21.15.69:3300/0 1 ==== mon_map magic: 0 v1 ==== 229+0+0 (secure 0 0 0) 0x7fc99400b860 con 0x7fc99c0712c0
2024-03-19T02:00:42.279 INFO:teuthology.orchestra.run.smithi069.stdout:/usr/bin/ceph: stderr
2024-03-19T02:00:41.331+0000 7fc9a103d700 1 -- 172.21.15.69:0/2726813879 <== mon.0 v2:172.21.15.69:3300/0 2 ==== config(27 keys) v1 ==== 1109+0+0 (secure 0 0 0) 0x7fc99400be90 con 0x7fc99c0712c0
2024-03-19T02:00:42.279 INFO:teuthology.orchestra.run.smithi069.stdout:/usr/bin/ceph: stderr
2024-03-19T02:00:41.331+0000 7fc9a103d700 1 -- 172.21.15.69:0/2726813879 <== mon.0 v2:172.21.15.69:3300/0 3 ==== mon_map magic: 0 v1 ==== 229+0+0 (secure 0 0 0) 0x7fc9940103c0 con 0x7fc99c0712c0
2024-03-19T02:00:42.279 INFO:teuthology.orchestra.run.smithi069.stdout:/usr/bin/ceph: stderr
2024-03-19T02:00:41.332+0000 7fc9a42a3700 1 -- 172.21.15.69:0/2726813879 >> [v2:172.21.15.69:3300/0,v1:172.21.15.69:6789/0] conn(0x7fc99c0712c0 msgr2=0x7fc99c105380 secure :-1 s=STATE_CONNECTION_ESTABLISHED l=1).mark_down
2024-03-19T02:00:42.279 INFO:teuthology.orchestra.run.smithi069.stdout:/usr/bin/ceph: stderr
2024-03-19T02:00:41.332+0000 7fc9a42a3700 1 --2- 172.21.15.69:0/2726813879 >> [v2:172.21.15.69:3300/0,v1:172.21.15.69:6789/0] conn(0x7fc99c0712c0 0x7fc99c105380 secure :-1 s=READY pgs=67 cs=0 l=1 rev1=1 crypto rx=0x7fc9940098e0 tx=0x7fc994009250 comp rx=0 tx=0).stop
2024-03-19T02:00:42.279 INFO:teuthology.orchestra.run.smithi069.stdout:/usr/bin/ceph: stderr
2024-03-19T02:00:41.332+0000 7fc9a42a3700 1 -- 172.21.15.69:0/2726813879 shutdown_connections
2024-03-19T02:00:42.279 INFO:teuthology.orchestra.run.smithi069.stdout:/usr/bin/ceph: stderr
2024-03-19T02:00:41.332+0000 7fc9a42a3700 1 --2- 172.21.15.69:0/2726813879 >> [v2:172.21.15.69:3300/0,v1:172.21.15.69:6789/0] conn(0x7fc99c0712c0 0x7fc99c105380 unknown :-1 s=CLOSED pgs=67 cs=0 l=1 rev1=1 crypto rx=0 tx=0 comp rx=0 tx=0).stop
2024-03-19T02:00:42.279 INFO:teuthology.orchestra.run.smithi069.stdout:/usr/bin/ceph: stderr
2024-03-19T02:00:41.332+0000 7fc9a42a3700 1 -- 172.21.15.69:0/2726813879 >> 172.21.15.69:0/2726813879 conn(0x7fc99c0fcd50 msgr2=0x7fc99c0ff160 unknown :-1 s=STATE_NONE l=0).mark_down
2024-03-19T02:00:42.279 INFO:teuthology.orchestra.run.smithi069.stdout:/usr/bin/ceph: stderr
2024-03-19T02:00:41.332+0000 7fc9a42a3700 1 -- 172.21.15.69:0/2726813879 shutdown_connections
2024-03-19T02:00:42.279 INFO:teuthology.orchestra.run.smithi069.stdout:/usr/bin/ceph: stderr
2024-03-19T02:00:41.332+0000 7fc9a42a3700 1 -- 172.21.15.69:0/2726813879 wait complete.
2024-03-19T02:00:42.279 INFO:teuthology.orchestra.run.smithi069.stdout:/usr/bin/ceph: stderr
2024-03-19T02:00:41.333+0000 7fc9a42a3700 1 Processor -- start
2024-03-19T02:00:42.279 INFO:teuthology.orchestra.run.smithi069.stdout:/usr/bin/ceph: stderr
2024-03-19T02:00:41.333+0000 7fc9a42a3700 1 -- start start
2024-03-19T02:00:42.280 INFO:teuthology.orchestra.run.smithi069.stdout:/usr/bin/ceph: stderr
2024-03-19T02:00:41.333+0000 7fc9a42a3700 1 --2- >> [v2:172.21.15.69:3300/0,v1:172.21.15.69:6789/0] conn(0x7fc99c0712c0 0x7fc99c111690 unknown :-1 s=NONE pgs=0 cs=0 l=1 rev1=0 crypto rx=0 tx=0 comp rx=0 tx=0).connect
2024-03-19T02:00:42.280 INFO:teuthology.orchestra.run.smithi069.stdout:/usr/bin/ceph: stderr
2024-03-19T02:00:41.333+0000 7fc9a42a3700 1 -- --> [v2:172.21.15.69:3300/0,v1:172.21.15.69:6789/0] -- mon_getmap magic: 0 v1 -- 0x7fc99c111bd0 con 0x7fc99c0712c0
2024-03-19T02:00:42.280 INFO:teuthology.orchestra.run.smithi069.stdout:/usr/bin/ceph: stderr
2024-03-19T02:00:41.333+0000 7fc9a203f700 1 --2- >> [v2:172.21.15.69:3300/0,v1:172.21.15.69:6789/0] conn(0x7fc99c0712c0 0x7fc99c111690 unknown :-1 s=BANNER_CONNECTING pgs=0 cs=0 l=1 rev1=0 crypto rx=0 tx=0 comp rx=0 tx=0)._handle_peer_banner_payload supported=3 required=0
2024-03-19T02:00:42.280 INFO:teuthology.orchestra.run.smithi069.stdout:/usr/bin/ceph: stderr
2024-03-19T02:00:41.333+0000 7fc9a203f700 1 --2- >> [v2:172.21.15.69:3300/0,v1:172.21.15.69:6789/0] conn(0x7fc99c0712c0 0x7fc99c111690 unknown :-1 s=HELLO_CONNECTING pgs=0 cs=0 l=1 rev1=1 crypto rx=0 tx=0 comp rx=0 tx=0).handle_hello peer v2:172.21.15.69:3300/0 says I am v2:172.21.15.69:46370/0 (socket says 172.21.15.69:46370)
2024-03-19T02:00:42.280 INFO:teuthology.orchestra.run.smithi069.stdout:/usr/bin/ceph: stderr
2024-03-19T02:00:41.333+0000 7fc9a203f700 1 -- 172.21.15.69:0/159024213 learned_addr learned my addr 172.21.15.69:0/159024213 (peer_addr_for_me v2:172.21.15.69:0/0)
2024-03-19T02:00:42.280 INFO:teuthology.orchestra.run.smithi069.stdout:/usr/bin/ceph: stderr
2024-03-19T02:00:41.333+0000 7fc9a203f700 1 -- 172.21.15.69:0/159024213 --> [v2:172.21.15.69:3300/0,v1:172.21.15.69:6789/0] -- mon_subscribe({config=0+,monmap=0+}) v3 -- 0x7fc9940094f0 con 0x7fc99c0712c0
2024-03-19T02:00:42.280 INFO:teuthology.orchestra.run.smithi069.stdout:/usr/bin/ceph: stderr
2024-03-19T02:00:41.334+0000 7fc9a203f700 1 --2- 172.21.15.69:0/159024213 >> [v2:172.21.15.69:3300/0,v1:172.21.15.69:6789/0] conn(0x7fc99c0712c0 0x7fc99c111690 secure :-1 s=READY pgs=68 cs=0 l=1 rev1=1 crypto rx=0x7fc9940094c0 tx=0x7fc994009250 comp rx=0 tx=0).ready entity=mon.0 client_cookie=0 server_cookie=0 in_seq=0 out_seq=0
2024-03-19T02:00:42.280 INFO:teuthology.orchestra.run.smithi069.stdout:/usr/bin/ceph: stderr
2024-03-19T02:00:41.334+0000 7fc992ffd700 1 -- 172.21.15.69:0/159024213 <== mon.0 v2:172.21.15.69:3300/0 1 ==== mon_map magic: 0 v1 ==== 229+0+0 (secure 0 0 0) 0x7fc994011920 con 0x7fc99c0712c0
2024-03-19T02:00:42.280 INFO:teuthology.orchestra.run.smithi069.stdout:/usr/bin/ceph: stderr
2024-03-19T02:00:41.334+0000 7fc9a42a3700 1 -- 172.21.15.69:0/159024213 --> [v2:172.21.15.69:3300/0,v1:172.21.15.69:6789/0] -- mon_subscribe({mgrmap=0+}) v3 -- 0x7fc99c111dd0 con 0x7fc99c0712c0
2024-03-19T02:00:42.280 INFO:teuthology.orchestra.run.smithi069.stdout:/usr/bin/ceph: stderr
2024-03-19T02:00:41.334+0000 7fc992ffd700 1 -- 172.21.15.69:0/159024213 <== mon.0 v2:172.21.15.69:3300/0 2 ==== config(27 keys) v1 ==== 1109+0+0 (secure 0 0 0) 0x7fc994010d60 con 0x7fc99c0712c0
2024-03-19T02:00:42.280 INFO:teuthology.orchestra.run.smithi069.stdout:/usr/bin/ceph: stderr
2024-03-19T02:00:41.334+0000 7fc992ffd700 1 -- 172.21.15.69:0/159024213 <== mon.0 v2:172.21.15.69:3300/0 3 ==== mon_map magic: 0 v1 ==== 229+0+0 (secure 0 0 0) 0x7fc9940243f0 con 0x7fc99c0712c0
2024-03-19T02:00:42.280 INFO:teuthology.orchestra.run.smithi069.stdout:/usr/bin/ceph: stderr
2024-03-19T02:00:41.334+0000 7fc9a42a3700 1 -- 172.21.15.69:0/159024213 --> [v2:172.21.15.69:3300/0,v1:172.21.15.69:6789/0] -- mon_subscribe({osdmap=0}) v3 -- 0x7fc99c112940 con 0x7fc99c0712c0
2024-03-19T02:00:42.280 INFO:teuthology.orchestra.run.smithi069.stdout:/usr/bin/ceph: stderr
2024-03-19T02:00:41.335+0000 7fc9a42a3700 1 -- 172.21.15.69:0/159024213 --> [v2:172.21.15.69:3300/0,v1:172.21.15.69:6789/0] -- mon_command({"prefix": "get_command_descriptions"} v 0) v1 -- 0x7fc99c05f5f0 con 0x7fc99c0712c0
2024-03-19T02:00:42.280 INFO:teuthology.orchestra.run.smithi069.stdout:/usr/bin/ceph: stderr
2024-03-19T02:00:41.335+0000 7fc992ffd700 1 -- 172.21.15.69:0/159024213 <== mon.0 v2:172.21.15.69:3300/0 4 ==== mgrmap(e 9) v1 ==== 43381+0+0 (secure 0 0 0) 0x7fc99401a7a0 con 0x7fc99c0712c0
2024-03-19T02:00:42.280 INFO:teuthology.orchestra.run.smithi069.stdout:/usr/bin/ceph: stderr
2024-03-19T02:00:41.335+0000 7fc992ffd700 1 --2- 172.21.15.69:0/159024213 >> [v2:172.21.15.69:6800/2827655727,v1:172.21.15.69:6801/2827655727] conn(0x7fc9880367e0 0x7fc988038c90 unknown :-1 s=NONE pgs=0 cs=0 l=1 rev1=0 crypto rx=0 tx=0 comp rx=0 tx=0).connect
2024-03-19T02:00:42.280 INFO:teuthology.orchestra.run.smithi069.stdout:/usr/bin/ceph: stderr
2024-03-19T02:00:41.335+0000 7fc992ffd700 1 -- 172.21.15.69:0/159024213 <== mon.0 v2:172.21.15.69:3300/0 5 ==== osd_map(2..2 src has 1..2) v4 ==== 936+0+0 (secure 0 0 0) 0x7fc99404a5c0 con 0x7fc99c0712c0
2024-03-19T02:00:42.281 INFO:teuthology.orchestra.run.smithi069.stdout:/usr/bin/ceph: stderr
2024-03-19T02:00:41.335+0000 7fc9a183e700 1 -- 172.21.15.69:0/159024213 >> [v2:172.21.15.69:6800/2827655727,v1:172.21.15.69:6801/2827655727] conn(0x7fc9880367e0 msgr2=0x7fc988038c90 unknown :-1 s=STATE_CONNECTING_RE l=1).process reconnect failed to v2:172.21.15.69:6800/2827655727
2024-03-19T02:00:42.281 INFO:teuthology.orchestra.run.smithi069.stdout:/usr/bin/ceph: stderr
2024-03-19T02:00:41.335+0000 7fc9a183e700 1 --2- 172.21.15.69:0/159024213 >> [v2:172.21.15.69:6800/2827655727,v1:172.21.15.69:6801/2827655727] conn(0x7fc9880367e0 0x7fc988038c90 unknown :-1 s=START_CONNECT pgs=0 cs=0 l=1 rev1=0 crypto rx=0 tx=0 comp rx=0 tx=0)._fault waiting 0.200000
2024-03-19T02:00:42.281 INFO:teuthology.orchestra.run.smithi069.stdout:/usr/bin/ceph: stderr
2024-03-19T02:00:41.344+0000 7fc992ffd700 1 -- 172.21.15.69:0/159024213 <== mon.0 v2:172.21.15.69:3300/0 6 ==== mon_command_ack([{"prefix": "get_command_descriptions"}]=0 v0) v1 ==== 72+0+175674 (secure 0 0 0) 0x7fc994018530 con 0x7fc99c0712c0
2024-03-19T02:00:42.281 INFO:teuthology.orchestra.run.smithi069.stdout:/usr/bin/ceph: stderr
2024-03-19T02:00:41.536+0000 7fc9a183e700 1 -- 172.21.15.69:0/159024213 >> [v2:172.21.15.69:6800/2827655727,v1:172.21.15.69:6801/2827655727] conn(0x7fc9880367e0 msgr2=0x7fc988038c90 unknown :-1 s=STATE_CONNECTING_RE l=1).process reconnect failed to v2:172.21.15.69:6800/2827655727
2024-03-19T02:00:42.281 INFO:teuthology.orchestra.run.smithi069.stdout:/usr/bin/ceph: stderr
2024-03-19T02:00:41.536+0000 7fc9a183e700 1 --2- 172.21.15.69:0/159024213 >> [v2:172.21.15.69:6800/2827655727,v1:172.21.15.69:6801/2827655727] conn(0x7fc9880367e0 0x7fc988038c90 unknown :-1 s=START_CONNECT pgs=0 cs=0 l=1 rev1=0 crypto rx=0 tx=0 comp rx=0 tx=0)._fault waiting 0.400000
2024-03-19T02:00:42.281 INFO:teuthology.orchestra.run.smithi069.stdout:/usr/bin/ceph: stderr
2024-03-19T02:00:41.580+0000 7fc9a42a3700 1 -- 172.21.15.69:0/159024213 --> [v2:172.21.15.69:3300/0,v1:172.21.15.69:6789/0] -- mon_command({"prefix": "mgr stat"} v 0) v1 -- 0x7fc99c112c80 con 0x7fc99c0712c0
2024-03-19T02:00:42.281 INFO:teuthology.orchestra.run.smithi069.stdout:/usr/bin/ceph: stderr
2024-03-19T02:00:41.580+0000 7fc992ffd700 1 -- 172.21.15.69:0/159024213 <== mon.0 v2:172.21.15.69:3300/0 7 ==== mon_command_ack([{"prefix": "mgr stat"}]=0 v9) v1 ==== 56+0+103 (secure 0 0 0) 0x7fc994018350 con 0x7fc99c0712c0
2024-03-19T02:00:42.281 INFO:teuthology.orchestra.run.smithi069.stdout:/usr/bin/ceph: stderr
2024-03-19T02:00:41.582+0000 7fc9a42a3700 1 -- 172.21.15.69:0/159024213 >> [v2:172.21.15.69:6800/2827655727,v1:172.21.15.69:6801/2827655727] conn(0x7fc9880367e0 msgr2=0x7fc988038c90 unknown :-1 s=STATE_CONNECTING l=1).mark_down
2024-03-19T02:00:42.281 INFO:teuthology.orchestra.run.smithi069.stdout:/usr/bin/ceph: stderr
2024-03-19T02:00:41.582+0000 7fc9a42a3700 1 --2- 172.21.15.69:0/159024213 >> [v2:172.21.15.69:6800/2827655727,v1:172.21.15.69:6801/2827655727] conn(0x7fc9880367e0 0x7fc988038c90 unknown :-1 s=START_CONNECT pgs=0 cs=0 l=1 rev1=0 crypto rx=0 tx=0 comp rx=0 tx=0).stop
2024-03-19T02:00:42.281 INFO:teuthology.orchestra.run.smithi069.stdout:/usr/bin/ceph: stderr
2024-03-19T02:00:41.582+0000 7fc9a42a3700 1 -- 172.21.15.69:0/159024213 >> [v2:172.21.15.69:3300/0,v1:172.21.15.69:6789/0] conn(0x7fc99c0712c0 msgr2=0x7fc99c111690 secure :-1 s=STATE_CONNECTION_ESTABLISHED l=1).mark_down
2024-03-19T02:00:42.281 INFO:teuthology.orchestra.run.smithi069.stdout:/usr/bin/ceph: stderr
2024-03-19T02:00:41.582+0000 7fc9a42a3700 1 --2- 172.21.15.69:0/159024213 >> [v2:172.21.15.69:3300/0,v1:172.21.15.69:6789/0] conn(0x7fc99c0712c0 0x7fc99c111690 secure :-1 s=READY pgs=68 cs=0 l=1 rev1=1 crypto rx=0x7fc9940094c0 tx=0x7fc994009250 comp rx=0 tx=0).stop
2024-03-19T02:00:42.281 INFO:teuthology.orchestra.run.smithi069.stdout:/usr/bin/ceph: stderr
2024-03-19T02:00:41.582+0000 7fc9a42a3700 1 -- 172.21.15.69:0/159024213 shutdown_connections
2024-03-19T02:00:42.281 INFO:teuthology.orchestra.run.smithi069.stdout:/usr/bin/ceph: stderr
2024-03-19T02:00:41.582+0000 7fc9a42a3700 1 --2- 172.21.15.69:0/159024213 >> [v2:172.21.15.69:6800/2827655727,v1:172.21.15.69:6801/2827655727] conn(0x7fc9880367e0 0x7fc988038c90 unknown :-1 s=CLOSED pgs=0 cs=0 l=1 rev1=0 crypto rx=0 tx=0 comp rx=0 tx=0).stop
2024-03-19T02:00:42.281 INFO:teuthology.orchestra.run.smithi069.stdout:/usr/bin/ceph: stderr
2024-03-19T02:00:41.582+0000 7fc9a42a3700 1 --2- 172.21.15.69:0/159024213 >> [v2:172.21.15.69:3300/0,v1:172.21.15.69:6789/0] conn(0x7fc99c0712c0 0x7fc99c111690 unknown :-1 s=CLOSED pgs=68 cs=0 l=1 rev1=1 crypto rx=0 tx=0 comp rx=0 tx=0).stop
