2024-03-19T02:17:37.566+0000 7fd864bdf700 1 --2- 172.21.15.116:0/1918225491 >> [v2:172.21.15.116:3300/0,v1:172.21.15.116:6789/0] conn(0x7fd860107b00 0x7fd86019b970 secure :-1 s=READY pgs=29 cs=0 l=1 rev1=1 crypto rx=0x7fd854006af0 tx=0x7fd854011b70 comp rx=0 tx=0).ready entity=mon.0 client_cookie=0 server_cookie=0 in_seq=0 out_seq=0
2024-03-19T02:17:43.432 INFO:teuthology.orchestra.run.smithi116.stdout:/usr/bin/ceph: stderr
2024-03-19T02:17:37.566+0000 7fd85dffb700 1 -- 172.21.15.116:0/1918225491 <== mon.0 v2:172.21.15.116:3300/0 1 ==== mon_map magic: 0 ==== 205+0+0 (secure 0 0 0) 0x7fd854003930 con 0x7fd860107b00
2024-03-19T02:17:43.432 INFO:teuthology.orchestra.run.smithi116.stdout:/usr/bin/ceph: stderr
2024-03-19T02:17:37.566+0000 7fd85dffb700 1 -- 172.21.15.116:0/1918225491 <== mon.0 v2:172.21.15.116:3300/0 2 ==== config(26 keys) ==== 1071+0+0 (secure 0 0 0) 0x7fd854003ad0 con 0x7fd860107b00
2024-03-19T02:17:43.432 INFO:teuthology.orchestra.run.smithi116.stdout:/usr/bin/ceph: stderr
2024-03-19T02:17:37.566+0000 7fd866e43700 1 -- 172.21.15.116:0/1918225491 --> [v2:172.21.15.116:3300/0,v1:172.21.15.116:6789/0] -- mon_subscribe({mgrmap=0+}) -- 0x7fd86019c140 con 0x7fd860107b00
2024-03-19T02:17:43.432 INFO:teuthology.orchestra.run.smithi116.stdout:/usr/bin/ceph: stderr
2024-03-19T02:17:37.567+0000 7fd85dffb700 1 -- 172.21.15.116:0/1918225491 <== mon.0 v2:172.21.15.116:3300/0 3 ==== mon_map magic: 0 ==== 205+0+0 (secure 0 0 0) 0x7fd8540195e0 con 0x7fd860107b00
2024-03-19T02:17:43.432 INFO:teuthology.orchestra.run.smithi116.stdout:/usr/bin/ceph: stderr
2024-03-19T02:17:37.567+0000 7fd866e43700 1 -- 172.21.15.116:0/1918225491 --> [v2:172.21.15.116:3300/0,v1:172.21.15.116:6789/0] -- mon_subscribe({osdmap=0}) -- 0x7fd86019ee30 con 0x7fd860107b00
2024-03-19T02:17:43.432 INFO:teuthology.orchestra.run.smithi116.stdout:/usr/bin/ceph: stderr
2024-03-19T02:17:37.568+0000 7fd85dffb700 1 -- 172.21.15.116:0/1918225491 <== mon.0 v2:172.21.15.116:3300/0 4 ==== mgrmap(e 5) ==== 46106+0+0 (secure 0 0 0) 0x7fd854019890 con 0x7fd860107b00
2024-03-19T02:17:43.432 INFO:teuthology.orchestra.run.smithi116.stdout:/usr/bin/ceph: stderr
2024-03-19T02:17:37.568+0000 7fd85dffb700 1 --2- 172.21.15.116:0/1918225491 >> [v2:172.21.15.116:6800/1136807551,v1:172.21.15.116:6801/1136807551] conn(0x7fd850038fe0 0x7fd85003b4a0 unknown :-1 s=NONE pgs=0 cs=0 l=1 rev1=0 crypto rx=0 tx=0 comp rx=0 tx=0).connect
2024-03-19T02:17:43.432 INFO:teuthology.orchestra.run.smithi116.stdout:/usr/bin/ceph: stderr
2024-03-19T02:17:37.568+0000 7fd85dffb700 1 -- 172.21.15.116:0/1918225491 --> [v2:172.21.15.116:6800/1136807551,v1:172.21.15.116:6801/1136807551] -- command(tid 0: {"prefix": "get_command_descriptions"}) -- 0x7fd85003bbb0 con 0x7fd850038fe0
2024-03-19T02:17:43.433 INFO:teuthology.orchestra.run.smithi116.stdout:/usr/bin/ceph: stderr
2024-03-19T02:17:37.568+0000 7fd85ffff700 1 -- 172.21.15.116:0/1918225491 >> [v2:172.21.15.116:6800/1136807551,v1:172.21.15.116:6801/1136807551] conn(0x7fd850038fe0 msgr2=0x7fd85003b4a0 unknown :-1 s=STATE_CONNECTING_RE l=1).process reconnect failed to v2:172.21.15.116:6800/1136807551
2024-03-19T02:17:43.433 INFO:teuthology.orchestra.run.smithi116.stdout:/usr/bin/ceph: stderr
2024-03-19T02:17:37.568+0000 7fd85dffb700 1 -- 172.21.15.116:0/1918225491 <== mon.0 v2:172.21.15.116:3300/0 5 ==== osd_map(1..1 src has 1..1) ==== 725+0+0 (secure 0 0 0) 0x7fd85404d230 con 0x7fd860107b00
2024-03-19T02:17:43.433 INFO:teuthology.orchestra.run.smithi116.stdout:/usr/bin/ceph: stderr
2024-03-19T02:17:37.568+0000 7fd85ffff700 1 --2- 172.21.15.116:0/1918225491 >> [v2:172.21.15.116:6800/1136807551,v1:172.21.15.116:6801/1136807551] conn(0x7fd850038fe0 0x7fd85003b4a0 unknown :-1 s=START_CONNECT pgs=0 cs=0 l=1 rev1=0 crypto rx=0 tx=0 comp rx=0 tx=0)._fault waiting 0.200000
2024-03-19T02:17:43.433 INFO:teuthology.orchestra.run.smithi116.stdout:/usr/bin/ceph: stderr
2024-03-19T02:17:37.769+0000 7fd85ffff700 1 -- 172.21.15.116:0/1918225491 >> [v2:172.21.15.116:6800/1136807551,v1:172.21.15.116:6801/1136807551] conn(0x7fd850038fe0 msgr2=0x7fd85003b4a0 unknown :-1 s=STATE_CONNECTING_RE l=1).process reconnect failed to v2:172.21.15.116:6800/1136807551
2024-03-19T02:17:43.433 INFO:teuthology.orchestra.run.smithi116.stdout:/usr/bin/ceph: stderr
2024-03-19T02:17:37.769+0000 7fd85ffff700 1 --2- 172.21.15.116:0/1918225491 >> [v2:172.21.15.116:6800/1136807551,v1:172.21.15.116:6801/1136807551] conn(0x7fd850038fe0 0x7fd85003b4a0 unknown :-1 s=START_CONNECT pgs=0 cs=0 l=1 rev1=0 crypto rx=0 tx=0 comp rx=0 tx=0)._fault waiting 0.400000
2024-03-19T02:17:43.433 INFO:teuthology.orchestra.run.smithi116.stdout:/usr/bin/ceph: stderr
2024-03-19T02:17:38.170+0000 7fd85ffff700 1 -- 172.21.15.116:0/1918225491 >> [v2:172.21.15.116:6800/1136807551,v1:172.21.15.116:6801/1136807551] conn(0x7fd850038fe0 msgr2=0x7fd85003b4a0 unknown :-1 s=STATE_CONNECTING_RE l=1).process reconnect failed to v2:172.21.15.116:6800/1136807551
2024-03-19T02:17:43.433 INFO:teuthology.orchestra.run.smithi116.stdout:/usr/bin/ceph: stderr
2024-03-19T02:17:38.170+0000 7fd85ffff700 1 --2- 172.21.15.116:0/1918225491 >> [v2:172.21.15.116:6800/1136807551,v1:172.21.15.116:6801/1136807551] conn(0x7fd850038fe0 0x7fd85003b4a0 unknown :-1 s=START_CONNECT pgs=0 cs=0 l=1 rev1=0 crypto rx=0 tx=0 comp rx=0 tx=0)._fault waiting 0.800000
2024-03-19T02:17:43.433 INFO:teuthology.orchestra.run.smithi116.stdout:/usr/bin/ceph: stderr
2024-03-19T02:17:38.971+0000 7fd85ffff700 1 -- 172.21.15.116:0/1918225491 >> [v2:172.21.15.116:6800/1136807551,v1:172.21.15.116:6801/1136807551] conn(0x7fd850038fe0 msgr2=0x7fd85003b4a0 unknown :-1 s=STATE_CONNECTING_RE l=1).process reconnect failed to v2:172.21.15.116:6800/1136807551
2024-03-19T02:17:43.433 INFO:teuthology.orchestra.run.smithi116.stdout:/usr/bin/ceph: stderr
2024-03-19T02:17:38.971+0000 7fd85ffff700 1 --2- 172.21.15.116:0/1918225491 >> [v2:172.21.15.116:6800/1136807551,v1:172.21.15.116:6801/1136807551] conn(0x7fd850038fe0 0x7fd85003b4a0 unknown :-1 s=START_CONNECT pgs=0 cs=0 l=1 rev1=0 crypto rx=0 tx=0 comp rx=0 tx=0)._fault waiting 1.600000
2024-03-19T02:17:43.433 INFO:teuthology.orchestra.run.smithi116.stdout:/usr/bin/ceph: stderr
2024-03-19T02:17:40.573+0000 7fd85ffff700 1 -- 172.21.15.116:0/1918225491 >> [v2:172.21.15.116:6800/1136807551,v1:172.21.15.116:6801/1136807551] conn(0x7fd850038fe0 msgr2=0x7fd85003b4a0 unknown :-1 s=STATE_CONNECTING_RE l=1).process reconnect failed to v2:172.21.15.116:6800/1136807551
2024-03-19T02:17:43.434 INFO:teuthology.orchestra.run.smithi116.stdout:/usr/bin/ceph: stderr
2024-03-19T02:17:40.573+0000 7fd85ffff700 1 --2- 172.21.15.116:0/1918225491 >> [v2:172.21.15.116:6800/1136807551,v1:172.21.15.116:6801/1136807551] conn(0x7fd850038fe0 0x7fd85003b4a0 unknown :-1 s=START_CONNECT pgs=0 cs=0 l=1 rev1=0 crypto rx=0 tx=0 comp rx=0 tx=0)._fault waiting 3.200000
2024-03-19T02:17:43.434 INFO:teuthology.orchestra.run.smithi116.stdout:/usr/bin/ceph: stderr
2024-03-19T02:17:41.786+0000 7fd85dffb700 1 -- 172.21.15.116:0/1918225491 <== mon.0 v2:172.21.15.116:3300/0 6 ==== mgrmap(e 6) ==== 45873+0+0 (secure 0 0 0) 0x7fd854019bd0 con 0x7fd860107b00
2024-03-19T02:17:43.434 INFO:teuthology.orchestra.run.smithi116.stdout:/usr/bin/ceph: stderr
2024-03-19T02:17:41.786+0000 7fd85dffb700 1 -- 172.21.15.116:0/1918225491 >> [v2:172.21.15.116:6800/1136807551,v1:172.21.15.116:6801/1136807551] conn(0x7fd850038fe0 msgr2=0x7fd85003b4a0 unknown :-1 s=STATE_CONNECTING l=1).mark_down
2024-03-19T02:17:43.434 INFO:teuthology.orchestra.run.smithi116.stdout:/usr/bin/ceph: stderr
2024-03-19T02:17:41.786+0000 7fd85dffb700 1 --2- 172.21.15.116:0/1918225491 >> [v2:172.21.15.116:6800/1136807551,v1:172.21.15.116:6801/1136807551] conn(0x7fd850038fe0 0x7fd85003b4a0 unknown :-1 s=START_CONNECT pgs=0 cs=0 l=1 rev1=0 crypto rx=0 tx=0 comp rx=0 tx=0).stop
2024-03-19T02:17:43.434 INFO:teuthology.orchestra.run.smithi116.stdout:/usr/bin/ceph: stderr
2024-03-19T02:17:42.788+0000 7fd85dffb700 1 -- 172.21.15.116:0/1918225491 <== mon.0 v2:172.21.15.116:3300/0 7 ==== mgrmap(e 7) ==== 46000+0+0 (secure 0 0 0) 0x7fd85401aa90 con 0x7fd860107b00
2024-03-19T02:17:43.434 INFO:teuthology.orchestra.run.smithi116.stdout:/usr/bin/ceph: stderr
2024-03-19T02:17:42.788+0000 7fd85dffb700 1 --2- 172.21.15.116:0/1918225491 >> [v2:172.21.15.116:6800/647665947,v1:172.21.15.116:6801/647665947] conn(0x7fd85003c8d0 0x7fd85003ecc0 unknown :-1 s=NONE pgs=0 cs=0 l=1 rev1=0 crypto rx=0 tx=0 comp rx=0 tx=0).connect
2024-03-19T02:17:43.434 INFO:teuthology.orchestra.run.smithi116.stdout:/usr/bin/ceph: stderr
2024-03-19T02:17:42.788+0000 7fd85dffb700 1 -- 172.21.15.116:0/1918225491 --> [v2:172.21.15.116:6800/647665947,v1:172.21.15.116:6801/647665947] -- command(tid 0: {"prefix": "get_command_descriptions"}) -- 0x7fd854001d30 con 0x7fd85003c8d0
2024-03-19T02:17:43.434 INFO:teuthology.orchestra.run.smithi116.stdout:/usr/bin/ceph: stderr
2024-03-19T02:17:42.788+0000 7fd85ffff700 1 --2- 172.21.15.116:0/1918225491 >> [v2:172.21.15.116:6800/647665947,v1:172.21.15.116:6801/647665947] conn(0x7fd85003c8d0 0x7fd85003ecc0 unknown :-1 s=BANNER_CONNECTING pgs=0 cs=0 l=1 rev1=0 crypto rx=0 tx=0 comp rx=0 tx=0)._handle_peer_banner_payload supported=3 required=0
2024-03-19T02:17:43.434 INFO:teuthology.orchestra.run.smithi116.stdout:/usr/bin/ceph: stderr
2024-03-19T02:17:42.789+0000 7fd85ffff700 1 --2- 172.21.15.116:0/1918225491 >> [v2:172.21.15.116:6800/647665947,v1:172.21.15.116:6801/647665947] conn(0x7fd85003c8d0 0x7fd85003ecc0 secure :-1 s=READY pgs=2 cs=0 l=1 rev1=1 crypto rx=0x7fd84c003a10 tx=0x7fd84c0092b0 comp rx=0 tx=0).ready entity=mgr.14120 client_cookie=0 server_cookie=0 in_seq=0 out_seq=0
2024-03-19T02:17:43.434 INFO:teuthology.orchestra.run.smithi116.stdout:/usr/bin/ceph: stderr
2024-03-19T02:17:42.789+0000 7fd85dffb700 1 -- 172.21.15.116:0/1918225491 <== mgr.14120 v2:172.21.15.116:6800/647665947 1 ==== command_reply(tid 0: 0 ) ==== 8+0+7774 (secure 0 0 0) 0x7fd854001d30 con 0x7fd85003c8d0
2024-03-19T02:17:43.434 INFO:teuthology.orchestra.run.smithi116.stdout:/usr/bin/ceph: stderr
2024-03-19T02:17:42.796+0000 7fd866e43700 1 -- 172.21.15.116:0/1918225491 --> [v2:172.21.15.116:6800/647665947,v1:172.21.15.116:6801/647665947] -- command(tid 1: {"prefix": "mgr_status"}) -- 0x7fd860063940 con 0x7fd85003c8d0
2024-03-19T02:17:43.434 INFO:teuthology.orchestra.run.smithi116.stdout:/usr/bin/ceph: stderr
2024-03-19T02:17:42.796+0000 7fd85dffb700 1 -- 172.21.15.116:0/1918225491 <== mgr.14120 v2:172.21.15.116:6800/647665947 2 ==== command_reply(tid 1: 0 ) ==== 8+0+51 (secure 0 0 0) 0x7fd860063940 con 0x7fd85003c8d0
2024-03-19T02:17:43.434 INFO:teuthology.orchestra.run.smithi116.stdout:/usr/bin/ceph: stderr
2024-03-19T02:17:42.796+0000 7fd866e43700 1 -- 172.21.15.116:0/1918225491 >> [v2:172.21.15.116:6800/647665947,v1:172.21.15.116:6801/647665947] conn(0x7fd85003c8d0 msgr2=0x7fd85003ecc0 secure :-1 s=STATE_CONNECTION_ESTABLISHED l=1).mark_down
2024-03-19T02:17:43.434 INFO:teuthology.orchestra.run.smithi116.stdout:/usr/bin/ceph: stderr
2024-03-19T02:17:42.796+0000 7fd866e43700 1 --2- 172.21.15.116:0/1918225491 >> [v2:172.21.15.116:6800/647665947,v1:172.21.15.116:6801/647665947] conn(0x7fd85003c8d0 0x7fd85003ecc0 secure :-1 s=READY pgs=2 cs=0 l=1 rev1=1 crypto rx=0x7fd84c003a10 tx=0x7fd84c0092b0 comp rx=0 tx=0).stop
2024-03-19T02:17:43.435 INFO:teuthology.orchestra.run.smithi116.stdout:/usr/bin/ceph: stderr
2024-03-19T02:17:42.796+0000 7fd866e43700 1 -- 172.21.15.116:0/1918225491 >> [v2:172.21.15.116:3300/0,v1:172.21.15.116:6789/0] conn(0x7fd860107b00 msgr2=0x7fd86019b970 secure :-1 s=STATE_CONNECTION_ESTABLISHED l=1).mark_down
2024-03-19T02:17:43.435 INFO:teuthology.orchestra.run.smithi116.stdout:/usr/bin/ceph: stderr
2024-03-19T02:17:42.796+0000 7fd866e43700 1 --2- 172.21.15.116:0/1918225491 >> [v2:172.21.15.116:3300/0,v1:172.21.15.116:6789/0] conn(0x7fd860107b00 0x7fd86019b970 secure :-1 s=READY pgs=29 cs=0 l=1 rev1=1 crypto rx=0x7fd854006af0 tx=0x7fd854011b70 comp rx=0 tx=0).stop
2024-03-19T02:17:43.435 INFO:teuthology.orchestra.run.smithi116.stdout:/usr/bin/ceph: stderr
2024-03-19T02:17:42.796+0000 7fd866e43700 1 -- 172.21.15.116:0/1918225491 shutdown_connections
2024-03-19T02:17:43.435 INFO:teuthology.orchestra.run.smithi116.stdout:/usr/bin/ceph: stderr
2024-03-19T02:17:42.796+0000 7fd866e43700 1 --2- 172.21.15.116:0/1918225491 >> [v2:172.21.15.116:6800/647665947,v1:172.21.15.116:6801/647665947] conn(0x7fd85003c8d0 0x7fd85003ecc0 unknown :-1 s=CLOSED pgs=2 cs=0 l=1 rev1=1 crypto rx=0 tx=0 comp rx=0 tx=0).stop
2024-03-19T02:17:43.435 INFO:teuthology.orchestra.run.smithi116.stdout:/usr/bin/ceph: stderr
2024-03-19T02:17:42.796+0000 7fd866e43700 1 --2- 172.21.15.116:0/1918225491 >> [v2:172.21.15.116:3300/0,v1:172.21.15.116:6789/0] conn(0x7fd860107b00 0x7fd86019b970 unknown :-1 s=CLOSED pgs=29 cs=0 l=1 rev1=1 crypto rx=0 tx=0 comp rx=0 tx=0).stop
2024-03-19T02:17:43.435 INFO:teuthology.orchestra.run.smithi116.stdout:/usr/bin/ceph: stderr
2024-03-19T02:17:42.796+0000 7fd866e43700 1 --2- 172.21.15.116:0/1918225491 >> [v2:172.21.15.116:6800/1136807551,v1:172.21.15.116:6801/1136807551] conn(0x7fd850038fe0 0x7fd85003b4a0 unknown :-1 s=CLOSED pgs=0 cs=0 l=1 rev1=0 crypto rx=0 tx=0 comp rx=0 tx=0).stop
2024-03-19T02:17:43.435 INFO:teuthology.orchestra.run.smithi116.stdout:/usr/bin/ceph: stderr
2024-03-19T02:17:42.796+0000 7fd866e43700 1 -- 172.21.15.116:0/1918225491 >> 172.21.15.116:0/1918225491 conn(0x7fd8601030c0 msgr2=0x7fd860103b40 unknown :-1 s=STATE_NONE l=0).mark_down
2024-03-19T02:17:43.435 INFO:teuthology.orchestra.run.smithi116.stdout:/usr/bin/ceph: stderr
2024-03-19T02:17:42.797+0000 7fd866e43700 1 -- 172.21.15.116:0/1918225491 shutdown_connections
2024-03-19T02:17:43.435 INFO:teuthology.orchestra.run.smithi116.stdout:/usr/bin/ceph: stderr
2024-03-19T02:17:42.797+0000 7fd866e43700 1 -- 172.21.15.116:0/1918225491 wait complete.
2024-03-19T02:17:43.435 INFO:teuthology.orchestra.run.smithi116.stdout:mgr epoch 5 is available
2024-03-19T02:17:43.435 INFO:teuthology.orchestra.run.smithi116.stdout:Setting orchestrator backend to cephadm...
2024-03-19T02:17:44.008 INFO:journalctl@ceph.mon.a.smithi116.stdout:Mar 19 02:17:43 smithi116 ceph-mon[32263]: [19/Mar/2024:02:17:42] ENGINE Bus STARTING
2024-03-19T02:17:44.009 INFO:journalctl@ceph.mon.a.smithi116.stdout:Mar 19 02:17:43 smithi116 ceph-mon[32263]: [19/Mar/2024:02:17:42] ENGINE Serving on http://172.21.15.116:8765
2024-03-19T02:17:44.009 INFO:journalctl@ceph.mon.a.smithi116.stdout:Mar 19 02:17:43 smithi116 ceph-mon[32263]: from='client.14124 -' entity='client.admin' cmd=[{"prefix": "get_command_descriptions"}]: dispatch
2024-03-19T02:17:44.009 INFO:journalctl@ceph.mon.a.smithi116.stdout:Mar 19 02:17:43 smithi116 ceph-mon[32263]: from='client.14124 -' entity='client.admin' cmd=[{"prefix": "mgr_status"}]: dispatch
2024-03-19T02:17:44.009 INFO:journalctl@ceph.mon.a.smithi116.stdout:Mar 19 02:17:43 smithi116 ceph-mon[32263]: [19/Mar/2024:02:17:42] ENGINE Serving on https://172.21.15.116:7150
2024-03-19T02:17:44.009 INFO:journalctl@ceph.mon.a.smithi116.stdout:Mar 19 02:17:43 smithi116 ceph-mon[32263]: [19/Mar/2024:02:17:42] ENGINE Bus STARTED
2024-03-19T02:17:44.009 INFO:journalctl@ceph.mon.a.smithi116.stdout:Mar 19 02:17:43 smithi116 ceph-mon[32263]: from='mgr.14120 172.21.15.116:0/3365854731' entity='mgr.x' cmd=[{"prefix": "config dump", "format": "json"}]: dispatch
2024-03-19T02:17:44.605 INFO:teuthology.orchestra.run.smithi116.stdout:/usr/bin/ceph: stderr
2024-03-19T02:17:43.796+0000 7f955ceef700 1 Processor -- start
2024-03-19T02:17:44.606 INFO:teuthology.orchestra.run.smithi116.stdout:/usr/bin/ceph: stderr
2024-03-19T02:17:43.796+0000 7f955ceef700 1 -- start start
2024-03-19T02:17:44.606 INFO:teuthology.orchestra.run.smithi116.stdout:/usr/bin/ceph: stderr
2024-03-19T02:17:43.796+0000 7f955ceef700 1 --2- >> [v2:172.21.15.116:3300/0,v1:172.21.15.116:6789/0] conn(0x7f9558108540 0x7f955810a930 unknown :-1 s=NONE pgs=0 cs=0 l=0 rev1=0 crypto rx=0 tx=0 comp rx=0 tx=0).connect
2024-03-19T02:17:44.606 INFO:teuthology.orchestra.run.smithi116.stdout:/usr/bin/ceph: stderr
2024-03-19T02:17:43.796+0000 7f955ceef700 1 -- --> [v2:172.21.15.116:3300/0,v1:172.21.15.116:6789/0] -- mon_getmap magic: 0 -- 0x7f955807be40 con 0x7f9558108540
2024-03-19T02:17:44.606 INFO:teuthology.orchestra.run.smithi116.stdout:/usr/bin/ceph: stderr
2024-03-19T02:17:43.796+0000 7f955659c700 1 --2- >> [v2:172.21.15.116:3300/0,v1:172.21.15.116:6789/0] conn(0x7f9558108540 0x7f955810a930 unknown :-1 s=BANNER_CONNECTING pgs=0 cs=0 l=0 rev1=0 crypto rx=0 tx=0 comp rx=0 tx=0)._handle_peer_banner_payload supported=3 required=0
2024-03-19T02:17:44.606 INFO:teuthology.orchestra.run.smithi116.stdout:/usr/bin/ceph: stderr
2024-03-19T02:17:43.796+0000 7f955659c700 1 --2- >> [v2:172.21.15.116:3300/0,v1:172.21.15.116:6789/0] conn(0x7f9558108540 0x7f955810a930 unknown :-1 s=HELLO_CONNECTING pgs=0 cs=0 l=0 rev1=1 crypto rx=0 tx=0 comp rx=0 tx=0).handle_hello peer v2:172.21.15.116:3300/0 says I am v2:172.21.15.116:53060/0 (socket says 172.21.15.116:53060)
2024-03-19T02:17:44.606 INFO:teuthology.orchestra.run.smithi116.stdout:/usr/bin/ceph: stderr
2024-03-19T02:17:43.796+0000 7f955659c700 1 -- 172.21.15.116:0/3392695085 learned_addr learned my addr 172.21.15.116:0/3392695085 (peer_addr_for_me v2:172.21.15.116:0/0)
2024-03-19T02:17:44.606 INFO:teuthology.orchestra.run.smithi116.stdout:/usr/bin/ceph: stderr
2024-03-19T02:17:43.797+0000 7f955659c700 1 -- 172.21.15.116:0/3392695085 --> [v2:172.21.15.116:3300/0,v1:172.21.15.116:6789/0] -- mon_subscribe({config=0+,monmap=0+}) -- 0x7f955810ae70 con 0x7f9558108540
2024-03-19T02:17:44.606 INFO:teuthology.orchestra.run.smithi116.stdout:/usr/bin/ceph: stderr
2024-03-19T02:17:43.797+0000 7f955659c700 1 --2- 172.21.15.116:0/3392695085 >> [v2:172.21.15.116:3300/0,v1:172.21.15.116:6789/0] conn(0x7f9558108540 0x7f955810a930 secure :-1 s=READY pgs=37 cs=0 l=1 rev1=1 crypto rx=0x7f95480098a0 tx=0x7f9548009bb0 comp rx=0 tx=0).ready entity=mon.0 client_cookie=42e39865ccc78ac server_cookie=0 in_seq=0 out_seq=0
2024-03-19T02:17:44.606 INFO:teuthology.orchestra.run.smithi116.stdout:/usr/bin/ceph: stderr
2024-03-19T02:17:43.797+0000 7f9555d9b700 1 -- 172.21.15.116:0/3392695085 <== mon.0 v2:172.21.15.116:3300/0 1 ==== mon_map magic: 0 ==== 205+0+0 (secure 0 0 0) 0x7f9548004160 con 0x7f9558108540
2024-03-19T02:17:44.606 INFO:teuthology.orchestra.run.smithi116.stdout:/usr/bin/ceph: stderr
2024-03-19T02:17:43.797+0000 7f9555d9b700 1 -- 172.21.15.116:0/3392695085 <== mon.0 v2:172.21.15.116:3300/0 2 ==== config(26 keys) ==== 1071+0+0 (secure 0 0 0) 0x7f9548004300 con 0x7f9558108540
2024-03-19T02:17:44.606 INFO:teuthology.orchestra.run.smithi116.stdout:/usr/bin/ceph: stderr
2024-03-19T02:17:43.797+0000 7f9555d9b700 1 -- 172.21.15.116:0/3392695085 <== mon.0 v2:172.21.15.116:3300/0 3 ==== mon_map magic: 0 ==== 205+0+0 (secure 0 0 0) 0x7f9548011a80 con 0x7f9558108540
2024-03-19T02:17:44.607 INFO:teuthology.orchestra.run.smithi116.stdout:/usr/bin/ceph: stderr
2024-03-19T02:17:43.797+0000 7f955ceef700 1 -- 172.21.15.116:0/3392695085 >> [v2:172.21.15.116:3300/0,v1:172.21.15.116:6789/0] conn(0x7f9558108540 msgr2=0x7f955810a930 secure :-1 s=STATE_CONNECTION_ESTABLISHED l=1).mark_down
2024-03-19T02:17:44.607 INFO:teuthology.orchestra.run.smithi116.stdout:/usr/bin/ceph: stderr
2024-03-19T02:17:43.797+0000 7f955ceef700 1 --2- 172.21.15.116:0/3392695085 >> [v2:172.21.15.116:3300/0,v1:172.21.15.116:6789/0] conn(0x7f9558108540 0x7f955810a930 secure :-1 s=READY pgs=37 cs=0 l=1 rev1=1 crypto rx=0x7f95480098a0 tx=0x7f9548009bb0 comp rx=0 tx=0).stop
2024-03-19T02:17:44.607 INFO:teuthology.orchestra.run.smithi116.stdout:/usr/bin/ceph: stderr
2024-03-19T02:17:43.798+0000 7f955ceef700 1 -- 172.21.15.116:0/3392695085 shutdown_connections
2024-03-19T02:17:44.607 INFO:teuthology.orchestra.run.smithi116.stdout:/usr/bin/ceph: stderr
2024-03-19T02:17:43.798+0000 7f955ceef700 1 --2- 172.21.15.116:0/3392695085 >> [v2:172.21.15.116:3300/0,v1:172.21.15.116:6789/0] conn(0x7f9558108540 0x7f955810a930 unknown :-1 s=CLOSED pgs=37 cs=0 l=1 rev1=1 crypto rx=0 tx=0 comp rx=0 tx=0).stop
2024-03-19T02:17:44.607 INFO:teuthology.orchestra.run.smithi116.stdout:/usr/bin/ceph: stderr
2024-03-19T02:17:43.798+0000 7f955ceef700 1 -- 172.21.15.116:0/3392695085 >> 172.21.15.116:0/3392695085 conn(0x7f9558101f30 msgr2=0x7f9558104370 unknown :-1 s=STATE_NONE l=0).mark_down
2024-03-19T02:17:44.607 INFO:teuthology.orchestra.run.smithi116.stdout:/usr/bin/ceph: stderr
2024-03-19T02:17:43.798+0000 7f955ceef700 1 -- 172.21.15.116:0/3392695085 shutdown_connections
2024-03-19T02:17:44.607 INFO:teuthology.orchestra.run.smithi116.stdout:/usr/bin/ceph: stderr
2024-03-19T02:17:43.798+0000 7f955ceef700 1 -- 172.21.15.116:0/3392695085 wait complete.
2024-03-19T02:17:44.607 INFO:teuthology.orchestra.run.smithi116.stdout:/usr/bin/ceph: stderr
2024-03-19T02:17:43.798+0000 7f955ceef700 1 Processor -- start
2024-03-19T02:17:44.607 INFO:teuthology.orchestra.run.smithi116.stdout:/usr/bin/ceph: stderr
2024-03-19T02:17:43.799+0000 7f955ceef700 1 -- start start
2024-03-19T02:17:44.607 INFO:teuthology.orchestra.run.smithi116.stdout:/usr/bin/ceph: stderr
2024-03-19T02:17:43.799+0000 7f955ceef700 1 --2- >> [v2:172.21.15.116:3300/0,v1:172.21.15.116:6789/0] conn(0x7f9558108540 0x7f955819b8c0 unknown :-1 s=NONE pgs=0 cs=0 l=1 rev1=0 crypto rx=0 tx=0 comp rx=0 tx=0).connect
2024-03-19T02:17:44.607 INFO:teuthology.orchestra.run.smithi116.stdout:/usr/bin/ceph: stderr
2024-03-19T02:17:43.799+0000 7f955ceef700 1 -- --> [v2:172.21.15.116:3300/0,v1:172.21.15.116:6789/0] -- mon_getmap magic: 0 -- 0x7f955810be30 con 0x7f9558108540
2024-03-19T02:17:44.607 INFO:teuthology.orchestra.run.smithi116.stdout:/usr/bin/ceph: stderr
2024-03-19T02:17:43.799+0000 7f955659c700 1 --2- >> [v2:172.21.15.116:3300/0,v1:172.21.15.116:6789/0] conn(0x7f9558108540 0x7f955819b8c0 unknown :-1 s=BANNER_CONNECTING pgs=0 cs=0 l=1 rev1=0 crypto rx=0 tx=0 comp rx=0 tx=0)._handle_peer_banner_payload supported=3 required=0
2024-03-19T02:17:44.607 INFO:teuthology.orchestra.run.smithi116.stdout:/usr/bin/ceph: stderr
2024-03-19T02:17:43.799+0000 7f955659c700 1 --2- >> [v2:172.21.15.116:3300/0,v1:172.21.15.116:6789/0] conn(0x7f9558108540 0x7f955819b8c0 unknown :-1 s=HELLO_CONNECTING pgs=0 cs=0 l=1 rev1=1 crypto rx=0 tx=0 comp rx=0 tx=0).handle_hello peer v2:172.21.15.116:3300/0 says I am v2:172.21.15.116:53066/0 (socket says 172.21.15.116:53066)
2024-03-19T02:17:44.607 INFO:teuthology.orchestra.run.smithi116.stdout:/usr/bin/ceph: stderr
2024-03-19T02:17:43.799+0000 7f955659c700 1 -- 172.21.15.116:0/547345104 learned_addr learned my addr 172.21.15.116:0/547345104 (peer_addr_for_me v2:172.21.15.116:0/0)
2024-03-19T02:17:44.609 INFO:teuthology.orchestra.run.smithi116.stdout:/usr/bin/ceph: stderr
2024-03-19T02:17:43.799+0000 7f955659c700 1 -- 172.21.15.116:0/547345104 --> [v2:172.21.15.116:3300/0,v1:172.21.15.116:6789/0] -- mon_subscribe({config=0+,monmap=0+}) -- 0x7f955819be00 con 0x7f9558108540
2024-03-19T02:17:44.609 INFO:teuthology.orchestra.run.smithi116.stdout:/usr/bin/ceph: stderr
2024-03-19T02:17:43.799+0000 7f955659c700 1 --2- 172.21.15.116:0/547345104 >> [v2:172.21.15.116:3300/0,v1:172.21.15.116:6789/0] conn(0x7f9558108540 0x7f955819b8c0 secure :-1 s=READY pgs=38 cs=0 l=1 rev1=1 crypto rx=0x7f9548006af0 tx=0x7f9548011c40 comp rx=0 tx=0).ready entity=mon.0 client_cookie=0 server_cookie=0 in_seq=0 out_seq=0
2024-03-19T02:17:44.609 INFO:teuthology.orchestra.run.smithi116.stdout:/usr/bin/ceph: stderr
2024-03-19T02:17:43.799+0000 7f954ffff700 1 -- 172.21.15.116:0/547345104 <== mon.0 v2:172.21.15.116:3300/0 1 ==== mon_map magic: 0 ==== 205+0+0 (secure 0 0 0) 0x7f95480039e0 con 0x7f9558108540
2024-03-19T02:17:44.609 INFO:teuthology.orchestra.run.smithi116.stdout:/usr/bin/ceph: stderr
2024-03-19T02:17:43.799+0000 7f954ffff700 1 -- 172.21.15.116:0/547345104 <== mon.0 v2:172.21.15.116:3300/0 2 ==== config(26 keys) ==== 1071+0+0 (secure 0 0 0) 0x7f9548003b80 con 0x7f9558108540
2024-03-19T02:17:44.609 INFO:teuthology.orchestra.run.smithi116.stdout:/usr/bin/ceph: stderr
2024-03-19T02:17:43.799+0000 7f955ceef700 1 -- 172.21.15.116:0/547345104 --> [v2:172.21.15.116:3300/0,v1:172.21.15.116:6789/0] -- mon_subscribe({mgrmap=0+}) -- 0x7f955819c090 con 0x7f9558108540
2024-03-19T02:17:44.609 INFO:teuthology.orchestra.run.smithi116.stdout:/usr/bin/ceph: stderr
2024-03-19T02:17:43.799+0000 7f954ffff700 1 -- 172.21.15.116:0/547345104 <== mon.0 v2:172.21.15.116:3300/0 3 ==== mon_map magic: 0 ==== 205+0+0 (secure 0 0 0) 0x7f95480196a0 con 0x7f9558108540
2024-03-19T02:17:44.609 INFO:teuthology.orchestra.run.smithi116.stdout:/usr/bin/ceph: stderr
2024-03-19T02:17:43.799+0000 7f955ceef700 1 -- 172.21.15.116:0/547345104 --> [v2:172.21.15.116:3300/0,v1:172.21.15.116:6789/0] -- mon_subscribe({osdmap=0}) -- 0x7f955819ed80 con 0x7f9558108540
2024-03-19T02:17:44.610 INFO:teuthology.orchestra.run.smithi116.stdout:/usr/bin/ceph: stderr
2024-03-19T02:17:43.800+0000 7f954ffff700 1 -- 172.21.15.116:0/547345104 <== mon.0 v2:172.21.15.116:3300/0 4 ==== mgrmap(e 7) ==== 46000+0+0 (secure 0 0 0) 0x7f95480199a0 con 0x7f9558108540
2024-03-19T02:17:44.610 INFO:teuthology.orchestra.run.smithi116.stdout:/usr/bin/ceph: stderr
2024-03-19T02:17:43.800+0000 7f955ceef700 1 -- 172.21.15.116:0/547345104 --> [v2:172.21.15.116:3300/0,v1:172.21.15.116:6789/0] -- mon_command({"prefix": "get_command_descriptions"} v 0) -- 0x7f9558063940 con 0x7f9558108540
2024-03-19T02:17:44.610 INFO:teuthology.orchestra.run.smithi116.stdout:/usr/bin/ceph: stderr
2024-03-19T02:17:43.801+0000 7f954ffff700 1 --2- 172.21.15.116:0/547345104 >> [v2:172.21.15.116:6800/647665947,v1:172.21.15.116:6801/647665947] conn(0x7f9544038e60 0x7f954403b320 unknown :-1 s=NONE pgs=0 cs=0 l=1 rev1=0 crypto rx=0 tx=0 comp rx=0 tx=0).connect
2024-03-19T02:17:44.610 INFO:teuthology.orchestra.run.smithi116.stdout:/usr/bin/ceph: stderr
2024-03-19T02:17:43.801+0000 7f954ffff700 1 -- 172.21.15.116:0/547345104 <== mon.0 v2:172.21.15.116:3300/0 5 ==== osd_map(2..2 src has 1..2) ==== 940+0+0 (secure 0 0 0) 0x7f954804d240 con 0x7f9558108540
2024-03-19T02:17:44.610 INFO:teuthology.orchestra.run.smithi116.stdout:/usr/bin/ceph: stderr
2024-03-19T02:17:43.801+0000 7f954dd9b700 1 --2- 172.21.15.116:0/547345104 >> [v2:172.21.15.116:6800/647665947,v1:172.21.15.116:6801/647665947] conn(0x7f9544038e60 0x7f954403b320 unknown :-1 s=BANNER_CONNECTING pgs=0 cs=0 l=1 rev1=0 crypto rx=0 tx=0 comp rx=0 tx=0)._handle_peer_banner_payload supported=3 required=0
2024-03-19T02:17:44.610 INFO:teuthology.orchestra.run.smithi116.stdout:/usr/bin/ceph: stderr
2024-03-19T02:17:43.801+0000 7f954dd9b700 1 --2- 172.21.15.116:0/547345104 >> [v2:172.21.15.116:6800/647665947,v1:172.21.15.116:6801/647665947] conn(0x7f9544038e60 0x7f954403b320 secure :-1 s=READY pgs=7 cs=0 l=1 rev1=1 crypto rx=0x7f9540006fd0 tx=0x7f9540006e40 comp rx=0 tx=0).ready entity=mgr.14120 client_cookie=0 server_cookie=0 in_seq=0 out_seq=0
2024-03-19T02:17:44.610 INFO:teuthology.orchestra.run.smithi116.stdout:/usr/bin/ceph: stderr
2024-03-19T02:17:43.806+0000 7f954ffff700 1 -- 172.21.15.116:0/547345104 <== mon.0 v2:172.21.15.116:3300/0 6 ==== mon_command_ack([{"prefix": "get_command_descriptions"}]=0 v0) ==== 72+0+186149 (secure 0 0 0) 0x7f9548019d90 con 0x7f9558108540
2024-03-19T02:17:44.610 INFO:teuthology.orchestra.run.smithi116.stdout:/usr/bin/ceph: stderr
2024-03-19T02:17:43.839+0000 7f954ffff700 1 -- 172.21.15.116:0/547345104 <== mon.0 v2:172.21.15.116:3300/0 7 ==== mgrmap(e 8) ==== 46106+0+0 (secure 0 0 0) 0x7f954802d960 con 0x7f9558108540
2024-03-19T02:17:44.610 INFO:teuthology.orchestra.run.smithi116.stdout:/usr/bin/ceph: stderr
2024-03-19T02:17:44.023+0000 7f955ceef700 1 -- 172.21.15.116:0/547345104 --> [v2:172.21.15.116:6800/647665947,v1:172.21.15.116:6801/647665947] -- mgr_command(tid 0: {"prefix": "orch set backend", "module_name": "cephadm", "target": ["mon-mgr", ""]}) -- 0x7f9558103090 con 0x7f9544038e60
2024-03-19T02:17:44.610 INFO:teuthology.orchestra.run.smithi116.stdout:/usr/bin/ceph: stderr
2024-03-19T02:17:44.031+0000 7f954ffff700 1 -- 172.21.15.116:0/547345104 <== mgr.14120 v2:172.21.15.116:6800/647665947 1 ==== mgr_command_reply(tid 0: 0 ) ==== 8+0+0 (secure 0 0 0) 0x7f9558103090 con 0x7f9544038e60
2024-03-19T02:17:44.610 INFO:teuthology.orchestra.run.smithi116.stdout:/usr/bin/ceph: stderr
2024-03-19T02:17:44.034+0000 7f955ceef700 1 -- 172.21.15.116:0/547345104 >> [v2:172.21.15.116:6800/647665947,v1:172.21.15.116:6801/647665947] conn(0x7f9544038e60 msgr2=0x7f954403b320 secure :-1 s=STATE_CONNECTION_ESTABLISHED l=1).mark_down
2024-03-19T02:17:44.610 INFO:teuthology.orchestra.run.smithi116.stdout:/usr/bin/ceph: stderr
2024-03-19T02:17:44.034+0000 7f955ceef700 1 --2- 172.21.15.116:0/547345104 >> [v2:172.21.15.116:6800/647665947,v1:172.21.15.116:6801/647665947] conn(0x7f9544038e60 0x7f954403b320 secure :-1 s=READY pgs=7 cs=0 l=1 rev1=1 crypto rx=0x7f9540006fd0 tx=0x7f9540006e40 comp rx=0 tx=0).stop
2024-03-19T02:17:44.611 INFO:teuthology.orchestra.run.smithi116.stdout:/usr/bin/ceph: stderr
2024-03-19T02:17:44.034+0000 7f955ceef700 1 -- 172.21.15.116:0/547345104 >> [v2:172.21.15.116:3300/0,v1:172.21.15.116:6789/0] conn(0x7f9558108540 msgr2=0x7f955819b8c0 secure :-1 s=STATE_CONNECTION_ESTABLISHED l=1).mark_down
2024-03-19T02:17:44.611 INFO:teuthology.orchestra.run.smithi116.stdout:/usr/bin/ceph: stderr
2024-03-19T02:17:44.034+0000 7f955ceef700 1 --2- 172.21.15.116:0/547345104 >> [v2:172.21.15.116:3300/0,v1:172.21.15.116:6789/0] conn(0x7f9558108540 0x7f955819b8c0 secure :-1 s=READY pgs=38 cs=0 l=1 rev1=1 crypto rx=0x7f9548006af0 tx=0x7f9548011c40 comp rx=0 tx=0).stop
2024-03-19T02:17:44.611 INFO:teuthology.orchestra.run.smithi116.stdout:/usr/bin/ceph: stderr
2024-03-19T02:17:44.034+0000 7f955ceef700 1 -- 172.21.15.116:0/547345104 shutdown_connections
2024-03-19T02:17:44.611 INFO:teuthology.orchestra.run.smithi116.stdout:/usr/bin/ceph: stderr
2024-03-19T02:17:44.034+0000 7f955ceef700 1 --2- 172.21.15.116:0/547345104 >> [v2:172.21.15.116:6800/647665947,v1:172.21.15.116:6801/647665947] conn(0x7f9544038e60 0x7f954403b320 unknown :-1 s=CLOSED pgs=7 cs=0 l=1 rev1=1 crypto rx=0 tx=0 comp rx=0 tx=0).stop
2024-03-19T02:17:44.611 INFO:teuthology.orchestra.run.smithi116.stdout:/usr/bin/ceph: stderr
2024-03-19T02:17:44.034+0000 7f955ceef700 1 --2- 172.21.15.116:0/547345104 >> [v2:172.21.15.116:3300/0,v1:172.21.15.116:6789/0] conn(0x7f9558108540 0x7f955819b8c0 unknown :-1 s=CLOSED pgs=38 cs=0 l=1 rev1=1 crypto rx=0 tx=0 comp rx=0 tx=0).stop
2024-03-19T02:17:44.611 INFO:teuthology.orchestra.run.smithi116.stdout:/usr/bin/ceph: stderr
2024-03-19T02:17:44.034+0000 7f955ceef700 1 -- 172.21.15.116:0/547345104 >> 172.21.15.116:0/547345104 conn(0x7f9558101f30 msgr2=0x7f9558102980 unknown :-1 s=STATE_NONE l=0).mark_down
2024-03-19T02:17:44.611 INFO:teuthology.orchestra.run.smithi116.stdout:/usr/bin/ceph: stderr
2024-03-19T02:17:44.034+0000 7f955ceef700 1 -- 172.21.15.116:0/547345104 shutdown_connections
2024-03-19T02:17:44.611 INFO:teuthology.orchestra.run.smithi116.stdout:/usr/bin/ceph: stderr
2024-03-19T02:17:44.034+0000 7f955ceef700 1 -- 172.21.15.116:0/547345104 wait complete.
2024-03-19T02:17:44.942 INFO:journalctl@ceph.mon.a.smithi116.stdout:Mar 19 02:17:44 smithi116 ceph-mon[32263]: mgrmap e8: x(active, since 2s)
2024-03-19T02:17:44.943 INFO:journalctl@ceph.mon.a.smithi116.stdout:Mar 19 02:17:44 smithi116 ceph-mon[32263]: from='mgr.14120 172.21.15.116:0/3365854731' entity='mgr.x'
2024-03-19T02:17:44.943 INFO:journalctl@ceph.mon.a.smithi116.stdout:Mar 19 02:17:44 smithi116 ceph-mon[32263]: from='mgr.14120 172.21.15.116:0/3365854731' entity='mgr.x' cmd=[{"prefix": "config dump", "format": "json"}]: dispatch
2024-03-19T02:17:45.787 INFO:teuthology.orchestra.run.smithi116.stdout:/usr/bin/ceph: stdout value unchanged
2024-03-19T02:17:45.787 INFO:teuthology.orchestra.run.smithi116.stdout:/usr/bin/ceph: stderr
2024-03-19T02:17:45.042+0000 7f023eba2700 1 Processor -- start
2024-03-19T02:17:45.787 INFO:teuthology.orchestra.run.smithi116.stdout:/usr/bin/ceph: stderr
2024-03-19T02:17:45.042+0000 7f023eba2700 1 -- start start
2024-03-19T02:17:45.787 INFO:teuthology.orchestra.run.smithi116.stdout:/usr/bin/ceph: stderr
2024-03-19T02:17:45.042+0000 7f023eba2700 1 --2- >> [v2:172.21.15.116:3300/0,v1:172.21.15.116:6789/0] conn(0x7f02381083a0 0x7f023810a790 unknown :-1 s=NONE pgs=0 cs=0 l=0 rev1=0 crypto rx=0 tx=0 comp rx=0 tx=0).connect
2024-03-19T02:17:45.788 INFO:teuthology.orchestra.run.smithi116.stdout:/usr/bin/ceph: stderr
2024-03-19T02:17:45.043+0000 7f023eba2700 1 -- --> [v2:172.21.15.116:3300/0,v1:172.21.15.116:6789/0] -- mon_getmap magic: 0 -- 0x7f023807be00 con 0x7f02381083a0
2024-03-19T02:17:45.788 INFO:teuthology.orchestra.run.smithi116.stdout:/usr/bin/ceph: stderr
2024-03-19T02:17:45.043+0000 7f023dba0700 1 --2- >> [v2:172.21.15.116:3300/0,v1:172.21.15.116:6789/0] conn(0x7f02381083a0 0x7f023810a790 unknown :-1 s=BANNER_CONNECTING pgs=0 cs=0 l=0 rev1=0 crypto rx=0 tx=0 comp rx=0 tx=0)._handle_peer_banner_payload supported=3 required=0
2024-03-19T02:17:45.788 INFO:teuthology.orchestra.run.smithi116.stdout:/usr/bin/ceph: stderr
2024-03-19T02:17:45.043+0000 7f023dba0700 1 --2- >> [v2:172.21.15.116:3300/0,v1:172.21.15.116:6789/0] conn(0x7f02381083a0 0x7f023810a790 unknown :-1 s=HELLO_CONNECTING pgs=0 cs=0 l=0 rev1=1 crypto rx=0 tx=0 comp rx=0 tx=0).handle_hello peer v2:172.21.15.116:3300/0 says I am v2:172.21.15.116:53082/0 (socket says 172.21.15.116:53082)
2024-03-19T02:17:45.788 INFO:teuthology.orchestra.run.smithi116.stdout:/usr/bin/ceph: stderr
2024-03-19T02:17:45.043+0000 7f023dba0700 1 -- 172.21.15.116:0/1079739822 learned_addr learned my addr 172.21.15.116:0/1079739822 (peer_addr_for_me v2:172.21.15.116:0/0)
2024-03-19T02:17:45.788 INFO:teuthology.orchestra.run.smithi116.stdout:/usr/bin/ceph: stderr
2024-03-19T02:17:45.043+0000 7f023dba0700 1 -- 172.21.15.116:0/1079739822 --> [v2:172.21.15.116:3300/0,v1:172.21.15.116:6789/0] -- mon_subscribe({config=0+,monmap=0+}) -- 0x7f023810acd0 con 0x7f02381083a0
2024-03-19T02:17:45.788 INFO:teuthology.orchestra.run.smithi116.stdout:/usr/bin/ceph: stderr
2024-03-19T02:17:45.043+0000 7f023dba0700 1 --2- 172.21.15.116:0/1079739822 >> [v2:172.21.15.116:3300/0,v1:172.21.15.116:6789/0] conn(0x7f02381083a0 0x7f023810a790 secure :-1 s=READY pgs=39 cs=0 l=1 rev1=1 crypto rx=0x7f02280098a0 tx=0x7f0228009bb0 comp rx=0 tx=0).ready entity=mon.0 client_cookie=1e5ac7c53a783061 server_cookie=0 in_seq=0 out_seq=0
2024-03-19T02:17:45.788 INFO:teuthology.orchestra.run.smithi116.stdout:/usr/bin/ceph: stderr
2024-03-19T02:17:45.043+0000 7f023cb9e700 1 -- 172.21.15.116:0/1079739822 <== mon.0 v2:172.21.15.116:3300/0 1 ==== mon_map magic: 0 ==== 205+0+0 (secure 0 0 0) 0x7f0228004160 con 0x7f02381083a0
2024-03-19T02:17:45.788 INFO:teuthology.orchestra.run.smithi116.stdout:/usr/bin/ceph: stderr
2024-03-19T02:17:45.043+0000 7f023cb9e700 1 -- 172.21.15.116:0/1079739822 <== mon.0 v2:172.21.15.116:3300/0 2 ==== config(26 keys) ==== 1071+0+0 (secure 0 0 0) 0x7f0228004300 con 0x7f02381083a0
2024-03-19T02:17:45.788 INFO:teuthology.orchestra.run.smithi116.stdout:/usr/bin/ceph: stderr
2024-03-19T02:17:45.043+0000 7f023cb9e700 1 -- 172.21.15.116:0/1079739822 <== mon.0 v2:172.21.15.116:3300/0 3 ==== mon_map magic: 0 ==== 205+0+0 (secure 0 0 0) 0x7f0228011a80 con 0x7f02381083a0
2024-03-19T02:17:45.788 INFO:teuthology.orchestra.run.smithi116.stdout:/usr/bin/ceph: stderr
2024-03-19T02:17:45.044+0000 7f023eba2700 1 -- 172.21.15.116:0/1079739822 >> [v2:172.21.15.116:3300/0,v1:172.21.15.116:6789/0] conn(0x7f02381083a0 msgr2=0x7f023810a790 secure :-1 s=STATE_CONNECTION_ESTABLISHED l=1).mark_down
2024-03-19T02:17:45.788 INFO:teuthology.orchestra.run.smithi116.stdout:/usr/bin/ceph: stderr
2024-03-19T02:17:45.044+0000 7f023eba2700 1 --2- 172.21.15.116:0/1079739822 >> [v2:172.21.15.116:3300/0,v1:172.21.15.116:6789/0] conn(0x7f02381083a0 0x7f023810a790 secure :-1 s=READY pgs=39 cs=0 l=1 rev1=1 crypto rx=0x7f02280098a0 tx=0x7f0228009bb0 comp rx=0 tx=0).stop
2024-03-19T02:17:45.788 INFO:teuthology.orchestra.run.smithi116.stdout:/usr/bin/ceph: stderr
2024-03-19T02:17:45.044+0000 7f023eba2700 1 -- 172.21.15.116:0/1079739822 shutdown_connections
2024-03-19T02:17:45.788 INFO:teuthology.orchestra.run.smithi116.stdout:/usr/bin/ceph: stderr
2024-03-19T02:17:45.044+0000 7f023eba2700 1 --2- 172.21.15.116:0/1079739822 >> [v2:172.21.15.116:3300/0,v1:172.21.15.116:6789/0] conn(0x7f02381083a0 0x7f023810a790 unknown :-1 s=CLOSED pgs=39 cs=0 l=1 rev1=1 crypto rx=0 tx=0 comp rx=0 tx=0).stop
2024-03-19T02:17:45.789 INFO:teuthology.orchestra.run.smithi116.stdout:/usr/bin/ceph: stderr
2024-03-19T02:17:45.044+0000 7f023eba2700 1 -- 172.21.15.116:0/1079739822 >> 172.21.15.116:0/1079739822 conn(0x7f0238101d50 msgr2=0x7f0238104190 unknown :-1 s=STATE_NONE l=0).mark_down
2024-03-19T02:17:45.789 INFO:teuthology.orchestra.run.smithi116.stdout:/usr/bin/ceph: stderr
2024-03-19T02:17:45.044+0000 7f023eba2700 1 -- 172.21.15.116:0/1079739822 shutdown_connections
2024-03-19T02:17:45.789 INFO:teuthology.orchestra.run.smithi116.stdout:/usr/bin/ceph: stderr
2024-03-19T02:17:45.044+0000 7f023eba2700 1 -- 172.21.15.116:0/1079739822 wait complete.
2024-03-19T02:17:45.789 INFO:teuthology.orchestra.run.smithi116.stdout:/usr/bin/ceph: stderr
2024-03-19T02:17:45.044+0000 7f023eba2700 1 Processor -- start
2024-03-19T02:17:45.789 INFO:teuthology.orchestra.run.smithi116.stdout:/usr/bin/ceph: stderr
2024-03-19T02:17:45.044+0000 7f023eba2700 1 -- start start
2024-03-19T02:17:45.789 INFO:teuthology.orchestra.run.smithi116.stdout:/usr/bin/ceph: stderr
2024-03-19T02:17:45.045+0000 7f023eba2700 1 --2- >> [v2:172.21.15.116:3300/0,v1:172.21.15.116:6789/0] conn(0x7f02381083a0 0x7f023819b6c0 unknown :-1 s=NONE pgs=0 cs=0 l=1 rev1=0 crypto rx=0 tx=0 comp rx=0 tx=0).connect
2024-03-19T02:17:45.789 INFO:teuthology.orchestra.run.smithi116.stdout:/usr/bin/ceph: stderr
2024-03-19T02:17:45.045+0000 7f023eba2700 1 -- --> [v2:172.21.15.116:3300/0,v1:172.21.15.116:6789/0] -- mon_getmap magic: 0 -- 0x7f023810bc30 con 0x7f02381083a0
2024-03-19T02:17:45.789 INFO:teuthology.orchestra.run.smithi116.stdout:/usr/bin/ceph: stderr
2024-03-19T02:17:45.045+0000 7f023dba0700 1 --2- >> [v2:172.21.15.116:3300/0,v1:172.21.15.116:6789/0] conn(0x7f02381083a0 0x7f023819b6c0 unknown :-1 s=BANNER_CONNECTING pgs=0 cs=0 l=1 rev1=0 crypto rx=0 tx=0 comp rx=0 tx=0)._handle_peer_banner_payload supported=3 required=0
2024-03-19T02:17:45.789 INFO:teuthology.orchestra.run.smithi116.stdout:/usr/bin/ceph: stderr
2024-03-19T02:17:45.045+0000 7f023dba0700 1 --2- >> [v2:172.21.15.116:3300/0,v1:172.21.15.116:6789/0] conn(0x7f02381083a0 0x7f023819b6c0 unknown :-1 s=HELLO_CONNECTING pgs=0 cs=0 l=1 rev1=1 crypto rx=0 tx=0 comp rx=0 tx=0).handle_hello peer v2:172.21.15.116:3300/0 says I am v2:172.21.15.116:53088/0 (socket says 172.21.15.116:53088)
2024-03-19T02:17:45.789 INFO:teuthology.orchestra.run.smithi116.stdout:/usr/bin/ceph: stderr
2024-03-19T02:17:45.045+0000 7f023dba0700 1 -- 172.21.15.116:0/2767397595 learned_addr learned my addr 172.21.15.116:0/2767397595 (peer_addr_for_me v2:172.21.15.116:0/0)
2024-03-19T02:17:45.789 INFO:teuthology.orchestra.run.smithi116.stdout:/usr/bin/ceph: stderr
2024-03-19T02:17:45.045+0000 7f023dba0700 1 -- 172.21.15.116:0/2767397595 --> [v2:172.21.15.116:3300/0,v1:172.21.15.116:6789/0] -- mon_subscribe({config=0+,monmap=0+}) -- 0x7f023819bc00 con 0x7f02381083a0
2024-03-19T02:17:45.789 INFO:teuthology.orchestra.run.smithi116.stdout:/usr/bin/ceph: stderr
2024-03-19T02:17:45.045+0000 7f023dba0700 1 --2- 172.21.15.116:0/2767397595 >> [v2:172.21.15.116:3300/0,v1:172.21.15.116:6789/0] conn(0x7f02381083a0 0x7f023819b6c0 secure :-1 s=READY pgs=40 cs=0 l=1 rev1=1 crypto rx=0x7f0228006af0 tx=0x7f0228011c40 comp rx=0 tx=0).ready entity=mon.0 client_cookie=0 server_cookie=0 in_seq=0 out_seq=0
2024-03-19T02:17:45.789 INFO:teuthology.orchestra.run.smithi116.stdout:/usr/bin/ceph: stderr
2024-03-19T02:17:45.045+0000 7f022effd700 1 -- 172.21.15.116:0/2767397595 <== mon.0 v2:172.21.15.116:3300/0 1 ==== mon_map magic: 0 ==== 205+0+0 (secure 0 0 0) 0x7f02280039e0 con 0x7f02381083a0
2024-03-19T02:17:45.790 INFO:teuthology.orchestra.run.smithi116.stdout:/usr/bin/ceph: stderr
2024-03-19T02:17:45.045+0000 7f022effd700 1 -- 172.21.15.116:0/2767397595 <== mon.0 v2:172.21.15.116:3300/0 2 ==== config(26 keys) ==== 1071+0+0 (secure 0 0 0) 0x7f0228003b80 con 0x7f02381083a0
2024-03-19T02:17:45.790 INFO:teuthology.orchestra.run.smithi116.stdout:/usr/bin/ceph: stderr
2024-03-19T02:17:45.045+0000 7f022effd700 1 -- 172.21.15.116:0/2767397595 <== mon.0 v2:172.21.15.116:3300/0 3 ==== mon_map magic: 0 ==== 205+0+0 (secure 0 0 0) 0x7f02280196a0 con 0x7f02381083a0
2024-03-19T02:17:45.790 INFO:teuthology.orchestra.run.smithi116.stdout:/usr/bin/ceph: stderr
2024-03-19T02:17:45.045+0000 7f023eba2700 1 -- 172.21.15.116:0/2767397595 --> [v2:172.21.15.116:3300/0,v1:172.21.15.116:6789/0] -- mon_subscribe({mgrmap=0+}) -- 0x7f023819be90 con 0x7f02381083a0
2024-03-19T02:17:45.790 INFO:teuthology.orchestra.run.smithi116.stdout:/usr/bin/ceph: stderr
2024-03-19T02:17:45.045+0000 7f023eba2700 1 -- 172.21.15.116:0/2767397595 --> [v2:172.21.15.116:3300/0,v1:172.21.15.116:6789/0] -- mon_subscribe({osdmap=0}) -- 0x7f023819eb80 con 0x7f02381083a0
2024-03-19T02:17:45.790 INFO:teuthology.orchestra.run.smithi116.stdout:/usr/bin/ceph: stderr
2024-03-19T02:17:45.046+0000 7f022effd700 1 -- 172.21.15.116:0/2767397595 <== mon.0 v2:172.21.15.116:3300/0 4 ==== mgrmap(e 8) ==== 46106+0+0 (secure 0 0 0) 0x7f022801a430 con 0x7f02381083a0
2024-03-19T02:17:45.790 INFO:teuthology.orchestra.run.smithi116.stdout:/usr/bin/ceph: stderr
2024-03-19T02:17:45.046+0000 7f023eba2700 1 -- 172.21.15.116:0/2767397595 --> [v2:172.21.15.116:3300/0,v1:172.21.15.116:6789/0] -- mon_command({"prefix": "get_command_descriptions"} v 0) -- 0x7f0238063940 con 0x7f02381083a0
2024-03-19T02:17:45.790 INFO:teuthology.orchestra.run.smithi116.stdout:/usr/bin/ceph: stderr
2024-03-19T02:17:45.046+0000 7f022effd700 1 --2- 172.21.15.116:0/2767397595 >> [v2:172.21.15.116:6800/647665947,v1:172.21.15.116:6801/647665947] conn(0x7f0224038f90 0x7f022403b450 unknown :-1 s=NONE pgs=0 cs=0 l=1 rev1=0 crypto rx=0 tx=0 comp rx=0 tx=0).connect
2024-03-19T02:17:45.790 INFO:teuthology.orchestra.run.smithi116.stdout:/usr/bin/ceph: stderr
2024-03-19T02:17:45.046+0000 7f022effd700 1 -- 172.21.15.116:0/2767397595 <== mon.0 v2:172.21.15.116:3300/0 5 ==== osd_map(2..2 src has 1..2) ==== 940+0+0 (secure 0 0 0) 0x7f022804d3d0 con 0x7f02381083a0
2024-03-19T02:17:45.790 INFO:teuthology.orchestra.run.smithi116.stdout:/usr/bin/ceph: stderr
2024-03-19T02:17:45.046+0000 7f023d39f700 1 --2- 172.21.15.116:0/2767397595 >> [v2:172.21.15.116:6800/647665947,v1:172.21.15.116:6801/647665947] conn(0x7f0224038f90 0x7f022403b450 unknown :-1 s=BANNER_CONNECTING pgs=0 cs=0 l=1 rev1=0 crypto rx=0 tx=0 comp rx=0 tx=0)._handle_peer_banner_payload supported=3 required=0
2024-03-19T02:17:45.790 INFO:teuthology.orchestra.run.smithi116.stdout:/usr/bin/ceph: stderr
2024-03-19T02:17:45.047+0000 7f023d39f700 1 --2- 172.21.15.116:0/2767397595 >> [v2:172.21.15.116:6800/647665947,v1:172.21.15.116:6801/647665947] conn(0x7f0224038f90 0x7f022403b450 secure :-1 s=READY pgs=8 cs=0 l=1 rev1=1 crypto rx=0x7f0234006fd0 tx=0x7f0234006e40 comp rx=0 tx=0).ready entity=mgr.14120 client_cookie=0 server_cookie=0 in_seq=0 out_seq=0
2024-03-19T02:17:45.790 INFO:teuthology.orchestra.run.smithi116.stdout:/usr/bin/ceph: stderr
2024-03-19T02:17:45.051+0000 7f022effd700 1 -- 172.21.15.116:0/2767397595 <== mon.0 v2:172.21.15.116:3300/0 6 ==== mon_command_ack([{"prefix": "get_command_descriptions"}]=0 v0) ==== 72+0+186149 (secure 0 0 0) 0x7f0228023e00 con 0x7f02381083a0
2024-03-19T02:17:45.790 INFO:teuthology.orchestra.run.smithi116.stdout:/usr/bin/ceph: stderr
2024-03-19T02:17:45.250+0000 7f023eba2700 1 -- 172.21.15.116:0/2767397595 --> [v2:172.21.15.116:6800/647665947,v1:172.21.15.116:6801/647665947] -- mgr_command(tid 0: {"prefix": "cephadm set-user", "user": "root", "target": ["mon-mgr", ""]}) -- 0x7f0238102e50 con 0x7f0224038f90
2024-03-19T02:17:45.791 INFO:teuthology.orchestra.run.smithi116.stdout:/usr/bin/ceph: stderr
2024-03-19T02:17:45.251+0000 7f022effd700 1 -- 172.21.15.116:0/2767397595 <== mgr.14120 v2:172.21.15.116:6800/647665947 1 ==== mgr_command_reply(tid 0: 0 ) ==== 8+0+16 (secure 0 0 0) 0x7f0238102e50 con 0x7f0224038f90
2024-03-19T02:17:45.791 INFO:teuthology.orchestra.run.smithi116.stdout:/usr/bin/ceph: stderr
2024-03-19T02:17:45.252+0000 7f023eba2700 1 -- 172.21.15.116:0/2767397595 >> [v2:172.21.15.116:6800/647665947,v1:172.21.15.116:6801/647665947] conn(0x7f0224038f90 msgr2=0x7f022403b450 secure :-1 s=STATE_CONNECTION_ESTABLISHED l=1).mark_down
2024-03-19T02:17:45.791 INFO:teuthology.orchestra.run.smithi116.stdout:/usr/bin/ceph: stderr
2024-03-19T02:17:45.253+0000 7f023eba2700 1 --2- 172.21.15.116:0/2767397595 >> [v2:172.21.15.116:6800/647665947,v1:172.21.15.116:6801/647665947] conn(0x7f0224038f90 0x7f022403b450 secure :-1 s=READY pgs=8 cs=0 l=1 rev1=1 crypto rx=0x7f0234006fd0 tx=0x7f0234006e40 comp rx=0 tx=0).stop
2024-03-19T02:17:45.791 INFO:teuthology.orchestra.run.smithi116.stdout:/usr/bin/ceph: stderr
2024-03-19T02:17:45.253+0000 7f023eba2700 1 -- 172.21.15.116:0/2767397595 >> [v2:172.21.15.116:3300/0,v1:172.21.15.116:6789/0] conn(0x7f02381083a0 msgr2=0x7f023819b6c0 secure :-1 s=STATE_CONNECTION_ESTABLISHED l=1).mark_down
2024-03-19T02:17:45.791 INFO:teuthology.orchestra.run.smithi116.stdout:/usr/bin/ceph: stderr
2024-03-19T02:17:45.253+0000 7f023eba2700 1 --2- 172.21.15.116:0/2767397595 >> [v2:172.21.15.116:3300/0,v1:172.21.15.116:6789/0] conn(0x7f02381083a0 0x7f023819b6c0 secure :-1 s=READY pgs=40 cs=0 l=1 rev1=1 crypto rx=0x7f0228006af0 tx=0x7f0228011c40 comp rx=0 tx=0).stop
2024-03-19T02:17:45.791 INFO:teuthology.orchestra.run.smithi116.stdout:/usr/bin/ceph: stderr
2024-03-19T02:17:45.253+0000 7f023eba2700 1 -- 172.21.15.116:0/2767397595 shutdown_connections
2024-03-19T02:17:45.791 INFO:teuthology.orchestra.run.smithi116.stdout:/usr/bin/ceph: stderr
2024-03-19T02:17:45.253+0000 7f023eba2700 1 --2- 172.21.15.116:0/2767397595 >> [v2:172.21.15.116:6800/647665947,v1:172.21.15.116:6801/647665947] conn(0x7f0224038f90 0x7f022403b450 unknown :-1 s=CLOSED pgs=8 cs=0 l=1 rev1=1 crypto rx=0 tx=0 comp rx=0 tx=0).stop
2024-03-19T02:17:45.791 INFO:teuthology.orchestra.run.smithi116.stdout:/usr/bin/ceph: stderr
2024-03-19T02:17:45.253+0000 7f023eba2700 1 --2- 172.21.15.116:0/2767397595 >> [v2:172.21.15.116:3300/0,v1:172.21.15.116:6789/0] conn(0x7f02381083a0 0x7f023819b6c0 unknown :-1 s=CLOSED pgs=40 cs=0 l=1 rev1=1 crypto rx=0 tx=0 comp rx=0 tx=0).stop
2024-03-19T02:17:45.791 INFO:teuthology.orchestra.run.smithi116.stdout:/usr/bin/ceph: stderr
2024-03-19T02:17:45.253+0000 7f023eba2700 1 -- 172.21.15.116:0/2767397595 >> 172.21.15.116:0/2767397595 conn(0x7f0238101d50 msgr2=0x7f0238102740 unknown :-1 s=STATE_NONE l=0).mark_down
2024-03-19T02:17:45.791 INFO:teuthology.orchestra.run.smithi116.stdout:/usr/bin/ceph: stderr
2024-03-19T02:17:45.253+0000 7f023eba2700 1 -- 172.21.15.116:0/2767397595 shutdown_connections
2024-03-19T02:17:45.791 INFO:teuthology.orchestra.run.smithi116.stdout:/usr/bin/ceph: stderr
2024-03-19T02:17:45.253+0000 7f023eba2700 1 -- 172.21.15.116:0/2767397595 wait complete.
2024-03-19T02:17:45.791 INFO:teuthology.orchestra.run.smithi116.stdout:Generating ssh key...
2024-03-19T02:17:46.098 INFO:journalctl@ceph.mon.a.smithi116.stdout:Mar 19 02:17:45 smithi116 ceph-mon[32263]: from='client.14132 -' entity='client.admin' cmd=[{"prefix": "orch set backend", "module_name": "cephadm", "target": ["mon-mgr", ""]}]: dispatch
2024-03-19T02:17:47.008 INFO:journalctl@ceph.mon.a.smithi116.stdout:Mar 19 02:17:46 smithi116 ceph-mon[32263]: from='client.14134 -' entity='client.admin' cmd=[{"prefix": "cephadm set-user", "user": "root", "target": ["mon-mgr", ""]}]: dispatch
2024-03-19T02:17:47.008 INFO:journalctl@ceph.mon.a.smithi116.stdout:Mar 19 02:17:46 smithi116 ceph-mon[32263]: from='mgr.14120 172.21.15.116:0/3365854731' entity='mgr.x'
2024-03-19T02:17:47.008 INFO:journalctl@ceph.mon.a.smithi116.stdout:Mar 19 02:17:46 smithi116 ceph-mon[32263]: from='mgr.14120 172.21.15.116:0/3365854731' entity='mgr.x'
2024-03-19T02:17:47.009 INFO:journalctl@ceph.mgr.x.smithi116.stdout:Mar 19 02:17:46 smithi116 ceph-a1da9bbc-e596-11ee-95c9-87774f69a715-mgr-x[32492]: Generating public/private rsa key pair.
2024-03-19T02:17:47.009 INFO:journalctl@ceph.mgr.x.smithi116.stdout:Mar 19 02:17:46 smithi116 ceph-a1da9bbc-e596-11ee-95c9-87774f69a715-mgr-x[32492]: Your identification has been saved in /tmp/tmp14hy726l/key.
2024-03-19T02:17:47.009 INFO:journalctl@ceph.mgr.x.smithi116.stdout:Mar 19 02:17:46 smithi116 ceph-a1da9bbc-e596-11ee-95c9-87774f69a715-mgr-x[32492]: Your public key has been saved in /tmp/tmp14hy726l/key.pub.
2024-03-19T02:17:47.009 INFO:journalctl@ceph.mgr.x.smithi116.stdout:Mar 19 02:17:46 smithi116 ceph-a1da9bbc-e596-11ee-95c9-87774f69a715-mgr-x[32492]: The key fingerprint is:
2024-03-19T02:17:47.009 INFO:journalctl@ceph.mgr.x.smithi116.stdout:Mar 19 02:17:46 smithi116 ceph-a1da9bbc-e596-11ee-95c9-87774f69a715-mgr-x[32492]: SHA256:tZ0v5ghNNfWVwpAe3C80YnCgDDCvgkWzqvzPRpIH/5s ceph-a1da9bbc-e596-11ee-95c9-87774f69a715
2024-03-19T02:17:47.010 INFO:journalctl@ceph.mgr.x.smithi116.stdout:Mar 19 02:17:46 smithi116 ceph-a1da9bbc-e596-11ee-95c9-87774f69a715-mgr-x[32492]: The key's randomart image is:
2024-03-19T02:17:47.010 INFO:journalctl@ceph.mgr.x.smithi116.stdout:Mar 19 02:17:46 smithi116 ceph-a1da9bbc-e596-11ee-95c9-87774f69a715-mgr-x[32492]: +---[RSA 3072]----+
2024-03-19T02:17:47.010 INFO:journalctl@ceph.mgr.x.smithi116.stdout:Mar 19 02:17:46 smithi116 ceph-a1da9bbc-e596-11ee-95c9-87774f69a715-mgr-x[32492]: | oo.. o+o= . o|
2024-03-19T02:17:47.010 INFO:journalctl@ceph.mgr.x.smithi116.stdout:Mar 19 02:17:46 smithi116 ceph-a1da9bbc-e596-11ee-95c9-87774f69a715-mgr-x[32492]: | . oo o . .* B o.|
