2024-03-19T02:17:20.160+0000 7f2ad0ff9700 1 -- 172.21.15.116:0/3952161473 <== mon.0 v2:172.21.15.116:3300/0 3 ==== mon_map magic: 0 ==== 205+0+0 (secure 0 0 0) 0x7f2ac80196a0 con 0x7f2ad4107f80
2024-03-19T02:17:20.851 INFO:teuthology.orchestra.run.smithi116.stdout:/usr/bin/ceph: stderr
2024-03-19T02:17:20.160+0000 7f2ad0ff9700 1 -- 172.21.15.116:0/3952161473 <== mon.0 v2:172.21.15.116:3300/0 4 ==== mgrmap(e 1) ==== 807+0+0 (secure 0 0 0) 0x7f2ac802d440 con 0x7f2ad4107f80
2024-03-19T02:17:20.851 INFO:teuthology.orchestra.run.smithi116.stdout:/usr/bin/ceph: stderr
2024-03-19T02:17:20.160+0000 7f2ad0ff9700 1 -- 172.21.15.116:0/3952161473 <== mon.0 v2:172.21.15.116:3300/0 5 ==== osd_map(1..1 src has 1..1) ==== 725+0+0 (secure 0 0 0) 0x7f2ac8024c00 con 0x7f2ad4107f80
2024-03-19T02:17:20.851 INFO:teuthology.orchestra.run.smithi116.stdout:/usr/bin/ceph: stderr
2024-03-19T02:17:20.161+0000 7f2ad9ee5700 1 -- 172.21.15.116:0/3952161473 --> [v2:172.21.15.116:3300/0,v1:172.21.15.116:6789/0] -- mon_command({"prefix": "get_command_descriptions"} v 0) -- 0x7f2ad4063940 con 0x7f2ad4107f80
2024-03-19T02:17:20.851 INFO:teuthology.orchestra.run.smithi116.stdout:/usr/bin/ceph: stderr
2024-03-19T02:17:20.163+0000 7f2ad0ff9700 1 -- 172.21.15.116:0/3952161473 <== mon.0 v2:172.21.15.116:3300/0 6 ==== mon_command_ack([{"prefix": "get_command_descriptions"}]=0 v0) ==== 72+0+73141 (secure 0 0 0) 0x7f2ac8043dd0 con 0x7f2ad4107f80
2024-03-19T02:17:20.851 INFO:teuthology.orchestra.run.smithi116.stdout:/usr/bin/ceph: stderr
2024-03-19T02:17:20.235+0000 7f2ad9ee5700 1 -- 172.21.15.116:0/3952161473 --> [v2:172.21.15.116:3300/0,v1:172.21.15.116:6789/0] -- mon_command({"prefix": "status", "format": "json-pretty"} v 0) -- 0x7f2ad4194e80 con 0x7f2ad4107f80
2024-03-19T02:17:20.851 INFO:teuthology.orchestra.run.smithi116.stdout:/usr/bin/ceph: stderr
2024-03-19T02:17:20.236+0000 7f2ad0ff9700 1 -- 172.21.15.116:0/3952161473 <== mon.0 v2:172.21.15.116:3300/0 7 ==== mon_command_ack([{"prefix": "status", "format": "json-pretty"}]=0 v0) ==== 79+0+1239 (secure 0 0 0) 0x7f2ac8032020 con 0x7f2ad4107f80
2024-03-19T02:17:20.851 INFO:teuthology.orchestra.run.smithi116.stdout:/usr/bin/ceph: stderr
2024-03-19T02:17:20.237+0000 7f2ad9ee5700 1 -- 172.21.15.116:0/3952161473 >> [v2:172.21.15.116:3300/0,v1:172.21.15.116:6789/0] conn(0x7f2ad4107f80 msgr2=0x7f2ad410c860 secure :-1 s=STATE_CONNECTION_ESTABLISHED l=1).mark_down
2024-03-19T02:17:20.851 INFO:teuthology.orchestra.run.smithi116.stdout:/usr/bin/ceph: stderr
2024-03-19T02:17:20.237+0000 7f2ad9ee5700 1 --2- 172.21.15.116:0/3952161473 >> [v2:172.21.15.116:3300/0,v1:172.21.15.116:6789/0] conn(0x7f2ad4107f80 0x7f2ad410c860 secure :-1 s=READY pgs=10 cs=0 l=1 rev1=1 crypto rx=0x7f2ac8006af0 tx=0x7f2ac8011c40 comp rx=0 tx=0).stop
2024-03-19T02:17:20.851 INFO:teuthology.orchestra.run.smithi116.stdout:/usr/bin/ceph: stderr
2024-03-19T02:17:20.237+0000 7f2ad9ee5700 1 -- 172.21.15.116:0/3952161473 shutdown_connections
2024-03-19T02:17:20.851 INFO:teuthology.orchestra.run.smithi116.stdout:/usr/bin/ceph: stderr
2024-03-19T02:17:20.237+0000 7f2ad9ee5700 1 --2- 172.21.15.116:0/3952161473 >> [v2:172.21.15.116:3300/0,v1:172.21.15.116:6789/0] conn(0x7f2ad4107f80 0x7f2ad410c860 unknown :-1 s=CLOSED pgs=10 cs=0 l=1 rev1=1 crypto rx=0 tx=0 comp rx=0 tx=0).stop
2024-03-19T02:17:20.851 INFO:teuthology.orchestra.run.smithi116.stdout:/usr/bin/ceph: stderr
2024-03-19T02:17:20.237+0000 7f2ad9ee5700 1 -- 172.21.15.116:0/3952161473 >> 172.21.15.116:0/3952161473 conn(0x7f2ad4101720 msgr2=0x7f2ad41021e0 unknown :-1 s=STATE_NONE l=0).mark_down
2024-03-19T02:17:20.851 INFO:teuthology.orchestra.run.smithi116.stdout:/usr/bin/ceph: stderr
2024-03-19T02:17:20.237+0000 7f2ad9ee5700 1 -- 172.21.15.116:0/3952161473 shutdown_connections
2024-03-19T02:17:20.852 INFO:teuthology.orchestra.run.smithi116.stdout:/usr/bin/ceph: stderr
2024-03-19T02:17:20.237+0000 7f2ad9ee5700 1 -- 172.21.15.116:0/3952161473 wait complete.
2024-03-19T02:17:20.852 INFO:teuthology.orchestra.run.smithi116.stdout:mgr not available, waiting (3/15)...
2024-03-19T02:17:21.758 INFO:journalctl@ceph.mon.a.smithi116.stdout:Mar 19 02:17:21 smithi116 ceph-mon[32263]: Activating manager daemon x
2024-03-19T02:17:21.758 INFO:journalctl@ceph.mon.a.smithi116.stdout:Mar 19 02:17:21 smithi116 ceph-mon[32263]: mgrmap e2: x(active, starting, since 0.00331377s)
2024-03-19T02:17:21.759 INFO:journalctl@ceph.mon.a.smithi116.stdout:Mar 19 02:17:21 smithi116 ceph-mon[32263]: from='mgr.14100 172.21.15.116:0/2771012106' entity='mgr.x' cmd=[{"prefix": "mds metadata"}]: dispatch
2024-03-19T02:17:21.759 INFO:journalctl@ceph.mon.a.smithi116.stdout:Mar 19 02:17:21 smithi116 ceph-mon[32263]: from='mgr.14100 172.21.15.116:0/2771012106' entity='mgr.x' cmd=[{"prefix": "osd metadata"}]: dispatch
2024-03-19T02:17:21.759 INFO:journalctl@ceph.mon.a.smithi116.stdout:Mar 19 02:17:21 smithi116 ceph-mon[32263]: from='mgr.14100 172.21.15.116:0/2771012106' entity='mgr.x' cmd=[{"prefix": "mon metadata"}]: dispatch
2024-03-19T02:17:21.759 INFO:journalctl@ceph.mon.a.smithi116.stdout:Mar 19 02:17:21 smithi116 ceph-mon[32263]: from='mgr.14100 172.21.15.116:0/2771012106' entity='mgr.x' cmd=[{"prefix": "mon metadata", "id": "a"}]: dispatch
2024-03-19T02:17:21.759 INFO:journalctl@ceph.mon.a.smithi116.stdout:Mar 19 02:17:21 smithi116 ceph-mon[32263]: from='mgr.14100 172.21.15.116:0/2771012106' entity='mgr.x' cmd=[{"prefix": "mgr metadata", "who": "x", "id": "x"}]: dispatch
2024-03-19T02:17:21.759 INFO:journalctl@ceph.mon.a.smithi116.stdout:Mar 19 02:17:21 smithi116 ceph-mon[32263]: Manager daemon x is now available
2024-03-19T02:17:21.759 INFO:journalctl@ceph.mon.a.smithi116.stdout:Mar 19 02:17:21 smithi116 ceph-mon[32263]: from='mgr.14100 172.21.15.116:0/2771012106' entity='mgr.x' cmd=[{"prefix":"config rm","who":"mgr","name":"mgr/rbd_support/x/mirror_snapshot_schedule"}]: dispatch
2024-03-19T02:17:21.759 INFO:journalctl@ceph.mon.a.smithi116.stdout:Mar 19 02:17:21 smithi116 ceph-mon[32263]: from='mgr.14100 172.21.15.116:0/2771012106' entity='mgr.x' cmd=[{"prefix":"config rm","who":"mgr","name":"mgr/rbd_support/x/trash_purge_schedule"}]: dispatch
2024-03-19T02:17:21.759 INFO:journalctl@ceph.mon.a.smithi116.stdout:Mar 19 02:17:21 smithi116 ceph-mon[32263]: from='mgr.14100 172.21.15.116:0/2771012106' entity='mgr.x'
2024-03-19T02:17:21.759 INFO:journalctl@ceph.mon.a.smithi116.stdout:Mar 19 02:17:21 smithi116 ceph-mon[32263]: from='mgr.14100 172.21.15.116:0/2771012106' entity='mgr.x'
2024-03-19T02:17:21.759 INFO:journalctl@ceph.mon.a.smithi116.stdout:Mar 19 02:17:21 smithi116 ceph-mon[32263]: from='mgr.14100 172.21.15.116:0/2771012106' entity='mgr.x'
2024-03-19T02:17:22.758 INFO:journalctl@ceph.mon.a.smithi116.stdout:Mar 19 02:17:22 smithi116 ceph-mon[32263]: mgrmap e3: x(active, since 1.00745s)
2024-03-19T02:17:24.758 INFO:journalctl@ceph.mon.a.smithi116.stdout:Mar 19 02:17:24 smithi116 ceph-mon[32263]: mgrmap e4: x(active, since 3s)
2024-03-19T02:17:26.418 INFO:journalctl@ceph.mon.a.smithi116.stdout:Mar 19 02:17:26 smithi116 ceph-mon[32263]: from='client.? 172.21.15.116:0/2934387628' entity='client.admin' cmd=[{"prefix": "status", "format": "json-pretty"}]: dispatch
2024-03-19T02:17:31.913 INFO:teuthology.orchestra.run.smithi116.stdout:/usr/bin/ceph: stdout
2024-03-19T02:17:31.913 INFO:teuthology.orchestra.run.smithi116.stdout:/usr/bin/ceph: stdout {
2024-03-19T02:17:31.913 INFO:teuthology.orchestra.run.smithi116.stdout:/usr/bin/ceph: stdout "fsid": "a1da9bbc-e596-11ee-95c9-87774f69a715",
2024-03-19T02:17:31.913 INFO:teuthology.orchestra.run.smithi116.stdout:/usr/bin/ceph: stdout "health": {
2024-03-19T02:17:31.913 INFO:teuthology.orchestra.run.smithi116.stdout:/usr/bin/ceph: stdout "status": "HEALTH_OK",
2024-03-19T02:17:31.913 INFO:teuthology.orchestra.run.smithi116.stdout:/usr/bin/ceph: stdout "checks": {},
2024-03-19T02:17:31.913 INFO:teuthology.orchestra.run.smithi116.stdout:/usr/bin/ceph: stdout "mutes": []
2024-03-19T02:17:31.914 INFO:teuthology.orchestra.run.smithi116.stdout:/usr/bin/ceph: stdout },
2024-03-19T02:17:31.914 INFO:teuthology.orchestra.run.smithi116.stdout:/usr/bin/ceph: stdout "election_epoch": 5,
2024-03-19T02:17:31.914 INFO:teuthology.orchestra.run.smithi116.stdout:/usr/bin/ceph: stdout "quorum": [
2024-03-19T02:17:31.914 INFO:teuthology.orchestra.run.smithi116.stdout:/usr/bin/ceph: stdout 0
2024-03-19T02:17:31.914 INFO:teuthology.orchestra.run.smithi116.stdout:/usr/bin/ceph: stdout ],
2024-03-19T02:17:31.914 INFO:teuthology.orchestra.run.smithi116.stdout:/usr/bin/ceph: stdout "quorum_names": [
2024-03-19T02:17:31.914 INFO:teuthology.orchestra.run.smithi116.stdout:/usr/bin/ceph: stdout "a"
2024-03-19T02:17:31.914 INFO:teuthology.orchestra.run.smithi116.stdout:/usr/bin/ceph: stdout ],
2024-03-19T02:17:31.914 INFO:teuthology.orchestra.run.smithi116.stdout:/usr/bin/ceph: stdout "quorum_age": 14,
2024-03-19T02:17:31.914 INFO:teuthology.orchestra.run.smithi116.stdout:/usr/bin/ceph: stdout "monmap": {
2024-03-19T02:17:31.914 INFO:teuthology.orchestra.run.smithi116.stdout:/usr/bin/ceph: stdout "epoch": 1,
2024-03-19T02:17:31.914 INFO:teuthology.orchestra.run.smithi116.stdout:/usr/bin/ceph: stdout "min_mon_release_name": "squid",
2024-03-19T02:17:31.914 INFO:teuthology.orchestra.run.smithi116.stdout:/usr/bin/ceph: stdout "num_mons": 1
2024-03-19T02:17:31.915 INFO:teuthology.orchestra.run.smithi116.stdout:/usr/bin/ceph: stdout },
2024-03-19T02:17:31.915 INFO:teuthology.orchestra.run.smithi116.stdout:/usr/bin/ceph: stdout "osdmap": {
2024-03-19T02:17:31.915 INFO:teuthology.orchestra.run.smithi116.stdout:/usr/bin/ceph: stdout "epoch": 1,
2024-03-19T02:17:31.915 INFO:teuthology.orchestra.run.smithi116.stdout:/usr/bin/ceph: stdout "num_osds": 0,
2024-03-19T02:17:31.915 INFO:teuthology.orchestra.run.smithi116.stdout:/usr/bin/ceph: stdout "num_up_osds": 0,
2024-03-19T02:17:31.915 INFO:teuthology.orchestra.run.smithi116.stdout:/usr/bin/ceph: stdout "osd_up_since": 0,
2024-03-19T02:17:31.924 INFO:teuthology.orchestra.run.smithi116.stdout:/usr/bin/ceph: stdout "num_in_osds": 0,
2024-03-19T02:17:31.924 INFO:teuthology.orchestra.run.smithi116.stdout:/usr/bin/ceph: stdout "osd_in_since": 0,
2024-03-19T02:17:31.924 INFO:teuthology.orchestra.run.smithi116.stdout:/usr/bin/ceph: stdout "num_remapped_pgs": 0
2024-03-19T02:17:31.924 INFO:teuthology.orchestra.run.smithi116.stdout:/usr/bin/ceph: stdout },
2024-03-19T02:17:31.924 INFO:teuthology.orchestra.run.smithi116.stdout:/usr/bin/ceph: stdout "pgmap": {
2024-03-19T02:17:31.924 INFO:teuthology.orchestra.run.smithi116.stdout:/usr/bin/ceph: stdout "pgs_by_state": [],
2024-03-19T02:17:31.924 INFO:teuthology.orchestra.run.smithi116.stdout:/usr/bin/ceph: stdout "num_pgs": 0,
2024-03-19T02:17:31.924 INFO:teuthology.orchestra.run.smithi116.stdout:/usr/bin/ceph: stdout "num_pools": 0,
2024-03-19T02:17:31.925 INFO:teuthology.orchestra.run.smithi116.stdout:/usr/bin/ceph: stdout "num_objects": 0,
2024-03-19T02:17:31.925 INFO:teuthology.orchestra.run.smithi116.stdout:/usr/bin/ceph: stdout "data_bytes": 0,
2024-03-19T02:17:31.925 INFO:teuthology.orchestra.run.smithi116.stdout:/usr/bin/ceph: stdout "bytes_used": 0,
2024-03-19T02:17:31.925 INFO:teuthology.orchestra.run.smithi116.stdout:/usr/bin/ceph: stdout "bytes_avail": 0,
2024-03-19T02:17:31.925 INFO:teuthology.orchestra.run.smithi116.stdout:/usr/bin/ceph: stdout "bytes_total": 0
2024-03-19T02:17:31.925 INFO:teuthology.orchestra.run.smithi116.stdout:/usr/bin/ceph: stdout },
2024-03-19T02:17:31.925 INFO:teuthology.orchestra.run.smithi116.stdout:/usr/bin/ceph: stdout "fsmap": {
2024-03-19T02:17:31.925 INFO:teuthology.orchestra.run.smithi116.stdout:/usr/bin/ceph: stdout "epoch": 1,
2024-03-19T02:17:31.925 INFO:teuthology.orchestra.run.smithi116.stdout:/usr/bin/ceph: stdout "by_rank": [],
2024-03-19T02:17:31.925 INFO:teuthology.orchestra.run.smithi116.stdout:/usr/bin/ceph: stdout "up:standby": 0
2024-03-19T02:17:31.925 INFO:teuthology.orchestra.run.smithi116.stdout:/usr/bin/ceph: stdout },
2024-03-19T02:17:31.925 INFO:teuthology.orchestra.run.smithi116.stdout:/usr/bin/ceph: stdout "mgrmap": {
2024-03-19T02:17:31.925 INFO:teuthology.orchestra.run.smithi116.stdout:/usr/bin/ceph: stdout "available": true,
2024-03-19T02:17:31.925 INFO:teuthology.orchestra.run.smithi116.stdout:/usr/bin/ceph: stdout "num_standbys": 0,
2024-03-19T02:17:31.926 INFO:teuthology.orchestra.run.smithi116.stdout:/usr/bin/ceph: stdout "modules": [
2024-03-19T02:17:31.926 INFO:teuthology.orchestra.run.smithi116.stdout:/usr/bin/ceph: stdout "iostat",
2024-03-19T02:17:31.926 INFO:teuthology.orchestra.run.smithi116.stdout:/usr/bin/ceph: stdout "nfs",
2024-03-19T02:17:31.926 INFO:teuthology.orchestra.run.smithi116.stdout:/usr/bin/ceph: stdout "restful"
2024-03-19T02:17:31.926 INFO:teuthology.orchestra.run.smithi116.stdout:/usr/bin/ceph: stdout ],
2024-03-19T02:17:31.926 INFO:teuthology.orchestra.run.smithi116.stdout:/usr/bin/ceph: stdout "services": {}
2024-03-19T02:17:31.926 INFO:teuthology.orchestra.run.smithi116.stdout:/usr/bin/ceph: stdout },
2024-03-19T02:17:31.926 INFO:teuthology.orchestra.run.smithi116.stdout:/usr/bin/ceph: stdout "servicemap": {
2024-03-19T02:17:31.926 INFO:teuthology.orchestra.run.smithi116.stdout:/usr/bin/ceph: stdout "epoch": 1,
2024-03-19T02:17:31.926 INFO:teuthology.orchestra.run.smithi116.stdout:/usr/bin/ceph: stdout "modified": "2024-03-19T02:17:06.754009+0000",
2024-03-19T02:17:31.926 INFO:teuthology.orchestra.run.smithi116.stdout:/usr/bin/ceph: stdout "services": {}
2024-03-19T02:17:31.926 INFO:teuthology.orchestra.run.smithi116.stdout:/usr/bin/ceph: stdout },
2024-03-19T02:17:31.926 INFO:teuthology.orchestra.run.smithi116.stdout:/usr/bin/ceph: stdout "progress_events": {}
2024-03-19T02:17:31.926 INFO:teuthology.orchestra.run.smithi116.stdout:/usr/bin/ceph: stdout }
2024-03-19T02:17:31.927 INFO:teuthology.orchestra.run.smithi116.stdout:/usr/bin/ceph: stderr
2024-03-19T02:17:25.844+0000 7f8e65696700 1 Processor -- start
2024-03-19T02:17:31.927 INFO:teuthology.orchestra.run.smithi116.stdout:/usr/bin/ceph: stderr
2024-03-19T02:17:25.844+0000 7f8e65696700 1 -- start start
2024-03-19T02:17:31.927 INFO:teuthology.orchestra.run.smithi116.stdout:/usr/bin/ceph: stderr
2024-03-19T02:17:25.844+0000 7f8e65696700 1 --2- >> [v2:172.21.15.116:3300/0,v1:172.21.15.116:6789/0] conn(0x7f8e60105da0 0x7f8e601061c0 unknown :-1 s=NONE pgs=0 cs=0 l=0 rev1=0 crypto rx=0 tx=0 comp rx=0 tx=0).connect
2024-03-19T02:17:31.927 INFO:teuthology.orchestra.run.smithi116.stdout:/usr/bin/ceph: stderr
2024-03-19T02:17:25.844+0000 7f8e65696700 1 -- --> [v2:172.21.15.116:3300/0,v1:172.21.15.116:6789/0] -- mon_getmap magic: 0 -- 0x7f8e60106790 con 0x7f8e60105da0
2024-03-19T02:17:31.927 INFO:teuthology.orchestra.run.smithi116.stdout:/usr/bin/ceph: stderr
2024-03-19T02:17:25.844+0000 7f8e5effd700 1 --2- >> [v2:172.21.15.116:3300/0,v1:172.21.15.116:6789/0] conn(0x7f8e60105da0 0x7f8e601061c0 unknown :-1 s=BANNER_CONNECTING pgs=0 cs=0 l=0 rev1=0 crypto rx=0 tx=0 comp rx=0 tx=0)._handle_peer_banner_payload supported=3 required=0
2024-03-19T02:17:31.927 INFO:teuthology.orchestra.run.smithi116.stdout:/usr/bin/ceph: stderr
2024-03-19T02:17:25.844+0000 7f8e5effd700 1 --2- >> [v2:172.21.15.116:3300/0,v1:172.21.15.116:6789/0] conn(0x7f8e60105da0 0x7f8e601061c0 unknown :-1 s=HELLO_CONNECTING pgs=0 cs=0 l=0 rev1=1 crypto rx=0 tx=0 comp rx=0 tx=0).handle_hello peer v2:172.21.15.116:3300/0 says I am v2:172.21.15.116:47542/0 (socket says 172.21.15.116:47542)
2024-03-19T02:17:31.927 INFO:teuthology.orchestra.run.smithi116.stdout:/usr/bin/ceph: stderr
2024-03-19T02:17:25.844+0000 7f8e5effd700 1 -- 172.21.15.116:0/2023745924 learned_addr learned my addr 172.21.15.116:0/2023745924 (peer_addr_for_me v2:172.21.15.116:0/0)
2024-03-19T02:17:31.927 INFO:teuthology.orchestra.run.smithi116.stdout:/usr/bin/ceph: stderr
2024-03-19T02:17:25.845+0000 7f8e5effd700 1 -- 172.21.15.116:0/2023745924 --> [v2:172.21.15.116:3300/0,v1:172.21.15.116:6789/0] -- mon_subscribe({config=0+,monmap=0+}) -- 0x7f8e60108d30 con 0x7f8e60105da0
2024-03-19T02:17:31.927 INFO:teuthology.orchestra.run.smithi116.stdout:/usr/bin/ceph: stderr
2024-03-19T02:17:25.845+0000 7f8e5effd700 1 --2- 172.21.15.116:0/2023745924 >> [v2:172.21.15.116:3300/0,v1:172.21.15.116:6789/0] conn(0x7f8e60105da0 0x7f8e601061c0 secure :-1 s=READY pgs=18 cs=0 l=1 rev1=1 crypto rx=0x7f8e50009e80 tx=0x7f8e5000b330 comp rx=0 tx=0).ready entity=mon.0 client_cookie=a5853f5087ed35be server_cookie=0 in_seq=0 out_seq=0
2024-03-19T02:17:31.927 INFO:teuthology.orchestra.run.smithi116.stdout:/usr/bin/ceph: stderr
2024-03-19T02:17:25.845+0000 7f8e5dffb700 1 -- 172.21.15.116:0/2023745924 <== mon.0 v2:172.21.15.116:3300/0 1 ==== mon_map magic: 0 ==== 205+0+0 (secure 0 0 0) 0x7f8e50017070 con 0x7f8e60105da0
2024-03-19T02:17:31.927 INFO:teuthology.orchestra.run.smithi116.stdout:/usr/bin/ceph: stderr
2024-03-19T02:17:25.845+0000 7f8e5dffb700 1 -- 172.21.15.116:0/2023745924 <== mon.0 v2:172.21.15.116:3300/0 2 ==== config(26 keys) ==== 1071+0+0 (secure 0 0 0) 0x7f8e5000b8c0 con 0x7f8e60105da0
2024-03-19T02:17:31.927 INFO:teuthology.orchestra.run.smithi116.stdout:/usr/bin/ceph: stderr
2024-03-19T02:17:25.845+0000 7f8e5dffb700 1 -- 172.21.15.116:0/2023745924 <== mon.0 v2:172.21.15.116:3300/0 3 ==== mon_map magic: 0 ==== 205+0+0 (secure 0 0 0) 0x7f8e50004520 con 0x7f8e60105da0
2024-03-19T02:17:31.927 INFO:teuthology.orchestra.run.smithi116.stdout:/usr/bin/ceph: stderr
2024-03-19T02:17:25.845+0000 7f8e65696700 1 -- 172.21.15.116:0/2023745924 >> [v2:172.21.15.116:3300/0,v1:172.21.15.116:6789/0] conn(0x7f8e60105da0 msgr2=0x7f8e601061c0 secure :-1 s=STATE_CONNECTION_ESTABLISHED l=1).mark_down
2024-03-19T02:17:31.927 INFO:teuthology.orchestra.run.smithi116.stdout:/usr/bin/ceph: stderr
2024-03-19T02:17:25.845+0000 7f8e65696700 1 --2- 172.21.15.116:0/2023745924 >> [v2:172.21.15.116:3300/0,v1:172.21.15.116:6789/0] conn(0x7f8e60105da0 0x7f8e601061c0 secure :-1 s=READY pgs=18 cs=0 l=1 rev1=1 crypto rx=0x7f8e50009e80 tx=0x7f8e5000b330 comp rx=0 tx=0).stop
2024-03-19T02:17:31.928 INFO:teuthology.orchestra.run.smithi116.stdout:/usr/bin/ceph: stderr
2024-03-19T02:17:25.845+0000 7f8e65696700 1 -- 172.21.15.116:0/2023745924 shutdown_connections
2024-03-19T02:17:31.928 INFO:teuthology.orchestra.run.smithi116.stdout:/usr/bin/ceph: stderr
2024-03-19T02:17:25.845+0000 7f8e65696700 1 --2- 172.21.15.116:0/2023745924 >> [v2:172.21.15.116:3300/0,v1:172.21.15.116:6789/0] conn(0x7f8e60105da0 0x7f8e601061c0 unknown :-1 s=CLOSED pgs=18 cs=0 l=1 rev1=1 crypto rx=0 tx=0 comp rx=0 tx=0).stop
2024-03-19T02:17:31.928 INFO:teuthology.orchestra.run.smithi116.stdout:/usr/bin/ceph: stderr
2024-03-19T02:17:25.845+0000 7f8e65696700 1 -- 172.21.15.116:0/2023745924 >> 172.21.15.116:0/2023745924 conn(0x7f8e60101770 msgr2=0x7f8e60103b90 unknown :-1 s=STATE_NONE l=0).mark_down
2024-03-19T02:17:31.928 INFO:teuthology.orchestra.run.smithi116.stdout:/usr/bin/ceph: stderr
2024-03-19T02:17:25.846+0000 7f8e65696700 1 -- 172.21.15.116:0/2023745924 shutdown_connections
2024-03-19T02:17:31.928 INFO:teuthology.orchestra.run.smithi116.stdout:/usr/bin/ceph: stderr
2024-03-19T02:17:25.846+0000 7f8e65696700 1 -- 172.21.15.116:0/2023745924 wait complete.
2024-03-19T02:17:31.928 INFO:teuthology.orchestra.run.smithi116.stdout:/usr/bin/ceph: stderr
2024-03-19T02:17:25.846+0000 7f8e65696700 1 Processor -- start
2024-03-19T02:17:31.928 INFO:teuthology.orchestra.run.smithi116.stdout:/usr/bin/ceph: stderr
2024-03-19T02:17:25.846+0000 7f8e65696700 1 -- start start
2024-03-19T02:17:31.928 INFO:teuthology.orchestra.run.smithi116.stdout:/usr/bin/ceph: stderr
2024-03-19T02:17:25.846+0000 7f8e65696700 1 --2- >> [v2:172.21.15.116:3300/0,v1:172.21.15.116:6789/0] conn(0x7f8e60105da0 0x7f8e6019b920 unknown :-1 s=NONE pgs=0 cs=0 l=1 rev1=0 crypto rx=0 tx=0 comp rx=0 tx=0).connect
2024-03-19T02:17:31.928 INFO:teuthology.orchestra.run.smithi116.stdout:/usr/bin/ceph: stderr
2024-03-19T02:17:25.846+0000 7f8e65696700 1 -- --> [v2:172.21.15.116:3300/0,v1:172.21.15.116:6789/0] -- mon_getmap magic: 0 -- 0x7f8e6010c0e0 con 0x7f8e60105da0
2024-03-19T02:17:31.928 INFO:teuthology.orchestra.run.smithi116.stdout:/usr/bin/ceph: stderr
2024-03-19T02:17:25.847+0000 7f8e5effd700 1 --2- >> [v2:172.21.15.116:3300/0,v1:172.21.15.116:6789/0] conn(0x7f8e60105da0 0x7f8e6019b920 unknown :-1 s=BANNER_CONNECTING pgs=0 cs=0 l=1 rev1=0 crypto rx=0 tx=0 comp rx=0 tx=0)._handle_peer_banner_payload supported=3 required=0
2024-03-19T02:17:31.928 INFO:teuthology.orchestra.run.smithi116.stdout:/usr/bin/ceph: stderr
2024-03-19T02:17:25.847+0000 7f8e5effd700 1 --2- >> [v2:172.21.15.116:3300/0,v1:172.21.15.116:6789/0] conn(0x7f8e60105da0 0x7f8e6019b920 unknown :-1 s=HELLO_CONNECTING pgs=0 cs=0 l=1 rev1=1 crypto rx=0 tx=0 comp rx=0 tx=0).handle_hello peer v2:172.21.15.116:3300/0 says I am v2:172.21.15.116:47556/0 (socket says 172.21.15.116:47556)
2024-03-19T02:17:31.928 INFO:teuthology.orchestra.run.smithi116.stdout:/usr/bin/ceph: stderr
2024-03-19T02:17:25.847+0000 7f8e5effd700 1 -- 172.21.15.116:0/2934387628 learned_addr learned my addr 172.21.15.116:0/2934387628 (peer_addr_for_me v2:172.21.15.116:0/0)
2024-03-19T02:17:31.928 INFO:teuthology.orchestra.run.smithi116.stdout:/usr/bin/ceph: stderr
2024-03-19T02:17:25.847+0000 7f8e5effd700 1 -- 172.21.15.116:0/2934387628 --> [v2:172.21.15.116:3300/0,v1:172.21.15.116:6789/0] -- mon_subscribe({config=0+,monmap=0+}) -- 0x7f8e6019be60 con 0x7f8e60105da0
2024-03-19T02:17:31.928 INFO:teuthology.orchestra.run.smithi116.stdout:/usr/bin/ceph: stderr
2024-03-19T02:17:25.847+0000 7f8e5effd700 1 --2- 172.21.15.116:0/2934387628 >> [v2:172.21.15.116:3300/0,v1:172.21.15.116:6789/0] conn(0x7f8e60105da0 0x7f8e6019b920 secure :-1 s=READY pgs=19 cs=0 l=1 rev1=1 crypto rx=0x7f8e5000b7b0 tx=0x7f8e50004670 comp rx=0 tx=0).ready entity=mon.0 client_cookie=0 server_cookie=0 in_seq=0 out_seq=0
2024-03-19T02:17:31.929 INFO:teuthology.orchestra.run.smithi116.stdout:/usr/bin/ceph: stderr
2024-03-19T02:17:25.847+0000 7f8e57fff700 1 -- 172.21.15.116:0/2934387628 <== mon.0 v2:172.21.15.116:3300/0 1 ==== mon_map magic: 0 ==== 205+0+0 (secure 0 0 0) 0x7f8e50020020 con 0x7f8e60105da0
2024-03-19T02:17:31.929 INFO:teuthology.orchestra.run.smithi116.stdout:/usr/bin/ceph: stderr
2024-03-19T02:17:25.847+0000 7f8e65696700 1 -- 172.21.15.116:0/2934387628 --> [v2:172.21.15.116:3300/0,v1:172.21.15.116:6789/0] -- mon_subscribe({mgrmap=0+}) -- 0x7f8e6019c0f0 con 0x7f8e60105da0
2024-03-19T02:17:31.929 INFO:teuthology.orchestra.run.smithi116.stdout:/usr/bin/ceph: stderr
2024-03-19T02:17:25.847+0000 7f8e57fff700 1 -- 172.21.15.116:0/2934387628 <== mon.0 v2:172.21.15.116:3300/0 2 ==== config(26 keys) ==== 1071+0+0 (secure 0 0 0) 0x7f8e5000bba0 con 0x7f8e60105da0
2024-03-19T02:17:31.929 INFO:teuthology.orchestra.run.smithi116.stdout:/usr/bin/ceph: stderr
2024-03-19T02:17:25.847+0000 7f8e57fff700 1 -- 172.21.15.116:0/2934387628 <== mon.0 v2:172.21.15.116:3300/0 3 ==== mon_map magic: 0 ==== 205+0+0 (secure 0 0 0) 0x7f8e50017040 con 0x7f8e60105da0
2024-03-19T02:17:31.929 INFO:teuthology.orchestra.run.smithi116.stdout:/usr/bin/ceph: stderr
2024-03-19T02:17:25.847+0000 7f8e65696700 1 -- 172.21.15.116:0/2934387628 --> [v2:172.21.15.116:3300/0,v1:172.21.15.116:6789/0] -- mon_subscribe({osdmap=0}) -- 0x7f8e6019ede0 con 0x7f8e60105da0
2024-03-19T02:17:31.929 INFO:teuthology.orchestra.run.smithi116.stdout:/usr/bin/ceph: stderr
2024-03-19T02:17:25.848+0000 7f8e57fff700 1 -- 172.21.15.116:0/2934387628 <== mon.0 v2:172.21.15.116:3300/0 4 ==== mgrmap(e 4) ==== 46095+0+0 (secure 0 0 0) 0x7f8e50023020 con 0x7f8e60105da0
2024-03-19T02:17:31.929 INFO:teuthology.orchestra.run.smithi116.stdout:/usr/bin/ceph: stderr
2024-03-19T02:17:25.848+0000 7f8e57fff700 1 --2- 172.21.15.116:0/2934387628 >> [v2:172.21.15.116:6800/1136807551,v1:172.21.15.116:6801/1136807551] conn(0x7f8e4c038f40 0x7f8e4c03b400 unknown :-1 s=NONE pgs=0 cs=0 l=1 rev1=0 crypto rx=0 tx=0 comp rx=0 tx=0).connect
2024-03-19T02:17:31.929 INFO:teuthology.orchestra.run.smithi116.stdout:/usr/bin/ceph: stderr
2024-03-19T02:17:25.848+0000 7f8e65696700 1 -- 172.21.15.116:0/2934387628 --> [v2:172.21.15.116:3300/0,v1:172.21.15.116:6789/0] -- mon_command({"prefix": "get_command_descriptions"} v 0) -- 0x7f8e60063940 con 0x7f8e60105da0
2024-03-19T02:17:31.929 INFO:teuthology.orchestra.run.smithi116.stdout:/usr/bin/ceph: stderr
2024-03-19T02:17:25.848+0000 7f8e57fff700 1 -- 172.21.15.116:0/2934387628 <== mon.0 v2:172.21.15.116:3300/0 5 ==== osd_map(1..1 src has 1..1) ==== 725+0+0 (secure 0 0 0) 0x7f8e5000f050 con 0x7f8e60105da0
2024-03-19T02:17:31.929 INFO:teuthology.orchestra.run.smithi116.stdout:/usr/bin/ceph: stderr
2024-03-19T02:17:25.848+0000 7f8e5e7fc700 1 --2- 172.21.15.116:0/2934387628 >> [v2:172.21.15.116:6800/1136807551,v1:172.21.15.116:6801/1136807551] conn(0x7f8e4c038f40 0x7f8e4c03b400 unknown :-1 s=BANNER_CONNECTING pgs=0 cs=0 l=1 rev1=0 crypto rx=0 tx=0 comp rx=0 tx=0)._handle_peer_banner_payload supported=3 required=0
2024-03-19T02:17:31.929 INFO:teuthology.orchestra.run.smithi116.stdout:/usr/bin/ceph: stderr
2024-03-19T02:17:25.849+0000 7f8e5e7fc700 1 --2- 172.21.15.116:0/2934387628 >> [v2:172.21.15.116:6800/1136807551,v1:172.21.15.116:6801/1136807551] conn(0x7f8e4c038f40 0x7f8e4c03b400 secure :-1 s=READY pgs=6 cs=0 l=1 rev1=1 crypto rx=0x7f8e48006fd0 tx=0x7f8e48006e40 comp rx=0 tx=0).ready entity=mgr.14100 client_cookie=0 server_cookie=0 in_seq=0 out_seq=0
2024-03-19T02:17:31.930 INFO:teuthology.orchestra.run.smithi116.stdout:/usr/bin/ceph: stderr
2024-03-19T02:17:25.853+0000 7f8e57fff700 1 -- 172.21.15.116:0/2934387628 <== mon.0 v2:172.21.15.116:3300/0 6 ==== mon_command_ack([{"prefix": "get_command_descriptions"}]=0 v0) ==== 72+0+186149 (secure 0 0 0) 0x7f8e5002a020 con 0x7f8e60105da0
2024-03-19T02:17:31.930 INFO:teuthology.orchestra.run.smithi116.stdout:/usr/bin/ceph: stderr
2024-03-19T02:17:26.129+0000 7f8e65696700 1 -- 172.21.15.116:0/2934387628 --> [v2:172.21.15.116:3300/0,v1:172.21.15.116:6789/0] -- mon_command({"prefix": "status", "format": "json-pretty"} v 0) -- 0x7f8e6019efb0 con 0x7f8e60105da0
2024-03-19T02:17:31.930 INFO:teuthology.orchestra.run.smithi116.stdout:/usr/bin/ceph: stderr
2024-03-19T02:17:26.129+0000 7f8e57fff700 1 -- 172.21.15.116:0/2934387628 <== mon.0 v2:172.21.15.116:3300/0 7 ==== mon_command_ack([{"prefix": "status", "format": "json-pretty"}]=0 v0) ==== 79+0+1239 (secure 0 0 0) 0x7f8e5002c300 con 0x7f8e60105da0
2024-03-19T02:17:31.930 INFO:teuthology.orchestra.run.smithi116.stdout:/usr/bin/ceph: stderr
2024-03-19T02:17:26.131+0000 7f8e65696700 1 -- 172.21.15.116:0/2934387628 >> [v2:172.21.15.116:6800/1136807551,v1:172.21.15.116:6801/1136807551] conn(0x7f8e4c038f40 msgr2=0x7f8e4c03b400 secure :-1 s=STATE_CONNECTION_ESTABLISHED l=1).mark_down
2024-03-19T02:17:31.930 INFO:teuthology.orchestra.run.smithi116.stdout:/usr/bin/ceph: stderr
2024-03-19T02:17:26.131+0000 7f8e65696700 1 --2- 172.21.15.116:0/2934387628 >> [v2:172.21.15.116:6800/1136807551,v1:172.21.15.116:6801/1136807551] conn(0x7f8e4c038f40 0x7f8e4c03b400 secure :-1 s=READY pgs=6 cs=0 l=1 rev1=1 crypto rx=0x7f8e48006fd0 tx=0x7f8e48006e40 comp rx=0 tx=0).stop
2024-03-19T02:17:31.930 INFO:teuthology.orchestra.run.smithi116.stdout:/usr/bin/ceph: stderr
2024-03-19T02:17:26.131+0000 7f8e65696700 1 -- 172.21.15.116:0/2934387628 >> [v2:172.21.15.116:3300/0,v1:172.21.15.116:6789/0] conn(0x7f8e60105da0 msgr2=0x7f8e6019b920 secure :-1 s=STATE_CONNECTION_ESTABLISHED l=1).mark_down
2024-03-19T02:17:31.930 INFO:teuthology.orchestra.run.smithi116.stdout:/usr/bin/ceph: stderr
2024-03-19T02:17:26.131+0000 7f8e65696700 1 --2- 172.21.15.116:0/2934387628 >> [v2:172.21.15.116:3300/0,v1:172.21.15.116:6789/0] conn(0x7f8e60105da0 0x7f8e6019b920 secure :-1 s=READY pgs=19 cs=0 l=1 rev1=1 crypto rx=0x7f8e5000b7b0 tx=0x7f8e50004670 comp rx=0 tx=0).stop
2024-03-19T02:17:31.930 INFO:teuthology.orchestra.run.smithi116.stdout:/usr/bin/ceph: stderr
2024-03-19T02:17:26.131+0000 7f8e65696700 1 -- 172.21.15.116:0/2934387628 shutdown_connections
2024-03-19T02:17:31.930 INFO:teuthology.orchestra.run.smithi116.stdout:/usr/bin/ceph: stderr
2024-03-19T02:17:26.131+0000 7f8e65696700 1 --2- 172.21.15.116:0/2934387628 >> [v2:172.21.15.116:6800/1136807551,v1:172.21.15.116:6801/1136807551] conn(0x7f8e4c038f40 0x7f8e4c03b400 unknown :-1 s=CLOSED pgs=6 cs=0 l=1 rev1=1 crypto rx=0 tx=0 comp rx=0 tx=0).stop
2024-03-19T02:17:31.930 INFO:teuthology.orchestra.run.smithi116.stdout:/usr/bin/ceph: stderr
2024-03-19T02:17:26.131+0000 7f8e65696700 1 --2- 172.21.15.116:0/2934387628 >> [v2:172.21.15.116:3300/0,v1:172.21.15.116:6789/0] conn(0x7f8e60105da0 0x7f8e6019b920 unknown :-1 s=CLOSED pgs=19 cs=0 l=1 rev1=1 crypto rx=0 tx=0 comp rx=0 tx=0).stop
2024-03-19T02:17:31.930 INFO:teuthology.orchestra.run.smithi116.stdout:/usr/bin/ceph: stderr
2024-03-19T02:17:26.131+0000 7f8e65696700 1 -- 172.21.15.116:0/2934387628 >> 172.21.15.116:0/2934387628 conn(0x7f8e60101770 msgr2=0x7f8e60102140 unknown :-1 s=STATE_NONE l=0).mark_down
2024-03-19T02:17:31.930 INFO:teuthology.orchestra.run.smithi116.stdout:/usr/bin/ceph: stderr
2024-03-19T02:17:26.131+0000 7f8e65696700 1 -- 172.21.15.116:0/2934387628 shutdown_connections
2024-03-19T02:17:31.930 INFO:teuthology.orchestra.run.smithi116.stdout:/usr/bin/ceph: stderr
2024-03-19T02:17:26.131+0000 7f8e65696700 1 -- 172.21.15.116:0/2934387628 wait complete.
2024-03-19T02:17:31.930 INFO:teuthology.orchestra.run.smithi116.stdout:mgr is available
2024-03-19T02:17:34.008 INFO:journalctl@ceph.mon.a.smithi116.stdout:Mar 19 02:17:33 smithi116 ceph-mon[32263]: from='client.? 172.21.15.116:0/243837531' entity='client.admin' cmd=[{"prefix": "config assimilate-conf"}]: dispatch
2024-03-19T02:17:34.197 INFO:teuthology.orchestra.run.smithi116.stdout:/usr/bin/ceph: stdout
2024-03-19T02:17:34.197 INFO:teuthology.orchestra.run.smithi116.stdout:/usr/bin/ceph: stdout [global]
2024-03-19T02:17:34.198 INFO:teuthology.orchestra.run.smithi116.stdout:/usr/bin/ceph: stdout fsid = a1da9bbc-e596-11ee-95c9-87774f69a715
2024-03-19T02:17:34.198 INFO:teuthology.orchestra.run.smithi116.stdout:/usr/bin/ceph: stdout mon_osd_allow_pg_remap = true
2024-03-19T02:17:34.198 INFO:teuthology.orchestra.run.smithi116.stdout:/usr/bin/ceph: stdout mon_osd_allow_primary_affinity = true
2024-03-19T02:17:34.198 INFO:teuthology.orchestra.run.smithi116.stdout:/usr/bin/ceph: stdout mon_warn_on_no_sortbitwise = false
2024-03-19T02:17:34.198 INFO:teuthology.orchestra.run.smithi116.stdout:/usr/bin/ceph: stdout osd_crush_chooseleaf_type = 0
2024-03-19T02:17:34.198 INFO:teuthology.orchestra.run.smithi116.stdout:/usr/bin/ceph: stdout
2024-03-19T02:17:34.198 INFO:teuthology.orchestra.run.smithi116.stdout:/usr/bin/ceph: stdout [mgr]
2024-03-19T02:17:34.198 INFO:teuthology.orchestra.run.smithi116.stdout:/usr/bin/ceph: stdout mgr/telemetry/nag = false
2024-03-19T02:17:34.198 INFO:teuthology.orchestra.run.smithi116.stdout:/usr/bin/ceph: stdout
2024-03-19T02:17:34.198 INFO:teuthology.orchestra.run.smithi116.stdout:/usr/bin/ceph: stdout [osd]
2024-03-19T02:17:34.198 INFO:teuthology.orchestra.run.smithi116.stdout:/usr/bin/ceph: stdout mon_osd_backfillfull_ratio = 0.85
2024-03-19T02:17:34.198 INFO:teuthology.orchestra.run.smithi116.stdout:/usr/bin/ceph: stdout mon_osd_full_ratio = 0.9
2024-03-19T02:17:34.198 INFO:teuthology.orchestra.run.smithi116.stdout:/usr/bin/ceph: stdout mon_osd_nearfull_ratio = 0.8
2024-03-19T02:17:34.199 INFO:teuthology.orchestra.run.smithi116.stdout:/usr/bin/ceph: stdout osd_map_max_advance = 10
2024-03-19T02:17:34.199 INFO:teuthology.orchestra.run.smithi116.stdout:/usr/bin/ceph: stdout osd_sloppy_crc = true
2024-03-19T02:17:34.199 INFO:teuthology.orchestra.run.smithi116.stdout:/usr/bin/ceph: stderr
2024-03-19T02:17:33.465+0000 7f6b24ecc700 1 Processor -- start
2024-03-19T02:17:34.199 INFO:teuthology.orchestra.run.smithi116.stdout:/usr/bin/ceph: stderr
2024-03-19T02:17:33.465+0000 7f6b24ecc700 1 -- start start
2024-03-19T02:17:34.199 INFO:teuthology.orchestra.run.smithi116.stdout:/usr/bin/ceph: stderr
2024-03-19T02:17:33.466+0000 7f6b24ecc700 1 --2- >> [v2:172.21.15.116:3300/0,v1:172.21.15.116:6789/0] conn(0x7f6b201069b0 0x7f6b20106dd0 unknown :-1 s=NONE pgs=0 cs=0 l=0 rev1=0 crypto rx=0 tx=0 comp rx=0 tx=0).connect
2024-03-19T02:17:34.199 INFO:teuthology.orchestra.run.smithi116.stdout:/usr/bin/ceph: stderr
2024-03-19T02:17:33.466+0000 7f6b24ecc700 1 -- --> [v2:172.21.15.116:3300/0,v1:172.21.15.116:6789/0] -- mon_getmap magic: 0 -- 0x7f6b201073a0 con 0x7f6b201069b0
2024-03-19T02:17:34.199 INFO:teuthology.orchestra.run.smithi116.stdout:/usr/bin/ceph: stderr
2024-03-19T02:17:33.466+0000 7f6b1e59c700 1 --2- >> [v2:172.21.15.116:3300/0,v1:172.21.15.116:6789/0] conn(0x7f6b201069b0 0x7f6b20106dd0 unknown :-1 s=BANNER_CONNECTING pgs=0 cs=0 l=0 rev1=0 crypto rx=0 tx=0 comp rx=0 tx=0)._handle_peer_banner_payload supported=3 required=0
2024-03-19T02:17:34.199 INFO:teuthology.orchestra.run.smithi116.stdout:/usr/bin/ceph: stderr
2024-03-19T02:17:33.466+0000 7f6b1e59c700 1 --2- >> [v2:172.21.15.116:3300/0,v1:172.21.15.116:6789/0] conn(0x7f6b201069b0 0x7f6b20106dd0 unknown :-1 s=HELLO_CONNECTING pgs=0 cs=0 l=0 rev1=1 crypto rx=0 tx=0 comp rx=0 tx=0).handle_hello peer v2:172.21.15.116:3300/0 says I am v2:172.21.15.116:44934/0 (socket says 172.21.15.116:44934)
2024-03-19T02:17:34.199 INFO:teuthology.orchestra.run.smithi116.stdout:/usr/bin/ceph: stderr
2024-03-19T02:17:33.466+0000 7f6b1e59c700 1 -- 172.21.15.116:0/2229433294 learned_addr learned my addr 172.21.15.116:0/2229433294 (peer_addr_for_me v2:172.21.15.116:0/0)
2024-03-19T02:17:34.199 INFO:teuthology.orchestra.run.smithi116.stdout:/usr/bin/ceph: stderr
2024-03-19T02:17:33.466+0000 7f6b1e59c700 1 -- 172.21.15.116:0/2229433294 --> [v2:172.21.15.116:3300/0,v1:172.21.15.116:6789/0] -- mon_subscribe({config=0+,monmap=0+}) -- 0x7f6b20107bb0 con 0x7f6b201069b0
2024-03-19T02:17:34.199 INFO:teuthology.orchestra.run.smithi116.stdout:/usr/bin/ceph: stderr
2024-03-19T02:17:33.466+0000 7f6b1e59c700 1 --2- 172.21.15.116:0/2229433294 >> [v2:172.21.15.116:3300/0,v1:172.21.15.116:6789/0] conn(0x7f6b201069b0 0x7f6b20106dd0 secure :-1 s=READY pgs=20 cs=0 l=1 rev1=1 crypto rx=0x7f6b100098a0 tx=0x7f6b10009bb0 comp rx=0 tx=0).ready entity=mon.0 client_cookie=6f761bfba87783c6 server_cookie=0 in_seq=0 out_seq=0
2024-03-19T02:17:34.199 INFO:teuthology.orchestra.run.smithi116.stdout:/usr/bin/ceph: stderr
2024-03-19T02:17:33.466+0000 7f6b1d59a700 1 -- 172.21.15.116:0/2229433294 <== mon.0 v2:172.21.15.116:3300/0 1 ==== mon_map magic: 0 ==== 205+0+0 (secure 0 0 0) 0x7f6b10004160 con 0x7f6b201069b0
2024-03-19T02:17:34.199 INFO:teuthology.orchestra.run.smithi116.stdout:/usr/bin/ceph: stderr
2024-03-19T02:17:33.466+0000 7f6b1d59a700 1 -- 172.21.15.116:0/2229433294 <== mon.0 v2:172.21.15.116:3300/0 2 ==== config(26 keys) ==== 1071+0+0 (secure 0 0 0) 0x7f6b10004300 con 0x7f6b201069b0
2024-03-19T02:17:34.199 INFO:teuthology.orchestra.run.smithi116.stdout:/usr/bin/ceph: stderr
2024-03-19T02:17:33.466+0000 7f6b1d59a700 1 -- 172.21.15.116:0/2229433294 <== mon.0 v2:172.21.15.116:3300/0 3 ==== mon_map magic: 0 ==== 205+0+0 (secure 0 0 0) 0x7f6b10011a80 con 0x7f6b201069b0
2024-03-19T02:17:34.200 INFO:teuthology.orchestra.run.smithi116.stdout:/usr/bin/ceph: stderr
2024-03-19T02:17:33.467+0000 7f6b24ecc700 1 -- 172.21.15.116:0/2229433294 >> [v2:172.21.15.116:3300/0,v1:172.21.15.116:6789/0] conn(0x7f6b201069b0 msgr2=0x7f6b20106dd0 secure :-1 s=STATE_CONNECTION_ESTABLISHED l=1).mark_down
2024-03-19T02:17:34.200 INFO:teuthology.orchestra.run.smithi116.stdout:/usr/bin/ceph: stderr
2024-03-19T02:17:33.467+0000 7f6b24ecc700 1 --2- 172.21.15.116:0/2229433294 >> [v2:172.21.15.116:3300/0,v1:172.21.15.116:6789/0] conn(0x7f6b201069b0 0x7f6b20106dd0 secure :-1 s=READY pgs=20 cs=0 l=1 rev1=1 crypto rx=0x7f6b100098a0 tx=0x7f6b10009bb0 comp rx=0 tx=0).stop
2024-03-19T02:17:34.200 INFO:teuthology.orchestra.run.smithi116.stdout:/usr/bin/ceph: stderr
2024-03-19T02:17:33.467+0000 7f6b24ecc700 1 -- 172.21.15.116:0/2229433294 shutdown_connections
2024-03-19T02:17:34.200 INFO:teuthology.orchestra.run.smithi116.stdout:/usr/bin/ceph: stderr
2024-03-19T02:17:33.467+0000 7f6b24ecc700 1 --2- 172.21.15.116:0/2229433294 >> [v2:172.21.15.116:3300/0,v1:172.21.15.116:6789/0] conn(0x7f6b201069b0 0x7f6b20106dd0 unknown :-1 s=CLOSED pgs=20 cs=0 l=1 rev1=1 crypto rx=0 tx=0 comp rx=0 tx=0).stop
2024-03-19T02:17:34.200 INFO:teuthology.orchestra.run.smithi116.stdout:/usr/bin/ceph: stderr
2024-03-19T02:17:33.467+0000 7f6b24ecc700 1 -- 172.21.15.116:0/2229433294 >> 172.21.15.116:0/2229433294 conn(0x7f6b20101fb0 msgr2=0x7f6b201043d0 unknown :-1 s=STATE_NONE l=0).mark_down
2024-03-19T02:17:34.200 INFO:teuthology.orchestra.run.smithi116.stdout:/usr/bin/ceph: stderr
2024-03-19T02:17:33.467+0000 7f6b24ecc700 1 -- 172.21.15.116:0/2229433294 shutdown_connections
2024-03-19T02:17:34.200 INFO:teuthology.orchestra.run.smithi116.stdout:/usr/bin/ceph: stderr
2024-03-19T02:17:33.467+0000 7f6b24ecc700 1 -- 172.21.15.116:0/2229433294 wait complete.
2024-03-19T02:17:34.200 INFO:teuthology.orchestra.run.smithi116.stdout:/usr/bin/ceph: stderr
2024-03-19T02:17:33.468+0000 7f6b24ecc700 1 Processor -- start
2024-03-19T02:17:34.200 INFO:teuthology.orchestra.run.smithi116.stdout:/usr/bin/ceph: stderr
2024-03-19T02:17:33.468+0000 7f6b24ecc700 1 -- start start
2024-03-19T02:17:34.200 INFO:teuthology.orchestra.run.smithi116.stdout:/usr/bin/ceph: stderr
2024-03-19T02:17:33.468+0000 7f6b24ecc700 1 --2- >> [v2:172.21.15.116:3300/0,v1:172.21.15.116:6789/0] conn(0x7f6b201069b0 0x7f6b2019a7f0 unknown :-1 s=NONE pgs=0 cs=0 l=1 rev1=0 crypto rx=0 tx=0 comp rx=0 tx=0).connect
2024-03-19T02:17:34.200 INFO:teuthology.orchestra.run.smithi116.stdout:/usr/bin/ceph: stderr
2024-03-19T02:17:33.468+0000 7f6b24ecc700 1 -- --> [v2:172.21.15.116:3300/0,v1:172.21.15.116:6789/0] -- mon_getmap magic: 0 -- 0x7f6b2010af60 con 0x7f6b201069b0
2024-03-19T02:17:34.200 INFO:teuthology.orchestra.run.smithi116.stdout:/usr/bin/ceph: stderr
2024-03-19T02:17:33.468+0000 7f6b1e59c700 1 --2- >> [v2:172.21.15.116:3300/0,v1:172.21.15.116:6789/0] conn(0x7f6b201069b0 0x7f6b2019a7f0 unknown :-1 s=BANNER_CONNECTING pgs=0 cs=0 l=1 rev1=0 crypto rx=0 tx=0 comp rx=0 tx=0)._handle_peer_banner_payload supported=3 required=0
2024-03-19T02:17:34.200 INFO:teuthology.orchestra.run.smithi116.stdout:/usr/bin/ceph: stderr
2024-03-19T02:17:33.468+0000 7f6b1e59c700 1 --2- >> [v2:172.21.15.116:3300/0,v1:172.21.15.116:6789/0] conn(0x7f6b201069b0 0x7f6b2019a7f0 unknown :-1 s=HELLO_CONNECTING pgs=0 cs=0 l=1 rev1=1 crypto rx=0 tx=0 comp rx=0 tx=0).handle_hello peer v2:172.21.15.116:3300/0 says I am v2:172.21.15.116:44950/0 (socket says 172.21.15.116:44950)
2024-03-19T02:17:34.200 INFO:teuthology.orchestra.run.smithi116.stdout:/usr/bin/ceph: stderr
2024-03-19T02:17:33.468+0000 7f6b1e59c700 1 -- 172.21.15.116:0/243837531 learned_addr learned my addr 172.21.15.116:0/243837531 (peer_addr_for_me v2:172.21.15.116:0/0)
2024-03-19T02:17:34.201 INFO:teuthology.orchestra.run.smithi116.stdout:/usr/bin/ceph: stderr
2024-03-19T02:17:33.469+0000 7f6b1e59c700 1 -- 172.21.15.116:0/243837531 --> [v2:172.21.15.116:3300/0,v1:172.21.15.116:6789/0] -- mon_subscribe({config=0+,monmap=0+}) -- 0x7f6b2019ad30 con 0x7f6b201069b0
2024-03-19T02:17:34.201 INFO:teuthology.orchestra.run.smithi116.stdout:/usr/bin/ceph: stderr
2024-03-19T02:17:33.469+0000 7f6b1e59c700 1 --2- 172.21.15.116:0/243837531 >> [v2:172.21.15.116:3300/0,v1:172.21.15.116:6789/0] conn(0x7f6b201069b0 0x7f6b2019a7f0 secure :-1 s=READY pgs=21 cs=0 l=1 rev1=1 crypto rx=0x7f6b10006af0 tx=0x7f6b10011c40 comp rx=0 tx=0).ready entity=mon.0 client_cookie=0 server_cookie=0 in_seq=0 out_seq=0
2024-03-19T02:17:34.201 INFO:teuthology.orchestra.run.smithi116.stdout:/usr/bin/ceph: stderr
2024-03-19T02:17:33.469+0000 7f6b0f7fe700 1 -- 172.21.15.116:0/243837531 <== mon.0 v2:172.21.15.116:3300/0 1 ==== mon_map magic: 0 ==== 205+0+0 (secure 0 0 0) 0x7f6b100039e0 con 0x7f6b201069b0
2024-03-19T02:17:34.201 INFO:teuthology.orchestra.run.smithi116.stdout:/usr/bin/ceph: stderr
2024-03-19T02:17:33.469+0000 7f6b0f7fe700 1 -- 172.21.15.116:0/243837531 <== mon.0 v2:172.21.15.116:3300/0 2 ==== config(26 keys) ==== 1071+0+0 (secure 0 0 0) 0x7f6b10003b80 con 0x7f6b201069b0
2024-03-19T02:17:34.201 INFO:teuthology.orchestra.run.smithi116.stdout:/usr/bin/ceph: stderr
2024-03-19T02:17:33.469+0000 7f6b24ecc700 1 -- 172.21.15.116:0/243837531 --> [v2:172.21.15.116:3300/0,v1:172.21.15.116:6789/0] -- mon_subscribe({mgrmap=0+}) -- 0x7f6b2019afc0 con 0x7f6b201069b0
2024-03-19T02:17:34.201 INFO:teuthology.orchestra.run.smithi116.stdout:/usr/bin/ceph: stderr
2024-03-19T02:17:33.469+0000 7f6b0f7fe700 1 -- 172.21.15.116:0/243837531 <== mon.0 v2:172.21.15.116:3300/0 3 ==== mon_map magic: 0 ==== 205+0+0 (secure 0 0 0) 0x7f6b100196a0 con 0x7f6b201069b0
2024-03-19T02:17:34.201 INFO:teuthology.orchestra.run.smithi116.stdout:/usr/bin/ceph: stderr
2024-03-19T02:17:33.469+0000 7f6b24ecc700 1 -- 172.21.15.116:0/243837531 --> [v2:172.21.15.116:3300/0,v1:172.21.15.116:6789/0] -- mon_subscribe({osdmap=0}) -- 0x7f6b2019dcb0 con 0x7f6b201069b0
2024-03-19T02:17:34.201 INFO:teuthology.orchestra.run.smithi116.stdout:/usr/bin/ceph: stderr
2024-03-19T02:17:33.470+0000 7f6b0f7fe700 1 -- 172.21.15.116:0/243837531 <== mon.0 v2:172.21.15.116:3300/0 4 ==== mgrmap(e 4) ==== 46095+0+0 (secure 0 0 0) 0x7f6b100199a0 con 0x7f6b201069b0
2024-03-19T02:17:34.201 INFO:teuthology.orchestra.run.smithi116.stdout:/usr/bin/ceph: stderr
2024-03-19T02:17:33.470+0000 7f6b24ecc700 1 -- 172.21.15.116:0/243837531 --> [v2:172.21.15.116:3300/0,v1:172.21.15.116:6789/0] -- mon_command({"prefix": "get_command_descriptions"} v 0) -- 0x7f6b20063940 con 0x7f6b201069b0
2024-03-19T02:17:34.201 INFO:teuthology.orchestra.run.smithi116.stdout:/usr/bin/ceph: stderr
2024-03-19T02:17:33.470+0000 7f6b0f7fe700 1 --2- 172.21.15.116:0/243837531 >> [v2:172.21.15.116:6800/1136807551,v1:172.21.15.116:6801/1136807551] conn(0x7f6b08038f40 0x7f6b0803b400 unknown :-1 s=NONE pgs=0 cs=0 l=1 rev1=0 crypto rx=0 tx=0 comp rx=0 tx=0).connect
2024-03-19T02:17:34.201 INFO:teuthology.orchestra.run.smithi116.stdout:/usr/bin/ceph: stderr
2024-03-19T02:17:33.470+0000 7f6b0f7fe700 1 -- 172.21.15.116:0/243837531 <== mon.0 v2:172.21.15.116:3300/0 5 ==== osd_map(1..1 src has 1..1) ==== 725+0+0 (secure 0 0 0) 0x7f6b1004d510 con 0x7f6b201069b0
2024-03-19T02:17:34.201 INFO:teuthology.orchestra.run.smithi116.stdout:/usr/bin/ceph: stderr
2024-03-19T02:17:33.470+0000 7f6b1dd9b700 1 --2- 172.21.15.116:0/243837531 >> [v2:172.21.15.116:6800/1136807551,v1:172.21.15.116:6801/1136807551] conn(0x7f6b08038f40 0x7f6b0803b400 unknown :-1 s=BANNER_CONNECTING pgs=0 cs=0 l=1 rev1=0 crypto rx=0 tx=0 comp rx=0 tx=0)._handle_peer_banner_payload supported=3 required=0
2024-03-19T02:17:34.201 INFO:teuthology.orchestra.run.smithi116.stdout:/usr/bin/ceph: stderr
2024-03-19T02:17:33.471+0000 7f6b1dd9b700 1 --2- 172.21.15.116:0/243837531 >> [v2:172.21.15.116:6800/1136807551,v1:172.21.15.116:6801/1136807551] conn(0x7f6b08038f40 0x7f6b0803b400 secure :-1 s=READY pgs=7 cs=0 l=1 rev1=1 crypto rx=0x7f6b14006fd0 tx=0x7f6b14006e40 comp rx=0 tx=0).ready entity=mgr.14100 client_cookie=0 server_cookie=0 in_seq=0 out_seq=0
2024-03-19T02:17:34.201 INFO:teuthology.orchestra.run.smithi116.stdout:/usr/bin/ceph: stderr
2024-03-19T02:17:33.475+0000 7f6b0f7fe700 1 -- 172.21.15.116:0/243837531 <== mon.0 v2:172.21.15.116:3300/0 6 ==== mon_command_ack([{"prefix": "get_command_descriptions"}]=0 v0) ==== 72+0+186149 (secure 0 0 0) 0x7f6b1004cf30 con 0x7f6b201069b0
2024-03-19T02:17:34.202 INFO:teuthology.orchestra.run.smithi116.stdout:/usr/bin/ceph: stderr
2024-03-19T02:17:33.670+0000 7f6b24ecc700 1 -- 172.21.15.116:0/243837531 --> [v2:172.21.15.116:3300/0,v1:172.21.15.116:6789/0] -- mon_command({"prefix": "config assimilate-conf"} v 0) -- 0x7f6b2019de80 con 0x7f6b201069b0
2024-03-19T02:17:34.202 INFO:teuthology.orchestra.run.smithi116.stdout:/usr/bin/ceph: stderr
2024-03-19T02:17:33.671+0000 7f6b0f7fe700 1 -- 172.21.15.116:0/243837531 <== mon.0 v2:172.21.15.116:3300/0 7 ==== mon_command_ack([{"prefix": "config assimilate-conf"}]=0 v3) ==== 70+0+373 (secure 0 0 0) 0x7f6b2019de80 con 0x7f6b201069b0
2024-03-19T02:17:34.202 INFO:teuthology.orchestra.run.smithi116.stdout:/usr/bin/ceph: stderr
2024-03-19T02:17:33.673+0000 7f6b24ecc700 1 -- 172.21.15.116:0/243837531 >> [v2:172.21.15.116:6800/1136807551,v1:172.21.15.116:6801/1136807551] conn(0x7f6b08038f40 msgr2=0x7f6b0803b400 secure :-1 s=STATE_CONNECTION_ESTABLISHED l=1).mark_down
2024-03-19T02:17:34.202 INFO:teuthology.orchestra.run.smithi116.stdout:/usr/bin/ceph: stderr
2024-03-19T02:17:33.673+0000 7f6b24ecc700 1 --2- 172.21.15.116:0/243837531 >> [v2:172.21.15.116:6800/1136807551,v1:172.21.15.116:6801/1136807551] conn(0x7f6b08038f40 0x7f6b0803b400 secure :-1 s=READY pgs=7 cs=0 l=1 rev1=1 crypto rx=0x7f6b14006fd0 tx=0x7f6b14006e40 comp rx=0 tx=0).stop
2024-03-19T02:17:34.202 INFO:teuthology.orchestra.run.smithi116.stdout:/usr/bin/ceph: stderr
2024-03-19T02:17:33.673+0000 7f6b24ecc700 1 -- 172.21.15.116:0/243837531 >> [v2:172.21.15.116:3300/0,v1:172.21.15.116:6789/0] conn(0x7f6b201069b0 msgr2=0x7f6b2019a7f0 secure :-1 s=STATE_CONNECTION_ESTABLISHED l=1).mark_down
2024-03-19T02:17:34.202 INFO:teuthology.orchestra.run.smithi116.stdout:/usr/bin/ceph: stderr
2024-03-19T02:17:33.673+0000 7f6b24ecc700 1 --2- 172.21.15.116:0/243837531 >> [v2:172.21.15.116:3300/0,v1:172.21.15.116:6789/0] conn(0x7f6b201069b0 0x7f6b2019a7f0 secure :-1 s=READY pgs=21 cs=0 l=1 rev1=1 crypto rx=0x7f6b10006af0 tx=0x7f6b10011c40 comp rx=0 tx=0).stop
2024-03-19T02:17:34.202 INFO:teuthology.orchestra.run.smithi116.stdout:/usr/bin/ceph: stderr
2024-03-19T02:17:33.673+0000 7f6b24ecc700 1 -- 172.21.15.116:0/243837531 shutdown_connections
2024-03-19T02:17:34.202 INFO:teuthology.orchestra.run.smithi116.stdout:/usr/bin/ceph: stderr
2024-03-19T02:17:33.673+0000 7f6b24ecc700 1 --2- 172.21.15.116:0/243837531 >> [v2:172.21.15.116:6800/1136807551,v1:172.21.15.116:6801/1136807551] conn(0x7f6b08038f40 0x7f6b0803b400 unknown :-1 s=CLOSED pgs=7 cs=0 l=1 rev1=1 crypto rx=0 tx=0 comp rx=0 tx=0).stop
2024-03-19T02:17:34.202 INFO:teuthology.orchestra.run.smithi116.stdout:/usr/bin/ceph: stderr
2024-03-19T02:17:33.673+0000 7f6b24ecc700 1 --2- 172.21.15.116:0/243837531 >> [v2:172.21.15.116:3300/0,v1:172.21.15.116:6789/0] conn(0x7f6b201069b0 0x7f6b2019a7f0 unknown :-1 s=CLOSED pgs=21 cs=0 l=1 rev1=1 crypto rx=0 tx=0 comp rx=0 tx=0).stop
2024-03-19T02:17:34.202 INFO:teuthology.orchestra.run.smithi116.stdout:/usr/bin/ceph: stderr
2024-03-19T02:17:33.673+0000 7f6b24ecc700 1 -- 172.21.15.116:0/243837531 >> 172.21.15.116:0/243837531 conn(0x7f6b20101fb0 msgr2=0x7f6b20102a00 unknown :-1 s=STATE_NONE l=0).mark_down
2024-03-19T02:17:34.202 INFO:teuthology.orchestra.run.smithi116.stdout:/usr/bin/ceph: stderr
2024-03-19T02:17:33.673+0000 7f6b24ecc700 1 -- 172.21.15.116:0/243837531 shutdown_connections
2024-03-19T02:17:34.202 INFO:teuthology.orchestra.run.smithi116.stdout:/usr/bin/ceph: stderr
2024-03-19T02:17:33.673+0000 7f6b24ecc700 1 -- 172.21.15.116:0/243837531 wait complete.
2024-03-19T02:17:34.202 INFO:teuthology.orchestra.run.smithi116.stdout:Enabling cephadm module...
2024-03-19T02:17:35.258 INFO:journalctl@ceph.mon.a.smithi116.stdout:Mar 19 02:17:34 smithi116 ceph-mon[32263]: from='client.? 172.21.15.116:0/4256645856' entity='client.admin' cmd=[{"prefix": "mgr module enable", "module": "cephadm"}]: dispatch
2024-03-19T02:17:35.258 INFO:journalctl@ceph.mgr.x.smithi116.stdout:Mar 19 02:17:34 smithi116 ceph-a1da9bbc-e596-11ee-95c9-87774f69a715-mgr-x[32492]: ignoring --setuser ceph since I am not root
2024-03-19T02:17:35.258 INFO:journalctl@ceph.mgr.x.smithi116.stdout:Mar 19 02:17:34 smithi116 ceph-a1da9bbc-e596-11ee-95c9-87774f69a715-mgr-x[32492]: ignoring --setgroup ceph since I am not root
2024-03-19T02:17:35.758 INFO:journalctl@ceph.mgr.x.smithi116.stdout:Mar 19 02:17:35 smithi116 ceph-a1da9bbc-e596-11ee-95c9-87774f69a715-mgr-x[32492]:
2024-03-19T02:17:35.470+0000 7f678375d200 -1 mgr[py] Module osd_perf_query has missing NOTIFY_TYPES member
2024-03-19T02:17:35.758 INFO:journalctl@ceph.mgr.x.smithi116.stdout:Mar 19 02:17:35 smithi116 ceph-a1da9bbc-e596-11ee-95c9-87774f69a715-mgr-x[32492]:
2024-03-19T02:17:35.565+0000 7f678375d200 -1 mgr[py] Module snap_schedule has missing NOTIFY_TYPES member
2024-03-19T02:17:35.861 INFO:teuthology.orchestra.run.smithi116.stdout:/usr/bin/ceph: stderr
2024-03-19T02:17:34.607+0000 7f66b7227700 1 Processor -- start
2024-03-19T02:17:35.861 INFO:teuthology.orchestra.run.smithi116.stdout:/usr/bin/ceph: stderr
2024-03-19T02:17:34.607+0000 7f66b7227700 1 -- start start
2024-03-19T02:17:35.861 INFO:teuthology.orchestra.run.smithi116.stdout:/usr/bin/ceph: stderr
2024-03-19T02:17:34.607+0000 7f66b7227700 1 --2- >> [v2:172.21.15.116:3300/0,v1:172.21.15.116:6789/0] conn(0x7f66b0105da0 0x7f66b01061c0 unknown :-1 s=NONE pgs=0 cs=0 l=0 rev1=0 crypto rx=0 tx=0 comp rx=0 tx=0).connect
2024-03-19T02:17:35.862 INFO:teuthology.orchestra.run.smithi116.stdout:/usr/bin/ceph: stderr
2024-03-19T02:17:34.607+0000 7f66b7227700 1 -- --> [v2:172.21.15.116:3300/0,v1:172.21.15.116:6789/0] -- mon_getmap magic: 0 -- 0x7f66b0106790 con 0x7f66b0105da0
2024-03-19T02:17:35.862 INFO:teuthology.orchestra.run.smithi116.stdout:/usr/bin/ceph: stderr
2024-03-19T02:17:34.607+0000 7f66b4fc3700 1 --2- >> [v2:172.21.15.116:3300/0,v1:172.21.15.116:6789/0] conn(0x7f66b0105da0 0x7f66b01061c0 unknown :-1 s=BANNER_CONNECTING pgs=0 cs=0 l=0 rev1=0 crypto rx=0 tx=0 comp rx=0 tx=0)._handle_peer_banner_payload supported=3 required=0
2024-03-19T02:17:35.862 INFO:teuthology.orchestra.run.smithi116.stdout:/usr/bin/ceph: stderr
2024-03-19T02:17:34.607+0000 7f66b4fc3700 1 --2- >> [v2:172.21.15.116:3300/0,v1:172.21.15.116:6789/0] conn(0x7f66b0105da0 0x7f66b01061c0 unknown :-1 s=HELLO_CONNECTING pgs=0 cs=0 l=0 rev1=1 crypto rx=0 tx=0 comp rx=0 tx=0).handle_hello peer v2:172.21.15.116:3300/0 says I am v2:172.21.15.116:44954/0 (socket says 172.21.15.116:44954)
