2024-03-19T02:18:11.161+0000 7f7b4ffe6700 1 -- --> [v2:172.21.15.116:3300/0,v1:172.21.15.116:6789/0] -- mon_getmap magic: 0 -- 0x7f7b48107380 con 0x7f7b48106990
2024-03-19T02:18:12.387 INFO:teuthology.orchestra.run.smithi116.stdout:/usr/bin/ceph: stderr
2024-03-19T02:18:11.161+0000 7f7b4dd82700 1 --2- >> [v2:172.21.15.116:3300/0,v1:172.21.15.116:6789/0] conn(0x7f7b48106990 0x7f7b48106db0 unknown :-1 s=BANNER_CONNECTING pgs=0 cs=0 l=0 rev1=0 crypto rx=0 tx=0 comp rx=0 tx=0)._handle_peer_banner_payload supported=3 required=0
2024-03-19T02:18:12.387 INFO:teuthology.orchestra.run.smithi116.stdout:/usr/bin/ceph: stderr
2024-03-19T02:18:11.161+0000 7f7b4dd82700 1 --2- >> [v2:172.21.15.116:3300/0,v1:172.21.15.116:6789/0] conn(0x7f7b48106990 0x7f7b48106db0 unknown :-1 s=HELLO_CONNECTING pgs=0 cs=0 l=0 rev1=1 crypto rx=0 tx=0 comp rx=0 tx=0).handle_hello peer v2:172.21.15.116:3300/0 says I am v2:172.21.15.116:36472/0 (socket says 172.21.15.116:36472)
2024-03-19T02:18:12.387 INFO:teuthology.orchestra.run.smithi116.stdout:/usr/bin/ceph: stderr
2024-03-19T02:18:11.161+0000 7f7b4dd82700 1 -- 172.21.15.116:0/804918214 learned_addr learned my addr 172.21.15.116:0/804918214 (peer_addr_for_me v2:172.21.15.116:0/0)
2024-03-19T02:18:12.387 INFO:teuthology.orchestra.run.smithi116.stdout:/usr/bin/ceph: stderr
2024-03-19T02:18:11.161+0000 7f7b4dd82700 1 -- 172.21.15.116:0/804918214 --> [v2:172.21.15.116:3300/0,v1:172.21.15.116:6789/0] -- mon_subscribe({config=0+,monmap=0+}) -- 0x7f7b48107b90 con 0x7f7b48106990
2024-03-19T02:18:12.387 INFO:teuthology.orchestra.run.smithi116.stdout:/usr/bin/ceph: stderr
2024-03-19T02:18:11.161+0000 7f7b4dd82700 1 --2- 172.21.15.116:0/804918214 >> [v2:172.21.15.116:3300/0,v1:172.21.15.116:6789/0] conn(0x7f7b48106990 0x7f7b48106db0 secure :-1 s=READY pgs=72 cs=0 l=1 rev1=1 crypto rx=0x7f7b3800bb40 tx=0x7f7b3800be50 comp rx=0 tx=0).ready entity=mon.0 client_cookie=277baf7a348cd310 server_cookie=0 in_seq=0 out_seq=0
2024-03-19T02:18:12.387 INFO:teuthology.orchestra.run.smithi116.stdout:/usr/bin/ceph: stderr
2024-03-19T02:18:11.162+0000 7f7b4cd80700 1 -- 172.21.15.116:0/804918214 <== mon.0 v2:172.21.15.116:3300/0 1 ==== mon_map magic: 0 ==== 205+0+0 (secure 0 0 0) 0x7f7b3800dbe0 con 0x7f7b48106990
2024-03-19T02:18:12.387 INFO:teuthology.orchestra.run.smithi116.stdout:/usr/bin/ceph: stderr
2024-03-19T02:18:11.162+0000 7f7b4cd80700 1 -- 172.21.15.116:0/804918214 <== mon.0 v2:172.21.15.116:3300/0 2 ==== config(26 keys) ==== 1102+0+0 (secure 0 0 0) 0x7f7b380044e0 con 0x7f7b48106990
2024-03-19T02:18:12.387 INFO:teuthology.orchestra.run.smithi116.stdout:/usr/bin/ceph: stderr
2024-03-19T02:18:11.162+0000 7f7b4cd80700 1 -- 172.21.15.116:0/804918214 <== mon.0 v2:172.21.15.116:3300/0 3 ==== mon_map magic: 0 ==== 205+0+0 (secure 0 0 0) 0x7f7b38010470 con 0x7f7b48106990
2024-03-19T02:18:12.387 INFO:teuthology.orchestra.run.smithi116.stdout:/usr/bin/ceph: stderr
2024-03-19T02:18:11.162+0000 7f7b4ffe6700 1 -- 172.21.15.116:0/804918214 >> [v2:172.21.15.116:3300/0,v1:172.21.15.116:6789/0] conn(0x7f7b48106990 msgr2=0x7f7b48106db0 secure :-1 s=STATE_CONNECTION_ESTABLISHED l=1).mark_down
2024-03-19T02:18:12.387 INFO:teuthology.orchestra.run.smithi116.stdout:/usr/bin/ceph: stderr
2024-03-19T02:18:11.162+0000 7f7b4ffe6700 1 --2- 172.21.15.116:0/804918214 >> [v2:172.21.15.116:3300/0,v1:172.21.15.116:6789/0] conn(0x7f7b48106990 0x7f7b48106db0 secure :-1 s=READY pgs=72 cs=0 l=1 rev1=1 crypto rx=0x7f7b3800bb40 tx=0x7f7b3800be50 comp rx=0 tx=0).stop
2024-03-19T02:18:12.387 INFO:teuthology.orchestra.run.smithi116.stdout:/usr/bin/ceph: stderr
2024-03-19T02:18:11.162+0000 7f7b4ffe6700 1 -- 172.21.15.116:0/804918214 shutdown_connections
2024-03-19T02:18:12.387 INFO:teuthology.orchestra.run.smithi116.stdout:/usr/bin/ceph: stderr
2024-03-19T02:18:11.162+0000 7f7b4ffe6700 1 --2- 172.21.15.116:0/804918214 >> [v2:172.21.15.116:3300/0,v1:172.21.15.116:6789/0] conn(0x7f7b48106990 0x7f7b48106db0 unknown :-1 s=CLOSED pgs=72 cs=0 l=1 rev1=1 crypto rx=0 tx=0 comp rx=0 tx=0).stop
2024-03-19T02:18:12.387 INFO:teuthology.orchestra.run.smithi116.stdout:/usr/bin/ceph: stderr
2024-03-19T02:18:11.162+0000 7f7b4ffe6700 1 -- 172.21.15.116:0/804918214 >> 172.21.15.116:0/804918214 conn(0x7f7b48101f30 msgr2=0x7f7b48104370 unknown :-1 s=STATE_NONE l=0).mark_down
2024-03-19T02:18:12.388 INFO:teuthology.orchestra.run.smithi116.stdout:/usr/bin/ceph: stderr
2024-03-19T02:18:11.162+0000 7f7b4ffe6700 1 -- 172.21.15.116:0/804918214 shutdown_connections
2024-03-19T02:18:12.388 INFO:teuthology.orchestra.run.smithi116.stdout:/usr/bin/ceph: stderr
2024-03-19T02:18:11.162+0000 7f7b4ffe6700 1 -- 172.21.15.116:0/804918214 wait complete.
2024-03-19T02:18:12.388 INFO:teuthology.orchestra.run.smithi116.stdout:/usr/bin/ceph: stderr
2024-03-19T02:18:11.163+0000 7f7b4ffe6700 1 Processor -- start
2024-03-19T02:18:12.388 INFO:teuthology.orchestra.run.smithi116.stdout:/usr/bin/ceph: stderr
2024-03-19T02:18:11.163+0000 7f7b4ffe6700 1 -- start start
2024-03-19T02:18:12.388 INFO:teuthology.orchestra.run.smithi116.stdout:/usr/bin/ceph: stderr
2024-03-19T02:18:11.163+0000 7f7b4ffe6700 1 --2- >> [v2:172.21.15.116:3300/0,v1:172.21.15.116:6789/0] conn(0x7f7b48106990 0x7f7b4819dac0 unknown :-1 s=NONE pgs=0 cs=0 l=1 rev1=0 crypto rx=0 tx=0 comp rx=0 tx=0).connect
2024-03-19T02:18:12.388 INFO:teuthology.orchestra.run.smithi116.stdout:/usr/bin/ceph: stderr
2024-03-19T02:18:11.163+0000 7f7b4ffe6700 1 -- --> [v2:172.21.15.116:3300/0,v1:172.21.15.116:6789/0] -- mon_getmap magic: 0 -- 0x7f7b4807afa0 con 0x7f7b48106990
2024-03-19T02:18:12.388 INFO:teuthology.orchestra.run.smithi116.stdout:/usr/bin/ceph: stderr
2024-03-19T02:18:11.163+0000 7f7b4dd82700 1 --2- >> [v2:172.21.15.116:3300/0,v1:172.21.15.116:6789/0] conn(0x7f7b48106990 0x7f7b4819dac0 unknown :-1 s=BANNER_CONNECTING pgs=0 cs=0 l=1 rev1=0 crypto rx=0 tx=0 comp rx=0 tx=0)._handle_peer_banner_payload supported=3 required=0
2024-03-19T02:18:12.388 INFO:teuthology.orchestra.run.smithi116.stdout:/usr/bin/ceph: stderr
2024-03-19T02:18:11.163+0000 7f7b4dd82700 1 --2- >> [v2:172.21.15.116:3300/0,v1:172.21.15.116:6789/0] conn(0x7f7b48106990 0x7f7b4819dac0 unknown :-1 s=HELLO_CONNECTING pgs=0 cs=0 l=1 rev1=1 crypto rx=0 tx=0 comp rx=0 tx=0).handle_hello peer v2:172.21.15.116:3300/0 says I am v2:172.21.15.116:36484/0 (socket says 172.21.15.116:36484)
2024-03-19T02:18:12.388 INFO:teuthology.orchestra.run.smithi116.stdout:/usr/bin/ceph: stderr
2024-03-19T02:18:11.163+0000 7f7b4dd82700 1 -- 172.21.15.116:0/1400361409 learned_addr learned my addr 172.21.15.116:0/1400361409 (peer_addr_for_me v2:172.21.15.116:0/0)
2024-03-19T02:18:12.388 INFO:teuthology.orchestra.run.smithi116.stdout:/usr/bin/ceph: stderr
2024-03-19T02:18:11.164+0000 7f7b4dd82700 1 -- 172.21.15.116:0/1400361409 --> [v2:172.21.15.116:3300/0,v1:172.21.15.116:6789/0] -- mon_subscribe({config=0+,monmap=0+}) -- 0x7f7b4819e000 con 0x7f7b48106990
2024-03-19T02:18:12.388 INFO:teuthology.orchestra.run.smithi116.stdout:/usr/bin/ceph: stderr
2024-03-19T02:18:11.164+0000 7f7b4dd82700 1 --2- 172.21.15.116:0/1400361409 >> [v2:172.21.15.116:3300/0,v1:172.21.15.116:6789/0] conn(0x7f7b48106990 0x7f7b4819dac0 secure :-1 s=READY pgs=73 cs=0 l=1 rev1=1 crypto rx=0x7f7b3800d650 tx=0x7f7b38003fb0 comp rx=0 tx=0).ready entity=mon.0 client_cookie=0 server_cookie=0 in_seq=0 out_seq=0
2024-03-19T02:18:12.388 INFO:teuthology.orchestra.run.smithi116.stdout:/usr/bin/ceph: stderr
2024-03-19T02:18:11.164+0000 7f7b3effd700 1 -- 172.21.15.116:0/1400361409 <== mon.0 v2:172.21.15.116:3300/0 1 ==== mon_map magic: 0 ==== 205+0+0 (secure 0 0 0) 0x7f7b380108a0 con 0x7f7b48106990
2024-03-19T02:18:12.389 INFO:teuthology.orchestra.run.smithi116.stdout:/usr/bin/ceph: stderr
2024-03-19T02:18:11.164+0000 7f7b3effd700 1 -- 172.21.15.116:0/1400361409 <== mon.0 v2:172.21.15.116:3300/0 2 ==== config(26 keys) ==== 1102+0+0 (secure 0 0 0) 0x7f7b3801d070 con 0x7f7b48106990
2024-03-19T02:18:12.389 INFO:teuthology.orchestra.run.smithi116.stdout:/usr/bin/ceph: stderr
2024-03-19T02:18:11.164+0000 7f7b4ffe6700 1 -- 172.21.15.116:0/1400361409 --> [v2:172.21.15.116:3300/0,v1:172.21.15.116:6789/0] -- mon_subscribe({mgrmap=0+}) -- 0x7f7b4819e290 con 0x7f7b48106990
2024-03-19T02:18:12.389 INFO:teuthology.orchestra.run.smithi116.stdout:/usr/bin/ceph: stderr
2024-03-19T02:18:11.164+0000 7f7b3effd700 1 -- 172.21.15.116:0/1400361409 <== mon.0 v2:172.21.15.116:3300/0 3 ==== mon_map magic: 0 ==== 205+0+0 (secure 0 0 0) 0x7f7b38021c60 con 0x7f7b48106990
2024-03-19T02:18:12.389 INFO:teuthology.orchestra.run.smithi116.stdout:/usr/bin/ceph: stderr
2024-03-19T02:18:11.164+0000 7f7b4ffe6700 1 -- 172.21.15.116:0/1400361409 --> [v2:172.21.15.116:3300/0,v1:172.21.15.116:6789/0] -- mon_subscribe({osdmap=0}) -- 0x7f7b4819e690 con 0x7f7b48106990
2024-03-19T02:18:12.389 INFO:teuthology.orchestra.run.smithi116.stdout:/usr/bin/ceph: stderr
2024-03-19T02:18:11.165+0000 7f7b3effd700 1 -- 172.21.15.116:0/1400361409 <== mon.0 v2:172.21.15.116:3300/0 4 ==== mgrmap(e 12) ==== 46119+0+0 (secure 0 0 0) 0x7f7b3801f030 con 0x7f7b48106990
2024-03-19T02:18:12.389 INFO:teuthology.orchestra.run.smithi116.stdout:/usr/bin/ceph: stderr
2024-03-19T02:18:11.165+0000 7f7b4ffe6700 1 -- 172.21.15.116:0/1400361409 --> [v2:172.21.15.116:3300/0,v1:172.21.15.116:6789/0] -- mon_command({"prefix": "get_command_descriptions"} v 0) -- 0x7f7b48063940 con 0x7f7b48106990
2024-03-19T02:18:12.389 INFO:teuthology.orchestra.run.smithi116.stdout:/usr/bin/ceph: stderr
2024-03-19T02:18:11.165+0000 7f7b3effd700 1 --2- 172.21.15.116:0/1400361409 >> [v2:172.21.15.116:6800/3573130182,v1:172.21.15.116:6801/3573130182] conn(0x7f7b34038fe0 0x7f7b3403b4a0 unknown :-1 s=NONE pgs=0 cs=0 l=1 rev1=0 crypto rx=0 tx=0 comp rx=0 tx=0).connect
2024-03-19T02:18:12.389 INFO:teuthology.orchestra.run.smithi116.stdout:/usr/bin/ceph: stderr
2024-03-19T02:18:11.165+0000 7f7b3effd700 1 -- 172.21.15.116:0/1400361409 <== mon.0 v2:172.21.15.116:3300/0 5 ==== osd_map(3..3 src has 1..3) ==== 1155+0+0 (secure 0 0 0) 0x7f7b3804d560 con 0x7f7b48106990
2024-03-19T02:18:12.389 INFO:teuthology.orchestra.run.smithi116.stdout:/usr/bin/ceph: stderr
2024-03-19T02:18:11.165+0000 7f7b4d581700 1 --2- 172.21.15.116:0/1400361409 >> [v2:172.21.15.116:6800/3573130182,v1:172.21.15.116:6801/3573130182] conn(0x7f7b34038fe0 0x7f7b3403b4a0 unknown :-1 s=BANNER_CONNECTING pgs=0 cs=0 l=1 rev1=0 crypto rx=0 tx=0 comp rx=0 tx=0)._handle_peer_banner_payload supported=3 required=0
2024-03-19T02:18:12.389 INFO:teuthology.orchestra.run.smithi116.stdout:/usr/bin/ceph: stderr
2024-03-19T02:18:11.165+0000 7f7b4d581700 1 --2- 172.21.15.116:0/1400361409 >> [v2:172.21.15.116:6800/3573130182,v1:172.21.15.116:6801/3573130182] conn(0x7f7b34038fe0 0x7f7b3403b4a0 secure :-1 s=READY pgs=8 cs=0 l=1 rev1=1 crypto rx=0x7f7b44006fd0 tx=0x7f7b44006e40 comp rx=0 tx=0).ready entity=mgr.14152 client_cookie=0 server_cookie=0 in_seq=0 out_seq=0
2024-03-19T02:18:12.389 INFO:teuthology.orchestra.run.smithi116.stdout:/usr/bin/ceph: stderr
2024-03-19T02:18:11.170+0000 7f7b3effd700 1 -- 172.21.15.116:0/1400361409 <== mon.0 v2:172.21.15.116:3300/0 6 ==== mon_command_ack([{"prefix": "get_command_descriptions"}]=0 v0) ==== 72+0+186149 (secure 0 0 0) 0x7f7b38015070 con 0x7f7b48106990
2024-03-19T02:18:12.389 INFO:teuthology.orchestra.run.smithi116.stdout:/usr/bin/ceph: stderr
2024-03-19T02:18:11.402+0000 7f7b4ffe6700 1 -- 172.21.15.116:0/1400361409 --> [v2:172.21.15.116:6800/3573130182,v1:172.21.15.116:6801/3573130182] -- mgr_command(tid 0: {"prefix": "dashboard ac-user-create", "username": "admin", "rolename": "administrator", "force_password": true, "pwd_update_required": true, "target": ["mon-mgr", ""]}) -- 0x7f7b481a1100 con 0x7f7b34038fe0
2024-03-19T02:18:12.389 INFO:teuthology.orchestra.run.smithi116.stdout:/usr/bin/ceph: stderr
2024-03-19T02:18:11.626+0000 7f7b3effd700 1 -- 172.21.15.116:0/1400361409 <== mgr.14152 v2:172.21.15.116:6800/3573130182 1 ==== mgr_command_reply(tid 0: 0 ) ==== 8+0+252 (secure 0 0 0) 0x7f7b481a1100 con 0x7f7b34038fe0
2024-03-19T02:18:12.390 INFO:teuthology.orchestra.run.smithi116.stdout:/usr/bin/ceph: stderr
2024-03-19T02:18:11.628+0000 7f7b4ffe6700 1 -- 172.21.15.116:0/1400361409 >> [v2:172.21.15.116:6800/3573130182,v1:172.21.15.116:6801/3573130182] conn(0x7f7b34038fe0 msgr2=0x7f7b3403b4a0 secure :-1 s=STATE_CONNECTION_ESTABLISHED l=1).mark_down
2024-03-19T02:18:12.390 INFO:teuthology.orchestra.run.smithi116.stdout:/usr/bin/ceph: stderr
2024-03-19T02:18:11.628+0000 7f7b4ffe6700 1 --2- 172.21.15.116:0/1400361409 >> [v2:172.21.15.116:6800/3573130182,v1:172.21.15.116:6801/3573130182] conn(0x7f7b34038fe0 0x7f7b3403b4a0 secure :-1 s=READY pgs=8 cs=0 l=1 rev1=1 crypto rx=0x7f7b44006fd0 tx=0x7f7b44006e40 comp rx=0 tx=0).stop
2024-03-19T02:18:12.390 INFO:teuthology.orchestra.run.smithi116.stdout:/usr/bin/ceph: stderr
2024-03-19T02:18:11.628+0000 7f7b4ffe6700 1 -- 172.21.15.116:0/1400361409 >> [v2:172.21.15.116:3300/0,v1:172.21.15.116:6789/0] conn(0x7f7b48106990 msgr2=0x7f7b4819dac0 secure :-1 s=STATE_CONNECTION_ESTABLISHED l=1).mark_down
2024-03-19T02:18:12.390 INFO:teuthology.orchestra.run.smithi116.stdout:/usr/bin/ceph: stderr
2024-03-19T02:18:11.628+0000 7f7b4ffe6700 1 --2- 172.21.15.116:0/1400361409 >> [v2:172.21.15.116:3300/0,v1:172.21.15.116:6789/0] conn(0x7f7b48106990 0x7f7b4819dac0 secure :-1 s=READY pgs=73 cs=0 l=1 rev1=1 crypto rx=0x7f7b3800d650 tx=0x7f7b38003fb0 comp rx=0 tx=0).stop
2024-03-19T02:18:12.390 INFO:teuthology.orchestra.run.smithi116.stdout:/usr/bin/ceph: stderr
2024-03-19T02:18:11.628+0000 7f7b4ffe6700 1 -- 172.21.15.116:0/1400361409 shutdown_connections
2024-03-19T02:18:12.390 INFO:teuthology.orchestra.run.smithi116.stdout:/usr/bin/ceph: stderr
2024-03-19T02:18:11.628+0000 7f7b4ffe6700 1 --2- 172.21.15.116:0/1400361409 >> [v2:172.21.15.116:6800/3573130182,v1:172.21.15.116:6801/3573130182] conn(0x7f7b34038fe0 0x7f7b3403b4a0 unknown :-1 s=CLOSED pgs=8 cs=0 l=1 rev1=1 crypto rx=0 tx=0 comp rx=0 tx=0).stop
2024-03-19T02:18:12.390 INFO:teuthology.orchestra.run.smithi116.stdout:/usr/bin/ceph: stderr
2024-03-19T02:18:11.628+0000 7f7b4ffe6700 1 --2- 172.21.15.116:0/1400361409 >> [v2:172.21.15.116:3300/0,v1:172.21.15.116:6789/0] conn(0x7f7b48106990 0x7f7b4819dac0 unknown :-1 s=CLOSED pgs=73 cs=0 l=1 rev1=1 crypto rx=0 tx=0 comp rx=0 tx=0).stop
2024-03-19T02:18:12.390 INFO:teuthology.orchestra.run.smithi116.stdout:/usr/bin/ceph: stderr
2024-03-19T02:18:11.628+0000 7f7b4ffe6700 1 -- 172.21.15.116:0/1400361409 >> 172.21.15.116:0/1400361409 conn(0x7f7b48101f30 msgr2=0x7f7b481940e0 unknown :-1 s=STATE_NONE l=0).mark_down
2024-03-19T02:18:12.390 INFO:teuthology.orchestra.run.smithi116.stdout:/usr/bin/ceph: stderr
2024-03-19T02:18:11.628+0000 7f7b4ffe6700 1 -- 172.21.15.116:0/1400361409 shutdown_connections
2024-03-19T02:18:12.390 INFO:teuthology.orchestra.run.smithi116.stdout:/usr/bin/ceph: stderr
2024-03-19T02:18:11.628+0000 7f7b4ffe6700 1 -- 172.21.15.116:0/1400361409 wait complete.
2024-03-19T02:18:12.390 INFO:teuthology.orchestra.run.smithi116.stdout:Fetching dashboard port number...
2024-03-19T02:18:12.738 INFO:journalctl@ceph.mon.a.smithi116.stdout:Mar 19 02:18:12 smithi116 ceph-mon[32263]: from='client.14166 -' entity='client.admin' cmd=[{"prefix": "dashboard ac-user-create", "username": "admin", "rolename": "administrator", "force_password": true, "pwd_update_required": true, "target": ["mon-mgr", ""]}]: dispatch
2024-03-19T02:18:12.738 INFO:journalctl@ceph.mon.a.smithi116.stdout:Mar 19 02:18:12 smithi116 ceph-mon[32263]: from='mgr.14152 172.21.15.116:0/4033843987' entity='mgr.x'
2024-03-19T02:18:13.758 INFO:journalctl@ceph.mon.a.smithi116.stdout:Mar 19 02:18:13 smithi116 ceph-mon[32263]: from='client.? 172.21.15.116:0/4009062265' entity='client.admin' cmd=[{"prefix": "config get", "who": "mgr", "key": "mgr/dashboard/ssl_server_port"}]: dispatch
2024-03-19T02:18:14.052 INFO:teuthology.orchestra.run.smithi116.stdout:/usr/bin/ceph: stdout 8443
2024-03-19T02:18:14.053 INFO:teuthology.orchestra.run.smithi116.stdout:/usr/bin/ceph: stderr
2024-03-19T02:18:13.233+0000 7f91722a1700 1 Processor -- start
2024-03-19T02:18:14.053 INFO:teuthology.orchestra.run.smithi116.stdout:/usr/bin/ceph: stderr
2024-03-19T02:18:13.233+0000 7f91722a1700 1 -- start start
2024-03-19T02:18:14.053 INFO:teuthology.orchestra.run.smithi116.stdout:/usr/bin/ceph: stderr
2024-03-19T02:18:13.233+0000 7f91722a1700 1 --2- >> [v2:172.21.15.116:3300/0,v1:172.21.15.116:6789/0] conn(0x7f916c105d40 0x7f916c106160 unknown :-1 s=NONE pgs=0 cs=0 l=0 rev1=0 crypto rx=0 tx=0 comp rx=0 tx=0).connect
2024-03-19T02:18:14.053 INFO:teuthology.orchestra.run.smithi116.stdout:/usr/bin/ceph: stderr
2024-03-19T02:18:13.233+0000 7f91722a1700 1 -- --> [v2:172.21.15.116:3300/0,v1:172.21.15.116:6789/0] -- mon_getmap magic: 0 -- 0x7f916c106730 con 0x7f916c105d40
2024-03-19T02:18:14.053 INFO:teuthology.orchestra.run.smithi116.stdout:/usr/bin/ceph: stderr
2024-03-19T02:18:13.233+0000 7f916bfff700 1 --2- >> [v2:172.21.15.116:3300/0,v1:172.21.15.116:6789/0] conn(0x7f916c105d40 0x7f916c106160 unknown :-1 s=BANNER_CONNECTING pgs=0 cs=0 l=0 rev1=0 crypto rx=0 tx=0 comp rx=0 tx=0)._handle_peer_banner_payload supported=3 required=0
2024-03-19T02:18:14.053 INFO:teuthology.orchestra.run.smithi116.stdout:/usr/bin/ceph: stderr
2024-03-19T02:18:13.233+0000 7f916bfff700 1 --2- >> [v2:172.21.15.116:3300/0,v1:172.21.15.116:6789/0] conn(0x7f916c105d40 0x7f916c106160 unknown :-1 s=HELLO_CONNECTING pgs=0 cs=0 l=0 rev1=1 crypto rx=0 tx=0 comp rx=0 tx=0).handle_hello peer v2:172.21.15.116:3300/0 says I am v2:172.21.15.116:36486/0 (socket says 172.21.15.116:36486)
2024-03-19T02:18:14.053 INFO:teuthology.orchestra.run.smithi116.stdout:/usr/bin/ceph: stderr
2024-03-19T02:18:13.233+0000 7f916bfff700 1 -- 172.21.15.116:0/3208446252 learned_addr learned my addr 172.21.15.116:0/3208446252 (peer_addr_for_me v2:172.21.15.116:0/0)
2024-03-19T02:18:14.053 INFO:teuthology.orchestra.run.smithi116.stdout:/usr/bin/ceph: stderr
2024-03-19T02:18:13.234+0000 7f916bfff700 1 -- 172.21.15.116:0/3208446252 --> [v2:172.21.15.116:3300/0,v1:172.21.15.116:6789/0] -- mon_subscribe({config=0+,monmap=0+}) -- 0x7f916c108cd0 con 0x7f916c105d40
2024-03-19T02:18:14.053 INFO:teuthology.orchestra.run.smithi116.stdout:/usr/bin/ceph: stderr
2024-03-19T02:18:13.234+0000 7f916bfff700 1 --2- 172.21.15.116:0/3208446252 >> [v2:172.21.15.116:3300/0,v1:172.21.15.116:6789/0] conn(0x7f916c105d40 0x7f916c106160 secure :-1 s=READY pgs=74 cs=0 l=1 rev1=1 crypto rx=0x7f915c0098a0 tx=0x7f915c009bb0 comp rx=0 tx=0).ready entity=mon.0 client_cookie=183a92a779fa756c server_cookie=0 in_seq=0 out_seq=0
2024-03-19T02:18:14.054 INFO:teuthology.orchestra.run.smithi116.stdout:/usr/bin/ceph: stderr
2024-03-19T02:18:13.234+0000 7f916affd700 1 -- 172.21.15.116:0/3208446252 <== mon.0 v2:172.21.15.116:3300/0 1 ==== mon_map magic: 0 ==== 205+0+0 (secure 0 0 0) 0x7f915c004160 con 0x7f916c105d40
2024-03-19T02:18:14.054 INFO:teuthology.orchestra.run.smithi116.stdout:/usr/bin/ceph: stderr
2024-03-19T02:18:13.234+0000 7f916affd700 1 -- 172.21.15.116:0/3208446252 <== mon.0 v2:172.21.15.116:3300/0 2 ==== config(26 keys) ==== 1102+0+0 (secure 0 0 0) 0x7f915c004300 con 0x7f916c105d40
2024-03-19T02:18:14.054 INFO:teuthology.orchestra.run.smithi116.stdout:/usr/bin/ceph: stderr
2024-03-19T02:18:13.234+0000 7f916affd700 1 -- 172.21.15.116:0/3208446252 <== mon.0 v2:172.21.15.116:3300/0 3 ==== mon_map magic: 0 ==== 205+0+0 (secure 0 0 0) 0x7f915c011a50 con 0x7f916c105d40
2024-03-19T02:18:14.054 INFO:teuthology.orchestra.run.smithi116.stdout:/usr/bin/ceph: stderr
2024-03-19T02:18:13.235+0000 7f91722a1700 1 -- 172.21.15.116:0/3208446252 >> [v2:172.21.15.116:3300/0,v1:172.21.15.116:6789/0] conn(0x7f916c105d40 msgr2=0x7f916c106160 secure :-1 s=STATE_CONNECTION_ESTABLISHED l=1).mark_down
2024-03-19T02:18:14.054 INFO:teuthology.orchestra.run.smithi116.stdout:/usr/bin/ceph: stderr
2024-03-19T02:18:13.235+0000 7f91722a1700 1 --2- 172.21.15.116:0/3208446252 >> [v2:172.21.15.116:3300/0,v1:172.21.15.116:6789/0] conn(0x7f916c105d40 0x7f916c106160 secure :-1 s=READY pgs=74 cs=0 l=1 rev1=1 crypto rx=0x7f915c0098a0 tx=0x7f915c009bb0 comp rx=0 tx=0).stop
2024-03-19T02:18:14.054 INFO:teuthology.orchestra.run.smithi116.stdout:/usr/bin/ceph: stderr
2024-03-19T02:18:13.235+0000 7f91722a1700 1 -- 172.21.15.116:0/3208446252 shutdown_connections
2024-03-19T02:18:14.054 INFO:teuthology.orchestra.run.smithi116.stdout:/usr/bin/ceph: stderr
2024-03-19T02:18:13.235+0000 7f91722a1700 1 --2- 172.21.15.116:0/3208446252 >> [v2:172.21.15.116:3300/0,v1:172.21.15.116:6789/0] conn(0x7f916c105d40 0x7f916c106160 unknown :-1 s=CLOSED pgs=74 cs=0 l=1 rev1=1 crypto rx=0 tx=0 comp rx=0 tx=0).stop
2024-03-19T02:18:14.054 INFO:teuthology.orchestra.run.smithi116.stdout:/usr/bin/ceph: stderr
2024-03-19T02:18:13.235+0000 7f91722a1700 1 -- 172.21.15.116:0/3208446252 >> 172.21.15.116:0/3208446252 conn(0x7f916c1016b0 msgr2=0x7f916c103ad0 unknown :-1 s=STATE_NONE l=0).mark_down
2024-03-19T02:18:14.054 INFO:teuthology.orchestra.run.smithi116.stdout:/usr/bin/ceph: stderr
2024-03-19T02:18:13.235+0000 7f91722a1700 1 -- 172.21.15.116:0/3208446252 shutdown_connections
2024-03-19T02:18:14.054 INFO:teuthology.orchestra.run.smithi116.stdout:/usr/bin/ceph: stderr
2024-03-19T02:18:13.235+0000 7f91722a1700 1 -- 172.21.15.116:0/3208446252 wait complete.
2024-03-19T02:18:14.054 INFO:teuthology.orchestra.run.smithi116.stdout:/usr/bin/ceph: stderr
2024-03-19T02:18:13.235+0000 7f91722a1700 1 Processor -- start
2024-03-19T02:18:14.054 INFO:teuthology.orchestra.run.smithi116.stdout:/usr/bin/ceph: stderr
2024-03-19T02:18:13.235+0000 7f91722a1700 1 -- start start
2024-03-19T02:18:14.054 INFO:teuthology.orchestra.run.smithi116.stdout:/usr/bin/ceph: stderr
2024-03-19T02:18:13.236+0000 7f91722a1700 1 --2- >> [v2:172.21.15.116:3300/0,v1:172.21.15.116:6789/0] conn(0x7f916c105d40 0x7f916c19b910 unknown :-1 s=NONE pgs=0 cs=0 l=1 rev1=0 crypto rx=0 tx=0 comp rx=0 tx=0).connect
2024-03-19T02:18:14.055 INFO:teuthology.orchestra.run.smithi116.stdout:/usr/bin/ceph: stderr
2024-03-19T02:18:13.236+0000 7f91722a1700 1 -- --> [v2:172.21.15.116:3300/0,v1:172.21.15.116:6789/0] -- mon_getmap magic: 0 -- 0x7f916c10c080 con 0x7f916c105d40
2024-03-19T02:18:14.055 INFO:teuthology.orchestra.run.smithi116.stdout:/usr/bin/ceph: stderr
2024-03-19T02:18:13.236+0000 7f916bfff700 1 --2- >> [v2:172.21.15.116:3300/0,v1:172.21.15.116:6789/0] conn(0x7f916c105d40 0x7f916c19b910 unknown :-1 s=BANNER_CONNECTING pgs=0 cs=0 l=1 rev1=0 crypto rx=0 tx=0 comp rx=0 tx=0)._handle_peer_banner_payload supported=3 required=0
2024-03-19T02:18:14.055 INFO:teuthology.orchestra.run.smithi116.stdout:/usr/bin/ceph: stderr
2024-03-19T02:18:13.236+0000 7f916bfff700 1 --2- >> [v2:172.21.15.116:3300/0,v1:172.21.15.116:6789/0] conn(0x7f916c105d40 0x7f916c19b910 unknown :-1 s=HELLO_CONNECTING pgs=0 cs=0 l=1 rev1=1 crypto rx=0 tx=0 comp rx=0 tx=0).handle_hello peer v2:172.21.15.116:3300/0 says I am v2:172.21.15.116:36492/0 (socket says 172.21.15.116:36492)
2024-03-19T02:18:14.055 INFO:teuthology.orchestra.run.smithi116.stdout:/usr/bin/ceph: stderr
2024-03-19T02:18:13.236+0000 7f916bfff700 1 -- 172.21.15.116:0/4009062265 learned_addr learned my addr 172.21.15.116:0/4009062265 (peer_addr_for_me v2:172.21.15.116:0/0)
2024-03-19T02:18:14.055 INFO:teuthology.orchestra.run.smithi116.stdout:/usr/bin/ceph: stderr
2024-03-19T02:18:13.236+0000 7f916bfff700 1 -- 172.21.15.116:0/4009062265 --> [v2:172.21.15.116:3300/0,v1:172.21.15.116:6789/0] -- mon_subscribe({config=0+,monmap=0+}) -- 0x7f916c19be50 con 0x7f916c105d40
2024-03-19T02:18:14.055 INFO:teuthology.orchestra.run.smithi116.stdout:/usr/bin/ceph: stderr
2024-03-19T02:18:13.236+0000 7f916bfff700 1 --2- 172.21.15.116:0/4009062265 >> [v2:172.21.15.116:3300/0,v1:172.21.15.116:6789/0] conn(0x7f916c105d40 0x7f916c19b910 secure :-1 s=READY pgs=75 cs=0 l=1 rev1=1 crypto rx=0x7f915c011a20 tx=0x7f915c011b00 comp rx=0 tx=0).ready entity=mon.0 client_cookie=0 server_cookie=0 in_seq=0 out_seq=0
2024-03-19T02:18:14.055 INFO:teuthology.orchestra.run.smithi116.stdout:/usr/bin/ceph: stderr
2024-03-19T02:18:13.236+0000 7f91697fa700 1 -- 172.21.15.116:0/4009062265 <== mon.0 v2:172.21.15.116:3300/0 1 ==== mon_map magic: 0 ==== 205+0+0 (secure 0 0 0) 0x7f915c003af0 con 0x7f916c105d40
2024-03-19T02:18:14.055 INFO:teuthology.orchestra.run.smithi116.stdout:/usr/bin/ceph: stderr
2024-03-19T02:18:13.236+0000 7f91697fa700 1 -- 172.21.15.116:0/4009062265 <== mon.0 v2:172.21.15.116:3300/0 2 ==== config(26 keys) ==== 1102+0+0 (secure 0 0 0) 0x7f915c01a8e0 con 0x7f916c105d40
2024-03-19T02:18:14.055 INFO:teuthology.orchestra.run.smithi116.stdout:/usr/bin/ceph: stderr
2024-03-19T02:18:13.236+0000 7f91697fa700 1 -- 172.21.15.116:0/4009062265 <== mon.0 v2:172.21.15.116:3300/0 3 ==== mon_map magic: 0 ==== 205+0+0 (secure 0 0 0) 0x7f915c024860 con 0x7f916c105d40
2024-03-19T02:18:14.055 INFO:teuthology.orchestra.run.smithi116.stdout:/usr/bin/ceph: stderr
2024-03-19T02:18:13.236+0000 7f91722a1700 1 -- 172.21.15.116:0/4009062265 --> [v2:172.21.15.116:3300/0,v1:172.21.15.116:6789/0] -- mon_subscribe({mgrmap=0+}) -- 0x7f916c19c0e0 con 0x7f916c105d40
2024-03-19T02:18:14.055 INFO:teuthology.orchestra.run.smithi116.stdout:/usr/bin/ceph: stderr
2024-03-19T02:18:13.237+0000 7f91722a1700 1 -- 172.21.15.116:0/4009062265 --> [v2:172.21.15.116:3300/0,v1:172.21.15.116:6789/0] -- mon_subscribe({osdmap=0}) -- 0x7f916c19edd0 con 0x7f916c105d40
2024-03-19T02:18:14.055 INFO:teuthology.orchestra.run.smithi116.stdout:/usr/bin/ceph: stderr
2024-03-19T02:18:13.237+0000 7f91697fa700 1 -- 172.21.15.116:0/4009062265 <== mon.0 v2:172.21.15.116:3300/0 4 ==== mgrmap(e 12) ==== 46119+0+0 (secure 0 0 0) 0x7f915c022020 con 0x7f916c105d40
2024-03-19T02:18:14.055 INFO:teuthology.orchestra.run.smithi116.stdout:/usr/bin/ceph: stderr
2024-03-19T02:18:13.237+0000 7f91722a1700 1 -- 172.21.15.116:0/4009062265 --> [v2:172.21.15.116:3300/0,v1:172.21.15.116:6789/0] -- mon_command({"prefix": "get_command_descriptions"} v 0) -- 0x7f916c063940 con 0x7f916c105d40
2024-03-19T02:18:14.055 INFO:teuthology.orchestra.run.smithi116.stdout:/usr/bin/ceph: stderr
2024-03-19T02:18:13.238+0000 7f91697fa700 1 --2- 172.21.15.116:0/4009062265 >> [v2:172.21.15.116:6800/3573130182,v1:172.21.15.116:6801/3573130182] conn(0x7f9154039090 0x7f915403b550 unknown :-1 s=NONE pgs=0 cs=0 l=1 rev1=0 crypto rx=0 tx=0 comp rx=0 tx=0).connect
2024-03-19T02:18:14.055 INFO:teuthology.orchestra.run.smithi116.stdout:/usr/bin/ceph: stderr
2024-03-19T02:18:13.238+0000 7f91697fa700 1 -- 172.21.15.116:0/4009062265 <== mon.0 v2:172.21.15.116:3300/0 5 ==== osd_map(3..3 src has 1..3) ==== 1155+0+0 (secure 0 0 0) 0x7f915c04d230 con 0x7f916c105d40
2024-03-19T02:18:14.056 INFO:teuthology.orchestra.run.smithi116.stdout:/usr/bin/ceph: stderr
2024-03-19T02:18:13.238+0000 7f916b7fe700 1 --2- 172.21.15.116:0/4009062265 >> [v2:172.21.15.116:6800/3573130182,v1:172.21.15.116:6801/3573130182] conn(0x7f9154039090 0x7f915403b550 unknown :-1 s=BANNER_CONNECTING pgs=0 cs=0 l=1 rev1=0 crypto rx=0 tx=0 comp rx=0 tx=0)._handle_peer_banner_payload supported=3 required=0
2024-03-19T02:18:14.056 INFO:teuthology.orchestra.run.smithi116.stdout:/usr/bin/ceph: stderr
2024-03-19T02:18:13.238+0000 7f916b7fe700 1 --2- 172.21.15.116:0/4009062265 >> [v2:172.21.15.116:6800/3573130182,v1:172.21.15.116:6801/3573130182] conn(0x7f9154039090 0x7f915403b550 secure :-1 s=READY pgs=9 cs=0 l=1 rev1=1 crypto rx=0x7f9160006fd0 tx=0x7f9160006e40 comp rx=0 tx=0).ready entity=mgr.14152 client_cookie=0 server_cookie=0 in_seq=0 out_seq=0
2024-03-19T02:18:14.056 INFO:teuthology.orchestra.run.smithi116.stdout:/usr/bin/ceph: stderr
2024-03-19T02:18:13.243+0000 7f91697fa700 1 -- 172.21.15.116:0/4009062265 <== mon.0 v2:172.21.15.116:3300/0 6 ==== mon_command_ack([{"prefix": "get_command_descriptions"}]=0 v0) ==== 72+0+186149 (secure 0 0 0) 0x7f915c0094f0 con 0x7f916c105d40
2024-03-19T02:18:14.056 INFO:teuthology.orchestra.run.smithi116.stdout:/usr/bin/ceph: stderr
2024-03-19T02:18:13.436+0000 7f91722a1700 1 -- 172.21.15.116:0/4009062265 --> [v2:172.21.15.116:3300/0,v1:172.21.15.116:6789/0] -- mon_command({"prefix": "config get", "who": "mgr", "key": "mgr/dashboard/ssl_server_port"} v 0) -- 0x7f916c19f380 con 0x7f916c105d40
2024-03-19T02:18:14.056 INFO:teuthology.orchestra.run.smithi116.stdout:/usr/bin/ceph: stderr
2024-03-19T02:18:13.437+0000 7f91697fa700 1 -- 172.21.15.116:0/4009062265 <== mon.0 v2:172.21.15.116:3300/0 7 ==== mon_command_ack([{"prefix": "config get", "who": "mgr", "key": "mgr/dashboard/ssl_server_port"}]=0 v8) ==== 112+0+5 (secure 0 0 0) 0x7f915c02ad60 con 0x7f916c105d40
2024-03-19T02:18:14.056 INFO:teuthology.orchestra.run.smithi116.stdout:/usr/bin/ceph: stderr
2024-03-19T02:18:13.438+0000 7f91722a1700 1 -- 172.21.15.116:0/4009062265 >> [v2:172.21.15.116:6800/3573130182,v1:172.21.15.116:6801/3573130182] conn(0x7f9154039090 msgr2=0x7f915403b550 secure :-1 s=STATE_CONNECTION_ESTABLISHED l=1).mark_down
2024-03-19T02:18:14.056 INFO:teuthology.orchestra.run.smithi116.stdout:/usr/bin/ceph: stderr
2024-03-19T02:18:13.438+0000 7f91722a1700 1 --2- 172.21.15.116:0/4009062265 >> [v2:172.21.15.116:6800/3573130182,v1:172.21.15.116:6801/3573130182] conn(0x7f9154039090 0x7f915403b550 secure :-1 s=READY pgs=9 cs=0 l=1 rev1=1 crypto rx=0x7f9160006fd0 tx=0x7f9160006e40 comp rx=0 tx=0).stop
2024-03-19T02:18:14.056 INFO:teuthology.orchestra.run.smithi116.stdout:/usr/bin/ceph: stderr
2024-03-19T02:18:13.438+0000 7f91722a1700 1 -- 172.21.15.116:0/4009062265 >> [v2:172.21.15.116:3300/0,v1:172.21.15.116:6789/0] conn(0x7f916c105d40 msgr2=0x7f916c19b910 secure :-1 s=STATE_CONNECTION_ESTABLISHED l=1).mark_down
2024-03-19T02:18:14.056 INFO:teuthology.orchestra.run.smithi116.stdout:/usr/bin/ceph: stderr
2024-03-19T02:18:13.438+0000 7f91722a1700 1 --2- 172.21.15.116:0/4009062265 >> [v2:172.21.15.116:3300/0,v1:172.21.15.116:6789/0] conn(0x7f916c105d40 0x7f916c19b910 secure :-1 s=READY pgs=75 cs=0 l=1 rev1=1 crypto rx=0x7f915c011a20 tx=0x7f915c011b00 comp rx=0 tx=0).stop
2024-03-19T02:18:14.056 INFO:teuthology.orchestra.run.smithi116.stdout:/usr/bin/ceph: stderr
2024-03-19T02:18:13.439+0000 7f91722a1700 1 -- 172.21.15.116:0/4009062265 shutdown_connections
2024-03-19T02:18:14.056 INFO:teuthology.orchestra.run.smithi116.stdout:/usr/bin/ceph: stderr
2024-03-19T02:18:13.439+0000 7f91722a1700 1 --2- 172.21.15.116:0/4009062265 >> [v2:172.21.15.116:6800/3573130182,v1:172.21.15.116:6801/3573130182] conn(0x7f9154039090 0x7f915403b550 unknown :-1 s=CLOSED pgs=9 cs=0 l=1 rev1=1 crypto rx=0 tx=0 comp rx=0 tx=0).stop
2024-03-19T02:18:14.056 INFO:teuthology.orchestra.run.smithi116.stdout:/usr/bin/ceph: stderr
2024-03-19T02:18:13.439+0000 7f91722a1700 1 --2- 172.21.15.116:0/4009062265 >> [v2:172.21.15.116:3300/0,v1:172.21.15.116:6789/0] conn(0x7f916c105d40 0x7f916c19b910 unknown :-1 s=CLOSED pgs=75 cs=0 l=1 rev1=1 crypto rx=0 tx=0 comp rx=0 tx=0).stop
2024-03-19T02:18:14.056 INFO:teuthology.orchestra.run.smithi116.stdout:/usr/bin/ceph: stderr
2024-03-19T02:18:13.439+0000 7f91722a1700 1 -- 172.21.15.116:0/4009062265 >> 172.21.15.116:0/4009062265 conn(0x7f916c1016b0 msgr2=0x7f916c1020a0 unknown :-1 s=STATE_NONE l=0).mark_down
2024-03-19T02:18:14.056 INFO:teuthology.orchestra.run.smithi116.stdout:/usr/bin/ceph: stderr
2024-03-19T02:18:13.439+0000 7f91722a1700 1 -- 172.21.15.116:0/4009062265 shutdown_connections
2024-03-19T02:18:14.057 INFO:teuthology.orchestra.run.smithi116.stdout:/usr/bin/ceph: stderr
2024-03-19T02:18:13.439+0000 7f91722a1700 1 -- 172.21.15.116:0/4009062265 wait complete.
2024-03-19T02:18:14.059 INFO:teuthology.orchestra.run.smithi116.stdout:Non-zero exit code 1 from systemctl is-enabled firewalld.service
2024-03-19T02:18:14.059 INFO:teuthology.orchestra.run.smithi116.stdout:systemctl: stdout disabled
2024-03-19T02:18:14.066 INFO:teuthology.orchestra.run.smithi116.stdout:Non-zero exit code 3 from systemctl is-active firewalld.service
2024-03-19T02:18:14.066 INFO:teuthology.orchestra.run.smithi116.stdout:systemctl: stdout inactive
2024-03-19T02:18:14.066 INFO:teuthology.orchestra.run.smithi116.stdout:firewalld.service is not enabled
2024-03-19T02:18:14.067 INFO:teuthology.orchestra.run.smithi116.stdout:Not possible to open ports <[8443]>. firewalld.service is not available
2024-03-19T02:18:14.068 INFO:teuthology.orchestra.run.smithi116.stdout:Ceph Dashboard is now available at:
2024-03-19T02:18:14.068 INFO:teuthology.orchestra.run.smithi116.stdout:
2024-03-19T02:18:14.068 INFO:teuthology.orchestra.run.smithi116.stdout: URL: https://smithi116.front.sepia.ceph.com:8443/
2024-03-19T02:18:14.069 INFO:teuthology.orchestra.run.smithi116.stdout: User: admin
2024-03-19T02:18:14.069 INFO:teuthology.orchestra.run.smithi116.stdout: Password: tc25iktyvj
2024-03-19T02:18:14.069 INFO:teuthology.orchestra.run.smithi116.stdout:
2024-03-19T02:18:14.069 INFO:teuthology.orchestra.run.smithi116.stdout:Saving cluster configuration to /var/lib/ceph/a1da9bbc-e596-11ee-95c9-87774f69a715/config directory
2024-03-19T02:18:14.069 INFO:teuthology.orchestra.run.smithi116.stdout:Enabling autotune for osd_memory_target
2024-03-19T02:18:14.966 INFO:journalctl@ceph.mon.a.smithi116.stdout:Mar 19 02:18:14 smithi116 ceph-mon[32263]: mgrmap e13: x(active, since 6s)
2024-03-19T02:18:15.250 INFO:teuthology.orchestra.run.smithi116.stdout:/usr/bin/ceph: stderr
2024-03-19T02:18:14.456+0000 7f73ead16700 1 Processor -- start
2024-03-19T02:18:15.250 INFO:teuthology.orchestra.run.smithi116.stdout:/usr/bin/ceph: stderr
2024-03-19T02:18:14.456+0000 7f73ead16700 1 -- start start
2024-03-19T02:18:15.251 INFO:teuthology.orchestra.run.smithi116.stdout:/usr/bin/ceph: stderr
2024-03-19T02:18:14.456+0000 7f73ead16700 1 --2- >> [v2:172.21.15.116:3300/0,v1:172.21.15.116:6789/0] conn(0x7f73e41069a0 0x7f73e4106dc0 unknown :-1 s=NONE pgs=0 cs=0 l=0 rev1=0 crypto rx=0 tx=0 comp rx=0 tx=0).connect
2024-03-19T02:18:15.251 INFO:teuthology.orchestra.run.smithi116.stdout:/usr/bin/ceph: stderr
2024-03-19T02:18:14.456+0000 7f73ead16700 1 -- --> [v2:172.21.15.116:3300/0,v1:172.21.15.116:6789/0] -- mon_getmap magic: 0 -- 0x7f73e4107390 con 0x7f73e41069a0
2024-03-19T02:18:15.251 INFO:teuthology.orchestra.run.smithi116.stdout:/usr/bin/ceph: stderr
2024-03-19T02:18:14.456+0000 7f73e8ab2700 1 --2- >> [v2:172.21.15.116:3300/0,v1:172.21.15.116:6789/0] conn(0x7f73e41069a0 0x7f73e4106dc0 unknown :-1 s=BANNER_CONNECTING pgs=0 cs=0 l=0 rev1=0 crypto rx=0 tx=0 comp rx=0 tx=0)._handle_peer_banner_payload supported=3 required=0
2024-03-19T02:18:15.251 INFO:teuthology.orchestra.run.smithi116.stdout:/usr/bin/ceph: stderr
2024-03-19T02:18:14.456+0000 7f73e8ab2700 1 --2- >> [v2:172.21.15.116:3300/0,v1:172.21.15.116:6789/0] conn(0x7f73e41069a0 0x7f73e4106dc0 unknown :-1 s=HELLO_CONNECTING pgs=0 cs=0 l=0 rev1=1 crypto rx=0 tx=0 comp rx=0 tx=0).handle_hello peer v2:172.21.15.116:3300/0 says I am v2:172.21.15.116:36500/0 (socket says 172.21.15.116:36500)
2024-03-19T02:18:15.251 INFO:teuthology.orchestra.run.smithi116.stdout:/usr/bin/ceph: stderr
2024-03-19T02:18:14.456+0000 7f73e8ab2700 1 -- 172.21.15.116:0/3752805171 learned_addr learned my addr 172.21.15.116:0/3752805171 (peer_addr_for_me v2:172.21.15.116:0/0)
2024-03-19T02:18:15.251 INFO:teuthology.orchestra.run.smithi116.stdout:/usr/bin/ceph: stderr
2024-03-19T02:18:14.456+0000 7f73e8ab2700 1 -- 172.21.15.116:0/3752805171 --> [v2:172.21.15.116:3300/0,v1:172.21.15.116:6789/0] -- mon_subscribe({config=0+,monmap=0+}) -- 0x7f73e4107ba0 con 0x7f73e41069a0
2024-03-19T02:18:15.251 INFO:teuthology.orchestra.run.smithi116.stdout:/usr/bin/ceph: stderr
2024-03-19T02:18:14.457+0000 7f73e8ab2700 1 --2- 172.21.15.116:0/3752805171 >> [v2:172.21.15.116:3300/0,v1:172.21.15.116:6789/0] conn(0x7f73e41069a0 0x7f73e4106dc0 secure :-1 s=READY pgs=76 cs=0 l=1 rev1=1 crypto rx=0x7f73d80098a0 tx=0x7f73d8009bb0 comp rx=0 tx=0).ready entity=mon.0 client_cookie=10bfaf10edfea0bf server_cookie=0 in_seq=0 out_seq=0
2024-03-19T02:18:15.251 INFO:teuthology.orchestra.run.smithi116.stdout:/usr/bin/ceph: stderr
2024-03-19T02:18:14.457+0000 7f73e37fe700 1 -- 172.21.15.116:0/3752805171 <== mon.0 v2:172.21.15.116:3300/0 1 ==== mon_map magic: 0 ==== 205+0+0 (secure 0 0 0) 0x7f73d8004160 con 0x7f73e41069a0
2024-03-19T02:18:15.251 INFO:teuthology.orchestra.run.smithi116.stdout:/usr/bin/ceph: stderr
2024-03-19T02:18:14.457+0000 7f73e37fe700 1 -- 172.21.15.116:0/3752805171 <== mon.0 v2:172.21.15.116:3300/0 2 ==== config(26 keys) ==== 1102+0+0 (secure 0 0 0) 0x7f73d8004300 con 0x7f73e41069a0
2024-03-19T02:18:15.251 INFO:teuthology.orchestra.run.smithi116.stdout:/usr/bin/ceph: stderr
2024-03-19T02:18:14.457+0000 7f73e37fe700 1 -- 172.21.15.116:0/3752805171 <== mon.0 v2:172.21.15.116:3300/0 3 ==== mon_map magic: 0 ==== 205+0+0 (secure 0 0 0) 0x7f73d8011a50 con 0x7f73e41069a0
2024-03-19T02:18:15.251 INFO:teuthology.orchestra.run.smithi116.stdout:/usr/bin/ceph: stderr
2024-03-19T02:18:14.457+0000 7f73ead16700 1 -- 172.21.15.116:0/3752805171 >> [v2:172.21.15.116:3300/0,v1:172.21.15.116:6789/0] conn(0x7f73e41069a0 msgr2=0x7f73e4106dc0 secure :-1 s=STATE_CONNECTION_ESTABLISHED l=1).mark_down
2024-03-19T02:18:15.251 INFO:teuthology.orchestra.run.smithi116.stdout:/usr/bin/ceph: stderr
2024-03-19T02:18:14.457+0000 7f73ead16700 1 --2- 172.21.15.116:0/3752805171 >> [v2:172.21.15.116:3300/0,v1:172.21.15.116:6789/0] conn(0x7f73e41069a0 0x7f73e4106dc0 secure :-1 s=READY pgs=76 cs=0 l=1 rev1=1 crypto rx=0x7f73d80098a0 tx=0x7f73d8009bb0 comp rx=0 tx=0).stop
2024-03-19T02:18:15.251 INFO:teuthology.orchestra.run.smithi116.stdout:/usr/bin/ceph: stderr
2024-03-19T02:18:14.457+0000 7f73ead16700 1 -- 172.21.15.116:0/3752805171 shutdown_connections
2024-03-19T02:18:15.252 INFO:teuthology.orchestra.run.smithi116.stdout:/usr/bin/ceph: stderr
2024-03-19T02:18:14.457+0000 7f73ead16700 1 --2- 172.21.15.116:0/3752805171 >> [v2:172.21.15.116:3300/0,v1:172.21.15.116:6789/0] conn(0x7f73e41069a0 0x7f73e4106dc0 unknown :-1 s=CLOSED pgs=76 cs=0 l=1 rev1=1 crypto rx=0 tx=0 comp rx=0 tx=0).stop
2024-03-19T02:18:15.252 INFO:teuthology.orchestra.run.smithi116.stdout:/usr/bin/ceph: stderr
2024-03-19T02:18:14.457+0000 7f73ead16700 1 -- 172.21.15.116:0/3752805171 >> 172.21.15.116:0/3752805171 conn(0x7f73e4101f40 msgr2=0x7f73e4104380 unknown :-1 s=STATE_NONE l=0).mark_down
2024-03-19T02:18:15.252 INFO:teuthology.orchestra.run.smithi116.stdout:/usr/bin/ceph: stderr
2024-03-19T02:18:14.457+0000 7f73ead16700 1 -- 172.21.15.116:0/3752805171 shutdown_connections
2024-03-19T02:18:15.252 INFO:teuthology.orchestra.run.smithi116.stdout:/usr/bin/ceph: stderr
2024-03-19T02:18:14.457+0000 7f73ead16700 1 -- 172.21.15.116:0/3752805171 wait complete.
2024-03-19T02:18:15.252 INFO:teuthology.orchestra.run.smithi116.stdout:/usr/bin/ceph: stderr
2024-03-19T02:18:14.458+0000 7f73ead16700 1 Processor -- start
2024-03-19T02:18:15.252 INFO:teuthology.orchestra.run.smithi116.stdout:/usr/bin/ceph: stderr
2024-03-19T02:18:14.458+0000 7f73ead16700 1 -- start start
2024-03-19T02:18:15.252 INFO:teuthology.orchestra.run.smithi116.stdout:/usr/bin/ceph: stderr
2024-03-19T02:18:14.458+0000 7f73ead16700 1 --2- >> [v2:172.21.15.116:3300/0,v1:172.21.15.116:6789/0] conn(0x7f73e41069a0 0x7f73e419b920 unknown :-1 s=NONE pgs=0 cs=0 l=1 rev1=0 crypto rx=0 tx=0 comp rx=0 tx=0).connect
2024-03-19T02:18:15.252 INFO:teuthology.orchestra.run.smithi116.stdout:/usr/bin/ceph: stderr
2024-03-19T02:18:14.458+0000 7f73ead16700 1 -- --> [v2:172.21.15.116:3300/0,v1:172.21.15.116:6789/0] -- mon_getmap magic: 0 -- 0x7f73e410af50 con 0x7f73e41069a0
2024-03-19T02:18:15.252 INFO:teuthology.orchestra.run.smithi116.stdout:/usr/bin/ceph: stderr
2024-03-19T02:18:14.458+0000 7f73e8ab2700 1 --2- >> [v2:172.21.15.116:3300/0,v1:172.21.15.116:6789/0] conn(0x7f73e41069a0 0x7f73e419b920 unknown :-1 s=BANNER_CONNECTING pgs=0 cs=0 l=1 rev1=0 crypto rx=0 tx=0 comp rx=0 tx=0)._handle_peer_banner_payload supported=3 required=0
2024-03-19T02:18:15.252 INFO:teuthology.orchestra.run.smithi116.stdout:/usr/bin/ceph: stderr
2024-03-19T02:18:14.458+0000 7f73e8ab2700 1 --2- >> [v2:172.21.15.116:3300/0,v1:172.21.15.116:6789/0] conn(0x7f73e41069a0 0x7f73e419b920 unknown :-1 s=HELLO_CONNECTING pgs=0 cs=0 l=1 rev1=1 crypto rx=0 tx=0 comp rx=0 tx=0).handle_hello peer v2:172.21.15.116:3300/0 says I am v2:172.21.15.116:36508/0 (socket says 172.21.15.116:36508)
2024-03-19T02:18:15.252 INFO:teuthology.orchestra.run.smithi116.stdout:/usr/bin/ceph: stderr
2024-03-19T02:18:14.458+0000 7f73e8ab2700 1 -- 172.21.15.116:0/3940653622 learned_addr learned my addr 172.21.15.116:0/3940653622 (peer_addr_for_me v2:172.21.15.116:0/0)
2024-03-19T02:18:15.252 INFO:teuthology.orchestra.run.smithi116.stdout:/usr/bin/ceph: stderr
2024-03-19T02:18:14.458+0000 7f73e8ab2700 1 -- 172.21.15.116:0/3940653622 --> [v2:172.21.15.116:3300/0,v1:172.21.15.116:6789/0] -- mon_subscribe({config=0+,monmap=0+}) -- 0x7f73e419be60 con 0x7f73e41069a0
2024-03-19T02:18:15.252 INFO:teuthology.orchestra.run.smithi116.stdout:/usr/bin/ceph: stderr
2024-03-19T02:18:14.459+0000 7f73e8ab2700 1 --2- 172.21.15.116:0/3940653622 >> [v2:172.21.15.116:3300/0,v1:172.21.15.116:6789/0] conn(0x7f73e41069a0 0x7f73e419b920 secure :-1 s=READY pgs=77 cs=0 l=1 rev1=1 crypto rx=0x7f73d8011710 tx=0x7f73d8011ad0 comp rx=0 tx=0).ready entity=mon.0 client_cookie=0 server_cookie=0 in_seq=0 out_seq=0
2024-03-19T02:18:15.252 INFO:teuthology.orchestra.run.smithi116.stdout:/usr/bin/ceph: stderr
2024-03-19T02:18:14.459+0000 7f73e1ffb700 1 -- 172.21.15.116:0/3940653622 <== mon.0 v2:172.21.15.116:3300/0 1 ==== mon_map magic: 0 ==== 205+0+0 (secure 0 0 0) 0x7f73d80039c0 con 0x7f73e41069a0
2024-03-19T02:18:15.253 INFO:teuthology.orchestra.run.smithi116.stdout:/usr/bin/ceph: stderr
2024-03-19T02:18:14.459+0000 7f73e1ffb700 1 -- 172.21.15.116:0/3940653622 <== mon.0 v2:172.21.15.116:3300/0 2 ==== config(26 keys) ==== 1102+0+0 (secure 0 0 0) 0x7f73d8003b60 con 0x7f73e41069a0
2024-03-19T02:18:15.253 INFO:teuthology.orchestra.run.smithi116.stdout:/usr/bin/ceph: stderr
2024-03-19T02:18:14.459+0000 7f73ead16700 1 -- 172.21.15.116:0/3940653622 --> [v2:172.21.15.116:3300/0,v1:172.21.15.116:6789/0] -- mon_subscribe({mgrmap=0+}) -- 0x7f73e419c0f0 con 0x7f73e41069a0
2024-03-19T02:18:15.253 INFO:teuthology.orchestra.run.smithi116.stdout:/usr/bin/ceph: stderr
2024-03-19T02:18:14.459+0000 7f73e1ffb700 1 -- 172.21.15.116:0/3940653622 <== mon.0 v2:172.21.15.116:3300/0 3 ==== mon_map magic: 0 ==== 205+0+0 (secure 0 0 0) 0x7f73d801a690 con 0x7f73e41069a0
2024-03-19T02:18:15.253 INFO:teuthology.orchestra.run.smithi116.stdout:/usr/bin/ceph: stderr
2024-03-19T02:18:14.459+0000 7f73ead16700 1 -- 172.21.15.116:0/3940653622 --> [v2:172.21.15.116:3300/0,v1:172.21.15.116:6789/0] -- mon_subscribe({osdmap=0}) -- 0x7f73e419ede0 con 0x7f73e41069a0
2024-03-19T02:18:15.253 INFO:teuthology.orchestra.run.smithi116.stdout:/usr/bin/ceph: stderr
2024-03-19T02:18:14.460+0000 7f73e1ffb700 1 -- 172.21.15.116:0/3940653622 <== mon.0 v2:172.21.15.116:3300/0 4 ==== mgrmap(e 13) ==== 46163+0+0 (secure 0 0 0) 0x7f73d801a940 con 0x7f73e41069a0
2024-03-19T02:18:15.253 INFO:teuthology.orchestra.run.smithi116.stdout:/usr/bin/ceph: stderr
2024-03-19T02:18:14.460+0000 7f73ead16700 1 -- 172.21.15.116:0/3940653622 --> [v2:172.21.15.116:3300/0,v1:172.21.15.116:6789/0] -- mon_command({"prefix": "get_command_descriptions"} v 0) -- 0x7f73e4063940 con 0x7f73e41069a0
2024-03-19T02:18:15.253 INFO:teuthology.orchestra.run.smithi116.stdout:/usr/bin/ceph: stderr
2024-03-19T02:18:14.460+0000 7f73e1ffb700 1 --2- 172.21.15.116:0/3940653622 >> [v2:172.21.15.116:6800/3573130182,v1:172.21.15.116:6801/3573130182] conn(0x7f73d40390e0 0x7f73d403b5a0 unknown :-1 s=NONE pgs=0 cs=0 l=1 rev1=0 crypto rx=0 tx=0 comp rx=0 tx=0).connect
2024-03-19T02:18:15.253 INFO:teuthology.orchestra.run.smithi116.stdout:/usr/bin/ceph: stderr
2024-03-19T02:18:14.460+0000 7f73e1ffb700 1 -- 172.21.15.116:0/3940653622 <== mon.0 v2:172.21.15.116:3300/0 5 ==== osd_map(3..3 src has 1..3) ==== 1155+0+0 (secure 0 0 0) 0x7f73d804d870 con 0x7f73e41069a0
2024-03-19T02:18:15.253 INFO:teuthology.orchestra.run.smithi116.stdout:/usr/bin/ceph: stderr
2024-03-19T02:18:14.460+0000 7f73e3fff700 1 --2- 172.21.15.116:0/3940653622 >> [v2:172.21.15.116:6800/3573130182,v1:172.21.15.116:6801/3573130182] conn(0x7f73d40390e0 0x7f73d403b5a0 unknown :-1 s=BANNER_CONNECTING pgs=0 cs=0 l=1 rev1=0 crypto rx=0 tx=0 comp rx=0 tx=0)._handle_peer_banner_payload supported=3 required=0
2024-03-19T02:18:15.253 INFO:teuthology.orchestra.run.smithi116.stdout:/usr/bin/ceph: stderr
2024-03-19T02:18:14.460+0000 7f73e3fff700 1 --2- 172.21.15.116:0/3940653622 >> [v2:172.21.15.116:6800/3573130182,v1:172.21.15.116:6801/3573130182] conn(0x7f73d40390e0 0x7f73d403b5a0 secure :-1 s=READY pgs=10 cs=0 l=1 rev1=1 crypto rx=0x7f73d0006fd0 tx=0x7f73d0006e40 comp rx=0 tx=0).ready entity=mgr.14152 client_cookie=0 server_cookie=0 in_seq=0 out_seq=0
2024-03-19T02:18:15.253 INFO:teuthology.orchestra.run.smithi116.stdout:/usr/bin/ceph: stderr
2024-03-19T02:18:14.465+0000 7f73e1ffb700 1 -- 172.21.15.116:0/3940653622 <== mon.0 v2:172.21.15.116:3300/0 6 ==== mon_command_ack([{"prefix": "get_command_descriptions"}]=0 v0) ==== 72+0+186149 (secure 0 0 0) 0x7f73d8019ca0 con 0x7f73e41069a0
2024-03-19T02:18:15.253 INFO:teuthology.orchestra.run.smithi116.stdout:/usr/bin/ceph: stderr
2024-03-19T02:18:14.660+0000 7f73ead16700 1 -- 172.21.15.116:0/3940653622 --> [v2:172.21.15.116:3300/0,v1:172.21.15.116:6789/0] -- mon_command([{prefix=config set, name=osd_memory_target_autotune}] v 0) -- 0x7f73e402de70 con 0x7f73e41069a0
2024-03-19T02:18:15.253 INFO:teuthology.orchestra.run.smithi116.stdout:/usr/bin/ceph: stderr
2024-03-19T02:18:14.660+0000 7f73e1ffb700 1 -- 172.21.15.116:0/3940653622 <== mon.0 v2:172.21.15.116:3300/0 7 ==== mon_command_ack([{prefix=config set, name=osd_memory_target_autotune}]=0 v8)=0 v8) ==== 127+0+0 (secure 0 0 0) 0x7f73d802c350 con 0x7f73e41069a0
2024-03-19T02:18:15.253 INFO:teuthology.orchestra.run.smithi116.stdout:/usr/bin/ceph: stderr
2024-03-19T02:18:14.662+0000 7f73ead16700 1 -- 172.21.15.116:0/3940653622 >> [v2:172.21.15.116:6800/3573130182,v1:172.21.15.116:6801/3573130182] conn(0x7f73d40390e0 msgr2=0x7f73d403b5a0 secure :-1 s=STATE_CONNECTION_ESTABLISHED l=1).mark_down
2024-03-19T02:18:15.254 INFO:teuthology.orchestra.run.smithi116.stdout:/usr/bin/ceph: stderr
2024-03-19T02:18:14.662+0000 7f73ead16700 1 --2- 172.21.15.116:0/3940653622 >> [v2:172.21.15.116:6800/3573130182,v1:172.21.15.116:6801/3573130182] conn(0x7f73d40390e0 0x7f73d403b5a0 secure :-1 s=READY pgs=10 cs=0 l=1 rev1=1 crypto rx=0x7f73d0006fd0 tx=0x7f73d0006e40 comp rx=0 tx=0).stop
2024-03-19T02:18:15.254 INFO:teuthology.orchestra.run.smithi116.stdout:/usr/bin/ceph: stderr
2024-03-19T02:18:14.662+0000 7f73ead16700 1 -- 172.21.15.116:0/3940653622 >> [v2:172.21.15.116:3300/0,v1:172.21.15.116:6789/0] conn(0x7f73e41069a0 msgr2=0x7f73e419b920 secure :-1 s=STATE_CONNECTION_ESTABLISHED l=1).mark_down
2024-03-19T02:18:15.254 INFO:teuthology.orchestra.run.smithi116.stdout:/usr/bin/ceph: stderr
2024-03-19T02:18:14.662+0000 7f73ead16700 1 --2- 172.21.15.116:0/3940653622 >> [v2:172.21.15.116:3300/0,v1:172.21.15.116:6789/0] conn(0x7f73e41069a0 0x7f73e419b920 secure :-1 s=READY pgs=77 cs=0 l=1 rev1=1 crypto rx=0x7f73d8011710 tx=0x7f73d8011ad0 comp rx=0 tx=0).stop
2024-03-19T02:18:15.254 INFO:teuthology.orchestra.run.smithi116.stdout:/usr/bin/ceph: stderr
2024-03-19T02:18:14.662+0000 7f73ead16700 1 -- 172.21.15.116:0/3940653622 shutdown_connections
2024-03-19T02:18:15.254 INFO:teuthology.orchestra.run.smithi116.stdout:/usr/bin/ceph: stderr
2024-03-19T02:18:14.662+0000 7f73ead16700 1 --2- 172.21.15.116:0/3940653622 >> [v2:172.21.15.116:6800/3573130182,v1:172.21.15.116:6801/3573130182] conn(0x7f73d40390e0 0x7f73d403b5a0 unknown :-1 s=CLOSED pgs=10 cs=0 l=1 rev1=1 crypto rx=0 tx=0 comp rx=0 tx=0).stop
2024-03-19T02:18:15.254 INFO:teuthology.orchestra.run.smithi116.stdout:/usr/bin/ceph: stderr
2024-03-19T02:18:14.662+0000 7f73ead16700 1 --2- 172.21.15.116:0/3940653622 >> [v2:172.21.15.116:3300/0,v1:172.21.15.116:6789/0] conn(0x7f73e41069a0 0x7f73e419b920 unknown :-1 s=CLOSED pgs=77 cs=0 l=1 rev1=1 crypto rx=0 tx=0 comp rx=0 tx=0).stop
2024-03-19T02:18:15.254 INFO:teuthology.orchestra.run.smithi116.stdout:/usr/bin/ceph: stderr
2024-03-19T02:18:14.662+0000 7f73ead16700 1 -- 172.21.15.116:0/3940653622 >> 172.21.15.116:0/3940653622 conn(0x7f73e4101f40 msgr2=0x7f73e4102d00 unknown :-1 s=STATE_NONE l=0).mark_down
2024-03-19T02:18:15.254 INFO:teuthology.orchestra.run.smithi116.stdout:/usr/bin/ceph: stderr
2024-03-19T02:18:14.663+0000 7f73ead16700 1 -- 172.21.15.116:0/3940653622 shutdown_connections
2024-03-19T02:18:15.254 INFO:teuthology.orchestra.run.smithi116.stdout:/usr/bin/ceph: stderr
2024-03-19T02:18:14.663+0000 7f73ead16700 1 -- 172.21.15.116:0/3940653622 wait complete.
2024-03-19T02:18:16.531 INFO:teuthology.orchestra.run.smithi116.stdout:/usr/bin/ceph: stderr
2024-03-19T02:18:15.646+0000 7f85057ba700 1 Processor -- start
2024-03-19T02:18:16.531 INFO:teuthology.orchestra.run.smithi116.stdout:/usr/bin/ceph: stderr
2024-03-19T02:18:15.646+0000 7f85057ba700 1 -- start start
2024-03-19T02:18:16.531 INFO:teuthology.orchestra.run.smithi116.stdout:/usr/bin/ceph: stderr
2024-03-19T02:18:15.646+0000 7f85057ba700 1 --2- >> [v2:172.21.15.116:3300/0,v1:172.21.15.116:6789/0] conn(0x7f8500106370 0x7f8500106790 unknown :-1 s=NONE pgs=0 cs=0 l=0 rev1=0 crypto rx=0 tx=0 comp rx=0 tx=0).connect
2024-03-19T02:18:16.531 INFO:teuthology.orchestra.run.smithi116.stdout:/usr/bin/ceph: stderr
2024-03-19T02:18:15.646+0000 7f85057ba700 1 -- --> [v2:172.21.15.116:3300/0,v1:172.21.15.116:6789/0] -- mon_getmap magic: 0 -- 0x7f850007be20 con 0x7f8500106370
2024-03-19T02:18:16.531 INFO:teuthology.orchestra.run.smithi116.stdout:/usr/bin/ceph: stderr
2024-03-19T02:18:15.647+0000 7f84feffd700 1 --2- >> [v2:172.21.15.116:3300/0,v1:172.21.15.116:6789/0] conn(0x7f8500106370 0x7f8500106790 unknown :-1 s=BANNER_CONNECTING pgs=0 cs=0 l=0 rev1=0 crypto rx=0 tx=0 comp rx=0 tx=0)._handle_peer_banner_payload supported=3 required=0
