2024-03-19T02:45:16.203 INFO:teuthology.orchestra.run.smithi019.stdout:/usr/bin/ceph: stderr
2024-03-19T02:45:15.320+0000 7f6cbc649700 1 -- 172.21.15.19:0/232421158 --> [v2:172.21.15.19:3300/0,v1:172.21.15.19:6789/0] -- mon_command({"prefix": "get_command_descriptions"} v 0) -- 0x7f6cb4063940 con 0x7f6cb4106a70
2024-03-19T02:45:16.203 INFO:teuthology.orchestra.run.smithi019.stdout:/usr/bin/ceph: stderr
2024-03-19T02:45:15.320+0000 7f6cab7fe700 1 --2- 172.21.15.19:0/232421158 >> [v2:172.21.15.19:6800/923037715,v1:172.21.15.19:6801/923037715] conn(0x7f6ca0038e10 0x7f6ca003b2d0 unknown :-1 s=NONE pgs=0 cs=0 l=1 rev1=0 crypto rx=0 tx=0 comp rx=0 tx=0).connect
2024-03-19T02:45:16.203 INFO:teuthology.orchestra.run.smithi019.stdout:/usr/bin/ceph: stderr
2024-03-19T02:45:15.320+0000 7f6cab7fe700 1 -- 172.21.15.19:0/232421158 <== mon.0 v2:172.21.15.19:3300/0 5 ==== osd_map(3..3 src has 1..3) ==== 1155+0+0 (secure 0 0 0) 0x7f6cb004d0d0 con 0x7f6cb4106a70
2024-03-19T02:45:16.203 INFO:teuthology.orchestra.run.smithi019.stdout:/usr/bin/ceph: stderr
2024-03-19T02:45:15.320+0000 7f6cb9be4700 1 --2- 172.21.15.19:0/232421158 >> [v2:172.21.15.19:6800/923037715,v1:172.21.15.19:6801/923037715] conn(0x7f6ca0038e10 0x7f6ca003b2d0 unknown :-1 s=BANNER_CONNECTING pgs=0 cs=0 l=1 rev1=0 crypto rx=0 tx=0 comp rx=0 tx=0)._handle_peer_banner_payload supported=3 required=0
2024-03-19T02:45:16.203 INFO:teuthology.orchestra.run.smithi019.stdout:/usr/bin/ceph: stderr
2024-03-19T02:45:15.321+0000 7f6cb9be4700 1 --2- 172.21.15.19:0/232421158 >> [v2:172.21.15.19:6800/923037715,v1:172.21.15.19:6801/923037715] conn(0x7f6ca0038e10 0x7f6ca003b2d0 secure :-1 s=READY pgs=7 cs=0 l=1 rev1=1 crypto rx=0x7f6ca4006fd0 tx=0x7f6ca4006e40 comp rx=0 tx=0).ready entity=mgr.14152 client_cookie=0 server_cookie=0 in_seq=0 out_seq=0
2024-03-19T02:45:16.204 INFO:teuthology.orchestra.run.smithi019.stdout:/usr/bin/ceph: stderr
2024-03-19T02:45:15.325+0000 7f6cab7fe700 1 -- 172.21.15.19:0/232421158 <== mon.0 v2:172.21.15.19:3300/0 6 ==== mon_command_ack([{"prefix": "get_command_descriptions"}]=0 v0) ==== 72+0+186149 (secure 0 0 0) 0x7f6cb0011e20 con 0x7f6cb4106a70
2024-03-19T02:45:16.204 INFO:teuthology.orchestra.run.smithi019.stdout:/usr/bin/ceph: stderr
2024-03-19T02:45:15.541+0000 7f6cbc649700 1 -- 172.21.15.19:0/232421158 --> [v2:172.21.15.19:6800/923037715,v1:172.21.15.19:6801/923037715] -- mgr_command(tid 0: {"prefix": "dashboard create-self-signed-cert", "target": ["mon-mgr", ""]}) -- 0x7f6cb4062750 con 0x7f6ca0038e10
2024-03-19T02:45:16.204 INFO:teuthology.orchestra.run.smithi019.stdout:/usr/bin/ceph: stderr
2024-03-19T02:45:15.642+0000 7f6cab7fe700 1 -- 172.21.15.19:0/232421158 <== mgr.14152 v2:172.21.15.19:6800/923037715 1 ==== mgr_command_reply(tid 0: 0 ) ==== 8+0+32 (secure 0 0 0) 0x7f6cb4062750 con 0x7f6ca0038e10
2024-03-19T02:45:16.204 INFO:teuthology.orchestra.run.smithi019.stdout:/usr/bin/ceph: stderr
2024-03-19T02:45:15.645+0000 7f6cbc649700 1 -- 172.21.15.19:0/232421158 >> [v2:172.21.15.19:6800/923037715,v1:172.21.15.19:6801/923037715] conn(0x7f6ca0038e10 msgr2=0x7f6ca003b2d0 secure :-1 s=STATE_CONNECTION_ESTABLISHED l=1).mark_down
2024-03-19T02:45:16.204 INFO:teuthology.orchestra.run.smithi019.stdout:/usr/bin/ceph: stderr
2024-03-19T02:45:15.645+0000 7f6cbc649700 1 --2- 172.21.15.19:0/232421158 >> [v2:172.21.15.19:6800/923037715,v1:172.21.15.19:6801/923037715] conn(0x7f6ca0038e10 0x7f6ca003b2d0 secure :-1 s=READY pgs=7 cs=0 l=1 rev1=1 crypto rx=0x7f6ca4006fd0 tx=0x7f6ca4006e40 comp rx=0 tx=0).stop
2024-03-19T02:45:16.204 INFO:teuthology.orchestra.run.smithi019.stdout:/usr/bin/ceph: stderr
2024-03-19T02:45:15.645+0000 7f6cbc649700 1 -- 172.21.15.19:0/232421158 >> [v2:172.21.15.19:3300/0,v1:172.21.15.19:6789/0] conn(0x7f6cb4106a70 msgr2=0x7f6cb419bb30 secure :-1 s=STATE_CONNECTION_ESTABLISHED l=1).mark_down
2024-03-19T02:45:16.204 INFO:teuthology.orchestra.run.smithi019.stdout:/usr/bin/ceph: stderr
2024-03-19T02:45:15.645+0000 7f6cbc649700 1 --2- 172.21.15.19:0/232421158 >> [v2:172.21.15.19:3300/0,v1:172.21.15.19:6789/0] conn(0x7f6cb4106a70 0x7f6cb419bb30 secure :-1 s=READY pgs=71 cs=0 l=1 rev1=1 crypto rx=0x7f6cb00117e0 tx=0x7f6cb0011c10 comp rx=0 tx=0).stop
2024-03-19T02:45:16.204 INFO:teuthology.orchestra.run.smithi019.stdout:/usr/bin/ceph: stderr
2024-03-19T02:45:15.645+0000 7f6cbc649700 1 -- 172.21.15.19:0/232421158 shutdown_connections
2024-03-19T02:45:16.204 INFO:teuthology.orchestra.run.smithi019.stdout:/usr/bin/ceph: stderr
2024-03-19T02:45:15.645+0000 7f6cbc649700 1 --2- 172.21.15.19:0/232421158 >> [v2:172.21.15.19:6800/923037715,v1:172.21.15.19:6801/923037715] conn(0x7f6ca0038e10 0x7f6ca003b2d0 unknown :-1 s=CLOSED pgs=7 cs=0 l=1 rev1=1 crypto rx=0 tx=0 comp rx=0 tx=0).stop
2024-03-19T02:45:16.204 INFO:teuthology.orchestra.run.smithi019.stdout:/usr/bin/ceph: stderr
2024-03-19T02:45:15.645+0000 7f6cbc649700 1 --2- 172.21.15.19:0/232421158 >> [v2:172.21.15.19:3300/0,v1:172.21.15.19:6789/0] conn(0x7f6cb4106a70 0x7f6cb419bb30 unknown :-1 s=CLOSED pgs=71 cs=0 l=1 rev1=1 crypto rx=0 tx=0 comp rx=0 tx=0).stop
2024-03-19T02:45:16.204 INFO:teuthology.orchestra.run.smithi019.stdout:/usr/bin/ceph: stderr
2024-03-19T02:45:15.645+0000 7f6cbc649700 1 -- 172.21.15.19:0/232421158 >> 172.21.15.19:0/232421158 conn(0x7f6cb4102030 msgr2=0x7f6cb4102e80 unknown :-1 s=STATE_NONE l=0).mark_down
2024-03-19T02:45:16.204 INFO:teuthology.orchestra.run.smithi019.stdout:/usr/bin/ceph: stderr
2024-03-19T02:45:15.645+0000 7f6cbc649700 1 -- 172.21.15.19:0/232421158 shutdown_connections
2024-03-19T02:45:16.204 INFO:teuthology.orchestra.run.smithi019.stdout:/usr/bin/ceph: stderr
2024-03-19T02:45:15.645+0000 7f6cbc649700 1 -- 172.21.15.19:0/232421158 wait complete.
2024-03-19T02:45:16.204 INFO:teuthology.orchestra.run.smithi019.stdout:Creating initial admin user...
2024-03-19T02:45:17.085 INFO:journalctl@ceph.mon.a.smithi019.stdout:Mar 19 02:45:16 smithi019 ceph-mon[32524]: [19/Mar/2024:02:45:15] ENGINE Bus STARTING
2024-03-19T02:45:17.085 INFO:journalctl@ceph.mon.a.smithi019.stdout:Mar 19 02:45:16 smithi019 ceph-mon[32524]: [19/Mar/2024:02:45:15] ENGINE Serving on http://172.21.15.19:8765
2024-03-19T02:45:17.085 INFO:journalctl@ceph.mon.a.smithi019.stdout:Mar 19 02:45:16 smithi019 ceph-mon[32524]: [19/Mar/2024:02:45:15] ENGINE Serving on https://172.21.15.19:7150
2024-03-19T02:45:17.085 INFO:journalctl@ceph.mon.a.smithi019.stdout:Mar 19 02:45:16 smithi019 ceph-mon[32524]: [19/Mar/2024:02:45:15] ENGINE Bus STARTED
2024-03-19T02:45:17.085 INFO:journalctl@ceph.mon.a.smithi019.stdout:Mar 19 02:45:16 smithi019 ceph-mon[32524]: from='client.14164 -' entity='client.admin' cmd=[{"prefix": "dashboard create-self-signed-cert", "target": ["mon-mgr", ""]}]: dispatch
2024-03-19T02:45:17.085 INFO:journalctl@ceph.mon.a.smithi019.stdout:Mar 19 02:45:16 smithi019 ceph-mon[32524]: mgrmap e12: x(active, since 2s)
2024-03-19T02:45:17.085 INFO:journalctl@ceph.mon.a.smithi019.stdout:Mar 19 02:45:16 smithi019 ceph-mon[32524]: from='mgr.14152 172.21.15.19:0/3936296733' entity='mgr.x'
2024-03-19T02:45:17.981 INFO:journalctl@ceph.mon.a.smithi019.stdout:Mar 19 02:45:17 smithi019 ceph-mon[32524]: from='client.14166 -' entity='client.admin' cmd=[{"prefix": "dashboard ac-user-create", "username": "admin", "rolename": "administrator", "force_password": true, "pwd_update_required": true, "target": ["mon-mgr", ""]}]: dispatch
2024-03-19T02:45:17.981 INFO:journalctl@ceph.mon.a.smithi019.stdout:Mar 19 02:45:17 smithi019 ceph-mon[32524]: from='mgr.14152 172.21.15.19:0/3936296733' entity='mgr.x'
2024-03-19T02:45:18.489 INFO:teuthology.orchestra.run.smithi019.stdout:/usr/bin/ceph: stdout {"username": "admin", "password": "$2b$12$5ctO9qIbL1z92Go5/ylGB.2mB7x.xHUiHTi0Y.eWBfSxTWcL6k7ii", "roles": ["administrator"], "name": null, "email": null, "lastUpdate": 1710816317, "enabled": true, "pwdExpirationDate": null, "pwdUpdateRequired": true}
2024-03-19T02:45:18.489 INFO:teuthology.orchestra.run.smithi019.stdout:/usr/bin/ceph: stderr
2024-03-19T02:45:16.651+0000 7f1df0e88700 1 Processor -- start
2024-03-19T02:45:18.489 INFO:teuthology.orchestra.run.smithi019.stdout:/usr/bin/ceph: stderr
2024-03-19T02:45:16.651+0000 7f1df0e88700 1 -- start start
2024-03-19T02:45:18.489 INFO:teuthology.orchestra.run.smithi019.stdout:/usr/bin/ceph: stderr
2024-03-19T02:45:16.651+0000 7f1df0e88700 1 --2- >> [v2:172.21.15.19:3300/0,v1:172.21.15.19:6789/0] conn(0x7f1dec108640 0x7f1dec10aa30 unknown :-1 s=NONE pgs=0 cs=0 l=0 rev1=0 crypto rx=0 tx=0 comp rx=0 tx=0).connect
2024-03-19T02:45:18.489 INFO:teuthology.orchestra.run.smithi019.stdout:/usr/bin/ceph: stderr
2024-03-19T02:45:16.651+0000 7f1df0e88700 1 -- --> [v2:172.21.15.19:3300/0,v1:172.21.15.19:6789/0] -- mon_getmap magic: 0 -- 0x7f1dec07be70 con 0x7f1dec108640
2024-03-19T02:45:18.489 INFO:teuthology.orchestra.run.smithi019.stdout:/usr/bin/ceph: stderr
2024-03-19T02:45:16.652+0000 7f1dea59c700 1 --2- >> [v2:172.21.15.19:3300/0,v1:172.21.15.19:6789/0] conn(0x7f1dec108640 0x7f1dec10aa30 unknown :-1 s=BANNER_CONNECTING pgs=0 cs=0 l=0 rev1=0 crypto rx=0 tx=0 comp rx=0 tx=0)._handle_peer_banner_payload supported=3 required=0
2024-03-19T02:45:18.489 INFO:teuthology.orchestra.run.smithi019.stdout:/usr/bin/ceph: stderr
2024-03-19T02:45:16.652+0000 7f1dea59c700 1 --2- >> [v2:172.21.15.19:3300/0,v1:172.21.15.19:6789/0] conn(0x7f1dec108640 0x7f1dec10aa30 unknown :-1 s=HELLO_CONNECTING pgs=0 cs=0 l=0 rev1=1 crypto rx=0 tx=0 comp rx=0 tx=0).handle_hello peer v2:172.21.15.19:3300/0 says I am v2:172.21.15.19:48402/0 (socket says 172.21.15.19:48402)
2024-03-19T02:45:18.489 INFO:teuthology.orchestra.run.smithi019.stdout:/usr/bin/ceph: stderr
2024-03-19T02:45:16.652+0000 7f1dea59c700 1 -- 172.21.15.19:0/952909416 learned_addr learned my addr 172.21.15.19:0/952909416 (peer_addr_for_me v2:172.21.15.19:0/0)
2024-03-19T02:45:18.489 INFO:teuthology.orchestra.run.smithi019.stdout:/usr/bin/ceph: stderr
2024-03-19T02:45:16.652+0000 7f1dea59c700 1 -- 172.21.15.19:0/952909416 --> [v2:172.21.15.19:3300/0,v1:172.21.15.19:6789/0] -- mon_subscribe({config=0+,monmap=0+}) -- 0x7f1dec10af70 con 0x7f1dec108640
2024-03-19T02:45:18.490 INFO:teuthology.orchestra.run.smithi019.stdout:/usr/bin/ceph: stderr
2024-03-19T02:45:16.652+0000 7f1dea59c700 1 --2- 172.21.15.19:0/952909416 >> [v2:172.21.15.19:3300/0,v1:172.21.15.19:6789/0] conn(0x7f1dec108640 0x7f1dec10aa30 secure :-1 s=READY pgs=72 cs=0 l=1 rev1=1 crypto rx=0x7f1ddc0098a0 tx=0x7f1ddc009bb0 comp rx=0 tx=0).ready entity=mon.0 client_cookie=2550ebf83224c743 server_cookie=0 in_seq=0 out_seq=0
2024-03-19T02:45:18.490 INFO:teuthology.orchestra.run.smithi019.stdout:/usr/bin/ceph: stderr
2024-03-19T02:45:16.652+0000 7f1de959a700 1 -- 172.21.15.19:0/952909416 <== mon.0 v2:172.21.15.19:3300/0 1 ==== mon_map magic: 0 ==== 205+0+0 (secure 0 0 0) 0x7f1ddc004160 con 0x7f1dec108640
2024-03-19T02:45:18.490 INFO:teuthology.orchestra.run.smithi019.stdout:/usr/bin/ceph: stderr
2024-03-19T02:45:16.652+0000 7f1de959a700 1 -- 172.21.15.19:0/952909416 <== mon.0 v2:172.21.15.19:3300/0 2 ==== config(27 keys) ==== 1140+0+0 (secure 0 0 0) 0x7f1ddc004300 con 0x7f1dec108640
2024-03-19T02:45:18.490 INFO:teuthology.orchestra.run.smithi019.stdout:/usr/bin/ceph: stderr
2024-03-19T02:45:16.652+0000 7f1de959a700 1 -- 172.21.15.19:0/952909416 <== mon.0 v2:172.21.15.19:3300/0 3 ==== mon_map magic: 0 ==== 205+0+0 (secure 0 0 0) 0x7f1ddc011b20 con 0x7f1dec108640
2024-03-19T02:45:18.490 INFO:teuthology.orchestra.run.smithi019.stdout:/usr/bin/ceph: stderr
2024-03-19T02:45:16.653+0000 7f1df0e88700 1 -- 172.21.15.19:0/952909416 >> [v2:172.21.15.19:3300/0,v1:172.21.15.19:6789/0] conn(0x7f1dec108640 msgr2=0x7f1dec10aa30 secure :-1 s=STATE_CONNECTION_ESTABLISHED l=1).mark_down
2024-03-19T02:45:18.490 INFO:teuthology.orchestra.run.smithi019.stdout:/usr/bin/ceph: stderr
2024-03-19T02:45:16.653+0000 7f1df0e88700 1 --2- 172.21.15.19:0/952909416 >> [v2:172.21.15.19:3300/0,v1:172.21.15.19:6789/0] conn(0x7f1dec108640 0x7f1dec10aa30 secure :-1 s=READY pgs=72 cs=0 l=1 rev1=1 crypto rx=0x7f1ddc0098a0 tx=0x7f1ddc009bb0 comp rx=0 tx=0).stop
2024-03-19T02:45:18.490 INFO:teuthology.orchestra.run.smithi019.stdout:/usr/bin/ceph: stderr
2024-03-19T02:45:16.653+0000 7f1df0e88700 1 -- 172.21.15.19:0/952909416 shutdown_connections
2024-03-19T02:45:18.490 INFO:teuthology.orchestra.run.smithi019.stdout:/usr/bin/ceph: stderr
2024-03-19T02:45:16.653+0000 7f1df0e88700 1 --2- 172.21.15.19:0/952909416 >> [v2:172.21.15.19:3300/0,v1:172.21.15.19:6789/0] conn(0x7f1dec108640 0x7f1dec10aa30 unknown :-1 s=CLOSED pgs=72 cs=0 l=1 rev1=1 crypto rx=0 tx=0 comp rx=0 tx=0).stop
2024-03-19T02:45:18.490 INFO:teuthology.orchestra.run.smithi019.stdout:/usr/bin/ceph: stderr
2024-03-19T02:45:16.653+0000 7f1df0e88700 1 -- 172.21.15.19:0/952909416 >> 172.21.15.19:0/952909416 conn(0x7f1dec102050 msgr2=0x7f1dec104470 unknown :-1 s=STATE_NONE l=0).mark_down
2024-03-19T02:45:18.490 INFO:teuthology.orchestra.run.smithi019.stdout:/usr/bin/ceph: stderr
2024-03-19T02:45:16.653+0000 7f1df0e88700 1 -- 172.21.15.19:0/952909416 shutdown_connections
2024-03-19T02:45:18.490 INFO:teuthology.orchestra.run.smithi019.stdout:/usr/bin/ceph: stderr
2024-03-19T02:45:16.653+0000 7f1df0e88700 1 -- 172.21.15.19:0/952909416 wait complete.
2024-03-19T02:45:18.490 INFO:teuthology.orchestra.run.smithi019.stdout:/usr/bin/ceph: stderr
2024-03-19T02:45:16.654+0000 7f1df0e88700 1 Processor -- start
2024-03-19T02:45:18.490 INFO:teuthology.orchestra.run.smithi019.stdout:/usr/bin/ceph: stderr
2024-03-19T02:45:16.654+0000 7f1df0e88700 1 -- start start
2024-03-19T02:45:18.490 INFO:teuthology.orchestra.run.smithi019.stdout:/usr/bin/ceph: stderr
2024-03-19T02:45:16.654+0000 7f1df0e88700 1 --2- >> [v2:172.21.15.19:3300/0,v1:172.21.15.19:6789/0] conn(0x7f1dec108640 0x7f1dec19bb00 unknown :-1 s=NONE pgs=0 cs=0 l=1 rev1=0 crypto rx=0 tx=0 comp rx=0 tx=0).connect
2024-03-19T02:45:18.491 INFO:teuthology.orchestra.run.smithi019.stdout:/usr/bin/ceph: stderr
2024-03-19T02:45:16.654+0000 7f1df0e88700 1 -- --> [v2:172.21.15.19:3300/0,v1:172.21.15.19:6789/0] -- mon_getmap magic: 0 -- 0x7f1dec10bfd0 con 0x7f1dec108640
2024-03-19T02:45:18.491 INFO:teuthology.orchestra.run.smithi019.stdout:/usr/bin/ceph: stderr
2024-03-19T02:45:16.654+0000 7f1dea59c700 1 --2- >> [v2:172.21.15.19:3300/0,v1:172.21.15.19:6789/0] conn(0x7f1dec108640 0x7f1dec19bb00 unknown :-1 s=BANNER_CONNECTING pgs=0 cs=0 l=1 rev1=0 crypto rx=0 tx=0 comp rx=0 tx=0)._handle_peer_banner_payload supported=3 required=0
2024-03-19T02:45:18.491 INFO:teuthology.orchestra.run.smithi019.stdout:/usr/bin/ceph: stderr
2024-03-19T02:45:16.654+0000 7f1dea59c700 1 --2- >> [v2:172.21.15.19:3300/0,v1:172.21.15.19:6789/0] conn(0x7f1dec108640 0x7f1dec19bb00 unknown :-1 s=HELLO_CONNECTING pgs=0 cs=0 l=1 rev1=1 crypto rx=0 tx=0 comp rx=0 tx=0).handle_hello peer v2:172.21.15.19:3300/0 says I am v2:172.21.15.19:48412/0 (socket says 172.21.15.19:48412)
2024-03-19T02:45:18.491 INFO:teuthology.orchestra.run.smithi019.stdout:/usr/bin/ceph: stderr
2024-03-19T02:45:16.654+0000 7f1dea59c700 1 -- 172.21.15.19:0/3170741925 learned_addr learned my addr 172.21.15.19:0/3170741925 (peer_addr_for_me v2:172.21.15.19:0/0)
2024-03-19T02:45:18.491 INFO:teuthology.orchestra.run.smithi019.stdout:/usr/bin/ceph: stderr
2024-03-19T02:45:16.654+0000 7f1dea59c700 1 -- 172.21.15.19:0/3170741925 --> [v2:172.21.15.19:3300/0,v1:172.21.15.19:6789/0] -- mon_subscribe({config=0+,monmap=0+}) -- 0x7f1dec19c040 con 0x7f1dec108640
2024-03-19T02:45:18.491 INFO:teuthology.orchestra.run.smithi019.stdout:/usr/bin/ceph: stderr
2024-03-19T02:45:16.655+0000 7f1dea59c700 1 --2- 172.21.15.19:0/3170741925 >> [v2:172.21.15.19:3300/0,v1:172.21.15.19:6789/0] conn(0x7f1dec108640 0x7f1dec19bb00 secure :-1 s=READY pgs=73 cs=0 l=1 rev1=1 crypto rx=0x7f1ddc0116a0 tx=0x7f1ddc011ba0 comp rx=0 tx=0).ready entity=mon.0 client_cookie=0 server_cookie=0 in_seq=0 out_seq=0
2024-03-19T02:45:18.491 INFO:teuthology.orchestra.run.smithi019.stdout:/usr/bin/ceph: stderr
2024-03-19T02:45:16.655+0000 7f1ddb7fe700 1 -- 172.21.15.19:0/3170741925 <== mon.0 v2:172.21.15.19:3300/0 1 ==== mon_map magic: 0 ==== 205+0+0 (secure 0 0 0) 0x7f1ddc003a40 con 0x7f1dec108640
2024-03-19T02:45:18.491 INFO:teuthology.orchestra.run.smithi019.stdout:/usr/bin/ceph: stderr
2024-03-19T02:45:16.655+0000 7f1df0e88700 1 -- 172.21.15.19:0/3170741925 --> [v2:172.21.15.19:3300/0,v1:172.21.15.19:6789/0] -- mon_subscribe({mgrmap=0+}) -- 0x7f1dec19c2d0 con 0x7f1dec108640
2024-03-19T02:45:18.491 INFO:teuthology.orchestra.run.smithi019.stdout:/usr/bin/ceph: stderr
2024-03-19T02:45:16.655+0000 7f1df0e88700 1 -- 172.21.15.19:0/3170741925 --> [v2:172.21.15.19:3300/0,v1:172.21.15.19:6789/0] -- mon_subscribe({osdmap=0}) -- 0x7f1dec19c730 con 0x7f1dec108640
2024-03-19T02:45:18.491 INFO:teuthology.orchestra.run.smithi019.stdout:/usr/bin/ceph: stderr
2024-03-19T02:45:16.655+0000 7f1ddb7fe700 1 -- 172.21.15.19:0/3170741925 <== mon.0 v2:172.21.15.19:3300/0 2 ==== config(27 keys) ==== 1140+0+0 (secure 0 0 0) 0x7f1ddc003be0 con 0x7f1dec108640
2024-03-19T02:45:18.491 INFO:teuthology.orchestra.run.smithi019.stdout:/usr/bin/ceph: stderr
2024-03-19T02:45:16.655+0000 7f1ddb7fe700 1 -- 172.21.15.19:0/3170741925 <== mon.0 v2:172.21.15.19:3300/0 3 ==== mon_map magic: 0 ==== 205+0+0 (secure 0 0 0) 0x7f1ddc01a750 con 0x7f1dec108640
2024-03-19T02:45:18.491 INFO:teuthology.orchestra.run.smithi019.stdout:/usr/bin/ceph: stderr
2024-03-19T02:45:16.656+0000 7f1ddb7fe700 1 -- 172.21.15.19:0/3170741925 <== mon.0 v2:172.21.15.19:3300/0 4 ==== mgrmap(e 12) ==== 46119+0+0 (secure 0 0 0) 0x7f1ddc01aac0 con 0x7f1dec108640
2024-03-19T02:45:18.491 INFO:teuthology.orchestra.run.smithi019.stdout:/usr/bin/ceph: stderr
2024-03-19T02:45:16.656+0000 7f1df0e88700 1 -- 172.21.15.19:0/3170741925 --> [v2:172.21.15.19:3300/0,v1:172.21.15.19:6789/0] -- mon_command({"prefix": "get_command_descriptions"} v 0) -- 0x7f1dcc005360 con 0x7f1dec108640
2024-03-19T02:45:18.491 INFO:teuthology.orchestra.run.smithi019.stdout:/usr/bin/ceph: stderr
2024-03-19T02:45:16.656+0000 7f1ddb7fe700 1 --2- 172.21.15.19:0/3170741925 >> [v2:172.21.15.19:6800/923037715,v1:172.21.15.19:6801/923037715] conn(0x7f1dd4038f80 0x7f1dd403b440 unknown :-1 s=NONE pgs=0 cs=0 l=1 rev1=0 crypto rx=0 tx=0 comp rx=0 tx=0).connect
2024-03-19T02:45:18.492 INFO:teuthology.orchestra.run.smithi019.stdout:/usr/bin/ceph: stderr
2024-03-19T02:45:16.656+0000 7f1ddb7fe700 1 -- 172.21.15.19:0/3170741925 <== mon.0 v2:172.21.15.19:3300/0 5 ==== osd_map(3..3 src has 1..3) ==== 1155+0+0 (secure 0 0 0) 0x7f1ddc04d550 con 0x7f1dec108640
2024-03-19T02:45:18.492 INFO:teuthology.orchestra.run.smithi019.stdout:/usr/bin/ceph: stderr
2024-03-19T02:45:16.656+0000 7f1de9d9b700 1 --2- 172.21.15.19:0/3170741925 >> [v2:172.21.15.19:6800/923037715,v1:172.21.15.19:6801/923037715] conn(0x7f1dd4038f80 0x7f1dd403b440 unknown :-1 s=BANNER_CONNECTING pgs=0 cs=0 l=1 rev1=0 crypto rx=0 tx=0 comp rx=0 tx=0)._handle_peer_banner_payload supported=3 required=0
2024-03-19T02:45:18.492 INFO:teuthology.orchestra.run.smithi019.stdout:/usr/bin/ceph: stderr
2024-03-19T02:45:16.657+0000 7f1de9d9b700 1 --2- 172.21.15.19:0/3170741925 >> [v2:172.21.15.19:6800/923037715,v1:172.21.15.19:6801/923037715] conn(0x7f1dd4038f80 0x7f1dd403b440 secure :-1 s=READY pgs=8 cs=0 l=1 rev1=1 crypto rx=0x7f1de0006fd0 tx=0x7f1de0006e40 comp rx=0 tx=0).ready entity=mgr.14152 client_cookie=0 server_cookie=0 in_seq=0 out_seq=0
2024-03-19T02:45:18.492 INFO:teuthology.orchestra.run.smithi019.stdout:/usr/bin/ceph: stderr
2024-03-19T02:45:16.661+0000 7f1ddb7fe700 1 -- 172.21.15.19:0/3170741925 <== mon.0 v2:172.21.15.19:3300/0 6 ==== mon_command_ack([{"prefix": "get_command_descriptions"}]=0 v0) ==== 72+0+186149 (secure 0 0 0) 0x7f1ddc011e20 con 0x7f1dec108640
2024-03-19T02:45:18.492 INFO:teuthology.orchestra.run.smithi019.stdout:/usr/bin/ceph: stderr
2024-03-19T02:45:16.937+0000 7f1df0e88700 1 -- 172.21.15.19:0/3170741925 --> [v2:172.21.15.19:6800/923037715,v1:172.21.15.19:6801/923037715] -- mgr_command(tid 0: {"prefix": "dashboard ac-user-create", "username": "admin", "rolename": "administrator", "force_password": true, "pwd_update_required": true, "target": ["mon-mgr", ""]}) -- 0x7f1dcc002430 con 0x7f1dd4038f80
2024-03-19T02:45:18.492 INFO:teuthology.orchestra.run.smithi019.stdout:/usr/bin/ceph: stderr
2024-03-19T02:45:17.184+0000 7f1ddb7fe700 1 -- 172.21.15.19:0/3170741925 <== mgr.14152 v2:172.21.15.19:6800/923037715 1 ==== mgr_command_reply(tid 0: 0 ) ==== 8+0+252 (secure 0 0 0) 0x7f1dcc002430 con 0x7f1dd4038f80
2024-03-19T02:45:18.492 INFO:teuthology.orchestra.run.smithi019.stdout:/usr/bin/ceph: stderr
2024-03-19T02:45:17.186+0000 7f1df0e88700 1 -- 172.21.15.19:0/3170741925 >> [v2:172.21.15.19:6800/923037715,v1:172.21.15.19:6801/923037715] conn(0x7f1dd4038f80 msgr2=0x7f1dd403b440 secure :-1 s=STATE_CONNECTION_ESTABLISHED l=1).mark_down
2024-03-19T02:45:18.492 INFO:teuthology.orchestra.run.smithi019.stdout:/usr/bin/ceph: stderr
2024-03-19T02:45:17.186+0000 7f1df0e88700 1 --2- 172.21.15.19:0/3170741925 >> [v2:172.21.15.19:6800/923037715,v1:172.21.15.19:6801/923037715] conn(0x7f1dd4038f80 0x7f1dd403b440 secure :-1 s=READY pgs=8 cs=0 l=1 rev1=1 crypto rx=0x7f1de0006fd0 tx=0x7f1de0006e40 comp rx=0 tx=0).stop
2024-03-19T02:45:18.492 INFO:teuthology.orchestra.run.smithi019.stdout:/usr/bin/ceph: stderr
2024-03-19T02:45:17.186+0000 7f1df0e88700 1 -- 172.21.15.19:0/3170741925 >> [v2:172.21.15.19:3300/0,v1:172.21.15.19:6789/0] conn(0x7f1dec108640 msgr2=0x7f1dec19bb00 secure :-1 s=STATE_CONNECTION_ESTABLISHED l=1).mark_down
2024-03-19T02:45:18.492 INFO:teuthology.orchestra.run.smithi019.stdout:/usr/bin/ceph: stderr
2024-03-19T02:45:17.186+0000 7f1df0e88700 1 --2- 172.21.15.19:0/3170741925 >> [v2:172.21.15.19:3300/0,v1:172.21.15.19:6789/0] conn(0x7f1dec108640 0x7f1dec19bb00 secure :-1 s=READY pgs=73 cs=0 l=1 rev1=1 crypto rx=0x7f1ddc0116a0 tx=0x7f1ddc011ba0 comp rx=0 tx=0).stop
2024-03-19T02:45:18.492 INFO:teuthology.orchestra.run.smithi019.stdout:/usr/bin/ceph: stderr
2024-03-19T02:45:17.186+0000 7f1df0e88700 1 -- 172.21.15.19:0/3170741925 shutdown_connections
2024-03-19T02:45:18.492 INFO:teuthology.orchestra.run.smithi019.stdout:/usr/bin/ceph: stderr
2024-03-19T02:45:17.186+0000 7f1df0e88700 1 --2- 172.21.15.19:0/3170741925 >> [v2:172.21.15.19:6800/923037715,v1:172.21.15.19:6801/923037715] conn(0x7f1dd4038f80 0x7f1dd403b440 unknown :-1 s=CLOSED pgs=8 cs=0 l=1 rev1=1 crypto rx=0 tx=0 comp rx=0 tx=0).stop
2024-03-19T02:45:18.492 INFO:teuthology.orchestra.run.smithi019.stdout:/usr/bin/ceph: stderr
2024-03-19T02:45:17.186+0000 7f1df0e88700 1 --2- 172.21.15.19:0/3170741925 >> [v2:172.21.15.19:3300/0,v1:172.21.15.19:6789/0] conn(0x7f1dec108640 0x7f1dec19bb00 unknown :-1 s=CLOSED pgs=73 cs=0 l=1 rev1=1 crypto rx=0 tx=0 comp rx=0 tx=0).stop
2024-03-19T02:45:18.492 INFO:teuthology.orchestra.run.smithi019.stdout:/usr/bin/ceph: stderr
2024-03-19T02:45:17.186+0000 7f1df0e88700 1 -- 172.21.15.19:0/3170741925 >> 172.21.15.19:0/3170741925 conn(0x7f1dec102050 msgr2=0x7f1dec102ac0 unknown :-1 s=STATE_NONE l=0).mark_down
2024-03-19T02:45:18.493 INFO:teuthology.orchestra.run.smithi019.stdout:/usr/bin/ceph: stderr
2024-03-19T02:45:17.186+0000 7f1df0e88700 1 -- 172.21.15.19:0/3170741925 shutdown_connections
2024-03-19T02:45:18.493 INFO:teuthology.orchestra.run.smithi019.stdout:/usr/bin/ceph: stderr
2024-03-19T02:45:17.186+0000 7f1df0e88700 1 -- 172.21.15.19:0/3170741925 wait complete.
2024-03-19T02:45:18.493 INFO:teuthology.orchestra.run.smithi019.stdout:Fetching dashboard port number...
2024-03-19T02:45:19.687 INFO:teuthology.orchestra.run.smithi019.stdout:/usr/bin/ceph: stdout 8443
2024-03-19T02:45:19.687 INFO:teuthology.orchestra.run.smithi019.stdout:/usr/bin/ceph: stderr
2024-03-19T02:45:18.886+0000 7f874b8a7700 1 Processor -- start
2024-03-19T02:45:19.687 INFO:teuthology.orchestra.run.smithi019.stdout:/usr/bin/ceph: stderr
2024-03-19T02:45:18.886+0000 7f874b8a7700 1 -- start start
2024-03-19T02:45:19.687 INFO:teuthology.orchestra.run.smithi019.stdout:/usr/bin/ceph: stderr
2024-03-19T02:45:18.887+0000 7f874b8a7700 1 --2- >> [v2:172.21.15.19:3300/0,v1:172.21.15.19:6789/0] conn(0x7f8744107bd0 0x7f8744107ff0 unknown :-1 s=NONE pgs=0 cs=0 l=0 rev1=0 crypto rx=0 tx=0 comp rx=0 tx=0).connect
2024-03-19T02:45:19.687 INFO:teuthology.orchestra.run.smithi019.stdout:/usr/bin/ceph: stderr
2024-03-19T02:45:18.887+0000 7f874b8a7700 1 -- --> [v2:172.21.15.19:3300/0,v1:172.21.15.19:6789/0] -- mon_getmap magic: 0 -- 0x7f87441085c0 con 0x7f8744107bd0
2024-03-19T02:45:19.687 INFO:teuthology.orchestra.run.smithi019.stdout:/usr/bin/ceph: stderr
2024-03-19T02:45:18.887+0000 7f8749643700 1 --2- >> [v2:172.21.15.19:3300/0,v1:172.21.15.19:6789/0] conn(0x7f8744107bd0 0x7f8744107ff0 unknown :-1 s=BANNER_CONNECTING pgs=0 cs=0 l=0 rev1=0 crypto rx=0 tx=0 comp rx=0 tx=0)._handle_peer_banner_payload supported=3 required=0
2024-03-19T02:45:19.687 INFO:teuthology.orchestra.run.smithi019.stdout:/usr/bin/ceph: stderr
2024-03-19T02:45:18.887+0000 7f8749643700 1 --2- >> [v2:172.21.15.19:3300/0,v1:172.21.15.19:6789/0] conn(0x7f8744107bd0 0x7f8744107ff0 unknown :-1 s=HELLO_CONNECTING pgs=0 cs=0 l=0 rev1=1 crypto rx=0 tx=0 comp rx=0 tx=0).handle_hello peer v2:172.21.15.19:3300/0 says I am v2:172.21.15.19:48418/0 (socket says 172.21.15.19:48418)
2024-03-19T02:45:19.687 INFO:teuthology.orchestra.run.smithi019.stdout:/usr/bin/ceph: stderr
2024-03-19T02:45:18.887+0000 7f8749643700 1 -- 172.21.15.19:0/2399115442 learned_addr learned my addr 172.21.15.19:0/2399115442 (peer_addr_for_me v2:172.21.15.19:0/0)
2024-03-19T02:45:19.688 INFO:teuthology.orchestra.run.smithi019.stdout:/usr/bin/ceph: stderr
2024-03-19T02:45:18.887+0000 7f8749643700 1 -- 172.21.15.19:0/2399115442 --> [v2:172.21.15.19:3300/0,v1:172.21.15.19:6789/0] -- mon_subscribe({config=0+,monmap=0+}) -- 0x7f8744108d80 con 0x7f8744107bd0
2024-03-19T02:45:19.688 INFO:teuthology.orchestra.run.smithi019.stdout:/usr/bin/ceph: stderr
2024-03-19T02:45:18.887+0000 7f8749643700 1 --2- 172.21.15.19:0/2399115442 >> [v2:172.21.15.19:3300/0,v1:172.21.15.19:6789/0] conn(0x7f8744107bd0 0x7f8744107ff0 secure :-1 s=READY pgs=74 cs=0 l=1 rev1=1 crypto rx=0x7f87380098a0 tx=0x7f8738009bb0 comp rx=0 tx=0).ready entity=mon.0 client_cookie=6cd38219b0b85fbe server_cookie=0 in_seq=0 out_seq=0
2024-03-19T02:45:19.688 INFO:teuthology.orchestra.run.smithi019.stdout:/usr/bin/ceph: stderr
2024-03-19T02:45:18.887+0000 7f8737fff700 1 -- 172.21.15.19:0/2399115442 <== mon.0 v2:172.21.15.19:3300/0 1 ==== mon_map magic: 0 ==== 205+0+0 (secure 0 0 0) 0x7f8738004160 con 0x7f8744107bd0
2024-03-19T02:45:19.688 INFO:teuthology.orchestra.run.smithi019.stdout:/usr/bin/ceph: stderr
2024-03-19T02:45:18.887+0000 7f8737fff700 1 -- 172.21.15.19:0/2399115442 <== mon.0 v2:172.21.15.19:3300/0 2 ==== config(27 keys) ==== 1140+0+0 (secure 0 0 0) 0x7f8738004300 con 0x7f8744107bd0
2024-03-19T02:45:19.688 INFO:teuthology.orchestra.run.smithi019.stdout:/usr/bin/ceph: stderr
2024-03-19T02:45:18.887+0000 7f8737fff700 1 -- 172.21.15.19:0/2399115442 <== mon.0 v2:172.21.15.19:3300/0 3 ==== mon_map magic: 0 ==== 205+0+0 (secure 0 0 0) 0x7f8738011b20 con 0x7f8744107bd0
2024-03-19T02:45:19.688 INFO:teuthology.orchestra.run.smithi019.stdout:/usr/bin/ceph: stderr
2024-03-19T02:45:18.888+0000 7f874b8a7700 1 -- 172.21.15.19:0/2399115442 >> [v2:172.21.15.19:3300/0,v1:172.21.15.19:6789/0] conn(0x7f8744107bd0 msgr2=0x7f8744107ff0 secure :-1 s=STATE_CONNECTION_ESTABLISHED l=1).mark_down
2024-03-19T02:45:19.688 INFO:teuthology.orchestra.run.smithi019.stdout:/usr/bin/ceph: stderr
2024-03-19T02:45:18.888+0000 7f874b8a7700 1 --2- 172.21.15.19:0/2399115442 >> [v2:172.21.15.19:3300/0,v1:172.21.15.19:6789/0] conn(0x7f8744107bd0 0x7f8744107ff0 secure :-1 s=READY pgs=74 cs=0 l=1 rev1=1 crypto rx=0x7f87380098a0 tx=0x7f8738009bb0 comp rx=0 tx=0).stop
2024-03-19T02:45:19.688 INFO:teuthology.orchestra.run.smithi019.stdout:/usr/bin/ceph: stderr
2024-03-19T02:45:18.888+0000 7f874b8a7700 1 -- 172.21.15.19:0/2399115442 shutdown_connections
2024-03-19T02:45:19.688 INFO:teuthology.orchestra.run.smithi019.stdout:/usr/bin/ceph: stderr
2024-03-19T02:45:18.888+0000 7f874b8a7700 1 --2- 172.21.15.19:0/2399115442 >> [v2:172.21.15.19:3300/0,v1:172.21.15.19:6789/0] conn(0x7f8744107bd0 0x7f8744107ff0 unknown :-1 s=CLOSED pgs=74 cs=0 l=1 rev1=1 crypto rx=0 tx=0 comp rx=0 tx=0).stop
2024-03-19T02:45:19.688 INFO:teuthology.orchestra.run.smithi019.stdout:/usr/bin/ceph: stderr
2024-03-19T02:45:18.888+0000 7f874b8a7700 1 -- 172.21.15.19:0/2399115442 >> 172.21.15.19:0/2399115442 conn(0x7f8744103190 msgr2=0x7f87441055b0 unknown :-1 s=STATE_NONE l=0).mark_down
2024-03-19T02:45:19.688 INFO:teuthology.orchestra.run.smithi019.stdout:/usr/bin/ceph: stderr
2024-03-19T02:45:18.888+0000 7f874b8a7700 1 -- 172.21.15.19:0/2399115442 shutdown_connections
2024-03-19T02:45:19.688 INFO:teuthology.orchestra.run.smithi019.stdout:/usr/bin/ceph: stderr
2024-03-19T02:45:18.888+0000 7f874b8a7700 1 -- 172.21.15.19:0/2399115442 wait complete.
2024-03-19T02:45:19.688 INFO:teuthology.orchestra.run.smithi019.stdout:/usr/bin/ceph: stderr
2024-03-19T02:45:18.889+0000 7f874b8a7700 1 Processor -- start
2024-03-19T02:45:19.688 INFO:teuthology.orchestra.run.smithi019.stdout:/usr/bin/ceph: stderr
2024-03-19T02:45:18.889+0000 7f874b8a7700 1 -- start start
2024-03-19T02:45:19.688 INFO:teuthology.orchestra.run.smithi019.stdout:/usr/bin/ceph: stderr
2024-03-19T02:45:18.889+0000 7f874b8a7700 1 --2- >> [v2:172.21.15.19:3300/0,v1:172.21.15.19:6789/0] conn(0x7f8744107bd0 0x7f874419ba90 unknown :-1 s=NONE pgs=0 cs=0 l=1 rev1=0 crypto rx=0 tx=0 comp rx=0 tx=0).connect
2024-03-19T02:45:19.689 INFO:teuthology.orchestra.run.smithi019.stdout:/usr/bin/ceph: stderr
2024-03-19T02:45:18.889+0000 7f874b8a7700 1 -- --> [v2:172.21.15.19:3300/0,v1:172.21.15.19:6789/0] -- mon_getmap magic: 0 -- 0x7f874410c130 con 0x7f8744107bd0
2024-03-19T02:45:19.689 INFO:teuthology.orchestra.run.smithi019.stdout:/usr/bin/ceph: stderr
2024-03-19T02:45:18.889+0000 7f8749643700 1 --2- >> [v2:172.21.15.19:3300/0,v1:172.21.15.19:6789/0] conn(0x7f8744107bd0 0x7f874419ba90 unknown :-1 s=BANNER_CONNECTING pgs=0 cs=0 l=1 rev1=0 crypto rx=0 tx=0 comp rx=0 tx=0)._handle_peer_banner_payload supported=3 required=0
2024-03-19T02:45:19.689 INFO:teuthology.orchestra.run.smithi019.stdout:/usr/bin/ceph: stderr
2024-03-19T02:45:18.889+0000 7f8749643700 1 --2- >> [v2:172.21.15.19:3300/0,v1:172.21.15.19:6789/0] conn(0x7f8744107bd0 0x7f874419ba90 unknown :-1 s=HELLO_CONNECTING pgs=0 cs=0 l=1 rev1=1 crypto rx=0 tx=0 comp rx=0 tx=0).handle_hello peer v2:172.21.15.19:3300/0 says I am v2:172.21.15.19:48428/0 (socket says 172.21.15.19:48428)
2024-03-19T02:45:19.689 INFO:teuthology.orchestra.run.smithi019.stdout:/usr/bin/ceph: stderr
2024-03-19T02:45:18.889+0000 7f8749643700 1 -- 172.21.15.19:0/432524089 learned_addr learned my addr 172.21.15.19:0/432524089 (peer_addr_for_me v2:172.21.15.19:0/0)
2024-03-19T02:45:19.689 INFO:teuthology.orchestra.run.smithi019.stdout:/usr/bin/ceph: stderr
2024-03-19T02:45:18.889+0000 7f8749643700 1 -- 172.21.15.19:0/432524089 --> [v2:172.21.15.19:3300/0,v1:172.21.15.19:6789/0] -- mon_subscribe({config=0+,monmap=0+}) -- 0x7f874419bfd0 con 0x7f8744107bd0
2024-03-19T02:45:19.689 INFO:teuthology.orchestra.run.smithi019.stdout:/usr/bin/ceph: stderr
2024-03-19T02:45:18.889+0000 7f8749643700 1 --2- 172.21.15.19:0/432524089 >> [v2:172.21.15.19:3300/0,v1:172.21.15.19:6789/0] conn(0x7f8744107bd0 0x7f874419ba90 secure :-1 s=READY pgs=75 cs=0 l=1 rev1=1 crypto rx=0x7f87380117e0 tx=0x7f8738011ba0 comp rx=0 tx=0).ready entity=mon.0 client_cookie=0 server_cookie=0 in_seq=0 out_seq=0
2024-03-19T02:45:19.689 INFO:teuthology.orchestra.run.smithi019.stdout:/usr/bin/ceph: stderr
2024-03-19T02:45:18.890+0000 7f87367fc700 1 -- 172.21.15.19:0/432524089 <== mon.0 v2:172.21.15.19:3300/0 1 ==== mon_map magic: 0 ==== 205+0+0 (secure 0 0 0) 0x7f8738003bf0 con 0x7f8744107bd0
2024-03-19T02:45:19.689 INFO:teuthology.orchestra.run.smithi019.stdout:/usr/bin/ceph: stderr
2024-03-19T02:45:18.890+0000 7f874b8a7700 1 -- 172.21.15.19:0/432524089 --> [v2:172.21.15.19:3300/0,v1:172.21.15.19:6789/0] -- mon_subscribe({mgrmap=0+}) -- 0x7f874419c260 con 0x7f8744107bd0
2024-03-19T02:45:19.689 INFO:teuthology.orchestra.run.smithi019.stdout:/usr/bin/ceph: stderr
2024-03-19T02:45:18.890+0000 7f87367fc700 1 -- 172.21.15.19:0/432524089 <== mon.0 v2:172.21.15.19:3300/0 2 ==== config(27 keys) ==== 1140+0+0 (secure 0 0 0) 0x7f873801a910 con 0x7f8744107bd0
2024-03-19T02:45:19.689 INFO:teuthology.orchestra.run.smithi019.stdout:/usr/bin/ceph: stderr
2024-03-19T02:45:18.890+0000 7f87367fc700 1 -- 172.21.15.19:0/432524089 <== mon.0 v2:172.21.15.19:3300/0 3 ==== mon_map magic: 0 ==== 205+0+0 (secure 0 0 0) 0x7f8738024970 con 0x7f8744107bd0
2024-03-19T02:45:19.689 INFO:teuthology.orchestra.run.smithi019.stdout:/usr/bin/ceph: stderr
2024-03-19T02:45:18.890+0000 7f874b8a7700 1 -- 172.21.15.19:0/432524089 --> [v2:172.21.15.19:3300/0,v1:172.21.15.19:6789/0] -- mon_subscribe({osdmap=0}) -- 0x7f874419c6c0 con 0x7f8744107bd0
2024-03-19T02:45:19.689 INFO:teuthology.orchestra.run.smithi019.stdout:/usr/bin/ceph: stderr
2024-03-19T02:45:18.890+0000 7f87367fc700 1 -- 172.21.15.19:0/432524089 <== mon.0 v2:172.21.15.19:3300/0 4 ==== mgrmap(e 12) ==== 46119+0+0 (secure 0 0 0) 0x7f8738022020 con 0x7f8744107bd0
2024-03-19T02:45:19.689 INFO:teuthology.orchestra.run.smithi019.stdout:/usr/bin/ceph: stderr
2024-03-19T02:45:18.890+0000 7f874b8a7700 1 -- 172.21.15.19:0/432524089 --> [v2:172.21.15.19:3300/0,v1:172.21.15.19:6789/0] -- mon_command({"prefix": "get_command_descriptions"} v 0) -- 0x7f8744063940 con 0x7f8744107bd0
2024-03-19T02:45:19.690 INFO:teuthology.orchestra.run.smithi019.stdout:/usr/bin/ceph: stderr
2024-03-19T02:45:18.891+0000 7f87367fc700 1 --2- 172.21.15.19:0/432524089 >> [v2:172.21.15.19:6800/923037715,v1:172.21.15.19:6801/923037715] conn(0x7f8730038f70 0x7f873003b430 unknown :-1 s=NONE pgs=0 cs=0 l=1 rev1=0 crypto rx=0 tx=0 comp rx=0 tx=0).connect
2024-03-19T02:45:19.690 INFO:teuthology.orchestra.run.smithi019.stdout:/usr/bin/ceph: stderr
2024-03-19T02:45:18.891+0000 7f87367fc700 1 -- 172.21.15.19:0/432524089 <== mon.0 v2:172.21.15.19:3300/0 5 ==== osd_map(3..3 src has 1..3) ==== 1155+0+0 (secure 0 0 0) 0x7f873804d770 con 0x7f8744107bd0
2024-03-19T02:45:19.690 INFO:teuthology.orchestra.run.smithi019.stdout:/usr/bin/ceph: stderr
2024-03-19T02:45:18.891+0000 7f8748e42700 1 --2- 172.21.15.19:0/432524089 >> [v2:172.21.15.19:6800/923037715,v1:172.21.15.19:6801/923037715] conn(0x7f8730038f70 0x7f873003b430 unknown :-1 s=BANNER_CONNECTING pgs=0 cs=0 l=1 rev1=0 crypto rx=0 tx=0 comp rx=0 tx=0)._handle_peer_banner_payload supported=3 required=0
2024-03-19T02:45:19.690 INFO:teuthology.orchestra.run.smithi019.stdout:/usr/bin/ceph: stderr
2024-03-19T02:45:18.891+0000 7f8748e42700 1 --2- 172.21.15.19:0/432524089 >> [v2:172.21.15.19:6800/923037715,v1:172.21.15.19:6801/923037715] conn(0x7f8730038f70 0x7f873003b430 secure :-1 s=READY pgs=9 cs=0 l=1 rev1=1 crypto rx=0x7f8740006fd0 tx=0x7f8740006e40 comp rx=0 tx=0).ready entity=mgr.14152 client_cookie=0 server_cookie=0 in_seq=0 out_seq=0
2024-03-19T02:45:19.690 INFO:teuthology.orchestra.run.smithi019.stdout:/usr/bin/ceph: stderr
2024-03-19T02:45:18.896+0000 7f87367fc700 1 -- 172.21.15.19:0/432524089 <== mon.0 v2:172.21.15.19:3300/0 6 ==== mon_command_ack([{"prefix": "get_command_descriptions"}]=0 v0) ==== 72+0+186149 (secure 0 0 0) 0x7f8738017ca0 con 0x7f8744107bd0
2024-03-19T02:45:19.690 INFO:teuthology.orchestra.run.smithi019.stdout:/usr/bin/ceph: stderr
2024-03-19T02:45:19.034+0000 7f87367fc700 1 -- 172.21.15.19:0/432524089 <== mon.0 v2:172.21.15.19:3300/0 7 ==== mgrmap(e 13) ==== 46162+0+0 (secure 0 0 0) 0x7f873804fcf0 con 0x7f8744107bd0
2024-03-19T02:45:19.690 INFO:teuthology.orchestra.run.smithi019.stdout:/usr/bin/ceph: stderr
2024-03-19T02:45:19.100+0000 7f874b8a7700 1 -- 172.21.15.19:0/432524089 --> [v2:172.21.15.19:3300/0,v1:172.21.15.19:6789/0] -- mon_command({"prefix": "config get", "who": "mgr", "key": "mgr/dashboard/ssl_server_port"} v 0) -- 0x7f874419f090 con 0x7f8744107bd0
2024-03-19T02:45:19.690 INFO:teuthology.orchestra.run.smithi019.stdout:/usr/bin/ceph: stderr
2024-03-19T02:45:19.100+0000 7f87367fc700 1 -- 172.21.15.19:0/432524089 <== mon.0 v2:172.21.15.19:3300/0 8 ==== mon_command_ack([{"prefix": "config get", "who": "mgr", "key": "mgr/dashboard/ssl_server_port"}]=0 v8) ==== 112+0+5 (secure 0 0 0) 0x7f873801ab70 con 0x7f8744107bd0
2024-03-19T02:45:19.690 INFO:teuthology.orchestra.run.smithi019.stdout:/usr/bin/ceph: stderr
2024-03-19T02:45:19.102+0000 7f874b8a7700 1 -- 172.21.15.19:0/432524089 >> [v2:172.21.15.19:6800/923037715,v1:172.21.15.19:6801/923037715] conn(0x7f8730038f70 msgr2=0x7f873003b430 secure :-1 s=STATE_CONNECTION_ESTABLISHED l=1).mark_down
2024-03-19T02:45:19.690 INFO:teuthology.orchestra.run.smithi019.stdout:/usr/bin/ceph: stderr
2024-03-19T02:45:19.102+0000 7f874b8a7700 1 --2- 172.21.15.19:0/432524089 >> [v2:172.21.15.19:6800/923037715,v1:172.21.15.19:6801/923037715] conn(0x7f8730038f70 0x7f873003b430 secure :-1 s=READY pgs=9 cs=0 l=1 rev1=1 crypto rx=0x7f8740006fd0 tx=0x7f8740006e40 comp rx=0 tx=0).stop
2024-03-19T02:45:19.690 INFO:teuthology.orchestra.run.smithi019.stdout:/usr/bin/ceph: stderr
2024-03-19T02:45:19.102+0000 7f874b8a7700 1 -- 172.21.15.19:0/432524089 >> [v2:172.21.15.19:3300/0,v1:172.21.15.19:6789/0] conn(0x7f8744107bd0 msgr2=0x7f874419ba90 secure :-1 s=STATE_CONNECTION_ESTABLISHED l=1).mark_down
2024-03-19T02:45:19.690 INFO:teuthology.orchestra.run.smithi019.stdout:/usr/bin/ceph: stderr
2024-03-19T02:45:19.102+0000 7f874b8a7700 1 --2- 172.21.15.19:0/432524089 >> [v2:172.21.15.19:3300/0,v1:172.21.15.19:6789/0] conn(0x7f8744107bd0 0x7f874419ba90 secure :-1 s=READY pgs=75 cs=0 l=1 rev1=1 crypto rx=0x7f87380117e0 tx=0x7f8738011ba0 comp rx=0 tx=0).stop
2024-03-19T02:45:19.690 INFO:teuthology.orchestra.run.smithi019.stdout:/usr/bin/ceph: stderr
2024-03-19T02:45:19.102+0000 7f874b8a7700 1 -- 172.21.15.19:0/432524089 shutdown_connections
2024-03-19T02:45:19.691 INFO:teuthology.orchestra.run.smithi019.stdout:/usr/bin/ceph: stderr
2024-03-19T02:45:19.102+0000 7f874b8a7700 1 --2- 172.21.15.19:0/432524089 >> [v2:172.21.15.19:6800/923037715,v1:172.21.15.19:6801/923037715] conn(0x7f8730038f70 0x7f873003b430 unknown :-1 s=CLOSED pgs=9 cs=0 l=1 rev1=1 crypto rx=0 tx=0 comp rx=0 tx=0).stop
2024-03-19T02:45:19.691 INFO:teuthology.orchestra.run.smithi019.stdout:/usr/bin/ceph: stderr
2024-03-19T02:45:19.102+0000 7f874b8a7700 1 --2- 172.21.15.19:0/432524089 >> [v2:172.21.15.19:3300/0,v1:172.21.15.19:6789/0] conn(0x7f8744107bd0 0x7f874419ba90 unknown :-1 s=CLOSED pgs=75 cs=0 l=1 rev1=1 crypto rx=0 tx=0 comp rx=0 tx=0).stop
2024-03-19T02:45:19.691 INFO:teuthology.orchestra.run.smithi019.stdout:/usr/bin/ceph: stderr
2024-03-19T02:45:19.102+0000 7f874b8a7700 1 -- 172.21.15.19:0/432524089 >> 172.21.15.19:0/432524089 conn(0x7f8744103190 msgr2=0x7f8744103bb0 unknown :-1 s=STATE_NONE l=0).mark_down
2024-03-19T02:45:19.691 INFO:teuthology.orchestra.run.smithi019.stdout:/usr/bin/ceph: stderr
2024-03-19T02:45:19.102+0000 7f874b8a7700 1 -- 172.21.15.19:0/432524089 shutdown_connections
2024-03-19T02:45:19.691 INFO:teuthology.orchestra.run.smithi019.stdout:/usr/bin/ceph: stderr
2024-03-19T02:45:19.102+0000 7f874b8a7700 1 -- 172.21.15.19:0/432524089 wait complete.
2024-03-19T02:45:19.694 INFO:teuthology.orchestra.run.smithi019.stdout:Non-zero exit code 1 from systemctl is-enabled firewalld.service
2024-03-19T02:45:19.694 INFO:teuthology.orchestra.run.smithi019.stdout:systemctl: stdout disabled
2024-03-19T02:45:19.702 INFO:teuthology.orchestra.run.smithi019.stdout:Non-zero exit code 3 from systemctl is-active firewalld.service
2024-03-19T02:45:19.702 INFO:teuthology.orchestra.run.smithi019.stdout:systemctl: stdout inactive
2024-03-19T02:45:19.702 INFO:teuthology.orchestra.run.smithi019.stdout:firewalld.service is not enabled
2024-03-19T02:45:19.702 INFO:teuthology.orchestra.run.smithi019.stdout:Not possible to open ports <[8443]>. firewalld.service is not available
2024-03-19T02:45:19.704 INFO:teuthology.orchestra.run.smithi019.stdout:Ceph Dashboard is now available at:
2024-03-19T02:45:19.704 INFO:teuthology.orchestra.run.smithi019.stdout:
2024-03-19T02:45:19.704 INFO:teuthology.orchestra.run.smithi019.stdout: URL: https://smithi019.front.sepia.ceph.com:8443/
2024-03-19T02:45:19.704 INFO:teuthology.orchestra.run.smithi019.stdout: User: admin
2024-03-19T02:45:19.704 INFO:teuthology.orchestra.run.smithi019.stdout: Password: edctdiqo64
2024-03-19T02:45:19.704 INFO:teuthology.orchestra.run.smithi019.stdout:
2024-03-19T02:45:19.704 INFO:teuthology.orchestra.run.smithi019.stdout:Saving cluster configuration to /var/lib/ceph/73211d74-e59a-11ee-95c9-87774f69a715/config directory
2024-03-19T02:45:19.705 INFO:teuthology.orchestra.run.smithi019.stdout:Enabling autotune for osd_memory_target
2024-03-19T02:45:20.106 INFO:journalctl@ceph.mon.a.smithi019.stdout:Mar 19 02:45:20 smithi019 ceph-mon[32524]: mgrmap e13: x(active, since 6s)
2024-03-19T02:45:20.107 INFO:journalctl@ceph.mon.a.smithi019.stdout:Mar 19 02:45:20 smithi019 ceph-mon[32524]: from='client.? 172.21.15.19:0/432524089' entity='client.admin' cmd=[{"prefix": "config get", "who": "mgr", "key": "mgr/dashboard/ssl_server_port"}]: dispatch
2024-03-19T02:45:20.959 INFO:teuthology.orchestra.run.smithi019.stdout:/usr/bin/ceph: stderr
2024-03-19T02:45:20.148+0000 7f4891670700 1 Processor -- start
2024-03-19T02:45:20.960 INFO:teuthology.orchestra.run.smithi019.stdout:/usr/bin/ceph: stderr
2024-03-19T02:45:20.148+0000 7f4891670700 1 -- start start
2024-03-19T02:45:20.960 INFO:teuthology.orchestra.run.smithi019.stdout:/usr/bin/ceph: stderr
2024-03-19T02:45:20.148+0000 7f4891670700 1 --2- >> [v2:172.21.15.19:3300/0,v1:172.21.15.19:6789/0] conn(0x7f488c107b90 0x7f488c107fb0 unknown :-1 s=NONE pgs=0 cs=0 l=0 rev1=0 crypto rx=0 tx=0 comp rx=0 tx=0).connect
2024-03-19T02:45:20.960 INFO:teuthology.orchestra.run.smithi019.stdout:/usr/bin/ceph: stderr
2024-03-19T02:45:20.148+0000 7f4891670700 1 -- --> [v2:172.21.15.19:3300/0,v1:172.21.15.19:6789/0] -- mon_getmap magic: 0 -- 0x7f488c108580 con 0x7f488c107b90
2024-03-19T02:45:20.960 INFO:teuthology.orchestra.run.smithi019.stdout:/usr/bin/ceph: stderr
2024-03-19T02:45:20.148+0000 7f488affd700 1 --2- >> [v2:172.21.15.19:3300/0,v1:172.21.15.19:6789/0] conn(0x7f488c107b90 0x7f488c107fb0 unknown :-1 s=BANNER_CONNECTING pgs=0 cs=0 l=0 rev1=0 crypto rx=0 tx=0 comp rx=0 tx=0)._handle_peer_banner_payload supported=3 required=0
2024-03-19T02:45:20.960 INFO:teuthology.orchestra.run.smithi019.stdout:/usr/bin/ceph: stderr
2024-03-19T02:45:20.148+0000 7f488affd700 1 --2- >> [v2:172.21.15.19:3300/0,v1:172.21.15.19:6789/0] conn(0x7f488c107b90 0x7f488c107fb0 unknown :-1 s=HELLO_CONNECTING pgs=0 cs=0 l=0 rev1=1 crypto rx=0 tx=0 comp rx=0 tx=0).handle_hello peer v2:172.21.15.19:3300/0 says I am v2:172.21.15.19:48442/0 (socket says 172.21.15.19:48442)
2024-03-19T02:45:20.960 INFO:teuthology.orchestra.run.smithi019.stdout:/usr/bin/ceph: stderr
2024-03-19T02:45:20.148+0000 7f488affd700 1 -- 172.21.15.19:0/3772692608 learned_addr learned my addr 172.21.15.19:0/3772692608 (peer_addr_for_me v2:172.21.15.19:0/0)
2024-03-19T02:45:20.960 INFO:teuthology.orchestra.run.smithi019.stdout:/usr/bin/ceph: stderr
2024-03-19T02:45:20.148+0000 7f488affd700 1 -- 172.21.15.19:0/3772692608 --> [v2:172.21.15.19:3300/0,v1:172.21.15.19:6789/0] -- mon_subscribe({config=0+,monmap=0+}) -- 0x7f488c108d90 con 0x7f488c107b90
2024-03-19T02:45:20.960 INFO:teuthology.orchestra.run.smithi019.stdout:/usr/bin/ceph: stderr
2024-03-19T02:45:20.148+0000 7f488affd700 1 --2- 172.21.15.19:0/3772692608 >> [v2:172.21.15.19:3300/0,v1:172.21.15.19:6789/0] conn(0x7f488c107b90 0x7f488c107fb0 secure :-1 s=READY pgs=76 cs=0 l=1 rev1=1 crypto rx=0x7f487c0098a0 tx=0x7f487c009bb0 comp rx=0 tx=0).ready entity=mon.0 client_cookie=a864d692c6f5b7c4 server_cookie=0 in_seq=0 out_seq=0
2024-03-19T02:45:20.960 INFO:teuthology.orchestra.run.smithi019.stdout:/usr/bin/ceph: stderr
2024-03-19T02:45:20.149+0000 7f4889ffb700 1 -- 172.21.15.19:0/3772692608 <== mon.0 v2:172.21.15.19:3300/0 1 ==== mon_map magic: 0 ==== 205+0+0 (secure 0 0 0) 0x7f487c004160 con 0x7f488c107b90
2024-03-19T02:45:20.960 INFO:teuthology.orchestra.run.smithi019.stdout:/usr/bin/ceph: stderr
2024-03-19T02:45:20.149+0000 7f4889ffb700 1 -- 172.21.15.19:0/3772692608 <== mon.0 v2:172.21.15.19:3300/0 2 ==== config(27 keys) ==== 1140+0+0 (secure 0 0 0) 0x7f487c004300 con 0x7f488c107b90
2024-03-19T02:45:20.960 INFO:teuthology.orchestra.run.smithi019.stdout:/usr/bin/ceph: stderr
2024-03-19T02:45:20.149+0000 7f4889ffb700 1 -- 172.21.15.19:0/3772692608 <== mon.0 v2:172.21.15.19:3300/0 3 ==== mon_map magic: 0 ==== 205+0+0 (secure 0 0 0) 0x7f487c011b20 con 0x7f488c107b90
2024-03-19T02:45:20.960 INFO:teuthology.orchestra.run.smithi019.stdout:/usr/bin/ceph: stderr
2024-03-19T02:45:20.149+0000 7f4891670700 1 -- 172.21.15.19:0/3772692608 >> [v2:172.21.15.19:3300/0,v1:172.21.15.19:6789/0] conn(0x7f488c107b90 msgr2=0x7f488c107fb0 secure :-1 s=STATE_CONNECTION_ESTABLISHED l=1).mark_down
2024-03-19T02:45:20.960 INFO:teuthology.orchestra.run.smithi019.stdout:/usr/bin/ceph: stderr
2024-03-19T02:45:20.149+0000 7f4891670700 1 --2- 172.21.15.19:0/3772692608 >> [v2:172.21.15.19:3300/0,v1:172.21.15.19:6789/0] conn(0x7f488c107b90 0x7f488c107fb0 secure :-1 s=READY pgs=76 cs=0 l=1 rev1=1 crypto rx=0x7f487c0098a0 tx=0x7f487c009bb0 comp rx=0 tx=0).stop
2024-03-19T02:45:20.961 INFO:teuthology.orchestra.run.smithi019.stdout:/usr/bin/ceph: stderr
2024-03-19T02:45:20.149+0000 7f4891670700 1 -- 172.21.15.19:0/3772692608 shutdown_connections
2024-03-19T02:45:20.961 INFO:teuthology.orchestra.run.smithi019.stdout:/usr/bin/ceph: stderr
2024-03-19T02:45:20.149+0000 7f4891670700 1 --2- 172.21.15.19:0/3772692608 >> [v2:172.21.15.19:3300/0,v1:172.21.15.19:6789/0] conn(0x7f488c107b90 0x7f488c107fb0 unknown :-1 s=CLOSED pgs=76 cs=0 l=1 rev1=1 crypto rx=0 tx=0 comp rx=0 tx=0).stop
2024-03-19T02:45:20.961 INFO:teuthology.orchestra.run.smithi019.stdout:/usr/bin/ceph: stderr
2024-03-19T02:45:20.149+0000 7f4891670700 1 -- 172.21.15.19:0/3772692608 >> 172.21.15.19:0/3772692608 conn(0x7f488c103170 msgr2=0x7f488c105590 unknown :-1 s=STATE_NONE l=0).mark_down
2024-03-19T02:45:20.961 INFO:teuthology.orchestra.run.smithi019.stdout:/usr/bin/ceph: stderr
2024-03-19T02:45:20.149+0000 7f4891670700 1 -- 172.21.15.19:0/3772692608 shutdown_connections
2024-03-19T02:45:20.961 INFO:teuthology.orchestra.run.smithi019.stdout:/usr/bin/ceph: stderr
2024-03-19T02:45:20.149+0000 7f4891670700 1 -- 172.21.15.19:0/3772692608 wait complete.
2024-03-19T02:45:20.961 INFO:teuthology.orchestra.run.smithi019.stdout:/usr/bin/ceph: stderr
2024-03-19T02:45:20.150+0000 7f4891670700 1 Processor -- start
2024-03-19T02:45:20.961 INFO:teuthology.orchestra.run.smithi019.stdout:/usr/bin/ceph: stderr
2024-03-19T02:45:20.150+0000 7f4891670700 1 -- start start
2024-03-19T02:45:20.961 INFO:teuthology.orchestra.run.smithi019.stdout:/usr/bin/ceph: stderr
2024-03-19T02:45:20.150+0000 7f4891670700 1 --2- >> [v2:172.21.15.19:3300/0,v1:172.21.15.19:6789/0] conn(0x7f488c107b90 0x7f488c19bb40 unknown :-1 s=NONE pgs=0 cs=0 l=1 rev1=0 crypto rx=0 tx=0 comp rx=0 tx=0).connect
2024-03-19T02:45:20.961 INFO:teuthology.orchestra.run.smithi019.stdout:/usr/bin/ceph: stderr
2024-03-19T02:45:20.150+0000 7f4891670700 1 -- --> [v2:172.21.15.19:3300/0,v1:172.21.15.19:6789/0] -- mon_getmap magic: 0 -- 0x7f488c10c140 con 0x7f488c107b90
2024-03-19T02:45:20.961 INFO:teuthology.orchestra.run.smithi019.stdout:/usr/bin/ceph: stderr
2024-03-19T02:45:20.150+0000 7f488affd700 1 --2- >> [v2:172.21.15.19:3300/0,v1:172.21.15.19:6789/0] conn(0x7f488c107b90 0x7f488c19bb40 unknown :-1 s=BANNER_CONNECTING pgs=0 cs=0 l=1 rev1=0 crypto rx=0 tx=0 comp rx=0 tx=0)._handle_peer_banner_payload supported=3 required=0
2024-03-19T02:45:20.961 INFO:teuthology.orchestra.run.smithi019.stdout:/usr/bin/ceph: stderr
2024-03-19T02:45:20.150+0000 7f488affd700 1 --2- >> [v2:172.21.15.19:3300/0,v1:172.21.15.19:6789/0] conn(0x7f488c107b90 0x7f488c19bb40 unknown :-1 s=HELLO_CONNECTING pgs=0 cs=0 l=1 rev1=1 crypto rx=0 tx=0 comp rx=0 tx=0).handle_hello peer v2:172.21.15.19:3300/0 says I am v2:172.21.15.19:48454/0 (socket says 172.21.15.19:48454)
2024-03-19T02:45:20.961 INFO:teuthology.orchestra.run.smithi019.stdout:/usr/bin/ceph: stderr
2024-03-19T02:45:20.150+0000 7f488affd700 1 -- 172.21.15.19:0/3314418383 learned_addr learned my addr 172.21.15.19:0/3314418383 (peer_addr_for_me v2:172.21.15.19:0/0)
2024-03-19T02:45:20.961 INFO:teuthology.orchestra.run.smithi019.stdout:/usr/bin/ceph: stderr
2024-03-19T02:45:20.151+0000 7f488affd700 1 -- 172.21.15.19:0/3314418383 --> [v2:172.21.15.19:3300/0,v1:172.21.15.19:6789/0] -- mon_subscribe({config=0+,monmap=0+}) -- 0x7f488c19c080 con 0x7f488c107b90
2024-03-19T02:45:20.961 INFO:teuthology.orchestra.run.smithi019.stdout:/usr/bin/ceph: stderr
2024-03-19T02:45:20.151+0000 7f488affd700 1 --2- 172.21.15.19:0/3314418383 >> [v2:172.21.15.19:3300/0,v1:172.21.15.19:6789/0] conn(0x7f488c107b90 0x7f488c19bb40 secure :-1 s=READY pgs=77 cs=0 l=1 rev1=1 crypto rx=0x7f487c000c00 tx=0x7f487c011c10 comp rx=0 tx=0).ready entity=mon.0 client_cookie=0 server_cookie=0 in_seq=0 out_seq=0
2024-03-19T02:45:20.961 INFO:teuthology.orchestra.run.smithi019.stdout:/usr/bin/ceph: stderr
2024-03-19T02:45:20.151+0000 7f4873fff700 1 -- 172.21.15.19:0/3314418383 <== mon.0 v2:172.21.15.19:3300/0 1 ==== mon_map magic: 0 ==== 205+0+0 (secure 0 0 0) 0x7f487c003b60 con 0x7f488c107b90
2024-03-19T02:45:20.962 INFO:teuthology.orchestra.run.smithi019.stdout:/usr/bin/ceph: stderr
2024-03-19T02:45:20.151+0000 7f4873fff700 1 -- 172.21.15.19:0/3314418383 <== mon.0 v2:172.21.15.19:3300/0 2 ==== config(27 keys) ==== 1140+0+0 (secure 0 0 0) 0x7f487c01a910 con 0x7f488c107b90
2024-03-19T02:45:20.962 INFO:teuthology.orchestra.run.smithi019.stdout:/usr/bin/ceph: stderr
