2024-03-19T02:43:41.273 INFO:teuthology.orchestra.run.smithi033.stdout:/usr/bin/ceph: stderr
2024-03-19T02:43:34.983+0000 7f902dd9b700 1 -- 172.21.15.33:0/2901201084 >> [v2:172.21.15.33:6800/906645748,v1:172.21.15.33:6801/906645748] conn(0x7f9018038fe0 msgr2=0x7f901803b4a0 unknown :-1 s=STATE_CONNECTING_RE l=1).process reconnect failed to v2:172.21.15.33:6800/906645748
2024-03-19T02:43:41.273 INFO:teuthology.orchestra.run.smithi033.stdout:/usr/bin/ceph: stderr
2024-03-19T02:43:34.983+0000 7f902dd9b700 1 --2- 172.21.15.33:0/2901201084 >> [v2:172.21.15.33:6800/906645748,v1:172.21.15.33:6801/906645748] conn(0x7f9018038fe0 0x7f901803b4a0 unknown :-1 s=START_CONNECT pgs=0 cs=0 l=1 rev1=0 crypto rx=0 tx=0 comp rx=0 tx=0)._fault waiting 0.200000
2024-03-19T02:43:41.273 INFO:teuthology.orchestra.run.smithi033.stdout:/usr/bin/ceph: stderr
2024-03-19T02:43:35.184+0000 7f902dd9b700 1 -- 172.21.15.33:0/2901201084 >> [v2:172.21.15.33:6800/906645748,v1:172.21.15.33:6801/906645748] conn(0x7f9018038fe0 msgr2=0x7f901803b4a0 unknown :-1 s=STATE_CONNECTING_RE l=1).process reconnect failed to v2:172.21.15.33:6800/906645748
2024-03-19T02:43:41.273 INFO:teuthology.orchestra.run.smithi033.stdout:/usr/bin/ceph: stderr
2024-03-19T02:43:35.184+0000 7f902dd9b700 1 --2- 172.21.15.33:0/2901201084 >> [v2:172.21.15.33:6800/906645748,v1:172.21.15.33:6801/906645748] conn(0x7f9018038fe0 0x7f901803b4a0 unknown :-1 s=START_CONNECT pgs=0 cs=0 l=1 rev1=0 crypto rx=0 tx=0 comp rx=0 tx=0)._fault waiting 0.400000
2024-03-19T02:43:41.273 INFO:teuthology.orchestra.run.smithi033.stdout:/usr/bin/ceph: stderr
2024-03-19T02:43:35.585+0000 7f902dd9b700 1 -- 172.21.15.33:0/2901201084 >> [v2:172.21.15.33:6800/906645748,v1:172.21.15.33:6801/906645748] conn(0x7f9018038fe0 msgr2=0x7f901803b4a0 unknown :-1 s=STATE_CONNECTING_RE l=1).process reconnect failed to v2:172.21.15.33:6800/906645748
2024-03-19T02:43:41.273 INFO:teuthology.orchestra.run.smithi033.stdout:/usr/bin/ceph: stderr
2024-03-19T02:43:35.585+0000 7f902dd9b700 1 --2- 172.21.15.33:0/2901201084 >> [v2:172.21.15.33:6800/906645748,v1:172.21.15.33:6801/906645748] conn(0x7f9018038fe0 0x7f901803b4a0 unknown :-1 s=START_CONNECT pgs=0 cs=0 l=1 rev1=0 crypto rx=0 tx=0 comp rx=0 tx=0)._fault waiting 0.800000
2024-03-19T02:43:41.273 INFO:teuthology.orchestra.run.smithi033.stdout:/usr/bin/ceph: stderr
2024-03-19T02:43:36.386+0000 7f902dd9b700 1 -- 172.21.15.33:0/2901201084 >> [v2:172.21.15.33:6800/906645748,v1:172.21.15.33:6801/906645748] conn(0x7f9018038fe0 msgr2=0x7f901803b4a0 unknown :-1 s=STATE_CONNECTING_RE l=1).process reconnect failed to v2:172.21.15.33:6800/906645748
2024-03-19T02:43:41.273 INFO:teuthology.orchestra.run.smithi033.stdout:/usr/bin/ceph: stderr
2024-03-19T02:43:36.386+0000 7f902dd9b700 1 --2- 172.21.15.33:0/2901201084 >> [v2:172.21.15.33:6800/906645748,v1:172.21.15.33:6801/906645748] conn(0x7f9018038fe0 0x7f901803b4a0 unknown :-1 s=START_CONNECT pgs=0 cs=0 l=1 rev1=0 crypto rx=0 tx=0 comp rx=0 tx=0)._fault waiting 1.600000
2024-03-19T02:43:41.273 INFO:teuthology.orchestra.run.smithi033.stdout:/usr/bin/ceph: stderr
2024-03-19T02:43:37.987+0000 7f902dd9b700 1 -- 172.21.15.33:0/2901201084 >> [v2:172.21.15.33:6800/906645748,v1:172.21.15.33:6801/906645748] conn(0x7f9018038fe0 msgr2=0x7f901803b4a0 unknown :-1 s=STATE_CONNECTING_RE l=1).process reconnect failed to v2:172.21.15.33:6800/906645748
2024-03-19T02:43:41.273 INFO:teuthology.orchestra.run.smithi033.stdout:/usr/bin/ceph: stderr
2024-03-19T02:43:37.987+0000 7f902dd9b700 1 --2- 172.21.15.33:0/2901201084 >> [v2:172.21.15.33:6800/906645748,v1:172.21.15.33:6801/906645748] conn(0x7f9018038fe0 0x7f901803b4a0 unknown :-1 s=START_CONNECT pgs=0 cs=0 l=1 rev1=0 crypto rx=0 tx=0 comp rx=0 tx=0)._fault waiting 3.200000
2024-03-19T02:43:41.273 INFO:teuthology.orchestra.run.smithi033.stdout:/usr/bin/ceph: stderr
2024-03-19T02:43:39.623+0000 7f901f7fe700 1 -- 172.21.15.33:0/2901201084 <== mon.0 v2:172.21.15.33:3300/0 6 ==== mgrmap(e 10) ==== 45886+0+0 (secure 0 0 0) 0x7f902002d910 con 0x7f903007de40
2024-03-19T02:43:41.273 INFO:teuthology.orchestra.run.smithi033.stdout:/usr/bin/ceph: stderr
2024-03-19T02:43:39.623+0000 7f901f7fe700 1 -- 172.21.15.33:0/2901201084 >> [v2:172.21.15.33:6800/906645748,v1:172.21.15.33:6801/906645748] conn(0x7f9018038fe0 msgr2=0x7f901803b4a0 unknown :-1 s=STATE_CONNECTING l=1).mark_down
2024-03-19T02:43:41.273 INFO:teuthology.orchestra.run.smithi033.stdout:/usr/bin/ceph: stderr
2024-03-19T02:43:39.623+0000 7f901f7fe700 1 --2- 172.21.15.33:0/2901201084 >> [v2:172.21.15.33:6800/906645748,v1:172.21.15.33:6801/906645748] conn(0x7f9018038fe0 0x7f901803b4a0 unknown :-1 s=START_CONNECT pgs=0 cs=0 l=1 rev1=0 crypto rx=0 tx=0 comp rx=0 tx=0).stop
2024-03-19T02:43:41.274 INFO:teuthology.orchestra.run.smithi033.stdout:/usr/bin/ceph: stderr
2024-03-19T02:43:40.625+0000 7f901f7fe700 1 -- 172.21.15.33:0/2901201084 <== mon.0 v2:172.21.15.33:3300/0 7 ==== mgrmap(e 11) ==== 46013+0+0 (secure 0 0 0) 0x7f902004f360 con 0x7f903007de40
2024-03-19T02:43:41.274 INFO:teuthology.orchestra.run.smithi033.stdout:/usr/bin/ceph: stderr
2024-03-19T02:43:40.625+0000 7f901f7fe700 1 --2- 172.21.15.33:0/2901201084 >> [v2:172.21.15.33:6800/1453067701,v1:172.21.15.33:6801/1453067701] conn(0x7f901803ca60 0x7f901803ee50 unknown :-1 s=NONE pgs=0 cs=0 l=1 rev1=0 crypto rx=0 tx=0 comp rx=0 tx=0).connect
2024-03-19T02:43:41.274 INFO:teuthology.orchestra.run.smithi033.stdout:/usr/bin/ceph: stderr
2024-03-19T02:43:40.625+0000 7f901f7fe700 1 -- 172.21.15.33:0/2901201084 --> [v2:172.21.15.33:6800/1453067701,v1:172.21.15.33:6801/1453067701] -- command(tid 0: {"prefix": "get_command_descriptions"}) -- 0x7f9020025e70 con 0x7f901803ca60
2024-03-19T02:43:41.274 INFO:teuthology.orchestra.run.smithi033.stdout:/usr/bin/ceph: stderr
2024-03-19T02:43:40.625+0000 7f902dd9b700 1 --2- 172.21.15.33:0/2901201084 >> [v2:172.21.15.33:6800/1453067701,v1:172.21.15.33:6801/1453067701] conn(0x7f901803ca60 0x7f901803ee50 unknown :-1 s=BANNER_CONNECTING pgs=0 cs=0 l=1 rev1=0 crypto rx=0 tx=0 comp rx=0 tx=0)._handle_peer_banner_payload supported=3 required=0
2024-03-19T02:43:41.274 INFO:teuthology.orchestra.run.smithi033.stdout:/usr/bin/ceph: stderr
2024-03-19T02:43:40.626+0000 7f902dd9b700 1 --2- 172.21.15.33:0/2901201084 >> [v2:172.21.15.33:6800/1453067701,v1:172.21.15.33:6801/1453067701] conn(0x7f901803ca60 0x7f901803ee50 secure :-1 s=READY pgs=2 cs=0 l=1 rev1=1 crypto rx=0x7f9024003a10 tx=0x7f90240092b0 comp rx=0 tx=0).ready entity=mgr.14150 client_cookie=0 server_cookie=0 in_seq=0 out_seq=0
2024-03-19T02:43:41.274 INFO:teuthology.orchestra.run.smithi033.stdout:/usr/bin/ceph: stderr
2024-03-19T02:43:40.627+0000 7f901f7fe700 1 -- 172.21.15.33:0/2901201084 <== mgr.14150 v2:172.21.15.33:6800/1453067701 1 ==== command_reply(tid 0: 0 ) ==== 8+0+7774 (secure 0 0 0) 0x7f9020025e70 con 0x7f901803ca60
2024-03-19T02:43:41.278 INFO:teuthology.orchestra.run.smithi033.stdout:/usr/bin/ceph: stderr
2024-03-19T02:43:40.634+0000 7f9034f51700 1 -- 172.21.15.33:0/2901201084 --> [v2:172.21.15.33:6800/1453067701,v1:172.21.15.33:6801/1453067701] -- command(tid 1: {"prefix": "mgr_status"}) -- 0x7f9030063940 con 0x7f901803ca60
2024-03-19T02:43:41.278 INFO:teuthology.orchestra.run.smithi033.stdout:/usr/bin/ceph: stderr
2024-03-19T02:43:40.634+0000 7f901f7fe700 1 -- 172.21.15.33:0/2901201084 <== mgr.14150 v2:172.21.15.33:6800/1453067701 2 ==== command_reply(tid 1: 0 ) ==== 8+0+52 (secure 0 0 0) 0x7f9030063940 con 0x7f901803ca60
2024-03-19T02:43:41.278 INFO:teuthology.orchestra.run.smithi033.stdout:/usr/bin/ceph: stderr
2024-03-19T02:43:40.634+0000 7f9034f51700 1 -- 172.21.15.33:0/2901201084 >> [v2:172.21.15.33:6800/1453067701,v1:172.21.15.33:6801/1453067701] conn(0x7f901803ca60 msgr2=0x7f901803ee50 secure :-1 s=STATE_CONNECTION_ESTABLISHED l=1).mark_down
2024-03-19T02:43:41.278 INFO:teuthology.orchestra.run.smithi033.stdout:/usr/bin/ceph: stderr
2024-03-19T02:43:40.634+0000 7f9034f51700 1 --2- 172.21.15.33:0/2901201084 >> [v2:172.21.15.33:6800/1453067701,v1:172.21.15.33:6801/1453067701] conn(0x7f901803ca60 0x7f901803ee50 secure :-1 s=READY pgs=2 cs=0 l=1 rev1=1 crypto rx=0x7f9024003a10 tx=0x7f90240092b0 comp rx=0 tx=0).stop
2024-03-19T02:43:41.278 INFO:teuthology.orchestra.run.smithi033.stdout:/usr/bin/ceph: stderr
2024-03-19T02:43:40.634+0000 7f9034f51700 1 -- 172.21.15.33:0/2901201084 >> [v2:172.21.15.33:3300/0,v1:172.21.15.33:6789/0] conn(0x7f903007de40 msgr2=0x7f903019dad0 secure :-1 s=STATE_CONNECTION_ESTABLISHED l=1).mark_down
2024-03-19T02:43:41.278 INFO:teuthology.orchestra.run.smithi033.stdout:/usr/bin/ceph: stderr
2024-03-19T02:43:40.634+0000 7f9034f51700 1 --2- 172.21.15.33:0/2901201084 >> [v2:172.21.15.33:3300/0,v1:172.21.15.33:6789/0] conn(0x7f903007de40 0x7f903019dad0 secure :-1 s=READY pgs=60 cs=0 l=1 rev1=1 crypto rx=0x7f9020011a20 tx=0x7f9020011b00 comp rx=0 tx=0).stop
2024-03-19T02:43:41.278 INFO:teuthology.orchestra.run.smithi033.stdout:/usr/bin/ceph: stderr
2024-03-19T02:43:40.634+0000 7f9034f51700 1 -- 172.21.15.33:0/2901201084 shutdown_connections
2024-03-19T02:43:41.278 INFO:teuthology.orchestra.run.smithi033.stdout:/usr/bin/ceph: stderr
2024-03-19T02:43:40.634+0000 7f9034f51700 1 --2- 172.21.15.33:0/2901201084 >> [v2:172.21.15.33:6800/1453067701,v1:172.21.15.33:6801/1453067701] conn(0x7f901803ca60 0x7f901803ee50 unknown :-1 s=CLOSED pgs=2 cs=0 l=1 rev1=1 crypto rx=0 tx=0 comp rx=0 tx=0).stop
2024-03-19T02:43:41.278 INFO:teuthology.orchestra.run.smithi033.stdout:/usr/bin/ceph: stderr
2024-03-19T02:43:40.634+0000 7f9034f51700 1 --2- 172.21.15.33:0/2901201084 >> [v2:172.21.15.33:3300/0,v1:172.21.15.33:6789/0] conn(0x7f903007de40 0x7f903019dad0 unknown :-1 s=CLOSED pgs=60 cs=0 l=1 rev1=1 crypto rx=0 tx=0 comp rx=0 tx=0).stop
2024-03-19T02:43:41.278 INFO:teuthology.orchestra.run.smithi033.stdout:/usr/bin/ceph: stderr
2024-03-19T02:43:40.634+0000 7f9034f51700 1 --2- 172.21.15.33:0/2901201084 >> [v2:172.21.15.33:6800/906645748,v1:172.21.15.33:6801/906645748] conn(0x7f9018038fe0 0x7f901803b4a0 unknown :-1 s=CLOSED pgs=0 cs=0 l=1 rev1=0 crypto rx=0 tx=0 comp rx=0 tx=0).stop
2024-03-19T02:43:41.278 INFO:teuthology.orchestra.run.smithi033.stdout:/usr/bin/ceph: stderr
2024-03-19T02:43:40.635+0000 7f9034f51700 1 -- 172.21.15.33:0/2901201084 >> 172.21.15.33:0/2901201084 conn(0x7f90301030c0 msgr2=0x7f9030103aa0 unknown :-1 s=STATE_NONE l=0).mark_down
2024-03-19T02:43:41.278 INFO:teuthology.orchestra.run.smithi033.stdout:/usr/bin/ceph: stderr
2024-03-19T02:43:40.635+0000 7f9034f51700 1 -- 172.21.15.33:0/2901201084 shutdown_connections
2024-03-19T02:43:41.279 INFO:teuthology.orchestra.run.smithi033.stdout:/usr/bin/ceph: stderr
2024-03-19T02:43:40.635+0000 7f9034f51700 1 -- 172.21.15.33:0/2901201084 wait complete.
2024-03-19T02:43:41.279 INFO:teuthology.orchestra.run.smithi033.stdout:mgr epoch 9 is available
2024-03-19T02:43:41.279 INFO:teuthology.orchestra.run.smithi033.stdout:Generating a dashboard self-signed certificate...
2024-03-19T02:43:42.742 INFO:teuthology.orchestra.run.smithi033.stdout:/usr/bin/ceph: stdout Self-signed certificate created
2024-03-19T02:43:42.742 INFO:teuthology.orchestra.run.smithi033.stdout:/usr/bin/ceph: stderr
2024-03-19T02:43:41.939+0000 7f5bc70ac700 1 Processor -- start
2024-03-19T02:43:42.742 INFO:teuthology.orchestra.run.smithi033.stdout:/usr/bin/ceph: stderr
2024-03-19T02:43:41.939+0000 7f5bc70ac700 1 -- start start
2024-03-19T02:43:42.742 INFO:teuthology.orchestra.run.smithi033.stdout:/usr/bin/ceph: stderr
2024-03-19T02:43:41.940+0000 7f5bc70ac700 1 --2- >> [v2:172.21.15.33:3300/0,v1:172.21.15.33:6789/0] conn(0x7f5bc0108520 0x7f5bc010a910 unknown :-1 s=NONE pgs=0 cs=0 l=0 rev1=0 crypto rx=0 tx=0 comp rx=0 tx=0).connect
2024-03-19T02:43:42.742 INFO:teuthology.orchestra.run.smithi033.stdout:/usr/bin/ceph: stderr
2024-03-19T02:43:41.940+0000 7f5bc70ac700 1 -- --> [v2:172.21.15.33:3300/0,v1:172.21.15.33:6789/0] -- mon_getmap magic: 0 -- 0x7f5bc007be80 con 0x7f5bc0108520
2024-03-19T02:43:42.742 INFO:teuthology.orchestra.run.smithi033.stdout:/usr/bin/ceph: stderr
2024-03-19T02:43:41.940+0000 7f5bc4e48700 1 --2- >> [v2:172.21.15.33:3300/0,v1:172.21.15.33:6789/0] conn(0x7f5bc0108520 0x7f5bc010a910 unknown :-1 s=BANNER_CONNECTING pgs=0 cs=0 l=0 rev1=0 crypto rx=0 tx=0 comp rx=0 tx=0)._handle_peer_banner_payload supported=3 required=0
2024-03-19T02:43:42.742 INFO:teuthology.orchestra.run.smithi033.stdout:/usr/bin/ceph: stderr
2024-03-19T02:43:41.940+0000 7f5bc4e48700 1 --2- >> [v2:172.21.15.33:3300/0,v1:172.21.15.33:6789/0] conn(0x7f5bc0108520 0x7f5bc010a910 unknown :-1 s=HELLO_CONNECTING pgs=0 cs=0 l=0 rev1=1 crypto rx=0 tx=0 comp rx=0 tx=0).handle_hello peer v2:172.21.15.33:3300/0 says I am v2:172.21.15.33:34436/0 (socket says 172.21.15.33:34436)
2024-03-19T02:43:42.742 INFO:teuthology.orchestra.run.smithi033.stdout:/usr/bin/ceph: stderr
2024-03-19T02:43:41.940+0000 7f5bc4e48700 1 -- 172.21.15.33:0/3597829294 learned_addr learned my addr 172.21.15.33:0/3597829294 (peer_addr_for_me v2:172.21.15.33:0/0)
2024-03-19T02:43:42.743 INFO:teuthology.orchestra.run.smithi033.stdout:/usr/bin/ceph: stderr
2024-03-19T02:43:41.940+0000 7f5bc4e48700 1 -- 172.21.15.33:0/3597829294 --> [v2:172.21.15.33:3300/0,v1:172.21.15.33:6789/0] -- mon_subscribe({config=0+,monmap=0+}) -- 0x7f5bc010ae50 con 0x7f5bc0108520
2024-03-19T02:43:42.743 INFO:teuthology.orchestra.run.smithi033.stdout:/usr/bin/ceph: stderr
2024-03-19T02:43:41.940+0000 7f5bc4e48700 1 --2- 172.21.15.33:0/3597829294 >> [v2:172.21.15.33:3300/0,v1:172.21.15.33:6789/0] conn(0x7f5bc0108520 0x7f5bc010a910 secure :-1 s=READY pgs=68 cs=0 l=1 rev1=1 crypto rx=0x7f5bb40098a0 tx=0x7f5bb4009bb0 comp rx=0 tx=0).ready entity=mon.0 client_cookie=5b1f724a6e948d1a server_cookie=0 in_seq=0 out_seq=0
2024-03-19T02:43:42.743 INFO:teuthology.orchestra.run.smithi033.stdout:/usr/bin/ceph: stderr
2024-03-19T02:43:41.940+0000 7f5bbf7fe700 1 -- 172.21.15.33:0/3597829294 <== mon.0 v2:172.21.15.33:3300/0 1 ==== mon_map magic: 0 ==== 205+0+0 (secure 0 0 0) 0x7f5bb4004160 con 0x7f5bc0108520
2024-03-19T02:43:42.743 INFO:teuthology.orchestra.run.smithi033.stdout:/usr/bin/ceph: stderr
2024-03-19T02:43:41.941+0000 7f5bbf7fe700 1 -- 172.21.15.33:0/3597829294 <== mon.0 v2:172.21.15.33:3300/0 2 ==== config(26 keys) ==== 1102+0+0 (secure 0 0 0) 0x7f5bb4004300 con 0x7f5bc0108520
2024-03-19T02:43:42.743 INFO:teuthology.orchestra.run.smithi033.stdout:/usr/bin/ceph: stderr
2024-03-19T02:43:41.941+0000 7f5bbf7fe700 1 -- 172.21.15.33:0/3597829294 <== mon.0 v2:172.21.15.33:3300/0 3 ==== mon_map magic: 0 ==== 205+0+0 (secure 0 0 0) 0x7f5bb4011a50 con 0x7f5bc0108520
2024-03-19T02:43:42.743 INFO:teuthology.orchestra.run.smithi033.stdout:/usr/bin/ceph: stderr
2024-03-19T02:43:41.941+0000 7f5bc70ac700 1 -- 172.21.15.33:0/3597829294 >> [v2:172.21.15.33:3300/0,v1:172.21.15.33:6789/0] conn(0x7f5bc0108520 msgr2=0x7f5bc010a910 secure :-1 s=STATE_CONNECTION_ESTABLISHED l=1).mark_down
2024-03-19T02:43:42.743 INFO:teuthology.orchestra.run.smithi033.stdout:/usr/bin/ceph: stderr
2024-03-19T02:43:41.941+0000 7f5bc70ac700 1 --2- 172.21.15.33:0/3597829294 >> [v2:172.21.15.33:3300/0,v1:172.21.15.33:6789/0] conn(0x7f5bc0108520 0x7f5bc010a910 secure :-1 s=READY pgs=68 cs=0 l=1 rev1=1 crypto rx=0x7f5bb40098a0 tx=0x7f5bb4009bb0 comp rx=0 tx=0).stop
2024-03-19T02:43:42.743 INFO:teuthology.orchestra.run.smithi033.stdout:/usr/bin/ceph: stderr
2024-03-19T02:43:41.941+0000 7f5bc70ac700 1 -- 172.21.15.33:0/3597829294 shutdown_connections
2024-03-19T02:43:42.743 INFO:teuthology.orchestra.run.smithi033.stdout:/usr/bin/ceph: stderr
2024-03-19T02:43:41.941+0000 7f5bc70ac700 1 --2- 172.21.15.33:0/3597829294 >> [v2:172.21.15.33:3300/0,v1:172.21.15.33:6789/0] conn(0x7f5bc0108520 0x7f5bc010a910 unknown :-1 s=CLOSED pgs=68 cs=0 l=1 rev1=1 crypto rx=0 tx=0 comp rx=0 tx=0).stop
2024-03-19T02:43:42.743 INFO:teuthology.orchestra.run.smithi033.stdout:/usr/bin/ceph: stderr
2024-03-19T02:43:41.941+0000 7f5bc70ac700 1 -- 172.21.15.33:0/3597829294 >> 172.21.15.33:0/3597829294 conn(0x7f5bc0101fb0 msgr2=0x7f5bc01043d0 unknown :-1 s=STATE_NONE l=0).mark_down
2024-03-19T02:43:42.743 INFO:teuthology.orchestra.run.smithi033.stdout:/usr/bin/ceph: stderr
2024-03-19T02:43:41.941+0000 7f5bc70ac700 1 -- 172.21.15.33:0/3597829294 shutdown_connections
2024-03-19T02:43:42.743 INFO:teuthology.orchestra.run.smithi033.stdout:/usr/bin/ceph: stderr
2024-03-19T02:43:41.941+0000 7f5bc70ac700 1 -- 172.21.15.33:0/3597829294 wait complete.
2024-03-19T02:43:42.743 INFO:teuthology.orchestra.run.smithi033.stdout:/usr/bin/ceph: stderr
2024-03-19T02:43:41.942+0000 7f5bc70ac700 1 Processor -- start
2024-03-19T02:43:42.743 INFO:teuthology.orchestra.run.smithi033.stdout:/usr/bin/ceph: stderr
2024-03-19T02:43:41.942+0000 7f5bc70ac700 1 -- start start
2024-03-19T02:43:42.744 INFO:teuthology.orchestra.run.smithi033.stdout:/usr/bin/ceph: stderr
2024-03-19T02:43:41.942+0000 7f5bc70ac700 1 --2- >> [v2:172.21.15.33:3300/0,v1:172.21.15.33:6789/0] conn(0x7f5bc0108520 0x7f5bc0107da0 unknown :-1 s=NONE pgs=0 cs=0 l=1 rev1=0 crypto rx=0 tx=0 comp rx=0 tx=0).connect
2024-03-19T02:43:42.744 INFO:teuthology.orchestra.run.smithi033.stdout:/usr/bin/ceph: stderr
2024-03-19T02:43:41.942+0000 7f5bc70ac700 1 -- --> [v2:172.21.15.33:3300/0,v1:172.21.15.33:6789/0] -- mon_getmap magic: 0 -- 0x7f5bc010be60 con 0x7f5bc0108520
2024-03-19T02:43:42.744 INFO:teuthology.orchestra.run.smithi033.stdout:/usr/bin/ceph: stderr
2024-03-19T02:43:41.942+0000 7f5bc4e48700 1 --2- >> [v2:172.21.15.33:3300/0,v1:172.21.15.33:6789/0] conn(0x7f5bc0108520 0x7f5bc0107da0 unknown :-1 s=BANNER_CONNECTING pgs=0 cs=0 l=1 rev1=0 crypto rx=0 tx=0 comp rx=0 tx=0)._handle_peer_banner_payload supported=3 required=0
2024-03-19T02:43:42.744 INFO:teuthology.orchestra.run.smithi033.stdout:/usr/bin/ceph: stderr
2024-03-19T02:43:41.942+0000 7f5bc4e48700 1 --2- >> [v2:172.21.15.33:3300/0,v1:172.21.15.33:6789/0] conn(0x7f5bc0108520 0x7f5bc0107da0 unknown :-1 s=HELLO_CONNECTING pgs=0 cs=0 l=1 rev1=1 crypto rx=0 tx=0 comp rx=0 tx=0).handle_hello peer v2:172.21.15.33:3300/0 says I am v2:172.21.15.33:34450/0 (socket says 172.21.15.33:34450)
2024-03-19T02:43:42.744 INFO:teuthology.orchestra.run.smithi033.stdout:/usr/bin/ceph: stderr
2024-03-19T02:43:41.942+0000 7f5bc4e48700 1 -- 172.21.15.33:0/1365362230 learned_addr learned my addr 172.21.15.33:0/1365362230 (peer_addr_for_me v2:172.21.15.33:0/0)
2024-03-19T02:43:42.744 INFO:teuthology.orchestra.run.smithi033.stdout:/usr/bin/ceph: stderr
2024-03-19T02:43:41.942+0000 7f5bc4e48700 1 -- 172.21.15.33:0/1365362230 --> [v2:172.21.15.33:3300/0,v1:172.21.15.33:6789/0] -- mon_subscribe({config=0+,monmap=0+}) -- 0x7f5bc01082e0 con 0x7f5bc0108520
2024-03-19T02:43:42.744 INFO:teuthology.orchestra.run.smithi033.stdout:/usr/bin/ceph: stderr
2024-03-19T02:43:41.943+0000 7f5bc4e48700 1 --2- 172.21.15.33:0/1365362230 >> [v2:172.21.15.33:3300/0,v1:172.21.15.33:6789/0] conn(0x7f5bc0108520 0x7f5bc0107da0 secure :-1 s=READY pgs=69 cs=0 l=1 rev1=1 crypto rx=0x7f5bb4011a20 tx=0x7f5bb4011b00 comp rx=0 tx=0).ready entity=mon.0 client_cookie=0 server_cookie=0 in_seq=0 out_seq=0
2024-03-19T02:43:42.744 INFO:teuthology.orchestra.run.smithi033.stdout:/usr/bin/ceph: stderr
2024-03-19T02:43:41.943+0000 7f5bbdffb700 1 -- 172.21.15.33:0/1365362230 <== mon.0 v2:172.21.15.33:3300/0 1 ==== mon_map magic: 0 ==== 205+0+0 (secure 0 0 0) 0x7f5bb4003b70 con 0x7f5bc0108520
2024-03-19T02:43:42.744 INFO:teuthology.orchestra.run.smithi033.stdout:/usr/bin/ceph: stderr
2024-03-19T02:43:41.943+0000 7f5bbdffb700 1 -- 172.21.15.33:0/1365362230 <== mon.0 v2:172.21.15.33:3300/0 2 ==== config(26 keys) ==== 1102+0+0 (secure 0 0 0) 0x7f5bb401a8e0 con 0x7f5bc0108520
2024-03-19T02:43:42.744 INFO:teuthology.orchestra.run.smithi033.stdout:/usr/bin/ceph: stderr
2024-03-19T02:43:41.943+0000 7f5bc70ac700 1 -- 172.21.15.33:0/1365362230 --> [v2:172.21.15.33:3300/0,v1:172.21.15.33:6789/0] -- mon_subscribe({mgrmap=0+}) -- 0x7f5bc01064d0 con 0x7f5bc0108520
2024-03-19T02:43:42.744 INFO:teuthology.orchestra.run.smithi033.stdout:/usr/bin/ceph: stderr
2024-03-19T02:43:41.943+0000 7f5bbdffb700 1 -- 172.21.15.33:0/1365362230 <== mon.0 v2:172.21.15.33:3300/0 3 ==== mon_map magic: 0 ==== 205+0+0 (secure 0 0 0) 0x7f5bb4024990 con 0x7f5bc0108520
2024-03-19T02:43:42.744 INFO:teuthology.orchestra.run.smithi033.stdout:/usr/bin/ceph: stderr
2024-03-19T02:43:41.943+0000 7f5bc70ac700 1 -- 172.21.15.33:0/1365362230 --> [v2:172.21.15.33:3300/0,v1:172.21.15.33:6789/0] -- mon_subscribe({osdmap=0}) -- 0x7f5bc0106a10 con 0x7f5bc0108520
2024-03-19T02:43:42.744 INFO:teuthology.orchestra.run.smithi033.stdout:/usr/bin/ceph: stderr
2024-03-19T02:43:41.944+0000 7f5bc70ac700 1 -- 172.21.15.33:0/1365362230 --> [v2:172.21.15.33:3300/0,v1:172.21.15.33:6789/0] -- mon_command({"prefix": "get_command_descriptions"} v 0) -- 0x7f5bc0063940 con 0x7f5bc0108520
2024-03-19T02:43:42.744 INFO:teuthology.orchestra.run.smithi033.stdout:/usr/bin/ceph: stderr
2024-03-19T02:43:41.944+0000 7f5bbdffb700 1 -- 172.21.15.33:0/1365362230 <== mon.0 v2:172.21.15.33:3300/0 4 ==== mgrmap(e 11) ==== 46013+0+0 (secure 0 0 0) 0x7f5bb4022020 con 0x7f5bc0108520
2024-03-19T02:43:42.744 INFO:teuthology.orchestra.run.smithi033.stdout:/usr/bin/ceph: stderr
2024-03-19T02:43:41.944+0000 7f5bbdffb700 1 --2- 172.21.15.33:0/1365362230 >> [v2:172.21.15.33:6800/1453067701,v1:172.21.15.33:6801/1453067701] conn(0x7f5bb0038f20 0x7f5bb003b3e0 unknown :-1 s=NONE pgs=0 cs=0 l=1 rev1=0 crypto rx=0 tx=0 comp rx=0 tx=0).connect
2024-03-19T02:43:42.744 INFO:teuthology.orchestra.run.smithi033.stdout:/usr/bin/ceph: stderr
2024-03-19T02:43:41.944+0000 7f5bbdffb700 1 -- 172.21.15.33:0/1365362230 <== mon.0 v2:172.21.15.33:3300/0 5 ==== osd_map(3..3 src has 1..3) ==== 1155+0+0 (secure 0 0 0) 0x7f5bb404d0e0 con 0x7f5bc0108520
2024-03-19T02:43:42.745 INFO:teuthology.orchestra.run.smithi033.stdout:/usr/bin/ceph: stderr
2024-03-19T02:43:41.944+0000 7f5bbffff700 1 --2- 172.21.15.33:0/1365362230 >> [v2:172.21.15.33:6800/1453067701,v1:172.21.15.33:6801/1453067701] conn(0x7f5bb0038f20 0x7f5bb003b3e0 unknown :-1 s=BANNER_CONNECTING pgs=0 cs=0 l=1 rev1=0 crypto rx=0 tx=0 comp rx=0 tx=0)._handle_peer_banner_payload supported=3 required=0
2024-03-19T02:43:42.745 INFO:teuthology.orchestra.run.smithi033.stdout:/usr/bin/ceph: stderr
2024-03-19T02:43:41.945+0000 7f5bbffff700 1 --2- 172.21.15.33:0/1365362230 >> [v2:172.21.15.33:6800/1453067701,v1:172.21.15.33:6801/1453067701] conn(0x7f5bb0038f20 0x7f5bb003b3e0 secure :-1 s=READY pgs=7 cs=0 l=1 rev1=1 crypto rx=0x7f5bac006fd0 tx=0x7f5bac006e40 comp rx=0 tx=0).ready entity=mgr.14150 client_cookie=0 server_cookie=0 in_seq=0 out_seq=0
2024-03-19T02:43:42.745 INFO:teuthology.orchestra.run.smithi033.stdout:/usr/bin/ceph: stderr
2024-03-19T02:43:41.949+0000 7f5bbdffb700 1 -- 172.21.15.33:0/1365362230 <== mon.0 v2:172.21.15.33:3300/0 6 ==== mon_command_ack([{"prefix": "get_command_descriptions"}]=0 v0) ==== 72+0+186149 (secure 0 0 0) 0x7f5bb4024cf0 con 0x7f5bc0108520
2024-03-19T02:43:42.745 INFO:teuthology.orchestra.run.smithi033.stdout:/usr/bin/ceph: stderr
2024-03-19T02:43:42.169+0000 7f5bc70ac700 1 -- 172.21.15.33:0/1365362230 --> [v2:172.21.15.33:6800/1453067701,v1:172.21.15.33:6801/1453067701] -- mgr_command(tid 0: {"prefix": "dashboard create-self-signed-cert", "target": ["mon-mgr", ""]}) -- 0x7f5bc0107320 con 0x7f5bb0038f20
2024-03-19T02:43:42.745 INFO:teuthology.orchestra.run.smithi033.stdout:/usr/bin/ceph: stderr
2024-03-19T02:43:42.252+0000 7f5bbdffb700 1 -- 172.21.15.33:0/1365362230 <== mgr.14150 v2:172.21.15.33:6800/1453067701 1 ==== mgr_command_reply(tid 0: 0 ) ==== 8+0+32 (secure 0 0 0) 0x7f5bc0107320 con 0x7f5bb0038f20
2024-03-19T02:43:42.745 INFO:teuthology.orchestra.run.smithi033.stdout:/usr/bin/ceph: stderr
2024-03-19T02:43:42.255+0000 7f5bc70ac700 1 -- 172.21.15.33:0/1365362230 >> [v2:172.21.15.33:6800/1453067701,v1:172.21.15.33:6801/1453067701] conn(0x7f5bb0038f20 msgr2=0x7f5bb003b3e0 secure :-1 s=STATE_CONNECTION_ESTABLISHED l=1).mark_down
2024-03-19T02:43:42.745 INFO:teuthology.orchestra.run.smithi033.stdout:/usr/bin/ceph: stderr
2024-03-19T02:43:42.255+0000 7f5bc70ac700 1 --2- 172.21.15.33:0/1365362230 >> [v2:172.21.15.33:6800/1453067701,v1:172.21.15.33:6801/1453067701] conn(0x7f5bb0038f20 0x7f5bb003b3e0 secure :-1 s=READY pgs=7 cs=0 l=1 rev1=1 crypto rx=0x7f5bac006fd0 tx=0x7f5bac006e40 comp rx=0 tx=0).stop
2024-03-19T02:43:42.745 INFO:teuthology.orchestra.run.smithi033.stdout:/usr/bin/ceph: stderr
2024-03-19T02:43:42.255+0000 7f5bc70ac700 1 -- 172.21.15.33:0/1365362230 >> [v2:172.21.15.33:3300/0,v1:172.21.15.33:6789/0] conn(0x7f5bc0108520 msgr2=0x7f5bc0107da0 secure :-1 s=STATE_CONNECTION_ESTABLISHED l=1).mark_down
2024-03-19T02:43:42.745 INFO:teuthology.orchestra.run.smithi033.stdout:/usr/bin/ceph: stderr
2024-03-19T02:43:42.255+0000 7f5bc70ac700 1 --2- 172.21.15.33:0/1365362230 >> [v2:172.21.15.33:3300/0,v1:172.21.15.33:6789/0] conn(0x7f5bc0108520 0x7f5bc0107da0 secure :-1 s=READY pgs=69 cs=0 l=1 rev1=1 crypto rx=0x7f5bb4011a20 tx=0x7f5bb4011b00 comp rx=0 tx=0).stop
2024-03-19T02:43:42.745 INFO:teuthology.orchestra.run.smithi033.stdout:/usr/bin/ceph: stderr
2024-03-19T02:43:42.255+0000 7f5bc70ac700 1 -- 172.21.15.33:0/1365362230 shutdown_connections
2024-03-19T02:43:42.745 INFO:teuthology.orchestra.run.smithi033.stdout:/usr/bin/ceph: stderr
2024-03-19T02:43:42.255+0000 7f5bc70ac700 1 --2- 172.21.15.33:0/1365362230 >> [v2:172.21.15.33:6800/1453067701,v1:172.21.15.33:6801/1453067701] conn(0x7f5bb0038f20 0x7f5bb003b3e0 unknown :-1 s=CLOSED pgs=7 cs=0 l=1 rev1=1 crypto rx=0 tx=0 comp rx=0 tx=0).stop
2024-03-19T02:43:42.745 INFO:teuthology.orchestra.run.smithi033.stdout:/usr/bin/ceph: stderr
2024-03-19T02:43:42.255+0000 7f5bc70ac700 1 --2- 172.21.15.33:0/1365362230 >> [v2:172.21.15.33:3300/0,v1:172.21.15.33:6789/0] conn(0x7f5bc0108520 0x7f5bc0107da0 unknown :-1 s=CLOSED pgs=69 cs=0 l=1 rev1=1 crypto rx=0 tx=0 comp rx=0 tx=0).stop
2024-03-19T02:43:42.745 INFO:teuthology.orchestra.run.smithi033.stdout:/usr/bin/ceph: stderr
2024-03-19T02:43:42.255+0000 7f5bc70ac700 1 -- 172.21.15.33:0/1365362230 >> 172.21.15.33:0/1365362230 conn(0x7f5bc0101fb0 msgr2=0x7f5bc01028c0 unknown :-1 s=STATE_NONE l=0).mark_down
2024-03-19T02:43:42.745 INFO:teuthology.orchestra.run.smithi033.stdout:/usr/bin/ceph: stderr
2024-03-19T02:43:42.255+0000 7f5bc70ac700 1 -- 172.21.15.33:0/1365362230 shutdown_connections
2024-03-19T02:43:42.745 INFO:teuthology.orchestra.run.smithi033.stdout:/usr/bin/ceph: stderr
2024-03-19T02:43:42.255+0000 7f5bc70ac700 1 -- 172.21.15.33:0/1365362230 wait complete.
2024-03-19T02:43:42.745 INFO:teuthology.orchestra.run.smithi033.stdout:Creating initial admin user...
2024-03-19T02:43:42.862 INFO:journalctl@ceph.mon.a.smithi033.stdout:Mar 19 02:43:42 smithi033 ceph-mon[31973]: [19/Mar/2024:02:43:41] ENGINE Bus STARTING
2024-03-19T02:43:42.862 INFO:journalctl@ceph.mon.a.smithi033.stdout:Mar 19 02:43:42 smithi033 ceph-mon[31973]: [19/Mar/2024:02:43:41] ENGINE Serving on https://172.21.15.33:7150
2024-03-19T02:43:42.862 INFO:journalctl@ceph.mon.a.smithi033.stdout:Mar 19 02:43:42 smithi033 ceph-mon[31973]: [19/Mar/2024:02:43:41] ENGINE Serving on http://172.21.15.33:8765
2024-03-19T02:43:42.862 INFO:journalctl@ceph.mon.a.smithi033.stdout:Mar 19 02:43:42 smithi033 ceph-mon[31973]: [19/Mar/2024:02:43:41] ENGINE Bus STARTED
2024-03-19T02:43:42.862 INFO:journalctl@ceph.mon.a.smithi033.stdout:Mar 19 02:43:42 smithi033 ceph-mon[31973]: from='mgr.14150 172.21.15.33:0/3296104730' entity='mgr.x'
2024-03-19T02:43:42.862 INFO:journalctl@ceph.mon.a.smithi033.stdout:Mar 19 02:43:42 smithi033 ceph-mon[31973]: from='mgr.14150 172.21.15.33:0/3296104730' entity='mgr.x'
2024-03-19T02:43:42.862 INFO:journalctl@ceph.mon.a.smithi033.stdout:Mar 19 02:43:42 smithi033 ceph-mon[31973]: from='mgr.14150 172.21.15.33:0/3296104730' entity='mgr.x'
2024-03-19T02:43:43.667 INFO:journalctl@ceph.mon.a.smithi033.stdout:Mar 19 02:43:43 smithi033 ceph-mon[31973]: from='client.14162 -' entity='client.admin' cmd=[{"prefix": "dashboard create-self-signed-cert", "target": ["mon-mgr", ""]}]: dispatch
2024-03-19T02:43:43.668 INFO:journalctl@ceph.mon.a.smithi033.stdout:Mar 19 02:43:43 smithi033 ceph-mon[31973]: mgrmap e12: x(active, since 2s)
2024-03-19T02:43:43.668 INFO:journalctl@ceph.mon.a.smithi033.stdout:Mar 19 02:43:43 smithi033 ceph-mon[31973]: from='mgr.14150 172.21.15.33:0/3296104730' entity='mgr.x'
2024-03-19T02:43:44.755 INFO:journalctl@ceph.mon.a.smithi033.stdout:Mar 19 02:43:44 smithi033 ceph-mon[31973]: from='client.14164 -' entity='client.admin' cmd=[{"prefix": "dashboard ac-user-create", "username": "admin", "rolename": "administrator", "force_password": true, "pwd_update_required": true, "target": ["mon-mgr", ""]}]: dispatch
2024-03-19T02:43:44.755 INFO:journalctl@ceph.mon.a.smithi033.stdout:Mar 19 02:43:44 smithi033 ceph-mon[31973]: from='mgr.14150 172.21.15.33:0/3296104730' entity='mgr.x'
2024-03-19T02:43:45.072 INFO:teuthology.orchestra.run.smithi033.stdout:/usr/bin/ceph: stdout {"username": "admin", "password": "$2b$12$J5O/1CSm9RNLv.a4VScXnOYreGGf8QbGkRa2LFIMxF90RDtL1ktwS", "roles": ["administrator"], "name": null, "email": null, "lastUpdate": 1710816223, "enabled": true, "pwdExpirationDate": null, "pwdUpdateRequired": true}
2024-03-19T02:43:45.072 INFO:teuthology.orchestra.run.smithi033.stdout:/usr/bin/ceph: stderr
2024-03-19T02:43:43.166+0000 7f599047d700 1 Processor -- start
2024-03-19T02:43:45.072 INFO:teuthology.orchestra.run.smithi033.stdout:/usr/bin/ceph: stderr
2024-03-19T02:43:43.166+0000 7f599047d700 1 -- start start
2024-03-19T02:43:45.072 INFO:teuthology.orchestra.run.smithi033.stdout:/usr/bin/ceph: stderr
2024-03-19T02:43:43.166+0000 7f599047d700 1 --2- >> [v2:172.21.15.33:3300/0,v1:172.21.15.33:6789/0] conn(0x7f5988106990 0x7f5988106db0 unknown :-1 s=NONE pgs=0 cs=0 l=0 rev1=0 crypto rx=0 tx=0 comp rx=0 tx=0).connect
2024-03-19T02:43:45.072 INFO:teuthology.orchestra.run.smithi033.stdout:/usr/bin/ceph: stderr
2024-03-19T02:43:43.167+0000 7f599047d700 1 -- --> [v2:172.21.15.33:3300/0,v1:172.21.15.33:6789/0] -- mon_getmap magic: 0 -- 0x7f5988107380 con 0x7f5988106990
2024-03-19T02:43:45.072 INFO:teuthology.orchestra.run.smithi033.stdout:/usr/bin/ceph: stderr
2024-03-19T02:43:43.167+0000 7f598e219700 1 --2- >> [v2:172.21.15.33:3300/0,v1:172.21.15.33:6789/0] conn(0x7f5988106990 0x7f5988106db0 unknown :-1 s=BANNER_CONNECTING pgs=0 cs=0 l=0 rev1=0 crypto rx=0 tx=0 comp rx=0 tx=0)._handle_peer_banner_payload supported=3 required=0
2024-03-19T02:43:45.072 INFO:teuthology.orchestra.run.smithi033.stdout:/usr/bin/ceph: stderr
2024-03-19T02:43:43.167+0000 7f598e219700 1 --2- >> [v2:172.21.15.33:3300/0,v1:172.21.15.33:6789/0] conn(0x7f5988106990 0x7f5988106db0 unknown :-1 s=HELLO_CONNECTING pgs=0 cs=0 l=0 rev1=1 crypto rx=0 tx=0 comp rx=0 tx=0).handle_hello peer v2:172.21.15.33:3300/0 says I am v2:172.21.15.33:34464/0 (socket says 172.21.15.33:34464)
2024-03-19T02:43:45.073 INFO:teuthology.orchestra.run.smithi033.stdout:/usr/bin/ceph: stderr
2024-03-19T02:43:43.167+0000 7f598e219700 1 -- 172.21.15.33:0/761223432 learned_addr learned my addr 172.21.15.33:0/761223432 (peer_addr_for_me v2:172.21.15.33:0/0)
2024-03-19T02:43:45.073 INFO:teuthology.orchestra.run.smithi033.stdout:/usr/bin/ceph: stderr
2024-03-19T02:43:43.167+0000 7f598e219700 1 -- 172.21.15.33:0/761223432 --> [v2:172.21.15.33:3300/0,v1:172.21.15.33:6789/0] -- mon_subscribe({config=0+,monmap=0+}) -- 0x7f5988107b90 con 0x7f5988106990
2024-03-19T02:43:45.073 INFO:teuthology.orchestra.run.smithi033.stdout:/usr/bin/ceph: stderr
2024-03-19T02:43:43.167+0000 7f598e219700 1 --2- 172.21.15.33:0/761223432 >> [v2:172.21.15.33:3300/0,v1:172.21.15.33:6789/0] conn(0x7f5988106990 0x7f5988106db0 secure :-1 s=READY pgs=70 cs=0 l=1 rev1=1 crypto rx=0x7f59780098a0 tx=0x7f5978009bb0 comp rx=0 tx=0).ready entity=mon.0 client_cookie=ef5e8dac13d7bf63 server_cookie=0 in_seq=0 out_seq=0
2024-03-19T02:43:45.073 INFO:teuthology.orchestra.run.smithi033.stdout:/usr/bin/ceph: stderr
2024-03-19T02:43:43.167+0000 7f598d217700 1 -- 172.21.15.33:0/761223432 <== mon.0 v2:172.21.15.33:3300/0 1 ==== mon_map magic: 0 ==== 205+0+0 (secure 0 0 0) 0x7f5978004160 con 0x7f5988106990
2024-03-19T02:43:45.073 INFO:teuthology.orchestra.run.smithi033.stdout:/usr/bin/ceph: stderr
2024-03-19T02:43:43.167+0000 7f598d217700 1 -- 172.21.15.33:0/761223432 <== mon.0 v2:172.21.15.33:3300/0 2 ==== config(26 keys) ==== 1102+0+0 (secure 0 0 0) 0x7f5978004300 con 0x7f5988106990
2024-03-19T02:43:45.073 INFO:teuthology.orchestra.run.smithi033.stdout:/usr/bin/ceph: stderr
2024-03-19T02:43:43.167+0000 7f598d217700 1 -- 172.21.15.33:0/761223432 <== mon.0 v2:172.21.15.33:3300/0 3 ==== mon_map magic: 0 ==== 205+0+0 (secure 0 0 0) 0x7f5978011a50 con 0x7f5988106990
2024-03-19T02:43:45.073 INFO:teuthology.orchestra.run.smithi033.stdout:/usr/bin/ceph: stderr
2024-03-19T02:43:43.168+0000 7f599047d700 1 -- 172.21.15.33:0/761223432 >> [v2:172.21.15.33:3300/0,v1:172.21.15.33:6789/0] conn(0x7f5988106990 msgr2=0x7f5988106db0 secure :-1 s=STATE_CONNECTION_ESTABLISHED l=1).mark_down
2024-03-19T02:43:45.073 INFO:teuthology.orchestra.run.smithi033.stdout:/usr/bin/ceph: stderr
2024-03-19T02:43:43.168+0000 7f599047d700 1 --2- 172.21.15.33:0/761223432 >> [v2:172.21.15.33:3300/0,v1:172.21.15.33:6789/0] conn(0x7f5988106990 0x7f5988106db0 secure :-1 s=READY pgs=70 cs=0 l=1 rev1=1 crypto rx=0x7f59780098a0 tx=0x7f5978009bb0 comp rx=0 tx=0).stop
2024-03-19T02:43:45.073 INFO:teuthology.orchestra.run.smithi033.stdout:/usr/bin/ceph: stderr
2024-03-19T02:43:43.168+0000 7f599047d700 1 -- 172.21.15.33:0/761223432 shutdown_connections
2024-03-19T02:43:45.073 INFO:teuthology.orchestra.run.smithi033.stdout:/usr/bin/ceph: stderr
2024-03-19T02:43:43.168+0000 7f599047d700 1 --2- 172.21.15.33:0/761223432 >> [v2:172.21.15.33:3300/0,v1:172.21.15.33:6789/0] conn(0x7f5988106990 0x7f5988106db0 unknown :-1 s=CLOSED pgs=70 cs=0 l=1 rev1=1 crypto rx=0 tx=0 comp rx=0 tx=0).stop
2024-03-19T02:43:45.073 INFO:teuthology.orchestra.run.smithi033.stdout:/usr/bin/ceph: stderr
2024-03-19T02:43:43.168+0000 7f599047d700 1 -- 172.21.15.33:0/761223432 >> 172.21.15.33:0/761223432 conn(0x7f5988101f30 msgr2=0x7f5988104370 unknown :-1 s=STATE_NONE l=0).mark_down
2024-03-19T02:43:45.073 INFO:teuthology.orchestra.run.smithi033.stdout:/usr/bin/ceph: stderr
2024-03-19T02:43:43.168+0000 7f599047d700 1 -- 172.21.15.33:0/761223432 shutdown_connections
2024-03-19T02:43:45.074 INFO:teuthology.orchestra.run.smithi033.stdout:/usr/bin/ceph: stderr
2024-03-19T02:43:43.168+0000 7f599047d700 1 -- 172.21.15.33:0/761223432 wait complete.
2024-03-19T02:43:45.074 INFO:teuthology.orchestra.run.smithi033.stdout:/usr/bin/ceph: stderr
2024-03-19T02:43:43.169+0000 7f599047d700 1 Processor -- start
2024-03-19T02:43:45.074 INFO:teuthology.orchestra.run.smithi033.stdout:/usr/bin/ceph: stderr
2024-03-19T02:43:43.169+0000 7f599047d700 1 -- start start
2024-03-19T02:43:45.074 INFO:teuthology.orchestra.run.smithi033.stdout:/usr/bin/ceph: stderr
2024-03-19T02:43:43.169+0000 7f599047d700 1 --2- >> [v2:172.21.15.33:3300/0,v1:172.21.15.33:6789/0] conn(0x7f5988106990 0x7f598819daa0 unknown :-1 s=NONE pgs=0 cs=0 l=1 rev1=0 crypto rx=0 tx=0 comp rx=0 tx=0).connect
2024-03-19T02:43:45.074 INFO:teuthology.orchestra.run.smithi033.stdout:/usr/bin/ceph: stderr
2024-03-19T02:43:43.169+0000 7f599047d700 1 -- --> [v2:172.21.15.33:3300/0,v1:172.21.15.33:6789/0] -- mon_getmap magic: 0 -- 0x7f598807afa0 con 0x7f5988106990
2024-03-19T02:43:45.074 INFO:teuthology.orchestra.run.smithi033.stdout:/usr/bin/ceph: stderr
2024-03-19T02:43:43.169+0000 7f598e219700 1 --2- >> [v2:172.21.15.33:3300/0,v1:172.21.15.33:6789/0] conn(0x7f5988106990 0x7f598819daa0 unknown :-1 s=BANNER_CONNECTING pgs=0 cs=0 l=1 rev1=0 crypto rx=0 tx=0 comp rx=0 tx=0)._handle_peer_banner_payload supported=3 required=0
2024-03-19T02:43:45.074 INFO:teuthology.orchestra.run.smithi033.stdout:/usr/bin/ceph: stderr
2024-03-19T02:43:43.169+0000 7f598e219700 1 --2- >> [v2:172.21.15.33:3300/0,v1:172.21.15.33:6789/0] conn(0x7f5988106990 0x7f598819daa0 unknown :-1 s=HELLO_CONNECTING pgs=0 cs=0 l=1 rev1=1 crypto rx=0 tx=0 comp rx=0 tx=0).handle_hello peer v2:172.21.15.33:3300/0 says I am v2:172.21.15.33:34478/0 (socket says 172.21.15.33:34478)
2024-03-19T02:43:45.074 INFO:teuthology.orchestra.run.smithi033.stdout:/usr/bin/ceph: stderr
2024-03-19T02:43:43.169+0000 7f598e219700 1 -- 172.21.15.33:0/2239215020 learned_addr learned my addr 172.21.15.33:0/2239215020 (peer_addr_for_me v2:172.21.15.33:0/0)
2024-03-19T02:43:45.074 INFO:teuthology.orchestra.run.smithi033.stdout:/usr/bin/ceph: stderr
2024-03-19T02:43:43.169+0000 7f598e219700 1 -- 172.21.15.33:0/2239215020 --> [v2:172.21.15.33:3300/0,v1:172.21.15.33:6789/0] -- mon_subscribe({config=0+,monmap=0+}) -- 0x7f598819dfe0 con 0x7f5988106990
2024-03-19T02:43:45.074 INFO:teuthology.orchestra.run.smithi033.stdout:/usr/bin/ceph: stderr
2024-03-19T02:43:43.169+0000 7f598e219700 1 --2- 172.21.15.33:0/2239215020 >> [v2:172.21.15.33:3300/0,v1:172.21.15.33:6789/0] conn(0x7f5988106990 0x7f598819daa0 secure :-1 s=READY pgs=71 cs=0 l=1 rev1=1 crypto rx=0x7f5978006ba0 tx=0x7f5978011ad0 comp rx=0 tx=0).ready entity=mon.0 client_cookie=0 server_cookie=0 in_seq=0 out_seq=0
2024-03-19T02:43:45.074 INFO:teuthology.orchestra.run.smithi033.stdout:/usr/bin/ceph: stderr
2024-03-19T02:43:43.169+0000 7f597f7fe700 1 -- 172.21.15.33:0/2239215020 <== mon.0 v2:172.21.15.33:3300/0 1 ==== mon_map magic: 0 ==== 205+0+0 (secure 0 0 0) 0x7f5978003af0 con 0x7f5988106990
2024-03-19T02:43:45.074 INFO:teuthology.orchestra.run.smithi033.stdout:/usr/bin/ceph: stderr
2024-03-19T02:43:43.170+0000 7f597f7fe700 1 -- 172.21.15.33:0/2239215020 <== mon.0 v2:172.21.15.33:3300/0 2 ==== config(26 keys) ==== 1102+0+0 (secure 0 0 0) 0x7f597801a8e0 con 0x7f5988106990
2024-03-19T02:43:45.074 INFO:teuthology.orchestra.run.smithi033.stdout:/usr/bin/ceph: stderr
2024-03-19T02:43:43.170+0000 7f599047d700 1 -- 172.21.15.33:0/2239215020 --> [v2:172.21.15.33:3300/0,v1:172.21.15.33:6789/0] -- mon_subscribe({mgrmap=0+}) -- 0x7f598819e270 con 0x7f5988106990
2024-03-19T02:43:45.075 INFO:teuthology.orchestra.run.smithi033.stdout:/usr/bin/ceph: stderr
2024-03-19T02:43:43.170+0000 7f597f7fe700 1 -- 172.21.15.33:0/2239215020 <== mon.0 v2:172.21.15.33:3300/0 3 ==== mon_map magic: 0 ==== 205+0+0 (secure 0 0 0) 0x7f5978024900 con 0x7f5988106990
2024-03-19T02:43:45.075 INFO:teuthology.orchestra.run.smithi033.stdout:/usr/bin/ceph: stderr
2024-03-19T02:43:43.170+0000 7f599047d700 1 -- 172.21.15.33:0/2239215020 --> [v2:172.21.15.33:3300/0,v1:172.21.15.33:6789/0] -- mon_subscribe({osdmap=0}) -- 0x7f59881a0f60 con 0x7f5988106990
2024-03-19T02:43:45.075 INFO:teuthology.orchestra.run.smithi033.stdout:/usr/bin/ceph: stderr
2024-03-19T02:43:43.170+0000 7f597f7fe700 1 -- 172.21.15.33:0/2239215020 <== mon.0 v2:172.21.15.33:3300/0 4 ==== mgrmap(e 12) ==== 46119+0+0 (secure 0 0 0) 0x7f5978022020 con 0x7f5988106990
2024-03-19T02:43:45.075 INFO:teuthology.orchestra.run.smithi033.stdout:/usr/bin/ceph: stderr
2024-03-19T02:43:43.171+0000 7f597f7fe700 1 --2- 172.21.15.33:0/2239215020 >> [v2:172.21.15.33:6800/1453067701,v1:172.21.15.33:6801/1453067701] conn(0x7f5974039030 0x7f597403b4f0 unknown :-1 s=NONE pgs=0 cs=0 l=1 rev1=0 crypto rx=0 tx=0 comp rx=0 tx=0).connect
2024-03-19T02:43:45.075 INFO:teuthology.orchestra.run.smithi033.stdout:/usr/bin/ceph: stderr
2024-03-19T02:43:43.171+0000 7f597f7fe700 1 -- 172.21.15.33:0/2239215020 <== mon.0 v2:172.21.15.33:3300/0 5 ==== osd_map(3..3 src has 1..3) ==== 1155+0+0 (secure 0 0 0) 0x7f597804d320 con 0x7f5988106990
2024-03-19T02:43:45.075 INFO:teuthology.orchestra.run.smithi033.stdout:/usr/bin/ceph: stderr
2024-03-19T02:43:43.171+0000 7f598da18700 1 --2- 172.21.15.33:0/2239215020 >> [v2:172.21.15.33:6800/1453067701,v1:172.21.15.33:6801/1453067701] conn(0x7f5974039030 0x7f597403b4f0 unknown :-1 s=BANNER_CONNECTING pgs=0 cs=0 l=1 rev1=0 crypto rx=0 tx=0 comp rx=0 tx=0)._handle_peer_banner_payload supported=3 required=0
2024-03-19T02:43:45.075 INFO:teuthology.orchestra.run.smithi033.stdout:/usr/bin/ceph: stderr
2024-03-19T02:43:43.171+0000 7f599047d700 1 -- 172.21.15.33:0/2239215020 --> [v2:172.21.15.33:3300/0,v1:172.21.15.33:6789/0] -- mon_command({"prefix": "get_command_descriptions"} v 0) -- 0x7f5988063940 con 0x7f5988106990
2024-03-19T02:43:45.075 INFO:teuthology.orchestra.run.smithi033.stdout:/usr/bin/ceph: stderr
2024-03-19T02:43:43.171+0000 7f598da18700 1 --2- 172.21.15.33:0/2239215020 >> [v2:172.21.15.33:6800/1453067701,v1:172.21.15.33:6801/1453067701] conn(0x7f5974039030 0x7f597403b4f0 secure :-1 s=READY pgs=8 cs=0 l=1 rev1=1 crypto rx=0x7f5984006fd0 tx=0x7f5984006e40 comp rx=0 tx=0).ready entity=mgr.14150 client_cookie=0 server_cookie=0 in_seq=0 out_seq=0
2024-03-19T02:43:45.075 INFO:teuthology.orchestra.run.smithi033.stdout:/usr/bin/ceph: stderr
2024-03-19T02:43:43.176+0000 7f597f7fe700 1 -- 172.21.15.33:0/2239215020 <== mon.0 v2:172.21.15.33:3300/0 6 ==== mon_command_ack([{"prefix": "get_command_descriptions"}]=0 v0) ==== 72+0+186149 (secure 0 0 0) 0x7f597800fd80 con 0x7f5988106990
2024-03-19T02:43:45.075 INFO:teuthology.orchestra.run.smithi033.stdout:/usr/bin/ceph: stderr
2024-03-19T02:43:43.417+0000 7f599047d700 1 -- 172.21.15.33:0/2239215020 --> [v2:172.21.15.33:6800/1453067701,v1:172.21.15.33:6801/1453067701] -- mgr_command(tid 0: {"prefix": "dashboard ac-user-create", "username": "admin", "rolename": "administrator", "force_password": true, "pwd_update_required": true, "target": ["mon-mgr", ""]}) -- 0x7f5988191450 con 0x7f5974039030
2024-03-19T02:43:45.075 INFO:teuthology.orchestra.run.smithi033.stdout:/usr/bin/ceph: stderr
2024-03-19T02:43:43.664+0000 7f597f7fe700 1 -- 172.21.15.33:0/2239215020 <== mgr.14150 v2:172.21.15.33:6800/1453067701 1 ==== mgr_command_reply(tid 0: 0 ) ==== 8+0+252 (secure 0 0 0) 0x7f5988191450 con 0x7f5974039030
2024-03-19T02:43:45.075 INFO:teuthology.orchestra.run.smithi033.stdout:/usr/bin/ceph: stderr
2024-03-19T02:43:43.666+0000 7f599047d700 1 -- 172.21.15.33:0/2239215020 >> [v2:172.21.15.33:6800/1453067701,v1:172.21.15.33:6801/1453067701] conn(0x7f5974039030 msgr2=0x7f597403b4f0 secure :-1 s=STATE_CONNECTION_ESTABLISHED l=1).mark_down
2024-03-19T02:43:45.075 INFO:teuthology.orchestra.run.smithi033.stdout:/usr/bin/ceph: stderr
2024-03-19T02:43:43.666+0000 7f599047d700 1 --2- 172.21.15.33:0/2239215020 >> [v2:172.21.15.33:6800/1453067701,v1:172.21.15.33:6801/1453067701] conn(0x7f5974039030 0x7f597403b4f0 secure :-1 s=READY pgs=8 cs=0 l=1 rev1=1 crypto rx=0x7f5984006fd0 tx=0x7f5984006e40 comp rx=0 tx=0).stop
2024-03-19T02:43:45.076 INFO:teuthology.orchestra.run.smithi033.stdout:/usr/bin/ceph: stderr
2024-03-19T02:43:43.666+0000 7f599047d700 1 -- 172.21.15.33:0/2239215020 >> [v2:172.21.15.33:3300/0,v1:172.21.15.33:6789/0] conn(0x7f5988106990 msgr2=0x7f598819daa0 secure :-1 s=STATE_CONNECTION_ESTABLISHED l=1).mark_down
2024-03-19T02:43:45.076 INFO:teuthology.orchestra.run.smithi033.stdout:/usr/bin/ceph: stderr
2024-03-19T02:43:43.666+0000 7f599047d700 1 --2- 172.21.15.33:0/2239215020 >> [v2:172.21.15.33:3300/0,v1:172.21.15.33:6789/0] conn(0x7f5988106990 0x7f598819daa0 secure :-1 s=READY pgs=71 cs=0 l=1 rev1=1 crypto rx=0x7f5978006ba0 tx=0x7f5978011ad0 comp rx=0 tx=0).stop
2024-03-19T02:43:45.076 INFO:teuthology.orchestra.run.smithi033.stdout:/usr/bin/ceph: stderr
2024-03-19T02:43:43.666+0000 7f599047d700 1 -- 172.21.15.33:0/2239215020 shutdown_connections
2024-03-19T02:43:45.076 INFO:teuthology.orchestra.run.smithi033.stdout:/usr/bin/ceph: stderr
2024-03-19T02:43:43.667+0000 7f599047d700 1 --2- 172.21.15.33:0/2239215020 >> [v2:172.21.15.33:6800/1453067701,v1:172.21.15.33:6801/1453067701] conn(0x7f5974039030 0x7f597403b4f0 unknown :-1 s=CLOSED pgs=8 cs=0 l=1 rev1=1 crypto rx=0 tx=0 comp rx=0 tx=0).stop
2024-03-19T02:43:45.076 INFO:teuthology.orchestra.run.smithi033.stdout:/usr/bin/ceph: stderr
2024-03-19T02:43:43.667+0000 7f599047d700 1 --2- 172.21.15.33:0/2239215020 >> [v2:172.21.15.33:3300/0,v1:172.21.15.33:6789/0] conn(0x7f5988106990 0x7f598819daa0 unknown :-1 s=CLOSED pgs=71 cs=0 l=1 rev1=1 crypto rx=0 tx=0 comp rx=0 tx=0).stop
2024-03-19T02:43:45.076 INFO:teuthology.orchestra.run.smithi033.stdout:/usr/bin/ceph: stderr
2024-03-19T02:43:43.667+0000 7f599047d700 1 -- 172.21.15.33:0/2239215020 >> 172.21.15.33:0/2239215020 conn(0x7f5988101f30 msgr2=0x7f598818fcb0 unknown :-1 s=STATE_NONE l=0).mark_down
2024-03-19T02:43:45.076 INFO:teuthology.orchestra.run.smithi033.stdout:/usr/bin/ceph: stderr
2024-03-19T02:43:43.667+0000 7f599047d700 1 -- 172.21.15.33:0/2239215020 shutdown_connections
2024-03-19T02:43:45.076 INFO:teuthology.orchestra.run.smithi033.stdout:/usr/bin/ceph: stderr
2024-03-19T02:43:43.667+0000 7f599047d700 1 -- 172.21.15.33:0/2239215020 wait complete.
2024-03-19T02:43:45.076 INFO:teuthology.orchestra.run.smithi033.stdout:Fetching dashboard port number...
2024-03-19T02:43:45.993 INFO:journalctl@ceph.mon.a.smithi033.stdout:Mar 19 02:43:45 smithi033 ceph-mon[31973]: from='client.? 172.21.15.33:0/3541858407' entity='client.admin' cmd=[{"prefix": "config get", "who": "mgr", "key": "mgr/dashboard/ssl_server_port"}]: dispatch
2024-03-19T02:43:45.994 INFO:journalctl@ceph.mon.a.smithi033.stdout:Mar 19 02:43:45 smithi033 ceph-mon[31973]: mgrmap e13: x(active, since 6s)
2024-03-19T02:43:46.244 INFO:teuthology.orchestra.run.smithi033.stdout:/usr/bin/ceph: stdout 8443
2024-03-19T02:43:46.244 INFO:teuthology.orchestra.run.smithi033.stdout:/usr/bin/ceph: stderr
2024-03-19T02:43:45.476+0000 7f1cfd930700 1 Processor -- start
2024-03-19T02:43:46.244 INFO:teuthology.orchestra.run.smithi033.stdout:/usr/bin/ceph: stderr
2024-03-19T02:43:45.476+0000 7f1cfd930700 1 -- start start
2024-03-19T02:43:46.244 INFO:teuthology.orchestra.run.smithi033.stdout:/usr/bin/ceph: stderr
2024-03-19T02:43:45.476+0000 7f1cfd930700 1 --2- >> [v2:172.21.15.33:3300/0,v1:172.21.15.33:6789/0] conn(0x7f1cf8107a60 0x7f1cf8107e80 unknown :-1 s=NONE pgs=0 cs=0 l=0 rev1=0 crypto rx=0 tx=0 comp rx=0 tx=0).connect
2024-03-19T02:43:46.244 INFO:teuthology.orchestra.run.smithi033.stdout:/usr/bin/ceph: stderr
2024-03-19T02:43:45.476+0000 7f1cfd930700 1 -- --> [v2:172.21.15.33:3300/0,v1:172.21.15.33:6789/0] -- mon_getmap magic: 0 -- 0x7f1cf8108450 con 0x7f1cf8107a60
2024-03-19T02:43:46.244 INFO:teuthology.orchestra.run.smithi033.stdout:/usr/bin/ceph: stderr
2024-03-19T02:43:45.476+0000 7f1cf6ffd700 1 --2- >> [v2:172.21.15.33:3300/0,v1:172.21.15.33:6789/0] conn(0x7f1cf8107a60 0x7f1cf8107e80 unknown :-1 s=BANNER_CONNECTING pgs=0 cs=0 l=0 rev1=0 crypto rx=0 tx=0 comp rx=0 tx=0)._handle_peer_banner_payload supported=3 required=0
2024-03-19T02:43:46.244 INFO:teuthology.orchestra.run.smithi033.stdout:/usr/bin/ceph: stderr
2024-03-19T02:43:45.476+0000 7f1cf6ffd700 1 --2- >> [v2:172.21.15.33:3300/0,v1:172.21.15.33:6789/0] conn(0x7f1cf8107a60 0x7f1cf8107e80 unknown :-1 s=HELLO_CONNECTING pgs=0 cs=0 l=0 rev1=1 crypto rx=0 tx=0 comp rx=0 tx=0).handle_hello peer v2:172.21.15.33:3300/0 says I am v2:172.21.15.33:46396/0 (socket says 172.21.15.33:46396)
2024-03-19T02:43:46.244 INFO:teuthology.orchestra.run.smithi033.stdout:/usr/bin/ceph: stderr
2024-03-19T02:43:45.476+0000 7f1cf6ffd700 1 -- 172.21.15.33:0/708353243 learned_addr learned my addr 172.21.15.33:0/708353243 (peer_addr_for_me v2:172.21.15.33:0/0)
2024-03-19T02:43:46.244 INFO:teuthology.orchestra.run.smithi033.stdout:/usr/bin/ceph: stderr
2024-03-19T02:43:45.476+0000 7f1cf6ffd700 1 -- 172.21.15.33:0/708353243 --> [v2:172.21.15.33:3300/0,v1:172.21.15.33:6789/0] -- mon_subscribe({config=0+,monmap=0+}) -- 0x7f1cf8108c60 con 0x7f1cf8107a60
2024-03-19T02:43:46.245 INFO:teuthology.orchestra.run.smithi033.stdout:/usr/bin/ceph: stderr
2024-03-19T02:43:45.476+0000 7f1cf6ffd700 1 --2- 172.21.15.33:0/708353243 >> [v2:172.21.15.33:3300/0,v1:172.21.15.33:6789/0] conn(0x7f1cf8107a60 0x7f1cf8107e80 secure :-1 s=READY pgs=72 cs=0 l=1 rev1=1 crypto rx=0x7f1ce80098a0 tx=0x7f1ce8009bb0 comp rx=0 tx=0).ready entity=mon.0 client_cookie=6329c1af0830378c server_cookie=0 in_seq=0 out_seq=0
2024-03-19T02:43:46.245 INFO:teuthology.orchestra.run.smithi033.stdout:/usr/bin/ceph: stderr
2024-03-19T02:43:45.477+0000 7f1cf5ffb700 1 -- 172.21.15.33:0/708353243 <== mon.0 v2:172.21.15.33:3300/0 1 ==== mon_map magic: 0 ==== 205+0+0 (secure 0 0 0) 0x7f1ce8004160 con 0x7f1cf8107a60
2024-03-19T02:43:46.245 INFO:teuthology.orchestra.run.smithi033.stdout:/usr/bin/ceph: stderr
2024-03-19T02:43:45.477+0000 7f1cf5ffb700 1 -- 172.21.15.33:0/708353243 <== mon.0 v2:172.21.15.33:3300/0 2 ==== config(26 keys) ==== 1102+0+0 (secure 0 0 0) 0x7f1ce8004300 con 0x7f1cf8107a60
2024-03-19T02:43:46.245 INFO:teuthology.orchestra.run.smithi033.stdout:/usr/bin/ceph: stderr
2024-03-19T02:43:45.477+0000 7f1cf5ffb700 1 -- 172.21.15.33:0/708353243 <== mon.0 v2:172.21.15.33:3300/0 3 ==== mon_map magic: 0 ==== 205+0+0 (secure 0 0 0) 0x7f1ce8011a50 con 0x7f1cf8107a60
2024-03-19T02:43:46.245 INFO:teuthology.orchestra.run.smithi033.stdout:/usr/bin/ceph: stderr
2024-03-19T02:43:45.477+0000 7f1cfd930700 1 -- 172.21.15.33:0/708353243 >> [v2:172.21.15.33:3300/0,v1:172.21.15.33:6789/0] conn(0x7f1cf8107a60 msgr2=0x7f1cf8107e80 secure :-1 s=STATE_CONNECTION_ESTABLISHED l=1).mark_down
2024-03-19T02:43:46.245 INFO:teuthology.orchestra.run.smithi033.stdout:/usr/bin/ceph: stderr
2024-03-19T02:43:45.477+0000 7f1cfd930700 1 --2- 172.21.15.33:0/708353243 >> [v2:172.21.15.33:3300/0,v1:172.21.15.33:6789/0] conn(0x7f1cf8107a60 0x7f1cf8107e80 secure :-1 s=READY pgs=72 cs=0 l=1 rev1=1 crypto rx=0x7f1ce80098a0 tx=0x7f1ce8009bb0 comp rx=0 tx=0).stop
2024-03-19T02:43:46.245 INFO:teuthology.orchestra.run.smithi033.stdout:/usr/bin/ceph: stderr
2024-03-19T02:43:45.477+0000 7f1cfd930700 1 -- 172.21.15.33:0/708353243 shutdown_connections
2024-03-19T02:43:46.245 INFO:teuthology.orchestra.run.smithi033.stdout:/usr/bin/ceph: stderr
