2024-03-19T02:48:11.956 INFO:teuthology.orchestra.run.smithi113.stdout:/usr/bin/ceph: stderr
2024-03-19T02:48:11.137+0000 7f7406ffd700 1 --2- 172.21.15.113:0/716962794 >> [v2:172.21.15.113:3300/0,v1:172.21.15.113:6789/0] conn(0x7f7408106f10 0x7f7408107330 secure :-1 s=READY pgs=76 cs=0 l=1 rev1=1 crypto rx=0x7f73f800bb40 tx=0x7f73f800be50 comp rx=0 tx=0).ready entity=mon.0 client_cookie=44f327d65bad532e server_cookie=0 in_seq=0 out_seq=0
2024-03-19T02:48:11.956 INFO:teuthology.orchestra.run.smithi113.stdout:/usr/bin/ceph: stderr
2024-03-19T02:48:11.138+0000 7f7405ffb700 1 -- 172.21.15.113:0/716962794 <== mon.0 v2:172.21.15.113:3300/0 1 ==== mon_map magic: 0 ==== 205+0+0 (secure 0 0 0) 0x7f73f800dbe0 con 0x7f7408106f10
2024-03-19T02:48:11.956 INFO:teuthology.orchestra.run.smithi113.stdout:/usr/bin/ceph: stderr
2024-03-19T02:48:11.138+0000 7f7405ffb700 1 -- 172.21.15.113:0/716962794 <== mon.0 v2:172.21.15.113:3300/0 2 ==== config(29 keys) ==== 1209+0+0 (secure 0 0 0) 0x7f73f8004550 con 0x7f7408106f10
2024-03-19T02:48:11.956 INFO:teuthology.orchestra.run.smithi113.stdout:/usr/bin/ceph: stderr
2024-03-19T02:48:11.138+0000 7f7405ffb700 1 -- 172.21.15.113:0/716962794 <== mon.0 v2:172.21.15.113:3300/0 3 ==== mon_map magic: 0 ==== 205+0+0 (secure 0 0 0) 0x7f73f8010600 con 0x7f7408106f10
2024-03-19T02:48:11.956 INFO:teuthology.orchestra.run.smithi113.stdout:/usr/bin/ceph: stderr
2024-03-19T02:48:11.138+0000 7f740d9b6700 1 -- 172.21.15.113:0/716962794 >> [v2:172.21.15.113:3300/0,v1:172.21.15.113:6789/0] conn(0x7f7408106f10 msgr2=0x7f7408107330 secure :-1 s=STATE_CONNECTION_ESTABLISHED l=1).mark_down
2024-03-19T02:48:11.956 INFO:teuthology.orchestra.run.smithi113.stdout:/usr/bin/ceph: stderr
2024-03-19T02:48:11.138+0000 7f740d9b6700 1 --2- 172.21.15.113:0/716962794 >> [v2:172.21.15.113:3300/0,v1:172.21.15.113:6789/0] conn(0x7f7408106f10 0x7f7408107330 secure :-1 s=READY pgs=76 cs=0 l=1 rev1=1 crypto rx=0x7f73f800bb40 tx=0x7f73f800be50 comp rx=0 tx=0).stop
2024-03-19T02:48:11.956 INFO:teuthology.orchestra.run.smithi113.stdout:/usr/bin/ceph: stderr
2024-03-19T02:48:11.138+0000 7f740d9b6700 1 -- 172.21.15.113:0/716962794 shutdown_connections
2024-03-19T02:48:11.956 INFO:teuthology.orchestra.run.smithi113.stdout:/usr/bin/ceph: stderr
2024-03-19T02:48:11.138+0000 7f740d9b6700 1 --2- 172.21.15.113:0/716962794 >> [v2:172.21.15.113:3300/0,v1:172.21.15.113:6789/0] conn(0x7f7408106f10 0x7f7408107330 unknown :-1 s=CLOSED pgs=76 cs=0 l=1 rev1=1 crypto rx=0 tx=0 comp rx=0 tx=0).stop
2024-03-19T02:48:11.956 INFO:teuthology.orchestra.run.smithi113.stdout:/usr/bin/ceph: stderr
2024-03-19T02:48:11.138+0000 7f740d9b6700 1 -- 172.21.15.113:0/716962794 >> 172.21.15.113:0/716962794 conn(0x7f74081024b0 msgr2=0x7f74081048f0 unknown :-1 s=STATE_NONE l=0).mark_down
2024-03-19T02:48:11.956 INFO:teuthology.orchestra.run.smithi113.stdout:/usr/bin/ceph: stderr
2024-03-19T02:48:11.138+0000 7f740d9b6700 1 -- 172.21.15.113:0/716962794 shutdown_connections
2024-03-19T02:48:11.957 INFO:teuthology.orchestra.run.smithi113.stdout:/usr/bin/ceph: stderr
2024-03-19T02:48:11.138+0000 7f740d9b6700 1 -- 172.21.15.113:0/716962794 wait complete.
2024-03-19T02:48:11.957 INFO:teuthology.orchestra.run.smithi113.stdout:/usr/bin/ceph: stderr
2024-03-19T02:48:11.139+0000 7f740d9b6700 1 Processor -- start
2024-03-19T02:48:11.957 INFO:teuthology.orchestra.run.smithi113.stdout:/usr/bin/ceph: stderr
2024-03-19T02:48:11.139+0000 7f740d9b6700 1 -- start start
2024-03-19T02:48:11.957 INFO:teuthology.orchestra.run.smithi113.stdout:/usr/bin/ceph: stderr
2024-03-19T02:48:11.139+0000 7f740d9b6700 1 --2- >> [v2:172.21.15.113:3300/0,v1:172.21.15.113:6789/0] conn(0x7f7408106f10 0x7f7408199e40 unknown :-1 s=NONE pgs=0 cs=0 l=1 rev1=0 crypto rx=0 tx=0 comp rx=0 tx=0).connect
2024-03-19T02:48:11.957 INFO:teuthology.orchestra.run.smithi113.stdout:/usr/bin/ceph: stderr
2024-03-19T02:48:11.139+0000 7f740d9b6700 1 -- --> [v2:172.21.15.113:3300/0,v1:172.21.15.113:6789/0] -- mon_getmap magic: 0 -- 0x7f740807b0e0 con 0x7f7408106f10
2024-03-19T02:48:11.957 INFO:teuthology.orchestra.run.smithi113.stdout:/usr/bin/ceph: stderr
2024-03-19T02:48:11.139+0000 7f7406ffd700 1 --2- >> [v2:172.21.15.113:3300/0,v1:172.21.15.113:6789/0] conn(0x7f7408106f10 0x7f7408199e40 unknown :-1 s=BANNER_CONNECTING pgs=0 cs=0 l=1 rev1=0 crypto rx=0 tx=0 comp rx=0 tx=0)._handle_peer_banner_payload supported=3 required=0
2024-03-19T02:48:11.957 INFO:teuthology.orchestra.run.smithi113.stdout:/usr/bin/ceph: stderr
2024-03-19T02:48:11.139+0000 7f7406ffd700 1 --2- >> [v2:172.21.15.113:3300/0,v1:172.21.15.113:6789/0] conn(0x7f7408106f10 0x7f7408199e40 unknown :-1 s=HELLO_CONNECTING pgs=0 cs=0 l=1 rev1=1 crypto rx=0 tx=0 comp rx=0 tx=0).handle_hello peer v2:172.21.15.113:3300/0 says I am v2:172.21.15.113:41788/0 (socket says 172.21.15.113:41788)
2024-03-19T02:48:11.957 INFO:teuthology.orchestra.run.smithi113.stdout:/usr/bin/ceph: stderr
2024-03-19T02:48:11.139+0000 7f7406ffd700 1 -- 172.21.15.113:0/3067872168 learned_addr learned my addr 172.21.15.113:0/3067872168 (peer_addr_for_me v2:172.21.15.113:0/0)
2024-03-19T02:48:11.957 INFO:teuthology.orchestra.run.smithi113.stdout:/usr/bin/ceph: stderr
2024-03-19T02:48:11.140+0000 7f7406ffd700 1 -- 172.21.15.113:0/3067872168 --> [v2:172.21.15.113:3300/0,v1:172.21.15.113:6789/0] -- mon_subscribe({config=0+,monmap=0+}) -- 0x7f740819a380 con 0x7f7408106f10
2024-03-19T02:48:11.957 INFO:teuthology.orchestra.run.smithi113.stdout:/usr/bin/ceph: stderr
2024-03-19T02:48:11.140+0000 7f7406ffd700 1 --2- 172.21.15.113:0/3067872168 >> [v2:172.21.15.113:3300/0,v1:172.21.15.113:6789/0] conn(0x7f7408106f10 0x7f7408199e40 secure :-1 s=READY pgs=77 cs=0 l=1 rev1=1 crypto rx=0x7f73f800de20 tx=0x7f73f800df00 comp rx=0 tx=0).ready entity=mon.0 client_cookie=0 server_cookie=0 in_seq=0 out_seq=0
2024-03-19T02:48:11.957 INFO:teuthology.orchestra.run.smithi113.stdout:/usr/bin/ceph: stderr
2024-03-19T02:48:11.140+0000 7f740c9b4700 1 -- 172.21.15.113:0/3067872168 <== mon.0 v2:172.21.15.113:3300/0 1 ==== mon_map magic: 0 ==== 205+0+0 (secure 0 0 0) 0x7f73f8027070 con 0x7f7408106f10
2024-03-19T02:48:11.957 INFO:teuthology.orchestra.run.smithi113.stdout:/usr/bin/ceph: stderr
2024-03-19T02:48:11.140+0000 7f740d9b6700 1 -- 172.21.15.113:0/3067872168 --> [v2:172.21.15.113:3300/0,v1:172.21.15.113:6789/0] -- mon_subscribe({mgrmap=0+}) -- 0x7f740819a610 con 0x7f7408106f10
2024-03-19T02:48:11.958 INFO:teuthology.orchestra.run.smithi113.stdout:/usr/bin/ceph: stderr
2024-03-19T02:48:11.140+0000 7f740c9b4700 1 -- 172.21.15.113:0/3067872168 <== mon.0 v2:172.21.15.113:3300/0 2 ==== config(29 keys) ==== 1209+0+0 (secure 0 0 0) 0x7f73f8010e20 con 0x7f7408106f10
2024-03-19T02:48:11.958 INFO:teuthology.orchestra.run.smithi113.stdout:/usr/bin/ceph: stderr
2024-03-19T02:48:11.140+0000 7f740c9b4700 1 -- 172.21.15.113:0/3067872168 <== mon.0 v2:172.21.15.113:3300/0 3 ==== mon_map magic: 0 ==== 205+0+0 (secure 0 0 0) 0x7f73f80193f0 con 0x7f7408106f10
2024-03-19T02:48:11.958 INFO:teuthology.orchestra.run.smithi113.stdout:/usr/bin/ceph: stderr
2024-03-19T02:48:11.140+0000 7f740d9b6700 1 -- 172.21.15.113:0/3067872168 --> [v2:172.21.15.113:3300/0,v1:172.21.15.113:6789/0] -- mon_subscribe({osdmap=0}) -- 0x7f740819d300 con 0x7f7408106f10
2024-03-19T02:48:11.958 INFO:teuthology.orchestra.run.smithi113.stdout:/usr/bin/ceph: stderr
2024-03-19T02:48:11.141+0000 7f740c9b4700 1 -- 172.21.15.113:0/3067872168 <== mon.0 v2:172.21.15.113:3300/0 4 ==== mgrmap(e 13) ==== 46163+0+0 (secure 0 0 0) 0x7f73f802a070 con 0x7f7408106f10
2024-03-19T02:48:11.958 INFO:teuthology.orchestra.run.smithi113.stdout:/usr/bin/ceph: stderr
2024-03-19T02:48:11.141+0000 7f740c9b4700 1 --2- 172.21.15.113:0/3067872168 >> [v2:172.21.15.113:6800/3732410422,v1:172.21.15.113:6801/3732410422] conn(0x7f73f0038fc0 0x7f73f003b480 unknown :-1 s=NONE pgs=0 cs=0 l=1 rev1=0 crypto rx=0 tx=0 comp rx=0 tx=0).connect
2024-03-19T02:48:11.958 INFO:teuthology.orchestra.run.smithi113.stdout:/usr/bin/ceph: stderr
2024-03-19T02:48:11.141+0000 7f740c9b4700 1 -- 172.21.15.113:0/3067872168 <== mon.0 v2:172.21.15.113:3300/0 5 ==== osd_map(3..3 src has 1..3) ==== 1155+0+0 (secure 0 0 0) 0x7f73f801f070 con 0x7f7408106f10
2024-03-19T02:48:11.958 INFO:teuthology.orchestra.run.smithi113.stdout:/usr/bin/ceph: stderr
2024-03-19T02:48:11.141+0000 7f740d9b6700 1 -- 172.21.15.113:0/3067872168 --> [v2:172.21.15.113:3300/0,v1:172.21.15.113:6789/0] -- mon_command({"prefix": "get_command_descriptions"} v 0) -- 0x7f7408063940 con 0x7f7408106f10
2024-03-19T02:48:11.958 INFO:teuthology.orchestra.run.smithi113.stdout:/usr/bin/ceph: stderr
2024-03-19T02:48:11.141+0000 7f74067fc700 1 --2- 172.21.15.113:0/3067872168 >> [v2:172.21.15.113:6800/3732410422,v1:172.21.15.113:6801/3732410422] conn(0x7f73f0038fc0 0x7f73f003b480 unknown :-1 s=BANNER_CONNECTING pgs=0 cs=0 l=1 rev1=0 crypto rx=0 tx=0 comp rx=0 tx=0)._handle_peer_banner_payload supported=3 required=0
2024-03-19T02:48:11.958 INFO:teuthology.orchestra.run.smithi113.stdout:/usr/bin/ceph: stderr
2024-03-19T02:48:11.141+0000 7f74067fc700 1 --2- 172.21.15.113:0/3067872168 >> [v2:172.21.15.113:6800/3732410422,v1:172.21.15.113:6801/3732410422] conn(0x7f73f0038fc0 0x7f73f003b480 secure :-1 s=READY pgs=10 cs=0 l=1 rev1=1 crypto rx=0x7f73fc006fd0 tx=0x7f73fc006e40 comp rx=0 tx=0).ready entity=mgr.14152 client_cookie=0 server_cookie=0 in_seq=0 out_seq=0
2024-03-19T02:48:11.958 INFO:teuthology.orchestra.run.smithi113.stdout:/usr/bin/ceph: stderr
2024-03-19T02:48:11.146+0000 7f740c9b4700 1 -- 172.21.15.113:0/3067872168 <== mon.0 v2:172.21.15.113:3300/0 6 ==== mon_command_ack([{"prefix": "get_command_descriptions"}]=0 v0) ==== 72+0+186149 (secure 0 0 0) 0x7f73f8015070 con 0x7f7408106f10
2024-03-19T02:48:11.958 INFO:teuthology.orchestra.run.smithi113.stdout:/usr/bin/ceph: stderr
2024-03-19T02:48:11.340+0000 7f740d9b6700 1 -- 172.21.15.113:0/3067872168 --> [v2:172.21.15.113:3300/0,v1:172.21.15.113:6789/0] -- mon_command([{prefix=config set, name=osd_memory_target_autotune}] v 0) -- 0x7f7408193300 con 0x7f7408106f10
2024-03-19T02:48:11.958 INFO:teuthology.orchestra.run.smithi113.stdout:/usr/bin/ceph: stderr
2024-03-19T02:48:11.341+0000 7f740c9b4700 1 -- 172.21.15.113:0/3067872168 <== mon.0 v2:172.21.15.113:3300/0 7 ==== mon_command_ack([{prefix=config set, name=osd_memory_target_autotune}]=0 v8)=0 v8) ==== 127+0+0 (secure 0 0 0) 0x7f7408193300 con 0x7f7408106f10
2024-03-19T02:48:11.958 INFO:teuthology.orchestra.run.smithi113.stdout:/usr/bin/ceph: stderr
2024-03-19T02:48:11.343+0000 7f740d9b6700 1 -- 172.21.15.113:0/3067872168 >> [v2:172.21.15.113:6800/3732410422,v1:172.21.15.113:6801/3732410422] conn(0x7f73f0038fc0 msgr2=0x7f73f003b480 secure :-1 s=STATE_CONNECTION_ESTABLISHED l=1).mark_down
2024-03-19T02:48:11.958 INFO:teuthology.orchestra.run.smithi113.stdout:/usr/bin/ceph: stderr
2024-03-19T02:48:11.343+0000 7f740d9b6700 1 --2- 172.21.15.113:0/3067872168 >> [v2:172.21.15.113:6800/3732410422,v1:172.21.15.113:6801/3732410422] conn(0x7f73f0038fc0 0x7f73f003b480 secure :-1 s=READY pgs=10 cs=0 l=1 rev1=1 crypto rx=0x7f73fc006fd0 tx=0x7f73fc006e40 comp rx=0 tx=0).stop
2024-03-19T02:48:11.959 INFO:teuthology.orchestra.run.smithi113.stdout:/usr/bin/ceph: stderr
2024-03-19T02:48:11.343+0000 7f740d9b6700 1 -- 172.21.15.113:0/3067872168 >> [v2:172.21.15.113:3300/0,v1:172.21.15.113:6789/0] conn(0x7f7408106f10 msgr2=0x7f7408199e40 secure :-1 s=STATE_CONNECTION_ESTABLISHED l=1).mark_down
2024-03-19T02:48:11.959 INFO:teuthology.orchestra.run.smithi113.stdout:/usr/bin/ceph: stderr
2024-03-19T02:48:11.343+0000 7f740d9b6700 1 --2- 172.21.15.113:0/3067872168 >> [v2:172.21.15.113:3300/0,v1:172.21.15.113:6789/0] conn(0x7f7408106f10 0x7f7408199e40 secure :-1 s=READY pgs=77 cs=0 l=1 rev1=1 crypto rx=0x7f73f800de20 tx=0x7f73f800df00 comp rx=0 tx=0).stop
2024-03-19T02:48:11.959 INFO:teuthology.orchestra.run.smithi113.stdout:/usr/bin/ceph: stderr
2024-03-19T02:48:11.343+0000 7f740d9b6700 1 -- 172.21.15.113:0/3067872168 shutdown_connections
2024-03-19T02:48:11.959 INFO:teuthology.orchestra.run.smithi113.stdout:/usr/bin/ceph: stderr
2024-03-19T02:48:11.343+0000 7f740d9b6700 1 --2- 172.21.15.113:0/3067872168 >> [v2:172.21.15.113:6800/3732410422,v1:172.21.15.113:6801/3732410422] conn(0x7f73f0038fc0 0x7f73f003b480 unknown :-1 s=CLOSED pgs=10 cs=0 l=1 rev1=1 crypto rx=0 tx=0 comp rx=0 tx=0).stop
2024-03-19T02:48:11.959 INFO:teuthology.orchestra.run.smithi113.stdout:/usr/bin/ceph: stderr
2024-03-19T02:48:11.343+0000 7f740d9b6700 1 --2- 172.21.15.113:0/3067872168 >> [v2:172.21.15.113:3300/0,v1:172.21.15.113:6789/0] conn(0x7f7408106f10 0x7f7408199e40 unknown :-1 s=CLOSED pgs=77 cs=0 l=1 rev1=1 crypto rx=0 tx=0 comp rx=0 tx=0).stop
2024-03-19T02:48:11.959 INFO:teuthology.orchestra.run.smithi113.stdout:/usr/bin/ceph: stderr
2024-03-19T02:48:11.343+0000 7f740d9b6700 1 -- 172.21.15.113:0/3067872168 >> 172.21.15.113:0/3067872168 conn(0x7f74081024b0 msgr2=0x7f74081903e0 unknown :-1 s=STATE_NONE l=0).mark_down
2024-03-19T02:48:11.959 INFO:teuthology.orchestra.run.smithi113.stdout:/usr/bin/ceph: stderr
2024-03-19T02:48:11.343+0000 7f740d9b6700 1 -- 172.21.15.113:0/3067872168 shutdown_connections
2024-03-19T02:48:11.959 INFO:teuthology.orchestra.run.smithi113.stdout:/usr/bin/ceph: stderr
2024-03-19T02:48:11.343+0000 7f740d9b6700 1 -- 172.21.15.113:0/3067872168 wait complete.
2024-03-19T02:48:13.257 INFO:teuthology.orchestra.run.smithi113.stdout:/usr/bin/ceph: stderr
2024-03-19T02:48:12.351+0000 7f718b563700 1 Processor -- start
2024-03-19T02:48:13.263 INFO:teuthology.orchestra.run.smithi113.stdout:/usr/bin/ceph: stderr
2024-03-19T02:48:12.351+0000 7f718b563700 1 -- start start
2024-03-19T02:48:13.263 INFO:teuthology.orchestra.run.smithi113.stdout:/usr/bin/ceph: stderr
2024-03-19T02:48:12.351+0000 7f718b563700 1 --2- >> [v2:172.21.15.113:3300/0,v1:172.21.15.113:6789/0] conn(0x7f718407dd40 0x7f718407c2b0 unknown :-1 s=NONE pgs=0 cs=0 l=0 rev1=0 crypto rx=0 tx=0 comp rx=0 tx=0).connect
2024-03-19T02:48:13.263 INFO:teuthology.orchestra.run.smithi113.stdout:/usr/bin/ceph: stderr
2024-03-19T02:48:12.351+0000 7f718b563700 1 -- --> [v2:172.21.15.113:3300/0,v1:172.21.15.113:6789/0] -- mon_getmap magic: 0 -- 0x7f718407c7f0 con 0x7f718407dd40
2024-03-19T02:48:13.263 INFO:teuthology.orchestra.run.smithi113.stdout:/usr/bin/ceph: stderr
2024-03-19T02:48:12.351+0000 7f71892ff700 1 --2- >> [v2:172.21.15.113:3300/0,v1:172.21.15.113:6789/0] conn(0x7f718407dd40 0x7f718407c2b0 unknown :-1 s=BANNER_CONNECTING pgs=0 cs=0 l=0 rev1=0 crypto rx=0 tx=0 comp rx=0 tx=0)._handle_peer_banner_payload supported=3 required=0
2024-03-19T02:48:13.263 INFO:teuthology.orchestra.run.smithi113.stdout:/usr/bin/ceph: stderr
2024-03-19T02:48:12.351+0000 7f71892ff700 1 --2- >> [v2:172.21.15.113:3300/0,v1:172.21.15.113:6789/0] conn(0x7f718407dd40 0x7f718407c2b0 unknown :-1 s=HELLO_CONNECTING pgs=0 cs=0 l=0 rev1=1 crypto rx=0 tx=0 comp rx=0 tx=0).handle_hello peer v2:172.21.15.113:3300/0 says I am v2:172.21.15.113:41802/0 (socket says 172.21.15.113:41802)
2024-03-19T02:48:13.263 INFO:teuthology.orchestra.run.smithi113.stdout:/usr/bin/ceph: stderr
2024-03-19T02:48:12.351+0000 7f71892ff700 1 -- 172.21.15.113:0/2005705964 learned_addr learned my addr 172.21.15.113:0/2005705964 (peer_addr_for_me v2:172.21.15.113:0/0)
2024-03-19T02:48:13.263 INFO:teuthology.orchestra.run.smithi113.stdout:/usr/bin/ceph: stderr
2024-03-19T02:48:12.351+0000 7f71892ff700 1 -- 172.21.15.113:0/2005705964 --> [v2:172.21.15.113:3300/0,v1:172.21.15.113:6789/0] -- mon_subscribe({config=0+,monmap=0+}) -- 0x7f718407c970 con 0x7f718407dd40
2024-03-19T02:48:13.263 INFO:teuthology.orchestra.run.smithi113.stdout:/usr/bin/ceph: stderr
2024-03-19T02:48:12.351+0000 7f71892ff700 1 --2- 172.21.15.113:0/2005705964 >> [v2:172.21.15.113:3300/0,v1:172.21.15.113:6789/0] conn(0x7f718407dd40 0x7f718407c2b0 secure :-1 s=READY pgs=78 cs=0 l=1 rev1=1 crypto rx=0x7f71800098a0 tx=0x7f7180009bb0 comp rx=0 tx=0).ready entity=mon.0 client_cookie=d2053ef464beb818 server_cookie=0 in_seq=0 out_seq=0
2024-03-19T02:48:13.263 INFO:teuthology.orchestra.run.smithi113.stdout:/usr/bin/ceph: stderr
2024-03-19T02:48:12.352+0000 7f7177fff700 1 -- 172.21.15.113:0/2005705964 <== mon.0 v2:172.21.15.113:3300/0 1 ==== mon_map magic: 0 ==== 205+0+0 (secure 0 0 0) 0x7f7180004160 con 0x7f718407dd40
2024-03-19T02:48:13.264 INFO:teuthology.orchestra.run.smithi113.stdout:/usr/bin/ceph: stderr
2024-03-19T02:48:12.352+0000 7f7177fff700 1 -- 172.21.15.113:0/2005705964 <== mon.0 v2:172.21.15.113:3300/0 2 ==== config(29 keys) ==== 1209+0+0 (secure 0 0 0) 0x7f7180004300 con 0x7f718407dd40
2024-03-19T02:48:13.264 INFO:teuthology.orchestra.run.smithi113.stdout:/usr/bin/ceph: stderr
2024-03-19T02:48:12.352+0000 7f7177fff700 1 -- 172.21.15.113:0/2005705964 <== mon.0 v2:172.21.15.113:3300/0 3 ==== mon_map magic: 0 ==== 205+0+0 (secure 0 0 0) 0x7f7180011c70 con 0x7f718407dd40
2024-03-19T02:48:13.264 INFO:teuthology.orchestra.run.smithi113.stdout:/usr/bin/ceph: stderr
2024-03-19T02:48:12.352+0000 7f718b563700 1 -- 172.21.15.113:0/2005705964 >> [v2:172.21.15.113:3300/0,v1:172.21.15.113:6789/0] conn(0x7f718407dd40 msgr2=0x7f718407c2b0 secure :-1 s=STATE_CONNECTION_ESTABLISHED l=1).mark_down
2024-03-19T02:48:13.264 INFO:teuthology.orchestra.run.smithi113.stdout:/usr/bin/ceph: stderr
2024-03-19T02:48:12.352+0000 7f718b563700 1 --2- 172.21.15.113:0/2005705964 >> [v2:172.21.15.113:3300/0,v1:172.21.15.113:6789/0] conn(0x7f718407dd40 0x7f718407c2b0 secure :-1 s=READY pgs=78 cs=0 l=1 rev1=1 crypto rx=0x7f71800098a0 tx=0x7f7180009bb0 comp rx=0 tx=0).stop
2024-03-19T02:48:13.264 INFO:teuthology.orchestra.run.smithi113.stdout:/usr/bin/ceph: stderr
2024-03-19T02:48:12.352+0000 7f718b563700 1 -- 172.21.15.113:0/2005705964 shutdown_connections
2024-03-19T02:48:13.264 INFO:teuthology.orchestra.run.smithi113.stdout:/usr/bin/ceph: stderr
2024-03-19T02:48:12.352+0000 7f718b563700 1 --2- 172.21.15.113:0/2005705964 >> [v2:172.21.15.113:3300/0,v1:172.21.15.113:6789/0] conn(0x7f718407dd40 0x7f718407c2b0 unknown :-1 s=CLOSED pgs=78 cs=0 l=1 rev1=1 crypto rx=0 tx=0 comp rx=0 tx=0).stop
2024-03-19T02:48:13.264 INFO:teuthology.orchestra.run.smithi113.stdout:/usr/bin/ceph: stderr
2024-03-19T02:48:12.352+0000 7f718b563700 1 -- 172.21.15.113:0/2005705964 >> 172.21.15.113:0/2005705964 conn(0x7f7184103740 msgr2=0x7f7184105b60 unknown :-1 s=STATE_NONE l=0).mark_down
2024-03-19T02:48:13.264 INFO:teuthology.orchestra.run.smithi113.stdout:/usr/bin/ceph: stderr
2024-03-19T02:48:12.352+0000 7f718b563700 1 -- 172.21.15.113:0/2005705964 shutdown_connections
2024-03-19T02:48:13.264 INFO:teuthology.orchestra.run.smithi113.stdout:/usr/bin/ceph: stderr
2024-03-19T02:48:12.352+0000 7f718b563700 1 -- 172.21.15.113:0/2005705964 wait complete.
2024-03-19T02:48:13.264 INFO:teuthology.orchestra.run.smithi113.stdout:/usr/bin/ceph: stderr
2024-03-19T02:48:12.353+0000 7f718b563700 1 Processor -- start
2024-03-19T02:48:13.264 INFO:teuthology.orchestra.run.smithi113.stdout:/usr/bin/ceph: stderr
2024-03-19T02:48:12.353+0000 7f718b563700 1 -- start start
2024-03-19T02:48:13.264 INFO:teuthology.orchestra.run.smithi113.stdout:/usr/bin/ceph: stderr
2024-03-19T02:48:12.353+0000 7f718b563700 1 --2- >> [v2:172.21.15.113:3300/0,v1:172.21.15.113:6789/0] conn(0x7f718407dd40 0x7f718419e260 unknown :-1 s=NONE pgs=0 cs=0 l=1 rev1=0 crypto rx=0 tx=0 comp rx=0 tx=0).connect
2024-03-19T02:48:13.264 INFO:teuthology.orchestra.run.smithi113.stdout:/usr/bin/ceph: stderr
2024-03-19T02:48:12.353+0000 7f718b563700 1 -- --> [v2:172.21.15.113:3300/0,v1:172.21.15.113:6789/0] -- mon_getmap magic: 0 -- 0x7f718410e5d0 con 0x7f718407dd40
2024-03-19T02:48:13.265 INFO:teuthology.orchestra.run.smithi113.stdout:/usr/bin/ceph: stderr
2024-03-19T02:48:12.353+0000 7f71892ff700 1 --2- >> [v2:172.21.15.113:3300/0,v1:172.21.15.113:6789/0] conn(0x7f718407dd40 0x7f718419e260 unknown :-1 s=BANNER_CONNECTING pgs=0 cs=0 l=1 rev1=0 crypto rx=0 tx=0 comp rx=0 tx=0)._handle_peer_banner_payload supported=3 required=0
2024-03-19T02:48:13.265 INFO:teuthology.orchestra.run.smithi113.stdout:/usr/bin/ceph: stderr
2024-03-19T02:48:12.353+0000 7f71892ff700 1 --2- >> [v2:172.21.15.113:3300/0,v1:172.21.15.113:6789/0] conn(0x7f718407dd40 0x7f718419e260 unknown :-1 s=HELLO_CONNECTING pgs=0 cs=0 l=1 rev1=1 crypto rx=0 tx=0 comp rx=0 tx=0).handle_hello peer v2:172.21.15.113:3300/0 says I am v2:172.21.15.113:41804/0 (socket says 172.21.15.113:41804)
2024-03-19T02:48:13.265 INFO:teuthology.orchestra.run.smithi113.stdout:/usr/bin/ceph: stderr
2024-03-19T02:48:12.353+0000 7f71892ff700 1 -- 172.21.15.113:0/2239074716 learned_addr learned my addr 172.21.15.113:0/2239074716 (peer_addr_for_me v2:172.21.15.113:0/0)
2024-03-19T02:48:13.265 INFO:teuthology.orchestra.run.smithi113.stdout:/usr/bin/ceph: stderr
2024-03-19T02:48:12.353+0000 7f71892ff700 1 -- 172.21.15.113:0/2239074716 --> [v2:172.21.15.113:3300/0,v1:172.21.15.113:6789/0] -- mon_subscribe({config=0+,monmap=0+}) -- 0x7f718419e7a0 con 0x7f718407dd40
2024-03-19T02:48:13.265 INFO:teuthology.orchestra.run.smithi113.stdout:/usr/bin/ceph: stderr
2024-03-19T02:48:12.354+0000 7f71892ff700 1 --2- 172.21.15.113:0/2239074716 >> [v2:172.21.15.113:3300/0,v1:172.21.15.113:6789/0] conn(0x7f718407dd40 0x7f718419e260 secure :-1 s=READY pgs=79 cs=0 l=1 rev1=1 crypto rx=0x7f7180011930 tx=0x7f7180011cf0 comp rx=0 tx=0).ready entity=mon.0 client_cookie=0 server_cookie=0 in_seq=0 out_seq=0
2024-03-19T02:48:13.265 INFO:teuthology.orchestra.run.smithi113.stdout:/usr/bin/ceph: stderr
2024-03-19T02:48:12.354+0000 7f71767fc700 1 -- 172.21.15.113:0/2239074716 <== mon.0 v2:172.21.15.113:3300/0 1 ==== mon_map magic: 0 ==== 205+0+0 (secure 0 0 0) 0x7f71800039e0 con 0x7f718407dd40
2024-03-19T02:48:13.265 INFO:teuthology.orchestra.run.smithi113.stdout:/usr/bin/ceph: stderr
2024-03-19T02:48:12.354+0000 7f718b563700 1 -- 172.21.15.113:0/2239074716 --> [v2:172.21.15.113:3300/0,v1:172.21.15.113:6789/0] -- mon_subscribe({mgrmap=0+}) -- 0x7f718419ea30 con 0x7f718407dd40
2024-03-19T02:48:13.265 INFO:teuthology.orchestra.run.smithi113.stdout:/usr/bin/ceph: stderr
2024-03-19T02:48:12.354+0000 7f71767fc700 1 -- 172.21.15.113:0/2239074716 <== mon.0 v2:172.21.15.113:3300/0 2 ==== config(29 keys) ==== 1209+0+0 (secure 0 0 0) 0x7f7180003b80 con 0x7f718407dd40
2024-03-19T02:48:13.265 INFO:teuthology.orchestra.run.smithi113.stdout:/usr/bin/ceph: stderr
2024-03-19T02:48:12.354+0000 7f71767fc700 1 -- 172.21.15.113:0/2239074716 <== mon.0 v2:172.21.15.113:3300/0 3 ==== mon_map magic: 0 ==== 205+0+0 (secure 0 0 0) 0x7f7180024760 con 0x7f718407dd40
2024-03-19T02:48:13.265 INFO:teuthology.orchestra.run.smithi113.stdout:/usr/bin/ceph: stderr
2024-03-19T02:48:12.354+0000 7f718b563700 1 -- 172.21.15.113:0/2239074716 --> [v2:172.21.15.113:3300/0,v1:172.21.15.113:6789/0] -- mon_subscribe({osdmap=0}) -- 0x7f71841a1720 con 0x7f718407dd40
2024-03-19T02:48:13.265 INFO:teuthology.orchestra.run.smithi113.stdout:/usr/bin/ceph: stderr
2024-03-19T02:48:12.355+0000 7f71767fc700 1 -- 172.21.15.113:0/2239074716 <== mon.0 v2:172.21.15.113:3300/0 4 ==== mgrmap(e 13) ==== 46163+0+0 (secure 0 0 0) 0x7f7180022020 con 0x7f718407dd40
2024-03-19T02:48:13.265 INFO:teuthology.orchestra.run.smithi113.stdout:/usr/bin/ceph: stderr
2024-03-19T02:48:12.355+0000 7f718b563700 1 -- 172.21.15.113:0/2239074716 --> [v2:172.21.15.113:3300/0,v1:172.21.15.113:6789/0] -- mon_command({"prefix": "get_command_descriptions"} v 0) -- 0x7f7184063940 con 0x7f718407dd40
2024-03-19T02:48:13.265 INFO:teuthology.orchestra.run.smithi113.stdout:/usr/bin/ceph: stderr
2024-03-19T02:48:12.355+0000 7f71767fc700 1 --2- 172.21.15.113:0/2239074716 >> [v2:172.21.15.113:6800/3732410422,v1:172.21.15.113:6801/3732410422] conn(0x7f7170038fc0 0x7f717003b480 unknown :-1 s=NONE pgs=0 cs=0 l=1 rev1=0 crypto rx=0 tx=0 comp rx=0 tx=0).connect
2024-03-19T02:48:13.265 INFO:teuthology.orchestra.run.smithi113.stdout:/usr/bin/ceph: stderr
2024-03-19T02:48:12.355+0000 7f71767fc700 1 -- 172.21.15.113:0/2239074716 <== mon.0 v2:172.21.15.113:3300/0 5 ==== osd_map(3..3 src has 1..3) ==== 1155+0+0 (secure 0 0 0) 0x7f718004d090 con 0x7f718407dd40
2024-03-19T02:48:13.266 INFO:teuthology.orchestra.run.smithi113.stdout:/usr/bin/ceph: stderr
2024-03-19T02:48:12.355+0000 7f7188afe700 1 --2- 172.21.15.113:0/2239074716 >> [v2:172.21.15.113:6800/3732410422,v1:172.21.15.113:6801/3732410422] conn(0x7f7170038fc0 0x7f717003b480 unknown :-1 s=BANNER_CONNECTING pgs=0 cs=0 l=1 rev1=0 crypto rx=0 tx=0 comp rx=0 tx=0)._handle_peer_banner_payload supported=3 required=0
2024-03-19T02:48:13.266 INFO:teuthology.orchestra.run.smithi113.stdout:/usr/bin/ceph: stderr
2024-03-19T02:48:12.355+0000 7f7188afe700 1 --2- 172.21.15.113:0/2239074716 >> [v2:172.21.15.113:6800/3732410422,v1:172.21.15.113:6801/3732410422] conn(0x7f7170038fc0 0x7f717003b480 secure :-1 s=READY pgs=11 cs=0 l=1 rev1=1 crypto rx=0x7f7178006fd0 tx=0x7f7178006e40 comp rx=0 tx=0).ready entity=mgr.14152 client_cookie=0 server_cookie=0 in_seq=0 out_seq=0
2024-03-19T02:48:13.266 INFO:teuthology.orchestra.run.smithi113.stdout:/usr/bin/ceph: stderr
2024-03-19T02:48:12.360+0000 7f71767fc700 1 -- 172.21.15.113:0/2239074716 <== mon.0 v2:172.21.15.113:3300/0 6 ==== mon_command_ack([{"prefix": "get_command_descriptions"}]=0 v0) ==== 72+0+186149 (secure 0 0 0) 0x7f71800249d0 con 0x7f718407dd40
2024-03-19T02:48:13.266 INFO:teuthology.orchestra.run.smithi113.stdout:/usr/bin/ceph: stderr
2024-03-19T02:48:12.659+0000 7f718b563700 1 -- 172.21.15.113:0/2239074716 --> [v2:172.21.15.113:3300/0,v1:172.21.15.113:6789/0] -- mon_command([{prefix=config-key set, key=mgr/dashboard/cluster/status}] v 0) -- 0x7f71841a1cd0 con 0x7f718407dd40
2024-03-19T02:48:13.266 INFO:teuthology.orchestra.run.smithi113.stdout:/usr/bin/ceph: stderr
2024-03-19T02:48:12.661+0000 7f71767fc700 1 -- 172.21.15.113:0/2239074716 <== mon.0 v2:172.21.15.113:3300/0 7 ==== mon_command_ack([{prefix=config-key set, key=mgr/dashboard/cluster/status}]=0 set mgr/dashboard/cluster/status v28)=0 set mgr/dashboard/cluster/status v28) ==== 153+0+0 (secure 0 0 0) 0x7f7180003d30 con 0x7f718407dd40
2024-03-19T02:48:13.266 INFO:teuthology.orchestra.run.smithi113.stdout:/usr/bin/ceph: stderr
2024-03-19T02:48:12.664+0000 7f718b563700 1 -- 172.21.15.113:0/2239074716 >> [v2:172.21.15.113:6800/3732410422,v1:172.21.15.113:6801/3732410422] conn(0x7f7170038fc0 msgr2=0x7f717003b480 secure :-1 s=STATE_CONNECTION_ESTABLISHED l=1).mark_down
2024-03-19T02:48:13.266 INFO:teuthology.orchestra.run.smithi113.stdout:/usr/bin/ceph: stderr
2024-03-19T02:48:12.664+0000 7f718b563700 1 --2- 172.21.15.113:0/2239074716 >> [v2:172.21.15.113:6800/3732410422,v1:172.21.15.113:6801/3732410422] conn(0x7f7170038fc0 0x7f717003b480 secure :-1 s=READY pgs=11 cs=0 l=1 rev1=1 crypto rx=0x7f7178006fd0 tx=0x7f7178006e40 comp rx=0 tx=0).stop
2024-03-19T02:48:13.266 INFO:teuthology.orchestra.run.smithi113.stdout:/usr/bin/ceph: stderr
2024-03-19T02:48:12.664+0000 7f718b563700 1 -- 172.21.15.113:0/2239074716 >> [v2:172.21.15.113:3300/0,v1:172.21.15.113:6789/0] conn(0x7f718407dd40 msgr2=0x7f718419e260 secure :-1 s=STATE_CONNECTION_ESTABLISHED l=1).mark_down
2024-03-19T02:48:13.266 INFO:teuthology.orchestra.run.smithi113.stdout:/usr/bin/ceph: stderr
2024-03-19T02:48:12.664+0000 7f718b563700 1 --2- 172.21.15.113:0/2239074716 >> [v2:172.21.15.113:3300/0,v1:172.21.15.113:6789/0] conn(0x7f718407dd40 0x7f718419e260 secure :-1 s=READY pgs=79 cs=0 l=1 rev1=1 crypto rx=0x7f7180011930 tx=0x7f7180011cf0 comp rx=0 tx=0).stop
2024-03-19T02:48:13.266 INFO:teuthology.orchestra.run.smithi113.stdout:/usr/bin/ceph: stderr
2024-03-19T02:48:12.664+0000 7f718b563700 1 -- 172.21.15.113:0/2239074716 shutdown_connections
2024-03-19T02:48:13.266 INFO:teuthology.orchestra.run.smithi113.stdout:/usr/bin/ceph: stderr
2024-03-19T02:48:12.664+0000 7f718b563700 1 --2- 172.21.15.113:0/2239074716 >> [v2:172.21.15.113:6800/3732410422,v1:172.21.15.113:6801/3732410422] conn(0x7f7170038fc0 0x7f717003b480 unknown :-1 s=CLOSED pgs=11 cs=0 l=1 rev1=1 crypto rx=0 tx=0 comp rx=0 tx=0).stop
2024-03-19T02:48:13.266 INFO:teuthology.orchestra.run.smithi113.stdout:/usr/bin/ceph: stderr
2024-03-19T02:48:12.664+0000 7f718b563700 1 --2- 172.21.15.113:0/2239074716 >> [v2:172.21.15.113:3300/0,v1:172.21.15.113:6789/0] conn(0x7f718407dd40 0x7f718419e260 unknown :-1 s=CLOSED pgs=79 cs=0 l=1 rev1=1 crypto rx=0 tx=0 comp rx=0 tx=0).stop
2024-03-19T02:48:13.266 INFO:teuthology.orchestra.run.smithi113.stdout:/usr/bin/ceph: stderr
2024-03-19T02:48:12.664+0000 7f718b563700 1 -- 172.21.15.113:0/2239074716 >> 172.21.15.113:0/2239074716 conn(0x7f7184103740 msgr2=0x7f7184104250 unknown :-1 s=STATE_NONE l=0).mark_down
2024-03-19T02:48:13.267 INFO:teuthology.orchestra.run.smithi113.stdout:/usr/bin/ceph: stderr
2024-03-19T02:48:12.664+0000 7f718b563700 1 -- 172.21.15.113:0/2239074716 shutdown_connections
2024-03-19T02:48:13.267 INFO:teuthology.orchestra.run.smithi113.stdout:/usr/bin/ceph: stderr
2024-03-19T02:48:12.664+0000 7f718b563700 1 -- 172.21.15.113:0/2239074716 wait complete.
2024-03-19T02:48:13.267 INFO:teuthology.orchestra.run.smithi113.stdout:/usr/bin/ceph: stderr set mgr/dashboard/cluster/status
2024-03-19T02:48:13.267 INFO:teuthology.orchestra.run.smithi113.stdout:You can access the Ceph CLI as following in case of multi-cluster or non-default config:
2024-03-19T02:48:13.267 INFO:teuthology.orchestra.run.smithi113.stdout:
2024-03-19T02:48:13.267 INFO:teuthology.orchestra.run.smithi113.stdout: sudo /home/ubuntu/cephtest/cephadm shell --fsid d221767a-e59a-11ee-95c9-87774f69a715 -c /etc/ceph/ceph.conf -k /etc/ceph/ceph.client.admin.keyring
2024-03-19T02:48:13.267 INFO:teuthology.orchestra.run.smithi113.stdout:
2024-03-19T02:48:13.267 INFO:teuthology.orchestra.run.smithi113.stdout:Or, if you are only running a single cluster on this host:
2024-03-19T02:48:13.267 INFO:teuthology.orchestra.run.smithi113.stdout:
2024-03-19T02:48:13.267 INFO:teuthology.orchestra.run.smithi113.stdout: sudo /home/ubuntu/cephtest/cephadm shell
2024-03-19T02:48:13.268 INFO:teuthology.orchestra.run.smithi113.stdout:
2024-03-19T02:48:13.268 INFO:teuthology.orchestra.run.smithi113.stdout:Please consider enabling telemetry to help improve Ceph:
2024-03-19T02:48:13.268 INFO:teuthology.orchestra.run.smithi113.stdout:
2024-03-19T02:48:13.268 INFO:teuthology.orchestra.run.smithi113.stdout: ceph telemetry on
2024-03-19T02:48:13.268 INFO:teuthology.orchestra.run.smithi113.stdout:
2024-03-19T02:48:13.268 INFO:teuthology.orchestra.run.smithi113.stdout:For more information see:
2024-03-19T02:48:13.268 INFO:teuthology.orchestra.run.smithi113.stdout:
2024-03-19T02:48:13.268 INFO:teuthology.orchestra.run.smithi113.stdout: https://docs.ceph.com/en/latest/mgr/telemetry/
2024-03-19T02:48:13.268 INFO:teuthology.orchestra.run.smithi113.stdout:
2024-03-19T02:48:13.268 INFO:teuthology.orchestra.run.smithi113.stdout:Bootstrap complete.
2024-03-19T02:48:13.306 INFO:tasks.cephadm:Fetching config...
2024-03-19T02:48:13.307 DEBUG:teuthology.orchestra.run.smithi113:> set -ex
2024-03-19T02:48:13.307 DEBUG:teuthology.orchestra.run.smithi113:> dd if=/etc/ceph/ceph.conf of=/dev/stdout
2024-03-19T02:48:13.330 INFO:tasks.cephadm:Fetching client.admin keyring...
2024-03-19T02:48:13.331 DEBUG:teuthology.orchestra.run.smithi113:> set -ex
2024-03-19T02:48:13.331 DEBUG:teuthology.orchestra.run.smithi113:> dd if=/etc/ceph/ceph.client.admin.keyring of=/dev/stdout
2024-03-19T02:48:13.390 INFO:tasks.cephadm:Fetching mon keyring...
2024-03-19T02:48:13.391 DEBUG:teuthology.orchestra.run.smithi113:> set -ex
2024-03-19T02:48:13.391 DEBUG:teuthology.orchestra.run.smithi113:> sudo dd if=/var/lib/ceph/d221767a-e59a-11ee-95c9-87774f69a715/mon.a/keyring of=/dev/stdout
2024-03-19T02:48:13.458 INFO:tasks.cephadm:Fetching pub ssh key...
2024-03-19T02:48:13.458 DEBUG:teuthology.orchestra.run.smithi113:> set -ex
2024-03-19T02:48:13.458 DEBUG:teuthology.orchestra.run.smithi113:> dd if=/home/ubuntu/cephtest/ceph.pub of=/dev/stdout
2024-03-19T02:48:13.514 INFO:tasks.cephadm:Installing pub ssh key for root users...
2024-03-19T02:48:13.514 DEBUG:teuthology.orchestra.run.smithi113:> sudo install -d -m 0700 /root/.ssh && echo 'ssh-rsa AAAAB3NzaC1yc2EAAAADAQABAAABgQDOPVgrerDYmBDiraVWvuLGxSQiteaai9A6XMJmOH/m6/ZGC3KeKOYpD5ZmpYB7toaCF/1vZHZDCtOZpwmsTlq3mVLYOBo+66uDfmbLJlQSnoOyLAfD97O2sqvKONsM2bSnQHsV+smFggBYcCaKGYyjhtLvvvcaC4IN7INTo0z2LGbA0zideF97a7Tz+7CI2ZJa8EVtnM6nHZDwhfPT6xw96a6GHsxtfkMr8NmTE3ecr9LaI9dxb23MiZ6RYFFzI1TIKomxdOVbLFumz5B3h+4ThbeRihZURYTSYwoubwJjMVaWVDi0VFgoXtAN7iVmYGY2K8q12QV30izAz2rS0w//yBYbhOCk3mL5jdV/sLEitgoL2t39oLyaJMeR9ur1h/ljlez7ufFEMdAXa1QbhM0cEXM3Pxh0aBkyhZDaJf3dQb3UkaI2O0Myo/Wqv+d6MDL3HJUp4zU+zVHxlo2JJsoniq02Rup4AkejKIhuGlATLgZV/y5R2yBUvYmkUpbx+/8= ceph-d221767a-e59a-11ee-95c9-87774f69a715' | sudo tee -a /root/.ssh/authorized_keys && sudo chmod 0600 /root/.ssh/authorized_keys
2024-03-19T02:48:13.604 INFO:teuthology.orchestra.run.smithi113.stdout:ssh-rsa AAAAB3NzaC1yc2EAAAADAQABAAABgQDOPVgrerDYmBDiraVWvuLGxSQiteaai9A6XMJmOH/m6/ZGC3KeKOYpD5ZmpYB7toaCF/1vZHZDCtOZpwmsTlq3mVLYOBo+66uDfmbLJlQSnoOyLAfD97O2sqvKONsM2bSnQHsV+smFggBYcCaKGYyjhtLvvvcaC4IN7INTo0z2LGbA0zideF97a7Tz+7CI2ZJa8EVtnM6nHZDwhfPT6xw96a6GHsxtfkMr8NmTE3ecr9LaI9dxb23MiZ6RYFFzI1TIKomxdOVbLFumz5B3h+4ThbeRihZURYTSYwoubwJjMVaWVDi0VFgoXtAN7iVmYGY2K8q12QV30izAz2rS0w//yBYbhOCk3mL5jdV/sLEitgoL2t39oLyaJMeR9ur1h/ljlez7ufFEMdAXa1QbhM0cEXM3Pxh0aBkyhZDaJf3dQb3UkaI2O0Myo/Wqv+d6MDL3HJUp4zU+zVHxlo2JJsoniq02Rup4AkejKIhuGlATLgZV/y5R2yBUvYmkUpbx+/8= ceph-d221767a-e59a-11ee-95c9-87774f69a715
2024-03-19T02:48:13.622 DEBUG:teuthology.orchestra.run.smithi136:> sudo install -d -m 0700 /root/.ssh && echo 'ssh-rsa AAAAB3NzaC1yc2EAAAADAQABAAABgQDOPVgrerDYmBDiraVWvuLGxSQiteaai9A6XMJmOH/m6/ZGC3KeKOYpD5ZmpYB7toaCF/1vZHZDCtOZpwmsTlq3mVLYOBo+66uDfmbLJlQSnoOyLAfD97O2sqvKONsM2bSnQHsV+smFggBYcCaKGYyjhtLvvvcaC4IN7INTo0z2LGbA0zideF97a7Tz+7CI2ZJa8EVtnM6nHZDwhfPT6xw96a6GHsxtfkMr8NmTE3ecr9LaI9dxb23MiZ6RYFFzI1TIKomxdOVbLFumz5B3h+4ThbeRihZURYTSYwoubwJjMVaWVDi0VFgoXtAN7iVmYGY2K8q12QV30izAz2rS0w//yBYbhOCk3mL5jdV/sLEitgoL2t39oLyaJMeR9ur1h/ljlez7ufFEMdAXa1QbhM0cEXM3Pxh0aBkyhZDaJf3dQb3UkaI2O0Myo/Wqv+d6MDL3HJUp4zU+zVHxlo2JJsoniq02Rup4AkejKIhuGlATLgZV/y5R2yBUvYmkUpbx+/8= ceph-d221767a-e59a-11ee-95c9-87774f69a715' | sudo tee -a /root/.ssh/authorized_keys && sudo chmod 0600 /root/.ssh/authorized_keys
2024-03-19T02:48:13.668 INFO:teuthology.orchestra.run.smithi136.stdout:ssh-rsa AAAAB3NzaC1yc2EAAAADAQABAAABgQDOPVgrerDYmBDiraVWvuLGxSQiteaai9A6XMJmOH/m6/ZGC3KeKOYpD5ZmpYB7toaCF/1vZHZDCtOZpwmsTlq3mVLYOBo+66uDfmbLJlQSnoOyLAfD97O2sqvKONsM2bSnQHsV+smFggBYcCaKGYyjhtLvvvcaC4IN7INTo0z2LGbA0zideF97a7Tz+7CI2ZJa8EVtnM6nHZDwhfPT6xw96a6GHsxtfkMr8NmTE3ecr9LaI9dxb23MiZ6RYFFzI1TIKomxdOVbLFumz5B3h+4ThbeRihZURYTSYwoubwJjMVaWVDi0VFgoXtAN7iVmYGY2K8q12QV30izAz2rS0w//yBYbhOCk3mL5jdV/sLEitgoL2t39oLyaJMeR9ur1h/ljlez7ufFEMdAXa1QbhM0cEXM3Pxh0aBkyhZDaJf3dQb3UkaI2O0Myo/Wqv+d6MDL3HJUp4zU+zVHxlo2JJsoniq02Rup4AkejKIhuGlATLgZV/y5R2yBUvYmkUpbx+/8= ceph-d221767a-e59a-11ee-95c9-87774f69a715
2024-03-19T02:48:13.684 DEBUG:teuthology.orchestra.run.smithi139:> sudo install -d -m 0700 /root/.ssh && echo 'ssh-rsa AAAAB3NzaC1yc2EAAAADAQABAAABgQDOPVgrerDYmBDiraVWvuLGxSQiteaai9A6XMJmOH/m6/ZGC3KeKOYpD5ZmpYB7toaCF/1vZHZDCtOZpwmsTlq3mVLYOBo+66uDfmbLJlQSnoOyLAfD97O2sqvKONsM2bSnQHsV+smFggBYcCaKGYyjhtLvvvcaC4IN7INTo0z2LGbA0zideF97a7Tz+7CI2ZJa8EVtnM6nHZDwhfPT6xw96a6GHsxtfkMr8NmTE3ecr9LaI9dxb23MiZ6RYFFzI1TIKomxdOVbLFumz5B3h+4ThbeRihZURYTSYwoubwJjMVaWVDi0VFgoXtAN7iVmYGY2K8q12QV30izAz2rS0w//yBYbhOCk3mL5jdV/sLEitgoL2t39oLyaJMeR9ur1h/ljlez7ufFEMdAXa1QbhM0cEXM3Pxh0aBkyhZDaJf3dQb3UkaI2O0Myo/Wqv+d6MDL3HJUp4zU+zVHxlo2JJsoniq02Rup4AkejKIhuGlATLgZV/y5R2yBUvYmkUpbx+/8= ceph-d221767a-e59a-11ee-95c9-87774f69a715' | sudo tee -a /root/.ssh/authorized_keys && sudo chmod 0600 /root/.ssh/authorized_keys
2024-03-19T02:48:13.725 INFO:journalctl@ceph.mon.a.smithi113.stdout:Mar 19 02:48:13 smithi113 ceph-mon[31973]: from='client.? 172.21.15.113:0/2239074716' entity='client.admin'
2024-03-19T02:48:13.731 INFO:teuthology.orchestra.run.smithi139.stdout:ssh-rsa AAAAB3NzaC1yc2EAAAADAQABAAABgQDOPVgrerDYmBDiraVWvuLGxSQiteaai9A6XMJmOH/m6/ZGC3KeKOYpD5ZmpYB7toaCF/1vZHZDCtOZpwmsTlq3mVLYOBo+66uDfmbLJlQSnoOyLAfD97O2sqvKONsM2bSnQHsV+smFggBYcCaKGYyjhtLvvvcaC4IN7INTo0z2LGbA0zideF97a7Tz+7CI2ZJa8EVtnM6nHZDwhfPT6xw96a6GHsxtfkMr8NmTE3ecr9LaI9dxb23MiZ6RYFFzI1TIKomxdOVbLFumz5B3h+4ThbeRihZURYTSYwoubwJjMVaWVDi0VFgoXtAN7iVmYGY2K8q12QV30izAz2rS0w//yBYbhOCk3mL5jdV/sLEitgoL2t39oLyaJMeR9ur1h/ljlez7ufFEMdAXa1QbhM0cEXM3Pxh0aBkyhZDaJf3dQb3UkaI2O0Myo/Wqv+d6MDL3HJUp4zU+zVHxlo2JJsoniq02Rup4AkejKIhuGlATLgZV/y5R2yBUvYmkUpbx+/8= ceph-d221767a-e59a-11ee-95c9-87774f69a715
2024-03-19T02:48:13.746 DEBUG:teuthology.orchestra.run.smithi113:> sudo /home/ubuntu/cephtest/cephadm --image quay-quay-quay.apps.os.sepia.ceph.com/ceph-ci/ceph:b6ae24918b03b1b8a19c9263a50655bba80bb810 shell -c /etc/ceph/ceph.conf -k /etc/ceph/ceph.client.admin.keyring --fsid d221767a-e59a-11ee-95c9-87774f69a715 -- ceph config set mgr mgr/cephadm/allow_ptrace true
2024-03-19T02:48:13.992 INFO:teuthology.orchestra.run.smithi113.stderr:Inferring config /var/lib/ceph/d221767a-e59a-11ee-95c9-87774f69a715/mon.a/config
2024-03-19T02:48:16.510 INFO:journalctl@ceph.mon.a.smithi113.stdout:Mar 19 02:48:16 smithi113 ceph-mon[31973]: from='mgr.14152 172.21.15.113:0/1083989981' entity='mgr.x'
2024-03-19T02:48:16.510 INFO:journalctl@ceph.mon.a.smithi113.stdout:Mar 19 02:48:16 smithi113 ceph-mon[31973]: from='mgr.14152 172.21.15.113:0/1083989981' entity='mgr.x'
2024-03-19T02:48:16.510 INFO:journalctl@ceph.mon.a.smithi113.stdout:Mar 19 02:48:16 smithi113 ceph-mon[31973]: from='mgr.14152 172.21.15.113:0/1083989981' entity='mgr.x' cmd=[{"prefix": "config rm", "who": "osd/host:smithi113", "name": "osd_memory_target"}]: dispatch
2024-03-19T02:48:16.510 INFO:journalctl@ceph.mon.a.smithi113.stdout:Mar 19 02:48:16 smithi113 ceph-mon[31973]: from='mgr.14152 172.21.15.113:0/1083989981' entity='mgr.x'
2024-03-19T02:48:16.510 INFO:journalctl@ceph.mon.a.smithi113.stdout:Mar 19 02:48:16 smithi113 ceph-mon[31973]: from='mgr.14152 172.21.15.113:0/1083989981' entity='mgr.x' cmd=[{"prefix": "config dump", "format": "json"}]: dispatch
2024-03-19T02:48:16.510 INFO:journalctl@ceph.mon.a.smithi113.stdout:Mar 19 02:48:16 smithi113 ceph-mon[31973]: from='mgr.14152 172.21.15.113:0/1083989981' entity='mgr.x'
2024-03-19T02:48:16.613 INFO:teuthology.orchestra.run.smithi113.stderr:2024-03-19T02:48:16.611+0000 7fe81d8c5700 1 -- 172.21.15.113:0/1433885493 >> [v2:172.21.15.113:3300/0,v1:172.21.15.113:6789/0] conn(0x7fe818101d50 msgr2=0x7fe818102170 secure :-1 s=STATE_CONNECTION_ESTABLISHED l=1).mark_down
2024-03-19T02:48:16.613 INFO:teuthology.orchestra.run.smithi113.stderr:2024-03-19T02:48:16.611+0000 7fe81d8c5700 1 --2- 172.21.15.113:0/1433885493 >> [v2:172.21.15.113:3300/0,v1:172.21.15.113:6789/0] conn(0x7fe818101d50 0x7fe818102170 secure :-1 s=READY pgs=80 cs=0 l=1 rev1=1 crypto rx=0x7fe808009910 tx=0x7fe808009c20 comp rx=0 tx=0).stop
2024-03-19T02:48:16.613 INFO:teuthology.orchestra.run.smithi113.stderr:2024-03-19T02:48:16.611+0000 7fe81d8c5700 1 -- 172.21.15.113:0/1433885493 shutdown_connections
2024-03-19T02:48:16.614 INFO:teuthology.orchestra.run.smithi113.stderr:2024-03-19T02:48:16.611+0000 7fe81d8c5700 1 --2- 172.21.15.113:0/1433885493 >> [v2:172.21.15.113:3300/0,v1:172.21.15.113:6789/0] conn(0x7fe818101d50 0x7fe818102170 unknown :-1 s=CLOSED pgs=80 cs=0 l=1 rev1=1 crypto rx=0 tx=0 comp rx=0 tx=0).stop
2024-03-19T02:48:16.614 INFO:teuthology.orchestra.run.smithi113.stderr:2024-03-19T02:48:16.611+0000 7fe81d8c5700 1 -- 172.21.15.113:0/1433885493 >> 172.21.15.113:0/1433885493 conn(0x7fe8180fd2f0 msgr2=0x7fe8180ff730 unknown :-1 s=STATE_NONE l=0).mark_down
2024-03-19T02:48:16.614 INFO:teuthology.orchestra.run.smithi113.stderr:2024-03-19T02:48:16.611+0000 7fe81d8c5700 1 -- 172.21.15.113:0/1433885493 shutdown_connections
2024-03-19T02:48:16.614 INFO:teuthology.orchestra.run.smithi113.stderr:2024-03-19T02:48:16.611+0000 7fe81d8c5700 1 -- 172.21.15.113:0/1433885493 wait complete.
2024-03-19T02:48:16.614 INFO:teuthology.orchestra.run.smithi113.stderr:2024-03-19T02:48:16.612+0000 7fe81d8c5700 1 Processor -- start
2024-03-19T02:48:16.614 INFO:teuthology.orchestra.run.smithi113.stderr:2024-03-19T02:48:16.612+0000 7fe81d8c5700 1 -- start start
2024-03-19T02:48:16.616 INFO:teuthology.orchestra.run.smithi113.stderr:2024-03-19T02:48:16.613+0000 7fe81d8c5700 1 --2- >> [v2:172.21.15.113:3300/0,v1:172.21.15.113:6789/0] conn(0x7fe818101d50 0x7fe818075fd0 unknown :-1 s=NONE pgs=0 cs=0 l=1 rev1=0 crypto rx=0 tx=0 comp rx=0 tx=0).connect
2024-03-19T02:48:16.616 INFO:teuthology.orchestra.run.smithi113.stderr:2024-03-19T02:48:16.613+0000 7fe81d8c5700 1 -- --> [v2:172.21.15.113:3300/0,v1:172.21.15.113:6789/0] -- mon_getmap magic: 0 -- 0x7fe818108070 con 0x7fe818101d50
2024-03-19T02:48:16.616 INFO:teuthology.orchestra.run.smithi113.stderr:2024-03-19T02:48:16.613+0000 7fe816ffd700 1 --2- >> [v2:172.21.15.113:3300/0,v1:172.21.15.113:6789/0] conn(0x7fe818101d50 0x7fe818075fd0 unknown :-1 s=BANNER_CONNECTING pgs=0 cs=0 l=1 rev1=0 crypto rx=0 tx=0 comp rx=0 tx=0)._handle_peer_banner_payload supported=3 required=0
2024-03-19T02:48:16.616 INFO:teuthology.orchestra.run.smithi113.stderr:2024-03-19T02:48:16.613+0000 7fe816ffd700 1 --2- >> [v2:172.21.15.113:3300/0,v1:172.21.15.113:6789/0] conn(0x7fe818101d50 0x7fe818075fd0 unknown :-1 s=HELLO_CONNECTING pgs=0 cs=0 l=1 rev1=1 crypto rx=0 tx=0 comp rx=0 tx=0).handle_hello peer v2:172.21.15.113:3300/0 says I am v2:172.21.15.113:41832/0 (socket says 172.21.15.113:41832)
2024-03-19T02:48:16.616 INFO:teuthology.orchestra.run.smithi113.stderr:2024-03-19T02:48:16.613+0000 7fe816ffd700 1 -- 172.21.15.113:0/926502911 learned_addr learned my addr 172.21.15.113:0/926502911 (peer_addr_for_me v2:172.21.15.113:0/0)
2024-03-19T02:48:16.616 INFO:teuthology.orchestra.run.smithi113.stderr:2024-03-19T02:48:16.613+0000 7fe816ffd700 1 -- 172.21.15.113:0/926502911 --> [v2:172.21.15.113:3300/0,v1:172.21.15.113:6789/0] -- mon_subscribe({config=0+,monmap=0+}) -- 0x7fe818076510 con 0x7fe818101d50
2024-03-19T02:48:16.616 INFO:teuthology.orchestra.run.smithi113.stderr:2024-03-19T02:48:16.613+0000 7fe816ffd700 1 --2- 172.21.15.113:0/926502911 >> [v2:172.21.15.113:3300/0,v1:172.21.15.113:6789/0] conn(0x7fe818101d50 0x7fe818075fd0 secure :-1 s=READY pgs=81 cs=0 l=1 rev1=1 crypto rx=0x7fe808004f80 tx=0x7fe808005060 comp rx=0 tx=0).ready entity=mon.0 client_cookie=0 server_cookie=0 in_seq=0 out_seq=0
2024-03-19T02:48:16.617 INFO:teuthology.orchestra.run.smithi113.stderr:2024-03-19T02:48:16.613+0000 7fe81c8c3700 1 -- 172.21.15.113:0/926502911 <== mon.0 v2:172.21.15.113:3300/0 1 ==== mon_map magic: 0 ==== 205+0+0 (secure 0 0 0) 0x7fe808027070 con 0x7fe818101d50
2024-03-19T02:48:16.617 INFO:teuthology.orchestra.run.smithi113.stderr:2024-03-19T02:48:16.613+0000 7fe81c8c3700 1 -- 172.21.15.113:0/926502911 <== mon.0 v2:172.21.15.113:3300/0 2 ==== config(29 keys) ==== 1209+0+0 (secure 0 0 0) 0x7fe80800be80 con 0x7fe818101d50
2024-03-19T02:48:16.617 INFO:teuthology.orchestra.run.smithi113.stderr:2024-03-19T02:48:16.613+0000 7fe81d8c5700 1 -- 172.21.15.113:0/926502911 --> [v2:172.21.15.113:3300/0,v1:172.21.15.113:6789/0] -- mon_subscribe({mgrmap=0+}) -- 0x7fe818074700 con 0x7fe818101d50
2024-03-19T02:48:16.617 INFO:teuthology.orchestra.run.smithi113.stderr:2024-03-19T02:48:16.613+0000 7fe81c8c3700 1 -- 172.21.15.113:0/926502911 <== mon.0 v2:172.21.15.113:3300/0 3 ==== mon_map magic: 0 ==== 205+0+0 (secure 0 0 0) 0x7fe80800f5f0 con 0x7fe818101d50
2024-03-19T02:48:16.617 INFO:teuthology.orchestra.run.smithi113.stderr:2024-03-19T02:48:16.613+0000 7fe81d8c5700 1 -- 172.21.15.113:0/926502911 --> [v2:172.21.15.113:3300/0,v1:172.21.15.113:6789/0] -- mon_subscribe({osdmap=0}) -- 0x7fe818074c40 con 0x7fe818101d50
2024-03-19T02:48:16.617 INFO:teuthology.orchestra.run.smithi113.stderr:2024-03-19T02:48:16.614+0000 7fe81d8c5700 1 -- 172.21.15.113:0/926502911 --> [v2:172.21.15.113:3300/0,v1:172.21.15.113:6789/0] -- mon_command({"prefix": "get_command_descriptions"} v 0) -- 0x7fe8181087f0 con 0x7fe818101d50
2024-03-19T02:48:16.617 INFO:teuthology.orchestra.run.smithi113.stderr:2024-03-19T02:48:16.614+0000 7fe81c8c3700 1 -- 172.21.15.113:0/926502911 <== mon.0 v2:172.21.15.113:3300/0 4 ==== mgrmap(e 13) ==== 46163+0+0 (secure 0 0 0) 0x7fe80802a070 con 0x7fe818101d50
2024-03-19T02:48:16.617 INFO:teuthology.orchestra.run.smithi113.stderr:2024-03-19T02:48:16.615+0000 7fe81c8c3700 1 --2- 172.21.15.113:0/926502911 >> [v2:172.21.15.113:6800/3732410422,v1:172.21.15.113:6801/3732410422] conn(0x7fe800038fc0 0x7fe80003b480 unknown :-1 s=NONE pgs=0 cs=0 l=1 rev1=0 crypto rx=0 tx=0 comp rx=0 tx=0).connect
2024-03-19T02:48:16.617 INFO:teuthology.orchestra.run.smithi113.stderr:2024-03-19T02:48:16.615+0000 7fe81c8c3700 1 -- 172.21.15.113:0/926502911 <== mon.0 v2:172.21.15.113:3300/0 5 ==== osd_map(3..3 src has 1..3) ==== 1155+0+0 (secure 0 0 0) 0x7fe80801e030 con 0x7fe818101d50
2024-03-19T02:48:16.617 INFO:teuthology.orchestra.run.smithi113.stderr:2024-03-19T02:48:16.615+0000 7fe8167fc700 1 --2- 172.21.15.113:0/926502911 >> [v2:172.21.15.113:6800/3732410422,v1:172.21.15.113:6801/3732410422] conn(0x7fe800038fc0 0x7fe80003b480 unknown :-1 s=BANNER_CONNECTING pgs=0 cs=0 l=1 rev1=0 crypto rx=0 tx=0 comp rx=0 tx=0)._handle_peer_banner_payload supported=3 required=0
2024-03-19T02:48:16.617 INFO:teuthology.orchestra.run.smithi113.stderr:2024-03-19T02:48:16.615+0000 7fe8167fc700 1 --2- 172.21.15.113:0/926502911 >> [v2:172.21.15.113:6800/3732410422,v1:172.21.15.113:6801/3732410422] conn(0x7fe800038fc0 0x7fe80003b480 secure :-1 s=READY pgs=12 cs=0 l=1 rev1=1 crypto rx=0x7fe80c006fd0 tx=0x7fe80c006e40 comp rx=0 tx=0).ready entity=mgr.14152 client_cookie=0 server_cookie=0 in_seq=0 out_seq=0
2024-03-19T02:48:16.621 INFO:teuthology.orchestra.run.smithi113.stderr:2024-03-19T02:48:16.620+0000 7fe81c8c3700 1 -- 172.21.15.113:0/926502911 <== mon.0 v2:172.21.15.113:3300/0 6 ==== mon_command_ack([{"prefix": "get_command_descriptions"}]=0 v0) ==== 72+0+186149 (secure 0 0 0) 0x7fe808013070 con 0x7fe818101d50
2024-03-19T02:48:16.826 INFO:teuthology.orchestra.run.smithi113.stderr:2024-03-19T02:48:16.825+0000 7fe81d8c5700 1 -- 172.21.15.113:0/926502911 --> [v2:172.21.15.113:3300/0,v1:172.21.15.113:6789/0] -- mon_command([{prefix=config set, name=mgr/cephadm/allow_ptrace}] v 0) -- 0x7fe818190af0 con 0x7fe818101d50
2024-03-19T02:48:16.828 INFO:teuthology.orchestra.run.smithi113.stderr:2024-03-19T02:48:16.827+0000 7fe81c8c3700 1 -- 172.21.15.113:0/926502911 <== mon.0 v2:172.21.15.113:3300/0 7 ==== mon_command_ack([{prefix=config set, name=mgr/cephadm/allow_ptrace}]=0 v9)=0 v9) ==== 125+0+0 (secure 0 0 0) 0x7fe80800e5a0 con 0x7fe818101d50
2024-03-19T02:48:16.831 INFO:teuthology.orchestra.run.smithi113.stderr:2024-03-19T02:48:16.830+0000 7fe81d8c5700 1 -- 172.21.15.113:0/926502911 >> [v2:172.21.15.113:6800/3732410422,v1:172.21.15.113:6801/3732410422] conn(0x7fe800038fc0 msgr2=0x7fe80003b480 secure :-1 s=STATE_CONNECTION_ESTABLISHED l=1).mark_down
2024-03-19T02:48:16.831 INFO:teuthology.orchestra.run.smithi113.stderr:2024-03-19T02:48:16.830+0000 7fe81d8c5700 1 --2- 172.21.15.113:0/926502911 >> [v2:172.21.15.113:6800/3732410422,v1:172.21.15.113:6801/3732410422] conn(0x7fe800038fc0 0x7fe80003b480 secure :-1 s=READY pgs=12 cs=0 l=1 rev1=1 crypto rx=0x7fe80c006fd0 tx=0x7fe80c006e40 comp rx=0 tx=0).stop
2024-03-19T02:48:16.831 INFO:teuthology.orchestra.run.smithi113.stderr:2024-03-19T02:48:16.830+0000 7fe81d8c5700 1 -- 172.21.15.113:0/926502911 >> [v2:172.21.15.113:3300/0,v1:172.21.15.113:6789/0] conn(0x7fe818101d50 msgr2=0x7fe818075fd0 secure :-1 s=STATE_CONNECTION_ESTABLISHED l=1).mark_down
2024-03-19T02:48:16.831 INFO:teuthology.orchestra.run.smithi113.stderr:2024-03-19T02:48:16.830+0000 7fe81d8c5700 1 --2- 172.21.15.113:0/926502911 >> [v2:172.21.15.113:3300/0,v1:172.21.15.113:6789/0] conn(0x7fe818101d50 0x7fe818075fd0 secure :-1 s=READY pgs=81 cs=0 l=1 rev1=1 crypto rx=0x7fe808004f80 tx=0x7fe808005060 comp rx=0 tx=0).stop
2024-03-19T02:48:16.831 INFO:teuthology.orchestra.run.smithi113.stderr:2024-03-19T02:48:16.830+0000 7fe81d8c5700 1 -- 172.21.15.113:0/926502911 shutdown_connections
2024-03-19T02:48:16.831 INFO:teuthology.orchestra.run.smithi113.stderr:2024-03-19T02:48:16.830+0000 7fe81d8c5700 1 --2- 172.21.15.113:0/926502911 >> [v2:172.21.15.113:6800/3732410422,v1:172.21.15.113:6801/3732410422] conn(0x7fe800038fc0 0x7fe80003b480 unknown :-1 s=CLOSED pgs=12 cs=0 l=1 rev1=1 crypto rx=0 tx=0 comp rx=0 tx=0).stop
2024-03-19T02:48:16.832 INFO:teuthology.orchestra.run.smithi113.stderr:2024-03-19T02:48:16.830+0000 7fe81d8c5700 1 --2- 172.21.15.113:0/926502911 >> [v2:172.21.15.113:3300/0,v1:172.21.15.113:6789/0] conn(0x7fe818101d50 0x7fe818075fd0 unknown :-1 s=CLOSED pgs=81 cs=0 l=1 rev1=1 crypto rx=0 tx=0 comp rx=0 tx=0).stop
2024-03-19T02:48:16.832 INFO:teuthology.orchestra.run.smithi113.stderr:2024-03-19T02:48:16.830+0000 7fe81d8c5700 1 -- 172.21.15.113:0/926502911 >> 172.21.15.113:0/926502911 conn(0x7fe8180fd2f0 msgr2=0x7fe8180fdc80 unknown :-1 s=STATE_NONE l=0).mark_down
2024-03-19T02:48:16.832 INFO:teuthology.orchestra.run.smithi113.stderr:2024-03-19T02:48:16.830+0000 7fe81d8c5700 1 -- 172.21.15.113:0/926502911 shutdown_connections
2024-03-19T02:48:16.832 INFO:teuthology.orchestra.run.smithi113.stderr:2024-03-19T02:48:16.830+0000 7fe81d8c5700 1 -- 172.21.15.113:0/926502911 wait complete.
2024-03-19T02:48:17.992 INFO:tasks.cephadm:Distributing conf and client.admin keyring to all hosts + 0755
2024-03-19T02:48:17.993 DEBUG:teuthology.orchestra.run.smithi113:> sudo /home/ubuntu/cephtest/cephadm --image quay-quay-quay.apps.os.sepia.ceph.com/ceph-ci/ceph:b6ae24918b03b1b8a19c9263a50655bba80bb810 shell -c /etc/ceph/ceph.conf -k /etc/ceph/ceph.client.admin.keyring --fsid d221767a-e59a-11ee-95c9-87774f69a715 -- ceph orch client-keyring set client.admin '*' --mode 0755
2024-03-19T02:48:18.178 INFO:journalctl@ceph.mon.a.smithi113.stdout:Mar 19 02:48:17 smithi113 ceph-mon[31973]: from='client.? 172.21.15.113:0/926502911' entity='client.admin'
