2024-03-19T03:01:33.884+0000 7f6ccaffd700 1 --2- >> [v2:172.21.15.37:3300/0,v1:172.21.15.37:6789/0] conn(0x7f6ccc1087b0 0x7f6ccc19bbb0 unknown :-1 s=BANNER_CONNECTING pgs=0 cs=0 l=1 rev1=0 crypto rx=0 tx=0 comp rx=0 tx=0)._handle_peer_banner_payload supported=3 required=0
2024-03-19T03:01:34.812 INFO:teuthology.orchestra.run.smithi037.stdout:/usr/bin/ceph: stderr
2024-03-19T03:01:33.884+0000 7f6ccaffd700 1 --2- >> [v2:172.21.15.37:3300/0,v1:172.21.15.37:6789/0] conn(0x7f6ccc1087b0 0x7f6ccc19bbb0 unknown :-1 s=HELLO_CONNECTING pgs=0 cs=0 l=1 rev1=1 crypto rx=0 tx=0 comp rx=0 tx=0).handle_hello peer v2:172.21.15.37:3300/0 says I am v2:172.21.15.37:42910/0 (socket says 172.21.15.37:42910)
2024-03-19T03:01:34.812 INFO:teuthology.orchestra.run.smithi037.stdout:/usr/bin/ceph: stderr
2024-03-19T03:01:33.884+0000 7f6ccaffd700 1 -- 172.21.15.37:0/67584982 learned_addr learned my addr 172.21.15.37:0/67584982 (peer_addr_for_me v2:172.21.15.37:0/0)
2024-03-19T03:01:34.812 INFO:teuthology.orchestra.run.smithi037.stdout:/usr/bin/ceph: stderr
2024-03-19T03:01:33.884+0000 7f6ccaffd700 1 -- 172.21.15.37:0/67584982 --> [v2:172.21.15.37:3300/0,v1:172.21.15.37:6789/0] -- mon_subscribe({config=0+,monmap=0+}) -- 0x7f6ccc19c0f0 con 0x7f6ccc1087b0
2024-03-19T03:01:34.813 INFO:teuthology.orchestra.run.smithi037.stdout:/usr/bin/ceph: stderr
2024-03-19T03:01:33.884+0000 7f6ccaffd700 1 --2- 172.21.15.37:0/67584982 >> [v2:172.21.15.37:3300/0,v1:172.21.15.37:6789/0] conn(0x7f6ccc1087b0 0x7f6ccc19bbb0 secure :-1 s=READY pgs=21 cs=0 l=1 rev1=1 crypto rx=0x7f6cbc0072a0 tx=0x7f6cbc00bd50 comp rx=0 tx=0).ready entity=mon.0 client_cookie=0 server_cookie=0 in_seq=0 out_seq=0
2024-03-19T03:01:34.813 INFO:teuthology.orchestra.run.smithi037.stdout:/usr/bin/ceph: stderr
2024-03-19T03:01:33.884+0000 7f6cd08ce700 1 -- 172.21.15.37:0/67584982 <== mon.0 v2:172.21.15.37:3300/0 1 ==== mon_map magic: 0 ==== 205+0+0 (secure 0 0 0) 0x7f6cbc020020 con 0x7f6ccc1087b0
2024-03-19T03:01:34.813 INFO:teuthology.orchestra.run.smithi037.stdout:/usr/bin/ceph: stderr
2024-03-19T03:01:33.884+0000 7f6cd08ce700 1 -- 172.21.15.37:0/67584982 <== mon.0 v2:172.21.15.37:3300/0 2 ==== config(27 keys) ==== 1109+0+0 (secure 0 0 0) 0x7f6cbc003b50 con 0x7f6ccc1087b0
2024-03-19T03:01:34.813 INFO:teuthology.orchestra.run.smithi037.stdout:/usr/bin/ceph: stderr
2024-03-19T03:01:33.884+0000 7f6cd18d0700 1 -- 172.21.15.37:0/67584982 --> [v2:172.21.15.37:3300/0,v1:172.21.15.37:6789/0] -- mon_subscribe({mgrmap=0+}) -- 0x7f6ccc19c380 con 0x7f6ccc1087b0
2024-03-19T03:01:34.813 INFO:teuthology.orchestra.run.smithi037.stdout:/usr/bin/ceph: stderr
2024-03-19T03:01:33.884+0000 7f6cd08ce700 1 -- 172.21.15.37:0/67584982 <== mon.0 v2:172.21.15.37:3300/0 3 ==== mon_map magic: 0 ==== 205+0+0 (secure 0 0 0) 0x7f6cbc017040 con 0x7f6ccc1087b0
2024-03-19T03:01:34.813 INFO:teuthology.orchestra.run.smithi037.stdout:/usr/bin/ceph: stderr
2024-03-19T03:01:33.884+0000 7f6cd18d0700 1 -- 172.21.15.37:0/67584982 --> [v2:172.21.15.37:3300/0,v1:172.21.15.37:6789/0] -- mon_subscribe({osdmap=0}) -- 0x7f6ccc19f070 con 0x7f6ccc1087b0
2024-03-19T03:01:34.813 INFO:teuthology.orchestra.run.smithi037.stdout:/usr/bin/ceph: stderr
2024-03-19T03:01:33.885+0000 7f6cd08ce700 1 -- 172.21.15.37:0/67584982 <== mon.0 v2:172.21.15.37:3300/0 4 ==== mgrmap(e 4) ==== 46095+0+0 (secure 0 0 0) 0x7f6cbc023020 con 0x7f6ccc1087b0
2024-03-19T03:01:34.813 INFO:teuthology.orchestra.run.smithi037.stdout:/usr/bin/ceph: stderr
2024-03-19T03:01:33.885+0000 7f6cd18d0700 1 -- 172.21.15.37:0/67584982 --> [v2:172.21.15.37:3300/0,v1:172.21.15.37:6789/0] -- mon_command({"prefix": "get_command_descriptions"} v 0) -- 0x7f6ccc063940 con 0x7f6ccc1087b0
2024-03-19T03:01:34.813 INFO:teuthology.orchestra.run.smithi037.stdout:/usr/bin/ceph: stderr
2024-03-19T03:01:33.885+0000 7f6cd08ce700 1 --2- 172.21.15.37:0/67584982 >> [v2:172.21.15.37:6800/3524065862,v1:172.21.15.37:6801/3524065862] conn(0x7f6cb8038ed0 0x7f6cb803b390 unknown :-1 s=NONE pgs=0 cs=0 l=1 rev1=0 crypto rx=0 tx=0 comp rx=0 tx=0).connect
2024-03-19T03:01:34.813 INFO:teuthology.orchestra.run.smithi037.stdout:/usr/bin/ceph: stderr
2024-03-19T03:01:33.886+0000 7f6cd08ce700 1 -- 172.21.15.37:0/67584982 <== mon.0 v2:172.21.15.37:3300/0 5 ==== osd_map(1..1 src has 1..1) ==== 725+0+0 (secure 0 0 0) 0x7f6cbc00f050 con 0x7f6ccc1087b0
2024-03-19T03:01:34.813 INFO:teuthology.orchestra.run.smithi037.stdout:/usr/bin/ceph: stderr
2024-03-19T03:01:33.886+0000 7f6cca7fc700 1 --2- 172.21.15.37:0/67584982 >> [v2:172.21.15.37:6800/3524065862,v1:172.21.15.37:6801/3524065862] conn(0x7f6cb8038ed0 0x7f6cb803b390 unknown :-1 s=BANNER_CONNECTING pgs=0 cs=0 l=1 rev1=0 crypto rx=0 tx=0 comp rx=0 tx=0)._handle_peer_banner_payload supported=3 required=0
2024-03-19T03:01:34.813 INFO:teuthology.orchestra.run.smithi037.stdout:/usr/bin/ceph: stderr
2024-03-19T03:01:33.886+0000 7f6cca7fc700 1 --2- 172.21.15.37:0/67584982 >> [v2:172.21.15.37:6800/3524065862,v1:172.21.15.37:6801/3524065862] conn(0x7f6cb8038ed0 0x7f6cb803b390 secure :-1 s=READY pgs=8 cs=0 l=1 rev1=1 crypto rx=0x7f6cb4006fd0 tx=0x7f6cb4006e40 comp rx=0 tx=0).ready entity=mgr.14100 client_cookie=0 server_cookie=0 in_seq=0 out_seq=0
2024-03-19T03:01:34.813 INFO:teuthology.orchestra.run.smithi037.stdout:/usr/bin/ceph: stderr
2024-03-19T03:01:33.891+0000 7f6cd08ce700 1 -- 172.21.15.37:0/67584982 <== mon.0 v2:172.21.15.37:3300/0 6 ==== mon_command_ack([{"prefix": "get_command_descriptions"}]=0 v0) ==== 72+0+186149 (secure 0 0 0) 0x7f6cbc02a020 con 0x7f6ccc1087b0
2024-03-19T03:01:34.813 INFO:teuthology.orchestra.run.smithi037.stdout:/usr/bin/ceph: stderr
2024-03-19T03:01:34.155+0000 7f6cd18d0700 1 -- 172.21.15.37:0/67584982 --> [v2:172.21.15.37:3300/0,v1:172.21.15.37:6789/0] -- mon_command({"prefix": "mgr module enable", "module": "cephadm"} v 0) -- 0x7f6ccc19f240 con 0x7f6ccc1087b0
2024-03-19T03:01:34.814 INFO:teuthology.orchestra.run.smithi037.stdout:/usr/bin/ceph: stderr
2024-03-19T03:01:34.206+0000 7f6cd08ce700 1 -- 172.21.15.37:0/67584982 <== mon.0 v2:172.21.15.37:3300/0 7 ==== mon_command_ack([{"prefix": "mgr module enable", "module": "cephadm"}]=0 v5) ==== 86+0+0 (secure 0 0 0) 0x7f6ccc19f240 con 0x7f6ccc1087b0
2024-03-19T03:01:34.814 INFO:teuthology.orchestra.run.smithi037.stdout:/usr/bin/ceph: stderr
2024-03-19T03:01:34.208+0000 7f6cd08ce700 1 -- 172.21.15.37:0/67584982 <== mon.0 v2:172.21.15.37:3300/0 8 ==== mgrmap(e 5) ==== 46106+0+0 (secure 0 0 0) 0x7f6cbc025400 con 0x7f6ccc1087b0
2024-03-19T03:01:34.814 INFO:teuthology.orchestra.run.smithi037.stdout:/usr/bin/ceph: stderr
2024-03-19T03:01:34.209+0000 7f6cd18d0700 1 -- 172.21.15.37:0/67584982 >> [v2:172.21.15.37:6800/3524065862,v1:172.21.15.37:6801/3524065862] conn(0x7f6cb8038ed0 msgr2=0x7f6cb803b390 secure :-1 s=STATE_CONNECTION_ESTABLISHED l=1).mark_down
2024-03-19T03:01:34.814 INFO:teuthology.orchestra.run.smithi037.stdout:/usr/bin/ceph: stderr
2024-03-19T03:01:34.209+0000 7f6cd18d0700 1 --2- 172.21.15.37:0/67584982 >> [v2:172.21.15.37:6800/3524065862,v1:172.21.15.37:6801/3524065862] conn(0x7f6cb8038ed0 0x7f6cb803b390 secure :-1 s=READY pgs=8 cs=0 l=1 rev1=1 crypto rx=0x7f6cb4006fd0 tx=0x7f6cb4006e40 comp rx=0 tx=0).stop
2024-03-19T03:01:34.814 INFO:teuthology.orchestra.run.smithi037.stdout:/usr/bin/ceph: stderr
2024-03-19T03:01:34.209+0000 7f6cd18d0700 1 -- 172.21.15.37:0/67584982 >> [v2:172.21.15.37:3300/0,v1:172.21.15.37:6789/0] conn(0x7f6ccc1087b0 msgr2=0x7f6ccc19bbb0 secure :-1 s=STATE_CONNECTION_ESTABLISHED l=1).mark_down
2024-03-19T03:01:34.814 INFO:teuthology.orchestra.run.smithi037.stdout:/usr/bin/ceph: stderr
2024-03-19T03:01:34.209+0000 7f6cd18d0700 1 --2- 172.21.15.37:0/67584982 >> [v2:172.21.15.37:3300/0,v1:172.21.15.37:6789/0] conn(0x7f6ccc1087b0 0x7f6ccc19bbb0 secure :-1 s=READY pgs=21 cs=0 l=1 rev1=1 crypto rx=0x7f6cbc0072a0 tx=0x7f6cbc00bd50 comp rx=0 tx=0).stop
2024-03-19T03:01:34.814 INFO:teuthology.orchestra.run.smithi037.stdout:/usr/bin/ceph: stderr
2024-03-19T03:01:34.209+0000 7f6cd18d0700 1 -- 172.21.15.37:0/67584982 shutdown_connections
2024-03-19T03:01:34.814 INFO:teuthology.orchestra.run.smithi037.stdout:/usr/bin/ceph: stderr
2024-03-19T03:01:34.209+0000 7f6cd18d0700 1 --2- 172.21.15.37:0/67584982 >> [v2:172.21.15.37:6800/3524065862,v1:172.21.15.37:6801/3524065862] conn(0x7f6cb8038ed0 0x7f6cb803b390 unknown :-1 s=CLOSED pgs=8 cs=0 l=1 rev1=1 crypto rx=0 tx=0 comp rx=0 tx=0).stop
2024-03-19T03:01:34.814 INFO:teuthology.orchestra.run.smithi037.stdout:/usr/bin/ceph: stderr
2024-03-19T03:01:34.209+0000 7f6cd18d0700 1 --2- 172.21.15.37:0/67584982 >> [v2:172.21.15.37:3300/0,v1:172.21.15.37:6789/0] conn(0x7f6ccc1087b0 0x7f6ccc19bbb0 unknown :-1 s=CLOSED pgs=21 cs=0 l=1 rev1=1 crypto rx=0 tx=0 comp rx=0 tx=0).stop
2024-03-19T03:01:34.814 INFO:teuthology.orchestra.run.smithi037.stdout:/usr/bin/ceph: stderr
2024-03-19T03:01:34.209+0000 7f6cd18d0700 1 -- 172.21.15.37:0/67584982 >> 172.21.15.37:0/67584982 conn(0x7f6ccc1021a0 msgr2=0x7f6ccc102c10 unknown :-1 s=STATE_NONE l=0).mark_down
2024-03-19T03:01:34.814 INFO:teuthology.orchestra.run.smithi037.stdout:/usr/bin/ceph: stderr
2024-03-19T03:01:34.210+0000 7f6cd18d0700 1 -- 172.21.15.37:0/67584982 shutdown_connections
2024-03-19T03:01:34.814 INFO:teuthology.orchestra.run.smithi037.stdout:/usr/bin/ceph: stderr
2024-03-19T03:01:34.210+0000 7f6cd18d0700 1 -- 172.21.15.37:0/67584982 wait complete.
2024-03-19T03:01:35.034 INFO:journalctl@ceph.mgr.x.smithi037.stdout:Mar 19 03:01:34 smithi037 ceph-cb29deaa-e59c-11ee-95c9-87774f69a715-mgr-x[32641]:
2024-03-19T03:01:34.781+0000 7fe3c8247200 -1 mgr[py] Module osd_perf_query has missing NOTIFY_TYPES member
2024-03-19T03:01:35.034 INFO:journalctl@ceph.mgr.x.smithi037.stdout:Mar 19 03:01:34 smithi037 ceph-cb29deaa-e59c-11ee-95c9-87774f69a715-mgr-x[32641]:
2024-03-19T03:01:34.883+0000 7fe3c8247200 -1 mgr[py] Module snap_schedule has missing NOTIFY_TYPES member
2024-03-19T03:01:35.363 INFO:journalctl@ceph.mon.a.smithi037.stdout:Mar 19 03:01:35 smithi037 ceph-mon[32410]: from='client.? 172.21.15.37:0/67584982' entity='client.admin' cmd='[{"prefix": "mgr module enable", "module": "cephadm"}]': finished
2024-03-19T03:01:35.364 INFO:journalctl@ceph.mon.a.smithi037.stdout:Mar 19 03:01:35 smithi037 ceph-mon[32410]: mgrmap e5: x(active, since 10s)
2024-03-19T03:01:35.802 INFO:journalctl@ceph.mgr.x.smithi037.stdout:Mar 19 03:01:35 smithi037 ceph-cb29deaa-e59c-11ee-95c9-87774f69a715-mgr-x[32641]:
2024-03-19T03:01:35.558+0000 7fe3c8247200 -1 mgr[py] Module zabbix has missing NOTIFY_TYPES member
2024-03-19T03:01:35.802 INFO:journalctl@ceph.mgr.x.smithi037.stdout:Mar 19 03:01:35 smithi037 ceph-cb29deaa-e59c-11ee-95c9-87774f69a715-mgr-x[32641]:
2024-03-19T03:01:35.654+0000 7fe3c8247200 -1 mgr[py] Module balancer has missing NOTIFY_TYPES member
2024-03-19T03:01:35.803 INFO:journalctl@ceph.mgr.x.smithi037.stdout:Mar 19 03:01:35 smithi037 ceph-cb29deaa-e59c-11ee-95c9-87774f69a715-mgr-x[32641]:
2024-03-19T03:01:35.801+0000 7fe3c8247200 -1 mgr[py] Module influx has missing NOTIFY_TYPES member
2024-03-19T03:01:36.091 INFO:journalctl@ceph.mgr.x.smithi037.stdout:Mar 19 03:01:35 smithi037 ceph-cb29deaa-e59c-11ee-95c9-87774f69a715-mgr-x[32641]:
2024-03-19T03:01:35.901+0000 7fe3c8247200 -1 mgr[py] Module alerts has missing NOTIFY_TYPES member
2024-03-19T03:01:36.091 INFO:journalctl@ceph.mgr.x.smithi037.stdout:Mar 19 03:01:35 smithi037 ceph-cb29deaa-e59c-11ee-95c9-87774f69a715-mgr-x[32641]:
2024-03-19T03:01:35.987+0000 7fe3c8247200 -1 mgr[py] Module iostat has missing NOTIFY_TYPES member
2024-03-19T03:01:36.101 INFO:teuthology.orchestra.run.smithi037.stdout:/usr/bin/ceph: stdout {
2024-03-19T03:01:36.101 INFO:teuthology.orchestra.run.smithi037.stdout:/usr/bin/ceph: stdout "epoch": 5,
2024-03-19T03:01:36.102 INFO:teuthology.orchestra.run.smithi037.stdout:/usr/bin/ceph: stdout "available": true,
2024-03-19T03:01:36.102 INFO:teuthology.orchestra.run.smithi037.stdout:/usr/bin/ceph: stdout "active_name": "x",
2024-03-19T03:01:36.102 INFO:teuthology.orchestra.run.smithi037.stdout:/usr/bin/ceph: stdout "num_standby": 0
2024-03-19T03:01:36.102 INFO:teuthology.orchestra.run.smithi037.stdout:/usr/bin/ceph: stdout }
2024-03-19T03:01:36.102 INFO:teuthology.orchestra.run.smithi037.stdout:/usr/bin/ceph: stderr
2024-03-19T03:01:35.220+0000 7faf1168b700 1 Processor -- start
2024-03-19T03:01:36.102 INFO:teuthology.orchestra.run.smithi037.stdout:/usr/bin/ceph: stderr
2024-03-19T03:01:35.220+0000 7faf1168b700 1 -- start start
2024-03-19T03:01:36.102 INFO:teuthology.orchestra.run.smithi037.stdout:/usr/bin/ceph: stderr
2024-03-19T03:01:35.220+0000 7faf1168b700 1 --2- >> [v2:172.21.15.37:3300/0,v1:172.21.15.37:6789/0] conn(0x7faf0c1065c0 0x7faf0c1069e0 unknown :-1 s=NONE pgs=0 cs=0 l=0 rev1=0 crypto rx=0 tx=0 comp rx=0 tx=0).connect
2024-03-19T03:01:36.102 INFO:teuthology.orchestra.run.smithi037.stdout:/usr/bin/ceph: stderr
2024-03-19T03:01:35.220+0000 7faf1168b700 1 -- --> [v2:172.21.15.37:3300/0,v1:172.21.15.37:6789/0] -- mon_getmap magic: 0 -- 0x7faf0c07be40 con 0x7faf0c1065c0
2024-03-19T03:01:36.102 INFO:teuthology.orchestra.run.smithi037.stdout:/usr/bin/ceph: stderr
2024-03-19T03:01:35.220+0000 7faf0affd700 1 --2- >> [v2:172.21.15.37:3300/0,v1:172.21.15.37:6789/0] conn(0x7faf0c1065c0 0x7faf0c1069e0 unknown :-1 s=BANNER_CONNECTING pgs=0 cs=0 l=0 rev1=0 crypto rx=0 tx=0 comp rx=0 tx=0)._handle_peer_banner_payload supported=3 required=0
2024-03-19T03:01:36.102 INFO:teuthology.orchestra.run.smithi037.stdout:/usr/bin/ceph: stderr
2024-03-19T03:01:35.220+0000 7faf0affd700 1 --2- >> [v2:172.21.15.37:3300/0,v1:172.21.15.37:6789/0] conn(0x7faf0c1065c0 0x7faf0c1069e0 unknown :-1 s=HELLO_CONNECTING pgs=0 cs=0 l=0 rev1=1 crypto rx=0 tx=0 comp rx=0 tx=0).handle_hello peer v2:172.21.15.37:3300/0 says I am v2:172.21.15.37:42942/0 (socket says 172.21.15.37:42942)
2024-03-19T03:01:36.102 INFO:teuthology.orchestra.run.smithi037.stdout:/usr/bin/ceph: stderr
2024-03-19T03:01:35.220+0000 7faf0affd700 1 -- 172.21.15.37:0/2670880821 learned_addr learned my addr 172.21.15.37:0/2670880821 (peer_addr_for_me v2:172.21.15.37:0/0)
2024-03-19T03:01:36.103 INFO:teuthology.orchestra.run.smithi037.stdout:/usr/bin/ceph: stderr
2024-03-19T03:01:35.221+0000 7faf0affd700 1 -- 172.21.15.37:0/2670880821 --> [v2:172.21.15.37:3300/0,v1:172.21.15.37:6789/0] -- mon_subscribe({config=0+,monmap=0+}) -- 0x7faf0c106f20 con 0x7faf0c1065c0
2024-03-19T03:01:36.103 INFO:teuthology.orchestra.run.smithi037.stdout:/usr/bin/ceph: stderr
2024-03-19T03:01:35.221+0000 7faf0affd700 1 --2- 172.21.15.37:0/2670880821 >> [v2:172.21.15.37:3300/0,v1:172.21.15.37:6789/0] conn(0x7faf0c1065c0 0x7faf0c1069e0 secure :-1 s=READY pgs=24 cs=0 l=1 rev1=1 crypto rx=0x7faefc0098a0 tx=0x7faefc009bb0 comp rx=0 tx=0).ready entity=mon.0 client_cookie=17578b110b783f82 server_cookie=0 in_seq=0 out_seq=0
2024-03-19T03:01:36.103 INFO:teuthology.orchestra.run.smithi037.stdout:/usr/bin/ceph: stderr
2024-03-19T03:01:35.221+0000 7faf09ffb700 1 -- 172.21.15.37:0/2670880821 <== mon.0 v2:172.21.15.37:3300/0 1 ==== mon_map magic: 0 ==== 205+0+0 (secure 0 0 0) 0x7faefc004160 con 0x7faf0c1065c0
2024-03-19T03:01:36.103 INFO:teuthology.orchestra.run.smithi037.stdout:/usr/bin/ceph: stderr
2024-03-19T03:01:35.221+0000 7faf09ffb700 1 -- 172.21.15.37:0/2670880821 <== mon.0 v2:172.21.15.37:3300/0 2 ==== config(27 keys) ==== 1109+0+0 (secure 0 0 0) 0x7faefc004300 con 0x7faf0c1065c0
2024-03-19T03:01:36.103 INFO:teuthology.orchestra.run.smithi037.stdout:/usr/bin/ceph: stderr
2024-03-19T03:01:35.221+0000 7faf09ffb700 1 -- 172.21.15.37:0/2670880821 <== mon.0 v2:172.21.15.37:3300/0 3 ==== mon_map magic: 0 ==== 205+0+0 (secure 0 0 0) 0x7faefc011b50 con 0x7faf0c1065c0
2024-03-19T03:01:36.103 INFO:teuthology.orchestra.run.smithi037.stdout:/usr/bin/ceph: stderr
2024-03-19T03:01:35.221+0000 7faf1168b700 1 -- 172.21.15.37:0/2670880821 >> [v2:172.21.15.37:3300/0,v1:172.21.15.37:6789/0] conn(0x7faf0c1065c0 msgr2=0x7faf0c1069e0 secure :-1 s=STATE_CONNECTION_ESTABLISHED l=1).mark_down
2024-03-19T03:01:36.103 INFO:teuthology.orchestra.run.smithi037.stdout:/usr/bin/ceph: stderr
2024-03-19T03:01:35.221+0000 7faf1168b700 1 --2- 172.21.15.37:0/2670880821 >> [v2:172.21.15.37:3300/0,v1:172.21.15.37:6789/0] conn(0x7faf0c1065c0 0x7faf0c1069e0 secure :-1 s=READY pgs=24 cs=0 l=1 rev1=1 crypto rx=0x7faefc0098a0 tx=0x7faefc009bb0 comp rx=0 tx=0).stop
2024-03-19T03:01:36.103 INFO:teuthology.orchestra.run.smithi037.stdout:/usr/bin/ceph: stderr
2024-03-19T03:01:35.221+0000 7faf1168b700 1 -- 172.21.15.37:0/2670880821 shutdown_connections
2024-03-19T03:01:36.103 INFO:teuthology.orchestra.run.smithi037.stdout:/usr/bin/ceph: stderr
2024-03-19T03:01:35.221+0000 7faf1168b700 1 --2- 172.21.15.37:0/2670880821 >> [v2:172.21.15.37:3300/0,v1:172.21.15.37:6789/0] conn(0x7faf0c1065c0 0x7faf0c1069e0 unknown :-1 s=CLOSED pgs=24 cs=0 l=1 rev1=1 crypto rx=0 tx=0 comp rx=0 tx=0).stop
2024-03-19T03:01:36.103 INFO:teuthology.orchestra.run.smithi037.stdout:/usr/bin/ceph: stderr
2024-03-19T03:01:35.221+0000 7faf1168b700 1 -- 172.21.15.37:0/2670880821 >> 172.21.15.37:0/2670880821 conn(0x7faf0c1021e0 msgr2=0x7faf0c104600 unknown :-1 s=STATE_NONE l=0).mark_down
2024-03-19T03:01:36.104 INFO:teuthology.orchestra.run.smithi037.stdout:/usr/bin/ceph: stderr
2024-03-19T03:01:35.222+0000 7faf1168b700 1 -- 172.21.15.37:0/2670880821 shutdown_connections
2024-03-19T03:01:36.104 INFO:teuthology.orchestra.run.smithi037.stdout:/usr/bin/ceph: stderr
2024-03-19T03:01:35.222+0000 7faf1168b700 1 -- 172.21.15.37:0/2670880821 wait complete.
2024-03-19T03:01:36.104 INFO:teuthology.orchestra.run.smithi037.stdout:/usr/bin/ceph: stderr
2024-03-19T03:01:35.222+0000 7faf1168b700 1 Processor -- start
2024-03-19T03:01:36.104 INFO:teuthology.orchestra.run.smithi037.stdout:/usr/bin/ceph: stderr
2024-03-19T03:01:35.222+0000 7faf1168b700 1 -- start start
2024-03-19T03:01:36.104 INFO:teuthology.orchestra.run.smithi037.stdout:/usr/bin/ceph: stderr
2024-03-19T03:01:35.222+0000 7faf1168b700 1 --2- >> [v2:172.21.15.37:3300/0,v1:172.21.15.37:6789/0] conn(0x7faf0c1065c0 0x7faf0c19dea0 unknown :-1 s=NONE pgs=0 cs=0 l=1 rev1=0 crypto rx=0 tx=0 comp rx=0 tx=0).connect
2024-03-19T03:01:36.104 INFO:teuthology.orchestra.run.smithi037.stdout:/usr/bin/ceph: stderr
2024-03-19T03:01:35.222+0000 7faf1168b700 1 -- --> [v2:172.21.15.37:3300/0,v1:172.21.15.37:6789/0] -- mon_getmap magic: 0 -- 0x7faf0c107f40 con 0x7faf0c1065c0
2024-03-19T03:01:36.104 INFO:teuthology.orchestra.run.smithi037.stdout:/usr/bin/ceph: stderr
2024-03-19T03:01:35.223+0000 7faf0affd700 1 --2- >> [v2:172.21.15.37:3300/0,v1:172.21.15.37:6789/0] conn(0x7faf0c1065c0 0x7faf0c19dea0 unknown :-1 s=BANNER_CONNECTING pgs=0 cs=0 l=1 rev1=0 crypto rx=0 tx=0 comp rx=0 tx=0)._handle_peer_banner_payload supported=3 required=0
2024-03-19T03:01:36.104 INFO:teuthology.orchestra.run.smithi037.stdout:/usr/bin/ceph: stderr
2024-03-19T03:01:35.223+0000 7faf0affd700 1 --2- >> [v2:172.21.15.37:3300/0,v1:172.21.15.37:6789/0] conn(0x7faf0c1065c0 0x7faf0c19dea0 unknown :-1 s=HELLO_CONNECTING pgs=0 cs=0 l=1 rev1=1 crypto rx=0 tx=0 comp rx=0 tx=0).handle_hello peer v2:172.21.15.37:3300/0 says I am v2:172.21.15.37:42948/0 (socket says 172.21.15.37:42948)
2024-03-19T03:01:36.104 INFO:teuthology.orchestra.run.smithi037.stdout:/usr/bin/ceph: stderr
2024-03-19T03:01:35.223+0000 7faf0affd700 1 -- 172.21.15.37:0/1637688072 learned_addr learned my addr 172.21.15.37:0/1637688072 (peer_addr_for_me v2:172.21.15.37:0/0)
2024-03-19T03:01:36.104 INFO:teuthology.orchestra.run.smithi037.stdout:/usr/bin/ceph: stderr
2024-03-19T03:01:35.223+0000 7faf0affd700 1 -- 172.21.15.37:0/1637688072 --> [v2:172.21.15.37:3300/0,v1:172.21.15.37:6789/0] -- mon_subscribe({config=0+,monmap=0+}) -- 0x7faf0c19e3e0 con 0x7faf0c1065c0
2024-03-19T03:01:36.104 INFO:teuthology.orchestra.run.smithi037.stdout:/usr/bin/ceph: stderr
2024-03-19T03:01:35.223+0000 7faf0affd700 1 --2- 172.21.15.37:0/1637688072 >> [v2:172.21.15.37:3300/0,v1:172.21.15.37:6789/0] conn(0x7faf0c1065c0 0x7faf0c19dea0 secure :-1 s=READY pgs=25 cs=0 l=1 rev1=1 crypto rx=0x7faefc009fb0 tx=0x7faefc011bf0 comp rx=0 tx=0).ready entity=mon.0 client_cookie=0 server_cookie=0 in_seq=0 out_seq=0
2024-03-19T03:01:36.104 INFO:teuthology.orchestra.run.smithi037.stdout:/usr/bin/ceph: stderr
2024-03-19T03:01:35.223+0000 7faf03fff700 1 -- 172.21.15.37:0/1637688072 <== mon.0 v2:172.21.15.37:3300/0 1 ==== mon_map magic: 0 ==== 205+0+0 (secure 0 0 0) 0x7faefc0038b0 con 0x7faf0c1065c0
2024-03-19T03:01:36.105 INFO:teuthology.orchestra.run.smithi037.stdout:/usr/bin/ceph: stderr
2024-03-19T03:01:35.223+0000 7faf03fff700 1 -- 172.21.15.37:0/1637688072 <== mon.0 v2:172.21.15.37:3300/0 2 ==== config(27 keys) ==== 1109+0+0 (secure 0 0 0) 0x7faefc011e50 con 0x7faf0c1065c0
2024-03-19T03:01:36.105 INFO:teuthology.orchestra.run.smithi037.stdout:/usr/bin/ceph: stderr
2024-03-19T03:01:35.223+0000 7faf03fff700 1 -- 172.21.15.37:0/1637688072 <== mon.0 v2:172.21.15.37:3300/0 3 ==== mon_map magic: 0 ==== 205+0+0 (secure 0 0 0) 0x7faefc019420 con 0x7faf0c1065c0
2024-03-19T03:01:36.105 INFO:teuthology.orchestra.run.smithi037.stdout:/usr/bin/ceph: stderr
2024-03-19T03:01:35.223+0000 7faf1168b700 1 -- 172.21.15.37:0/1637688072 --> [v2:172.21.15.37:3300/0,v1:172.21.15.37:6789/0] -- mon_subscribe({mgrmap=0+}) -- 0x7faf0c19e670 con 0x7faf0c1065c0
2024-03-19T03:01:36.105 INFO:teuthology.orchestra.run.smithi037.stdout:/usr/bin/ceph: stderr
2024-03-19T03:01:35.223+0000 7faf1168b700 1 -- 172.21.15.37:0/1637688072 --> [v2:172.21.15.37:3300/0,v1:172.21.15.37:6789/0] -- mon_subscribe({osdmap=0}) -- 0x7faf0c1a1360 con 0x7faf0c1065c0
2024-03-19T03:01:36.105 INFO:teuthology.orchestra.run.smithi037.stdout:/usr/bin/ceph: stderr
2024-03-19T03:01:35.224+0000 7faf03fff700 1 -- 172.21.15.37:0/1637688072 <== mon.0 v2:172.21.15.37:3300/0 4 ==== mgrmap(e 5) ==== 46106+0+0 (secure 0 0 0) 0x7faefc0196d0 con 0x7faf0c1065c0
2024-03-19T03:01:36.105 INFO:teuthology.orchestra.run.smithi037.stdout:/usr/bin/ceph: stderr
2024-03-19T03:01:35.224+0000 7faf1168b700 1 -- 172.21.15.37:0/1637688072 --> [v2:172.21.15.37:3300/0,v1:172.21.15.37:6789/0] -- mon_command({"prefix": "get_command_descriptions"} v 0) -- 0x7faf0c0693e0 con 0x7faf0c1065c0
2024-03-19T03:01:36.105 INFO:teuthology.orchestra.run.smithi037.stdout:/usr/bin/ceph: stderr
2024-03-19T03:01:35.225+0000 7faf03fff700 1 --2- 172.21.15.37:0/1637688072 >> [v2:172.21.15.37:6800/3524065862,v1:172.21.15.37:6801/3524065862] conn(0x7faef8038f20 0x7faef803b3e0 unknown :-1 s=NONE pgs=0 cs=0 l=1 rev1=0 crypto rx=0 tx=0 comp rx=0 tx=0).connect
2024-03-19T03:01:36.105 INFO:teuthology.orchestra.run.smithi037.stdout:/usr/bin/ceph: stderr
2024-03-19T03:01:35.225+0000 7faf03fff700 1 -- 172.21.15.37:0/1637688072 <== mon.0 v2:172.21.15.37:3300/0 5 ==== osd_map(1..1 src has 1..1) ==== 725+0+0 (secure 0 0 0) 0x7faefc04d290 con 0x7faf0c1065c0
2024-03-19T03:01:36.105 INFO:teuthology.orchestra.run.smithi037.stdout:/usr/bin/ceph: stderr
2024-03-19T03:01:35.225+0000 7faf0a7fc700 1 -- 172.21.15.37:0/1637688072 >> [v2:172.21.15.37:6800/3524065862,v1:172.21.15.37:6801/3524065862] conn(0x7faef8038f20 msgr2=0x7faef803b3e0 unknown :-1 s=STATE_CONNECTING_RE l=1).process reconnect failed to v2:172.21.15.37:6800/3524065862
2024-03-19T03:01:36.105 INFO:teuthology.orchestra.run.smithi037.stdout:/usr/bin/ceph: stderr
2024-03-19T03:01:35.225+0000 7faf0a7fc700 1 --2- 172.21.15.37:0/1637688072 >> [v2:172.21.15.37:6800/3524065862,v1:172.21.15.37:6801/3524065862] conn(0x7faef8038f20 0x7faef803b3e0 unknown :-1 s=START_CONNECT pgs=0 cs=0 l=1 rev1=0 crypto rx=0 tx=0 comp rx=0 tx=0)._fault waiting 0.200000
2024-03-19T03:01:36.106 INFO:teuthology.orchestra.run.smithi037.stdout:/usr/bin/ceph: stderr
2024-03-19T03:01:35.229+0000 7faf03fff700 1 -- 172.21.15.37:0/1637688072 <== mon.0 v2:172.21.15.37:3300/0 6 ==== mon_command_ack([{"prefix": "get_command_descriptions"}]=0 v0) ==== 72+0+186149 (secure 0 0 0) 0x7faefc003ac0 con 0x7faf0c1065c0
2024-03-19T03:01:36.106 INFO:teuthology.orchestra.run.smithi037.stdout:/usr/bin/ceph: stderr
2024-03-19T03:01:35.426+0000 7faf0a7fc700 1 -- 172.21.15.37:0/1637688072 >> [v2:172.21.15.37:6800/3524065862,v1:172.21.15.37:6801/3524065862] conn(0x7faef8038f20 msgr2=0x7faef803b3e0 unknown :-1 s=STATE_CONNECTING_RE l=1).process reconnect failed to v2:172.21.15.37:6800/3524065862
2024-03-19T03:01:36.106 INFO:teuthology.orchestra.run.smithi037.stdout:/usr/bin/ceph: stderr
2024-03-19T03:01:35.426+0000 7faf0a7fc700 1 --2- 172.21.15.37:0/1637688072 >> [v2:172.21.15.37:6800/3524065862,v1:172.21.15.37:6801/3524065862] conn(0x7faef8038f20 0x7faef803b3e0 unknown :-1 s=START_CONNECT pgs=0 cs=0 l=1 rev1=0 crypto rx=0 tx=0 comp rx=0 tx=0)._fault waiting 0.400000
2024-03-19T03:01:36.106 INFO:teuthology.orchestra.run.smithi037.stdout:/usr/bin/ceph: stderr
2024-03-19T03:01:35.498+0000 7faf1168b700 1 -- 172.21.15.37:0/1637688072 --> [v2:172.21.15.37:3300/0,v1:172.21.15.37:6789/0] -- mon_command({"prefix": "mgr stat"} v 0) -- 0x7faf0c0008d0 con 0x7faf0c1065c0
2024-03-19T03:01:36.106 INFO:teuthology.orchestra.run.smithi037.stdout:/usr/bin/ceph: stderr
2024-03-19T03:01:35.498+0000 7faf03fff700 1 -- 172.21.15.37:0/1637688072 <== mon.0 v2:172.21.15.37:3300/0 7 ==== mon_command_ack([{"prefix": "mgr stat"}]=0 v5) ==== 56+0+88 (secure 0 0 0) 0x7faefc02d7c0 con 0x7faf0c1065c0
2024-03-19T03:01:36.106 INFO:teuthology.orchestra.run.smithi037.stdout:/usr/bin/ceph: stderr
2024-03-19T03:01:35.500+0000 7faf1168b700 1 -- 172.21.15.37:0/1637688072 >> [v2:172.21.15.37:6800/3524065862,v1:172.21.15.37:6801/3524065862] conn(0x7faef8038f20 msgr2=0x7faef803b3e0 unknown :-1 s=STATE_CONNECTING l=1).mark_down
2024-03-19T03:01:36.106 INFO:teuthology.orchestra.run.smithi037.stdout:/usr/bin/ceph: stderr
2024-03-19T03:01:35.500+0000 7faf1168b700 1 --2- 172.21.15.37:0/1637688072 >> [v2:172.21.15.37:6800/3524065862,v1:172.21.15.37:6801/3524065862] conn(0x7faef8038f20 0x7faef803b3e0 unknown :-1 s=START_CONNECT pgs=0 cs=0 l=1 rev1=0 crypto rx=0 tx=0 comp rx=0 tx=0).stop
2024-03-19T03:01:36.106 INFO:teuthology.orchestra.run.smithi037.stdout:/usr/bin/ceph: stderr
2024-03-19T03:01:35.500+0000 7faf1168b700 1 -- 172.21.15.37:0/1637688072 >> [v2:172.21.15.37:3300/0,v1:172.21.15.37:6789/0] conn(0x7faf0c1065c0 msgr2=0x7faf0c19dea0 secure :-1 s=STATE_CONNECTION_ESTABLISHED l=1).mark_down
2024-03-19T03:01:36.106 INFO:teuthology.orchestra.run.smithi037.stdout:/usr/bin/ceph: stderr
2024-03-19T03:01:35.500+0000 7faf1168b700 1 --2- 172.21.15.37:0/1637688072 >> [v2:172.21.15.37:3300/0,v1:172.21.15.37:6789/0] conn(0x7faf0c1065c0 0x7faf0c19dea0 secure :-1 s=READY pgs=25 cs=0 l=1 rev1=1 crypto rx=0x7faefc009fb0 tx=0x7faefc011bf0 comp rx=0 tx=0).stop
2024-03-19T03:01:36.107 INFO:teuthology.orchestra.run.smithi037.stdout:/usr/bin/ceph: stderr
2024-03-19T03:01:35.501+0000 7faf1168b700 1 -- 172.21.15.37:0/1637688072 shutdown_connections
2024-03-19T03:01:36.107 INFO:teuthology.orchestra.run.smithi037.stdout:/usr/bin/ceph: stderr
2024-03-19T03:01:35.501+0000 7faf1168b700 1 --2- 172.21.15.37:0/1637688072 >> [v2:172.21.15.37:6800/3524065862,v1:172.21.15.37:6801/3524065862] conn(0x7faef8038f20 0x7faef803b3e0 unknown :-1 s=CLOSED pgs=0 cs=0 l=1 rev1=0 crypto rx=0 tx=0 comp rx=0 tx=0).stop
2024-03-19T03:01:36.107 INFO:teuthology.orchestra.run.smithi037.stdout:/usr/bin/ceph: stderr
2024-03-19T03:01:35.501+0000 7faf1168b700 1 --2- 172.21.15.37:0/1637688072 >> [v2:172.21.15.37:3300/0,v1:172.21.15.37:6789/0] conn(0x7faf0c1065c0 0x7faf0c19dea0 unknown :-1 s=CLOSED pgs=25 cs=0 l=1 rev1=1 crypto rx=0 tx=0 comp rx=0 tx=0).stop
2024-03-19T03:01:36.107 INFO:teuthology.orchestra.run.smithi037.stdout:/usr/bin/ceph: stderr
2024-03-19T03:01:35.501+0000 7faf1168b700 1 -- 172.21.15.37:0/1637688072 >> 172.21.15.37:0/1637688072 conn(0x7faf0c1021e0 msgr2=0x7faf0c194a80 unknown :-1 s=STATE_NONE l=0).mark_down
2024-03-19T03:01:36.107 INFO:teuthology.orchestra.run.smithi037.stdout:/usr/bin/ceph: stderr
2024-03-19T03:01:35.501+0000 7faf1168b700 1 -- 172.21.15.37:0/1637688072 shutdown_connections
2024-03-19T03:01:36.107 INFO:teuthology.orchestra.run.smithi037.stdout:/usr/bin/ceph: stderr
2024-03-19T03:01:35.501+0000 7faf1168b700 1 -- 172.21.15.37:0/1637688072 wait complete.
2024-03-19T03:01:36.107 INFO:teuthology.orchestra.run.smithi037.stdout:Waiting for the mgr to restart...
2024-03-19T03:01:36.107 INFO:teuthology.orchestra.run.smithi037.stdout:Waiting for mgr epoch 5...
2024-03-19T03:01:36.364 INFO:journalctl@ceph.mon.a.smithi037.stdout:Mar 19 03:01:36 smithi037 ceph-mon[32410]: from='client.? 172.21.15.37:0/1637688072' entity='client.admin' cmd=[{"prefix": "mgr stat"}]: dispatch
2024-03-19T03:01:36.364 INFO:journalctl@ceph.mgr.x.smithi037.stdout:Mar 19 03:01:36 smithi037 ceph-cb29deaa-e59c-11ee-95c9-87774f69a715-mgr-x[32641]:
2024-03-19T03:01:36.268+0000 7fe3c8247200 -1 mgr[py] Module rgw has missing NOTIFY_TYPES member
2024-03-19T03:01:36.701 INFO:journalctl@ceph.mgr.x.smithi037.stdout:Mar 19 03:01:36 smithi037 ceph-cb29deaa-e59c-11ee-95c9-87774f69a715-mgr-x[32641]:
2024-03-19T03:01:36.384+0000 7fe3c8247200 -1 mgr[py] Module rbd_support has missing NOTIFY_TYPES member
2024-03-19T03:01:36.701 INFO:journalctl@ceph.mgr.x.smithi037.stdout:Mar 19 03:01:36 smithi037 ceph-cb29deaa-e59c-11ee-95c9-87774f69a715-mgr-x[32641]:
2024-03-19T03:01:36.475+0000 7fe3c8247200 -1 mgr[py] Module progress has missing NOTIFY_TYPES member
2024-03-19T03:01:36.701 INFO:journalctl@ceph.mgr.x.smithi037.stdout:Mar 19 03:01:36 smithi037 ceph-cb29deaa-e59c-11ee-95c9-87774f69a715-mgr-x[32641]:
2024-03-19T03:01:36.576+0000 7fe3c8247200 -1 mgr[py] Module pg_autoscaler has missing NOTIFY_TYPES member
2024-03-19T03:01:37.102 INFO:journalctl@ceph.mgr.x.smithi037.stdout:Mar 19 03:01:36 smithi037 ceph-cb29deaa-e59c-11ee-95c9-87774f69a715-mgr-x[32641]:
2024-03-19T03:01:36.754+0000 7fe3c8247200 -1 mgr[py] Module devicehealth has missing NOTIFY_TYPES member
2024-03-19T03:01:37.863 INFO:journalctl@ceph.mgr.x.smithi037.stdout:Mar 19 03:01:37 smithi037 ceph-cb29deaa-e59c-11ee-95c9-87774f69a715-mgr-x[32641]:
2024-03-19T03:01:37.760+0000 7fe3c8247200 -1 mgr[py] Module rook has missing NOTIFY_TYPES member
2024-03-19T03:01:38.186 INFO:journalctl@ceph.mgr.x.smithi037.stdout:Mar 19 03:01:37 smithi037 ceph-cb29deaa-e59c-11ee-95c9-87774f69a715-mgr-x[32641]:
2024-03-19T03:01:37.895+0000 7fe3c8247200 -1 mgr[py] Module diskprediction_local has missing NOTIFY_TYPES member
2024-03-19T03:01:38.553 INFO:journalctl@ceph.mgr.x.smithi037.stdout:Mar 19 03:01:38 smithi037 ceph-cb29deaa-e59c-11ee-95c9-87774f69a715-mgr-x[32641]:
2024-03-19T03:01:38.257+0000 7fe3c8247200 -1 mgr[py] Module selftest has missing NOTIFY_TYPES member
2024-03-19T03:01:38.553 INFO:journalctl@ceph.mgr.x.smithi037.stdout:Mar 19 03:01:38 smithi037 ceph-cb29deaa-e59c-11ee-95c9-87774f69a715-mgr-x[32641]:
2024-03-19T03:01:38.350+0000 7fe3c8247200 -1 mgr[py] Module telegraf has missing NOTIFY_TYPES member
2024-03-19T03:01:38.553 INFO:journalctl@ceph.mgr.x.smithi037.stdout:Mar 19 03:01:38 smithi037 ceph-cb29deaa-e59c-11ee-95c9-87774f69a715-mgr-x[32641]:
2024-03-19T03:01:38.552+0000 7fe3c8247200 -1 mgr[py] Module test_orchestrator has missing NOTIFY_TYPES member
2024-03-19T03:01:38.863 INFO:journalctl@ceph.mgr.x.smithi037.stdout:Mar 19 03:01:38 smithi037 ceph-cb29deaa-e59c-11ee-95c9-87774f69a715-mgr-x[32641]:
2024-03-19T03:01:38.743+0000 7fe3c8247200 -1 mgr[py] Module crash has missing NOTIFY_TYPES member
2024-03-19T03:01:39.300 INFO:journalctl@ceph.mgr.x.smithi037.stdout:Mar 19 03:01:39 smithi037 ceph-cb29deaa-e59c-11ee-95c9-87774f69a715-mgr-x[32641]:
2024-03-19T03:01:39.038+0000 7fe3c8247200 -1 mgr[py] Module orchestrator has missing NOTIFY_TYPES member
2024-03-19T03:01:39.613 INFO:journalctl@ceph.mgr.x.smithi037.stdout:Mar 19 03:01:39 smithi037 ceph-cb29deaa-e59c-11ee-95c9-87774f69a715-mgr-x[32641]:
2024-03-19T03:01:39.299+0000 7fe3c8247200 -1 mgr[py] Module osd_support has missing NOTIFY_TYPES member
2024-03-19T03:01:39.614 INFO:journalctl@ceph.mgr.x.smithi037.stdout:Mar 19 03:01:39 smithi037 ceph-cb29deaa-e59c-11ee-95c9-87774f69a715-mgr-x[32641]:
2024-03-19T03:01:39.546+0000 7fe3c8247200 -1 mgr[py] Module volumes has missing NOTIFY_TYPES member
2024-03-19T03:01:40.863 INFO:journalctl@ceph.mgr.x.smithi037.stdout:Mar 19 03:01:40 smithi037 ceph-cb29deaa-e59c-11ee-95c9-87774f69a715-mgr-x[32641]:
2024-03-19T03:01:40.380+0000 7fe3c8247200 -1 mgr[py] Module telemetry has missing NOTIFY_TYPES member
2024-03-19T03:01:41.293 INFO:journalctl@ceph.mgr.x.smithi037.stdout:Mar 19 03:01:40 smithi037 ceph-cb29deaa-e59c-11ee-95c9-87774f69a715-mgr-x[32641]:
2024-03-19T03:01:40.964+0000 7fe3c8247200 -1 mgr[py] Module prometheus has missing NOTIFY_TYPES member
2024-03-19T03:01:41.294 INFO:journalctl@ceph.mgr.x.smithi037.stdout:Mar 19 03:01:41 smithi037 ceph-cb29deaa-e59c-11ee-95c9-87774f69a715-mgr-x[32641]:
2024-03-19T03:01:41.067+0000 7fe3c8247200 -1 mgr[py] Module status has missing NOTIFY_TYPES member
2024-03-19T03:01:41.294 INFO:journalctl@ceph.mgr.x.smithi037.stdout:Mar 19 03:01:41 smithi037 ceph-cb29deaa-e59c-11ee-95c9-87774f69a715-mgr-x[32641]:
2024-03-19T03:01:41.292+0000 7fe3c8247200 -1 mgr[py] Module nfs has missing NOTIFY_TYPES member
2024-03-19T03:01:41.614 INFO:journalctl@ceph.mon.a.smithi037.stdout:Mar 19 03:01:41 smithi037 ceph-mon[32410]: Active manager daemon x restarted
2024-03-19T03:01:41.614 INFO:journalctl@ceph.mon.a.smithi037.stdout:Mar 19 03:01:41 smithi037 ceph-mon[32410]: Activating manager daemon x
2024-03-19T03:01:41.614 INFO:journalctl@ceph.mon.a.smithi037.stdout:Mar 19 03:01:41 smithi037 ceph-mon[32410]: osdmap e2: 0 total, 0 up, 0 in
2024-03-19T03:01:41.614 INFO:journalctl@ceph.mon.a.smithi037.stdout:Mar 19 03:01:41 smithi037 ceph-mon[32410]: mgrmap e6: x(active, starting, since 0.00331848s)
2024-03-19T03:01:41.614 INFO:journalctl@ceph.mon.a.smithi037.stdout:Mar 19 03:01:41 smithi037 ceph-mon[32410]: from='mgr.14118 172.21.15.37:0/2448637130' entity='mgr.x' cmd=[{"prefix": "mon metadata", "id": "a"}]: dispatch
2024-03-19T03:01:41.614 INFO:journalctl@ceph.mon.a.smithi037.stdout:Mar 19 03:01:41 smithi037 ceph-mon[32410]: from='mgr.14118 172.21.15.37:0/2448637130' entity='mgr.x' cmd=[{"prefix": "mgr metadata", "who": "x", "id": "x"}]: dispatch
2024-03-19T03:01:41.614 INFO:journalctl@ceph.mon.a.smithi037.stdout:Mar 19 03:01:41 smithi037 ceph-mon[32410]: from='mgr.14118 172.21.15.37:0/2448637130' entity='mgr.x' cmd=[{"prefix": "mds metadata"}]: dispatch
2024-03-19T03:01:41.614 INFO:journalctl@ceph.mon.a.smithi037.stdout:Mar 19 03:01:41 smithi037 ceph-mon[32410]: from='mgr.14118 172.21.15.37:0/2448637130' entity='mgr.x' cmd=[{"prefix": "osd metadata"}]: dispatch
2024-03-19T03:01:41.614 INFO:journalctl@ceph.mon.a.smithi037.stdout:Mar 19 03:01:41 smithi037 ceph-mon[32410]: from='mgr.14118 172.21.15.37:0/2448637130' entity='mgr.x' cmd=[{"prefix": "mon metadata"}]: dispatch
2024-03-19T03:01:41.614 INFO:journalctl@ceph.mon.a.smithi037.stdout:Mar 19 03:01:41 smithi037 ceph-mon[32410]: Manager daemon x is now available
2024-03-19T03:01:41.614 INFO:journalctl@ceph.mon.a.smithi037.stdout:Mar 19 03:01:41 smithi037 ceph-mon[32410]: from='mgr.14118 172.21.15.37:0/2448637130' entity='mgr.x'
2024-03-19T03:01:41.615 INFO:journalctl@ceph.mon.a.smithi037.stdout:Mar 19 03:01:41 smithi037 ceph-mon[32410]: from='mgr.14118 172.21.15.37:0/2448637130' entity='mgr.x'
2024-03-19T03:01:41.615 INFO:journalctl@ceph.mon.a.smithi037.stdout:Mar 19 03:01:41 smithi037 ceph-mon[32410]: from='mgr.14118 172.21.15.37:0/2448637130' entity='mgr.x' cmd=[{"prefix": "config dump", "format": "json"}]: dispatch
2024-03-19T03:01:41.615 INFO:journalctl@ceph.mon.a.smithi037.stdout:Mar 19 03:01:41 smithi037 ceph-mon[32410]: from='mgr.14118 172.21.15.37:0/2448637130' entity='mgr.x' cmd=[{"prefix": "config dump", "format": "json"}]: dispatch
2024-03-19T03:01:42.597 INFO:journalctl@ceph.mon.a.smithi037.stdout:Mar 19 03:01:42 smithi037 ceph-mon[32410]: Found migration_current of "None". Setting to last migration.
2024-03-19T03:01:42.598 INFO:journalctl@ceph.mon.a.smithi037.stdout:Mar 19 03:01:42 smithi037 ceph-mon[32410]: from='mgr.14118 172.21.15.37:0/2448637130' entity='mgr.x' cmd=[{"prefix": "config dump", "format": "json"}]: dispatch
2024-03-19T03:01:42.598 INFO:journalctl@ceph.mon.a.smithi037.stdout:Mar 19 03:01:42 smithi037 ceph-mon[32410]: from='mgr.14118 172.21.15.37:0/2448637130' entity='mgr.x' cmd=[{"prefix":"config rm","who":"mgr","name":"mgr/rbd_support/x/mirror_snapshot_schedule"}]: dispatch
2024-03-19T03:01:42.598 INFO:journalctl@ceph.mon.a.smithi037.stdout:Mar 19 03:01:42 smithi037 ceph-mon[32410]: from='mgr.14118 172.21.15.37:0/2448637130' entity='mgr.x' cmd=[{"prefix":"config rm","who":"mgr","name":"mgr/rbd_support/x/trash_purge_schedule"}]: dispatch
2024-03-19T03:01:42.598 INFO:journalctl@ceph.mon.a.smithi037.stdout:Mar 19 03:01:42 smithi037 ceph-mon[32410]: mgrmap e7: x(active, since 1.00563s)
2024-03-19T03:01:42.791 INFO:teuthology.orchestra.run.smithi037.stdout:/usr/bin/ceph: stdout {
2024-03-19T03:01:42.791 INFO:teuthology.orchestra.run.smithi037.stdout:/usr/bin/ceph: stdout "mgrmap_epoch": 7,
2024-03-19T03:01:42.791 INFO:teuthology.orchestra.run.smithi037.stdout:/usr/bin/ceph: stdout "initialized": true
2024-03-19T03:01:42.792 INFO:teuthology.orchestra.run.smithi037.stdout:/usr/bin/ceph: stdout }
2024-03-19T03:01:42.792 INFO:teuthology.orchestra.run.smithi037.stdout:/usr/bin/ceph: stderr
2024-03-19T03:01:36.494+0000 7f64ff136700 1 Processor -- start
2024-03-19T03:01:42.792 INFO:teuthology.orchestra.run.smithi037.stdout:/usr/bin/ceph: stderr
2024-03-19T03:01:36.494+0000 7f64ff136700 1 -- start start
2024-03-19T03:01:42.792 INFO:teuthology.orchestra.run.smithi037.stdout:/usr/bin/ceph: stderr
2024-03-19T03:01:36.494+0000 7f64ff136700 1 --2- >> [v2:172.21.15.37:3300/0,v1:172.21.15.37:6789/0] conn(0x7f64f8109310 0x7f64f8109730 unknown :-1 s=NONE pgs=0 cs=0 l=0 rev1=0 crypto rx=0 tx=0 comp rx=0 tx=0).connect
2024-03-19T03:01:42.792 INFO:teuthology.orchestra.run.smithi037.stdout:/usr/bin/ceph: stderr
2024-03-19T03:01:36.494+0000 7f64ff136700 1 -- --> [v2:172.21.15.37:3300/0,v1:172.21.15.37:6789/0] -- mon_getmap magic: 0 -- 0x7f64f8109d00 con 0x7f64f8109310
2024-03-19T03:01:42.792 INFO:teuthology.orchestra.run.smithi037.stdout:/usr/bin/ceph: stderr
2024-03-19T03:01:36.494+0000 7f64fced2700 1 --2- >> [v2:172.21.15.37:3300/0,v1:172.21.15.37:6789/0] conn(0x7f64f8109310 0x7f64f8109730 unknown :-1 s=BANNER_CONNECTING pgs=0 cs=0 l=0 rev1=0 crypto rx=0 tx=0 comp rx=0 tx=0)._handle_peer_banner_payload supported=3 required=0
2024-03-19T03:01:42.792 INFO:teuthology.orchestra.run.smithi037.stdout:/usr/bin/ceph: stderr
2024-03-19T03:01:36.494+0000 7f64fced2700 1 --2- >> [v2:172.21.15.37:3300/0,v1:172.21.15.37:6789/0] conn(0x7f64f8109310 0x7f64f8109730 unknown :-1 s=HELLO_CONNECTING pgs=0 cs=0 l=0 rev1=1 crypto rx=0 tx=0 comp rx=0 tx=0).handle_hello peer v2:172.21.15.37:3300/0 says I am v2:172.21.15.37:42954/0 (socket says 172.21.15.37:42954)
2024-03-19T03:01:42.792 INFO:teuthology.orchestra.run.smithi037.stdout:/usr/bin/ceph: stderr
2024-03-19T03:01:36.494+0000 7f64fced2700 1 -- 172.21.15.37:0/118978171 learned_addr learned my addr 172.21.15.37:0/118978171 (peer_addr_for_me v2:172.21.15.37:0/0)
2024-03-19T03:01:42.792 INFO:teuthology.orchestra.run.smithi037.stdout:/usr/bin/ceph: stderr
2024-03-19T03:01:36.494+0000 7f64fced2700 1 -- 172.21.15.37:0/118978171 --> [v2:172.21.15.37:3300/0,v1:172.21.15.37:6789/0] -- mon_subscribe({config=0+,monmap=0+}) -- 0x7f64f8109e80 con 0x7f64f8109310
2024-03-19T03:01:42.792 INFO:teuthology.orchestra.run.smithi037.stdout:/usr/bin/ceph: stderr
2024-03-19T03:01:36.494+0000 7f64fced2700 1 --2- 172.21.15.37:0/118978171 >> [v2:172.21.15.37:3300/0,v1:172.21.15.37:6789/0] conn(0x7f64f8109310 0x7f64f8109730 secure :-1 s=READY pgs=26 cs=0 l=1 rev1=1 crypto rx=0x7f64f4009e80 tx=0x7f64f400b330 comp rx=0 tx=0).ready entity=mon.0 client_cookie=a50df71b5b7ef54c server_cookie=0 in_seq=0 out_seq=0
2024-03-19T03:01:42.792 INFO:teuthology.orchestra.run.smithi037.stdout:/usr/bin/ceph: stderr
2024-03-19T03:01:36.495+0000 7f64ef7fe700 1 -- 172.21.15.37:0/118978171 <== mon.0 v2:172.21.15.37:3300/0 1 ==== mon_map magic: 0 ==== 205+0+0 (secure 0 0 0) 0x7f64f4017070 con 0x7f64f8109310
2024-03-19T03:01:42.792 INFO:teuthology.orchestra.run.smithi037.stdout:/usr/bin/ceph: stderr
2024-03-19T03:01:36.495+0000 7f64ef7fe700 1 -- 172.21.15.37:0/118978171 <== mon.0 v2:172.21.15.37:3300/0 2 ==== config(27 keys) ==== 1109+0+0 (secure 0 0 0) 0x7f64f400b8c0 con 0x7f64f8109310
2024-03-19T03:01:42.792 INFO:teuthology.orchestra.run.smithi037.stdout:/usr/bin/ceph: stderr
2024-03-19T03:01:36.495+0000 7f64ef7fe700 1 -- 172.21.15.37:0/118978171 <== mon.0 v2:172.21.15.37:3300/0 3 ==== mon_map magic: 0 ==== 205+0+0 (secure 0 0 0) 0x7f64f40045c0 con 0x7f64f8109310
2024-03-19T03:01:42.792 INFO:teuthology.orchestra.run.smithi037.stdout:/usr/bin/ceph: stderr
2024-03-19T03:01:36.495+0000 7f64ff136700 1 -- 172.21.15.37:0/118978171 >> [v2:172.21.15.37:3300/0,v1:172.21.15.37:6789/0] conn(0x7f64f8109310 msgr2=0x7f64f8109730 secure :-1 s=STATE_CONNECTION_ESTABLISHED l=1).mark_down
2024-03-19T03:01:42.793 INFO:teuthology.orchestra.run.smithi037.stdout:/usr/bin/ceph: stderr
2024-03-19T03:01:36.495+0000 7f64ff136700 1 --2- 172.21.15.37:0/118978171 >> [v2:172.21.15.37:3300/0,v1:172.21.15.37:6789/0] conn(0x7f64f8109310 0x7f64f8109730 secure :-1 s=READY pgs=26 cs=0 l=1 rev1=1 crypto rx=0x7f64f4009e80 tx=0x7f64f400b330 comp rx=0 tx=0).stop
2024-03-19T03:01:42.793 INFO:teuthology.orchestra.run.smithi037.stdout:/usr/bin/ceph: stderr
2024-03-19T03:01:36.496+0000 7f64ff136700 1 -- 172.21.15.37:0/118978171 shutdown_connections
2024-03-19T03:01:42.793 INFO:teuthology.orchestra.run.smithi037.stdout:/usr/bin/ceph: stderr
2024-03-19T03:01:36.496+0000 7f64ff136700 1 --2- 172.21.15.37:0/118978171 >> [v2:172.21.15.37:3300/0,v1:172.21.15.37:6789/0] conn(0x7f64f8109310 0x7f64f8109730 unknown :-1 s=CLOSED pgs=26 cs=0 l=1 rev1=1 crypto rx=0 tx=0 comp rx=0 tx=0).stop
2024-03-19T03:01:42.793 INFO:teuthology.orchestra.run.smithi037.stdout:/usr/bin/ceph: stderr
2024-03-19T03:01:36.496+0000 7f64ff136700 1 -- 172.21.15.37:0/118978171 >> 172.21.15.37:0/118978171 conn(0x7f64f8101990 msgr2=0x7f64f8103db0 unknown :-1 s=STATE_NONE l=0).mark_down
2024-03-19T03:01:42.793 INFO:teuthology.orchestra.run.smithi037.stdout:/usr/bin/ceph: stderr
2024-03-19T03:01:36.496+0000 7f64ff136700 1 -- 172.21.15.37:0/118978171 shutdown_connections
2024-03-19T03:01:42.793 INFO:teuthology.orchestra.run.smithi037.stdout:/usr/bin/ceph: stderr
2024-03-19T03:01:36.496+0000 7f64ff136700 1 -- 172.21.15.37:0/118978171 wait complete.
2024-03-19T03:01:42.793 INFO:teuthology.orchestra.run.smithi037.stdout:/usr/bin/ceph: stderr
2024-03-19T03:01:36.496+0000 7f64ff136700 1 Processor -- start
2024-03-19T03:01:42.793 INFO:teuthology.orchestra.run.smithi037.stdout:/usr/bin/ceph: stderr
2024-03-19T03:01:36.496+0000 7f64ff136700 1 -- start start
2024-03-19T03:01:42.793 INFO:teuthology.orchestra.run.smithi037.stdout:/usr/bin/ceph: stderr
2024-03-19T03:01:36.496+0000 7f64ff136700 1 --2- >> [v2:172.21.15.37:3300/0,v1:172.21.15.37:6789/0] conn(0x7f64f8109310 0x7f64f819bc60 unknown :-1 s=NONE pgs=0 cs=0 l=1 rev1=0 crypto rx=0 tx=0 comp rx=0 tx=0).connect
2024-03-19T03:01:42.793 INFO:teuthology.orchestra.run.smithi037.stdout:/usr/bin/ceph: stderr
2024-03-19T03:01:36.496+0000 7f64ff136700 1 -- --> [v2:172.21.15.37:3300/0,v1:172.21.15.37:6789/0] -- mon_getmap magic: 0 -- 0x7f64f8106b00 con 0x7f64f8109310
2024-03-19T03:01:42.793 INFO:teuthology.orchestra.run.smithi037.stdout:/usr/bin/ceph: stderr
2024-03-19T03:01:36.496+0000 7f64fced2700 1 --2- >> [v2:172.21.15.37:3300/0,v1:172.21.15.37:6789/0] conn(0x7f64f8109310 0x7f64f819bc60 unknown :-1 s=BANNER_CONNECTING pgs=0 cs=0 l=1 rev1=0 crypto rx=0 tx=0 comp rx=0 tx=0)._handle_peer_banner_payload supported=3 required=0
2024-03-19T03:01:42.793 INFO:teuthology.orchestra.run.smithi037.stdout:/usr/bin/ceph: stderr
2024-03-19T03:01:36.496+0000 7f64fced2700 1 --2- >> [v2:172.21.15.37:3300/0,v1:172.21.15.37:6789/0] conn(0x7f64f8109310 0x7f64f819bc60 unknown :-1 s=HELLO_CONNECTING pgs=0 cs=0 l=1 rev1=1 crypto rx=0 tx=0 comp rx=0 tx=0).handle_hello peer v2:172.21.15.37:3300/0 says I am v2:172.21.15.37:42968/0 (socket says 172.21.15.37:42968)
2024-03-19T03:01:42.793 INFO:teuthology.orchestra.run.smithi037.stdout:/usr/bin/ceph: stderr
2024-03-19T03:01:36.496+0000 7f64fced2700 1 -- 172.21.15.37:0/3552273496 learned_addr learned my addr 172.21.15.37:0/3552273496 (peer_addr_for_me v2:172.21.15.37:0/0)
2024-03-19T03:01:42.793 INFO:teuthology.orchestra.run.smithi037.stdout:/usr/bin/ceph: stderr
2024-03-19T03:01:36.497+0000 7f64fced2700 1 -- 172.21.15.37:0/3552273496 --> [v2:172.21.15.37:3300/0,v1:172.21.15.37:6789/0] -- mon_subscribe({config=0+,monmap=0+}) -- 0x7f64f819c1a0 con 0x7f64f8109310
2024-03-19T03:01:42.794 INFO:teuthology.orchestra.run.smithi037.stdout:/usr/bin/ceph: stderr
2024-03-19T03:01:36.497+0000 7f64fced2700 1 --2- 172.21.15.37:0/3552273496 >> [v2:172.21.15.37:3300/0,v1:172.21.15.37:6789/0] conn(0x7f64f8109310 0x7f64f819bc60 secure :-1 s=READY pgs=27 cs=0 l=1 rev1=1 crypto rx=0x7f64f400b7b0 tx=0x7f64f400bd50 comp rx=0 tx=0).ready entity=mon.0 client_cookie=0 server_cookie=0 in_seq=0 out_seq=0
2024-03-19T03:01:42.794 INFO:teuthology.orchestra.run.smithi037.stdout:/usr/bin/ceph: stderr
2024-03-19T03:01:36.497+0000 7f64edffb700 1 -- 172.21.15.37:0/3552273496 <== mon.0 v2:172.21.15.37:3300/0 1 ==== mon_map magic: 0 ==== 205+0+0 (secure 0 0 0) 0x7f64f4020020 con 0x7f64f8109310
2024-03-19T03:01:42.794 INFO:teuthology.orchestra.run.smithi037.stdout:/usr/bin/ceph: stderr
2024-03-19T03:01:36.497+0000 7f64edffb700 1 -- 172.21.15.37:0/3552273496 <== mon.0 v2:172.21.15.37:3300/0 2 ==== config(27 keys) ==== 1109+0+0 (secure 0 0 0) 0x7f64f4003b50 con 0x7f64f8109310
2024-03-19T03:01:42.794 INFO:teuthology.orchestra.run.smithi037.stdout:/usr/bin/ceph: stderr
2024-03-19T03:01:36.497+0000 7f64edffb700 1 -- 172.21.15.37:0/3552273496 <== mon.0 v2:172.21.15.37:3300/0 3 ==== mon_map magic: 0 ==== 205+0+0 (secure 0 0 0) 0x7f64f4017040 con 0x7f64f8109310
2024-03-19T03:01:42.794 INFO:teuthology.orchestra.run.smithi037.stdout:/usr/bin/ceph: stderr
2024-03-19T03:01:36.497+0000 7f64ff136700 1 -- 172.21.15.37:0/3552273496 --> [v2:172.21.15.37:3300/0,v1:172.21.15.37:6789/0] -- mon_subscribe({mgrmap=0+}) -- 0x7f64f819c430 con 0x7f64f8109310
2024-03-19T03:01:42.794 INFO:teuthology.orchestra.run.smithi037.stdout:/usr/bin/ceph: stderr
2024-03-19T03:01:36.497+0000 7f64ff136700 1 -- 172.21.15.37:0/3552273496 --> [v2:172.21.15.37:3300/0,v1:172.21.15.37:6789/0] -- mon_subscribe({osdmap=0}) -- 0x7f64f819f120 con 0x7f64f8109310
2024-03-19T03:01:42.794 INFO:teuthology.orchestra.run.smithi037.stdout:/usr/bin/ceph: stderr
2024-03-19T03:01:36.499+0000 7f64edffb700 1 -- 172.21.15.37:0/3552273496 <== mon.0 v2:172.21.15.37:3300/0 4 ==== mgrmap(e 5) ==== 46106+0+0 (secure 0 0 0) 0x7f64f4023020 con 0x7f64f8109310
2024-03-19T03:01:42.794 INFO:teuthology.orchestra.run.smithi037.stdout:/usr/bin/ceph: stderr
2024-03-19T03:01:36.499+0000 7f64edffb700 1 --2- 172.21.15.37:0/3552273496 >> [v2:172.21.15.37:6800/3524065862,v1:172.21.15.37:6801/3524065862] conn(0x7f64e0038ed0 0x7f64e003b390 unknown :-1 s=NONE pgs=0 cs=0 l=1 rev1=0 crypto rx=0 tx=0 comp rx=0 tx=0).connect
2024-03-19T03:01:42.794 INFO:teuthology.orchestra.run.smithi037.stdout:/usr/bin/ceph: stderr
2024-03-19T03:01:36.499+0000 7f64edffb700 1 -- 172.21.15.37:0/3552273496 --> [v2:172.21.15.37:6800/3524065862,v1:172.21.15.37:6801/3524065862] -- command(tid 0: {"prefix": "get_command_descriptions"}) -- 0x7f64e003baa0 con 0x7f64e0038ed0
2024-03-19T03:01:42.794 INFO:teuthology.orchestra.run.smithi037.stdout:/usr/bin/ceph: stderr
2024-03-19T03:01:36.499+0000 7f64edffb700 1 -- 172.21.15.37:0/3552273496 <== mon.0 v2:172.21.15.37:3300/0 5 ==== osd_map(1..1 src has 1..1) ==== 725+0+0 (secure 0 0 0) 0x7f64f400f050 con 0x7f64f8109310
2024-03-19T03:01:42.794 INFO:teuthology.orchestra.run.smithi037.stdout:/usr/bin/ceph: stderr
2024-03-19T03:01:36.499+0000 7f64effff700 1 -- 172.21.15.37:0/3552273496 >> [v2:172.21.15.37:6800/3524065862,v1:172.21.15.37:6801/3524065862] conn(0x7f64e0038ed0 msgr2=0x7f64e003b390 unknown :-1 s=STATE_CONNECTING_RE l=1).process reconnect failed to v2:172.21.15.37:6800/3524065862
2024-03-19T03:01:42.794 INFO:teuthology.orchestra.run.smithi037.stdout:/usr/bin/ceph: stderr
2024-03-19T03:01:36.499+0000 7f64effff700 1 --2- 172.21.15.37:0/3552273496 >> [v2:172.21.15.37:6800/3524065862,v1:172.21.15.37:6801/3524065862] conn(0x7f64e0038ed0 0x7f64e003b390 unknown :-1 s=START_CONNECT pgs=0 cs=0 l=1 rev1=0 crypto rx=0 tx=0 comp rx=0 tx=0)._fault waiting 0.200000
2024-03-19T03:01:42.794 INFO:teuthology.orchestra.run.smithi037.stdout:/usr/bin/ceph: stderr
2024-03-19T03:01:36.700+0000 7f64effff700 1 -- 172.21.15.37:0/3552273496 >> [v2:172.21.15.37:6800/3524065862,v1:172.21.15.37:6801/3524065862] conn(0x7f64e0038ed0 msgr2=0x7f64e003b390 unknown :-1 s=STATE_CONNECTING_RE l=1).process reconnect failed to v2:172.21.15.37:6800/3524065862
2024-03-19T03:01:42.794 INFO:teuthology.orchestra.run.smithi037.stdout:/usr/bin/ceph: stderr
2024-03-19T03:01:36.700+0000 7f64effff700 1 --2- 172.21.15.37:0/3552273496 >> [v2:172.21.15.37:6800/3524065862,v1:172.21.15.37:6801/3524065862] conn(0x7f64e0038ed0 0x7f64e003b390 unknown :-1 s=START_CONNECT pgs=0 cs=0 l=1 rev1=0 crypto rx=0 tx=0 comp rx=0 tx=0)._fault waiting 0.400000
2024-03-19T03:01:42.795 INFO:teuthology.orchestra.run.smithi037.stdout:/usr/bin/ceph: stderr
2024-03-19T03:01:37.101+0000 7f64effff700 1 -- 172.21.15.37:0/3552273496 >> [v2:172.21.15.37:6800/3524065862,v1:172.21.15.37:6801/3524065862] conn(0x7f64e0038ed0 msgr2=0x7f64e003b390 unknown :-1 s=STATE_CONNECTING_RE l=1).process reconnect failed to v2:172.21.15.37:6800/3524065862
2024-03-19T03:01:42.795 INFO:teuthology.orchestra.run.smithi037.stdout:/usr/bin/ceph: stderr
