2024-03-19T03:06:29.105+0000 7f045a4ee700 1 -- --> [v2:172.21.15.59:3300/0,v1:172.21.15.59:6789/0] -- mon_getmap magic: 0 v1 -- 0x7f045410f830 con 0x7f0454102be0
2024-03-19T03:06:29.849 INFO:teuthology.orchestra.run.smithi059.stdout:/usr/bin/ceph: stderr
2024-03-19T03:06:29.105+0000 7f0453fff700 1 --2- >> [v2:172.21.15.59:3300/0,v1:172.21.15.59:6789/0] conn(0x7f0454102be0 0x7f045410f2f0 unknown :-1 s=BANNER_CONNECTING pgs=0 cs=0 l=1 rev1=0 crypto rx=0 tx=0 comp rx=0 tx=0)._handle_peer_banner_payload supported=3 required=0
2024-03-19T03:06:29.849 INFO:teuthology.orchestra.run.smithi059.stdout:/usr/bin/ceph: stderr
2024-03-19T03:06:29.105+0000 7f0453fff700 1 --2- >> [v2:172.21.15.59:3300/0,v1:172.21.15.59:6789/0] conn(0x7f0454102be0 0x7f045410f2f0 unknown :-1 s=HELLO_CONNECTING pgs=0 cs=0 l=1 rev1=1 crypto rx=0 tx=0 comp rx=0 tx=0).handle_hello peer v2:172.21.15.59:3300/0 says I am v2:172.21.15.59:58524/0 (socket says 172.21.15.59:58524)
2024-03-19T03:06:29.849 INFO:teuthology.orchestra.run.smithi059.stdout:/usr/bin/ceph: stderr
2024-03-19T03:06:29.105+0000 7f0453fff700 1 -- 172.21.15.59:0/3587417207 learned_addr learned my addr 172.21.15.59:0/3587417207 (peer_addr_for_me v2:172.21.15.59:0/0)
2024-03-19T03:06:29.849 INFO:teuthology.orchestra.run.smithi059.stdout:/usr/bin/ceph: stderr
2024-03-19T03:06:29.105+0000 7f0453fff700 1 -- 172.21.15.59:0/3587417207 --> [v2:172.21.15.59:3300/0,v1:172.21.15.59:6789/0] -- mon_subscribe({config=0+,monmap=0+}) v3 -- 0x7f044400b790 con 0x7f0454102be0
2024-03-19T03:06:29.849 INFO:teuthology.orchestra.run.smithi059.stdout:/usr/bin/ceph: stderr
2024-03-19T03:06:29.105+0000 7f0453fff700 1 --2- 172.21.15.59:0/3587417207 >> [v2:172.21.15.59:3300/0,v1:172.21.15.59:6789/0] conn(0x7f0454102be0 0x7f045410f2f0 secure :-1 s=READY pgs=17 cs=0 l=1 rev1=1 crypto rx=0x7f044400d650 tx=0x7f044400b4f0 comp rx=0 tx=0).ready entity=mon.0 client_cookie=0 server_cookie=0 in_seq=0 out_seq=0
2024-03-19T03:06:29.849 INFO:teuthology.orchestra.run.smithi059.stdout:/usr/bin/ceph: stderr
2024-03-19T03:06:29.105+0000 7f0450ff9700 1 -- 172.21.15.59:0/3587417207 <== mon.0 v2:172.21.15.59:3300/0 1 ==== mon_map magic: 0 v1 ==== 229+0+0 (secure 0 0 0) 0x7f0444010b50 con 0x7f0454102be0
2024-03-19T03:06:29.849 INFO:teuthology.orchestra.run.smithi059.stdout:/usr/bin/ceph: stderr
2024-03-19T03:06:29.105+0000 7f045a4ee700 1 -- 172.21.15.59:0/3587417207 --> [v2:172.21.15.59:3300/0,v1:172.21.15.59:6789/0] -- mon_subscribe({mgrmap=0+}) v3 -- 0x7f045410fa30 con 0x7f0454102be0
2024-03-19T03:06:29.849 INFO:teuthology.orchestra.run.smithi059.stdout:/usr/bin/ceph: stderr
2024-03-19T03:06:29.105+0000 7f0450ff9700 1 -- 172.21.15.59:0/3587417207 <== mon.0 v2:172.21.15.59:3300/0 2 ==== config(27 keys) v1 ==== 1044+0+0 (secure 0 0 0) 0x7f044401d050 con 0x7f0454102be0
2024-03-19T03:06:29.849 INFO:teuthology.orchestra.run.smithi059.stdout:/usr/bin/ceph: stderr
2024-03-19T03:06:29.105+0000 7f0450ff9700 1 -- 172.21.15.59:0/3587417207 <== mon.0 v2:172.21.15.59:3300/0 3 ==== mon_map magic: 0 v1 ==== 229+0+0 (secure 0 0 0) 0x7f0444022590 con 0x7f0454102be0
2024-03-19T03:06:29.849 INFO:teuthology.orchestra.run.smithi059.stdout:/usr/bin/ceph: stderr
2024-03-19T03:06:29.105+0000 7f045a4ee700 1 -- 172.21.15.59:0/3587417207 --> [v2:172.21.15.59:3300/0,v1:172.21.15.59:6789/0] -- mon_subscribe({osdmap=0}) v3 -- 0x7f04541105a0 con 0x7f0454102be0
2024-03-19T03:06:29.849 INFO:teuthology.orchestra.run.smithi059.stdout:/usr/bin/ceph: stderr
2024-03-19T03:06:29.106+0000 7f0450ff9700 1 -- 172.21.15.59:0/3587417207 <== mon.0 v2:172.21.15.59:3300/0 4 ==== mgrmap(e 2) v1 ==== 43124+0+0 (secure 0 0 0) 0x7f0444022790 con 0x7f0454102be0
2024-03-19T03:06:29.849 INFO:teuthology.orchestra.run.smithi059.stdout:/usr/bin/ceph: stderr
2024-03-19T03:06:29.106+0000 7f045a4ee700 1 -- 172.21.15.59:0/3587417207 --> [v2:172.21.15.59:3300/0,v1:172.21.15.59:6789/0] -- mon_command({"prefix": "get_command_descriptions"} v 0) v1 -- 0x7f045405f5f0 con 0x7f0454102be0
2024-03-19T03:06:29.849 INFO:teuthology.orchestra.run.smithi059.stdout:/usr/bin/ceph: stderr
2024-03-19T03:06:29.106+0000 7f0450ff9700 1 -- 172.21.15.59:0/3587417207 <== mon.0 v2:172.21.15.59:3300/0 5 ==== osd_map(1..1 src has 1..1) v4 ==== 721+0+0 (secure 0 0 0) 0x7f0444014070 con 0x7f0454102be0
2024-03-19T03:06:29.849 INFO:teuthology.orchestra.run.smithi059.stdout:/usr/bin/ceph: stderr
2024-03-19T03:06:29.108+0000 7f0450ff9700 1 -- 172.21.15.59:0/3587417207 <== mon.0 v2:172.21.15.59:3300/0 6 ==== mon_command_ack([{"prefix": "get_command_descriptions"}]=0 v0) v1 ==== 72+0+71349 (secure 0 0 0) 0x7f0444023470 con 0x7f0454102be0
2024-03-19T03:06:29.850 INFO:teuthology.orchestra.run.smithi059.stdout:/usr/bin/ceph: stderr
2024-03-19T03:06:29.181+0000 7f045a4ee700 1 -- 172.21.15.59:0/3587417207 --> [v2:172.21.15.59:3300/0,v1:172.21.15.59:6789/0] -- mon_command({"prefix": "status", "format": "json-pretty"} v 0) v1 -- 0x7f045404bed0 con 0x7f0454102be0
2024-03-19T03:06:29.850 INFO:teuthology.orchestra.run.smithi059.stdout:/usr/bin/ceph: stderr
2024-03-19T03:06:29.181+0000 7f0450ff9700 1 -- 172.21.15.59:0/3587417207 <== mon.0 v2:172.21.15.59:3300/0 7 ==== mon_command_ack([{"prefix": "status", "format": "json-pretty"}]=0 v0) v1 ==== 79+0+1248 (secure 0 0 0) 0x7f0444021b20 con 0x7f0454102be0
2024-03-19T03:06:29.850 INFO:teuthology.orchestra.run.smithi059.stdout:/usr/bin/ceph: stderr
2024-03-19T03:06:29.181+0000 7f045a4ee700 1 -- 172.21.15.59:0/3587417207 >> [v2:172.21.15.59:3300/0,v1:172.21.15.59:6789/0] conn(0x7f0454102be0 msgr2=0x7f045410f2f0 secure :-1 s=STATE_CONNECTION_ESTABLISHED l=1).mark_down
2024-03-19T03:06:29.850 INFO:teuthology.orchestra.run.smithi059.stdout:/usr/bin/ceph: stderr
2024-03-19T03:06:29.181+0000 7f045a4ee700 1 --2- 172.21.15.59:0/3587417207 >> [v2:172.21.15.59:3300/0,v1:172.21.15.59:6789/0] conn(0x7f0454102be0 0x7f045410f2f0 secure :-1 s=READY pgs=17 cs=0 l=1 rev1=1 crypto rx=0x7f044400d650 tx=0x7f044400b4f0 comp rx=0 tx=0).stop
2024-03-19T03:06:29.850 INFO:teuthology.orchestra.run.smithi059.stdout:/usr/bin/ceph: stderr
2024-03-19T03:06:29.182+0000 7f045a4ee700 1 -- 172.21.15.59:0/3587417207 shutdown_connections
2024-03-19T03:06:29.850 INFO:teuthology.orchestra.run.smithi059.stdout:/usr/bin/ceph: stderr
2024-03-19T03:06:29.182+0000 7f045a4ee700 1 --2- 172.21.15.59:0/3587417207 >> [v2:172.21.15.59:3300/0,v1:172.21.15.59:6789/0] conn(0x7f0454102be0 0x7f045410f2f0 unknown :-1 s=CLOSED pgs=17 cs=0 l=1 rev1=1 crypto rx=0 tx=0 comp rx=0 tx=0).stop
2024-03-19T03:06:29.850 INFO:teuthology.orchestra.run.smithi059.stdout:/usr/bin/ceph: stderr
2024-03-19T03:06:29.182+0000 7f045a4ee700 1 -- 172.21.15.59:0/3587417207 >> 172.21.15.59:0/3587417207 conn(0x7f04540fc500 msgr2=0x7f0454105b80 unknown :-1 s=STATE_NONE l=0).mark_down
2024-03-19T03:06:29.850 INFO:teuthology.orchestra.run.smithi059.stdout:/usr/bin/ceph: stderr
2024-03-19T03:06:29.182+0000 7f045a4ee700 1 -- 172.21.15.59:0/3587417207 shutdown_connections
2024-03-19T03:06:29.850 INFO:teuthology.orchestra.run.smithi059.stdout:/usr/bin/ceph: stderr
2024-03-19T03:06:29.182+0000 7f045a4ee700 1 -- 172.21.15.59:0/3587417207 wait complete.
2024-03-19T03:06:29.850 INFO:teuthology.orchestra.run.smithi059.stdout:mgr not available, waiting (3/15)...
2024-03-19T03:06:30.089 INFO:journalctl@ceph.mon.smithi059.smithi059.stdout:Mar 19 03:06:29 smithi059 ceph-mon[29133]: from='client.? 172.21.15.59:0/3587417207' entity='client.admin' cmd=[{"prefix": "status", "format": "json-pretty"}]: dispatch
2024-03-19T03:06:30.089 INFO:journalctl@ceph.mon.smithi059.smithi059.stdout:Mar 19 03:06:29 smithi059 ceph-mon[29133]: mgrmap e3: smithi059.azpecc(active, since 1.00608s)
2024-03-19T03:06:32.339 INFO:journalctl@ceph.mon.smithi059.smithi059.stdout:Mar 19 03:06:32 smithi059 ceph-mon[29133]: mgrmap e4: smithi059.azpecc(active, since 2s)
2024-03-19T03:06:36.339 INFO:journalctl@ceph.mon.smithi059.smithi059.stdout:Mar 19 03:06:36 smithi059 ceph-mon[29133]: from='client.? 172.21.15.59:0/772266529' entity='client.admin' cmd=[{"prefix": "status", "format": "json-pretty"}]: dispatch
2024-03-19T03:06:41.210 INFO:teuthology.orchestra.run.smithi059.stdout:/usr/bin/ceph: stdout
2024-03-19T03:06:41.211 INFO:teuthology.orchestra.run.smithi059.stdout:/usr/bin/ceph: stdout {
2024-03-19T03:06:41.211 INFO:teuthology.orchestra.run.smithi059.stdout:/usr/bin/ceph: stdout "fsid": "8c8ae530-e59d-11ee-95c9-87774f69a715",
2024-03-19T03:06:41.211 INFO:teuthology.orchestra.run.smithi059.stdout:/usr/bin/ceph: stdout "health": {
2024-03-19T03:06:41.211 INFO:teuthology.orchestra.run.smithi059.stdout:/usr/bin/ceph: stdout "status": "HEALTH_OK",
2024-03-19T03:06:41.211 INFO:teuthology.orchestra.run.smithi059.stdout:/usr/bin/ceph: stdout "checks": {},
2024-03-19T03:06:41.211 INFO:teuthology.orchestra.run.smithi059.stdout:/usr/bin/ceph: stdout "mutes": []
2024-03-19T03:06:41.211 INFO:teuthology.orchestra.run.smithi059.stdout:/usr/bin/ceph: stdout },
2024-03-19T03:06:41.211 INFO:teuthology.orchestra.run.smithi059.stdout:/usr/bin/ceph: stdout "election_epoch": 5,
2024-03-19T03:06:41.211 INFO:teuthology.orchestra.run.smithi059.stdout:/usr/bin/ceph: stdout "quorum": [
2024-03-19T03:06:41.211 INFO:teuthology.orchestra.run.smithi059.stdout:/usr/bin/ceph: stdout 0
2024-03-19T03:06:41.211 INFO:teuthology.orchestra.run.smithi059.stdout:/usr/bin/ceph: stdout ],
2024-03-19T03:06:41.211 INFO:teuthology.orchestra.run.smithi059.stdout:/usr/bin/ceph: stdout "quorum_names": [
2024-03-19T03:06:41.211 INFO:teuthology.orchestra.run.smithi059.stdout:/usr/bin/ceph: stdout "smithi059"
2024-03-19T03:06:41.211 INFO:teuthology.orchestra.run.smithi059.stdout:/usr/bin/ceph: stdout ],
2024-03-19T03:06:41.211 INFO:teuthology.orchestra.run.smithi059.stdout:/usr/bin/ceph: stdout "quorum_age": 15,
2024-03-19T03:06:41.212 INFO:teuthology.orchestra.run.smithi059.stdout:/usr/bin/ceph: stdout "monmap": {
2024-03-19T03:06:41.212 INFO:teuthology.orchestra.run.smithi059.stdout:/usr/bin/ceph: stdout "epoch": 1,
2024-03-19T03:06:41.212 INFO:teuthology.orchestra.run.smithi059.stdout:/usr/bin/ceph: stdout "min_mon_release_name": "quincy",
2024-03-19T03:06:41.212 INFO:teuthology.orchestra.run.smithi059.stdout:/usr/bin/ceph: stdout "num_mons": 1
2024-03-19T03:06:41.212 INFO:teuthology.orchestra.run.smithi059.stdout:/usr/bin/ceph: stdout },
2024-03-19T03:06:41.212 INFO:teuthology.orchestra.run.smithi059.stdout:/usr/bin/ceph: stdout "osdmap": {
2024-03-19T03:06:41.212 INFO:teuthology.orchestra.run.smithi059.stdout:/usr/bin/ceph: stdout "epoch": 1,
2024-03-19T03:06:41.212 INFO:teuthology.orchestra.run.smithi059.stdout:/usr/bin/ceph: stdout "num_osds": 0,
2024-03-19T03:06:41.212 INFO:teuthology.orchestra.run.smithi059.stdout:/usr/bin/ceph: stdout "num_up_osds": 0,
2024-03-19T03:06:41.212 INFO:teuthology.orchestra.run.smithi059.stdout:/usr/bin/ceph: stdout "osd_up_since": 0,
2024-03-19T03:06:41.212 INFO:teuthology.orchestra.run.smithi059.stdout:/usr/bin/ceph: stdout "num_in_osds": 0,
2024-03-19T03:06:41.212 INFO:teuthology.orchestra.run.smithi059.stdout:/usr/bin/ceph: stdout "osd_in_since": 0,
2024-03-19T03:06:41.221 INFO:teuthology.orchestra.run.smithi059.stdout:/usr/bin/ceph: stdout "num_remapped_pgs": 0
2024-03-19T03:06:41.221 INFO:teuthology.orchestra.run.smithi059.stdout:/usr/bin/ceph: stdout },
2024-03-19T03:06:41.221 INFO:teuthology.orchestra.run.smithi059.stdout:/usr/bin/ceph: stdout "pgmap": {
2024-03-19T03:06:41.221 INFO:teuthology.orchestra.run.smithi059.stdout:/usr/bin/ceph: stdout "pgs_by_state": [],
2024-03-19T03:06:41.221 INFO:teuthology.orchestra.run.smithi059.stdout:/usr/bin/ceph: stdout "num_pgs": 0,
2024-03-19T03:06:41.221 INFO:teuthology.orchestra.run.smithi059.stdout:/usr/bin/ceph: stdout "num_pools": 0,
2024-03-19T03:06:41.221 INFO:teuthology.orchestra.run.smithi059.stdout:/usr/bin/ceph: stdout "num_objects": 0,
2024-03-19T03:06:41.221 INFO:teuthology.orchestra.run.smithi059.stdout:/usr/bin/ceph: stdout "data_bytes": 0,
2024-03-19T03:06:41.221 INFO:teuthology.orchestra.run.smithi059.stdout:/usr/bin/ceph: stdout "bytes_used": 0,
2024-03-19T03:06:41.221 INFO:teuthology.orchestra.run.smithi059.stdout:/usr/bin/ceph: stdout "bytes_avail": 0,
2024-03-19T03:06:41.221 INFO:teuthology.orchestra.run.smithi059.stdout:/usr/bin/ceph: stdout "bytes_total": 0
2024-03-19T03:06:41.221 INFO:teuthology.orchestra.run.smithi059.stdout:/usr/bin/ceph: stdout },
2024-03-19T03:06:41.222 INFO:teuthology.orchestra.run.smithi059.stdout:/usr/bin/ceph: stdout "fsmap": {
2024-03-19T03:06:41.222 INFO:teuthology.orchestra.run.smithi059.stdout:/usr/bin/ceph: stdout "epoch": 1,
2024-03-19T03:06:41.222 INFO:teuthology.orchestra.run.smithi059.stdout:/usr/bin/ceph: stdout "by_rank": [],
2024-03-19T03:06:41.222 INFO:teuthology.orchestra.run.smithi059.stdout:/usr/bin/ceph: stdout "up:standby": 0
2024-03-19T03:06:41.222 INFO:teuthology.orchestra.run.smithi059.stdout:/usr/bin/ceph: stdout },
2024-03-19T03:06:41.222 INFO:teuthology.orchestra.run.smithi059.stdout:/usr/bin/ceph: stdout "mgrmap": {
2024-03-19T03:06:41.222 INFO:teuthology.orchestra.run.smithi059.stdout:/usr/bin/ceph: stdout "available": true,
2024-03-19T03:06:41.222 INFO:teuthology.orchestra.run.smithi059.stdout:/usr/bin/ceph: stdout "num_standbys": 0,
2024-03-19T03:06:41.222 INFO:teuthology.orchestra.run.smithi059.stdout:/usr/bin/ceph: stdout "modules": [
2024-03-19T03:06:41.222 INFO:teuthology.orchestra.run.smithi059.stdout:/usr/bin/ceph: stdout "iostat",
2024-03-19T03:06:41.222 INFO:teuthology.orchestra.run.smithi059.stdout:/usr/bin/ceph: stdout "nfs",
2024-03-19T03:06:41.222 INFO:teuthology.orchestra.run.smithi059.stdout:/usr/bin/ceph: stdout "restful"
2024-03-19T03:06:41.222 INFO:teuthology.orchestra.run.smithi059.stdout:/usr/bin/ceph: stdout ],
2024-03-19T03:06:41.222 INFO:teuthology.orchestra.run.smithi059.stdout:/usr/bin/ceph: stdout "services": {}
2024-03-19T03:06:41.223 INFO:teuthology.orchestra.run.smithi059.stdout:/usr/bin/ceph: stdout },
2024-03-19T03:06:41.223 INFO:teuthology.orchestra.run.smithi059.stdout:/usr/bin/ceph: stdout "servicemap": {
2024-03-19T03:06:41.223 INFO:teuthology.orchestra.run.smithi059.stdout:/usr/bin/ceph: stdout "epoch": 1,
2024-03-19T03:06:41.223 INFO:teuthology.orchestra.run.smithi059.stdout:/usr/bin/ceph: stdout "modified": "2024-03-19T03:06:15.064565+0000",
2024-03-19T03:06:41.223 INFO:teuthology.orchestra.run.smithi059.stdout:/usr/bin/ceph: stdout "services": {}
2024-03-19T03:06:41.223 INFO:teuthology.orchestra.run.smithi059.stdout:/usr/bin/ceph: stdout },
2024-03-19T03:06:41.223 INFO:teuthology.orchestra.run.smithi059.stdout:/usr/bin/ceph: stdout "progress_events": {}
2024-03-19T03:06:41.223 INFO:teuthology.orchestra.run.smithi059.stdout:/usr/bin/ceph: stdout }
2024-03-19T03:06:41.223 INFO:teuthology.orchestra.run.smithi059.stdout:/usr/bin/ceph: stderr
2024-03-19T03:06:34.853+0000 7f91243fc700 1 Processor -- start
2024-03-19T03:06:41.223 INFO:teuthology.orchestra.run.smithi059.stdout:/usr/bin/ceph: stderr
2024-03-19T03:06:34.853+0000 7f91243fc700 1 -- start start
2024-03-19T03:06:41.223 INFO:teuthology.orchestra.run.smithi059.stdout:/usr/bin/ceph: stderr
2024-03-19T03:06:34.854+0000 7f91243fc700 1 --2- >> [v2:172.21.15.59:3300/0,v1:172.21.15.59:6789/0] conn(0x7f911c102720 0x7f911c102b30 unknown :-1 s=NONE pgs=0 cs=0 l=0 rev1=0 crypto rx=0 tx=0 comp rx=0 tx=0).connect
2024-03-19T03:06:41.223 INFO:teuthology.orchestra.run.smithi059.stdout:/usr/bin/ceph: stderr
2024-03-19T03:06:34.854+0000 7f91243fc700 1 -- --> [v2:172.21.15.59:3300/0,v1:172.21.15.59:6789/0] -- mon_getmap magic: 0 v1 -- 0x7f911c103070 con 0x7f911c102720
2024-03-19T03:06:41.223 INFO:teuthology.orchestra.run.smithi059.stdout:/usr/bin/ceph: stderr
2024-03-19T03:06:34.854+0000 7f9122198700 1 --2- >> [v2:172.21.15.59:3300/0,v1:172.21.15.59:6789/0] conn(0x7f911c102720 0x7f911c102b30 unknown :-1 s=BANNER_CONNECTING pgs=0 cs=0 l=0 rev1=0 crypto rx=0 tx=0 comp rx=0 tx=0)._handle_peer_banner_payload supported=3 required=0
2024-03-19T03:06:41.223 INFO:teuthology.orchestra.run.smithi059.stdout:/usr/bin/ceph: stderr
2024-03-19T03:06:34.854+0000 7f9122198700 1 --2- >> [v2:172.21.15.59:3300/0,v1:172.21.15.59:6789/0] conn(0x7f911c102720 0x7f911c102b30 unknown :-1 s=HELLO_CONNECTING pgs=0 cs=0 l=0 rev1=1 crypto rx=0 tx=0 comp rx=0 tx=0).handle_hello peer v2:172.21.15.59:3300/0 says I am v2:172.21.15.59:54852/0 (socket says 172.21.15.59:54852)
2024-03-19T03:06:41.224 INFO:teuthology.orchestra.run.smithi059.stdout:/usr/bin/ceph: stderr
2024-03-19T03:06:34.854+0000 7f9122198700 1 -- 172.21.15.59:0/1353659240 learned_addr learned my addr 172.21.15.59:0/1353659240 (peer_addr_for_me v2:172.21.15.59:0/0)
2024-03-19T03:06:41.224 INFO:teuthology.orchestra.run.smithi059.stdout:/usr/bin/ceph: stderr
2024-03-19T03:06:34.854+0000 7f9122198700 1 -- 172.21.15.59:0/1353659240 --> [v2:172.21.15.59:3300/0,v1:172.21.15.59:6789/0] -- mon_subscribe({config=0+,monmap=0+}) v3 -- 0x7f911c1031b0 con 0x7f911c102720
2024-03-19T03:06:41.224 INFO:teuthology.orchestra.run.smithi059.stdout:/usr/bin/ceph: stderr
2024-03-19T03:06:34.854+0000 7f9122198700 1 --2- 172.21.15.59:0/1353659240 >> [v2:172.21.15.59:3300/0,v1:172.21.15.59:6789/0] conn(0x7f911c102720 0x7f911c102b30 secure :-1 s=READY pgs=18 cs=0 l=1 rev1=1 crypto rx=0x7f91180098e0 tx=0x7f9118009250 comp rx=0 tx=0).ready entity=mon.0 client_cookie=b826278ec148666b server_cookie=0 in_seq=0 out_seq=0
2024-03-19T03:06:41.224 INFO:teuthology.orchestra.run.smithi059.stdout:/usr/bin/ceph: stderr
2024-03-19T03:06:34.855+0000 7f9121196700 1 -- 172.21.15.59:0/1353659240 <== mon.0 v2:172.21.15.59:3300/0 1 ==== mon_map magic: 0 v1 ==== 229+0+0 (secure 0 0 0) 0x7f911800b860 con 0x7f911c102720
2024-03-19T03:06:41.224 INFO:teuthology.orchestra.run.smithi059.stdout:/usr/bin/ceph: stderr
2024-03-19T03:06:34.855+0000 7f9121196700 1 -- 172.21.15.59:0/1353659240 <== mon.0 v2:172.21.15.59:3300/0 2 ==== config(27 keys) v1 ==== 1044+0+0 (secure 0 0 0) 0x7f911800be50 con 0x7f911c102720
2024-03-19T03:06:41.224 INFO:teuthology.orchestra.run.smithi059.stdout:/usr/bin/ceph: stderr
2024-03-19T03:06:34.855+0000 7f9121196700 1 -- 172.21.15.59:0/1353659240 <== mon.0 v2:172.21.15.59:3300/0 3 ==== mon_map magic: 0 v1 ==== 229+0+0 (secure 0 0 0) 0x7f9118010380 con 0x7f911c102720
2024-03-19T03:06:41.224 INFO:teuthology.orchestra.run.smithi059.stdout:/usr/bin/ceph: stderr
2024-03-19T03:06:34.855+0000 7f91243fc700 1 -- 172.21.15.59:0/1353659240 >> [v2:172.21.15.59:3300/0,v1:172.21.15.59:6789/0] conn(0x7f911c102720 msgr2=0x7f911c102b30 secure :-1 s=STATE_CONNECTION_ESTABLISHED l=1).mark_down
2024-03-19T03:06:41.224 INFO:teuthology.orchestra.run.smithi059.stdout:/usr/bin/ceph: stderr
2024-03-19T03:06:34.855+0000 7f91243fc700 1 --2- 172.21.15.59:0/1353659240 >> [v2:172.21.15.59:3300/0,v1:172.21.15.59:6789/0] conn(0x7f911c102720 0x7f911c102b30 secure :-1 s=READY pgs=18 cs=0 l=1 rev1=1 crypto rx=0x7f91180098e0 tx=0x7f9118009250 comp rx=0 tx=0).stop
2024-03-19T03:06:41.224 INFO:teuthology.orchestra.run.smithi059.stdout:/usr/bin/ceph: stderr
2024-03-19T03:06:34.855+0000 7f91243fc700 1 -- 172.21.15.59:0/1353659240 shutdown_connections
2024-03-19T03:06:41.224 INFO:teuthology.orchestra.run.smithi059.stdout:/usr/bin/ceph: stderr
2024-03-19T03:06:34.855+0000 7f91243fc700 1 --2- 172.21.15.59:0/1353659240 >> [v2:172.21.15.59:3300/0,v1:172.21.15.59:6789/0] conn(0x7f911c102720 0x7f911c102b30 unknown :-1 s=CLOSED pgs=18 cs=0 l=1 rev1=1 crypto rx=0 tx=0 comp rx=0 tx=0).stop
2024-03-19T03:06:41.224 INFO:teuthology.orchestra.run.smithi059.stdout:/usr/bin/ceph: stderr
2024-03-19T03:06:34.855+0000 7f91243fc700 1 -- 172.21.15.59:0/1353659240 >> 172.21.15.59:0/1353659240 conn(0x7f911c0fdee0 msgr2=0x7f911c1002f0 unknown :-1 s=STATE_NONE l=0).mark_down
2024-03-19T03:06:41.224 INFO:teuthology.orchestra.run.smithi059.stdout:/usr/bin/ceph: stderr
2024-03-19T03:06:34.855+0000 7f91243fc700 1 -- 172.21.15.59:0/1353659240 shutdown_connections
2024-03-19T03:06:41.224 INFO:teuthology.orchestra.run.smithi059.stdout:/usr/bin/ceph: stderr
2024-03-19T03:06:34.855+0000 7f91243fc700 1 -- 172.21.15.59:0/1353659240 wait complete.
2024-03-19T03:06:41.224 INFO:teuthology.orchestra.run.smithi059.stdout:/usr/bin/ceph: stderr
2024-03-19T03:06:34.856+0000 7f91243fc700 1 Processor -- start
2024-03-19T03:06:41.225 INFO:teuthology.orchestra.run.smithi059.stdout:/usr/bin/ceph: stderr
2024-03-19T03:06:34.856+0000 7f91243fc700 1 -- start start
2024-03-19T03:06:41.225 INFO:teuthology.orchestra.run.smithi059.stdout:/usr/bin/ceph: stderr
2024-03-19T03:06:34.856+0000 7f91243fc700 1 --2- >> [v2:172.21.15.59:3300/0,v1:172.21.15.59:6789/0] conn(0x7f911c102720 0x7f911c111560 unknown :-1 s=NONE pgs=0 cs=0 l=1 rev1=0 crypto rx=0 tx=0 comp rx=0 tx=0).connect
2024-03-19T03:06:41.225 INFO:teuthology.orchestra.run.smithi059.stdout:/usr/bin/ceph: stderr
2024-03-19T03:06:34.856+0000 7f91243fc700 1 -- --> [v2:172.21.15.59:3300/0,v1:172.21.15.59:6789/0] -- mon_getmap magic: 0 v1 -- 0x7f911c111aa0 con 0x7f911c102720
2024-03-19T03:06:41.225 INFO:teuthology.orchestra.run.smithi059.stdout:/usr/bin/ceph: stderr
2024-03-19T03:06:34.856+0000 7f9122198700 1 --2- >> [v2:172.21.15.59:3300/0,v1:172.21.15.59:6789/0] conn(0x7f911c102720 0x7f911c111560 unknown :-1 s=BANNER_CONNECTING pgs=0 cs=0 l=1 rev1=0 crypto rx=0 tx=0 comp rx=0 tx=0)._handle_peer_banner_payload supported=3 required=0
2024-03-19T03:06:41.225 INFO:teuthology.orchestra.run.smithi059.stdout:/usr/bin/ceph: stderr
2024-03-19T03:06:34.856+0000 7f9122198700 1 --2- >> [v2:172.21.15.59:3300/0,v1:172.21.15.59:6789/0] conn(0x7f911c102720 0x7f911c111560 unknown :-1 s=HELLO_CONNECTING pgs=0 cs=0 l=1 rev1=1 crypto rx=0 tx=0 comp rx=0 tx=0).handle_hello peer v2:172.21.15.59:3300/0 says I am v2:172.21.15.59:54854/0 (socket says 172.21.15.59:54854)
2024-03-19T03:06:41.225 INFO:teuthology.orchestra.run.smithi059.stdout:/usr/bin/ceph: stderr
2024-03-19T03:06:34.856+0000 7f9122198700 1 -- 172.21.15.59:0/772266529 learned_addr learned my addr 172.21.15.59:0/772266529 (peer_addr_for_me v2:172.21.15.59:0/0)
2024-03-19T03:06:41.225 INFO:teuthology.orchestra.run.smithi059.stdout:/usr/bin/ceph: stderr
2024-03-19T03:06:34.857+0000 7f9122198700 1 -- 172.21.15.59:0/772266529 --> [v2:172.21.15.59:3300/0,v1:172.21.15.59:6789/0] -- mon_subscribe({config=0+,monmap=0+}) v3 -- 0x7f91180094f0 con 0x7f911c102720
2024-03-19T03:06:41.225 INFO:teuthology.orchestra.run.smithi059.stdout:/usr/bin/ceph: stderr
2024-03-19T03:06:34.857+0000 7f9122198700 1 --2- 172.21.15.59:0/772266529 >> [v2:172.21.15.59:3300/0,v1:172.21.15.59:6789/0] conn(0x7f911c102720 0x7f911c111560 secure :-1 s=READY pgs=19 cs=0 l=1 rev1=1 crypto rx=0x7f911800b440 tx=0x7f9118009250 comp rx=0 tx=0).ready entity=mon.0 client_cookie=0 server_cookie=0 in_seq=0 out_seq=0
2024-03-19T03:06:41.225 INFO:teuthology.orchestra.run.smithi059.stdout:/usr/bin/ceph: stderr
2024-03-19T03:06:34.857+0000 7f910effd700 1 -- 172.21.15.59:0/772266529 <== mon.0 v2:172.21.15.59:3300/0 1 ==== mon_map magic: 0 v1 ==== 229+0+0 (secure 0 0 0) 0x7f9118010760 con 0x7f911c102720
2024-03-19T03:06:41.225 INFO:teuthology.orchestra.run.smithi059.stdout:/usr/bin/ceph: stderr
2024-03-19T03:06:34.857+0000 7f910effd700 1 -- 172.21.15.59:0/772266529 <== mon.0 v2:172.21.15.59:3300/0 2 ==== config(27 keys) v1 ==== 1044+0+0 (secure 0 0 0) 0x7f9118010d50 con 0x7f911c102720
2024-03-19T03:06:41.225 INFO:teuthology.orchestra.run.smithi059.stdout:/usr/bin/ceph: stderr
2024-03-19T03:06:34.857+0000 7f91243fc700 1 -- 172.21.15.59:0/772266529 --> [v2:172.21.15.59:3300/0,v1:172.21.15.59:6789/0] -- mon_subscribe({mgrmap=0+}) v3 -- 0x7f911c111ca0 con 0x7f911c102720
2024-03-19T03:06:41.225 INFO:teuthology.orchestra.run.smithi059.stdout:/usr/bin/ceph: stderr
2024-03-19T03:06:34.857+0000 7f910effd700 1 -- 172.21.15.59:0/772266529 <== mon.0 v2:172.21.15.59:3300/0 3 ==== mon_map magic: 0 v1 ==== 229+0+0 (secure 0 0 0) 0x7f911801ae20 con 0x7f911c102720
2024-03-19T03:06:41.225 INFO:teuthology.orchestra.run.smithi059.stdout:/usr/bin/ceph: stderr
2024-03-19T03:06:34.857+0000 7f91243fc700 1 -- 172.21.15.59:0/772266529 --> [v2:172.21.15.59:3300/0,v1:172.21.15.59:6789/0] -- mon_subscribe({osdmap=0}) v3 -- 0x7f911c112810 con 0x7f911c102720
2024-03-19T03:06:41.225 INFO:teuthology.orchestra.run.smithi059.stdout:/usr/bin/ceph: stderr
2024-03-19T03:06:34.858+0000 7f910effd700 1 -- 172.21.15.59:0/772266529 <== mon.0 v2:172.21.15.59:3300/0 4 ==== mgrmap(e 4) v1 ==== 43357+0+0 (secure 0 0 0) 0x7f91180108c0 con 0x7f911c102720
2024-03-19T03:06:41.226 INFO:teuthology.orchestra.run.smithi059.stdout:/usr/bin/ceph: stderr
2024-03-19T03:06:34.858+0000 7f91243fc700 1 -- 172.21.15.59:0/772266529 --> [v2:172.21.15.59:3300/0,v1:172.21.15.59:6789/0] -- mon_command({"prefix": "get_command_descriptions"} v 0) v1 -- 0x7f911c05f5f0 con 0x7f911c102720
2024-03-19T03:06:41.226 INFO:teuthology.orchestra.run.smithi059.stdout:/usr/bin/ceph: stderr
2024-03-19T03:06:34.858+0000 7f910effd700 1 --2- 172.21.15.59:0/772266529 >> [v2:172.21.15.59:6800/3609017287,v1:172.21.15.59:6801/3609017287] conn(0x7f9108036790 0x7f9108038c40 unknown :-1 s=NONE pgs=0 cs=0 l=1 rev1=0 crypto rx=0 tx=0 comp rx=0 tx=0).connect
2024-03-19T03:06:41.226 INFO:teuthology.orchestra.run.smithi059.stdout:/usr/bin/ceph: stderr
2024-03-19T03:06:34.858+0000 7f910effd700 1 -- 172.21.15.59:0/772266529 <== mon.0 v2:172.21.15.59:3300/0 5 ==== osd_map(1..1 src has 1..1) v4 ==== 721+0+0 (secure 0 0 0) 0x7f911804a4c0 con 0x7f911c102720
2024-03-19T03:06:41.226 INFO:teuthology.orchestra.run.smithi059.stdout:/usr/bin/ceph: stderr
2024-03-19T03:06:34.858+0000 7f9121997700 1 --2- 172.21.15.59:0/772266529 >> [v2:172.21.15.59:6800/3609017287,v1:172.21.15.59:6801/3609017287] conn(0x7f9108036790 0x7f9108038c40 unknown :-1 s=BANNER_CONNECTING pgs=0 cs=0 l=1 rev1=0 crypto rx=0 tx=0 comp rx=0 tx=0)._handle_peer_banner_payload supported=3 required=0
2024-03-19T03:06:41.226 INFO:teuthology.orchestra.run.smithi059.stdout:/usr/bin/ceph: stderr
2024-03-19T03:06:34.859+0000 7f9121997700 1 --2- 172.21.15.59:0/772266529 >> [v2:172.21.15.59:6800/3609017287,v1:172.21.15.59:6801/3609017287] conn(0x7f9108036790 0x7f9108038c40 secure :-1 s=READY pgs=6 cs=0 l=1 rev1=1 crypto rx=0x7f9110009990 tx=0x7f9110006e40 comp rx=0 tx=0).ready entity=mgr.14100 client_cookie=0 server_cookie=0 in_seq=0 out_seq=0
2024-03-19T03:06:41.226 INFO:teuthology.orchestra.run.smithi059.stdout:/usr/bin/ceph: stderr
2024-03-19T03:06:34.863+0000 7f910effd700 1 -- 172.21.15.59:0/772266529 <== mon.0 v2:172.21.15.59:3300/0 6 ==== mon_command_ack([{"prefix": "get_command_descriptions"}]=0 v0) v1 ==== 72+0+175674 (secure 0 0 0) 0x7f91180187c0 con 0x7f911c102720
2024-03-19T03:06:41.226 INFO:teuthology.orchestra.run.smithi059.stdout:/usr/bin/ceph: stderr
2024-03-19T03:06:35.135+0000 7f91243fc700 1 -- 172.21.15.59:0/772266529 --> [v2:172.21.15.59:3300/0,v1:172.21.15.59:6789/0] -- mon_command({"prefix": "status", "format": "json-pretty"} v 0) v1 -- 0x7f911c04bed0 con 0x7f911c102720
2024-03-19T03:06:41.226 INFO:teuthology.orchestra.run.smithi059.stdout:/usr/bin/ceph: stderr
2024-03-19T03:06:35.135+0000 7f910effd700 1 -- 172.21.15.59:0/772266529 <== mon.0 v2:172.21.15.59:3300/0 7 ==== mon_command_ack([{"prefix": "status", "format": "json-pretty"}]=0 v0) v1 ==== 79+0+1248 (secure 0 0 0) 0x7f91180187c0 con 0x7f911c102720
2024-03-19T03:06:41.226 INFO:teuthology.orchestra.run.smithi059.stdout:/usr/bin/ceph: stderr
2024-03-19T03:06:35.137+0000 7f91243fc700 1 -- 172.21.15.59:0/772266529 >> [v2:172.21.15.59:6800/3609017287,v1:172.21.15.59:6801/3609017287] conn(0x7f9108036790 msgr2=0x7f9108038c40 secure :-1 s=STATE_CONNECTION_ESTABLISHED l=1).mark_down
2024-03-19T03:06:41.226 INFO:teuthology.orchestra.run.smithi059.stdout:/usr/bin/ceph: stderr
2024-03-19T03:06:35.137+0000 7f91243fc700 1 --2- 172.21.15.59:0/772266529 >> [v2:172.21.15.59:6800/3609017287,v1:172.21.15.59:6801/3609017287] conn(0x7f9108036790 0x7f9108038c40 secure :-1 s=READY pgs=6 cs=0 l=1 rev1=1 crypto rx=0x7f9110009990 tx=0x7f9110006e40 comp rx=0 tx=0).stop
2024-03-19T03:06:41.226 INFO:teuthology.orchestra.run.smithi059.stdout:/usr/bin/ceph: stderr
2024-03-19T03:06:35.137+0000 7f91243fc700 1 -- 172.21.15.59:0/772266529 >> [v2:172.21.15.59:3300/0,v1:172.21.15.59:6789/0] conn(0x7f911c102720 msgr2=0x7f911c111560 secure :-1 s=STATE_CONNECTION_ESTABLISHED l=1).mark_down
2024-03-19T03:06:41.226 INFO:teuthology.orchestra.run.smithi059.stdout:/usr/bin/ceph: stderr
2024-03-19T03:06:35.137+0000 7f91243fc700 1 --2- 172.21.15.59:0/772266529 >> [v2:172.21.15.59:3300/0,v1:172.21.15.59:6789/0] conn(0x7f911c102720 0x7f911c111560 secure :-1 s=READY pgs=19 cs=0 l=1 rev1=1 crypto rx=0x7f911800b440 tx=0x7f9118009250 comp rx=0 tx=0).stop
2024-03-19T03:06:41.226 INFO:teuthology.orchestra.run.smithi059.stdout:/usr/bin/ceph: stderr
2024-03-19T03:06:35.138+0000 7f91243fc700 1 -- 172.21.15.59:0/772266529 shutdown_connections
2024-03-19T03:06:41.227 INFO:teuthology.orchestra.run.smithi059.stdout:/usr/bin/ceph: stderr
2024-03-19T03:06:35.138+0000 7f91243fc700 1 --2- 172.21.15.59:0/772266529 >> [v2:172.21.15.59:6800/3609017287,v1:172.21.15.59:6801/3609017287] conn(0x7f9108036790 0x7f9108038c40 unknown :-1 s=CLOSED pgs=6 cs=0 l=1 rev1=1 crypto rx=0 tx=0 comp rx=0 tx=0).stop
2024-03-19T03:06:41.227 INFO:teuthology.orchestra.run.smithi059.stdout:/usr/bin/ceph: stderr
2024-03-19T03:06:35.138+0000 7f91243fc700 1 --2- 172.21.15.59:0/772266529 >> [v2:172.21.15.59:3300/0,v1:172.21.15.59:6789/0] conn(0x7f911c102720 0x7f911c111560 unknown :-1 s=CLOSED pgs=19 cs=0 l=1 rev1=1 crypto rx=0 tx=0 comp rx=0 tx=0).stop
2024-03-19T03:06:41.227 INFO:teuthology.orchestra.run.smithi059.stdout:/usr/bin/ceph: stderr
2024-03-19T03:06:35.138+0000 7f91243fc700 1 -- 172.21.15.59:0/772266529 >> 172.21.15.59:0/772266529 conn(0x7f911c0fdee0 msgr2=0x7f911c0fea60 unknown :-1 s=STATE_NONE l=0).mark_down
2024-03-19T03:06:41.227 INFO:teuthology.orchestra.run.smithi059.stdout:/usr/bin/ceph: stderr
2024-03-19T03:06:35.138+0000 7f91243fc700 1 -- 172.21.15.59:0/772266529 shutdown_connections
2024-03-19T03:06:41.227 INFO:teuthology.orchestra.run.smithi059.stdout:/usr/bin/ceph: stderr
2024-03-19T03:06:35.138+0000 7f91243fc700 1 -- 172.21.15.59:0/772266529 wait complete.
2024-03-19T03:06:41.227 INFO:teuthology.orchestra.run.smithi059.stdout:mgr is available
2024-03-19T03:06:42.089 INFO:journalctl@ceph.mon.smithi059.smithi059.stdout:Mar 19 03:06:41 smithi059 ceph-mon[29133]: from='client.? 172.21.15.59:0/3114264233' entity='client.admin' cmd=[{"prefix": "config assimilate-conf"}]: dispatch
2024-03-19T03:06:42.497 INFO:teuthology.orchestra.run.smithi059.stdout:/usr/bin/ceph: stdout
2024-03-19T03:06:42.504 INFO:teuthology.orchestra.run.smithi059.stdout:/usr/bin/ceph: stdout [global]
2024-03-19T03:06:42.504 INFO:teuthology.orchestra.run.smithi059.stdout:/usr/bin/ceph: stdout fsid = 8c8ae530-e59d-11ee-95c9-87774f69a715
2024-03-19T03:06:42.504 INFO:teuthology.orchestra.run.smithi059.stdout:/usr/bin/ceph: stdout mon_osd_allow_pg_remap = true
2024-03-19T03:06:42.504 INFO:teuthology.orchestra.run.smithi059.stdout:/usr/bin/ceph: stdout mon_osd_allow_primary_affinity = true
2024-03-19T03:06:42.505 INFO:teuthology.orchestra.run.smithi059.stdout:/usr/bin/ceph: stdout mon_warn_on_no_sortbitwise = false
2024-03-19T03:06:42.505 INFO:teuthology.orchestra.run.smithi059.stdout:/usr/bin/ceph: stdout osd_crush_chooseleaf_type = 0
2024-03-19T03:06:42.505 INFO:teuthology.orchestra.run.smithi059.stdout:/usr/bin/ceph: stdout
2024-03-19T03:06:42.505 INFO:teuthology.orchestra.run.smithi059.stdout:/usr/bin/ceph: stdout [mgr]
2024-03-19T03:06:42.505 INFO:teuthology.orchestra.run.smithi059.stdout:/usr/bin/ceph: stdout mgr/telemetry/nag = false
2024-03-19T03:06:42.505 INFO:teuthology.orchestra.run.smithi059.stdout:/usr/bin/ceph: stdout
2024-03-19T03:06:42.505 INFO:teuthology.orchestra.run.smithi059.stdout:/usr/bin/ceph: stdout [osd]
2024-03-19T03:06:42.505 INFO:teuthology.orchestra.run.smithi059.stdout:/usr/bin/ceph: stdout mon_osd_backfillfull_ratio = 0.85
2024-03-19T03:06:42.505 INFO:teuthology.orchestra.run.smithi059.stdout:/usr/bin/ceph: stdout mon_osd_full_ratio = 0.9
2024-03-19T03:06:42.505 INFO:teuthology.orchestra.run.smithi059.stdout:/usr/bin/ceph: stdout mon_osd_nearfull_ratio = 0.8
2024-03-19T03:06:42.505 INFO:teuthology.orchestra.run.smithi059.stdout:/usr/bin/ceph: stdout osd_map_max_advance = 10
2024-03-19T03:06:42.505 INFO:teuthology.orchestra.run.smithi059.stdout:/usr/bin/ceph: stdout osd_sloppy_crc = true
2024-03-19T03:06:42.505 INFO:teuthology.orchestra.run.smithi059.stdout:/usr/bin/ceph: stderr
2024-03-19T03:06:41.627+0000 7f6685cb2700 1 Processor -- start
2024-03-19T03:06:42.505 INFO:teuthology.orchestra.run.smithi059.stdout:/usr/bin/ceph: stderr
2024-03-19T03:06:41.627+0000 7f6685cb2700 1 -- start start
2024-03-19T03:06:42.506 INFO:teuthology.orchestra.run.smithi059.stdout:/usr/bin/ceph: stderr
2024-03-19T03:06:41.627+0000 7f6685cb2700 1 --2- >> [v2:172.21.15.59:3300/0,v1:172.21.15.59:6789/0] conn(0x7f6680101c90 0x7f66801020a0 unknown :-1 s=NONE pgs=0 cs=0 l=0 rev1=0 crypto rx=0 tx=0 comp rx=0 tx=0).connect
2024-03-19T03:06:42.506 INFO:teuthology.orchestra.run.smithi059.stdout:/usr/bin/ceph: stderr
2024-03-19T03:06:41.627+0000 7f6685cb2700 1 -- --> [v2:172.21.15.59:3300/0,v1:172.21.15.59:6789/0] -- mon_getmap magic: 0 v1 -- 0x7f66801025e0 con 0x7f6680101c90
2024-03-19T03:06:42.506 INFO:teuthology.orchestra.run.smithi059.stdout:/usr/bin/ceph: stderr
2024-03-19T03:06:41.628+0000 7f667f7fe700 1 --2- >> [v2:172.21.15.59:3300/0,v1:172.21.15.59:6789/0] conn(0x7f6680101c90 0x7f66801020a0 unknown :-1 s=BANNER_CONNECTING pgs=0 cs=0 l=0 rev1=0 crypto rx=0 tx=0 comp rx=0 tx=0)._handle_peer_banner_payload supported=3 required=0
2024-03-19T03:06:42.506 INFO:teuthology.orchestra.run.smithi059.stdout:/usr/bin/ceph: stderr
2024-03-19T03:06:41.628+0000 7f667f7fe700 1 --2- >> [v2:172.21.15.59:3300/0,v1:172.21.15.59:6789/0] conn(0x7f6680101c90 0x7f66801020a0 unknown :-1 s=HELLO_CONNECTING pgs=0 cs=0 l=0 rev1=1 crypto rx=0 tx=0 comp rx=0 tx=0).handle_hello peer v2:172.21.15.59:3300/0 says I am v2:172.21.15.59:54858/0 (socket says 172.21.15.59:54858)
2024-03-19T03:06:42.506 INFO:teuthology.orchestra.run.smithi059.stdout:/usr/bin/ceph: stderr
2024-03-19T03:06:41.628+0000 7f667f7fe700 1 -- 172.21.15.59:0/1208706751 learned_addr learned my addr 172.21.15.59:0/1208706751 (peer_addr_for_me v2:172.21.15.59:0/0)
2024-03-19T03:06:42.506 INFO:teuthology.orchestra.run.smithi059.stdout:/usr/bin/ceph: stderr
2024-03-19T03:06:41.628+0000 7f667f7fe700 1 -- 172.21.15.59:0/1208706751 --> [v2:172.21.15.59:3300/0,v1:172.21.15.59:6789/0] -- mon_subscribe({config=0+,monmap=0+}) v3 -- 0x7f6680102720 con 0x7f6680101c90
2024-03-19T03:06:42.506 INFO:teuthology.orchestra.run.smithi059.stdout:/usr/bin/ceph: stderr
2024-03-19T03:06:41.628+0000 7f667f7fe700 1 --2- 172.21.15.59:0/1208706751 >> [v2:172.21.15.59:3300/0,v1:172.21.15.59:6789/0] conn(0x7f6680101c90 0x7f66801020a0 secure :-1 s=READY pgs=20 cs=0 l=1 rev1=1 crypto rx=0x7f6678009e50 tx=0x7f6678009840 comp rx=0 tx=0).ready entity=mon.0 client_cookie=8408bd882385b44a server_cookie=0 in_seq=0 out_seq=0
2024-03-19T03:06:42.506 INFO:teuthology.orchestra.run.smithi059.stdout:/usr/bin/ceph: stderr
2024-03-19T03:06:41.628+0000 7f667e7fc700 1 -- 172.21.15.59:0/1208706751 <== mon.0 v2:172.21.15.59:3300/0 1 ==== mon_map magic: 0 v1 ==== 229+0+0 (secure 0 0 0) 0x7f66780092e0 con 0x7f6680101c90
2024-03-19T03:06:42.506 INFO:teuthology.orchestra.run.smithi059.stdout:/usr/bin/ceph: stderr
2024-03-19T03:06:41.628+0000 7f667e7fc700 1 -- 172.21.15.59:0/1208706751 <== mon.0 v2:172.21.15.59:3300/0 2 ==== config(27 keys) v1 ==== 1044+0+0 (secure 0 0 0) 0x7f6678012430 con 0x7f6680101c90
2024-03-19T03:06:42.506 INFO:teuthology.orchestra.run.smithi059.stdout:/usr/bin/ceph: stderr
2024-03-19T03:06:41.628+0000 7f667e7fc700 1 -- 172.21.15.59:0/1208706751 <== mon.0 v2:172.21.15.59:3300/0 3 ==== mon_map magic: 0 v1 ==== 229+0+0 (secure 0 0 0) 0x7f66780075c0 con 0x7f6680101c90
2024-03-19T03:06:42.506 INFO:teuthology.orchestra.run.smithi059.stdout:/usr/bin/ceph: stderr
2024-03-19T03:06:41.629+0000 7f6685cb2700 1 -- 172.21.15.59:0/1208706751 >> [v2:172.21.15.59:3300/0,v1:172.21.15.59:6789/0] conn(0x7f6680101c90 msgr2=0x7f66801020a0 secure :-1 s=STATE_CONNECTION_ESTABLISHED l=1).mark_down
2024-03-19T03:06:42.506 INFO:teuthology.orchestra.run.smithi059.stdout:/usr/bin/ceph: stderr
2024-03-19T03:06:41.629+0000 7f6685cb2700 1 --2- 172.21.15.59:0/1208706751 >> [v2:172.21.15.59:3300/0,v1:172.21.15.59:6789/0] conn(0x7f6680101c90 0x7f66801020a0 secure :-1 s=READY pgs=20 cs=0 l=1 rev1=1 crypto rx=0x7f6678009e50 tx=0x7f6678009840 comp rx=0 tx=0).stop
2024-03-19T03:06:42.506 INFO:teuthology.orchestra.run.smithi059.stdout:/usr/bin/ceph: stderr
2024-03-19T03:06:41.629+0000 7f6685cb2700 1 -- 172.21.15.59:0/1208706751 shutdown_connections
2024-03-19T03:06:42.507 INFO:teuthology.orchestra.run.smithi059.stdout:/usr/bin/ceph: stderr
2024-03-19T03:06:41.629+0000 7f6685cb2700 1 --2- 172.21.15.59:0/1208706751 >> [v2:172.21.15.59:3300/0,v1:172.21.15.59:6789/0] conn(0x7f6680101c90 0x7f66801020a0 unknown :-1 s=CLOSED pgs=20 cs=0 l=1 rev1=1 crypto rx=0 tx=0 comp rx=0 tx=0).stop
2024-03-19T03:06:42.507 INFO:teuthology.orchestra.run.smithi059.stdout:/usr/bin/ceph: stderr
2024-03-19T03:06:41.629+0000 7f6685cb2700 1 -- 172.21.15.59:0/1208706751 >> 172.21.15.59:0/1208706751 conn(0x7f66800fc560 msgr2=0x7f66800fe970 unknown :-1 s=STATE_NONE l=0).mark_down
2024-03-19T03:06:42.507 INFO:teuthology.orchestra.run.smithi059.stdout:/usr/bin/ceph: stderr
2024-03-19T03:06:41.629+0000 7f6685cb2700 1 -- 172.21.15.59:0/1208706751 shutdown_connections
2024-03-19T03:06:42.507 INFO:teuthology.orchestra.run.smithi059.stdout:/usr/bin/ceph: stderr
2024-03-19T03:06:41.629+0000 7f6685cb2700 1 -- 172.21.15.59:0/1208706751 wait complete.
2024-03-19T03:06:42.507 INFO:teuthology.orchestra.run.smithi059.stdout:/usr/bin/ceph: stderr
2024-03-19T03:06:41.629+0000 7f6685cb2700 1 Processor -- start
2024-03-19T03:06:42.507 INFO:teuthology.orchestra.run.smithi059.stdout:/usr/bin/ceph: stderr
2024-03-19T03:06:41.630+0000 7f6685cb2700 1 -- start start
2024-03-19T03:06:42.507 INFO:teuthology.orchestra.run.smithi059.stdout:/usr/bin/ceph: stderr
2024-03-19T03:06:41.630+0000 7f6685cb2700 1 --2- >> [v2:172.21.15.59:3300/0,v1:172.21.15.59:6789/0] conn(0x7f6680101c90 0x7f6680101490 unknown :-1 s=NONE pgs=0 cs=0 l=1 rev1=0 crypto rx=0 tx=0 comp rx=0 tx=0).connect
2024-03-19T03:06:42.507 INFO:teuthology.orchestra.run.smithi059.stdout:/usr/bin/ceph: stderr
2024-03-19T03:06:41.630+0000 7f6685cb2700 1 -- --> [v2:172.21.15.59:3300/0,v1:172.21.15.59:6789/0] -- mon_getmap magic: 0 v1 -- 0x7f6680114340 con 0x7f6680101c90
2024-03-19T03:06:42.507 INFO:teuthology.orchestra.run.smithi059.stdout:/usr/bin/ceph: stderr
2024-03-19T03:06:41.630+0000 7f667f7fe700 1 --2- >> [v2:172.21.15.59:3300/0,v1:172.21.15.59:6789/0] conn(0x7f6680101c90 0x7f6680101490 unknown :-1 s=BANNER_CONNECTING pgs=0 cs=0 l=1 rev1=0 crypto rx=0 tx=0 comp rx=0 tx=0)._handle_peer_banner_payload supported=3 required=0
2024-03-19T03:06:42.507 INFO:teuthology.orchestra.run.smithi059.stdout:/usr/bin/ceph: stderr
2024-03-19T03:06:41.630+0000 7f667f7fe700 1 --2- >> [v2:172.21.15.59:3300/0,v1:172.21.15.59:6789/0] conn(0x7f6680101c90 0x7f6680101490 unknown :-1 s=HELLO_CONNECTING pgs=0 cs=0 l=1 rev1=1 crypto rx=0 tx=0 comp rx=0 tx=0).handle_hello peer v2:172.21.15.59:3300/0 says I am v2:172.21.15.59:54874/0 (socket says 172.21.15.59:54874)
2024-03-19T03:06:42.507 INFO:teuthology.orchestra.run.smithi059.stdout:/usr/bin/ceph: stderr
2024-03-19T03:06:41.630+0000 7f667f7fe700 1 -- 172.21.15.59:0/3114264233 learned_addr learned my addr 172.21.15.59:0/3114264233 (peer_addr_for_me v2:172.21.15.59:0/0)
2024-03-19T03:06:42.507 INFO:teuthology.orchestra.run.smithi059.stdout:/usr/bin/ceph: stderr
2024-03-19T03:06:41.630+0000 7f667f7fe700 1 -- 172.21.15.59:0/3114264233 --> [v2:172.21.15.59:3300/0,v1:172.21.15.59:6789/0] -- mon_subscribe({config=0+,monmap=0+}) v3 -- 0x7f6678009ae0 con 0x7f6680101c90
2024-03-19T03:06:42.507 INFO:teuthology.orchestra.run.smithi059.stdout:/usr/bin/ceph: stderr
2024-03-19T03:06:41.630+0000 7f667f7fe700 1 --2- 172.21.15.59:0/3114264233 >> [v2:172.21.15.59:3300/0,v1:172.21.15.59:6789/0] conn(0x7f6680101c90 0x7f6680101490 secure :-1 s=READY pgs=21 cs=0 l=1 rev1=1 crypto rx=0x7f6678012da0 tx=0x7f6678009840 comp rx=0 tx=0).ready entity=mon.0 client_cookie=0 server_cookie=0 in_seq=0 out_seq=0
2024-03-19T03:06:42.507 INFO:teuthology.orchestra.run.smithi059.stdout:/usr/bin/ceph: stderr
2024-03-19T03:06:41.630+0000 7f6677fff700 1 -- 172.21.15.59:0/3114264233 <== mon.0 v2:172.21.15.59:3300/0 1 ==== mon_map magic: 0 v1 ==== 229+0+0 (secure 0 0 0) 0x7f66780092e0 con 0x7f6680101c90
2024-03-19T03:06:42.508 INFO:teuthology.orchestra.run.smithi059.stdout:/usr/bin/ceph: stderr
2024-03-19T03:06:41.630+0000 7f6677fff700 1 -- 172.21.15.59:0/3114264233 <== mon.0 v2:172.21.15.59:3300/0 2 ==== config(27 keys) v1 ==== 1044+0+0 (secure 0 0 0) 0x7f6678007cc0 con 0x7f6680101c90
2024-03-19T03:06:42.508 INFO:teuthology.orchestra.run.smithi059.stdout:/usr/bin/ceph: stderr
2024-03-19T03:06:41.630+0000 7f6685cb2700 1 -- 172.21.15.59:0/3114264233 --> [v2:172.21.15.59:3300/0,v1:172.21.15.59:6789/0] -- mon_subscribe({mgrmap=0+}) v3 -- 0x7f6680114480 con 0x7f6680101c90
2024-03-19T03:06:42.508 INFO:teuthology.orchestra.run.smithi059.stdout:/usr/bin/ceph: stderr
2024-03-19T03:06:41.631+0000 7f6677fff700 1 -- 172.21.15.59:0/3114264233 <== mon.0 v2:172.21.15.59:3300/0 3 ==== mon_map magic: 0 v1 ==== 229+0+0 (secure 0 0 0) 0x7f667801c910 con 0x7f6680101c90
2024-03-19T03:06:42.508 INFO:teuthology.orchestra.run.smithi059.stdout:/usr/bin/ceph: stderr
2024-03-19T03:06:41.631+0000 7f6685cb2700 1 -- 172.21.15.59:0/3114264233 --> [v2:172.21.15.59:3300/0,v1:172.21.15.59:6789/0] -- mon_subscribe({osdmap=0}) v3 -- 0x7f6680114970 con 0x7f6680101c90
2024-03-19T03:06:42.508 INFO:teuthology.orchestra.run.smithi059.stdout:/usr/bin/ceph: stderr
2024-03-19T03:06:41.631+0000 7f6677fff700 1 -- 172.21.15.59:0/3114264233 <== mon.0 v2:172.21.15.59:3300/0 4 ==== mgrmap(e 4) v1 ==== 43357+0+0 (secure 0 0 0) 0x7f6678019070 con 0x7f6680101c90
2024-03-19T03:06:42.508 INFO:teuthology.orchestra.run.smithi059.stdout:/usr/bin/ceph: stderr
2024-03-19T03:06:41.631+0000 7f6677fff700 1 --2- 172.21.15.59:0/3114264233 >> [v2:172.21.15.59:6800/3609017287,v1:172.21.15.59:6801/3609017287] conn(0x7f666c036740 0x7f666c038bf0 unknown :-1 s=NONE pgs=0 cs=0 l=1 rev1=0 crypto rx=0 tx=0 comp rx=0 tx=0).connect
2024-03-19T03:06:42.508 INFO:teuthology.orchestra.run.smithi059.stdout:/usr/bin/ceph: stderr
2024-03-19T03:06:41.632+0000 7f6677fff700 1 -- 172.21.15.59:0/3114264233 <== mon.0 v2:172.21.15.59:3300/0 5 ==== osd_map(1..1 src has 1..1) v4 ==== 721+0+0 (secure 0 0 0) 0x7f6678049ee0 con 0x7f6680101c90
2024-03-19T03:06:42.508 INFO:teuthology.orchestra.run.smithi059.stdout:/usr/bin/ceph: stderr
2024-03-19T03:06:41.632+0000 7f6685cb2700 1 -- 172.21.15.59:0/3114264233 --> [v2:172.21.15.59:3300/0,v1:172.21.15.59:6789/0] -- mon_command({"prefix": "get_command_descriptions"} v 0) v1 -- 0x7f668004bed0 con 0x7f6680101c90
2024-03-19T03:06:42.508 INFO:teuthology.orchestra.run.smithi059.stdout:/usr/bin/ceph: stderr
2024-03-19T03:06:41.632+0000 7f667effd700 1 --2- 172.21.15.59:0/3114264233 >> [v2:172.21.15.59:6800/3609017287,v1:172.21.15.59:6801/3609017287] conn(0x7f666c036740 0x7f666c038bf0 unknown :-1 s=BANNER_CONNECTING pgs=0 cs=0 l=1 rev1=0 crypto rx=0 tx=0 comp rx=0 tx=0)._handle_peer_banner_payload supported=3 required=0
2024-03-19T03:06:42.508 INFO:teuthology.orchestra.run.smithi059.stdout:/usr/bin/ceph: stderr
2024-03-19T03:06:41.632+0000 7f667effd700 1 --2- 172.21.15.59:0/3114264233 >> [v2:172.21.15.59:6800/3609017287,v1:172.21.15.59:6801/3609017287] conn(0x7f666c036740 0x7f666c038bf0 secure :-1 s=READY pgs=7 cs=0 l=1 rev1=1 crypto rx=0x7f6668009990 tx=0x7f6668006e40 comp rx=0 tx=0).ready entity=mgr.14100 client_cookie=0 server_cookie=0 in_seq=0 out_seq=0
2024-03-19T03:06:42.508 INFO:teuthology.orchestra.run.smithi059.stdout:/usr/bin/ceph: stderr
2024-03-19T03:06:41.636+0000 7f6677fff700 1 -- 172.21.15.59:0/3114264233 <== mon.0 v2:172.21.15.59:3300/0 6 ==== mon_command_ack([{"prefix": "get_command_descriptions"}]=0 v0) v1 ==== 72+0+175674 (secure 0 0 0) 0x7f6678075e50 con 0x7f6680101c90
2024-03-19T03:06:42.509 INFO:teuthology.orchestra.run.smithi059.stdout:/usr/bin/ceph: stderr
2024-03-19T03:06:41.827+0000 7f6685cb2700 1 -- 172.21.15.59:0/3114264233 --> [v2:172.21.15.59:3300/0,v1:172.21.15.59:6789/0] -- mon_command({"prefix": "config assimilate-conf"} v 0) v1 -- 0x7f66801034d0 con 0x7f6680101c90
2024-03-19T03:06:42.509 INFO:teuthology.orchestra.run.smithi059.stdout:/usr/bin/ceph: stderr
2024-03-19T03:06:41.828+0000 7f6677fff700 1 -- 172.21.15.59:0/3114264233 <== mon.0 v2:172.21.15.59:3300/0 7 ==== mon_command_ack([{"prefix": "config assimilate-conf"}]=0 v3) v1 ==== 70+0+373 (secure 0 0 0) 0x7f6678034020 con 0x7f6680101c90
2024-03-19T03:06:42.509 INFO:teuthology.orchestra.run.smithi059.stdout:/usr/bin/ceph: stderr
2024-03-19T03:06:41.830+0000 7f6685cb2700 1 -- 172.21.15.59:0/3114264233 >> [v2:172.21.15.59:6800/3609017287,v1:172.21.15.59:6801/3609017287] conn(0x7f666c036740 msgr2=0x7f666c038bf0 secure :-1 s=STATE_CONNECTION_ESTABLISHED l=1).mark_down
2024-03-19T03:06:42.509 INFO:teuthology.orchestra.run.smithi059.stdout:/usr/bin/ceph: stderr
2024-03-19T03:06:41.830+0000 7f6685cb2700 1 --2- 172.21.15.59:0/3114264233 >> [v2:172.21.15.59:6800/3609017287,v1:172.21.15.59:6801/3609017287] conn(0x7f666c036740 0x7f666c038bf0 secure :-1 s=READY pgs=7 cs=0 l=1 rev1=1 crypto rx=0x7f6668009990 tx=0x7f6668006e40 comp rx=0 tx=0).stop
2024-03-19T03:06:42.509 INFO:teuthology.orchestra.run.smithi059.stdout:/usr/bin/ceph: stderr
2024-03-19T03:06:41.830+0000 7f6685cb2700 1 -- 172.21.15.59:0/3114264233 >> [v2:172.21.15.59:3300/0,v1:172.21.15.59:6789/0] conn(0x7f6680101c90 msgr2=0x7f6680101490 secure :-1 s=STATE_CONNECTION_ESTABLISHED l=1).mark_down
2024-03-19T03:06:42.509 INFO:teuthology.orchestra.run.smithi059.stdout:/usr/bin/ceph: stderr
2024-03-19T03:06:41.830+0000 7f6685cb2700 1 --2- 172.21.15.59:0/3114264233 >> [v2:172.21.15.59:3300/0,v1:172.21.15.59:6789/0] conn(0x7f6680101c90 0x7f6680101490 secure :-1 s=READY pgs=21 cs=0 l=1 rev1=1 crypto rx=0x7f6678012da0 tx=0x7f6678009840 comp rx=0 tx=0).stop
2024-03-19T03:06:42.509 INFO:teuthology.orchestra.run.smithi059.stdout:/usr/bin/ceph: stderr
2024-03-19T03:06:41.830+0000 7f6685cb2700 1 -- 172.21.15.59:0/3114264233 shutdown_connections
2024-03-19T03:06:42.509 INFO:teuthology.orchestra.run.smithi059.stdout:/usr/bin/ceph: stderr
2024-03-19T03:06:41.830+0000 7f6685cb2700 1 --2- 172.21.15.59:0/3114264233 >> [v2:172.21.15.59:6800/3609017287,v1:172.21.15.59:6801/3609017287] conn(0x7f666c036740 0x7f666c038bf0 unknown :-1 s=CLOSED pgs=7 cs=0 l=1 rev1=1 crypto rx=0 tx=0 comp rx=0 tx=0).stop
2024-03-19T03:06:42.509 INFO:teuthology.orchestra.run.smithi059.stdout:/usr/bin/ceph: stderr
2024-03-19T03:06:41.830+0000 7f6685cb2700 1 --2- 172.21.15.59:0/3114264233 >> [v2:172.21.15.59:3300/0,v1:172.21.15.59:6789/0] conn(0x7f6680101c90 0x7f6680101490 unknown :-1 s=CLOSED pgs=21 cs=0 l=1 rev1=1 crypto rx=0 tx=0 comp rx=0 tx=0).stop
2024-03-19T03:06:42.509 INFO:teuthology.orchestra.run.smithi059.stdout:/usr/bin/ceph: stderr
2024-03-19T03:06:41.830+0000 7f6685cb2700 1 -- 172.21.15.59:0/3114264233 >> 172.21.15.59:0/3114264233 conn(0x7f66800fc560 msgr2=0x7f66800fd170 unknown :-1 s=STATE_NONE l=0).mark_down
2024-03-19T03:06:42.509 INFO:teuthology.orchestra.run.smithi059.stdout:/usr/bin/ceph: stderr
2024-03-19T03:06:41.831+0000 7f6685cb2700 1 -- 172.21.15.59:0/3114264233 shutdown_connections
2024-03-19T03:06:42.509 INFO:teuthology.orchestra.run.smithi059.stdout:/usr/bin/ceph: stderr
2024-03-19T03:06:41.831+0000 7f6685cb2700 1 -- 172.21.15.59:0/3114264233 wait complete.
2024-03-19T03:06:42.509 INFO:teuthology.orchestra.run.smithi059.stdout:Enabling cephadm module...
2024-03-19T03:06:43.458 INFO:journalctl@ceph.mon.smithi059.smithi059.stdout:Mar 19 03:06:43 smithi059 ceph-mon[29133]: from='client.? 172.21.15.59:0/3336515330' entity='client.admin' cmd=[{"prefix": "mgr module enable", "module": "cephadm"}]: dispatch
2024-03-19T03:06:43.730 INFO:teuthology.orchestra.run.smithi059.stdout:/usr/bin/ceph: stderr
2024-03-19T03:06:42.849+0000 7f731aadb700 1 Processor -- start
2024-03-19T03:06:43.730 INFO:teuthology.orchestra.run.smithi059.stdout:/usr/bin/ceph: stderr
2024-03-19T03:06:42.849+0000 7f731aadb700 1 -- start start
2024-03-19T03:06:43.730 INFO:teuthology.orchestra.run.smithi059.stdout:/usr/bin/ceph: stderr
2024-03-19T03:06:42.849+0000 7f731aadb700 1 --2- >> [v2:172.21.15.59:3300/0,v1:172.21.15.59:6789/0] conn(0x7f7314101c00 0x7f7314102010 unknown :-1 s=NONE pgs=0 cs=0 l=0 rev1=0 crypto rx=0 tx=0 comp rx=0 tx=0).connect
2024-03-19T03:06:43.730 INFO:teuthology.orchestra.run.smithi059.stdout:/usr/bin/ceph: stderr
2024-03-19T03:06:42.849+0000 7f731aadb700 1 -- --> [v2:172.21.15.59:3300/0,v1:172.21.15.59:6789/0] -- mon_getmap magic: 0 v1 -- 0x7f7314102550 con 0x7f7314101c00
2024-03-19T03:06:43.730 INFO:teuthology.orchestra.run.smithi059.stdout:/usr/bin/ceph: stderr
2024-03-19T03:06:42.849+0000 7f7318877700 1 --2- >> [v2:172.21.15.59:3300/0,v1:172.21.15.59:6789/0] conn(0x7f7314101c00 0x7f7314102010 unknown :-1 s=BANNER_CONNECTING pgs=0 cs=0 l=0 rev1=0 crypto rx=0 tx=0 comp rx=0 tx=0)._handle_peer_banner_payload supported=3 required=0
2024-03-19T03:06:43.730 INFO:teuthology.orchestra.run.smithi059.stdout:/usr/bin/ceph: stderr
2024-03-19T03:06:42.849+0000 7f7318877700 1 --2- >> [v2:172.21.15.59:3300/0,v1:172.21.15.59:6789/0] conn(0x7f7314101c00 0x7f7314102010 unknown :-1 s=HELLO_CONNECTING pgs=0 cs=0 l=0 rev1=1 crypto rx=0 tx=0 comp rx=0 tx=0).handle_hello peer v2:172.21.15.59:3300/0 says I am v2:172.21.15.59:54886/0 (socket says 172.21.15.59:54886)
2024-03-19T03:06:43.731 INFO:teuthology.orchestra.run.smithi059.stdout:/usr/bin/ceph: stderr
