2024-03-19T03:07:22.924+0000 7fd805f00700 1 --2- >> [v2:172.21.15.59:3300/0,v1:172.21.15.59:6789/0] conn(0x7fd800071360 0x7fd8001052e0 unknown :-1 s=BANNER_CONNECTING pgs=0 cs=0 l=0 rev1=0 crypto rx=0 tx=0 comp rx=0 tx=0)._handle_peer_banner_payload supported=3 required=0
2024-03-19T03:07:23.814 INFO:teuthology.orchestra.run.smithi059.stdout:/usr/bin/ceph: stderr
2024-03-19T03:07:22.924+0000 7fd805f00700 1 --2- >> [v2:172.21.15.59:3300/0,v1:172.21.15.59:6789/0] conn(0x7fd800071360 0x7fd8001052e0 unknown :-1 s=HELLO_CONNECTING pgs=0 cs=0 l=0 rev1=1 crypto rx=0 tx=0 comp rx=0 tx=0).handle_hello peer v2:172.21.15.59:3300/0 says I am v2:172.21.15.59:58606/0 (socket says 172.21.15.59:58606)
2024-03-19T03:07:23.814 INFO:teuthology.orchestra.run.smithi059.stdout:/usr/bin/ceph: stderr
2024-03-19T03:07:22.924+0000 7fd805f00700 1 -- 172.21.15.59:0/1290333878 learned_addr learned my addr 172.21.15.59:0/1290333878 (peer_addr_for_me v2:172.21.15.59:0/0)
2024-03-19T03:07:23.814 INFO:teuthology.orchestra.run.smithi059.stdout:/usr/bin/ceph: stderr
2024-03-19T03:07:22.924+0000 7fd805f00700 1 -- 172.21.15.59:0/1290333878 --> [v2:172.21.15.59:3300/0,v1:172.21.15.59:6789/0] -- mon_subscribe({config=0+,monmap=0+}) v3 -- 0x7fd800105960 con 0x7fd800071360
2024-03-19T03:07:23.814 INFO:teuthology.orchestra.run.smithi059.stdout:/usr/bin/ceph: stderr
2024-03-19T03:07:22.924+0000 7fd805f00700 1 --2- 172.21.15.59:0/1290333878 >> [v2:172.21.15.59:3300/0,v1:172.21.15.59:6789/0] conn(0x7fd800071360 0x7fd8001052e0 secure :-1 s=READY pgs=80 cs=0 l=1 rev1=1 crypto rx=0x7fd7f00098e0 tx=0x7fd7f0009250 comp rx=0 tx=0).ready entity=mon.0 client_cookie=819b76b884b30b52 server_cookie=0 in_seq=0 out_seq=0
2024-03-19T03:07:23.814 INFO:teuthology.orchestra.run.smithi059.stdout:/usr/bin/ceph: stderr
2024-03-19T03:07:22.924+0000 7fd804efe700 1 -- 172.21.15.59:0/1290333878 <== mon.0 v2:172.21.15.59:3300/0 1 ==== mon_map magic: 0 v1 ==== 229+0+0 (secure 0 0 0) 0x7fd7f000b860 con 0x7fd800071360
2024-03-19T03:07:23.814 INFO:teuthology.orchestra.run.smithi059.stdout:/usr/bin/ceph: stderr
2024-03-19T03:07:22.925+0000 7fd804efe700 1 -- 172.21.15.59:0/1290333878 <== mon.0 v2:172.21.15.59:3300/0 2 ==== config(27 keys) v1 ==== 1109+0+0 (secure 0 0 0) 0x7fd7f000be90 con 0x7fd800071360
2024-03-19T03:07:23.814 INFO:teuthology.orchestra.run.smithi059.stdout:/usr/bin/ceph: stderr
2024-03-19T03:07:22.925+0000 7fd804efe700 1 -- 172.21.15.59:0/1290333878 <== mon.0 v2:172.21.15.59:3300/0 3 ==== mon_map magic: 0 v1 ==== 229+0+0 (secure 0 0 0) 0x7fd7f00103c0 con 0x7fd800071360
2024-03-19T03:07:23.814 INFO:teuthology.orchestra.run.smithi059.stdout:/usr/bin/ceph: stderr
2024-03-19T03:07:22.925+0000 7fd808164700 1 -- 172.21.15.59:0/1290333878 >> [v2:172.21.15.59:3300/0,v1:172.21.15.59:6789/0] conn(0x7fd800071360 msgr2=0x7fd8001052e0 secure :-1 s=STATE_CONNECTION_ESTABLISHED l=1).mark_down
2024-03-19T03:07:23.814 INFO:teuthology.orchestra.run.smithi059.stdout:/usr/bin/ceph: stderr
2024-03-19T03:07:22.925+0000 7fd808164700 1 --2- 172.21.15.59:0/1290333878 >> [v2:172.21.15.59:3300/0,v1:172.21.15.59:6789/0] conn(0x7fd800071360 0x7fd8001052e0 secure :-1 s=READY pgs=80 cs=0 l=1 rev1=1 crypto rx=0x7fd7f00098e0 tx=0x7fd7f0009250 comp rx=0 tx=0).stop
2024-03-19T03:07:23.815 INFO:teuthology.orchestra.run.smithi059.stdout:/usr/bin/ceph: stderr
2024-03-19T03:07:22.925+0000 7fd808164700 1 -- 172.21.15.59:0/1290333878 shutdown_connections
2024-03-19T03:07:23.815 INFO:teuthology.orchestra.run.smithi059.stdout:/usr/bin/ceph: stderr
2024-03-19T03:07:22.925+0000 7fd808164700 1 --2- 172.21.15.59:0/1290333878 >> [v2:172.21.15.59:3300/0,v1:172.21.15.59:6789/0] conn(0x7fd800071360 0x7fd8001052e0 unknown :-1 s=CLOSED pgs=80 cs=0 l=1 rev1=1 crypto rx=0 tx=0 comp rx=0 tx=0).stop
2024-03-19T03:07:23.815 INFO:teuthology.orchestra.run.smithi059.stdout:/usr/bin/ceph: stderr
2024-03-19T03:07:22.925+0000 7fd808164700 1 -- 172.21.15.59:0/1290333878 >> 172.21.15.59:0/1290333878 conn(0x7fd8000fcd50 msgr2=0x7fd8000ff160 unknown :-1 s=STATE_NONE l=0).mark_down
2024-03-19T03:07:23.815 INFO:teuthology.orchestra.run.smithi059.stdout:/usr/bin/ceph: stderr
2024-03-19T03:07:22.925+0000 7fd808164700 1 -- 172.21.15.59:0/1290333878 shutdown_connections
2024-03-19T03:07:23.815 INFO:teuthology.orchestra.run.smithi059.stdout:/usr/bin/ceph: stderr
2024-03-19T03:07:22.925+0000 7fd808164700 1 -- 172.21.15.59:0/1290333878 wait complete.
2024-03-19T03:07:23.815 INFO:teuthology.orchestra.run.smithi059.stdout:/usr/bin/ceph: stderr
2024-03-19T03:07:22.926+0000 7fd808164700 1 Processor -- start
2024-03-19T03:07:23.815 INFO:teuthology.orchestra.run.smithi059.stdout:/usr/bin/ceph: stderr
2024-03-19T03:07:22.926+0000 7fd808164700 1 -- start start
2024-03-19T03:07:23.815 INFO:teuthology.orchestra.run.smithi059.stdout:/usr/bin/ceph: stderr
2024-03-19T03:07:22.926+0000 7fd808164700 1 --2- >> [v2:172.21.15.59:3300/0,v1:172.21.15.59:6789/0] conn(0x7fd800071360 0x7fd800111640 unknown :-1 s=NONE pgs=0 cs=0 l=1 rev1=0 crypto rx=0 tx=0 comp rx=0 tx=0).connect
2024-03-19T03:07:23.815 INFO:teuthology.orchestra.run.smithi059.stdout:/usr/bin/ceph: stderr
2024-03-19T03:07:22.926+0000 7fd808164700 1 -- --> [v2:172.21.15.59:3300/0,v1:172.21.15.59:6789/0] -- mon_getmap magic: 0 v1 -- 0x7fd800111b80 con 0x7fd800071360
2024-03-19T03:07:23.815 INFO:teuthology.orchestra.run.smithi059.stdout:/usr/bin/ceph: stderr
2024-03-19T03:07:22.926+0000 7fd805f00700 1 --2- >> [v2:172.21.15.59:3300/0,v1:172.21.15.59:6789/0] conn(0x7fd800071360 0x7fd800111640 unknown :-1 s=BANNER_CONNECTING pgs=0 cs=0 l=1 rev1=0 crypto rx=0 tx=0 comp rx=0 tx=0)._handle_peer_banner_payload supported=3 required=0
2024-03-19T03:07:23.815 INFO:teuthology.orchestra.run.smithi059.stdout:/usr/bin/ceph: stderr
2024-03-19T03:07:22.926+0000 7fd805f00700 1 --2- >> [v2:172.21.15.59:3300/0,v1:172.21.15.59:6789/0] conn(0x7fd800071360 0x7fd800111640 unknown :-1 s=HELLO_CONNECTING pgs=0 cs=0 l=1 rev1=1 crypto rx=0 tx=0 comp rx=0 tx=0).handle_hello peer v2:172.21.15.59:3300/0 says I am v2:172.21.15.59:58622/0 (socket says 172.21.15.59:58622)
2024-03-19T03:07:23.815 INFO:teuthology.orchestra.run.smithi059.stdout:/usr/bin/ceph: stderr
2024-03-19T03:07:22.926+0000 7fd805f00700 1 -- 172.21.15.59:0/2344461082 learned_addr learned my addr 172.21.15.59:0/2344461082 (peer_addr_for_me v2:172.21.15.59:0/0)
2024-03-19T03:07:23.815 INFO:teuthology.orchestra.run.smithi059.stdout:/usr/bin/ceph: stderr
2024-03-19T03:07:22.926+0000 7fd805f00700 1 -- 172.21.15.59:0/2344461082 --> [v2:172.21.15.59:3300/0,v1:172.21.15.59:6789/0] -- mon_subscribe({config=0+,monmap=0+}) v3 -- 0x7fd7f00094f0 con 0x7fd800071360
2024-03-19T03:07:23.815 INFO:teuthology.orchestra.run.smithi059.stdout:/usr/bin/ceph: stderr
2024-03-19T03:07:22.926+0000 7fd805f00700 1 --2- 172.21.15.59:0/2344461082 >> [v2:172.21.15.59:3300/0,v1:172.21.15.59:6789/0] conn(0x7fd800071360 0x7fd800111640 secure :-1 s=READY pgs=81 cs=0 l=1 rev1=1 crypto rx=0x7fd7f00094c0 tx=0x7fd7f0009250 comp rx=0 tx=0).ready entity=mon.0 client_cookie=0 server_cookie=0 in_seq=0 out_seq=0
2024-03-19T03:07:23.816 INFO:teuthology.orchestra.run.smithi059.stdout:/usr/bin/ceph: stderr
2024-03-19T03:07:22.927+0000 7fd7f67fc700 1 -- 172.21.15.59:0/2344461082 <== mon.0 v2:172.21.15.59:3300/0 1 ==== mon_map magic: 0 v1 ==== 229+0+0 (secure 0 0 0) 0x7fd7f00118f0 con 0x7fd800071360
2024-03-19T03:07:23.816 INFO:teuthology.orchestra.run.smithi059.stdout:/usr/bin/ceph: stderr
2024-03-19T03:07:22.927+0000 7fd7f67fc700 1 -- 172.21.15.59:0/2344461082 <== mon.0 v2:172.21.15.59:3300/0 2 ==== config(27 keys) v1 ==== 1109+0+0 (secure 0 0 0) 0x7fd7f0010d60 con 0x7fd800071360
2024-03-19T03:07:23.816 INFO:teuthology.orchestra.run.smithi059.stdout:/usr/bin/ceph: stderr
2024-03-19T03:07:22.927+0000 7fd7f67fc700 1 -- 172.21.15.59:0/2344461082 <== mon.0 v2:172.21.15.59:3300/0 3 ==== mon_map magic: 0 v1 ==== 229+0+0 (secure 0 0 0) 0x7fd7f001a430 con 0x7fd800071360
2024-03-19T03:07:23.816 INFO:teuthology.orchestra.run.smithi059.stdout:/usr/bin/ceph: stderr
2024-03-19T03:07:22.927+0000 7fd808164700 1 -- 172.21.15.59:0/2344461082 --> [v2:172.21.15.59:3300/0,v1:172.21.15.59:6789/0] -- mon_subscribe({mgrmap=0+}) v3 -- 0x7fd800111d80 con 0x7fd800071360
2024-03-19T03:07:23.816 INFO:teuthology.orchestra.run.smithi059.stdout:/usr/bin/ceph: stderr
2024-03-19T03:07:22.927+0000 7fd808164700 1 -- 172.21.15.59:0/2344461082 --> [v2:172.21.15.59:3300/0,v1:172.21.15.59:6789/0] -- mon_subscribe({osdmap=0}) v3 -- 0x7fd8001128f0 con 0x7fd800071360
2024-03-19T03:07:23.816 INFO:teuthology.orchestra.run.smithi059.stdout:/usr/bin/ceph: stderr
2024-03-19T03:07:22.928+0000 7fd7f67fc700 1 -- 172.21.15.59:0/2344461082 <== mon.0 v2:172.21.15.59:3300/0 4 ==== mgrmap(e 11) v1 ==== 43275+0+0 (secure 0 0 0) 0x7fd7f0024440 con 0x7fd800071360
2024-03-19T03:07:23.816 INFO:teuthology.orchestra.run.smithi059.stdout:/usr/bin/ceph: stderr
2024-03-19T03:07:22.928+0000 7fd808164700 1 -- 172.21.15.59:0/2344461082 --> [v2:172.21.15.59:3300/0,v1:172.21.15.59:6789/0] -- mon_command({"prefix": "get_command_descriptions"} v 0) v1 -- 0x7fd80005f5f0 con 0x7fd800071360
2024-03-19T03:07:23.816 INFO:teuthology.orchestra.run.smithi059.stdout:/usr/bin/ceph: stderr
2024-03-19T03:07:22.928+0000 7fd7f67fc700 1 --2- 172.21.15.59:0/2344461082 >> [v2:172.21.15.59:6800/1857243897,v1:172.21.15.59:6801/1857243897] conn(0x7fd7ec036710 0x7fd7ec038bc0 unknown :-1 s=NONE pgs=0 cs=0 l=1 rev1=0 crypto rx=0 tx=0 comp rx=0 tx=0).connect
2024-03-19T03:07:23.816 INFO:teuthology.orchestra.run.smithi059.stdout:/usr/bin/ceph: stderr
2024-03-19T03:07:22.928+0000 7fd7f67fc700 1 -- 172.21.15.59:0/2344461082 <== mon.0 v2:172.21.15.59:3300/0 5 ==== osd_map(3..3 src has 1..3) v4 ==== 1151+0+0 (secure 0 0 0) 0x7fd7f004a590 con 0x7fd800071360
2024-03-19T03:07:23.816 INFO:teuthology.orchestra.run.smithi059.stdout:/usr/bin/ceph: stderr
2024-03-19T03:07:22.928+0000 7fd8056ff700 1 --2- 172.21.15.59:0/2344461082 >> [v2:172.21.15.59:6800/1857243897,v1:172.21.15.59:6801/1857243897] conn(0x7fd7ec036710 0x7fd7ec038bc0 unknown :-1 s=BANNER_CONNECTING pgs=0 cs=0 l=1 rev1=0 crypto rx=0 tx=0 comp rx=0 tx=0)._handle_peer_banner_payload supported=3 required=0
2024-03-19T03:07:23.816 INFO:teuthology.orchestra.run.smithi059.stdout:/usr/bin/ceph: stderr
2024-03-19T03:07:22.928+0000 7fd8056ff700 1 --2- 172.21.15.59:0/2344461082 >> [v2:172.21.15.59:6800/1857243897,v1:172.21.15.59:6801/1857243897] conn(0x7fd7ec036710 0x7fd7ec038bc0 secure :-1 s=READY pgs=7 cs=0 l=1 rev1=1 crypto rx=0x7fd7fc009990 tx=0x7fd7fc006e40 comp rx=0 tx=0).ready entity=mgr.14162 client_cookie=0 server_cookie=0 in_seq=0 out_seq=0
2024-03-19T03:07:23.817 INFO:teuthology.orchestra.run.smithi059.stdout:/usr/bin/ceph: stderr
2024-03-19T03:07:22.933+0000 7fd7f67fc700 1 -- 172.21.15.59:0/2344461082 <== mon.0 v2:172.21.15.59:3300/0 6 ==== mon_command_ack([{"prefix": "get_command_descriptions"}]=0 v0) v1 ==== 72+0+175674 (secure 0 0 0) 0x7fd7f0023de0 con 0x7fd800071360
2024-03-19T03:07:23.817 INFO:teuthology.orchestra.run.smithi059.stdout:/usr/bin/ceph: stderr
2024-03-19T03:07:23.147+0000 7fd808164700 1 -- 172.21.15.59:0/2344461082 --> [v2:172.21.15.59:6800/1857243897,v1:172.21.15.59:6801/1857243897] -- mgr_command(tid 0: {"prefix": "dashboard create-self-signed-cert", "target": ["mon-mgr", ""]}) v1 -- 0x7fd8000fe140 con 0x7fd7ec036710
2024-03-19T03:07:23.817 INFO:teuthology.orchestra.run.smithi059.stdout:/usr/bin/ceph: stderr
2024-03-19T03:07:23.219+0000 7fd7f67fc700 1 -- 172.21.15.59:0/2344461082 <== mgr.14162 v2:172.21.15.59:6800/1857243897 1 ==== mgr_command_reply(tid 0: 0 ) v1 ==== 8+0+32 (secure 0 0 0) 0x7fd8000fe140 con 0x7fd7ec036710
2024-03-19T03:07:23.817 INFO:teuthology.orchestra.run.smithi059.stdout:/usr/bin/ceph: stderr
2024-03-19T03:07:23.221+0000 7fd808164700 1 -- 172.21.15.59:0/2344461082 >> [v2:172.21.15.59:6800/1857243897,v1:172.21.15.59:6801/1857243897] conn(0x7fd7ec036710 msgr2=0x7fd7ec038bc0 secure :-1 s=STATE_CONNECTION_ESTABLISHED l=1).mark_down
2024-03-19T03:07:23.817 INFO:teuthology.orchestra.run.smithi059.stdout:/usr/bin/ceph: stderr
2024-03-19T03:07:23.221+0000 7fd808164700 1 --2- 172.21.15.59:0/2344461082 >> [v2:172.21.15.59:6800/1857243897,v1:172.21.15.59:6801/1857243897] conn(0x7fd7ec036710 0x7fd7ec038bc0 secure :-1 s=READY pgs=7 cs=0 l=1 rev1=1 crypto rx=0x7fd7fc009990 tx=0x7fd7fc006e40 comp rx=0 tx=0).stop
2024-03-19T03:07:23.817 INFO:teuthology.orchestra.run.smithi059.stdout:/usr/bin/ceph: stderr
2024-03-19T03:07:23.221+0000 7fd808164700 1 -- 172.21.15.59:0/2344461082 >> [v2:172.21.15.59:3300/0,v1:172.21.15.59:6789/0] conn(0x7fd800071360 msgr2=0x7fd800111640 secure :-1 s=STATE_CONNECTION_ESTABLISHED l=1).mark_down
2024-03-19T03:07:23.817 INFO:teuthology.orchestra.run.smithi059.stdout:/usr/bin/ceph: stderr
2024-03-19T03:07:23.221+0000 7fd808164700 1 --2- 172.21.15.59:0/2344461082 >> [v2:172.21.15.59:3300/0,v1:172.21.15.59:6789/0] conn(0x7fd800071360 0x7fd800111640 secure :-1 s=READY pgs=81 cs=0 l=1 rev1=1 crypto rx=0x7fd7f00094c0 tx=0x7fd7f0009250 comp rx=0 tx=0).stop
2024-03-19T03:07:23.817 INFO:teuthology.orchestra.run.smithi059.stdout:/usr/bin/ceph: stderr
2024-03-19T03:07:23.222+0000 7fd808164700 1 -- 172.21.15.59:0/2344461082 shutdown_connections
2024-03-19T03:07:23.817 INFO:teuthology.orchestra.run.smithi059.stdout:/usr/bin/ceph: stderr
2024-03-19T03:07:23.222+0000 7fd808164700 1 --2- 172.21.15.59:0/2344461082 >> [v2:172.21.15.59:6800/1857243897,v1:172.21.15.59:6801/1857243897] conn(0x7fd7ec036710 0x7fd7ec038bc0 unknown :-1 s=CLOSED pgs=7 cs=0 l=1 rev1=1 crypto rx=0 tx=0 comp rx=0 tx=0).stop
2024-03-19T03:07:23.817 INFO:teuthology.orchestra.run.smithi059.stdout:/usr/bin/ceph: stderr
2024-03-19T03:07:23.222+0000 7fd808164700 1 --2- 172.21.15.59:0/2344461082 >> [v2:172.21.15.59:3300/0,v1:172.21.15.59:6789/0] conn(0x7fd800071360 0x7fd800111640 unknown :-1 s=CLOSED pgs=81 cs=0 l=1 rev1=1 crypto rx=0 tx=0 comp rx=0 tx=0).stop
2024-03-19T03:07:23.818 INFO:teuthology.orchestra.run.smithi059.stdout:/usr/bin/ceph: stderr
2024-03-19T03:07:23.222+0000 7fd808164700 1 -- 172.21.15.59:0/2344461082 >> 172.21.15.59:0/2344461082 conn(0x7fd8000fcd50 msgr2=0x7fd8000fd970 unknown :-1 s=STATE_NONE l=0).mark_down
2024-03-19T03:07:23.818 INFO:teuthology.orchestra.run.smithi059.stdout:/usr/bin/ceph: stderr
2024-03-19T03:07:23.222+0000 7fd808164700 1 -- 172.21.15.59:0/2344461082 shutdown_connections
2024-03-19T03:07:23.818 INFO:teuthology.orchestra.run.smithi059.stdout:/usr/bin/ceph: stderr
2024-03-19T03:07:23.222+0000 7fd808164700 1 -- 172.21.15.59:0/2344461082 wait complete.
2024-03-19T03:07:23.818 INFO:teuthology.orchestra.run.smithi059.stdout:Creating initial admin user...
2024-03-19T03:07:24.191 INFO:journalctl@ceph.mon.smithi059.smithi059.stdout:Mar 19 03:07:24 smithi059 ceph-mon[29133]: from='mgr.14162 172.21.15.59:0/2020386193' entity='mgr.smithi059.azpecc'
2024-03-19T03:07:24.192 INFO:journalctl@ceph.mon.smithi059.smithi059.stdout:Mar 19 03:07:24 smithi059 ceph-mon[29133]: from='mgr.14162 172.21.15.59:0/2020386193' entity='mgr.smithi059.azpecc'
2024-03-19T03:07:24.192 INFO:journalctl@ceph.mon.smithi059.smithi059.stdout:Mar 19 03:07:24 smithi059 ceph-mon[29133]: from='mgr.14162 172.21.15.59:0/2020386193' entity='mgr.smithi059.azpecc'
2024-03-19T03:07:24.192 INFO:journalctl@ceph.mon.smithi059.smithi059.stdout:Mar 19 03:07:24 smithi059 ceph-mon[29133]: mgrmap e12: smithi059.azpecc(active, since 2s)
2024-03-19T03:07:24.192 INFO:journalctl@ceph.mon.smithi059.smithi059.stdout:Mar 19 03:07:24 smithi059 ceph-mon[29133]: from='mgr.14162 172.21.15.59:0/2020386193' entity='mgr.smithi059.azpecc'
2024-03-19T03:07:25.315 INFO:journalctl@ceph.mon.smithi059.smithi059.stdout:Mar 19 03:07:25 smithi059 ceph-mon[29133]: from='client.14174 -' entity='client.admin' cmd=[{"prefix": "dashboard create-self-signed-cert", "target": ["mon-mgr", ""]}]: dispatch
2024-03-19T03:07:25.315 INFO:journalctl@ceph.mon.smithi059.smithi059.stdout:Mar 19 03:07:25 smithi059 ceph-mon[29133]: from='mgr.14162 172.21.15.59:0/2020386193' entity='mgr.smithi059.azpecc'
2024-03-19T03:07:25.560 INFO:teuthology.orchestra.run.smithi059.stdout:/usr/bin/ceph: stdout {"username": "admin", "password": "$2b$12$1xGHkq0HEeLzmW83DqoTmO4Ym677b4WPsiaoBAkqrqEWqdFgx4szC", "roles": ["administrator"], "name": null, "email": null, "lastUpdate": 1710817644, "enabled": true, "pwdExpirationDate": null, "pwdUpdateRequired": true}
2024-03-19T03:07:25.567 INFO:teuthology.orchestra.run.smithi059.stdout:/usr/bin/ceph: stderr
2024-03-19T03:07:24.290+0000 7f5a76f68700 1 Processor -- start
2024-03-19T03:07:25.567 INFO:teuthology.orchestra.run.smithi059.stdout:/usr/bin/ceph: stderr
2024-03-19T03:07:24.290+0000 7f5a76f68700 1 -- start start
2024-03-19T03:07:25.567 INFO:teuthology.orchestra.run.smithi059.stdout:/usr/bin/ceph: stderr
2024-03-19T03:07:24.290+0000 7f5a76f68700 1 --2- >> [v2:172.21.15.59:3300/0,v1:172.21.15.59:6789/0] conn(0x7f5a70102720 0x7f5a70102b30 unknown :-1 s=NONE pgs=0 cs=0 l=0 rev1=0 crypto rx=0 tx=0 comp rx=0 tx=0).connect
2024-03-19T03:07:25.567 INFO:teuthology.orchestra.run.smithi059.stdout:/usr/bin/ceph: stderr
2024-03-19T03:07:24.290+0000 7f5a76f68700 1 -- --> [v2:172.21.15.59:3300/0,v1:172.21.15.59:6789/0] -- mon_getmap magic: 0 v1 -- 0x7f5a70103070 con 0x7f5a70102720
2024-03-19T03:07:25.567 INFO:teuthology.orchestra.run.smithi059.stdout:/usr/bin/ceph: stderr
2024-03-19T03:07:24.291+0000 7f5a74d04700 1 --2- >> [v2:172.21.15.59:3300/0,v1:172.21.15.59:6789/0] conn(0x7f5a70102720 0x7f5a70102b30 unknown :-1 s=BANNER_CONNECTING pgs=0 cs=0 l=0 rev1=0 crypto rx=0 tx=0 comp rx=0 tx=0)._handle_peer_banner_payload supported=3 required=0
2024-03-19T03:07:25.568 INFO:teuthology.orchestra.run.smithi059.stdout:/usr/bin/ceph: stderr
2024-03-19T03:07:24.291+0000 7f5a74d04700 1 --2- >> [v2:172.21.15.59:3300/0,v1:172.21.15.59:6789/0] conn(0x7f5a70102720 0x7f5a70102b30 unknown :-1 s=HELLO_CONNECTING pgs=0 cs=0 l=0 rev1=1 crypto rx=0 tx=0 comp rx=0 tx=0).handle_hello peer v2:172.21.15.59:3300/0 says I am v2:172.21.15.59:33030/0 (socket says 172.21.15.59:33030)
2024-03-19T03:07:25.568 INFO:teuthology.orchestra.run.smithi059.stdout:/usr/bin/ceph: stderr
2024-03-19T03:07:24.291+0000 7f5a74d04700 1 -- 172.21.15.59:0/3534379956 learned_addr learned my addr 172.21.15.59:0/3534379956 (peer_addr_for_me v2:172.21.15.59:0/0)
2024-03-19T03:07:25.568 INFO:teuthology.orchestra.run.smithi059.stdout:/usr/bin/ceph: stderr
2024-03-19T03:07:24.291+0000 7f5a74d04700 1 -- 172.21.15.59:0/3534379956 --> [v2:172.21.15.59:3300/0,v1:172.21.15.59:6789/0] -- mon_subscribe({config=0+,monmap=0+}) v3 -- 0x7f5a701031b0 con 0x7f5a70102720
2024-03-19T03:07:25.568 INFO:teuthology.orchestra.run.smithi059.stdout:/usr/bin/ceph: stderr
2024-03-19T03:07:24.291+0000 7f5a74d04700 1 --2- 172.21.15.59:0/3534379956 >> [v2:172.21.15.59:3300/0,v1:172.21.15.59:6789/0] conn(0x7f5a70102720 0x7f5a70102b30 secure :-1 s=READY pgs=82 cs=0 l=1 rev1=1 crypto rx=0x7f5a640098e0 tx=0x7f5a64009250 comp rx=0 tx=0).ready entity=mon.0 client_cookie=723e95170c639b14 server_cookie=0 in_seq=0 out_seq=0
2024-03-19T03:07:25.568 INFO:teuthology.orchestra.run.smithi059.stdout:/usr/bin/ceph: stderr
2024-03-19T03:07:24.291+0000 7f5a6f7fe700 1 -- 172.21.15.59:0/3534379956 <== mon.0 v2:172.21.15.59:3300/0 1 ==== mon_map magic: 0 v1 ==== 229+0+0 (secure 0 0 0) 0x7f5a6400b860 con 0x7f5a70102720
2024-03-19T03:07:25.568 INFO:teuthology.orchestra.run.smithi059.stdout:/usr/bin/ceph: stderr
2024-03-19T03:07:24.291+0000 7f5a6f7fe700 1 -- 172.21.15.59:0/3534379956 <== mon.0 v2:172.21.15.59:3300/0 2 ==== config(27 keys) v1 ==== 1109+0+0 (secure 0 0 0) 0x7f5a6400be90 con 0x7f5a70102720
2024-03-19T03:07:25.568 INFO:teuthology.orchestra.run.smithi059.stdout:/usr/bin/ceph: stderr
2024-03-19T03:07:24.291+0000 7f5a6f7fe700 1 -- 172.21.15.59:0/3534379956 <== mon.0 v2:172.21.15.59:3300/0 3 ==== mon_map magic: 0 v1 ==== 229+0+0 (secure 0 0 0) 0x7f5a640103c0 con 0x7f5a70102720
2024-03-19T03:07:25.568 INFO:teuthology.orchestra.run.smithi059.stdout:/usr/bin/ceph: stderr
2024-03-19T03:07:24.292+0000 7f5a76f68700 1 -- 172.21.15.59:0/3534379956 >> [v2:172.21.15.59:3300/0,v1:172.21.15.59:6789/0] conn(0x7f5a70102720 msgr2=0x7f5a70102b30 secure :-1 s=STATE_CONNECTION_ESTABLISHED l=1).mark_down
2024-03-19T03:07:25.568 INFO:teuthology.orchestra.run.smithi059.stdout:/usr/bin/ceph: stderr
2024-03-19T03:07:24.292+0000 7f5a76f68700 1 --2- 172.21.15.59:0/3534379956 >> [v2:172.21.15.59:3300/0,v1:172.21.15.59:6789/0] conn(0x7f5a70102720 0x7f5a70102b30 secure :-1 s=READY pgs=82 cs=0 l=1 rev1=1 crypto rx=0x7f5a640098e0 tx=0x7f5a64009250 comp rx=0 tx=0).stop
2024-03-19T03:07:25.568 INFO:teuthology.orchestra.run.smithi059.stdout:/usr/bin/ceph: stderr
2024-03-19T03:07:24.292+0000 7f5a76f68700 1 -- 172.21.15.59:0/3534379956 shutdown_connections
2024-03-19T03:07:25.568 INFO:teuthology.orchestra.run.smithi059.stdout:/usr/bin/ceph: stderr
2024-03-19T03:07:24.292+0000 7f5a76f68700 1 --2- 172.21.15.59:0/3534379956 >> [v2:172.21.15.59:3300/0,v1:172.21.15.59:6789/0] conn(0x7f5a70102720 0x7f5a70102b30 unknown :-1 s=CLOSED pgs=82 cs=0 l=1 rev1=1 crypto rx=0 tx=0 comp rx=0 tx=0).stop
2024-03-19T03:07:25.568 INFO:teuthology.orchestra.run.smithi059.stdout:/usr/bin/ceph: stderr
2024-03-19T03:07:24.292+0000 7f5a76f68700 1 -- 172.21.15.59:0/3534379956 >> 172.21.15.59:0/3534379956 conn(0x7f5a700fde40 msgr2=0x7f5a701002b0 unknown :-1 s=STATE_NONE l=0).mark_down
2024-03-19T03:07:25.568 INFO:teuthology.orchestra.run.smithi059.stdout:/usr/bin/ceph: stderr
2024-03-19T03:07:24.292+0000 7f5a76f68700 1 -- 172.21.15.59:0/3534379956 shutdown_connections
2024-03-19T03:07:25.569 INFO:teuthology.orchestra.run.smithi059.stdout:/usr/bin/ceph: stderr
2024-03-19T03:07:24.292+0000 7f5a76f68700 1 -- 172.21.15.59:0/3534379956 wait complete.
2024-03-19T03:07:25.569 INFO:teuthology.orchestra.run.smithi059.stdout:/usr/bin/ceph: stderr
2024-03-19T03:07:24.293+0000 7f5a76f68700 1 Processor -- start
2024-03-19T03:07:25.569 INFO:teuthology.orchestra.run.smithi059.stdout:/usr/bin/ceph: stderr
2024-03-19T03:07:24.293+0000 7f5a76f68700 1 -- start start
2024-03-19T03:07:25.569 INFO:teuthology.orchestra.run.smithi059.stdout:/usr/bin/ceph: stderr
2024-03-19T03:07:24.293+0000 7f5a76f68700 1 --2- >> [v2:172.21.15.59:3300/0,v1:172.21.15.59:6789/0] conn(0x7f5a70102720 0x7f5a701137a0 unknown :-1 s=NONE pgs=0 cs=0 l=1 rev1=0 crypto rx=0 tx=0 comp rx=0 tx=0).connect
2024-03-19T03:07:25.569 INFO:teuthology.orchestra.run.smithi059.stdout:/usr/bin/ceph: stderr
2024-03-19T03:07:24.293+0000 7f5a76f68700 1 -- --> [v2:172.21.15.59:3300/0,v1:172.21.15.59:6789/0] -- mon_getmap magic: 0 v1 -- 0x7f5a70113ce0 con 0x7f5a70102720
2024-03-19T03:07:25.569 INFO:teuthology.orchestra.run.smithi059.stdout:/usr/bin/ceph: stderr
2024-03-19T03:07:24.293+0000 7f5a74d04700 1 --2- >> [v2:172.21.15.59:3300/0,v1:172.21.15.59:6789/0] conn(0x7f5a70102720 0x7f5a701137a0 unknown :-1 s=BANNER_CONNECTING pgs=0 cs=0 l=1 rev1=0 crypto rx=0 tx=0 comp rx=0 tx=0)._handle_peer_banner_payload supported=3 required=0
2024-03-19T03:07:25.569 INFO:teuthology.orchestra.run.smithi059.stdout:/usr/bin/ceph: stderr
2024-03-19T03:07:24.293+0000 7f5a74d04700 1 --2- >> [v2:172.21.15.59:3300/0,v1:172.21.15.59:6789/0] conn(0x7f5a70102720 0x7f5a701137a0 unknown :-1 s=HELLO_CONNECTING pgs=0 cs=0 l=1 rev1=1 crypto rx=0 tx=0 comp rx=0 tx=0).handle_hello peer v2:172.21.15.59:3300/0 says I am v2:172.21.15.59:33042/0 (socket says 172.21.15.59:33042)
2024-03-19T03:07:25.569 INFO:teuthology.orchestra.run.smithi059.stdout:/usr/bin/ceph: stderr
2024-03-19T03:07:24.293+0000 7f5a74d04700 1 -- 172.21.15.59:0/2938197409 learned_addr learned my addr 172.21.15.59:0/2938197409 (peer_addr_for_me v2:172.21.15.59:0/0)
2024-03-19T03:07:25.570 INFO:teuthology.orchestra.run.smithi059.stdout:/usr/bin/ceph: stderr
2024-03-19T03:07:24.293+0000 7f5a74d04700 1 -- 172.21.15.59:0/2938197409 --> [v2:172.21.15.59:3300/0,v1:172.21.15.59:6789/0] -- mon_subscribe({config=0+,monmap=0+}) v3 -- 0x7f5a640094f0 con 0x7f5a70102720
2024-03-19T03:07:25.570 INFO:teuthology.orchestra.run.smithi059.stdout:/usr/bin/ceph: stderr
2024-03-19T03:07:24.293+0000 7f5a74d04700 1 --2- 172.21.15.59:0/2938197409 >> [v2:172.21.15.59:3300/0,v1:172.21.15.59:6789/0] conn(0x7f5a70102720 0x7f5a701137a0 secure :-1 s=READY pgs=83 cs=0 l=1 rev1=1 crypto rx=0x7f5a640090b0 tx=0x7f5a64009250 comp rx=0 tx=0).ready entity=mon.0 client_cookie=0 server_cookie=0 in_seq=0 out_seq=0
2024-03-19T03:07:25.570 INFO:teuthology.orchestra.run.smithi059.stdout:/usr/bin/ceph: stderr
2024-03-19T03:07:24.294+0000 7f5a6d7fa700 1 -- 172.21.15.59:0/2938197409 <== mon.0 v2:172.21.15.59:3300/0 1 ==== mon_map magic: 0 v1 ==== 229+0+0 (secure 0 0 0) 0x7f5a64010840 con 0x7f5a70102720
2024-03-19T03:07:25.570 INFO:teuthology.orchestra.run.smithi059.stdout:/usr/bin/ceph: stderr
2024-03-19T03:07:24.294+0000 7f5a6d7fa700 1 -- 172.21.15.59:0/2938197409 <== mon.0 v2:172.21.15.59:3300/0 2 ==== config(27 keys) v1 ==== 1109+0+0 (secure 0 0 0) 0x7f5a64010e70 con 0x7f5a70102720
2024-03-19T03:07:25.570 INFO:teuthology.orchestra.run.smithi059.stdout:/usr/bin/ceph: stderr
2024-03-19T03:07:24.294+0000 7f5a6d7fa700 1 -- 172.21.15.59:0/2938197409 <== mon.0 v2:172.21.15.59:3300/0 3 ==== mon_map magic: 0 v1 ==== 229+0+0 (secure 0 0 0) 0x7f5a64024e40 con 0x7f5a70102720
2024-03-19T03:07:25.570 INFO:teuthology.orchestra.run.smithi059.stdout:/usr/bin/ceph: stderr
2024-03-19T03:07:24.294+0000 7f5a76f68700 1 -- 172.21.15.59:0/2938197409 --> [v2:172.21.15.59:3300/0,v1:172.21.15.59:6789/0] -- mon_subscribe({mgrmap=0+}) v3 -- 0x7f5a70113ee0 con 0x7f5a70102720
2024-03-19T03:07:25.570 INFO:teuthology.orchestra.run.smithi059.stdout:/usr/bin/ceph: stderr
2024-03-19T03:07:24.294+0000 7f5a76f68700 1 -- 172.21.15.59:0/2938197409 --> [v2:172.21.15.59:3300/0,v1:172.21.15.59:6789/0] -- mon_subscribe({osdmap=0}) v3 -- 0x7f5a70114a50 con 0x7f5a70102720
2024-03-19T03:07:25.570 INFO:teuthology.orchestra.run.smithi059.stdout:/usr/bin/ceph: stderr
2024-03-19T03:07:24.294+0000 7f5a6d7fa700 1 -- 172.21.15.59:0/2938197409 <== mon.0 v2:172.21.15.59:3300/0 4 ==== mgrmap(e 12) v1 ==== 43381+0+0 (secure 0 0 0) 0x7f5a6401a4c0 con 0x7f5a70102720
2024-03-19T03:07:25.570 INFO:teuthology.orchestra.run.smithi059.stdout:/usr/bin/ceph: stderr
2024-03-19T03:07:24.295+0000 7f5a6d7fa700 1 --2- 172.21.15.59:0/2938197409 >> [v2:172.21.15.59:6800/1857243897,v1:172.21.15.59:6801/1857243897] conn(0x7f5a600367e0 0x7f5a60038c90 unknown :-1 s=NONE pgs=0 cs=0 l=1 rev1=0 crypto rx=0 tx=0 comp rx=0 tx=0).connect
2024-03-19T03:07:25.570 INFO:teuthology.orchestra.run.smithi059.stdout:/usr/bin/ceph: stderr
2024-03-19T03:07:24.295+0000 7f5a6d7fa700 1 -- 172.21.15.59:0/2938197409 <== mon.0 v2:172.21.15.59:3300/0 5 ==== osd_map(3..3 src has 1..3) v4 ==== 1151+0+0 (secure 0 0 0) 0x7f5a6404a8b0 con 0x7f5a70102720
2024-03-19T03:07:25.570 INFO:teuthology.orchestra.run.smithi059.stdout:/usr/bin/ceph: stderr
2024-03-19T03:07:24.295+0000 7f5a6ffff700 1 --2- 172.21.15.59:0/2938197409 >> [v2:172.21.15.59:6800/1857243897,v1:172.21.15.59:6801/1857243897] conn(0x7f5a600367e0 0x7f5a60038c90 unknown :-1 s=BANNER_CONNECTING pgs=0 cs=0 l=1 rev1=0 crypto rx=0 tx=0 comp rx=0 tx=0)._handle_peer_banner_payload supported=3 required=0
2024-03-19T03:07:25.571 INFO:teuthology.orchestra.run.smithi059.stdout:/usr/bin/ceph: stderr
2024-03-19T03:07:24.295+0000 7f5a76f68700 1 -- 172.21.15.59:0/2938197409 --> [v2:172.21.15.59:3300/0,v1:172.21.15.59:6789/0] -- mon_command({"prefix": "get_command_descriptions"} v 0) v1 -- 0x7f5a7005f5f0 con 0x7f5a70102720
2024-03-19T03:07:25.571 INFO:teuthology.orchestra.run.smithi059.stdout:/usr/bin/ceph: stderr
2024-03-19T03:07:24.295+0000 7f5a6ffff700 1 --2- 172.21.15.59:0/2938197409 >> [v2:172.21.15.59:6800/1857243897,v1:172.21.15.59:6801/1857243897] conn(0x7f5a600367e0 0x7f5a60038c90 secure :-1 s=READY pgs=8 cs=0 l=1 rev1=1 crypto rx=0x7f5a5c009990 tx=0x7f5a5c006e40 comp rx=0 tx=0).ready entity=mgr.14162 client_cookie=0 server_cookie=0 in_seq=0 out_seq=0
2024-03-19T03:07:25.571 INFO:teuthology.orchestra.run.smithi059.stdout:/usr/bin/ceph: stderr
2024-03-19T03:07:24.301+0000 7f5a6d7fa700 1 -- 172.21.15.59:0/2938197409 <== mon.0 v2:172.21.15.59:3300/0 6 ==== mon_command_ack([{"prefix": "get_command_descriptions"}]=0 v0) v1 ==== 72+0+175674 (secure 0 0 0) 0x7f5a64018940 con 0x7f5a70102720
2024-03-19T03:07:25.571 INFO:teuthology.orchestra.run.smithi059.stdout:/usr/bin/ceph: stderr
2024-03-19T03:07:24.516+0000 7f5a76f68700 1 -- 172.21.15.59:0/2938197409 --> [v2:172.21.15.59:6800/1857243897,v1:172.21.15.59:6801/1857243897] -- mgr_command(tid 0: {"prefix": "dashboard ac-user-create", "username": "admin", "rolename": "administrator", "force_password": true, "pwd_update_required": true, "target": ["mon-mgr", ""]}) v1 -- 0x7f5a7004bed0 con 0x7f5a600367e0
2024-03-19T03:07:25.571 INFO:teuthology.orchestra.run.smithi059.stdout:/usr/bin/ceph: stderr
2024-03-19T03:07:24.763+0000 7f5a6d7fa700 1 -- 172.21.15.59:0/2938197409 <== mgr.14162 v2:172.21.15.59:6800/1857243897 1 ==== mgr_command_reply(tid 0: 0 ) v1 ==== 8+0+252 (secure 0 0 0) 0x7f5a7004bed0 con 0x7f5a600367e0
2024-03-19T03:07:25.571 INFO:teuthology.orchestra.run.smithi059.stdout:/usr/bin/ceph: stderr
2024-03-19T03:07:24.765+0000 7f5a76f68700 1 -- 172.21.15.59:0/2938197409 >> [v2:172.21.15.59:6800/1857243897,v1:172.21.15.59:6801/1857243897] conn(0x7f5a600367e0 msgr2=0x7f5a60038c90 secure :-1 s=STATE_CONNECTION_ESTABLISHED l=1).mark_down
2024-03-19T03:07:25.571 INFO:teuthology.orchestra.run.smithi059.stdout:/usr/bin/ceph: stderr
2024-03-19T03:07:24.765+0000 7f5a76f68700 1 --2- 172.21.15.59:0/2938197409 >> [v2:172.21.15.59:6800/1857243897,v1:172.21.15.59:6801/1857243897] conn(0x7f5a600367e0 0x7f5a60038c90 secure :-1 s=READY pgs=8 cs=0 l=1 rev1=1 crypto rx=0x7f5a5c009990 tx=0x7f5a5c006e40 comp rx=0 tx=0).stop
2024-03-19T03:07:25.571 INFO:teuthology.orchestra.run.smithi059.stdout:/usr/bin/ceph: stderr
2024-03-19T03:07:24.765+0000 7f5a76f68700 1 -- 172.21.15.59:0/2938197409 >> [v2:172.21.15.59:3300/0,v1:172.21.15.59:6789/0] conn(0x7f5a70102720 msgr2=0x7f5a701137a0 secure :-1 s=STATE_CONNECTION_ESTABLISHED l=1).mark_down
2024-03-19T03:07:25.571 INFO:teuthology.orchestra.run.smithi059.stdout:/usr/bin/ceph: stderr
2024-03-19T03:07:24.765+0000 7f5a76f68700 1 --2- 172.21.15.59:0/2938197409 >> [v2:172.21.15.59:3300/0,v1:172.21.15.59:6789/0] conn(0x7f5a70102720 0x7f5a701137a0 secure :-1 s=READY pgs=83 cs=0 l=1 rev1=1 crypto rx=0x7f5a640090b0 tx=0x7f5a64009250 comp rx=0 tx=0).stop
2024-03-19T03:07:25.571 INFO:teuthology.orchestra.run.smithi059.stdout:/usr/bin/ceph: stderr
2024-03-19T03:07:24.765+0000 7f5a76f68700 1 -- 172.21.15.59:0/2938197409 shutdown_connections
2024-03-19T03:07:25.572 INFO:teuthology.orchestra.run.smithi059.stdout:/usr/bin/ceph: stderr
2024-03-19T03:07:24.765+0000 7f5a76f68700 1 --2- 172.21.15.59:0/2938197409 >> [v2:172.21.15.59:6800/1857243897,v1:172.21.15.59:6801/1857243897] conn(0x7f5a600367e0 0x7f5a60038c90 unknown :-1 s=CLOSED pgs=8 cs=0 l=1 rev1=1 crypto rx=0 tx=0 comp rx=0 tx=0).stop
2024-03-19T03:07:25.572 INFO:teuthology.orchestra.run.smithi059.stdout:/usr/bin/ceph: stderr
2024-03-19T03:07:24.765+0000 7f5a76f68700 1 --2- 172.21.15.59:0/2938197409 >> [v2:172.21.15.59:3300/0,v1:172.21.15.59:6789/0] conn(0x7f5a70102720 0x7f5a701137a0 unknown :-1 s=CLOSED pgs=83 cs=0 l=1 rev1=1 crypto rx=0 tx=0 comp rx=0 tx=0).stop
2024-03-19T03:07:25.572 INFO:teuthology.orchestra.run.smithi059.stdout:/usr/bin/ceph: stderr
2024-03-19T03:07:24.765+0000 7f5a76f68700 1 -- 172.21.15.59:0/2938197409 >> 172.21.15.59:0/2938197409 conn(0x7f5a700fde40 msgr2=0x7f5a700fe960 unknown :-1 s=STATE_NONE l=0).mark_down
2024-03-19T03:07:25.572 INFO:teuthology.orchestra.run.smithi059.stdout:/usr/bin/ceph: stderr
2024-03-19T03:07:24.765+0000 7f5a76f68700 1 -- 172.21.15.59:0/2938197409 shutdown_connections
2024-03-19T03:07:25.572 INFO:teuthology.orchestra.run.smithi059.stdout:/usr/bin/ceph: stderr
2024-03-19T03:07:24.765+0000 7f5a76f68700 1 -- 172.21.15.59:0/2938197409 wait complete.
2024-03-19T03:07:25.572 INFO:teuthology.orchestra.run.smithi059.stdout:Fetching dashboard port number...
2024-03-19T03:07:26.275 INFO:journalctl@ceph.mon.smithi059.smithi059.stdout:Mar 19 03:07:26 smithi059 ceph-mon[29133]: from='client.14176 -' entity='client.admin' cmd=[{"prefix": "dashboard ac-user-create", "username": "admin", "rolename": "administrator", "force_password": true, "pwd_update_required": true, "target": ["mon-mgr", ""]}]: dispatch
2024-03-19T03:07:27.175 INFO:journalctl@ceph.mon.smithi059.smithi059.stdout:Mar 19 03:07:27 smithi059 ceph-mon[29133]: from='client.? 172.21.15.59:0/589827216' entity='client.admin' cmd=[{"prefix": "config get", "who": "mgr", "key": "mgr/dashboard/ssl_server_port"}]: dispatch
2024-03-19T03:07:27.182 INFO:teuthology.orchestra.run.smithi059.stdout:/usr/bin/ceph: stdout 8443
2024-03-19T03:07:27.182 INFO:teuthology.orchestra.run.smithi059.stdout:/usr/bin/ceph: stderr
2024-03-19T03:07:26.404+0000 7fd3d47a6700 1 Processor -- start
2024-03-19T03:07:27.182 INFO:teuthology.orchestra.run.smithi059.stdout:/usr/bin/ceph: stderr
2024-03-19T03:07:26.404+0000 7fd3d47a6700 1 -- start start
2024-03-19T03:07:27.182 INFO:teuthology.orchestra.run.smithi059.stdout:/usr/bin/ceph: stderr
2024-03-19T03:07:26.404+0000 7fd3d47a6700 1 --2- >> [v2:172.21.15.59:3300/0,v1:172.21.15.59:6789/0] conn(0x7fd3cc077be0 0x7fd3cc0760f0 unknown :-1 s=NONE pgs=0 cs=0 l=0 rev1=0 crypto rx=0 tx=0 comp rx=0 tx=0).connect
2024-03-19T03:07:27.182 INFO:teuthology.orchestra.run.smithi059.stdout:/usr/bin/ceph: stderr
2024-03-19T03:07:26.404+0000 7fd3d47a6700 1 -- --> [v2:172.21.15.59:3300/0,v1:172.21.15.59:6789/0] -- mon_getmap magic: 0 v1 -- 0x7fd3cc077ff0 con 0x7fd3cc077be0
2024-03-19T03:07:27.182 INFO:teuthology.orchestra.run.smithi059.stdout:/usr/bin/ceph: stderr
2024-03-19T03:07:26.404+0000 7fd3d2542700 1 --2- >> [v2:172.21.15.59:3300/0,v1:172.21.15.59:6789/0] conn(0x7fd3cc077be0 0x7fd3cc0760f0 unknown :-1 s=BANNER_CONNECTING pgs=0 cs=0 l=0 rev1=0 crypto rx=0 tx=0 comp rx=0 tx=0)._handle_peer_banner_payload supported=3 required=0
2024-03-19T03:07:27.182 INFO:teuthology.orchestra.run.smithi059.stdout:/usr/bin/ceph: stderr
2024-03-19T03:07:26.404+0000 7fd3d2542700 1 --2- >> [v2:172.21.15.59:3300/0,v1:172.21.15.59:6789/0] conn(0x7fd3cc077be0 0x7fd3cc0760f0 unknown :-1 s=HELLO_CONNECTING pgs=0 cs=0 l=0 rev1=1 crypto rx=0 tx=0 comp rx=0 tx=0).handle_hello peer v2:172.21.15.59:3300/0 says I am v2:172.21.15.59:33050/0 (socket says 172.21.15.59:33050)
2024-03-19T03:07:27.182 INFO:teuthology.orchestra.run.smithi059.stdout:/usr/bin/ceph: stderr
2024-03-19T03:07:26.404+0000 7fd3d2542700 1 -- 172.21.15.59:0/3791887928 learned_addr learned my addr 172.21.15.59:0/3791887928 (peer_addr_for_me v2:172.21.15.59:0/0)
2024-03-19T03:07:27.182 INFO:teuthology.orchestra.run.smithi059.stdout:/usr/bin/ceph: stderr
2024-03-19T03:07:26.405+0000 7fd3d2542700 1 -- 172.21.15.59:0/3791887928 --> [v2:172.21.15.59:3300/0,v1:172.21.15.59:6789/0] -- mon_subscribe({config=0+,monmap=0+}) v3 -- 0x7fd3cc076630 con 0x7fd3cc077be0
2024-03-19T03:07:27.182 INFO:teuthology.orchestra.run.smithi059.stdout:/usr/bin/ceph: stderr
2024-03-19T03:07:26.405+0000 7fd3d2542700 1 --2- 172.21.15.59:0/3791887928 >> [v2:172.21.15.59:3300/0,v1:172.21.15.59:6789/0] conn(0x7fd3cc077be0 0x7fd3cc0760f0 secure :-1 s=READY pgs=84 cs=0 l=1 rev1=1 crypto rx=0x7fd3c80098e0 tx=0x7fd3c8009250 comp rx=0 tx=0).ready entity=mon.0 client_cookie=8bb52c801826b7d9 server_cookie=0 in_seq=0 out_seq=0
2024-03-19T03:07:27.183 INFO:teuthology.orchestra.run.smithi059.stdout:/usr/bin/ceph: stderr
2024-03-19T03:07:26.405+0000 7fd3d1540700 1 -- 172.21.15.59:0/3791887928 <== mon.0 v2:172.21.15.59:3300/0 1 ==== mon_map magic: 0 v1 ==== 229+0+0 (secure 0 0 0) 0x7fd3c800b860 con 0x7fd3cc077be0
2024-03-19T03:07:27.183 INFO:teuthology.orchestra.run.smithi059.stdout:/usr/bin/ceph: stderr
2024-03-19T03:07:26.405+0000 7fd3d1540700 1 -- 172.21.15.59:0/3791887928 <== mon.0 v2:172.21.15.59:3300/0 2 ==== config(27 keys) v1 ==== 1109+0+0 (secure 0 0 0) 0x7fd3c800be90 con 0x7fd3cc077be0
2024-03-19T03:07:27.183 INFO:teuthology.orchestra.run.smithi059.stdout:/usr/bin/ceph: stderr
2024-03-19T03:07:26.405+0000 7fd3d1540700 1 -- 172.21.15.59:0/3791887928 <== mon.0 v2:172.21.15.59:3300/0 3 ==== mon_map magic: 0 v1 ==== 229+0+0 (secure 0 0 0) 0x7fd3c80103c0 con 0x7fd3cc077be0
2024-03-19T03:07:27.183 INFO:teuthology.orchestra.run.smithi059.stdout:/usr/bin/ceph: stderr
2024-03-19T03:07:26.405+0000 7fd3d47a6700 1 -- 172.21.15.59:0/3791887928 >> [v2:172.21.15.59:3300/0,v1:172.21.15.59:6789/0] conn(0x7fd3cc077be0 msgr2=0x7fd3cc0760f0 secure :-1 s=STATE_CONNECTION_ESTABLISHED l=1).mark_down
2024-03-19T03:07:27.183 INFO:teuthology.orchestra.run.smithi059.stdout:/usr/bin/ceph: stderr
2024-03-19T03:07:26.405+0000 7fd3d47a6700 1 --2- 172.21.15.59:0/3791887928 >> [v2:172.21.15.59:3300/0,v1:172.21.15.59:6789/0] conn(0x7fd3cc077be0 0x7fd3cc0760f0 secure :-1 s=READY pgs=84 cs=0 l=1 rev1=1 crypto rx=0x7fd3c80098e0 tx=0x7fd3c8009250 comp rx=0 tx=0).stop
2024-03-19T03:07:27.183 INFO:teuthology.orchestra.run.smithi059.stdout:/usr/bin/ceph: stderr
2024-03-19T03:07:26.405+0000 7fd3d47a6700 1 -- 172.21.15.59:0/3791887928 shutdown_connections
2024-03-19T03:07:27.183 INFO:teuthology.orchestra.run.smithi059.stdout:/usr/bin/ceph: stderr
2024-03-19T03:07:26.405+0000 7fd3d47a6700 1 --2- 172.21.15.59:0/3791887928 >> [v2:172.21.15.59:3300/0,v1:172.21.15.59:6789/0] conn(0x7fd3cc077be0 0x7fd3cc0760f0 unknown :-1 s=CLOSED pgs=84 cs=0 l=1 rev1=1 crypto rx=0 tx=0 comp rx=0 tx=0).stop
2024-03-19T03:07:27.183 INFO:teuthology.orchestra.run.smithi059.stdout:/usr/bin/ceph: stderr
2024-03-19T03:07:26.405+0000 7fd3d47a6700 1 -- 172.21.15.59:0/3791887928 >> 172.21.15.59:0/3791887928 conn(0x7fd3cc0fde70 msgr2=0x7fd3cc100280 unknown :-1 s=STATE_NONE l=0).mark_down
2024-03-19T03:07:27.183 INFO:teuthology.orchestra.run.smithi059.stdout:/usr/bin/ceph: stderr
2024-03-19T03:07:26.406+0000 7fd3d47a6700 1 -- 172.21.15.59:0/3791887928 shutdown_connections
2024-03-19T03:07:27.183 INFO:teuthology.orchestra.run.smithi059.stdout:/usr/bin/ceph: stderr
2024-03-19T03:07:26.406+0000 7fd3d47a6700 1 -- 172.21.15.59:0/3791887928 wait complete.
2024-03-19T03:07:27.183 INFO:teuthology.orchestra.run.smithi059.stdout:/usr/bin/ceph: stderr
2024-03-19T03:07:26.406+0000 7fd3d47a6700 1 Processor -- start
2024-03-19T03:07:27.183 INFO:teuthology.orchestra.run.smithi059.stdout:/usr/bin/ceph: stderr
2024-03-19T03:07:26.406+0000 7fd3d47a6700 1 -- start start
2024-03-19T03:07:27.183 INFO:teuthology.orchestra.run.smithi059.stdout:/usr/bin/ceph: stderr
2024-03-19T03:07:26.406+0000 7fd3d47a6700 1 --2- >> [v2:172.21.15.59:3300/0,v1:172.21.15.59:6789/0] conn(0x7fd3cc077be0 0x7fd3cc1137d0 unknown :-1 s=NONE pgs=0 cs=0 l=1 rev1=0 crypto rx=0 tx=0 comp rx=0 tx=0).connect
2024-03-19T03:07:27.183 INFO:teuthology.orchestra.run.smithi059.stdout:/usr/bin/ceph: stderr
2024-03-19T03:07:26.406+0000 7fd3d47a6700 1 -- --> [v2:172.21.15.59:3300/0,v1:172.21.15.59:6789/0] -- mon_getmap magic: 0 v1 -- 0x7fd3cc113d10 con 0x7fd3cc077be0
2024-03-19T03:07:27.183 INFO:teuthology.orchestra.run.smithi059.stdout:/usr/bin/ceph: stderr
2024-03-19T03:07:26.406+0000 7fd3d2542700 1 --2- >> [v2:172.21.15.59:3300/0,v1:172.21.15.59:6789/0] conn(0x7fd3cc077be0 0x7fd3cc1137d0 unknown :-1 s=BANNER_CONNECTING pgs=0 cs=0 l=1 rev1=0 crypto rx=0 tx=0 comp rx=0 tx=0)._handle_peer_banner_payload supported=3 required=0
2024-03-19T03:07:27.184 INFO:teuthology.orchestra.run.smithi059.stdout:/usr/bin/ceph: stderr
2024-03-19T03:07:26.406+0000 7fd3d2542700 1 --2- >> [v2:172.21.15.59:3300/0,v1:172.21.15.59:6789/0] conn(0x7fd3cc077be0 0x7fd3cc1137d0 unknown :-1 s=HELLO_CONNECTING pgs=0 cs=0 l=1 rev1=1 crypto rx=0 tx=0 comp rx=0 tx=0).handle_hello peer v2:172.21.15.59:3300/0 says I am v2:172.21.15.59:33062/0 (socket says 172.21.15.59:33062)
2024-03-19T03:07:27.184 INFO:teuthology.orchestra.run.smithi059.stdout:/usr/bin/ceph: stderr
2024-03-19T03:07:26.406+0000 7fd3d2542700 1 -- 172.21.15.59:0/589827216 learned_addr learned my addr 172.21.15.59:0/589827216 (peer_addr_for_me v2:172.21.15.59:0/0)
2024-03-19T03:07:27.184 INFO:teuthology.orchestra.run.smithi059.stdout:/usr/bin/ceph: stderr
2024-03-19T03:07:26.407+0000 7fd3d2542700 1 -- 172.21.15.59:0/589827216 --> [v2:172.21.15.59:3300/0,v1:172.21.15.59:6789/0] -- mon_subscribe({config=0+,monmap=0+}) v3 -- 0x7fd3c80094f0 con 0x7fd3cc077be0
2024-03-19T03:07:27.184 INFO:teuthology.orchestra.run.smithi059.stdout:/usr/bin/ceph: stderr
2024-03-19T03:07:26.407+0000 7fd3d2542700 1 --2- 172.21.15.59:0/589827216 >> [v2:172.21.15.59:3300/0,v1:172.21.15.59:6789/0] conn(0x7fd3cc077be0 0x7fd3cc1137d0 secure :-1 s=READY pgs=85 cs=0 l=1 rev1=1 crypto rx=0x7fd3c80094c0 tx=0x7fd3c8009250 comp rx=0 tx=0).ready entity=mon.0 client_cookie=0 server_cookie=0 in_seq=0 out_seq=0
2024-03-19T03:07:27.184 INFO:teuthology.orchestra.run.smithi059.stdout:/usr/bin/ceph: stderr
2024-03-19T03:07:26.407+0000 7fd3c2ffd700 1 -- 172.21.15.59:0/589827216 <== mon.0 v2:172.21.15.59:3300/0 1 ==== mon_map magic: 0 v1 ==== 229+0+0 (secure 0 0 0) 0x7fd3c8010890 con 0x7fd3cc077be0
2024-03-19T03:07:27.184 INFO:teuthology.orchestra.run.smithi059.stdout:/usr/bin/ceph: stderr
2024-03-19T03:07:26.407+0000 7fd3c2ffd700 1 -- 172.21.15.59:0/589827216 <== mon.0 v2:172.21.15.59:3300/0 2 ==== config(27 keys) v1 ==== 1109+0+0 (secure 0 0 0) 0x7fd3c8010ec0 con 0x7fd3cc077be0
2024-03-19T03:07:27.184 INFO:teuthology.orchestra.run.smithi059.stdout:/usr/bin/ceph: stderr
2024-03-19T03:07:26.407+0000 7fd3d47a6700 1 -- 172.21.15.59:0/589827216 --> [v2:172.21.15.59:3300/0,v1:172.21.15.59:6789/0] -- mon_subscribe({mgrmap=0+}) v3 -- 0x7fd3cc113f10 con 0x7fd3cc077be0
2024-03-19T03:07:27.184 INFO:teuthology.orchestra.run.smithi059.stdout:/usr/bin/ceph: stderr
2024-03-19T03:07:26.407+0000 7fd3c2ffd700 1 -- 172.21.15.59:0/589827216 <== mon.0 v2:172.21.15.59:3300/0 3 ==== mon_map magic: 0 v1 ==== 229+0+0 (secure 0 0 0) 0x7fd3c80243f0 con 0x7fd3cc077be0
2024-03-19T03:07:27.184 INFO:teuthology.orchestra.run.smithi059.stdout:/usr/bin/ceph: stderr
2024-03-19T03:07:26.407+0000 7fd3d47a6700 1 -- 172.21.15.59:0/589827216 --> [v2:172.21.15.59:3300/0,v1:172.21.15.59:6789/0] -- mon_subscribe({osdmap=0}) v3 -- 0x7fd3cc114a80 con 0x7fd3cc077be0
2024-03-19T03:07:27.184 INFO:teuthology.orchestra.run.smithi059.stdout:/usr/bin/ceph: stderr
2024-03-19T03:07:26.408+0000 7fd3c2ffd700 1 -- 172.21.15.59:0/589827216 <== mon.0 v2:172.21.15.59:3300/0 4 ==== mgrmap(e 12) v1 ==== 43381+0+0 (secure 0 0 0) 0x7fd3c80109f0 con 0x7fd3cc077be0
2024-03-19T03:07:27.184 INFO:teuthology.orchestra.run.smithi059.stdout:/usr/bin/ceph: stderr
2024-03-19T03:07:26.408+0000 7fd3c2ffd700 1 --2- 172.21.15.59:0/589827216 >> [v2:172.21.15.59:6800/1857243897,v1:172.21.15.59:6801/1857243897] conn(0x7fd3b8036830 0x7fd3b8038ce0 unknown :-1 s=NONE pgs=0 cs=0 l=1 rev1=0 crypto rx=0 tx=0 comp rx=0 tx=0).connect
2024-03-19T03:07:27.184 INFO:teuthology.orchestra.run.smithi059.stdout:/usr/bin/ceph: stderr
2024-03-19T03:07:26.408+0000 7fd3c2ffd700 1 -- 172.21.15.59:0/589827216 <== mon.0 v2:172.21.15.59:3300/0 5 ==== osd_map(3..3 src has 1..3) v4 ==== 1151+0+0 (secure 0 0 0) 0x7fd3c804a370 con 0x7fd3cc077be0
2024-03-19T03:07:27.184 INFO:teuthology.orchestra.run.smithi059.stdout:/usr/bin/ceph: stderr
2024-03-19T03:07:26.408+0000 7fd3d1d41700 1 --2- 172.21.15.59:0/589827216 >> [v2:172.21.15.59:6800/1857243897,v1:172.21.15.59:6801/1857243897] conn(0x7fd3b8036830 0x7fd3b8038ce0 unknown :-1 s=BANNER_CONNECTING pgs=0 cs=0 l=1 rev1=0 crypto rx=0 tx=0 comp rx=0 tx=0)._handle_peer_banner_payload supported=3 required=0
2024-03-19T03:07:27.184 INFO:teuthology.orchestra.run.smithi059.stdout:/usr/bin/ceph: stderr
2024-03-19T03:07:26.408+0000 7fd3d47a6700 1 -- 172.21.15.59:0/589827216 --> [v2:172.21.15.59:3300/0,v1:172.21.15.59:6789/0] -- mon_command({"prefix": "get_command_descriptions"} v 0) v1 -- 0x7fd3cc05f5f0 con 0x7fd3cc077be0
2024-03-19T03:07:27.185 INFO:teuthology.orchestra.run.smithi059.stdout:/usr/bin/ceph: stderr
2024-03-19T03:07:26.409+0000 7fd3d1d41700 1 --2- 172.21.15.59:0/589827216 >> [v2:172.21.15.59:6800/1857243897,v1:172.21.15.59:6801/1857243897] conn(0x7fd3b8036830 0x7fd3b8038ce0 secure :-1 s=READY pgs=9 cs=0 l=1 rev1=1 crypto rx=0x7fd3bc009990 tx=0x7fd3bc006e40 comp rx=0 tx=0).ready entity=mgr.14162 client_cookie=0 server_cookie=0 in_seq=0 out_seq=0
2024-03-19T03:07:27.185 INFO:teuthology.orchestra.run.smithi059.stdout:/usr/bin/ceph: stderr
2024-03-19T03:07:26.416+0000 7fd3c2ffd700 1 -- 172.21.15.59:0/589827216 <== mon.0 v2:172.21.15.59:3300/0 6 ==== mon_command_ack([{"prefix": "get_command_descriptions"}]=0 v0) v1 ==== 72+0+175674 (secure 0 0 0) 0x7fd3c802b940 con 0x7fd3cc077be0
2024-03-19T03:07:27.185 INFO:teuthology.orchestra.run.smithi059.stdout:/usr/bin/ceph: stderr
2024-03-19T03:07:26.610+0000 7fd3d47a6700 1 -- 172.21.15.59:0/589827216 --> [v2:172.21.15.59:3300/0,v1:172.21.15.59:6789/0] -- mon_command({"prefix": "config get", "who": "mgr", "key": "mgr/dashboard/ssl_server_port"} v 0) v1 -- 0x7fd3cc04bed0 con 0x7fd3cc077be0
2024-03-19T03:07:27.185 INFO:teuthology.orchestra.run.smithi059.stdout:/usr/bin/ceph: stderr
2024-03-19T03:07:26.610+0000 7fd3c2ffd700 1 -- 172.21.15.59:0/589827216 <== mon.0 v2:172.21.15.59:3300/0 7 ==== mon_command_ack([{"prefix": "config get", "who": "mgr", "key": "mgr/dashboard/ssl_server_port"}]=0 v8) v1 ==== 112+0+5 (secure 0 0 0) 0x7fd3c802b2f0 con 0x7fd3cc077be0
2024-03-19T03:07:27.185 INFO:teuthology.orchestra.run.smithi059.stdout:/usr/bin/ceph: stderr
2024-03-19T03:07:26.612+0000 7fd3d47a6700 1 -- 172.21.15.59:0/589827216 >> [v2:172.21.15.59:6800/1857243897,v1:172.21.15.59:6801/1857243897] conn(0x7fd3b8036830 msgr2=0x7fd3b8038ce0 secure :-1 s=STATE_CONNECTION_ESTABLISHED l=1).mark_down
2024-03-19T03:07:27.185 INFO:teuthology.orchestra.run.smithi059.stdout:/usr/bin/ceph: stderr
2024-03-19T03:07:26.612+0000 7fd3d47a6700 1 --2- 172.21.15.59:0/589827216 >> [v2:172.21.15.59:6800/1857243897,v1:172.21.15.59:6801/1857243897] conn(0x7fd3b8036830 0x7fd3b8038ce0 secure :-1 s=READY pgs=9 cs=0 l=1 rev1=1 crypto rx=0x7fd3bc009990 tx=0x7fd3bc006e40 comp rx=0 tx=0).stop
2024-03-19T03:07:27.185 INFO:teuthology.orchestra.run.smithi059.stdout:/usr/bin/ceph: stderr
2024-03-19T03:07:26.612+0000 7fd3d47a6700 1 -- 172.21.15.59:0/589827216 >> [v2:172.21.15.59:3300/0,v1:172.21.15.59:6789/0] conn(0x7fd3cc077be0 msgr2=0x7fd3cc1137d0 secure :-1 s=STATE_CONNECTION_ESTABLISHED l=1).mark_down
2024-03-19T03:07:27.185 INFO:teuthology.orchestra.run.smithi059.stdout:/usr/bin/ceph: stderr
2024-03-19T03:07:26.612+0000 7fd3d47a6700 1 --2- 172.21.15.59:0/589827216 >> [v2:172.21.15.59:3300/0,v1:172.21.15.59:6789/0] conn(0x7fd3cc077be0 0x7fd3cc1137d0 secure :-1 s=READY pgs=85 cs=0 l=1 rev1=1 crypto rx=0x7fd3c80094c0 tx=0x7fd3c8009250 comp rx=0 tx=0).stop
2024-03-19T03:07:27.185 INFO:teuthology.orchestra.run.smithi059.stdout:/usr/bin/ceph: stderr
2024-03-19T03:07:26.612+0000 7fd3d47a6700 1 -- 172.21.15.59:0/589827216 shutdown_connections
2024-03-19T03:07:27.185 INFO:teuthology.orchestra.run.smithi059.stdout:/usr/bin/ceph: stderr
2024-03-19T03:07:26.612+0000 7fd3d47a6700 1 --2- 172.21.15.59:0/589827216 >> [v2:172.21.15.59:6800/1857243897,v1:172.21.15.59:6801/1857243897] conn(0x7fd3b8036830 0x7fd3b8038ce0 unknown :-1 s=CLOSED pgs=9 cs=0 l=1 rev1=1 crypto rx=0 tx=0 comp rx=0 tx=0).stop
2024-03-19T03:07:27.185 INFO:teuthology.orchestra.run.smithi059.stdout:/usr/bin/ceph: stderr
2024-03-19T03:07:26.612+0000 7fd3d47a6700 1 --2- 172.21.15.59:0/589827216 >> [v2:172.21.15.59:3300/0,v1:172.21.15.59:6789/0] conn(0x7fd3cc077be0 0x7fd3cc1137d0 unknown :-1 s=CLOSED pgs=85 cs=0 l=1 rev1=1 crypto rx=0 tx=0 comp rx=0 tx=0).stop
2024-03-19T03:07:27.185 INFO:teuthology.orchestra.run.smithi059.stdout:/usr/bin/ceph: stderr
2024-03-19T03:07:26.612+0000 7fd3d47a6700 1 -- 172.21.15.59:0/589827216 >> 172.21.15.59:0/589827216 conn(0x7fd3cc0fde70 msgr2=0x7fd3cc0fea80 unknown :-1 s=STATE_NONE l=0).mark_down
2024-03-19T03:07:27.185 INFO:teuthology.orchestra.run.smithi059.stdout:/usr/bin/ceph: stderr
2024-03-19T03:07:26.612+0000 7fd3d47a6700 1 -- 172.21.15.59:0/589827216 shutdown_connections
2024-03-19T03:07:27.185 INFO:teuthology.orchestra.run.smithi059.stdout:/usr/bin/ceph: stderr
2024-03-19T03:07:26.612+0000 7fd3d47a6700 1 -- 172.21.15.59:0/589827216 wait complete.
2024-03-19T03:07:27.189 INFO:teuthology.orchestra.run.smithi059.stdout:Non-zero exit code 1 from systemctl is-enabled firewalld.service
2024-03-19T03:07:27.189 INFO:teuthology.orchestra.run.smithi059.stdout:systemctl: stdout disabled
2024-03-19T03:07:27.196 INFO:teuthology.orchestra.run.smithi059.stdout:Non-zero exit code 3 from systemctl is-active firewalld.service
2024-03-19T03:07:27.196 INFO:teuthology.orchestra.run.smithi059.stdout:systemctl: stdout inactive
2024-03-19T03:07:27.196 INFO:teuthology.orchestra.run.smithi059.stdout:firewalld.service is not enabled
2024-03-19T03:07:27.196 INFO:teuthology.orchestra.run.smithi059.stdout:Not possible to open ports <[8443]>. firewalld.service is not available
2024-03-19T03:07:27.198 INFO:teuthology.orchestra.run.smithi059.stdout:Ceph Dashboard is now available at:
2024-03-19T03:07:27.198 INFO:teuthology.orchestra.run.smithi059.stdout:
2024-03-19T03:07:27.198 INFO:teuthology.orchestra.run.smithi059.stdout: URL: https://smithi059.front.sepia.ceph.com:8443/
2024-03-19T03:07:27.198 INFO:teuthology.orchestra.run.smithi059.stdout: User: admin
2024-03-19T03:07:27.199 INFO:teuthology.orchestra.run.smithi059.stdout: Password: 704a0l3u8y
2024-03-19T03:07:27.199 INFO:teuthology.orchestra.run.smithi059.stdout:
2024-03-19T03:07:27.199 INFO:teuthology.orchestra.run.smithi059.stdout:Saving cluster configuration to /var/lib/ceph/8c8ae530-e59d-11ee-95c9-87774f69a715/config directory
2024-03-19T03:07:27.199 INFO:teuthology.orchestra.run.smithi059.stdout:Enabling autotune for osd_memory_target
2024-03-19T03:07:28.089 INFO:journalctl@ceph.mon.smithi059.smithi059.stdout:Mar 19 03:07:28 smithi059 ceph-mon[29133]: mgrmap e13: smithi059.azpecc(active, since 6s)
