2024-03-19T03:06:48.323+0000 7f08767fc700 1 -- 172.21.15.59:0/2405486810 >> [v2:172.21.15.59:6800/3609017287,v1:172.21.15.59:6801/3609017287] conn(0x7f08600367e0 msgr2=0x7f0860038c90 unknown :-1 s=STATE_CONNECTING_RE l=1).process reconnect failed to v2:172.21.15.59:6800/3609017287
2024-03-19T03:06:51.335 INFO:teuthology.orchestra.run.smithi059.stdout:/usr/bin/ceph: stderr
2024-03-19T03:06:48.323+0000 7f08767fc700 1 --2- 172.21.15.59:0/2405486810 >> [v2:172.21.15.59:6800/3609017287,v1:172.21.15.59:6801/3609017287] conn(0x7f08600367e0 0x7f0860038c90 unknown :-1 s=START_CONNECT pgs=0 cs=0 l=1 rev1=0 crypto rx=0 tx=0 comp rx=0 tx=0)._fault waiting 3.200000
2024-03-19T03:06:51.335 INFO:teuthology.orchestra.run.smithi059.stdout:/usr/bin/ceph: stderr
2024-03-19T03:06:49.797+0000 7f085f7fe700 1 -- 172.21.15.59:0/2405486810 <== mon.0 v2:172.21.15.59:3300/0 6 ==== mgrmap(e 6) v1 ==== 43135+0+0 (secure 0 0 0) 0x7f086c02e790 con 0x7f0878076c30
2024-03-19T03:06:51.335 INFO:teuthology.orchestra.run.smithi059.stdout:/usr/bin/ceph: stderr
2024-03-19T03:06:49.797+0000 7f085f7fe700 1 -- 172.21.15.59:0/2405486810 >> [v2:172.21.15.59:6800/3609017287,v1:172.21.15.59:6801/3609017287] conn(0x7f08600367e0 msgr2=0x7f0860038c90 unknown :-1 s=STATE_CONNECTING l=1).mark_down
2024-03-19T03:06:51.335 INFO:teuthology.orchestra.run.smithi059.stdout:/usr/bin/ceph: stderr
2024-03-19T03:06:49.797+0000 7f085f7fe700 1 --2- 172.21.15.59:0/2405486810 >> [v2:172.21.15.59:6800/3609017287,v1:172.21.15.59:6801/3609017287] conn(0x7f08600367e0 0x7f0860038c90 unknown :-1 s=START_CONNECT pgs=0 cs=0 l=1 rev1=0 crypto rx=0 tx=0 comp rx=0 tx=0).stop
2024-03-19T03:06:51.335 INFO:teuthology.orchestra.run.smithi059.stdout:/usr/bin/ceph: stderr
2024-03-19T03:06:50.797+0000 7f085f7fe700 1 -- 172.21.15.59:0/2405486810 <== mon.0 v2:172.21.15.59:3300/0 7 ==== mgrmap(e 7) v1 ==== 43262+0+0 (secure 0 0 0) 0x7f086c0243f0 con 0x7f0878076c30
2024-03-19T03:06:51.335 INFO:teuthology.orchestra.run.smithi059.stdout:/usr/bin/ceph: stderr
2024-03-19T03:06:50.798+0000 7f085f7fe700 1 --2- 172.21.15.59:0/2405486810 >> [v2:172.21.15.59:6800/1573642037,v1:172.21.15.59:6801/1573642037] conn(0x7f0860039f50 0x7f086003c330 unknown :-1 s=NONE pgs=0 cs=0 l=1 rev1=0 crypto rx=0 tx=0 comp rx=0 tx=0).connect
2024-03-19T03:06:51.335 INFO:teuthology.orchestra.run.smithi059.stdout:/usr/bin/ceph: stderr
2024-03-19T03:06:50.798+0000 7f085f7fe700 1 -- 172.21.15.59:0/2405486810 --> [v2:172.21.15.59:6800/1573642037,v1:172.21.15.59:6801/1573642037] -- command(tid 0: {"prefix": "get_command_descriptions"}) v1 -- 0x7f087804bed0 con 0x7f0860039f50
2024-03-19T03:06:51.335 INFO:teuthology.orchestra.run.smithi059.stdout:/usr/bin/ceph: stderr
2024-03-19T03:06:50.798+0000 7f08767fc700 1 --2- 172.21.15.59:0/2405486810 >> [v2:172.21.15.59:6800/1573642037,v1:172.21.15.59:6801/1573642037] conn(0x7f0860039f50 0x7f086003c330 unknown :-1 s=BANNER_CONNECTING pgs=0 cs=0 l=1 rev1=0 crypto rx=0 tx=0 comp rx=0 tx=0)._handle_peer_banner_payload supported=3 required=0
2024-03-19T03:06:51.335 INFO:teuthology.orchestra.run.smithi059.stdout:/usr/bin/ceph: stderr
2024-03-19T03:06:50.799+0000 7f08767fc700 1 --2- 172.21.15.59:0/2405486810 >> [v2:172.21.15.59:6800/1573642037,v1:172.21.15.59:6801/1573642037] conn(0x7f0860039f50 0x7f086003c330 secure :-1 s=READY pgs=2 cs=0 l=1 rev1=1 crypto rx=0x7f08680039d0 tx=0x7f0868009350 comp rx=0 tx=0).ready entity=mgr.14120 client_cookie=0 server_cookie=0 in_seq=0 out_seq=0
2024-03-19T03:06:51.335 INFO:teuthology.orchestra.run.smithi059.stdout:/usr/bin/ceph: stderr
2024-03-19T03:06:50.799+0000 7f085f7fe700 1 -- 172.21.15.59:0/2405486810 <== mgr.14120 v2:172.21.15.59:6800/1573642037 1 ==== command_reply(tid 0: 0 ) v1 ==== 8+0+6549 (secure 0 0 0) 0x7f087804bed0 con 0x7f0860039f50
2024-03-19T03:06:51.335 INFO:teuthology.orchestra.run.smithi059.stdout:/usr/bin/ceph: stderr
2024-03-19T03:06:50.805+0000 7f087d26f700 1 -- 172.21.15.59:0/2405486810 --> [v2:172.21.15.59:6800/1573642037,v1:172.21.15.59:6801/1573642037] -- command(tid 1: {"prefix": "mgr_status"}) v1 -- 0x7f0878106750 con 0x7f0860039f50
2024-03-19T03:06:51.335 INFO:teuthology.orchestra.run.smithi059.stdout:/usr/bin/ceph: stderr
2024-03-19T03:06:50.805+0000 7f085f7fe700 1 -- 172.21.15.59:0/2405486810 <== mgr.14120 v2:172.21.15.59:6800/1573642037 2 ==== command_reply(tid 1: 0 ) v1 ==== 8+0+51 (secure 0 0 0) 0x7f0878106750 con 0x7f0860039f50
2024-03-19T03:06:51.335 INFO:teuthology.orchestra.run.smithi059.stdout:/usr/bin/ceph: stderr
2024-03-19T03:06:50.806+0000 7f087d26f700 1 -- 172.21.15.59:0/2405486810 >> [v2:172.21.15.59:6800/1573642037,v1:172.21.15.59:6801/1573642037] conn(0x7f0860039f50 msgr2=0x7f086003c330 secure :-1 s=STATE_CONNECTION_ESTABLISHED l=1).mark_down
2024-03-19T03:06:51.336 INFO:teuthology.orchestra.run.smithi059.stdout:/usr/bin/ceph: stderr
2024-03-19T03:06:50.806+0000 7f087d26f700 1 --2- 172.21.15.59:0/2405486810 >> [v2:172.21.15.59:6800/1573642037,v1:172.21.15.59:6801/1573642037] conn(0x7f0860039f50 0x7f086003c330 secure :-1 s=READY pgs=2 cs=0 l=1 rev1=1 crypto rx=0x7f08680039d0 tx=0x7f0868009350 comp rx=0 tx=0).stop
2024-03-19T03:06:51.336 INFO:teuthology.orchestra.run.smithi059.stdout:/usr/bin/ceph: stderr
2024-03-19T03:06:50.806+0000 7f087d26f700 1 -- 172.21.15.59:0/2405486810 >> [v2:172.21.15.59:3300/0,v1:172.21.15.59:6789/0] conn(0x7f0878076c30 msgr2=0x7f0878102c10 secure :-1 s=STATE_CONNECTION_ESTABLISHED l=1).mark_down
2024-03-19T03:06:51.336 INFO:teuthology.orchestra.run.smithi059.stdout:/usr/bin/ceph: stderr
2024-03-19T03:06:50.806+0000 7f087d26f700 1 --2- 172.21.15.59:0/2405486810 >> [v2:172.21.15.59:3300/0,v1:172.21.15.59:6789/0] conn(0x7f0878076c30 0x7f0878102c10 secure :-1 s=READY pgs=29 cs=0 l=1 rev1=1 crypto rx=0x7f086c003050 tx=0x7f086c009250 comp rx=0 tx=0).stop
2024-03-19T03:06:51.336 INFO:teuthology.orchestra.run.smithi059.stdout:/usr/bin/ceph: stderr
2024-03-19T03:06:50.806+0000 7f087d26f700 1 -- 172.21.15.59:0/2405486810 shutdown_connections
2024-03-19T03:06:51.336 INFO:teuthology.orchestra.run.smithi059.stdout:/usr/bin/ceph: stderr
2024-03-19T03:06:50.806+0000 7f087d26f700 1 --2- 172.21.15.59:0/2405486810 >> [v2:172.21.15.59:6800/1573642037,v1:172.21.15.59:6801/1573642037] conn(0x7f0860039f50 0x7f086003c330 unknown :-1 s=CLOSED pgs=2 cs=0 l=1 rev1=1 crypto rx=0 tx=0 comp rx=0 tx=0).stop
2024-03-19T03:06:51.336 INFO:teuthology.orchestra.run.smithi059.stdout:/usr/bin/ceph: stderr
2024-03-19T03:06:50.806+0000 7f087d26f700 1 --2- 172.21.15.59:0/2405486810 >> [v2:172.21.15.59:3300/0,v1:172.21.15.59:6789/0] conn(0x7f0878076c30 0x7f0878102c10 unknown :-1 s=CLOSED pgs=29 cs=0 l=1 rev1=1 crypto rx=0 tx=0 comp rx=0 tx=0).stop
2024-03-19T03:06:51.336 INFO:teuthology.orchestra.run.smithi059.stdout:/usr/bin/ceph: stderr
2024-03-19T03:06:50.806+0000 7f087d26f700 1 --2- 172.21.15.59:0/2405486810 >> [v2:172.21.15.59:6800/3609017287,v1:172.21.15.59:6801/3609017287] conn(0x7f08600367e0 0x7f0860038c90 unknown :-1 s=CLOSED pgs=0 cs=0 l=1 rev1=0 crypto rx=0 tx=0 comp rx=0 tx=0).stop
2024-03-19T03:06:51.336 INFO:teuthology.orchestra.run.smithi059.stdout:/usr/bin/ceph: stderr
2024-03-19T03:06:50.806+0000 7f087d26f700 1 -- 172.21.15.59:0/2405486810 >> 172.21.15.59:0/2405486810 conn(0x7f08780fcd50 msgr2=0x7f08780fd8f0 unknown :-1 s=STATE_NONE l=0).mark_down
2024-03-19T03:06:51.336 INFO:teuthology.orchestra.run.smithi059.stdout:/usr/bin/ceph: stderr
2024-03-19T03:06:50.806+0000 7f087d26f700 1 -- 172.21.15.59:0/2405486810 shutdown_connections
2024-03-19T03:06:51.336 INFO:teuthology.orchestra.run.smithi059.stdout:/usr/bin/ceph: stderr
2024-03-19T03:06:50.806+0000 7f087d26f700 1 -- 172.21.15.59:0/2405486810 wait complete.
2024-03-19T03:06:51.336 INFO:teuthology.orchestra.run.smithi059.stdout:mgr epoch 5 is available
2024-03-19T03:06:51.336 INFO:teuthology.orchestra.run.smithi059.stdout:Setting orchestrator backend to cephadm...
2024-03-19T03:06:51.983 INFO:journalctl@ceph.mon.smithi059.smithi059.stdout:Mar 19 03:06:51 smithi059 ceph-mon[29133]: from='client.14124 -' entity='client.admin' cmd=[{"prefix": "get_command_descriptions"}]: dispatch
2024-03-19T03:06:51.983 INFO:journalctl@ceph.mon.smithi059.smithi059.stdout:Mar 19 03:06:51 smithi059 ceph-mon[29133]: from='client.14124 -' entity='client.admin' cmd=[{"prefix": "mgr_status"}]: dispatch
2024-03-19T03:06:52.545 INFO:teuthology.orchestra.run.smithi059.stdout:/usr/bin/ceph: stderr
2024-03-19T03:06:51.745+0000 7f529cc5b700 1 Processor -- start
2024-03-19T03:06:52.545 INFO:teuthology.orchestra.run.smithi059.stdout:/usr/bin/ceph: stderr
2024-03-19T03:06:51.745+0000 7f529cc5b700 1 -- start start
2024-03-19T03:06:52.545 INFO:teuthology.orchestra.run.smithi059.stdout:/usr/bin/ceph: stderr
2024-03-19T03:06:51.745+0000 7f529cc5b700 1 --2- >> [v2:172.21.15.59:3300/0,v1:172.21.15.59:6789/0] conn(0x7f5298102740 0x7f5298102b50 unknown :-1 s=NONE pgs=0 cs=0 l=0 rev1=0 crypto rx=0 tx=0 comp rx=0 tx=0).connect
2024-03-19T03:06:52.545 INFO:teuthology.orchestra.run.smithi059.stdout:/usr/bin/ceph: stderr
2024-03-19T03:06:51.745+0000 7f529cc5b700 1 -- --> [v2:172.21.15.59:3300/0,v1:172.21.15.59:6789/0] -- mon_getmap magic: 0 v1 -- 0x7f5298103090 con 0x7f5298102740
2024-03-19T03:06:52.545 INFO:teuthology.orchestra.run.smithi059.stdout:/usr/bin/ceph: stderr
2024-03-19T03:06:51.745+0000 7f529659c700 1 --2- >> [v2:172.21.15.59:3300/0,v1:172.21.15.59:6789/0] conn(0x7f5298102740 0x7f5298102b50 unknown :-1 s=BANNER_CONNECTING pgs=0 cs=0 l=0 rev1=0 crypto rx=0 tx=0 comp rx=0 tx=0)._handle_peer_banner_payload supported=3 required=0
2024-03-19T03:06:52.546 INFO:teuthology.orchestra.run.smithi059.stdout:/usr/bin/ceph: stderr
2024-03-19T03:06:51.745+0000 7f529659c700 1 --2- >> [v2:172.21.15.59:3300/0,v1:172.21.15.59:6789/0] conn(0x7f5298102740 0x7f5298102b50 unknown :-1 s=HELLO_CONNECTING pgs=0 cs=0 l=0 rev1=1 crypto rx=0 tx=0 comp rx=0 tx=0).handle_hello peer v2:172.21.15.59:3300/0 says I am v2:172.21.15.59:48860/0 (socket says 172.21.15.59:48860)
2024-03-19T03:06:52.546 INFO:teuthology.orchestra.run.smithi059.stdout:/usr/bin/ceph: stderr
2024-03-19T03:06:51.745+0000 7f529659c700 1 -- 172.21.15.59:0/2605832340 learned_addr learned my addr 172.21.15.59:0/2605832340 (peer_addr_for_me v2:172.21.15.59:0/0)
2024-03-19T03:06:52.546 INFO:teuthology.orchestra.run.smithi059.stdout:/usr/bin/ceph: stderr
2024-03-19T03:06:51.745+0000 7f529659c700 1 -- 172.21.15.59:0/2605832340 --> [v2:172.21.15.59:3300/0,v1:172.21.15.59:6789/0] -- mon_subscribe({config=0+,monmap=0+}) v3 -- 0x7f52981031d0 con 0x7f5298102740
2024-03-19T03:06:52.546 INFO:teuthology.orchestra.run.smithi059.stdout:/usr/bin/ceph: stderr
2024-03-19T03:06:51.746+0000 7f529659c700 1 --2- 172.21.15.59:0/2605832340 >> [v2:172.21.15.59:3300/0,v1:172.21.15.59:6789/0] conn(0x7f5298102740 0x7f5298102b50 secure :-1 s=READY pgs=37 cs=0 l=1 rev1=1 crypto rx=0x7f52880098e0 tx=0x7f5288009250 comp rx=0 tx=0).ready entity=mon.0 client_cookie=c252d3398e0ad2f0 server_cookie=0 in_seq=0 out_seq=0
2024-03-19T03:06:52.546 INFO:teuthology.orchestra.run.smithi059.stdout:/usr/bin/ceph: stderr
2024-03-19T03:06:51.746+0000 7f529559a700 1 -- 172.21.15.59:0/2605832340 <== mon.0 v2:172.21.15.59:3300/0 1 ==== mon_map magic: 0 v1 ==== 229+0+0 (secure 0 0 0) 0x7f528800b860 con 0x7f5298102740
2024-03-19T03:06:52.546 INFO:teuthology.orchestra.run.smithi059.stdout:/usr/bin/ceph: stderr
2024-03-19T03:06:51.746+0000 7f529559a700 1 -- 172.21.15.59:0/2605832340 <== mon.0 v2:172.21.15.59:3300/0 2 ==== config(27 keys) v1 ==== 1044+0+0 (secure 0 0 0) 0x7f528800be50 con 0x7f5298102740
2024-03-19T03:06:52.546 INFO:teuthology.orchestra.run.smithi059.stdout:/usr/bin/ceph: stderr
2024-03-19T03:06:51.746+0000 7f529559a700 1 -- 172.21.15.59:0/2605832340 <== mon.0 v2:172.21.15.59:3300/0 3 ==== mon_map magic: 0 v1 ==== 229+0+0 (secure 0 0 0) 0x7f5288010380 con 0x7f5298102740
2024-03-19T03:06:52.546 INFO:teuthology.orchestra.run.smithi059.stdout:/usr/bin/ceph: stderr
2024-03-19T03:06:51.746+0000 7f529cc5b700 1 -- 172.21.15.59:0/2605832340 >> [v2:172.21.15.59:3300/0,v1:172.21.15.59:6789/0] conn(0x7f5298102740 msgr2=0x7f5298102b50 secure :-1 s=STATE_CONNECTION_ESTABLISHED l=1).mark_down
2024-03-19T03:06:52.546 INFO:teuthology.orchestra.run.smithi059.stdout:/usr/bin/ceph: stderr
2024-03-19T03:06:51.746+0000 7f529cc5b700 1 --2- 172.21.15.59:0/2605832340 >> [v2:172.21.15.59:3300/0,v1:172.21.15.59:6789/0] conn(0x7f5298102740 0x7f5298102b50 secure :-1 s=READY pgs=37 cs=0 l=1 rev1=1 crypto rx=0x7f52880098e0 tx=0x7f5288009250 comp rx=0 tx=0).stop
2024-03-19T03:06:52.546 INFO:teuthology.orchestra.run.smithi059.stdout:/usr/bin/ceph: stderr
2024-03-19T03:06:51.747+0000 7f529cc5b700 1 -- 172.21.15.59:0/2605832340 shutdown_connections
2024-03-19T03:06:52.546 INFO:teuthology.orchestra.run.smithi059.stdout:/usr/bin/ceph: stderr
2024-03-19T03:06:51.747+0000 7f529cc5b700 1 --2- 172.21.15.59:0/2605832340 >> [v2:172.21.15.59:3300/0,v1:172.21.15.59:6789/0] conn(0x7f5298102740 0x7f5298102b50 unknown :-1 s=CLOSED pgs=37 cs=0 l=1 rev1=1 crypto rx=0 tx=0 comp rx=0 tx=0).stop
2024-03-19T03:06:52.546 INFO:teuthology.orchestra.run.smithi059.stdout:/usr/bin/ceph: stderr
2024-03-19T03:06:51.747+0000 7f529cc5b700 1 -- 172.21.15.59:0/2605832340 >> 172.21.15.59:0/2605832340 conn(0x7f52980fdea0 msgr2=0x7f52981002d0 unknown :-1 s=STATE_NONE l=0).mark_down
2024-03-19T03:06:52.546 INFO:teuthology.orchestra.run.smithi059.stdout:/usr/bin/ceph: stderr
2024-03-19T03:06:51.747+0000 7f529cc5b700 1 -- 172.21.15.59:0/2605832340 shutdown_connections
2024-03-19T03:06:52.546 INFO:teuthology.orchestra.run.smithi059.stdout:/usr/bin/ceph: stderr
2024-03-19T03:06:51.747+0000 7f529cc5b700 1 -- 172.21.15.59:0/2605832340 wait complete.
2024-03-19T03:06:52.547 INFO:teuthology.orchestra.run.smithi059.stdout:/usr/bin/ceph: stderr
2024-03-19T03:06:51.747+0000 7f529cc5b700 1 Processor -- start
2024-03-19T03:06:52.547 INFO:teuthology.orchestra.run.smithi059.stdout:/usr/bin/ceph: stderr
2024-03-19T03:06:51.747+0000 7f529cc5b700 1 -- start start
2024-03-19T03:06:52.547 INFO:teuthology.orchestra.run.smithi059.stdout:/usr/bin/ceph: stderr
2024-03-19T03:06:51.747+0000 7f529cc5b700 1 --2- >> [v2:172.21.15.59:3300/0,v1:172.21.15.59:6789/0] conn(0x7f5298102740 0x7f52981115b0 unknown :-1 s=NONE pgs=0 cs=0 l=1 rev1=0 crypto rx=0 tx=0 comp rx=0 tx=0).connect
2024-03-19T03:06:52.547 INFO:teuthology.orchestra.run.smithi059.stdout:/usr/bin/ceph: stderr
2024-03-19T03:06:51.747+0000 7f529cc5b700 1 -- --> [v2:172.21.15.59:3300/0,v1:172.21.15.59:6789/0] -- mon_getmap magic: 0 v1 -- 0x7f5298111af0 con 0x7f5298102740
2024-03-19T03:06:52.547 INFO:teuthology.orchestra.run.smithi059.stdout:/usr/bin/ceph: stderr
2024-03-19T03:06:51.747+0000 7f529659c700 1 --2- >> [v2:172.21.15.59:3300/0,v1:172.21.15.59:6789/0] conn(0x7f5298102740 0x7f52981115b0 unknown :-1 s=BANNER_CONNECTING pgs=0 cs=0 l=1 rev1=0 crypto rx=0 tx=0 comp rx=0 tx=0)._handle_peer_banner_payload supported=3 required=0
2024-03-19T03:06:52.547 INFO:teuthology.orchestra.run.smithi059.stdout:/usr/bin/ceph: stderr
2024-03-19T03:06:51.747+0000 7f529659c700 1 --2- >> [v2:172.21.15.59:3300/0,v1:172.21.15.59:6789/0] conn(0x7f5298102740 0x7f52981115b0 unknown :-1 s=HELLO_CONNECTING pgs=0 cs=0 l=1 rev1=1 crypto rx=0 tx=0 comp rx=0 tx=0).handle_hello peer v2:172.21.15.59:3300/0 says I am v2:172.21.15.59:48872/0 (socket says 172.21.15.59:48872)
2024-03-19T03:06:52.547 INFO:teuthology.orchestra.run.smithi059.stdout:/usr/bin/ceph: stderr
2024-03-19T03:06:51.747+0000 7f529659c700 1 -- 172.21.15.59:0/1160239958 learned_addr learned my addr 172.21.15.59:0/1160239958 (peer_addr_for_me v2:172.21.15.59:0/0)
2024-03-19T03:06:52.547 INFO:teuthology.orchestra.run.smithi059.stdout:/usr/bin/ceph: stderr
2024-03-19T03:06:51.748+0000 7f529659c700 1 -- 172.21.15.59:0/1160239958 --> [v2:172.21.15.59:3300/0,v1:172.21.15.59:6789/0] -- mon_subscribe({config=0+,monmap=0+}) v3 -- 0x7f52880094f0 con 0x7f5298102740
2024-03-19T03:06:52.547 INFO:teuthology.orchestra.run.smithi059.stdout:/usr/bin/ceph: stderr
2024-03-19T03:06:51.748+0000 7f529659c700 1 --2- 172.21.15.59:0/1160239958 >> [v2:172.21.15.59:3300/0,v1:172.21.15.59:6789/0] conn(0x7f5298102740 0x7f52981115b0 secure :-1 s=READY pgs=38 cs=0 l=1 rev1=1 crypto rx=0x7f528800ba90 tx=0x7f5288009250 comp rx=0 tx=0).ready entity=mon.0 client_cookie=0 server_cookie=0 in_seq=0 out_seq=0
2024-03-19T03:06:52.547 INFO:teuthology.orchestra.run.smithi059.stdout:/usr/bin/ceph: stderr
2024-03-19T03:06:51.748+0000 7f5286ffd700 1 -- 172.21.15.59:0/1160239958 <== mon.0 v2:172.21.15.59:3300/0 1 ==== mon_map magic: 0 v1 ==== 229+0+0 (secure 0 0 0) 0x7f52880107c0 con 0x7f5298102740
2024-03-19T03:06:52.547 INFO:teuthology.orchestra.run.smithi059.stdout:/usr/bin/ceph: stderr
2024-03-19T03:06:51.748+0000 7f5286ffd700 1 -- 172.21.15.59:0/1160239958 <== mon.0 v2:172.21.15.59:3300/0 2 ==== config(27 keys) v1 ==== 1044+0+0 (secure 0 0 0) 0x7f5288010db0 con 0x7f5298102740
2024-03-19T03:06:52.547 INFO:teuthology.orchestra.run.smithi059.stdout:/usr/bin/ceph: stderr
2024-03-19T03:06:51.748+0000 7f529cc5b700 1 -- 172.21.15.59:0/1160239958 --> [v2:172.21.15.59:3300/0,v1:172.21.15.59:6789/0] -- mon_subscribe({mgrmap=0+}) v3 -- 0x7f5298111cf0 con 0x7f5298102740
2024-03-19T03:06:52.547 INFO:teuthology.orchestra.run.smithi059.stdout:/usr/bin/ceph: stderr
2024-03-19T03:06:51.748+0000 7f5286ffd700 1 -- 172.21.15.59:0/1160239958 <== mon.0 v2:172.21.15.59:3300/0 3 ==== mon_map magic: 0 v1 ==== 229+0+0 (secure 0 0 0) 0x7f528801add0 con 0x7f5298102740
2024-03-19T03:06:52.547 INFO:teuthology.orchestra.run.smithi059.stdout:/usr/bin/ceph: stderr
2024-03-19T03:06:51.748+0000 7f529cc5b700 1 -- 172.21.15.59:0/1160239958 --> [v2:172.21.15.59:3300/0,v1:172.21.15.59:6789/0] -- mon_subscribe({osdmap=0}) v3 -- 0x7f5298112860 con 0x7f5298102740
2024-03-19T03:06:52.548 INFO:teuthology.orchestra.run.smithi059.stdout:/usr/bin/ceph: stderr
2024-03-19T03:06:51.749+0000 7f5286ffd700 1 -- 172.21.15.59:0/1160239958 <== mon.0 v2:172.21.15.59:3300/0 4 ==== mgrmap(e 7) v1 ==== 43262+0+0 (secure 0 0 0) 0x7f528802e440 con 0x7f5298102740
2024-03-19T03:06:52.548 INFO:teuthology.orchestra.run.smithi059.stdout:/usr/bin/ceph: stderr
2024-03-19T03:06:51.749+0000 7f5286ffd700 1 --2- 172.21.15.59:0/1160239958 >> [v2:172.21.15.59:6800/1573642037,v1:172.21.15.59:6801/1573642037] conn(0x7f5280036660 0x7f5280038b10 unknown :-1 s=NONE pgs=0 cs=0 l=1 rev1=0 crypto rx=0 tx=0 comp rx=0 tx=0).connect
2024-03-19T03:06:52.548 INFO:teuthology.orchestra.run.smithi059.stdout:/usr/bin/ceph: stderr
2024-03-19T03:06:51.749+0000 7f5286ffd700 1 -- 172.21.15.59:0/1160239958 <== mon.0 v2:172.21.15.59:3300/0 5 ==== osd_map(2..2 src has 1..2) v4 ==== 936+0+0 (secure 0 0 0) 0x7f528804a5c0 con 0x7f5298102740
2024-03-19T03:06:52.548 INFO:teuthology.orchestra.run.smithi059.stdout:/usr/bin/ceph: stderr
2024-03-19T03:06:51.749+0000 7f5295d9b700 1 --2- 172.21.15.59:0/1160239958 >> [v2:172.21.15.59:6800/1573642037,v1:172.21.15.59:6801/1573642037] conn(0x7f5280036660 0x7f5280038b10 unknown :-1 s=BANNER_CONNECTING pgs=0 cs=0 l=1 rev1=0 crypto rx=0 tx=0 comp rx=0 tx=0)._handle_peer_banner_payload supported=3 required=0
2024-03-19T03:06:52.548 INFO:teuthology.orchestra.run.smithi059.stdout:/usr/bin/ceph: stderr
2024-03-19T03:06:51.749+0000 7f529cc5b700 1 -- 172.21.15.59:0/1160239958 --> [v2:172.21.15.59:3300/0,v1:172.21.15.59:6789/0] -- mon_command({"prefix": "get_command_descriptions"} v 0) v1 -- 0x7f529805f5f0 con 0x7f5298102740
2024-03-19T03:06:52.548 INFO:teuthology.orchestra.run.smithi059.stdout:/usr/bin/ceph: stderr
2024-03-19T03:06:51.750+0000 7f5295d9b700 1 --2- 172.21.15.59:0/1160239958 >> [v2:172.21.15.59:6800/1573642037,v1:172.21.15.59:6801/1573642037] conn(0x7f5280036660 0x7f5280038b10 secure :-1 s=READY pgs=7 cs=0 l=1 rev1=1 crypto rx=0x7f528c009990 tx=0x7f528c006e40 comp rx=0 tx=0).ready entity=mgr.14120 client_cookie=0 server_cookie=0 in_seq=0 out_seq=0
2024-03-19T03:06:52.548 INFO:teuthology.orchestra.run.smithi059.stdout:/usr/bin/ceph: stderr
2024-03-19T03:06:51.754+0000 7f5286ffd700 1 -- 172.21.15.59:0/1160239958 <== mon.0 v2:172.21.15.59:3300/0 6 ==== mon_command_ack([{"prefix": "get_command_descriptions"}]=0 v0) v1 ==== 72+0+175674 (secure 0 0 0) 0x7f5288023b40 con 0x7f5298102740
2024-03-19T03:06:52.548 INFO:teuthology.orchestra.run.smithi059.stdout:/usr/bin/ceph: stderr
2024-03-19T03:06:51.849+0000 7f5286ffd700 1 -- 172.21.15.59:0/1160239958 <== mon.0 v2:172.21.15.59:3300/0 7 ==== mgrmap(e 8) v1 ==== 43368+0+0 (secure 0 0 0) 0x7f528802e790 con 0x7f5298102740
2024-03-19T03:06:52.548 INFO:teuthology.orchestra.run.smithi059.stdout:/usr/bin/ceph: stderr
2024-03-19T03:06:51.960+0000 7f529cc5b700 1 -- 172.21.15.59:0/1160239958 --> [v2:172.21.15.59:6800/1573642037,v1:172.21.15.59:6801/1573642037] -- mgr_command(tid 0: {"prefix": "orch set backend", "module_name": "cephadm", "target": ["mon-mgr", ""]}) v1 -- 0x7f52980ff120 con 0x7f5280036660
2024-03-19T03:06:52.548 INFO:teuthology.orchestra.run.smithi059.stdout:/usr/bin/ceph: stderr
2024-03-19T03:06:51.969+0000 7f5286ffd700 1 -- 172.21.15.59:0/1160239958 <== mgr.14120 v2:172.21.15.59:6800/1573642037 1 ==== mgr_command_reply(tid 0: 0 ) v1 ==== 8+0+0 (secure 0 0 0) 0x7f52980ff120 con 0x7f5280036660
2024-03-19T03:06:52.548 INFO:teuthology.orchestra.run.smithi059.stdout:/usr/bin/ceph: stderr
2024-03-19T03:06:51.971+0000 7f529cc5b700 1 -- 172.21.15.59:0/1160239958 >> [v2:172.21.15.59:6800/1573642037,v1:172.21.15.59:6801/1573642037] conn(0x7f5280036660 msgr2=0x7f5280038b10 secure :-1 s=STATE_CONNECTION_ESTABLISHED l=1).mark_down
2024-03-19T03:06:52.548 INFO:teuthology.orchestra.run.smithi059.stdout:/usr/bin/ceph: stderr
2024-03-19T03:06:51.971+0000 7f529cc5b700 1 --2- 172.21.15.59:0/1160239958 >> [v2:172.21.15.59:6800/1573642037,v1:172.21.15.59:6801/1573642037] conn(0x7f5280036660 0x7f5280038b10 secure :-1 s=READY pgs=7 cs=0 l=1 rev1=1 crypto rx=0x7f528c009990 tx=0x7f528c006e40 comp rx=0 tx=0).stop
2024-03-19T03:06:52.548 INFO:teuthology.orchestra.run.smithi059.stdout:/usr/bin/ceph: stderr
2024-03-19T03:06:51.971+0000 7f529cc5b700 1 -- 172.21.15.59:0/1160239958 >> [v2:172.21.15.59:3300/0,v1:172.21.15.59:6789/0] conn(0x7f5298102740 msgr2=0x7f52981115b0 secure :-1 s=STATE_CONNECTION_ESTABLISHED l=1).mark_down
2024-03-19T03:06:52.549 INFO:teuthology.orchestra.run.smithi059.stdout:/usr/bin/ceph: stderr
2024-03-19T03:06:51.971+0000 7f529cc5b700 1 --2- 172.21.15.59:0/1160239958 >> [v2:172.21.15.59:3300/0,v1:172.21.15.59:6789/0] conn(0x7f5298102740 0x7f52981115b0 secure :-1 s=READY pgs=38 cs=0 l=1 rev1=1 crypto rx=0x7f528800ba90 tx=0x7f5288009250 comp rx=0 tx=0).stop
2024-03-19T03:06:52.549 INFO:teuthology.orchestra.run.smithi059.stdout:/usr/bin/ceph: stderr
2024-03-19T03:06:51.971+0000 7f529cc5b700 1 -- 172.21.15.59:0/1160239958 shutdown_connections
2024-03-19T03:06:52.549 INFO:teuthology.orchestra.run.smithi059.stdout:/usr/bin/ceph: stderr
2024-03-19T03:06:51.971+0000 7f529cc5b700 1 --2- 172.21.15.59:0/1160239958 >> [v2:172.21.15.59:6800/1573642037,v1:172.21.15.59:6801/1573642037] conn(0x7f5280036660 0x7f5280038b10 unknown :-1 s=CLOSED pgs=7 cs=0 l=1 rev1=1 crypto rx=0 tx=0 comp rx=0 tx=0).stop
2024-03-19T03:06:52.549 INFO:teuthology.orchestra.run.smithi059.stdout:/usr/bin/ceph: stderr
2024-03-19T03:06:51.971+0000 7f529cc5b700 1 --2- 172.21.15.59:0/1160239958 >> [v2:172.21.15.59:3300/0,v1:172.21.15.59:6789/0] conn(0x7f5298102740 0x7f52981115b0 unknown :-1 s=CLOSED pgs=38 cs=0 l=1 rev1=1 crypto rx=0 tx=0 comp rx=0 tx=0).stop
2024-03-19T03:06:52.549 INFO:teuthology.orchestra.run.smithi059.stdout:/usr/bin/ceph: stderr
2024-03-19T03:06:51.971+0000 7f529cc5b700 1 -- 172.21.15.59:0/1160239958 >> 172.21.15.59:0/1160239958 conn(0x7f52980fdea0 msgr2=0x7f52980fea10 unknown :-1 s=STATE_NONE l=0).mark_down
2024-03-19T03:06:52.549 INFO:teuthology.orchestra.run.smithi059.stdout:/usr/bin/ceph: stderr
2024-03-19T03:06:51.971+0000 7f529cc5b700 1 -- 172.21.15.59:0/1160239958 shutdown_connections
2024-03-19T03:06:52.549 INFO:teuthology.orchestra.run.smithi059.stdout:/usr/bin/ceph: stderr
2024-03-19T03:06:51.971+0000 7f529cc5b700 1 -- 172.21.15.59:0/1160239958 wait complete.
2024-03-19T03:06:52.956 INFO:journalctl@ceph.mon.smithi059.smithi059.stdout:Mar 19 03:06:52 smithi059 ceph-mon[29133]: mgrmap e8: smithi059.azpecc(active, since 2s)
2024-03-19T03:06:52.956 INFO:journalctl@ceph.mon.smithi059.smithi059.stdout:Mar 19 03:06:52 smithi059 ceph-mon[29133]: [19/Mar/2024:03:06:51] ENGINE Bus STARTING
2024-03-19T03:06:52.956 INFO:journalctl@ceph.mon.smithi059.smithi059.stdout:Mar 19 03:06:52 smithi059 ceph-mon[29133]: from='client.14132 -' entity='client.admin' cmd=[{"prefix": "orch set backend", "module_name": "cephadm", "target": ["mon-mgr", ""]}]: dispatch
2024-03-19T03:06:52.956 INFO:journalctl@ceph.mon.smithi059.smithi059.stdout:Mar 19 03:06:52 smithi059 ceph-mon[29133]: from='mgr.14120 172.21.15.59:0/1073659959' entity='mgr.smithi059.azpecc'
2024-03-19T03:06:52.957 INFO:journalctl@ceph.mon.smithi059.smithi059.stdout:Mar 19 03:06:52 smithi059 ceph-mon[29133]: [19/Mar/2024:03:06:51] ENGINE Serving on https://172.21.15.59:7150
2024-03-19T03:06:52.957 INFO:journalctl@ceph.mon.smithi059.smithi059.stdout:Mar 19 03:06:52 smithi059 ceph-mon[29133]: [19/Mar/2024:03:06:51] ENGINE Bus STARTED
2024-03-19T03:06:52.957 INFO:journalctl@ceph.mon.smithi059.smithi059.stdout:Mar 19 03:06:52 smithi059 ceph-mon[29133]: from='mgr.14120 172.21.15.59:0/1073659959' entity='mgr.smithi059.azpecc'
2024-03-19T03:06:52.957 INFO:journalctl@ceph.mon.smithi059.smithi059.stdout:Mar 19 03:06:52 smithi059 ceph-mon[29133]: from='mgr.14120 172.21.15.59:0/1073659959' entity='mgr.smithi059.azpecc' cmd=[{"prefix": "config dump", "format": "json"}]: dispatch
2024-03-19T03:06:53.742 INFO:teuthology.orchestra.run.smithi059.stdout:/usr/bin/ceph: stdout value unchanged
2024-03-19T03:06:53.743 INFO:teuthology.orchestra.run.smithi059.stdout:/usr/bin/ceph: stderr
2024-03-19T03:06:52.983+0000 7f5216d4a700 1 Processor -- start
2024-03-19T03:06:53.743 INFO:teuthology.orchestra.run.smithi059.stdout:/usr/bin/ceph: stderr
2024-03-19T03:06:52.983+0000 7f5216d4a700 1 -- start start
2024-03-19T03:06:53.743 INFO:teuthology.orchestra.run.smithi059.stdout:/usr/bin/ceph: stderr
2024-03-19T03:06:52.983+0000 7f5216d4a700 1 --2- >> [v2:172.21.15.59:3300/0,v1:172.21.15.59:6789/0] conn(0x7f5210102730 0x7f5210102b40 unknown :-1 s=NONE pgs=0 cs=0 l=0 rev1=0 crypto rx=0 tx=0 comp rx=0 tx=0).connect
2024-03-19T03:06:53.743 INFO:teuthology.orchestra.run.smithi059.stdout:/usr/bin/ceph: stderr
2024-03-19T03:06:52.983+0000 7f5216d4a700 1 -- --> [v2:172.21.15.59:3300/0,v1:172.21.15.59:6789/0] -- mon_getmap magic: 0 v1 -- 0x7f5210103080 con 0x7f5210102730
2024-03-19T03:06:53.743 INFO:teuthology.orchestra.run.smithi059.stdout:/usr/bin/ceph: stderr
2024-03-19T03:06:52.983+0000 7f5214ae6700 1 --2- >> [v2:172.21.15.59:3300/0,v1:172.21.15.59:6789/0] conn(0x7f5210102730 0x7f5210102b40 unknown :-1 s=BANNER_CONNECTING pgs=0 cs=0 l=0 rev1=0 crypto rx=0 tx=0 comp rx=0 tx=0)._handle_peer_banner_payload supported=3 required=0
2024-03-19T03:06:53.743 INFO:teuthology.orchestra.run.smithi059.stdout:/usr/bin/ceph: stderr
2024-03-19T03:06:52.983+0000 7f5214ae6700 1 --2- >> [v2:172.21.15.59:3300/0,v1:172.21.15.59:6789/0] conn(0x7f5210102730 0x7f5210102b40 unknown :-1 s=HELLO_CONNECTING pgs=0 cs=0 l=0 rev1=1 crypto rx=0 tx=0 comp rx=0 tx=0).handle_hello peer v2:172.21.15.59:3300/0 says I am v2:172.21.15.59:48888/0 (socket says 172.21.15.59:48888)
2024-03-19T03:06:53.743 INFO:teuthology.orchestra.run.smithi059.stdout:/usr/bin/ceph: stderr
2024-03-19T03:06:52.983+0000 7f5214ae6700 1 -- 172.21.15.59:0/416189016 learned_addr learned my addr 172.21.15.59:0/416189016 (peer_addr_for_me v2:172.21.15.59:0/0)
2024-03-19T03:06:53.743 INFO:teuthology.orchestra.run.smithi059.stdout:/usr/bin/ceph: stderr
2024-03-19T03:06:52.983+0000 7f5214ae6700 1 -- 172.21.15.59:0/416189016 --> [v2:172.21.15.59:3300/0,v1:172.21.15.59:6789/0] -- mon_subscribe({config=0+,monmap=0+}) v3 -- 0x7f52101031c0 con 0x7f5210102730
2024-03-19T03:06:53.743 INFO:teuthology.orchestra.run.smithi059.stdout:/usr/bin/ceph: stderr
2024-03-19T03:06:52.983+0000 7f5214ae6700 1 --2- 172.21.15.59:0/416189016 >> [v2:172.21.15.59:3300/0,v1:172.21.15.59:6789/0] conn(0x7f5210102730 0x7f5210102b40 secure :-1 s=READY pgs=39 cs=0 l=1 rev1=1 crypto rx=0x7f52040098e0 tx=0x7f5204009250 comp rx=0 tx=0).ready entity=mon.0 client_cookie=88f75802a98b1042 server_cookie=0 in_seq=0 out_seq=0
2024-03-19T03:06:53.743 INFO:teuthology.orchestra.run.smithi059.stdout:/usr/bin/ceph: stderr
2024-03-19T03:06:52.984+0000 7f520f7fe700 1 -- 172.21.15.59:0/416189016 <== mon.0 v2:172.21.15.59:3300/0 1 ==== mon_map magic: 0 v1 ==== 229+0+0 (secure 0 0 0) 0x7f520400b860 con 0x7f5210102730
2024-03-19T03:06:53.743 INFO:teuthology.orchestra.run.smithi059.stdout:/usr/bin/ceph: stderr
2024-03-19T03:06:52.984+0000 7f520f7fe700 1 -- 172.21.15.59:0/416189016 <== mon.0 v2:172.21.15.59:3300/0 2 ==== config(27 keys) v1 ==== 1044+0+0 (secure 0 0 0) 0x7f520400be50 con 0x7f5210102730
2024-03-19T03:06:53.744 INFO:teuthology.orchestra.run.smithi059.stdout:/usr/bin/ceph: stderr
2024-03-19T03:06:52.984+0000 7f520f7fe700 1 -- 172.21.15.59:0/416189016 <== mon.0 v2:172.21.15.59:3300/0 3 ==== mon_map magic: 0 v1 ==== 229+0+0 (secure 0 0 0) 0x7f5204010380 con 0x7f5210102730
2024-03-19T03:06:53.744 INFO:teuthology.orchestra.run.smithi059.stdout:/usr/bin/ceph: stderr
2024-03-19T03:06:52.984+0000 7f5216d4a700 1 -- 172.21.15.59:0/416189016 >> [v2:172.21.15.59:3300/0,v1:172.21.15.59:6789/0] conn(0x7f5210102730 msgr2=0x7f5210102b40 secure :-1 s=STATE_CONNECTION_ESTABLISHED l=1).mark_down
2024-03-19T03:06:53.744 INFO:teuthology.orchestra.run.smithi059.stdout:/usr/bin/ceph: stderr
2024-03-19T03:06:52.984+0000 7f5216d4a700 1 --2- 172.21.15.59:0/416189016 >> [v2:172.21.15.59:3300/0,v1:172.21.15.59:6789/0] conn(0x7f5210102730 0x7f5210102b40 secure :-1 s=READY pgs=39 cs=0 l=1 rev1=1 crypto rx=0x7f52040098e0 tx=0x7f5204009250 comp rx=0 tx=0).stop
2024-03-19T03:06:53.744 INFO:teuthology.orchestra.run.smithi059.stdout:/usr/bin/ceph: stderr
2024-03-19T03:06:52.984+0000 7f5216d4a700 1 -- 172.21.15.59:0/416189016 shutdown_connections
2024-03-19T03:06:53.744 INFO:teuthology.orchestra.run.smithi059.stdout:/usr/bin/ceph: stderr
2024-03-19T03:06:52.984+0000 7f5216d4a700 1 --2- 172.21.15.59:0/416189016 >> [v2:172.21.15.59:3300/0,v1:172.21.15.59:6789/0] conn(0x7f5210102730 0x7f5210102b40 unknown :-1 s=CLOSED pgs=39 cs=0 l=1 rev1=1 crypto rx=0 tx=0 comp rx=0 tx=0).stop
2024-03-19T03:06:53.744 INFO:teuthology.orchestra.run.smithi059.stdout:/usr/bin/ceph: stderr
2024-03-19T03:06:52.984+0000 7f5216d4a700 1 -- 172.21.15.59:0/416189016 >> 172.21.15.59:0/416189016 conn(0x7f52100fdf10 msgr2=0x7f5210100320 unknown :-1 s=STATE_NONE l=0).mark_down
2024-03-19T03:06:53.744 INFO:teuthology.orchestra.run.smithi059.stdout:/usr/bin/ceph: stderr
2024-03-19T03:06:52.984+0000 7f5216d4a700 1 -- 172.21.15.59:0/416189016 shutdown_connections
2024-03-19T03:06:53.744 INFO:teuthology.orchestra.run.smithi059.stdout:/usr/bin/ceph: stderr
2024-03-19T03:06:52.984+0000 7f5216d4a700 1 -- 172.21.15.59:0/416189016 wait complete.
2024-03-19T03:06:53.744 INFO:teuthology.orchestra.run.smithi059.stdout:/usr/bin/ceph: stderr
2024-03-19T03:06:52.985+0000 7f5216d4a700 1 Processor -- start
2024-03-19T03:06:53.744 INFO:teuthology.orchestra.run.smithi059.stdout:/usr/bin/ceph: stderr
2024-03-19T03:06:52.985+0000 7f5216d4a700 1 -- start start
2024-03-19T03:06:53.744 INFO:teuthology.orchestra.run.smithi059.stdout:/usr/bin/ceph: stderr
2024-03-19T03:06:52.985+0000 7f5216d4a700 1 --2- >> [v2:172.21.15.59:3300/0,v1:172.21.15.59:6789/0] conn(0x7f5210102730 0x7f5210078bd0 unknown :-1 s=NONE pgs=0 cs=0 l=1 rev1=0 crypto rx=0 tx=0 comp rx=0 tx=0).connect
2024-03-19T03:06:53.744 INFO:teuthology.orchestra.run.smithi059.stdout:/usr/bin/ceph: stderr
2024-03-19T03:06:52.985+0000 7f5216d4a700 1 -- --> [v2:172.21.15.59:3300/0,v1:172.21.15.59:6789/0] -- mon_getmap magic: 0 v1 -- 0x7f5210079110 con 0x7f5210102730
2024-03-19T03:06:53.744 INFO:teuthology.orchestra.run.smithi059.stdout:/usr/bin/ceph: stderr
2024-03-19T03:06:52.985+0000 7f5214ae6700 1 --2- >> [v2:172.21.15.59:3300/0,v1:172.21.15.59:6789/0] conn(0x7f5210102730 0x7f5210078bd0 unknown :-1 s=BANNER_CONNECTING pgs=0 cs=0 l=1 rev1=0 crypto rx=0 tx=0 comp rx=0 tx=0)._handle_peer_banner_payload supported=3 required=0
2024-03-19T03:06:53.744 INFO:teuthology.orchestra.run.smithi059.stdout:/usr/bin/ceph: stderr
2024-03-19T03:06:52.985+0000 7f5214ae6700 1 --2- >> [v2:172.21.15.59:3300/0,v1:172.21.15.59:6789/0] conn(0x7f5210102730 0x7f5210078bd0 unknown :-1 s=HELLO_CONNECTING pgs=0 cs=0 l=1 rev1=1 crypto rx=0 tx=0 comp rx=0 tx=0).handle_hello peer v2:172.21.15.59:3300/0 says I am v2:172.21.15.59:48896/0 (socket says 172.21.15.59:48896)
2024-03-19T03:06:53.744 INFO:teuthology.orchestra.run.smithi059.stdout:/usr/bin/ceph: stderr
2024-03-19T03:06:52.985+0000 7f5214ae6700 1 -- 172.21.15.59:0/1797159857 learned_addr learned my addr 172.21.15.59:0/1797159857 (peer_addr_for_me v2:172.21.15.59:0/0)
2024-03-19T03:06:53.745 INFO:teuthology.orchestra.run.smithi059.stdout:/usr/bin/ceph: stderr
2024-03-19T03:06:52.986+0000 7f5214ae6700 1 -- 172.21.15.59:0/1797159857 --> [v2:172.21.15.59:3300/0,v1:172.21.15.59:6789/0] -- mon_subscribe({config=0+,monmap=0+}) v3 -- 0x7f52040094f0 con 0x7f5210102730
2024-03-19T03:06:53.745 INFO:teuthology.orchestra.run.smithi059.stdout:/usr/bin/ceph: stderr
2024-03-19T03:06:52.986+0000 7f5214ae6700 1 --2- 172.21.15.59:0/1797159857 >> [v2:172.21.15.59:3300/0,v1:172.21.15.59:6789/0] conn(0x7f5210102730 0x7f5210078bd0 secure :-1 s=READY pgs=40 cs=0 l=1 rev1=1 crypto rx=0x7f520400b440 tx=0x7f5204009250 comp rx=0 tx=0).ready entity=mon.0 client_cookie=0 server_cookie=0 in_seq=0 out_seq=0
2024-03-19T03:06:53.745 INFO:teuthology.orchestra.run.smithi059.stdout:/usr/bin/ceph: stderr
2024-03-19T03:06:52.986+0000 7f520d7fa700 1 -- 172.21.15.59:0/1797159857 <== mon.0 v2:172.21.15.59:3300/0 1 ==== mon_map magic: 0 v1 ==== 229+0+0 (secure 0 0 0) 0x7f5204010760 con 0x7f5210102730
2024-03-19T03:06:53.745 INFO:teuthology.orchestra.run.smithi059.stdout:/usr/bin/ceph: stderr
2024-03-19T03:06:52.986+0000 7f520d7fa700 1 -- 172.21.15.59:0/1797159857 <== mon.0 v2:172.21.15.59:3300/0 2 ==== config(27 keys) v1 ==== 1044+0+0 (secure 0 0 0) 0x7f5204010d50 con 0x7f5210102730
2024-03-19T03:06:53.745 INFO:teuthology.orchestra.run.smithi059.stdout:/usr/bin/ceph: stderr
2024-03-19T03:06:52.986+0000 7f5216d4a700 1 -- 172.21.15.59:0/1797159857 --> [v2:172.21.15.59:3300/0,v1:172.21.15.59:6789/0] -- mon_subscribe({mgrmap=0+}) v3 -- 0x7f5210077180 con 0x7f5210102730
2024-03-19T03:06:53.745 INFO:teuthology.orchestra.run.smithi059.stdout:/usr/bin/ceph: stderr
2024-03-19T03:06:52.986+0000 7f520d7fa700 1 -- 172.21.15.59:0/1797159857 <== mon.0 v2:172.21.15.59:3300/0 3 ==== mon_map magic: 0 v1 ==== 229+0+0 (secure 0 0 0) 0x7f520401adc0 con 0x7f5210102730
2024-03-19T03:06:53.745 INFO:teuthology.orchestra.run.smithi059.stdout:/usr/bin/ceph: stderr
2024-03-19T03:06:52.986+0000 7f5216d4a700 1 -- 172.21.15.59:0/1797159857 --> [v2:172.21.15.59:3300/0,v1:172.21.15.59:6789/0] -- mon_subscribe({osdmap=0}) v3 -- 0x7f5210077670 con 0x7f5210102730
2024-03-19T03:06:53.745 INFO:teuthology.orchestra.run.smithi059.stdout:/usr/bin/ceph: stderr
2024-03-19T03:06:52.987+0000 7f520d7fa700 1 -- 172.21.15.59:0/1797159857 <== mon.0 v2:172.21.15.59:3300/0 4 ==== mgrmap(e 8) v1 ==== 43368+0+0 (secure 0 0 0) 0x7f52040193c0 con 0x7f5210102730
2024-03-19T03:06:53.745 INFO:teuthology.orchestra.run.smithi059.stdout:/usr/bin/ceph: stderr
2024-03-19T03:06:52.987+0000 7f520d7fa700 1 --2- 172.21.15.59:0/1797159857 >> [v2:172.21.15.59:6800/1573642037,v1:172.21.15.59:6801/1573642037] conn(0x7f52000367e0 0x7f5200038c90 unknown :-1 s=NONE pgs=0 cs=0 l=1 rev1=0 crypto rx=0 tx=0 comp rx=0 tx=0).connect
2024-03-19T03:06:53.745 INFO:teuthology.orchestra.run.smithi059.stdout:/usr/bin/ceph: stderr
2024-03-19T03:06:52.987+0000 7f5216d4a700 1 -- 172.21.15.59:0/1797159857 --> [v2:172.21.15.59:3300/0,v1:172.21.15.59:6789/0] -- mon_command({"prefix": "get_command_descriptions"} v 0) v1 -- 0x7f521004bed0 con 0x7f5210102730
2024-03-19T03:06:53.745 INFO:teuthology.orchestra.run.smithi059.stdout:/usr/bin/ceph: stderr
2024-03-19T03:06:52.987+0000 7f520d7fa700 1 -- 172.21.15.59:0/1797159857 <== mon.0 v2:172.21.15.59:3300/0 5 ==== osd_map(2..2 src has 1..2) v4 ==== 936+0+0 (secure 0 0 0) 0x7f5204049f40 con 0x7f5210102730
2024-03-19T03:06:53.745 INFO:teuthology.orchestra.run.smithi059.stdout:/usr/bin/ceph: stderr
2024-03-19T03:06:52.987+0000 7f520ffff700 1 --2- 172.21.15.59:0/1797159857 >> [v2:172.21.15.59:6800/1573642037,v1:172.21.15.59:6801/1573642037] conn(0x7f52000367e0 0x7f5200038c90 unknown :-1 s=BANNER_CONNECTING pgs=0 cs=0 l=1 rev1=0 crypto rx=0 tx=0 comp rx=0 tx=0)._handle_peer_banner_payload supported=3 required=0
2024-03-19T03:06:53.745 INFO:teuthology.orchestra.run.smithi059.stdout:/usr/bin/ceph: stderr
2024-03-19T03:06:52.987+0000 7f520ffff700 1 --2- 172.21.15.59:0/1797159857 >> [v2:172.21.15.59:6800/1573642037,v1:172.21.15.59:6801/1573642037] conn(0x7f52000367e0 0x7f5200038c90 secure :-1 s=READY pgs=8 cs=0 l=1 rev1=1 crypto rx=0x7f51fc009990 tx=0x7f51fc006e40 comp rx=0 tx=0).ready entity=mgr.14120 client_cookie=0 server_cookie=0 in_seq=0 out_seq=0
2024-03-19T03:06:53.745 INFO:teuthology.orchestra.run.smithi059.stdout:/usr/bin/ceph: stderr
2024-03-19T03:06:52.992+0000 7f520d7fa700 1 -- 172.21.15.59:0/1797159857 <== mon.0 v2:172.21.15.59:3300/0 6 ==== mon_command_ack([{"prefix": "get_command_descriptions"}]=0 v0) v1 ==== 72+0+175674 (secure 0 0 0) 0x7f5204023940 con 0x7f5210102730
2024-03-19T03:06:53.746 INFO:teuthology.orchestra.run.smithi059.stdout:/usr/bin/ceph: stderr
2024-03-19T03:06:53.186+0000 7f5216d4a700 1 -- 172.21.15.59:0/1797159857 --> [v2:172.21.15.59:6800/1573642037,v1:172.21.15.59:6801/1573642037] -- mgr_command(tid 0: {"prefix": "cephadm set-user", "user": "root", "target": ["mon-mgr", ""]}) v1 -- 0x7f5210077d70 con 0x7f52000367e0
2024-03-19T03:06:53.746 INFO:teuthology.orchestra.run.smithi059.stdout:/usr/bin/ceph: stderr
2024-03-19T03:06:53.187+0000 7f520d7fa700 1 -- 172.21.15.59:0/1797159857 <== mgr.14120 v2:172.21.15.59:6800/1573642037 1 ==== mgr_command_reply(tid 0: 0 ) v1 ==== 8+0+16 (secure 0 0 0) 0x7f5210077d70 con 0x7f52000367e0
2024-03-19T03:06:53.746 INFO:teuthology.orchestra.run.smithi059.stdout:/usr/bin/ceph: stderr
2024-03-19T03:06:53.189+0000 7f5216d4a700 1 -- 172.21.15.59:0/1797159857 >> [v2:172.21.15.59:6800/1573642037,v1:172.21.15.59:6801/1573642037] conn(0x7f52000367e0 msgr2=0x7f5200038c90 secure :-1 s=STATE_CONNECTION_ESTABLISHED l=1).mark_down
2024-03-19T03:06:53.746 INFO:teuthology.orchestra.run.smithi059.stdout:/usr/bin/ceph: stderr
2024-03-19T03:06:53.189+0000 7f5216d4a700 1 --2- 172.21.15.59:0/1797159857 >> [v2:172.21.15.59:6800/1573642037,v1:172.21.15.59:6801/1573642037] conn(0x7f52000367e0 0x7f5200038c90 secure :-1 s=READY pgs=8 cs=0 l=1 rev1=1 crypto rx=0x7f51fc009990 tx=0x7f51fc006e40 comp rx=0 tx=0).stop
2024-03-19T03:06:53.746 INFO:teuthology.orchestra.run.smithi059.stdout:/usr/bin/ceph: stderr
2024-03-19T03:06:53.189+0000 7f5216d4a700 1 -- 172.21.15.59:0/1797159857 >> [v2:172.21.15.59:3300/0,v1:172.21.15.59:6789/0] conn(0x7f5210102730 msgr2=0x7f5210078bd0 secure :-1 s=STATE_CONNECTION_ESTABLISHED l=1).mark_down
2024-03-19T03:06:53.746 INFO:teuthology.orchestra.run.smithi059.stdout:/usr/bin/ceph: stderr
2024-03-19T03:06:53.189+0000 7f5216d4a700 1 --2- 172.21.15.59:0/1797159857 >> [v2:172.21.15.59:3300/0,v1:172.21.15.59:6789/0] conn(0x7f5210102730 0x7f5210078bd0 secure :-1 s=READY pgs=40 cs=0 l=1 rev1=1 crypto rx=0x7f520400b440 tx=0x7f5204009250 comp rx=0 tx=0).stop
2024-03-19T03:06:53.746 INFO:teuthology.orchestra.run.smithi059.stdout:/usr/bin/ceph: stderr
2024-03-19T03:06:53.189+0000 7f5216d4a700 1 -- 172.21.15.59:0/1797159857 shutdown_connections
2024-03-19T03:06:53.746 INFO:teuthology.orchestra.run.smithi059.stdout:/usr/bin/ceph: stderr
2024-03-19T03:06:53.189+0000 7f5216d4a700 1 --2- 172.21.15.59:0/1797159857 >> [v2:172.21.15.59:6800/1573642037,v1:172.21.15.59:6801/1573642037] conn(0x7f52000367e0 0x7f5200038c90 unknown :-1 s=CLOSED pgs=8 cs=0 l=1 rev1=1 crypto rx=0 tx=0 comp rx=0 tx=0).stop
2024-03-19T03:06:53.746 INFO:teuthology.orchestra.run.smithi059.stdout:/usr/bin/ceph: stderr
2024-03-19T03:06:53.189+0000 7f5216d4a700 1 --2- 172.21.15.59:0/1797159857 >> [v2:172.21.15.59:3300/0,v1:172.21.15.59:6789/0] conn(0x7f5210102730 0x7f5210078bd0 unknown :-1 s=CLOSED pgs=40 cs=0 l=1 rev1=1 crypto rx=0 tx=0 comp rx=0 tx=0).stop
2024-03-19T03:06:53.746 INFO:teuthology.orchestra.run.smithi059.stdout:/usr/bin/ceph: stderr
2024-03-19T03:06:53.189+0000 7f5216d4a700 1 -- 172.21.15.59:0/1797159857 >> 172.21.15.59:0/1797159857 conn(0x7f52100fdf10 msgr2=0x7f52100feb00 unknown :-1 s=STATE_NONE l=0).mark_down
2024-03-19T03:06:53.746 INFO:teuthology.orchestra.run.smithi059.stdout:/usr/bin/ceph: stderr
2024-03-19T03:06:53.189+0000 7f5216d4a700 1 -- 172.21.15.59:0/1797159857 shutdown_connections
2024-03-19T03:06:53.746 INFO:teuthology.orchestra.run.smithi059.stdout:/usr/bin/ceph: stderr
2024-03-19T03:06:53.189+0000 7f5216d4a700 1 -- 172.21.15.59:0/1797159857 wait complete.
2024-03-19T03:06:53.746 INFO:teuthology.orchestra.run.smithi059.stdout:Generating ssh key...
2024-03-19T03:06:54.038 INFO:journalctl@ceph.mon.smithi059.smithi059.stdout:Mar 19 03:06:53 smithi059 ceph-mon[29133]: from='client.14134 -' entity='client.admin' cmd=[{"prefix": "cephadm set-user", "user": "root", "target": ["mon-mgr", ""]}]: dispatch
2024-03-19T03:06:55.549 INFO:teuthology.orchestra.run.smithi059.stdout:/usr/bin/ceph: stderr
2024-03-19T03:06:54.138+0000 7ff43eff8700 1 Processor -- start
2024-03-19T03:06:55.549 INFO:teuthology.orchestra.run.smithi059.stdout:/usr/bin/ceph: stderr
2024-03-19T03:06:54.138+0000 7ff43eff8700 1 -- start start
2024-03-19T03:06:55.549 INFO:teuthology.orchestra.run.smithi059.stdout:/usr/bin/ceph: stderr
2024-03-19T03:06:54.138+0000 7ff43eff8700 1 --2- >> [v2:172.21.15.59:3300/0,v1:172.21.15.59:6789/0] conn(0x7ff438102c40 0x7ff438103050 unknown :-1 s=NONE pgs=0 cs=0 l=0 rev1=0 crypto rx=0 tx=0 comp rx=0 tx=0).connect
2024-03-19T03:06:55.550 INFO:teuthology.orchestra.run.smithi059.stdout:/usr/bin/ceph: stderr
2024-03-19T03:06:54.138+0000 7ff43eff8700 1 -- --> [v2:172.21.15.59:3300/0,v1:172.21.15.59:6789/0] -- mon_getmap magic: 0 v1 -- 0x7ff438103590 con 0x7ff438102c40
2024-03-19T03:06:55.550 INFO:teuthology.orchestra.run.smithi059.stdout:/usr/bin/ceph: stderr
2024-03-19T03:06:54.138+0000 7ff43cd94700 1 --2- >> [v2:172.21.15.59:3300/0,v1:172.21.15.59:6789/0] conn(0x7ff438102c40 0x7ff438103050 unknown :-1 s=BANNER_CONNECTING pgs=0 cs=0 l=0 rev1=0 crypto rx=0 tx=0 comp rx=0 tx=0)._handle_peer_banner_payload supported=3 required=0
2024-03-19T03:06:55.550 INFO:teuthology.orchestra.run.smithi059.stdout:/usr/bin/ceph: stderr
2024-03-19T03:06:54.138+0000 7ff43cd94700 1 --2- >> [v2:172.21.15.59:3300/0,v1:172.21.15.59:6789/0] conn(0x7ff438102c40 0x7ff438103050 unknown :-1 s=HELLO_CONNECTING pgs=0 cs=0 l=0 rev1=1 crypto rx=0 tx=0 comp rx=0 tx=0).handle_hello peer v2:172.21.15.59:3300/0 says I am v2:172.21.15.59:51232/0 (socket says 172.21.15.59:51232)
2024-03-19T03:06:55.550 INFO:teuthology.orchestra.run.smithi059.stdout:/usr/bin/ceph: stderr
2024-03-19T03:06:54.138+0000 7ff43cd94700 1 -- 172.21.15.59:0/1782504339 learned_addr learned my addr 172.21.15.59:0/1782504339 (peer_addr_for_me v2:172.21.15.59:0/0)
2024-03-19T03:06:55.550 INFO:teuthology.orchestra.run.smithi059.stdout:/usr/bin/ceph: stderr
2024-03-19T03:06:54.138+0000 7ff43cd94700 1 -- 172.21.15.59:0/1782504339 --> [v2:172.21.15.59:3300/0,v1:172.21.15.59:6789/0] -- mon_subscribe({config=0+,monmap=0+}) v3 -- 0x7ff4381036d0 con 0x7ff438102c40
2024-03-19T03:06:55.550 INFO:teuthology.orchestra.run.smithi059.stdout:/usr/bin/ceph: stderr
2024-03-19T03:06:54.138+0000 7ff43cd94700 1 --2- 172.21.15.59:0/1782504339 >> [v2:172.21.15.59:3300/0,v1:172.21.15.59:6789/0] conn(0x7ff438102c40 0x7ff438103050 secure :-1 s=READY pgs=41 cs=0 l=1 rev1=1 crypto rx=0x7ff42c0098e0 tx=0x7ff42c009250 comp rx=0 tx=0).ready entity=mon.0 client_cookie=dd86dc678bc861c9 server_cookie=0 in_seq=0 out_seq=0
2024-03-19T03:06:55.550 INFO:teuthology.orchestra.run.smithi059.stdout:/usr/bin/ceph: stderr
2024-03-19T03:06:54.139+0000 7ff4377fe700 1 -- 172.21.15.59:0/1782504339 <== mon.0 v2:172.21.15.59:3300/0 1 ==== mon_map magic: 0 v1 ==== 229+0+0 (secure 0 0 0) 0x7ff42c00b860 con 0x7ff438102c40
2024-03-19T03:06:55.550 INFO:teuthology.orchestra.run.smithi059.stdout:/usr/bin/ceph: stderr
2024-03-19T03:06:54.139+0000 7ff4377fe700 1 -- 172.21.15.59:0/1782504339 <== mon.0 v2:172.21.15.59:3300/0 2 ==== config(27 keys) v1 ==== 1044+0+0 (secure 0 0 0) 0x7ff42c00be50 con 0x7ff438102c40
2024-03-19T03:06:55.550 INFO:teuthology.orchestra.run.smithi059.stdout:/usr/bin/ceph: stderr
2024-03-19T03:06:54.139+0000 7ff4377fe700 1 -- 172.21.15.59:0/1782504339 <== mon.0 v2:172.21.15.59:3300/0 3 ==== mon_map magic: 0 v1 ==== 229+0+0 (secure 0 0 0) 0x7ff42c010380 con 0x7ff438102c40
2024-03-19T03:06:55.550 INFO:teuthology.orchestra.run.smithi059.stdout:/usr/bin/ceph: stderr
2024-03-19T03:06:54.139+0000 7ff43eff8700 1 -- 172.21.15.59:0/1782504339 >> [v2:172.21.15.59:3300/0,v1:172.21.15.59:6789/0] conn(0x7ff438102c40 msgr2=0x7ff438103050 secure :-1 s=STATE_CONNECTION_ESTABLISHED l=1).mark_down
2024-03-19T03:06:55.550 INFO:teuthology.orchestra.run.smithi059.stdout:/usr/bin/ceph: stderr
2024-03-19T03:06:54.139+0000 7ff43eff8700 1 --2- 172.21.15.59:0/1782504339 >> [v2:172.21.15.59:3300/0,v1:172.21.15.59:6789/0] conn(0x7ff438102c40 0x7ff438103050 secure :-1 s=READY pgs=41 cs=0 l=1 rev1=1 crypto rx=0x7ff42c0098e0 tx=0x7ff42c009250 comp rx=0 tx=0).stop
2024-03-19T03:06:55.550 INFO:teuthology.orchestra.run.smithi059.stdout:/usr/bin/ceph: stderr
2024-03-19T03:06:54.139+0000 7ff43eff8700 1 -- 172.21.15.59:0/1782504339 shutdown_connections
2024-03-19T03:06:55.550 INFO:teuthology.orchestra.run.smithi059.stdout:/usr/bin/ceph: stderr
2024-03-19T03:06:54.139+0000 7ff43eff8700 1 --2- 172.21.15.59:0/1782504339 >> [v2:172.21.15.59:3300/0,v1:172.21.15.59:6789/0] conn(0x7ff438102c40 0x7ff438103050 unknown :-1 s=CLOSED pgs=41 cs=0 l=1 rev1=1 crypto rx=0 tx=0 comp rx=0 tx=0).stop
2024-03-19T03:06:55.551 INFO:teuthology.orchestra.run.smithi059.stdout:/usr/bin/ceph: stderr
2024-03-19T03:06:54.139+0000 7ff43eff8700 1 -- 172.21.15.59:0/1782504339 >> 172.21.15.59:0/1782504339 conn(0x7ff4380fc560 msgr2=0x7ff4380fe970 unknown :-1 s=STATE_NONE l=0).mark_down
2024-03-19T03:06:55.551 INFO:teuthology.orchestra.run.smithi059.stdout:/usr/bin/ceph: stderr
2024-03-19T03:06:54.139+0000 7ff43eff8700 1 -- 172.21.15.59:0/1782504339 shutdown_connections
2024-03-19T03:06:55.551 INFO:teuthology.orchestra.run.smithi059.stdout:/usr/bin/ceph: stderr
2024-03-19T03:06:54.139+0000 7ff43eff8700 1 -- 172.21.15.59:0/1782504339 wait complete.
2024-03-19T03:06:55.551 INFO:teuthology.orchestra.run.smithi059.stdout:/usr/bin/ceph: stderr
2024-03-19T03:06:54.140+0000 7ff43eff8700 1 Processor -- start
2024-03-19T03:06:55.551 INFO:teuthology.orchestra.run.smithi059.stdout:/usr/bin/ceph: stderr
2024-03-19T03:06:54.140+0000 7ff43eff8700 1 -- start start
2024-03-19T03:06:55.551 INFO:teuthology.orchestra.run.smithi059.stdout:/usr/bin/ceph: stderr
2024-03-19T03:06:54.140+0000 7ff43eff8700 1 --2- >> [v2:172.21.15.59:3300/0,v1:172.21.15.59:6789/0] conn(0x7ff438102c40 0x7ff4381013f0 unknown :-1 s=NONE pgs=0 cs=0 l=1 rev1=0 crypto rx=0 tx=0 comp rx=0 tx=0).connect
2024-03-19T03:06:55.551 INFO:teuthology.orchestra.run.smithi059.stdout:/usr/bin/ceph: stderr
2024-03-19T03:06:54.140+0000 7ff43eff8700 1 -- --> [v2:172.21.15.59:3300/0,v1:172.21.15.59:6789/0] -- mon_getmap magic: 0 v1 -- 0x7ff4381142e0 con 0x7ff438102c40
2024-03-19T03:06:55.551 INFO:teuthology.orchestra.run.smithi059.stdout:/usr/bin/ceph: stderr
2024-03-19T03:06:54.140+0000 7ff43cd94700 1 --2- >> [v2:172.21.15.59:3300/0,v1:172.21.15.59:6789/0] conn(0x7ff438102c40 0x7ff4381013f0 unknown :-1 s=BANNER_CONNECTING pgs=0 cs=0 l=1 rev1=0 crypto rx=0 tx=0 comp rx=0 tx=0)._handle_peer_banner_payload supported=3 required=0
2024-03-19T03:06:55.551 INFO:teuthology.orchestra.run.smithi059.stdout:/usr/bin/ceph: stderr
2024-03-19T03:06:54.140+0000 7ff43cd94700 1 --2- >> [v2:172.21.15.59:3300/0,v1:172.21.15.59:6789/0] conn(0x7ff438102c40 0x7ff4381013f0 unknown :-1 s=HELLO_CONNECTING pgs=0 cs=0 l=1 rev1=1 crypto rx=0 tx=0 comp rx=0 tx=0).handle_hello peer v2:172.21.15.59:3300/0 says I am v2:172.21.15.59:51236/0 (socket says 172.21.15.59:51236)
2024-03-19T03:06:55.551 INFO:teuthology.orchestra.run.smithi059.stdout:/usr/bin/ceph: stderr
2024-03-19T03:06:54.140+0000 7ff43cd94700 1 -- 172.21.15.59:0/203801517 learned_addr learned my addr 172.21.15.59:0/203801517 (peer_addr_for_me v2:172.21.15.59:0/0)
2024-03-19T03:06:55.551 INFO:teuthology.orchestra.run.smithi059.stdout:/usr/bin/ceph: stderr
2024-03-19T03:06:54.141+0000 7ff43cd94700 1 -- 172.21.15.59:0/203801517 --> [v2:172.21.15.59:3300/0,v1:172.21.15.59:6789/0] -- mon_subscribe({config=0+,monmap=0+}) v3 -- 0x7ff42c0094f0 con 0x7ff438102c40
2024-03-19T03:06:55.551 INFO:teuthology.orchestra.run.smithi059.stdout:/usr/bin/ceph: stderr
2024-03-19T03:06:54.141+0000 7ff43cd94700 1 --2- 172.21.15.59:0/203801517 >> [v2:172.21.15.59:3300/0,v1:172.21.15.59:6789/0] conn(0x7ff438102c40 0x7ff4381013f0 secure :-1 s=READY pgs=42 cs=0 l=1 rev1=1 crypto rx=0x7ff42c00ba90 tx=0x7ff42c009250 comp rx=0 tx=0).ready entity=mon.0 client_cookie=0 server_cookie=0 in_seq=0 out_seq=0
2024-03-19T03:06:55.551 INFO:teuthology.orchestra.run.smithi059.stdout:/usr/bin/ceph: stderr
2024-03-19T03:06:54.141+0000 7ff4357fa700 1 -- 172.21.15.59:0/203801517 <== mon.0 v2:172.21.15.59:3300/0 1 ==== mon_map magic: 0 v1 ==== 229+0+0 (secure 0 0 0) 0x7ff42c0107c0 con 0x7ff438102c40
2024-03-19T03:06:55.551 INFO:teuthology.orchestra.run.smithi059.stdout:/usr/bin/ceph: stderr
