2024-03-19T03:06:54.141+0000 7ff4357fa700 1 -- 172.21.15.59:0/203801517 <== mon.0 v2:172.21.15.59:3300/0 2 ==== config(27 keys) v1 ==== 1044+0+0 (secure 0 0 0) 0x7ff42c010db0 con 0x7ff438102c40
2024-03-19T03:06:55.552 INFO:teuthology.orchestra.run.smithi059.stdout:/usr/bin/ceph: stderr
2024-03-19T03:06:54.141+0000 7ff43eff8700 1 -- 172.21.15.59:0/203801517 --> [v2:172.21.15.59:3300/0,v1:172.21.15.59:6789/0] -- mon_subscribe({mgrmap=0+}) v3 -- 0x7ff438114420 con 0x7ff438102c40
2024-03-19T03:06:55.552 INFO:teuthology.orchestra.run.smithi059.stdout:/usr/bin/ceph: stderr
2024-03-19T03:06:54.141+0000 7ff4357fa700 1 -- 172.21.15.59:0/203801517 <== mon.0 v2:172.21.15.59:3300/0 3 ==== mon_map magic: 0 v1 ==== 229+0+0 (secure 0 0 0) 0x7ff42c01add0 con 0x7ff438102c40
2024-03-19T03:06:55.552 INFO:teuthology.orchestra.run.smithi059.stdout:/usr/bin/ceph: stderr
2024-03-19T03:06:54.141+0000 7ff43eff8700 1 -- 172.21.15.59:0/203801517 --> [v2:172.21.15.59:3300/0,v1:172.21.15.59:6789/0] -- mon_subscribe({osdmap=0}) v3 -- 0x7ff4381148b0 con 0x7ff438102c40
2024-03-19T03:06:55.552 INFO:teuthology.orchestra.run.smithi059.stdout:/usr/bin/ceph: stderr
2024-03-19T03:06:54.142+0000 7ff4357fa700 1 -- 172.21.15.59:0/203801517 <== mon.0 v2:172.21.15.59:3300/0 4 ==== mgrmap(e 8) v1 ==== 43368+0+0 (secure 0 0 0) 0x7ff42c02e440 con 0x7ff438102c40
2024-03-19T03:06:55.552 INFO:teuthology.orchestra.run.smithi059.stdout:/usr/bin/ceph: stderr
2024-03-19T03:06:54.142+0000 7ff4357fa700 1 --2- 172.21.15.59:0/203801517 >> [v2:172.21.15.59:6800/1573642037,v1:172.21.15.59:6801/1573642037] conn(0x7ff4280367e0 0x7ff428038c90 unknown :-1 s=NONE pgs=0 cs=0 l=1 rev1=0 crypto rx=0 tx=0 comp rx=0 tx=0).connect
2024-03-19T03:06:55.552 INFO:teuthology.orchestra.run.smithi059.stdout:/usr/bin/ceph: stderr
2024-03-19T03:06:54.142+0000 7ff43eff8700 1 -- 172.21.15.59:0/203801517 --> [v2:172.21.15.59:3300/0,v1:172.21.15.59:6789/0] -- mon_command({"prefix": "get_command_descriptions"} v 0) v1 -- 0x7ff43804bed0 con 0x7ff438102c40
2024-03-19T03:06:55.552 INFO:teuthology.orchestra.run.smithi059.stdout:/usr/bin/ceph: stderr
2024-03-19T03:06:54.142+0000 7ff4357fa700 1 -- 172.21.15.59:0/203801517 <== mon.0 v2:172.21.15.59:3300/0 5 ==== osd_map(2..2 src has 1..2) v4 ==== 936+0+0 (secure 0 0 0) 0x7ff42c04a5a0 con 0x7ff438102c40
2024-03-19T03:06:55.552 INFO:teuthology.orchestra.run.smithi059.stdout:/usr/bin/ceph: stderr
2024-03-19T03:06:54.142+0000 7ff437fff700 1 --2- 172.21.15.59:0/203801517 >> [v2:172.21.15.59:6800/1573642037,v1:172.21.15.59:6801/1573642037] conn(0x7ff4280367e0 0x7ff428038c90 unknown :-1 s=BANNER_CONNECTING pgs=0 cs=0 l=1 rev1=0 crypto rx=0 tx=0 comp rx=0 tx=0)._handle_peer_banner_payload supported=3 required=0
2024-03-19T03:06:55.552 INFO:teuthology.orchestra.run.smithi059.stdout:/usr/bin/ceph: stderr
2024-03-19T03:06:54.142+0000 7ff437fff700 1 --2- 172.21.15.59:0/203801517 >> [v2:172.21.15.59:6800/1573642037,v1:172.21.15.59:6801/1573642037] conn(0x7ff4280367e0 0x7ff428038c90 secure :-1 s=READY pgs=9 cs=0 l=1 rev1=1 crypto rx=0x7ff424009990 tx=0x7ff424006e40 comp rx=0 tx=0).ready entity=mgr.14120 client_cookie=0 server_cookie=0 in_seq=0 out_seq=0
2024-03-19T03:06:55.552 INFO:teuthology.orchestra.run.smithi059.stdout:/usr/bin/ceph: stderr
2024-03-19T03:06:54.147+0000 7ff4357fa700 1 -- 172.21.15.59:0/203801517 <== mon.0 v2:172.21.15.59:3300/0 6 ==== mon_command_ack([{"prefix": "get_command_descriptions"}]=0 v0) v1 ==== 72+0+175674 (secure 0 0 0) 0x7ff42c018940 con 0x7ff438102c40
2024-03-19T03:06:55.552 INFO:teuthology.orchestra.run.smithi059.stdout:/usr/bin/ceph: stderr
2024-03-19T03:06:54.339+0000 7ff43eff8700 1 -- 172.21.15.59:0/203801517 --> [v2:172.21.15.59:6800/1573642037,v1:172.21.15.59:6801/1573642037] -- mgr_command(tid 0: {"prefix": "cephadm generate-key", "target": ["mon-mgr", ""]}) v1 -- 0x7ff4380fd7f0 con 0x7ff4280367e0
2024-03-19T03:06:55.552 INFO:teuthology.orchestra.run.smithi059.stdout:/usr/bin/ceph: stderr
2024-03-19T03:06:54.959+0000 7ff4357fa700 1 -- 172.21.15.59:0/203801517 <== mgr.14120 v2:172.21.15.59:6800/1573642037 1 ==== mgr_command_reply(tid 0: 0 ) v1 ==== 8+0+0 (secure 0 0 0) 0x7ff4380fd7f0 con 0x7ff4280367e0
2024-03-19T03:06:55.552 INFO:teuthology.orchestra.run.smithi059.stdout:/usr/bin/ceph: stderr
2024-03-19T03:06:54.961+0000 7ff43eff8700 1 -- 172.21.15.59:0/203801517 >> [v2:172.21.15.59:6800/1573642037,v1:172.21.15.59:6801/1573642037] conn(0x7ff4280367e0 msgr2=0x7ff428038c90 secure :-1 s=STATE_CONNECTION_ESTABLISHED l=1).mark_down
2024-03-19T03:06:55.552 INFO:teuthology.orchestra.run.smithi059.stdout:/usr/bin/ceph: stderr
2024-03-19T03:06:54.961+0000 7ff43eff8700 1 --2- 172.21.15.59:0/203801517 >> [v2:172.21.15.59:6800/1573642037,v1:172.21.15.59:6801/1573642037] conn(0x7ff4280367e0 0x7ff428038c90 secure :-1 s=READY pgs=9 cs=0 l=1 rev1=1 crypto rx=0x7ff424009990 tx=0x7ff424006e40 comp rx=0 tx=0).stop
2024-03-19T03:06:55.553 INFO:teuthology.orchestra.run.smithi059.stdout:/usr/bin/ceph: stderr
2024-03-19T03:06:54.961+0000 7ff43eff8700 1 -- 172.21.15.59:0/203801517 >> [v2:172.21.15.59:3300/0,v1:172.21.15.59:6789/0] conn(0x7ff438102c40 msgr2=0x7ff4381013f0 secure :-1 s=STATE_CONNECTION_ESTABLISHED l=1).mark_down
2024-03-19T03:06:55.553 INFO:teuthology.orchestra.run.smithi059.stdout:/usr/bin/ceph: stderr
2024-03-19T03:06:54.961+0000 7ff43eff8700 1 --2- 172.21.15.59:0/203801517 >> [v2:172.21.15.59:3300/0,v1:172.21.15.59:6789/0] conn(0x7ff438102c40 0x7ff4381013f0 secure :-1 s=READY pgs=42 cs=0 l=1 rev1=1 crypto rx=0x7ff42c00ba90 tx=0x7ff42c009250 comp rx=0 tx=0).stop
2024-03-19T03:06:55.553 INFO:teuthology.orchestra.run.smithi059.stdout:/usr/bin/ceph: stderr
2024-03-19T03:06:54.962+0000 7ff43eff8700 1 -- 172.21.15.59:0/203801517 shutdown_connections
2024-03-19T03:06:55.553 INFO:teuthology.orchestra.run.smithi059.stdout:/usr/bin/ceph: stderr
2024-03-19T03:06:54.962+0000 7ff43eff8700 1 --2- 172.21.15.59:0/203801517 >> [v2:172.21.15.59:6800/1573642037,v1:172.21.15.59:6801/1573642037] conn(0x7ff4280367e0 0x7ff428038c90 unknown :-1 s=CLOSED pgs=9 cs=0 l=1 rev1=1 crypto rx=0 tx=0 comp rx=0 tx=0).stop
2024-03-19T03:06:55.553 INFO:teuthology.orchestra.run.smithi059.stdout:/usr/bin/ceph: stderr
2024-03-19T03:06:54.962+0000 7ff43eff8700 1 --2- 172.21.15.59:0/203801517 >> [v2:172.21.15.59:3300/0,v1:172.21.15.59:6789/0] conn(0x7ff438102c40 0x7ff4381013f0 unknown :-1 s=CLOSED pgs=42 cs=0 l=1 rev1=1 crypto rx=0 tx=0 comp rx=0 tx=0).stop
2024-03-19T03:06:55.553 INFO:teuthology.orchestra.run.smithi059.stdout:/usr/bin/ceph: stderr
2024-03-19T03:06:54.962+0000 7ff43eff8700 1 -- 172.21.15.59:0/203801517 >> 172.21.15.59:0/203801517 conn(0x7ff4380fc560 msgr2=0x7ff4380fd0e0 unknown :-1 s=STATE_NONE l=0).mark_down
2024-03-19T03:06:55.553 INFO:teuthology.orchestra.run.smithi059.stdout:/usr/bin/ceph: stderr
2024-03-19T03:06:54.962+0000 7ff43eff8700 1 -- 172.21.15.59:0/203801517 shutdown_connections
2024-03-19T03:06:55.553 INFO:teuthology.orchestra.run.smithi059.stdout:/usr/bin/ceph: stderr
2024-03-19T03:06:54.962+0000 7ff43eff8700 1 -- 172.21.15.59:0/203801517 wait complete.
2024-03-19T03:06:56.089 INFO:journalctl@ceph.mon.smithi059.smithi059.stdout:Mar 19 03:06:55 smithi059 ceph-mon[29133]: from='client.14136 -' entity='client.admin' cmd=[{"prefix": "cephadm generate-key", "target": ["mon-mgr", ""]}]: dispatch
2024-03-19T03:06:56.089 INFO:journalctl@ceph.mon.smithi059.smithi059.stdout:Mar 19 03:06:55 smithi059 ceph-mon[29133]: Generating ssh key...
2024-03-19T03:06:56.089 INFO:journalctl@ceph.mon.smithi059.smithi059.stdout:Mar 19 03:06:55 smithi059 ceph-mon[29133]: from='mgr.14120 172.21.15.59:0/1073659959' entity='mgr.smithi059.azpecc'
2024-03-19T03:06:56.090 INFO:journalctl@ceph.mon.smithi059.smithi059.stdout:Mar 19 03:06:55 smithi059 ceph-mon[29133]: from='mgr.14120 172.21.15.59:0/1073659959' entity='mgr.smithi059.azpecc'
2024-03-19T03:06:56.665 INFO:teuthology.orchestra.run.smithi059.stdout:/usr/bin/ceph: stdout ssh-rsa AAAAB3NzaC1yc2EAAAADAQABAAABgQDOlnUuONg0bL3nPOacT9ojXYWnGrvA7ywhiXYrtKhCOhO4O/V1DrisuAIKAWo4HBCZAwlm2i+RzoqZiuxgXWRVwOFfV5s4vTEtCRr3b0gx61HfJHz5tatZwKSRbSxNYA63NEdDfRczfboTZFXFOvYoX4680X15HU3I1oYgU84yJ6raLH0AzELJiMrmKfWEe4dszmwgRtzW/qNXETin8TTKlbyj8s2QEwwyJw4YRRpXQfxyit1NpdkOvSybiXhbHGSkX9CK2DSdZi4uz9XrQ9aHsaUrUgRXoZ6MMv6T8HD0tGEDs2GMAfhwCMFEPn3ydTEANZ1dkp9SwhpzqM6widkBMSXinOYICxyJcn+BLYex3+lMmfqN90+4EzoFab7j3aJpptof5uNTbR1XnTx3GVw3wdvFaFLSNuLlviciPpqzjHVbAOCJ3EU2ilGaFHBMKLFaaGcc20iAtKx87Ot0DP1XjEmB6j1brlVI/k1zerfVyMUf+oVutj65x+TzzkJbGnE= ceph-8c8ae530-e59d-11ee-95c9-87774f69a715
2024-03-19T03:06:56.665 INFO:teuthology.orchestra.run.smithi059.stdout:/usr/bin/ceph: stderr
2024-03-19T03:06:55.917+0000 7fc0aaac4700 1 Processor -- start
2024-03-19T03:06:56.665 INFO:teuthology.orchestra.run.smithi059.stdout:/usr/bin/ceph: stderr
2024-03-19T03:06:55.917+0000 7fc0aaac4700 1 -- start start
2024-03-19T03:06:56.665 INFO:teuthology.orchestra.run.smithi059.stdout:/usr/bin/ceph: stderr
2024-03-19T03:06:55.917+0000 7fc0aaac4700 1 --2- >> [v2:172.21.15.59:3300/0,v1:172.21.15.59:6789/0] conn(0x7fc0a4078ca0 0x7fc0a4077200 unknown :-1 s=NONE pgs=0 cs=0 l=0 rev1=0 crypto rx=0 tx=0 comp rx=0 tx=0).connect
2024-03-19T03:06:56.665 INFO:teuthology.orchestra.run.smithi059.stdout:/usr/bin/ceph: stderr
2024-03-19T03:06:55.917+0000 7fc0aaac4700 1 -- --> [v2:172.21.15.59:3300/0,v1:172.21.15.59:6789/0] -- mon_getmap magic: 0 v1 -- 0x7fc0a40790b0 con 0x7fc0a4078ca0
2024-03-19T03:06:56.665 INFO:teuthology.orchestra.run.smithi059.stdout:/usr/bin/ceph: stderr
2024-03-19T03:06:55.917+0000 7fc0a8860700 1 --2- >> [v2:172.21.15.59:3300/0,v1:172.21.15.59:6789/0] conn(0x7fc0a4078ca0 0x7fc0a4077200 unknown :-1 s=BANNER_CONNECTING pgs=0 cs=0 l=0 rev1=0 crypto rx=0 tx=0 comp rx=0 tx=0)._handle_peer_banner_payload supported=3 required=0
2024-03-19T03:06:56.665 INFO:teuthology.orchestra.run.smithi059.stdout:/usr/bin/ceph: stderr
2024-03-19T03:06:55.917+0000 7fc0a8860700 1 --2- >> [v2:172.21.15.59:3300/0,v1:172.21.15.59:6789/0] conn(0x7fc0a4078ca0 0x7fc0a4077200 unknown :-1 s=HELLO_CONNECTING pgs=0 cs=0 l=0 rev1=1 crypto rx=0 tx=0 comp rx=0 tx=0).handle_hello peer v2:172.21.15.59:3300/0 says I am v2:172.21.15.59:51240/0 (socket says 172.21.15.59:51240)
2024-03-19T03:06:56.666 INFO:teuthology.orchestra.run.smithi059.stdout:/usr/bin/ceph: stderr
2024-03-19T03:06:55.917+0000 7fc0a8860700 1 -- 172.21.15.59:0/2858337043 learned_addr learned my addr 172.21.15.59:0/2858337043 (peer_addr_for_me v2:172.21.15.59:0/0)
2024-03-19T03:06:56.666 INFO:teuthology.orchestra.run.smithi059.stdout:/usr/bin/ceph: stderr
2024-03-19T03:06:55.917+0000 7fc0a8860700 1 -- 172.21.15.59:0/2858337043 --> [v2:172.21.15.59:3300/0,v1:172.21.15.59:6789/0] -- mon_subscribe({config=0+,monmap=0+}) v3 -- 0x7fc0a4077740 con 0x7fc0a4078ca0
2024-03-19T03:06:56.666 INFO:teuthology.orchestra.run.smithi059.stdout:/usr/bin/ceph: stderr
2024-03-19T03:06:55.918+0000 7fc0a8860700 1 --2- 172.21.15.59:0/2858337043 >> [v2:172.21.15.59:3300/0,v1:172.21.15.59:6789/0] conn(0x7fc0a4078ca0 0x7fc0a4077200 secure :-1 s=READY pgs=43 cs=0 l=1 rev1=1 crypto rx=0x7fc0980098e0 tx=0x7fc098009250 comp rx=0 tx=0).ready entity=mon.0 client_cookie=83247c9a94516639 server_cookie=0 in_seq=0 out_seq=0
2024-03-19T03:06:56.666 INFO:teuthology.orchestra.run.smithi059.stdout:/usr/bin/ceph: stderr
2024-03-19T03:06:55.918+0000 7fc0a37fe700 1 -- 172.21.15.59:0/2858337043 <== mon.0 v2:172.21.15.59:3300/0 1 ==== mon_map magic: 0 v1 ==== 229+0+0 (secure 0 0 0) 0x7fc09800b860 con 0x7fc0a4078ca0
2024-03-19T03:06:56.666 INFO:teuthology.orchestra.run.smithi059.stdout:/usr/bin/ceph: stderr
2024-03-19T03:06:55.918+0000 7fc0a37fe700 1 -- 172.21.15.59:0/2858337043 <== mon.0 v2:172.21.15.59:3300/0 2 ==== config(27 keys) v1 ==== 1044+0+0 (secure 0 0 0) 0x7fc09800be50 con 0x7fc0a4078ca0
2024-03-19T03:06:56.666 INFO:teuthology.orchestra.run.smithi059.stdout:/usr/bin/ceph: stderr
2024-03-19T03:06:55.918+0000 7fc0a37fe700 1 -- 172.21.15.59:0/2858337043 <== mon.0 v2:172.21.15.59:3300/0 3 ==== mon_map magic: 0 v1 ==== 229+0+0 (secure 0 0 0) 0x7fc098010380 con 0x7fc0a4078ca0
2024-03-19T03:06:56.666 INFO:teuthology.orchestra.run.smithi059.stdout:/usr/bin/ceph: stderr
2024-03-19T03:06:55.918+0000 7fc0aaac4700 1 -- 172.21.15.59:0/2858337043 >> [v2:172.21.15.59:3300/0,v1:172.21.15.59:6789/0] conn(0x7fc0a4078ca0 msgr2=0x7fc0a4077200 secure :-1 s=STATE_CONNECTION_ESTABLISHED l=1).mark_down
2024-03-19T03:06:56.666 INFO:teuthology.orchestra.run.smithi059.stdout:/usr/bin/ceph: stderr
2024-03-19T03:06:55.918+0000 7fc0aaac4700 1 --2- 172.21.15.59:0/2858337043 >> [v2:172.21.15.59:3300/0,v1:172.21.15.59:6789/0] conn(0x7fc0a4078ca0 0x7fc0a4077200 secure :-1 s=READY pgs=43 cs=0 l=1 rev1=1 crypto rx=0x7fc0980098e0 tx=0x7fc098009250 comp rx=0 tx=0).stop
2024-03-19T03:06:56.666 INFO:teuthology.orchestra.run.smithi059.stdout:/usr/bin/ceph: stderr
2024-03-19T03:06:55.918+0000 7fc0aaac4700 1 -- 172.21.15.59:0/2858337043 shutdown_connections
2024-03-19T03:06:56.666 INFO:teuthology.orchestra.run.smithi059.stdout:/usr/bin/ceph: stderr
2024-03-19T03:06:55.918+0000 7fc0aaac4700 1 --2- 172.21.15.59:0/2858337043 >> [v2:172.21.15.59:3300/0,v1:172.21.15.59:6789/0] conn(0x7fc0a4078ca0 0x7fc0a4077200 unknown :-1 s=CLOSED pgs=43 cs=0 l=1 rev1=1 crypto rx=0 tx=0 comp rx=0 tx=0).stop
2024-03-19T03:06:56.666 INFO:teuthology.orchestra.run.smithi059.stdout:/usr/bin/ceph: stderr
2024-03-19T03:06:55.918+0000 7fc0aaac4700 1 -- 172.21.15.59:0/2858337043 >> 172.21.15.59:0/2858337043 conn(0x7fc0a40fdee0 msgr2=0x7fc0a41002f0 unknown :-1 s=STATE_NONE l=0).mark_down
2024-03-19T03:06:56.666 INFO:teuthology.orchestra.run.smithi059.stdout:/usr/bin/ceph: stderr
2024-03-19T03:06:55.918+0000 7fc0aaac4700 1 -- 172.21.15.59:0/2858337043 shutdown_connections
2024-03-19T03:06:56.666 INFO:teuthology.orchestra.run.smithi059.stdout:/usr/bin/ceph: stderr
2024-03-19T03:06:55.918+0000 7fc0aaac4700 1 -- 172.21.15.59:0/2858337043 wait complete.
2024-03-19T03:06:56.667 INFO:teuthology.orchestra.run.smithi059.stdout:/usr/bin/ceph: stderr
2024-03-19T03:06:55.919+0000 7fc0aaac4700 1 Processor -- start
2024-03-19T03:06:56.667 INFO:teuthology.orchestra.run.smithi059.stdout:/usr/bin/ceph: stderr
2024-03-19T03:06:55.919+0000 7fc0aaac4700 1 -- start start
2024-03-19T03:06:56.667 INFO:teuthology.orchestra.run.smithi059.stdout:/usr/bin/ceph: stderr
2024-03-19T03:06:55.919+0000 7fc0aaac4700 1 --2- >> [v2:172.21.15.59:3300/0,v1:172.21.15.59:6789/0] conn(0x7fc0a4078ca0 0x7fc0a41137d0 unknown :-1 s=NONE pgs=0 cs=0 l=1 rev1=0 crypto rx=0 tx=0 comp rx=0 tx=0).connect
2024-03-19T03:06:56.667 INFO:teuthology.orchestra.run.smithi059.stdout:/usr/bin/ceph: stderr
2024-03-19T03:06:55.919+0000 7fc0aaac4700 1 -- --> [v2:172.21.15.59:3300/0,v1:172.21.15.59:6789/0] -- mon_getmap magic: 0 v1 -- 0x7fc0a4113d10 con 0x7fc0a4078ca0
2024-03-19T03:06:56.669 INFO:teuthology.orchestra.run.smithi059.stdout:/usr/bin/ceph: stderr
2024-03-19T03:06:55.919+0000 7fc0a8860700 1 --2- >> [v2:172.21.15.59:3300/0,v1:172.21.15.59:6789/0] conn(0x7fc0a4078ca0 0x7fc0a41137d0 unknown :-1 s=BANNER_CONNECTING pgs=0 cs=0 l=1 rev1=0 crypto rx=0 tx=0 comp rx=0 tx=0)._handle_peer_banner_payload supported=3 required=0
2024-03-19T03:06:56.669 INFO:teuthology.orchestra.run.smithi059.stdout:/usr/bin/ceph: stderr
2024-03-19T03:06:55.919+0000 7fc0a8860700 1 --2- >> [v2:172.21.15.59:3300/0,v1:172.21.15.59:6789/0] conn(0x7fc0a4078ca0 0x7fc0a41137d0 unknown :-1 s=HELLO_CONNECTING pgs=0 cs=0 l=1 rev1=1 crypto rx=0 tx=0 comp rx=0 tx=0).handle_hello peer v2:172.21.15.59:3300/0 says I am v2:172.21.15.59:51248/0 (socket says 172.21.15.59:51248)
2024-03-19T03:06:56.669 INFO:teuthology.orchestra.run.smithi059.stdout:/usr/bin/ceph: stderr
2024-03-19T03:06:55.919+0000 7fc0a8860700 1 -- 172.21.15.59:0/1969922038 learned_addr learned my addr 172.21.15.59:0/1969922038 (peer_addr_for_me v2:172.21.15.59:0/0)
2024-03-19T03:06:56.669 INFO:teuthology.orchestra.run.smithi059.stdout:/usr/bin/ceph: stderr
2024-03-19T03:06:55.920+0000 7fc0a8860700 1 -- 172.21.15.59:0/1969922038 --> [v2:172.21.15.59:3300/0,v1:172.21.15.59:6789/0] -- mon_subscribe({config=0+,monmap=0+}) v3 -- 0x7fc0980094f0 con 0x7fc0a4078ca0
2024-03-19T03:06:56.669 INFO:teuthology.orchestra.run.smithi059.stdout:/usr/bin/ceph: stderr
2024-03-19T03:06:55.920+0000 7fc0a8860700 1 --2- 172.21.15.59:0/1969922038 >> [v2:172.21.15.59:3300/0,v1:172.21.15.59:6789/0] conn(0x7fc0a4078ca0 0x7fc0a41137d0 secure :-1 s=READY pgs=44 cs=0 l=1 rev1=1 crypto rx=0x7fc098006fd0 tx=0x7fc098009250 comp rx=0 tx=0).ready entity=mon.0 client_cookie=0 server_cookie=0 in_seq=0 out_seq=0
2024-03-19T03:06:56.669 INFO:teuthology.orchestra.run.smithi059.stdout:/usr/bin/ceph: stderr
2024-03-19T03:06:55.920+0000 7fc0a17fa700 1 -- 172.21.15.59:0/1969922038 <== mon.0 v2:172.21.15.59:3300/0 1 ==== mon_map magic: 0 v1 ==== 229+0+0 (secure 0 0 0) 0x7fc098010760 con 0x7fc0a4078ca0
2024-03-19T03:06:56.669 INFO:teuthology.orchestra.run.smithi059.stdout:/usr/bin/ceph: stderr
2024-03-19T03:06:55.920+0000 7fc0a17fa700 1 -- 172.21.15.59:0/1969922038 <== mon.0 v2:172.21.15.59:3300/0 2 ==== config(27 keys) v1 ==== 1044+0+0 (secure 0 0 0) 0x7fc098010d50 con 0x7fc0a4078ca0
2024-03-19T03:06:56.669 INFO:teuthology.orchestra.run.smithi059.stdout:/usr/bin/ceph: stderr
2024-03-19T03:06:55.920+0000 7fc0aaac4700 1 -- 172.21.15.59:0/1969922038 --> [v2:172.21.15.59:3300/0,v1:172.21.15.59:6789/0] -- mon_subscribe({mgrmap=0+}) v3 -- 0x7fc0a4113f10 con 0x7fc0a4078ca0
2024-03-19T03:06:56.669 INFO:teuthology.orchestra.run.smithi059.stdout:/usr/bin/ceph: stderr
2024-03-19T03:06:55.920+0000 7fc0a17fa700 1 -- 172.21.15.59:0/1969922038 <== mon.0 v2:172.21.15.59:3300/0 3 ==== mon_map magic: 0 v1 ==== 229+0+0 (secure 0 0 0) 0x7fc09801ae10 con 0x7fc0a4078ca0
2024-03-19T03:06:56.670 INFO:teuthology.orchestra.run.smithi059.stdout:/usr/bin/ceph: stderr
2024-03-19T03:06:55.920+0000 7fc0aaac4700 1 -- 172.21.15.59:0/1969922038 --> [v2:172.21.15.59:3300/0,v1:172.21.15.59:6789/0] -- mon_subscribe({osdmap=0}) v3 -- 0x7fc0a4114a80 con 0x7fc0a4078ca0
2024-03-19T03:06:56.670 INFO:teuthology.orchestra.run.smithi059.stdout:/usr/bin/ceph: stderr
2024-03-19T03:06:55.921+0000 7fc0a17fa700 1 -- 172.21.15.59:0/1969922038 <== mon.0 v2:172.21.15.59:3300/0 4 ==== mgrmap(e 8) v1 ==== 43368+0+0 (secure 0 0 0) 0x7fc098019410 con 0x7fc0a4078ca0
2024-03-19T03:06:56.670 INFO:teuthology.orchestra.run.smithi059.stdout:/usr/bin/ceph: stderr
2024-03-19T03:06:55.921+0000 7fc0aaac4700 1 -- 172.21.15.59:0/1969922038 --> [v2:172.21.15.59:3300/0,v1:172.21.15.59:6789/0] -- mon_command({"prefix": "get_command_descriptions"} v 0) v1 -- 0x7fc0a405f5f0 con 0x7fc0a4078ca0
2024-03-19T03:06:56.670 INFO:teuthology.orchestra.run.smithi059.stdout:/usr/bin/ceph: stderr
2024-03-19T03:06:55.921+0000 7fc0a17fa700 1 --2- 172.21.15.59:0/1969922038 >> [v2:172.21.15.59:6800/1573642037,v1:172.21.15.59:6801/1573642037] conn(0x7fc094036720 0x7fc094038bd0 unknown :-1 s=NONE pgs=0 cs=0 l=1 rev1=0 crypto rx=0 tx=0 comp rx=0 tx=0).connect
2024-03-19T03:06:56.670 INFO:teuthology.orchestra.run.smithi059.stdout:/usr/bin/ceph: stderr
2024-03-19T03:06:55.921+0000 7fc0a17fa700 1 -- 172.21.15.59:0/1969922038 <== mon.0 v2:172.21.15.59:3300/0 5 ==== osd_map(2..2 src has 1..2) v4 ==== 936+0+0 (secure 0 0 0) 0x7fc098049fc0 con 0x7fc0a4078ca0
2024-03-19T03:06:56.670 INFO:teuthology.orchestra.run.smithi059.stdout:/usr/bin/ceph: stderr
2024-03-19T03:06:55.921+0000 7fc0a3fff700 1 --2- 172.21.15.59:0/1969922038 >> [v2:172.21.15.59:6800/1573642037,v1:172.21.15.59:6801/1573642037] conn(0x7fc094036720 0x7fc094038bd0 unknown :-1 s=BANNER_CONNECTING pgs=0 cs=0 l=1 rev1=0 crypto rx=0 tx=0 comp rx=0 tx=0)._handle_peer_banner_payload supported=3 required=0
2024-03-19T03:06:56.670 INFO:teuthology.orchestra.run.smithi059.stdout:/usr/bin/ceph: stderr
2024-03-19T03:06:55.921+0000 7fc0a3fff700 1 --2- 172.21.15.59:0/1969922038 >> [v2:172.21.15.59:6800/1573642037,v1:172.21.15.59:6801/1573642037] conn(0x7fc094036720 0x7fc094038bd0 secure :-1 s=READY pgs=10 cs=0 l=1 rev1=1 crypto rx=0x7fc090009990 tx=0x7fc090006e40 comp rx=0 tx=0).ready entity=mgr.14120 client_cookie=0 server_cookie=0 in_seq=0 out_seq=0
2024-03-19T03:06:56.670 INFO:teuthology.orchestra.run.smithi059.stdout:/usr/bin/ceph: stderr
2024-03-19T03:06:55.926+0000 7fc0a17fa700 1 -- 172.21.15.59:0/1969922038 <== mon.0 v2:172.21.15.59:3300/0 6 ==== mon_command_ack([{"prefix": "get_command_descriptions"}]=0 v0) v1 ==== 72+0+175674 (secure 0 0 0) 0x7fc098023710 con 0x7fc0a4078ca0
2024-03-19T03:06:56.670 INFO:teuthology.orchestra.run.smithi059.stdout:/usr/bin/ceph: stderr
2024-03-19T03:06:56.117+0000 7fc0aaac4700 1 -- 172.21.15.59:0/1969922038 --> [v2:172.21.15.59:6800/1573642037,v1:172.21.15.59:6801/1573642037] -- mgr_command(tid 0: {"prefix": "cephadm get-pub-key", "target": ["mon-mgr", ""]}) v1 -- 0x7fc0a40ff260 con 0x7fc094036720
2024-03-19T03:06:56.670 INFO:teuthology.orchestra.run.smithi059.stdout:/usr/bin/ceph: stderr
2024-03-19T03:06:56.118+0000 7fc0a17fa700 1 -- 172.21.15.59:0/1969922038 <== mgr.14120 v2:172.21.15.59:6800/1573642037 1 ==== mgr_command_reply(tid 0: 0 ) v1 ==== 8+0+595 (secure 0 0 0) 0x7fc0a40ff260 con 0x7fc094036720
2024-03-19T03:06:56.670 INFO:teuthology.orchestra.run.smithi059.stdout:/usr/bin/ceph: stderr
2024-03-19T03:06:56.120+0000 7fc0aaac4700 1 -- 172.21.15.59:0/1969922038 >> [v2:172.21.15.59:6800/1573642037,v1:172.21.15.59:6801/1573642037] conn(0x7fc094036720 msgr2=0x7fc094038bd0 secure :-1 s=STATE_CONNECTION_ESTABLISHED l=1).mark_down
2024-03-19T03:06:56.671 INFO:teuthology.orchestra.run.smithi059.stdout:/usr/bin/ceph: stderr
2024-03-19T03:06:56.120+0000 7fc0aaac4700 1 --2- 172.21.15.59:0/1969922038 >> [v2:172.21.15.59:6800/1573642037,v1:172.21.15.59:6801/1573642037] conn(0x7fc094036720 0x7fc094038bd0 secure :-1 s=READY pgs=10 cs=0 l=1 rev1=1 crypto rx=0x7fc090009990 tx=0x7fc090006e40 comp rx=0 tx=0).stop
2024-03-19T03:06:56.671 INFO:teuthology.orchestra.run.smithi059.stdout:/usr/bin/ceph: stderr
2024-03-19T03:06:56.120+0000 7fc0aaac4700 1 -- 172.21.15.59:0/1969922038 >> [v2:172.21.15.59:3300/0,v1:172.21.15.59:6789/0] conn(0x7fc0a4078ca0 msgr2=0x7fc0a41137d0 secure :-1 s=STATE_CONNECTION_ESTABLISHED l=1).mark_down
2024-03-19T03:06:56.671 INFO:teuthology.orchestra.run.smithi059.stdout:/usr/bin/ceph: stderr
2024-03-19T03:06:56.120+0000 7fc0aaac4700 1 --2- 172.21.15.59:0/1969922038 >> [v2:172.21.15.59:3300/0,v1:172.21.15.59:6789/0] conn(0x7fc0a4078ca0 0x7fc0a41137d0 secure :-1 s=READY pgs=44 cs=0 l=1 rev1=1 crypto rx=0x7fc098006fd0 tx=0x7fc098009250 comp rx=0 tx=0).stop
2024-03-19T03:06:56.671 INFO:teuthology.orchestra.run.smithi059.stdout:/usr/bin/ceph: stderr
2024-03-19T03:06:56.120+0000 7fc0aaac4700 1 -- 172.21.15.59:0/1969922038 shutdown_connections
2024-03-19T03:06:56.671 INFO:teuthology.orchestra.run.smithi059.stdout:/usr/bin/ceph: stderr
2024-03-19T03:06:56.120+0000 7fc0aaac4700 1 --2- 172.21.15.59:0/1969922038 >> [v2:172.21.15.59:6800/1573642037,v1:172.21.15.59:6801/1573642037] conn(0x7fc094036720 0x7fc094038bd0 unknown :-1 s=CLOSED pgs=10 cs=0 l=1 rev1=1 crypto rx=0 tx=0 comp rx=0 tx=0).stop
2024-03-19T03:06:56.671 INFO:teuthology.orchestra.run.smithi059.stdout:/usr/bin/ceph: stderr
2024-03-19T03:06:56.120+0000 7fc0aaac4700 1 --2- 172.21.15.59:0/1969922038 >> [v2:172.21.15.59:3300/0,v1:172.21.15.59:6789/0] conn(0x7fc0a4078ca0 0x7fc0a41137d0 unknown :-1 s=CLOSED pgs=44 cs=0 l=1 rev1=1 crypto rx=0 tx=0 comp rx=0 tx=0).stop
2024-03-19T03:06:56.671 INFO:teuthology.orchestra.run.smithi059.stdout:/usr/bin/ceph: stderr
2024-03-19T03:06:56.120+0000 7fc0aaac4700 1 -- 172.21.15.59:0/1969922038 >> 172.21.15.59:0/1969922038 conn(0x7fc0a40fdee0 msgr2=0x7fc0a40fea90 unknown :-1 s=STATE_NONE l=0).mark_down
2024-03-19T03:06:56.671 INFO:teuthology.orchestra.run.smithi059.stdout:/usr/bin/ceph: stderr
2024-03-19T03:06:56.120+0000 7fc0aaac4700 1 -- 172.21.15.59:0/1969922038 shutdown_connections
2024-03-19T03:06:56.671 INFO:teuthology.orchestra.run.smithi059.stdout:/usr/bin/ceph: stderr
2024-03-19T03:06:56.120+0000 7fc0aaac4700 1 -- 172.21.15.59:0/1969922038 wait complete.
2024-03-19T03:06:56.671 INFO:teuthology.orchestra.run.smithi059.stdout:Wrote public SSH key to /home/ubuntu/cephtest/ceph.pub
2024-03-19T03:06:56.671 INFO:teuthology.orchestra.run.smithi059.stdout:Adding key to root@localhost authorized_keys...
2024-03-19T03:06:56.671 INFO:teuthology.orchestra.run.smithi059.stdout:Adding host smithi059...
2024-03-19T03:06:57.051 INFO:journalctl@ceph.mon.smithi059.smithi059.stdout:Mar 19 03:06:56 smithi059 ceph-mon[29133]: from='client.14138 -' entity='client.admin' cmd=[{"prefix": "cephadm get-pub-key", "target": ["mon-mgr", ""]}]: dispatch
2024-03-19T03:06:58.504 INFO:journalctl@ceph.mon.smithi059.smithi059.stdout:Mar 19 03:06:58 smithi059 ceph-mon[29133]: from='client.14140 -' entity='client.admin' cmd=[{"prefix": "orch host add", "hostname": "smithi059", "addr": "172.21.15.59", "target": ["mon-mgr", ""]}]: dispatch
2024-03-19T03:06:58.504 INFO:journalctl@ceph.mon.smithi059.smithi059.stdout:Mar 19 03:06:58 smithi059 ceph-mon[29133]: Deploying cephadm binary to smithi059
2024-03-19T03:07:00.006 INFO:teuthology.orchestra.run.smithi059.stdout:/usr/bin/ceph: stdout Added host 'smithi059' with addr '172.21.15.59'
2024-03-19T03:07:00.006 INFO:teuthology.orchestra.run.smithi059.stdout:/usr/bin/ceph: stderr
2024-03-19T03:06:57.076+0000 7fa21cbc8700 1 Processor -- start
2024-03-19T03:07:00.006 INFO:teuthology.orchestra.run.smithi059.stdout:/usr/bin/ceph: stderr
2024-03-19T03:06:57.076+0000 7fa21cbc8700 1 -- start start
2024-03-19T03:07:00.006 INFO:teuthology.orchestra.run.smithi059.stdout:/usr/bin/ceph: stderr
2024-03-19T03:06:57.076+0000 7fa21cbc8700 1 --2- >> [v2:172.21.15.59:3300/0,v1:172.21.15.59:6789/0] conn(0x7fa218102cc0 0x7fa2181030d0 unknown :-1 s=NONE pgs=0 cs=0 l=0 rev1=0 crypto rx=0 tx=0 comp rx=0 tx=0).connect
2024-03-19T03:07:00.006 INFO:teuthology.orchestra.run.smithi059.stdout:/usr/bin/ceph: stderr
2024-03-19T03:06:57.076+0000 7fa21cbc8700 1 -- --> [v2:172.21.15.59:3300/0,v1:172.21.15.59:6789/0] -- mon_getmap magic: 0 v1 -- 0x7fa218103610 con 0x7fa218102cc0
2024-03-19T03:07:00.006 INFO:teuthology.orchestra.run.smithi059.stdout:/usr/bin/ceph: stderr
2024-03-19T03:06:57.077+0000 7fa21659c700 1 --2- >> [v2:172.21.15.59:3300/0,v1:172.21.15.59:6789/0] conn(0x7fa218102cc0 0x7fa2181030d0 unknown :-1 s=BANNER_CONNECTING pgs=0 cs=0 l=0 rev1=0 crypto rx=0 tx=0 comp rx=0 tx=0)._handle_peer_banner_payload supported=3 required=0
2024-03-19T03:07:00.006 INFO:teuthology.orchestra.run.smithi059.stdout:/usr/bin/ceph: stderr
2024-03-19T03:06:57.077+0000 7fa21659c700 1 --2- >> [v2:172.21.15.59:3300/0,v1:172.21.15.59:6789/0] conn(0x7fa218102cc0 0x7fa2181030d0 unknown :-1 s=HELLO_CONNECTING pgs=0 cs=0 l=0 rev1=1 crypto rx=0 tx=0 comp rx=0 tx=0).handle_hello peer v2:172.21.15.59:3300/0 says I am v2:172.21.15.59:51260/0 (socket says 172.21.15.59:51260)
2024-03-19T03:07:00.007 INFO:teuthology.orchestra.run.smithi059.stdout:/usr/bin/ceph: stderr
2024-03-19T03:06:57.077+0000 7fa21659c700 1 -- 172.21.15.59:0/3684717679 learned_addr learned my addr 172.21.15.59:0/3684717679 (peer_addr_for_me v2:172.21.15.59:0/0)
2024-03-19T03:07:00.007 INFO:teuthology.orchestra.run.smithi059.stdout:/usr/bin/ceph: stderr
2024-03-19T03:06:57.077+0000 7fa21659c700 1 -- 172.21.15.59:0/3684717679 --> [v2:172.21.15.59:3300/0,v1:172.21.15.59:6789/0] -- mon_subscribe({config=0+,monmap=0+}) v3 -- 0x7fa218103750 con 0x7fa218102cc0
2024-03-19T03:07:00.007 INFO:teuthology.orchestra.run.smithi059.stdout:/usr/bin/ceph: stderr
2024-03-19T03:06:57.077+0000 7fa21659c700 1 --2- 172.21.15.59:0/3684717679 >> [v2:172.21.15.59:3300/0,v1:172.21.15.59:6789/0] conn(0x7fa218102cc0 0x7fa2181030d0 secure :-1 s=READY pgs=45 cs=0 l=1 rev1=1 crypto rx=0x7fa20c0098e0 tx=0x7fa20c009250 comp rx=0 tx=0).ready entity=mon.0 client_cookie=96c3ebc8d64c694b server_cookie=0 in_seq=0 out_seq=0
2024-03-19T03:07:00.007 INFO:teuthology.orchestra.run.smithi059.stdout:/usr/bin/ceph: stderr
2024-03-19T03:06:57.077+0000 7fa21559a700 1 -- 172.21.15.59:0/3684717679 <== mon.0 v2:172.21.15.59:3300/0 1 ==== mon_map magic: 0 v1 ==== 229+0+0 (secure 0 0 0) 0x7fa20c00b8f0 con 0x7fa218102cc0
2024-03-19T03:07:00.007 INFO:teuthology.orchestra.run.smithi059.stdout:/usr/bin/ceph: stderr
2024-03-19T03:06:57.077+0000 7fa21559a700 1 -- 172.21.15.59:0/3684717679 <== mon.0 v2:172.21.15.59:3300/0 2 ==== config(27 keys) v1 ==== 1044+0+0 (secure 0 0 0) 0x7fa20c011420 con 0x7fa218102cc0
2024-03-19T03:07:00.007 INFO:teuthology.orchestra.run.smithi059.stdout:/usr/bin/ceph: stderr
2024-03-19T03:06:57.077+0000 7fa21559a700 1 -- 172.21.15.59:0/3684717679 <== mon.0 v2:172.21.15.59:3300/0 3 ==== mon_map magic: 0 v1 ==== 229+0+0 (secure 0 0 0) 0x7fa20c010540 con 0x7fa218102cc0
2024-03-19T03:07:00.007 INFO:teuthology.orchestra.run.smithi059.stdout:/usr/bin/ceph: stderr
2024-03-19T03:06:57.078+0000 7fa21cbc8700 1 -- 172.21.15.59:0/3684717679 >> [v2:172.21.15.59:3300/0,v1:172.21.15.59:6789/0] conn(0x7fa218102cc0 msgr2=0x7fa2181030d0 secure :-1 s=STATE_CONNECTION_ESTABLISHED l=1).mark_down
2024-03-19T03:07:00.007 INFO:teuthology.orchestra.run.smithi059.stdout:/usr/bin/ceph: stderr
2024-03-19T03:06:57.078+0000 7fa21cbc8700 1 --2- 172.21.15.59:0/3684717679 >> [v2:172.21.15.59:3300/0,v1:172.21.15.59:6789/0] conn(0x7fa218102cc0 0x7fa2181030d0 secure :-1 s=READY pgs=45 cs=0 l=1 rev1=1 crypto rx=0x7fa20c0098e0 tx=0x7fa20c009250 comp rx=0 tx=0).stop
2024-03-19T03:07:00.007 INFO:teuthology.orchestra.run.smithi059.stdout:/usr/bin/ceph: stderr
2024-03-19T03:06:57.078+0000 7fa21cbc8700 1 -- 172.21.15.59:0/3684717679 shutdown_connections
2024-03-19T03:07:00.007 INFO:teuthology.orchestra.run.smithi059.stdout:/usr/bin/ceph: stderr
2024-03-19T03:06:57.078+0000 7fa21cbc8700 1 --2- 172.21.15.59:0/3684717679 >> [v2:172.21.15.59:3300/0,v1:172.21.15.59:6789/0] conn(0x7fa218102cc0 0x7fa2181030d0 unknown :-1 s=CLOSED pgs=45 cs=0 l=1 rev1=1 crypto rx=0 tx=0 comp rx=0 tx=0).stop
2024-03-19T03:07:00.007 INFO:teuthology.orchestra.run.smithi059.stdout:/usr/bin/ceph: stderr
2024-03-19T03:06:57.078+0000 7fa21cbc8700 1 -- 172.21.15.59:0/3684717679 >> 172.21.15.59:0/3684717679 conn(0x7fa2180fc4d0 msgr2=0x7fa2180fe8e0 unknown :-1 s=STATE_NONE l=0).mark_down
2024-03-19T03:07:00.007 INFO:teuthology.orchestra.run.smithi059.stdout:/usr/bin/ceph: stderr
2024-03-19T03:06:57.078+0000 7fa21cbc8700 1 -- 172.21.15.59:0/3684717679 shutdown_connections
2024-03-19T03:07:00.007 INFO:teuthology.orchestra.run.smithi059.stdout:/usr/bin/ceph: stderr
2024-03-19T03:06:57.078+0000 7fa21cbc8700 1 -- 172.21.15.59:0/3684717679 wait complete.
2024-03-19T03:07:00.008 INFO:teuthology.orchestra.run.smithi059.stdout:/usr/bin/ceph: stderr
2024-03-19T03:06:57.078+0000 7fa21cbc8700 1 Processor -- start
2024-03-19T03:07:00.008 INFO:teuthology.orchestra.run.smithi059.stdout:/usr/bin/ceph: stderr
2024-03-19T03:06:57.079+0000 7fa21cbc8700 1 -- start start
2024-03-19T03:07:00.008 INFO:teuthology.orchestra.run.smithi059.stdout:/usr/bin/ceph: stderr
2024-03-19T03:06:57.079+0000 7fa21cbc8700 1 --2- >> [v2:172.21.15.59:3300/0,v1:172.21.15.59:6789/0] conn(0x7fa218102cc0 0x7fa2181137e0 unknown :-1 s=NONE pgs=0 cs=0 l=1 rev1=0 crypto rx=0 tx=0 comp rx=0 tx=0).connect
2024-03-19T03:07:00.008 INFO:teuthology.orchestra.run.smithi059.stdout:/usr/bin/ceph: stderr
2024-03-19T03:06:57.079+0000 7fa21cbc8700 1 -- --> [v2:172.21.15.59:3300/0,v1:172.21.15.59:6789/0] -- mon_getmap magic: 0 v1 -- 0x7fa218113d20 con 0x7fa218102cc0
2024-03-19T03:07:00.008 INFO:teuthology.orchestra.run.smithi059.stdout:/usr/bin/ceph: stderr
2024-03-19T03:06:57.079+0000 7fa21659c700 1 --2- >> [v2:172.21.15.59:3300/0,v1:172.21.15.59:6789/0] conn(0x7fa218102cc0 0x7fa2181137e0 unknown :-1 s=BANNER_CONNECTING pgs=0 cs=0 l=1 rev1=0 crypto rx=0 tx=0 comp rx=0 tx=0)._handle_peer_banner_payload supported=3 required=0
2024-03-19T03:07:00.008 INFO:teuthology.orchestra.run.smithi059.stdout:/usr/bin/ceph: stderr
2024-03-19T03:06:57.079+0000 7fa21659c700 1 --2- >> [v2:172.21.15.59:3300/0,v1:172.21.15.59:6789/0] conn(0x7fa218102cc0 0x7fa2181137e0 unknown :-1 s=HELLO_CONNECTING pgs=0 cs=0 l=1 rev1=1 crypto rx=0 tx=0 comp rx=0 tx=0).handle_hello peer v2:172.21.15.59:3300/0 says I am v2:172.21.15.59:51274/0 (socket says 172.21.15.59:51274)
2024-03-19T03:07:00.008 INFO:teuthology.orchestra.run.smithi059.stdout:/usr/bin/ceph: stderr
2024-03-19T03:06:57.079+0000 7fa21659c700 1 -- 172.21.15.59:0/4185112482 learned_addr learned my addr 172.21.15.59:0/4185112482 (peer_addr_for_me v2:172.21.15.59:0/0)
2024-03-19T03:07:00.008 INFO:teuthology.orchestra.run.smithi059.stdout:/usr/bin/ceph: stderr
2024-03-19T03:06:57.079+0000 7fa21659c700 1 -- 172.21.15.59:0/4185112482 --> [v2:172.21.15.59:3300/0,v1:172.21.15.59:6789/0] -- mon_subscribe({config=0+,monmap=0+}) v3 -- 0x7fa20c0094f0 con 0x7fa218102cc0
2024-03-19T03:07:00.008 INFO:teuthology.orchestra.run.smithi059.stdout:/usr/bin/ceph: stderr
2024-03-19T03:06:57.079+0000 7fa21659c700 1 --2- 172.21.15.59:0/4185112482 >> [v2:172.21.15.59:3300/0,v1:172.21.15.59:6789/0] conn(0x7fa218102cc0 0x7fa2181137e0 secure :-1 s=READY pgs=46 cs=0 l=1 rev1=1 crypto rx=0x7fa20c010760 tx=0x7fa20c009250 comp rx=0 tx=0).ready entity=mon.0 client_cookie=0 server_cookie=0 in_seq=0 out_seq=0
2024-03-19T03:07:00.008 INFO:teuthology.orchestra.run.smithi059.stdout:/usr/bin/ceph: stderr
2024-03-19T03:06:57.079+0000 7fa206ffd700 1 -- 172.21.15.59:0/4185112482 <== mon.0 v2:172.21.15.59:3300/0 1 ==== mon_map magic: 0 v1 ==== 229+0+0 (secure 0 0 0) 0x7fa20c010800 con 0x7fa218102cc0
2024-03-19T03:07:00.008 INFO:teuthology.orchestra.run.smithi059.stdout:/usr/bin/ceph: stderr
2024-03-19T03:06:57.079+0000 7fa206ffd700 1 -- 172.21.15.59:0/4185112482 <== mon.0 v2:172.21.15.59:3300/0 2 ==== config(27 keys) v1 ==== 1044+0+0 (secure 0 0 0) 0x7fa20c010df0 con 0x7fa218102cc0
2024-03-19T03:07:00.008 INFO:teuthology.orchestra.run.smithi059.stdout:/usr/bin/ceph: stderr
2024-03-19T03:06:57.079+0000 7fa21cbc8700 1 -- 172.21.15.59:0/4185112482 --> [v2:172.21.15.59:3300/0,v1:172.21.15.59:6789/0] -- mon_subscribe({mgrmap=0+}) v3 -- 0x7fa218113f20 con 0x7fa218102cc0
2024-03-19T03:07:00.008 INFO:teuthology.orchestra.run.smithi059.stdout:/usr/bin/ceph: stderr
2024-03-19T03:06:57.079+0000 7fa206ffd700 1 -- 172.21.15.59:0/4185112482 <== mon.0 v2:172.21.15.59:3300/0 3 ==== mon_map magic: 0 v1 ==== 229+0+0 (secure 0 0 0) 0x7fa20c0193c0 con 0x7fa218102cc0
2024-03-19T03:07:00.008 INFO:teuthology.orchestra.run.smithi059.stdout:/usr/bin/ceph: stderr
2024-03-19T03:06:57.079+0000 7fa21cbc8700 1 -- 172.21.15.59:0/4185112482 --> [v2:172.21.15.59:3300/0,v1:172.21.15.59:6789/0] -- mon_subscribe({osdmap=0}) v3 -- 0x7fa218114a90 con 0x7fa218102cc0
2024-03-19T03:07:00.009 INFO:teuthology.orchestra.run.smithi059.stdout:/usr/bin/ceph: stderr
2024-03-19T03:06:57.080+0000 7fa21cbc8700 1 -- 172.21.15.59:0/4185112482 --> [v2:172.21.15.59:3300/0,v1:172.21.15.59:6789/0] -- mon_command({"prefix": "get_command_descriptions"} v 0) v1 -- 0x7fa21805f5f0 con 0x7fa218102cc0
2024-03-19T03:07:00.009 INFO:teuthology.orchestra.run.smithi059.stdout:/usr/bin/ceph: stderr
2024-03-19T03:06:57.081+0000 7fa206ffd700 1 -- 172.21.15.59:0/4185112482 <== mon.0 v2:172.21.15.59:3300/0 4 ==== mgrmap(e 8) v1 ==== 43368+0+0 (secure 0 0 0) 0x7fa20c010960 con 0x7fa218102cc0
2024-03-19T03:07:00.009 INFO:teuthology.orchestra.run.smithi059.stdout:/usr/bin/ceph: stderr
2024-03-19T03:06:57.081+0000 7fa206ffd700 1 --2- 172.21.15.59:0/4185112482 >> [v2:172.21.15.59:6800/1573642037,v1:172.21.15.59:6801/1573642037] conn(0x7fa200036790 0x7fa200038c40 unknown :-1 s=NONE pgs=0 cs=0 l=1 rev1=0 crypto rx=0 tx=0 comp rx=0 tx=0).connect
2024-03-19T03:07:00.009 INFO:teuthology.orchestra.run.smithi059.stdout:/usr/bin/ceph: stderr
2024-03-19T03:06:57.081+0000 7fa206ffd700 1 -- 172.21.15.59:0/4185112482 <== mon.0 v2:172.21.15.59:3300/0 5 ==== osd_map(2..2 src has 1..2) v4 ==== 936+0+0 (secure 0 0 0) 0x7fa20c04a660 con 0x7fa218102cc0
2024-03-19T03:07:00.009 INFO:teuthology.orchestra.run.smithi059.stdout:/usr/bin/ceph: stderr
2024-03-19T03:06:57.081+0000 7fa215d9b700 1 --2- 172.21.15.59:0/4185112482 >> [v2:172.21.15.59:6800/1573642037,v1:172.21.15.59:6801/1573642037] conn(0x7fa200036790 0x7fa200038c40 unknown :-1 s=BANNER_CONNECTING pgs=0 cs=0 l=1 rev1=0 crypto rx=0 tx=0 comp rx=0 tx=0)._handle_peer_banner_payload supported=3 required=0
2024-03-19T03:07:00.009 INFO:teuthology.orchestra.run.smithi059.stdout:/usr/bin/ceph: stderr
2024-03-19T03:06:57.081+0000 7fa215d9b700 1 --2- 172.21.15.59:0/4185112482 >> [v2:172.21.15.59:6800/1573642037,v1:172.21.15.59:6801/1573642037] conn(0x7fa200036790 0x7fa200038c40 secure :-1 s=READY pgs=11 cs=0 l=1 rev1=1 crypto rx=0x7fa208009990 tx=0x7fa208006e40 comp rx=0 tx=0).ready entity=mgr.14120 client_cookie=0 server_cookie=0 in_seq=0 out_seq=0
2024-03-19T03:07:00.010 INFO:teuthology.orchestra.run.smithi059.stdout:/usr/bin/ceph: stderr
2024-03-19T03:06:57.089+0000 7fa206ffd700 1 -- 172.21.15.59:0/4185112482 <== mon.0 v2:172.21.15.59:3300/0 6 ==== mon_command_ack([{"prefix": "get_command_descriptions"}]=0 v0) v1 ==== 72+0+175674 (secure 0 0 0) 0x7fa20c022340 con 0x7fa218102cc0
2024-03-19T03:07:00.010 INFO:teuthology.orchestra.run.smithi059.stdout:/usr/bin/ceph: stderr
2024-03-19T03:06:57.285+0000 7fa21cbc8700 1 -- 172.21.15.59:0/4185112482 --> [v2:172.21.15.59:6800/1573642037,v1:172.21.15.59:6801/1573642037] -- mgr_command(tid 0: {"prefix": "orch host add", "hostname": "smithi059", "addr": "172.21.15.59", "target": ["mon-mgr", ""]}) v1 -- 0x7fa2180fd8a0 con 0x7fa200036790
2024-03-19T03:07:00.010 INFO:teuthology.orchestra.run.smithi059.stdout:/usr/bin/ceph: stderr
2024-03-19T03:06:59.368+0000 7fa206ffd700 1 -- 172.21.15.59:0/4185112482 <== mgr.14120 v2:172.21.15.59:6800/1573642037 1 ==== mgr_command_reply(tid 0: 0 ) v1 ==== 8+0+48 (secure 0 0 0) 0x7fa2180fd8a0 con 0x7fa200036790
2024-03-19T03:07:00.010 INFO:teuthology.orchestra.run.smithi059.stdout:/usr/bin/ceph: stderr
2024-03-19T03:06:59.370+0000 7fa21cbc8700 1 -- 172.21.15.59:0/4185112482 >> [v2:172.21.15.59:6800/1573642037,v1:172.21.15.59:6801/1573642037] conn(0x7fa200036790 msgr2=0x7fa200038c40 secure :-1 s=STATE_CONNECTION_ESTABLISHED l=1).mark_down
2024-03-19T03:07:00.010 INFO:teuthology.orchestra.run.smithi059.stdout:/usr/bin/ceph: stderr
2024-03-19T03:06:59.370+0000 7fa21cbc8700 1 --2- 172.21.15.59:0/4185112482 >> [v2:172.21.15.59:6800/1573642037,v1:172.21.15.59:6801/1573642037] conn(0x7fa200036790 0x7fa200038c40 secure :-1 s=READY pgs=11 cs=0 l=1 rev1=1 crypto rx=0x7fa208009990 tx=0x7fa208006e40 comp rx=0 tx=0).stop
2024-03-19T03:07:00.010 INFO:teuthology.orchestra.run.smithi059.stdout:/usr/bin/ceph: stderr
2024-03-19T03:06:59.370+0000 7fa21cbc8700 1 -- 172.21.15.59:0/4185112482 >> [v2:172.21.15.59:3300/0,v1:172.21.15.59:6789/0] conn(0x7fa218102cc0 msgr2=0x7fa2181137e0 secure :-1 s=STATE_CONNECTION_ESTABLISHED l=1).mark_down
2024-03-19T03:07:00.010 INFO:teuthology.orchestra.run.smithi059.stdout:/usr/bin/ceph: stderr
2024-03-19T03:06:59.370+0000 7fa21cbc8700 1 --2- 172.21.15.59:0/4185112482 >> [v2:172.21.15.59:3300/0,v1:172.21.15.59:6789/0] conn(0x7fa218102cc0 0x7fa2181137e0 secure :-1 s=READY pgs=46 cs=0 l=1 rev1=1 crypto rx=0x7fa20c010760 tx=0x7fa20c009250 comp rx=0 tx=0).stop
2024-03-19T03:07:00.010 INFO:teuthology.orchestra.run.smithi059.stdout:/usr/bin/ceph: stderr
2024-03-19T03:06:59.370+0000 7fa21cbc8700 1 -- 172.21.15.59:0/4185112482 shutdown_connections
2024-03-19T03:07:00.010 INFO:teuthology.orchestra.run.smithi059.stdout:/usr/bin/ceph: stderr
2024-03-19T03:06:59.370+0000 7fa21cbc8700 1 --2- 172.21.15.59:0/4185112482 >> [v2:172.21.15.59:6800/1573642037,v1:172.21.15.59:6801/1573642037] conn(0x7fa200036790 0x7fa200038c40 unknown :-1 s=CLOSED pgs=11 cs=0 l=1 rev1=1 crypto rx=0 tx=0 comp rx=0 tx=0).stop
2024-03-19T03:07:00.010 INFO:teuthology.orchestra.run.smithi059.stdout:/usr/bin/ceph: stderr
2024-03-19T03:06:59.370+0000 7fa21cbc8700 1 --2- 172.21.15.59:0/4185112482 >> [v2:172.21.15.59:3300/0,v1:172.21.15.59:6789/0] conn(0x7fa218102cc0 0x7fa2181137e0 unknown :-1 s=CLOSED pgs=46 cs=0 l=1 rev1=1 crypto rx=0 tx=0 comp rx=0 tx=0).stop
2024-03-19T03:07:00.011 INFO:teuthology.orchestra.run.smithi059.stdout:/usr/bin/ceph: stderr
2024-03-19T03:06:59.370+0000 7fa21cbc8700 1 -- 172.21.15.59:0/4185112482 >> 172.21.15.59:0/4185112482 conn(0x7fa2180fc4d0 msgr2=0x7fa2180fd0d0 unknown :-1 s=STATE_NONE l=0).mark_down
2024-03-19T03:07:00.011 INFO:teuthology.orchestra.run.smithi059.stdout:/usr/bin/ceph: stderr
2024-03-19T03:06:59.371+0000 7fa21cbc8700 1 -- 172.21.15.59:0/4185112482 shutdown_connections
2024-03-19T03:07:00.011 INFO:teuthology.orchestra.run.smithi059.stdout:/usr/bin/ceph: stderr
2024-03-19T03:06:59.371+0000 7fa21cbc8700 1 -- 172.21.15.59:0/4185112482 wait complete.
2024-03-19T03:07:00.011 INFO:teuthology.orchestra.run.smithi059.stdout:Deploying mon service with default placement...
2024-03-19T03:07:00.589 INFO:journalctl@ceph.mon.smithi059.smithi059.stdout:Mar 19 03:07:00 smithi059 ceph-mon[29133]: from='mgr.14120 172.21.15.59:0/1073659959' entity='mgr.smithi059.azpecc'
2024-03-19T03:07:00.589 INFO:journalctl@ceph.mon.smithi059.smithi059.stdout:Mar 19 03:07:00 smithi059 ceph-mon[29133]: Added host smithi059
2024-03-19T03:07:00.589 INFO:journalctl@ceph.mon.smithi059.smithi059.stdout:Mar 19 03:07:00 smithi059 ceph-mon[29133]: from='mgr.14120 172.21.15.59:0/1073659959' entity='mgr.smithi059.azpecc' cmd=[{"prefix": "config dump", "format": "json"}]: dispatch
2024-03-19T03:07:01.206 INFO:teuthology.orchestra.run.smithi059.stdout:/usr/bin/ceph: stdout Scheduled mon update...
2024-03-19T03:07:01.206 INFO:teuthology.orchestra.run.smithi059.stdout:/usr/bin/ceph: stderr
2024-03-19T03:07:00.406+0000 7fe55e786700 1 Processor -- start
2024-03-19T03:07:01.206 INFO:teuthology.orchestra.run.smithi059.stdout:/usr/bin/ceph: stderr
2024-03-19T03:07:00.406+0000 7fe55e786700 1 -- start start
2024-03-19T03:07:01.206 INFO:teuthology.orchestra.run.smithi059.stdout:/usr/bin/ceph: stderr
2024-03-19T03:07:00.407+0000 7fe55e786700 1 --2- >> [v2:172.21.15.59:3300/0,v1:172.21.15.59:6789/0] conn(0x7fe558102be0 0x7fe558102ff0 unknown :-1 s=NONE pgs=0 cs=0 l=0 rev1=0 crypto rx=0 tx=0 comp rx=0 tx=0).connect
2024-03-19T03:07:01.206 INFO:teuthology.orchestra.run.smithi059.stdout:/usr/bin/ceph: stderr
2024-03-19T03:07:00.407+0000 7fe55e786700 1 -- --> [v2:172.21.15.59:3300/0,v1:172.21.15.59:6789/0] -- mon_getmap magic: 0 v1 -- 0x7fe558103530 con 0x7fe558102be0
2024-03-19T03:07:01.206 INFO:teuthology.orchestra.run.smithi059.stdout:/usr/bin/ceph: stderr
2024-03-19T03:07:00.407+0000 7fe557fff700 1 --2- >> [v2:172.21.15.59:3300/0,v1:172.21.15.59:6789/0] conn(0x7fe558102be0 0x7fe558102ff0 unknown :-1 s=BANNER_CONNECTING pgs=0 cs=0 l=0 rev1=0 crypto rx=0 tx=0 comp rx=0 tx=0)._handle_peer_banner_payload supported=3 required=0
2024-03-19T03:07:01.206 INFO:teuthology.orchestra.run.smithi059.stdout:/usr/bin/ceph: stderr
2024-03-19T03:07:00.407+0000 7fe557fff700 1 --2- >> [v2:172.21.15.59:3300/0,v1:172.21.15.59:6789/0] conn(0x7fe558102be0 0x7fe558102ff0 unknown :-1 s=HELLO_CONNECTING pgs=0 cs=0 l=0 rev1=1 crypto rx=0 tx=0 comp rx=0 tx=0).handle_hello peer v2:172.21.15.59:3300/0 says I am v2:172.21.15.59:51280/0 (socket says 172.21.15.59:51280)
2024-03-19T03:07:01.207 INFO:teuthology.orchestra.run.smithi059.stdout:/usr/bin/ceph: stderr
2024-03-19T03:07:00.407+0000 7fe557fff700 1 -- 172.21.15.59:0/3859803530 learned_addr learned my addr 172.21.15.59:0/3859803530 (peer_addr_for_me v2:172.21.15.59:0/0)
2024-03-19T03:07:01.207 INFO:teuthology.orchestra.run.smithi059.stdout:/usr/bin/ceph: stderr
2024-03-19T03:07:00.407+0000 7fe557fff700 1 -- 172.21.15.59:0/3859803530 --> [v2:172.21.15.59:3300/0,v1:172.21.15.59:6789/0] -- mon_subscribe({config=0+,monmap=0+}) v3 -- 0x7fe558103670 con 0x7fe558102be0
2024-03-19T03:07:01.207 INFO:teuthology.orchestra.run.smithi059.stdout:/usr/bin/ceph: stderr
2024-03-19T03:07:00.407+0000 7fe557fff700 1 --2- 172.21.15.59:0/3859803530 >> [v2:172.21.15.59:3300/0,v1:172.21.15.59:6789/0] conn(0x7fe558102be0 0x7fe558102ff0 secure :-1 s=READY pgs=47 cs=0 l=1 rev1=1 crypto rx=0x7fe5480098e0 tx=0x7fe548009250 comp rx=0 tx=0).ready entity=mon.0 client_cookie=28f985fa07b05598 server_cookie=0 in_seq=0 out_seq=0
2024-03-19T03:07:01.207 INFO:teuthology.orchestra.run.smithi059.stdout:/usr/bin/ceph: stderr
2024-03-19T03:07:00.407+0000 7fe556ffd700 1 -- 172.21.15.59:0/3859803530 <== mon.0 v2:172.21.15.59:3300/0 1 ==== mon_map magic: 0 v1 ==== 229+0+0 (secure 0 0 0) 0x7fe54800b860 con 0x7fe558102be0
2024-03-19T03:07:01.207 INFO:teuthology.orchestra.run.smithi059.stdout:/usr/bin/ceph: stderr
2024-03-19T03:07:00.407+0000 7fe556ffd700 1 -- 172.21.15.59:0/3859803530 <== mon.0 v2:172.21.15.59:3300/0 2 ==== config(27 keys) v1 ==== 1044+0+0 (secure 0 0 0) 0x7fe54800be50 con 0x7fe558102be0
2024-03-19T03:07:01.207 INFO:teuthology.orchestra.run.smithi059.stdout:/usr/bin/ceph: stderr
2024-03-19T03:07:00.407+0000 7fe556ffd700 1 -- 172.21.15.59:0/3859803530 <== mon.0 v2:172.21.15.59:3300/0 3 ==== mon_map magic: 0 v1 ==== 229+0+0 (secure 0 0 0) 0x7fe548010380 con 0x7fe558102be0
2024-03-19T03:07:01.207 INFO:teuthology.orchestra.run.smithi059.stdout:/usr/bin/ceph: stderr
2024-03-19T03:07:00.408+0000 7fe55e786700 1 -- 172.21.15.59:0/3859803530 >> [v2:172.21.15.59:3300/0,v1:172.21.15.59:6789/0] conn(0x7fe558102be0 msgr2=0x7fe558102ff0 secure :-1 s=STATE_CONNECTION_ESTABLISHED l=1).mark_down
2024-03-19T03:07:01.207 INFO:teuthology.orchestra.run.smithi059.stdout:/usr/bin/ceph: stderr
2024-03-19T03:07:00.408+0000 7fe55e786700 1 --2- 172.21.15.59:0/3859803530 >> [v2:172.21.15.59:3300/0,v1:172.21.15.59:6789/0] conn(0x7fe558102be0 0x7fe558102ff0 secure :-1 s=READY pgs=47 cs=0 l=1 rev1=1 crypto rx=0x7fe5480098e0 tx=0x7fe548009250 comp rx=0 tx=0).stop
2024-03-19T03:07:01.207 INFO:teuthology.orchestra.run.smithi059.stdout:/usr/bin/ceph: stderr
2024-03-19T03:07:00.408+0000 7fe55e786700 1 -- 172.21.15.59:0/3859803530 shutdown_connections
2024-03-19T03:07:01.207 INFO:teuthology.orchestra.run.smithi059.stdout:/usr/bin/ceph: stderr
2024-03-19T03:07:00.408+0000 7fe55e786700 1 --2- 172.21.15.59:0/3859803530 >> [v2:172.21.15.59:3300/0,v1:172.21.15.59:6789/0] conn(0x7fe558102be0 0x7fe558102ff0 unknown :-1 s=CLOSED pgs=47 cs=0 l=1 rev1=1 crypto rx=0 tx=0 comp rx=0 tx=0).stop
2024-03-19T03:07:01.207 INFO:teuthology.orchestra.run.smithi059.stdout:/usr/bin/ceph: stderr
2024-03-19T03:07:00.408+0000 7fe55e786700 1 -- 172.21.15.59:0/3859803530 >> 172.21.15.59:0/3859803530 conn(0x7fe5580fc500 msgr2=0x7fe5580fe910 unknown :-1 s=STATE_NONE l=0).mark_down
2024-03-19T03:07:01.207 INFO:teuthology.orchestra.run.smithi059.stdout:/usr/bin/ceph: stderr
2024-03-19T03:07:00.408+0000 7fe55e786700 1 -- 172.21.15.59:0/3859803530 shutdown_connections
2024-03-19T03:07:01.207 INFO:teuthology.orchestra.run.smithi059.stdout:/usr/bin/ceph: stderr
2024-03-19T03:07:00.408+0000 7fe55e786700 1 -- 172.21.15.59:0/3859803530 wait complete.
2024-03-19T03:07:01.207 INFO:teuthology.orchestra.run.smithi059.stdout:/usr/bin/ceph: stderr
2024-03-19T03:07:00.409+0000 7fe55e786700 1 Processor -- start
2024-03-19T03:07:01.208 INFO:teuthology.orchestra.run.smithi059.stdout:/usr/bin/ceph: stderr
2024-03-19T03:07:00.409+0000 7fe55e786700 1 -- start start
2024-03-19T03:07:01.208 INFO:teuthology.orchestra.run.smithi059.stdout:/usr/bin/ceph: stderr
2024-03-19T03:07:00.409+0000 7fe55e786700 1 --2- >> [v2:172.21.15.59:3300/0,v1:172.21.15.59:6789/0] conn(0x7fe558102be0 0x7fe558110440 unknown :-1 s=NONE pgs=0 cs=0 l=1 rev1=0 crypto rx=0 tx=0 comp rx=0 tx=0).connect
2024-03-19T03:07:01.208 INFO:teuthology.orchestra.run.smithi059.stdout:/usr/bin/ceph: stderr
2024-03-19T03:07:00.409+0000 7fe55e786700 1 -- --> [v2:172.21.15.59:3300/0,v1:172.21.15.59:6789/0] -- mon_getmap magic: 0 v1 -- 0x7fe558110980 con 0x7fe558102be0
2024-03-19T03:07:01.208 INFO:teuthology.orchestra.run.smithi059.stdout:/usr/bin/ceph: stderr
2024-03-19T03:07:00.409+0000 7fe557fff700 1 --2- >> [v2:172.21.15.59:3300/0,v1:172.21.15.59:6789/0] conn(0x7fe558102be0 0x7fe558110440 unknown :-1 s=BANNER_CONNECTING pgs=0 cs=0 l=1 rev1=0 crypto rx=0 tx=0 comp rx=0 tx=0)._handle_peer_banner_payload supported=3 required=0
2024-03-19T03:07:01.208 INFO:teuthology.orchestra.run.smithi059.stdout:/usr/bin/ceph: stderr
2024-03-19T03:07:00.409+0000 7fe557fff700 1 --2- >> [v2:172.21.15.59:3300/0,v1:172.21.15.59:6789/0] conn(0x7fe558102be0 0x7fe558110440 unknown :-1 s=HELLO_CONNECTING pgs=0 cs=0 l=1 rev1=1 crypto rx=0 tx=0 comp rx=0 tx=0).handle_hello peer v2:172.21.15.59:3300/0 says I am v2:172.21.15.59:51284/0 (socket says 172.21.15.59:51284)
2024-03-19T03:07:01.208 INFO:teuthology.orchestra.run.smithi059.stdout:/usr/bin/ceph: stderr
2024-03-19T03:07:00.409+0000 7fe557fff700 1 -- 172.21.15.59:0/1349394188 learned_addr learned my addr 172.21.15.59:0/1349394188 (peer_addr_for_me v2:172.21.15.59:0/0)
2024-03-19T03:07:01.208 INFO:teuthology.orchestra.run.smithi059.stdout:/usr/bin/ceph: stderr
2024-03-19T03:07:00.409+0000 7fe557fff700 1 -- 172.21.15.59:0/1349394188 --> [v2:172.21.15.59:3300/0,v1:172.21.15.59:6789/0] -- mon_subscribe({config=0+,monmap=0+}) v3 -- 0x7fe5480094f0 con 0x7fe558102be0
2024-03-19T03:07:01.208 INFO:teuthology.orchestra.run.smithi059.stdout:/usr/bin/ceph: stderr
2024-03-19T03:07:00.410+0000 7fe557fff700 1 --2- 172.21.15.59:0/1349394188 >> [v2:172.21.15.59:3300/0,v1:172.21.15.59:6789/0] conn(0x7fe558102be0 0x7fe558110440 secure :-1 s=READY pgs=48 cs=0 l=1 rev1=1 crypto rx=0x7fe54800b440 tx=0x7fe548009250 comp rx=0 tx=0).ready entity=mon.0 client_cookie=0 server_cookie=0 in_seq=0 out_seq=0
2024-03-19T03:07:01.208 INFO:teuthology.orchestra.run.smithi059.stdout:/usr/bin/ceph: stderr
2024-03-19T03:07:00.410+0000 7fe554ff9700 1 -- 172.21.15.59:0/1349394188 <== mon.0 v2:172.21.15.59:3300/0 1 ==== mon_map magic: 0 v1 ==== 229+0+0 (secure 0 0 0) 0x7fe548010760 con 0x7fe558102be0
2024-03-19T03:07:01.208 INFO:teuthology.orchestra.run.smithi059.stdout:/usr/bin/ceph: stderr
