2024-03-19T03:22:43.878 INFO:teuthology.orchestra.run.smithi117.stdout:/usr/bin/ceph: stderr
2024-03-19T03:22:42.711+0000 7f0384c00700 1 -- 172.21.15.117:0/3958623602 <== mon.0 v2:172.21.15.117:3300/0 4 ==== mgrmap(e 12) ==== 46119+0+0 (secure 0 0 0) 0x7f0378022020 con 0x7f0388107db0
2024-03-19T03:22:43.878 INFO:teuthology.orchestra.run.smithi117.stdout:/usr/bin/ceph: stderr
2024-03-19T03:22:42.711+0000 7f038f000700 1 -- 172.21.15.117:0/3958623602 --> [v2:172.21.15.117:3300/0,v1:172.21.15.117:6789/0] -- mon_command({"prefix": "get_command_descriptions"} v 0) -- 0x7f0388063940 con 0x7f0388107db0
2024-03-19T03:22:43.878 INFO:teuthology.orchestra.run.smithi117.stdout:/usr/bin/ceph: stderr
2024-03-19T03:22:42.712+0000 7f0384c00700 1 --2- 172.21.15.117:0/3958623602 >> [v2:172.21.15.117:6800/3144614841,v1:172.21.15.117:6801/3144614841] conn(0x7f036c038fd0 0x7f036c03b490 unknown :-1 s=NONE pgs=0 cs=0 l=1 rev1=0 crypto rx=0 tx=0 comp rx=0 tx=0).connect
2024-03-19T03:22:43.878 INFO:teuthology.orchestra.run.smithi117.stdout:/usr/bin/ceph: stderr
2024-03-19T03:22:42.712+0000 7f0384c00700 1 -- 172.21.15.117:0/3958623602 <== mon.0 v2:172.21.15.117:3300/0 5 ==== osd_map(3..3 src has 1..3) ==== 1155+0+0 (secure 0 0 0) 0x7f037804d3f0 con 0x7f0388107db0
2024-03-19T03:22:43.878 INFO:teuthology.orchestra.run.smithi117.stdout:/usr/bin/ceph: stderr
2024-03-19T03:22:42.712+0000 7f0387400700 1 --2- 172.21.15.117:0/3958623602 >> [v2:172.21.15.117:6800/3144614841,v1:172.21.15.117:6801/3144614841] conn(0x7f036c038fd0 0x7f036c03b490 unknown :-1 s=BANNER_CONNECTING pgs=0 cs=0 l=1 rev1=0 crypto rx=0 tx=0 comp rx=0 tx=0)._handle_peer_banner_payload supported=3 required=0
2024-03-19T03:22:43.878 INFO:teuthology.orchestra.run.smithi117.stdout:/usr/bin/ceph: stderr
2024-03-19T03:22:42.713+0000 7f0387400700 1 --2- 172.21.15.117:0/3958623602 >> [v2:172.21.15.117:6800/3144614841,v1:172.21.15.117:6801/3144614841] conn(0x7f036c038fd0 0x7f036c03b490 secure :-1 s=READY pgs=8 cs=0 l=1 rev1=1 crypto rx=0x7f0374006fd0 tx=0x7f0374006e40 comp rx=0 tx=0).ready entity=mgr.14152 client_cookie=0 server_cookie=0 in_seq=0 out_seq=0
2024-03-19T03:22:43.878 INFO:teuthology.orchestra.run.smithi117.stdout:/usr/bin/ceph: stderr
2024-03-19T03:22:42.717+0000 7f0384c00700 1 -- 172.21.15.117:0/3958623602 <== mon.0 v2:172.21.15.117:3300/0 6 ==== mon_command_ack([{"prefix": "get_command_descriptions"}]=0 v0) ==== 72+0+186149 (secure 0 0 0) 0x7f037802d910 con 0x7f0388107db0
2024-03-19T03:22:43.879 INFO:teuthology.orchestra.run.smithi117.stdout:/usr/bin/ceph: stderr
2024-03-19T03:22:42.961+0000 7f038f000700 1 -- 172.21.15.117:0/3958623602 --> [v2:172.21.15.117:6800/3144614841,v1:172.21.15.117:6801/3144614841] -- mgr_command(tid 0: {"prefix": "dashboard ac-user-create", "username": "admin", "rolename": "administrator", "force_password": true, "pwd_update_required": true, "target": ["mon-mgr", ""]}) -- 0x7f03881a14a0 con 0x7f036c038fd0
2024-03-19T03:22:43.879 INFO:teuthology.orchestra.run.smithi117.stdout:/usr/bin/ceph: stderr
2024-03-19T03:22:43.198+0000 7f0384c00700 1 -- 172.21.15.117:0/3958623602 <== mgr.14152 v2:172.21.15.117:6800/3144614841 1 ==== mgr_command_reply(tid 0: 0 ) ==== 8+0+252 (secure 0 0 0) 0x7f03881a14a0 con 0x7f036c038fd0
2024-03-19T03:22:43.879 INFO:teuthology.orchestra.run.smithi117.stdout:/usr/bin/ceph: stderr
2024-03-19T03:22:43.201+0000 7f038f000700 1 -- 172.21.15.117:0/3958623602 >> [v2:172.21.15.117:6800/3144614841,v1:172.21.15.117:6801/3144614841] conn(0x7f036c038fd0 msgr2=0x7f036c03b490 secure :-1 s=STATE_CONNECTION_ESTABLISHED l=1).mark_down
2024-03-19T03:22:43.879 INFO:teuthology.orchestra.run.smithi117.stdout:/usr/bin/ceph: stderr
2024-03-19T03:22:43.201+0000 7f038f000700 1 --2- 172.21.15.117:0/3958623602 >> [v2:172.21.15.117:6800/3144614841,v1:172.21.15.117:6801/3144614841] conn(0x7f036c038fd0 0x7f036c03b490 secure :-1 s=READY pgs=8 cs=0 l=1 rev1=1 crypto rx=0x7f0374006fd0 tx=0x7f0374006e40 comp rx=0 tx=0).stop
2024-03-19T03:22:43.879 INFO:teuthology.orchestra.run.smithi117.stdout:/usr/bin/ceph: stderr
2024-03-19T03:22:43.201+0000 7f038f000700 1 -- 172.21.15.117:0/3958623602 >> [v2:172.21.15.117:3300/0,v1:172.21.15.117:6789/0] conn(0x7f0388107db0 msgr2=0x7f038819de60 secure :-1 s=STATE_CONNECTION_ESTABLISHED l=1).mark_down
2024-03-19T03:22:43.879 INFO:teuthology.orchestra.run.smithi117.stdout:/usr/bin/ceph: stderr
2024-03-19T03:22:43.201+0000 7f038f000700 1 --2- 172.21.15.117:0/3958623602 >> [v2:172.21.15.117:3300/0,v1:172.21.15.117:6789/0] conn(0x7f0388107db0 0x7f038819de60 secure :-1 s=READY pgs=73 cs=0 l=1 rev1=1 crypto rx=0x7f03780117e0 tx=0x7f0378011ba0 comp rx=0 tx=0).stop
2024-03-19T03:22:43.879 INFO:teuthology.orchestra.run.smithi117.stdout:/usr/bin/ceph: stderr
2024-03-19T03:22:43.201+0000 7f038f000700 1 -- 172.21.15.117:0/3958623602 shutdown_connections
2024-03-19T03:22:43.879 INFO:teuthology.orchestra.run.smithi117.stdout:/usr/bin/ceph: stderr
2024-03-19T03:22:43.201+0000 7f038f000700 1 --2- 172.21.15.117:0/3958623602 >> [v2:172.21.15.117:6800/3144614841,v1:172.21.15.117:6801/3144614841] conn(0x7f036c038fd0 0x7f036c03b490 unknown :-1 s=CLOSED pgs=8 cs=0 l=1 rev1=1 crypto rx=0 tx=0 comp rx=0 tx=0).stop
2024-03-19T03:22:43.879 INFO:teuthology.orchestra.run.smithi117.stdout:/usr/bin/ceph: stderr
2024-03-19T03:22:43.201+0000 7f038f000700 1 --2- 172.21.15.117:0/3958623602 >> [v2:172.21.15.117:3300/0,v1:172.21.15.117:6789/0] conn(0x7f0388107db0 0x7f038819de60 unknown :-1 s=CLOSED pgs=73 cs=0 l=1 rev1=1 crypto rx=0 tx=0 comp rx=0 tx=0).stop
2024-03-19T03:22:43.879 INFO:teuthology.orchestra.run.smithi117.stdout:/usr/bin/ceph: stderr
2024-03-19T03:22:43.201+0000 7f038f000700 1 -- 172.21.15.117:0/3958623602 >> 172.21.15.117:0/3958623602 conn(0x7f0388103330 msgr2=0x7f0388103d90 unknown :-1 s=STATE_NONE l=0).mark_down
2024-03-19T03:22:43.880 INFO:teuthology.orchestra.run.smithi117.stdout:/usr/bin/ceph: stderr
2024-03-19T03:22:43.201+0000 7f038f000700 1 -- 172.21.15.117:0/3958623602 shutdown_connections
2024-03-19T03:22:43.880 INFO:teuthology.orchestra.run.smithi117.stdout:/usr/bin/ceph: stderr
2024-03-19T03:22:43.201+0000 7f038f000700 1 -- 172.21.15.117:0/3958623602 wait complete.
2024-03-19T03:22:43.880 INFO:teuthology.orchestra.run.smithi117.stdout:Fetching dashboard port number...
2024-03-19T03:22:45.619 INFO:teuthology.orchestra.run.smithi117.stdout:/usr/bin/ceph: stdout 8443
2024-03-19T03:22:45.619 INFO:teuthology.orchestra.run.smithi117.stdout:/usr/bin/ceph: stderr
2024-03-19T03:22:44.571+0000 7fc24d800700 1 Processor -- start
2024-03-19T03:22:45.619 INFO:teuthology.orchestra.run.smithi117.stdout:/usr/bin/ceph: stderr
2024-03-19T03:22:44.571+0000 7fc24d800700 1 -- start start
2024-03-19T03:22:45.619 INFO:teuthology.orchestra.run.smithi117.stdout:/usr/bin/ceph: stderr
2024-03-19T03:22:44.571+0000 7fc24d800700 1 --2- >> [v2:172.21.15.117:3300/0,v1:172.21.15.117:6789/0] conn(0x7fc248107ba0 0x7fc248107fc0 unknown :-1 s=NONE pgs=0 cs=0 l=0 rev1=0 crypto rx=0 tx=0 comp rx=0 tx=0).connect
2024-03-19T03:22:45.619 INFO:teuthology.orchestra.run.smithi117.stdout:/usr/bin/ceph: stderr
2024-03-19T03:22:44.571+0000 7fc24d800700 1 -- --> [v2:172.21.15.117:3300/0,v1:172.21.15.117:6789/0] -- mon_getmap magic: 0 -- 0x7fc248108590 con 0x7fc248107ba0
2024-03-19T03:22:45.619 INFO:teuthology.orchestra.run.smithi117.stdout:/usr/bin/ceph: stderr
2024-03-19T03:22:44.572+0000 7fc247e00700 1 --2- >> [v2:172.21.15.117:3300/0,v1:172.21.15.117:6789/0] conn(0x7fc248107ba0 0x7fc248107fc0 unknown :-1 s=BANNER_CONNECTING pgs=0 cs=0 l=0 rev1=0 crypto rx=0 tx=0 comp rx=0 tx=0)._handle_peer_banner_payload supported=3 required=0
2024-03-19T03:22:45.619 INFO:teuthology.orchestra.run.smithi117.stdout:/usr/bin/ceph: stderr
2024-03-19T03:22:44.572+0000 7fc247e00700 1 --2- >> [v2:172.21.15.117:3300/0,v1:172.21.15.117:6789/0] conn(0x7fc248107ba0 0x7fc248107fc0 unknown :-1 s=HELLO_CONNECTING pgs=0 cs=0 l=0 rev1=1 crypto rx=0 tx=0 comp rx=0 tx=0).handle_hello peer v2:172.21.15.117:3300/0 says I am v2:172.21.15.117:53028/0 (socket says 172.21.15.117:53028)
2024-03-19T03:22:45.619 INFO:teuthology.orchestra.run.smithi117.stdout:/usr/bin/ceph: stderr
2024-03-19T03:22:44.572+0000 7fc247e00700 1 -- 172.21.15.117:0/2746487722 learned_addr learned my addr 172.21.15.117:0/2746487722 (peer_addr_for_me v2:172.21.15.117:0/0)
2024-03-19T03:22:45.620 INFO:teuthology.orchestra.run.smithi117.stdout:/usr/bin/ceph: stderr
2024-03-19T03:22:44.572+0000 7fc247e00700 1 -- 172.21.15.117:0/2746487722 --> [v2:172.21.15.117:3300/0,v1:172.21.15.117:6789/0] -- mon_subscribe({config=0+,monmap=0+}) -- 0x7fc248108d00 con 0x7fc248107ba0
2024-03-19T03:22:45.620 INFO:teuthology.orchestra.run.smithi117.stdout:/usr/bin/ceph: stderr
2024-03-19T03:22:44.573+0000 7fc247e00700 1 --2- 172.21.15.117:0/2746487722 >> [v2:172.21.15.117:3300/0,v1:172.21.15.117:6789/0] conn(0x7fc248107ba0 0x7fc248107fc0 secure :-1 s=READY pgs=74 cs=0 l=1 rev1=1 crypto rx=0x7fc2380098a0 tx=0x7fc238009bb0 comp rx=0 tx=0).ready entity=mon.0 client_cookie=d211d2c55805658f server_cookie=0 in_seq=0 out_seq=0
2024-03-19T03:22:45.620 INFO:teuthology.orchestra.run.smithi117.stdout:/usr/bin/ceph: stderr
2024-03-19T03:22:44.573+0000 7fc246a00700 1 -- 172.21.15.117:0/2746487722 <== mon.0 v2:172.21.15.117:3300/0 1 ==== mon_map magic: 0 ==== 205+0+0 (secure 0 0 0) 0x7fc238004160 con 0x7fc248107ba0
2024-03-19T03:22:45.620 INFO:teuthology.orchestra.run.smithi117.stdout:/usr/bin/ceph: stderr
2024-03-19T03:22:44.573+0000 7fc246a00700 1 -- 172.21.15.117:0/2746487722 <== mon.0 v2:172.21.15.117:3300/0 2 ==== config(27 keys) ==== 1140+0+0 (secure 0 0 0) 0x7fc238004300 con 0x7fc248107ba0
2024-03-19T03:22:45.620 INFO:teuthology.orchestra.run.smithi117.stdout:/usr/bin/ceph: stderr
2024-03-19T03:22:44.573+0000 7fc246a00700 1 -- 172.21.15.117:0/2746487722 <== mon.0 v2:172.21.15.117:3300/0 3 ==== mon_map magic: 0 ==== 205+0+0 (secure 0 0 0) 0x7fc238011b20 con 0x7fc248107ba0
2024-03-19T03:22:45.620 INFO:teuthology.orchestra.run.smithi117.stdout:/usr/bin/ceph: stderr
2024-03-19T03:22:44.573+0000 7fc24d800700 1 -- 172.21.15.117:0/2746487722 >> [v2:172.21.15.117:3300/0,v1:172.21.15.117:6789/0] conn(0x7fc248107ba0 msgr2=0x7fc248107fc0 secure :-1 s=STATE_CONNECTION_ESTABLISHED l=1).mark_down
2024-03-19T03:22:45.620 INFO:teuthology.orchestra.run.smithi117.stdout:/usr/bin/ceph: stderr
2024-03-19T03:22:44.573+0000 7fc24d800700 1 --2- 172.21.15.117:0/2746487722 >> [v2:172.21.15.117:3300/0,v1:172.21.15.117:6789/0] conn(0x7fc248107ba0 0x7fc248107fc0 secure :-1 s=READY pgs=74 cs=0 l=1 rev1=1 crypto rx=0x7fc2380098a0 tx=0x7fc238009bb0 comp rx=0 tx=0).stop
2024-03-19T03:22:45.620 INFO:teuthology.orchestra.run.smithi117.stdout:/usr/bin/ceph: stderr
2024-03-19T03:22:44.574+0000 7fc24d800700 1 -- 172.21.15.117:0/2746487722 shutdown_connections
2024-03-19T03:22:45.620 INFO:teuthology.orchestra.run.smithi117.stdout:/usr/bin/ceph: stderr
2024-03-19T03:22:44.574+0000 7fc24d800700 1 --2- 172.21.15.117:0/2746487722 >> [v2:172.21.15.117:3300/0,v1:172.21.15.117:6789/0] conn(0x7fc248107ba0 0x7fc248107fc0 unknown :-1 s=CLOSED pgs=74 cs=0 l=1 rev1=1 crypto rx=0 tx=0 comp rx=0 tx=0).stop
2024-03-19T03:22:45.620 INFO:teuthology.orchestra.run.smithi117.stdout:/usr/bin/ceph: stderr
2024-03-19T03:22:44.574+0000 7fc24d800700 1 -- 172.21.15.117:0/2746487722 >> 172.21.15.117:0/2746487722 conn(0x7fc248103180 msgr2=0x7fc2481055a0 unknown :-1 s=STATE_NONE l=0).mark_down
2024-03-19T03:22:45.620 INFO:teuthology.orchestra.run.smithi117.stdout:/usr/bin/ceph: stderr
2024-03-19T03:22:44.574+0000 7fc24d800700 1 -- 172.21.15.117:0/2746487722 shutdown_connections
2024-03-19T03:22:45.620 INFO:teuthology.orchestra.run.smithi117.stdout:/usr/bin/ceph: stderr
2024-03-19T03:22:44.574+0000 7fc24d800700 1 -- 172.21.15.117:0/2746487722 wait complete.
2024-03-19T03:22:45.620 INFO:teuthology.orchestra.run.smithi117.stdout:/usr/bin/ceph: stderr
2024-03-19T03:22:44.575+0000 7fc24d800700 1 Processor -- start
2024-03-19T03:22:45.620 INFO:teuthology.orchestra.run.smithi117.stdout:/usr/bin/ceph: stderr
2024-03-19T03:22:44.575+0000 7fc24d800700 1 -- start start
2024-03-19T03:22:45.621 INFO:teuthology.orchestra.run.smithi117.stdout:/usr/bin/ceph: stderr
2024-03-19T03:22:44.575+0000 7fc24d800700 1 --2- >> [v2:172.21.15.117:3300/0,v1:172.21.15.117:6789/0] conn(0x7fc248107ba0 0x7fc24819ba70 unknown :-1 s=NONE pgs=0 cs=0 l=1 rev1=0 crypto rx=0 tx=0 comp rx=0 tx=0).connect
2024-03-19T03:22:45.621 INFO:teuthology.orchestra.run.smithi117.stdout:/usr/bin/ceph: stderr
2024-03-19T03:22:44.575+0000 7fc24d800700 1 -- --> [v2:172.21.15.117:3300/0,v1:172.21.15.117:6789/0] -- mon_getmap magic: 0 -- 0x7fc24810c0b0 con 0x7fc248107ba0
2024-03-19T03:22:45.621 INFO:teuthology.orchestra.run.smithi117.stdout:/usr/bin/ceph: stderr
2024-03-19T03:22:44.575+0000 7fc247e00700 1 --2- >> [v2:172.21.15.117:3300/0,v1:172.21.15.117:6789/0] conn(0x7fc248107ba0 0x7fc24819ba70 unknown :-1 s=BANNER_CONNECTING pgs=0 cs=0 l=1 rev1=0 crypto rx=0 tx=0 comp rx=0 tx=0)._handle_peer_banner_payload supported=3 required=0
2024-03-19T03:22:45.621 INFO:teuthology.orchestra.run.smithi117.stdout:/usr/bin/ceph: stderr
2024-03-19T03:22:44.575+0000 7fc247e00700 1 --2- >> [v2:172.21.15.117:3300/0,v1:172.21.15.117:6789/0] conn(0x7fc248107ba0 0x7fc24819ba70 unknown :-1 s=HELLO_CONNECTING pgs=0 cs=0 l=1 rev1=1 crypto rx=0 tx=0 comp rx=0 tx=0).handle_hello peer v2:172.21.15.117:3300/0 says I am v2:172.21.15.117:53036/0 (socket says 172.21.15.117:53036)
2024-03-19T03:22:45.621 INFO:teuthology.orchestra.run.smithi117.stdout:/usr/bin/ceph: stderr
2024-03-19T03:22:44.575+0000 7fc247e00700 1 -- 172.21.15.117:0/366891876 learned_addr learned my addr 172.21.15.117:0/366891876 (peer_addr_for_me v2:172.21.15.117:0/0)
2024-03-19T03:22:45.621 INFO:teuthology.orchestra.run.smithi117.stdout:/usr/bin/ceph: stderr
2024-03-19T03:22:44.576+0000 7fc247e00700 1 -- 172.21.15.117:0/366891876 --> [v2:172.21.15.117:3300/0,v1:172.21.15.117:6789/0] -- mon_subscribe({config=0+,monmap=0+}) -- 0x7fc24819bfb0 con 0x7fc248107ba0
2024-03-19T03:22:45.621 INFO:teuthology.orchestra.run.smithi117.stdout:/usr/bin/ceph: stderr
2024-03-19T03:22:44.576+0000 7fc247e00700 1 --2- 172.21.15.117:0/366891876 >> [v2:172.21.15.117:3300/0,v1:172.21.15.117:6789/0] conn(0x7fc248107ba0 0x7fc24819ba70 secure :-1 s=READY pgs=75 cs=0 l=1 rev1=1 crypto rx=0x7fc238000c00 tx=0x7fc238011c10 comp rx=0 tx=0).ready entity=mon.0 client_cookie=0 server_cookie=0 in_seq=0 out_seq=0
2024-03-19T03:22:45.621 INFO:teuthology.orchestra.run.smithi117.stdout:/usr/bin/ceph: stderr
2024-03-19T03:22:44.576+0000 7fc244c00700 1 -- 172.21.15.117:0/366891876 <== mon.0 v2:172.21.15.117:3300/0 1 ==== mon_map magic: 0 ==== 205+0+0 (secure 0 0 0) 0x7fc238003b60 con 0x7fc248107ba0
2024-03-19T03:22:45.621 INFO:teuthology.orchestra.run.smithi117.stdout:/usr/bin/ceph: stderr
2024-03-19T03:22:44.576+0000 7fc244c00700 1 -- 172.21.15.117:0/366891876 <== mon.0 v2:172.21.15.117:3300/0 2 ==== config(27 keys) ==== 1140+0+0 (secure 0 0 0) 0x7fc23801a910 con 0x7fc248107ba0
2024-03-19T03:22:45.621 INFO:teuthology.orchestra.run.smithi117.stdout:/usr/bin/ceph: stderr
2024-03-19T03:22:44.576+0000 7fc24d800700 1 -- 172.21.15.117:0/366891876 --> [v2:172.21.15.117:3300/0,v1:172.21.15.117:6789/0] -- mon_subscribe({mgrmap=0+}) -- 0x7fc24819c240 con 0x7fc248107ba0
2024-03-19T03:22:45.621 INFO:teuthology.orchestra.run.smithi117.stdout:/usr/bin/ceph: stderr
2024-03-19T03:22:44.576+0000 7fc244c00700 1 -- 172.21.15.117:0/366891876 <== mon.0 v2:172.21.15.117:3300/0 3 ==== mon_map magic: 0 ==== 205+0+0 (secure 0 0 0) 0x7fc238024930 con 0x7fc248107ba0
2024-03-19T03:22:45.621 INFO:teuthology.orchestra.run.smithi117.stdout:/usr/bin/ceph: stderr
2024-03-19T03:22:44.577+0000 7fc24d800700 1 -- 172.21.15.117:0/366891876 --> [v2:172.21.15.117:3300/0,v1:172.21.15.117:6789/0] -- mon_subscribe({osdmap=0}) -- 0x7fc24819c6a0 con 0x7fc248107ba0
2024-03-19T03:22:45.621 INFO:teuthology.orchestra.run.smithi117.stdout:/usr/bin/ceph: stderr
2024-03-19T03:22:44.578+0000 7fc24d800700 1 -- 172.21.15.117:0/366891876 --> [v2:172.21.15.117:3300/0,v1:172.21.15.117:6789/0] -- mon_command({"prefix": "get_command_descriptions"} v 0) -- 0x7fc248063940 con 0x7fc248107ba0
2024-03-19T03:22:45.621 INFO:teuthology.orchestra.run.smithi117.stdout:/usr/bin/ceph: stderr
2024-03-19T03:22:44.578+0000 7fc244c00700 1 -- 172.21.15.117:0/366891876 <== mon.0 v2:172.21.15.117:3300/0 4 ==== mgrmap(e 12) ==== 46119+0+0 (secure 0 0 0) 0x7fc238022020 con 0x7fc248107ba0
2024-03-19T03:22:45.622 INFO:teuthology.orchestra.run.smithi117.stdout:/usr/bin/ceph: stderr
2024-03-19T03:22:44.578+0000 7fc244c00700 1 --2- 172.21.15.117:0/366891876 >> [v2:172.21.15.117:6800/3144614841,v1:172.21.15.117:6801/3144614841] conn(0x7fc22c038fd0 0x7fc22c03b490 unknown :-1 s=NONE pgs=0 cs=0 l=1 rev1=0 crypto rx=0 tx=0 comp rx=0 tx=0).connect
2024-03-19T03:22:45.622 INFO:teuthology.orchestra.run.smithi117.stdout:/usr/bin/ceph: stderr
2024-03-19T03:22:44.578+0000 7fc244c00700 1 -- 172.21.15.117:0/366891876 <== mon.0 v2:172.21.15.117:3300/0 5 ==== osd_map(3..3 src has 1..3) ==== 1155+0+0 (secure 0 0 0) 0x7fc23804d120 con 0x7fc248107ba0
2024-03-19T03:22:45.622 INFO:teuthology.orchestra.run.smithi117.stdout:/usr/bin/ceph: stderr
2024-03-19T03:22:44.579+0000 7fc247400700 1 --2- 172.21.15.117:0/366891876 >> [v2:172.21.15.117:6800/3144614841,v1:172.21.15.117:6801/3144614841] conn(0x7fc22c038fd0 0x7fc22c03b490 unknown :-1 s=BANNER_CONNECTING pgs=0 cs=0 l=1 rev1=0 crypto rx=0 tx=0 comp rx=0 tx=0)._handle_peer_banner_payload supported=3 required=0
2024-03-19T03:22:45.622 INFO:teuthology.orchestra.run.smithi117.stdout:/usr/bin/ceph: stderr
2024-03-19T03:22:44.579+0000 7fc247400700 1 --2- 172.21.15.117:0/366891876 >> [v2:172.21.15.117:6800/3144614841,v1:172.21.15.117:6801/3144614841] conn(0x7fc22c038fd0 0x7fc22c03b490 secure :-1 s=READY pgs=9 cs=0 l=1 rev1=1 crypto rx=0x7fc234006fd0 tx=0x7fc234006e40 comp rx=0 tx=0).ready entity=mgr.14152 client_cookie=0 server_cookie=0 in_seq=0 out_seq=0
2024-03-19T03:22:45.622 INFO:teuthology.orchestra.run.smithi117.stdout:/usr/bin/ceph: stderr
2024-03-19T03:22:44.584+0000 7fc244c00700 1 -- 172.21.15.117:0/366891876 <== mon.0 v2:172.21.15.117:3300/0 6 ==== mon_command_ack([{"prefix": "get_command_descriptions"}]=0 v0) ==== 72+0+186149 (secure 0 0 0) 0x7fc23800b3e0 con 0x7fc248107ba0
2024-03-19T03:22:45.622 INFO:teuthology.orchestra.run.smithi117.stdout:/usr/bin/ceph: stderr
2024-03-19T03:22:44.748+0000 7fc244c00700 1 -- 172.21.15.117:0/366891876 <== mon.0 v2:172.21.15.117:3300/0 7 ==== mgrmap(e 13) ==== 46163+0+0 (secure 0 0 0) 0x7fc238024ad0 con 0x7fc248107ba0
2024-03-19T03:22:45.622 INFO:teuthology.orchestra.run.smithi117.stdout:/usr/bin/ceph: stderr
2024-03-19T03:22:44.813+0000 7fc24d800700 1 -- 172.21.15.117:0/366891876 --> [v2:172.21.15.117:3300/0,v1:172.21.15.117:6789/0] -- mon_command({"prefix": "config get", "who": "mgr", "key": "mgr/dashboard/ssl_server_port"} v 0) -- 0x7fc24819f130 con 0x7fc248107ba0
2024-03-19T03:22:45.622 INFO:teuthology.orchestra.run.smithi117.stdout:/usr/bin/ceph: stderr
2024-03-19T03:22:44.814+0000 7fc244c00700 1 -- 172.21.15.117:0/366891876 <== mon.0 v2:172.21.15.117:3300/0 8 ==== mon_command_ack([{"prefix": "config get", "who": "mgr", "key": "mgr/dashboard/ssl_server_port"}]=0 v8) ==== 112+0+5 (secure 0 0 0) 0x7fc238023370 con 0x7fc248107ba0
2024-03-19T03:22:45.622 INFO:teuthology.orchestra.run.smithi117.stdout:/usr/bin/ceph: stderr
2024-03-19T03:22:44.817+0000 7fc24d800700 1 -- 172.21.15.117:0/366891876 >> [v2:172.21.15.117:6800/3144614841,v1:172.21.15.117:6801/3144614841] conn(0x7fc22c038fd0 msgr2=0x7fc22c03b490 secure :-1 s=STATE_CONNECTION_ESTABLISHED l=1).mark_down
2024-03-19T03:22:45.622 INFO:teuthology.orchestra.run.smithi117.stdout:/usr/bin/ceph: stderr
2024-03-19T03:22:44.817+0000 7fc24d800700 1 --2- 172.21.15.117:0/366891876 >> [v2:172.21.15.117:6800/3144614841,v1:172.21.15.117:6801/3144614841] conn(0x7fc22c038fd0 0x7fc22c03b490 secure :-1 s=READY pgs=9 cs=0 l=1 rev1=1 crypto rx=0x7fc234006fd0 tx=0x7fc234006e40 comp rx=0 tx=0).stop
2024-03-19T03:22:45.622 INFO:teuthology.orchestra.run.smithi117.stdout:/usr/bin/ceph: stderr
2024-03-19T03:22:44.817+0000 7fc24d800700 1 -- 172.21.15.117:0/366891876 >> [v2:172.21.15.117:3300/0,v1:172.21.15.117:6789/0] conn(0x7fc248107ba0 msgr2=0x7fc24819ba70 secure :-1 s=STATE_CONNECTION_ESTABLISHED l=1).mark_down
2024-03-19T03:22:45.623 INFO:teuthology.orchestra.run.smithi117.stdout:/usr/bin/ceph: stderr
2024-03-19T03:22:44.817+0000 7fc24d800700 1 --2- 172.21.15.117:0/366891876 >> [v2:172.21.15.117:3300/0,v1:172.21.15.117:6789/0] conn(0x7fc248107ba0 0x7fc24819ba70 secure :-1 s=READY pgs=75 cs=0 l=1 rev1=1 crypto rx=0x7fc238000c00 tx=0x7fc238011c10 comp rx=0 tx=0).stop
2024-03-19T03:22:45.623 INFO:teuthology.orchestra.run.smithi117.stdout:/usr/bin/ceph: stderr
2024-03-19T03:22:44.817+0000 7fc24d800700 1 -- 172.21.15.117:0/366891876 shutdown_connections
2024-03-19T03:22:45.623 INFO:teuthology.orchestra.run.smithi117.stdout:/usr/bin/ceph: stderr
2024-03-19T03:22:44.817+0000 7fc24d800700 1 --2- 172.21.15.117:0/366891876 >> [v2:172.21.15.117:6800/3144614841,v1:172.21.15.117:6801/3144614841] conn(0x7fc22c038fd0 0x7fc22c03b490 unknown :-1 s=CLOSED pgs=9 cs=0 l=1 rev1=1 crypto rx=0 tx=0 comp rx=0 tx=0).stop
2024-03-19T03:22:45.623 INFO:teuthology.orchestra.run.smithi117.stdout:/usr/bin/ceph: stderr
2024-03-19T03:22:44.817+0000 7fc24d800700 1 --2- 172.21.15.117:0/366891876 >> [v2:172.21.15.117:3300/0,v1:172.21.15.117:6789/0] conn(0x7fc248107ba0 0x7fc24819ba70 unknown :-1 s=CLOSED pgs=75 cs=0 l=1 rev1=1 crypto rx=0 tx=0 comp rx=0 tx=0).stop
2024-03-19T03:22:45.623 INFO:teuthology.orchestra.run.smithi117.stdout:/usr/bin/ceph: stderr
2024-03-19T03:22:44.817+0000 7fc24d800700 1 -- 172.21.15.117:0/366891876 >> 172.21.15.117:0/366891876 conn(0x7fc248103180 msgr2=0x7fc248103d30 unknown :-1 s=STATE_NONE l=0).mark_down
2024-03-19T03:22:45.623 INFO:teuthology.orchestra.run.smithi117.stdout:/usr/bin/ceph: stderr
2024-03-19T03:22:44.817+0000 7fc24d800700 1 -- 172.21.15.117:0/366891876 shutdown_connections
2024-03-19T03:22:45.623 INFO:teuthology.orchestra.run.smithi117.stdout:/usr/bin/ceph: stderr
2024-03-19T03:22:44.817+0000 7fc24d800700 1 -- 172.21.15.117:0/366891876 wait complete.
2024-03-19T03:22:45.642 INFO:teuthology.orchestra.run.smithi117.stdout:Non-zero exit code 1 from systemctl is-enabled firewalld.service
2024-03-19T03:22:45.642 INFO:teuthology.orchestra.run.smithi117.stdout:systemctl: stdout disabled
2024-03-19T03:22:45.662 INFO:teuthology.orchestra.run.smithi117.stdout:Non-zero exit code 3 from systemctl is-active firewalld.service
2024-03-19T03:22:45.663 INFO:teuthology.orchestra.run.smithi117.stdout:systemctl: stdout inactive
2024-03-19T03:22:45.663 INFO:teuthology.orchestra.run.smithi117.stdout:firewalld.service is not enabled
2024-03-19T03:22:45.663 INFO:teuthology.orchestra.run.smithi117.stdout:Not possible to open ports <[8443]>. firewalld.service is not available
2024-03-19T03:22:45.670 INFO:teuthology.orchestra.run.smithi117.stdout:Ceph Dashboard is now available at:
2024-03-19T03:22:45.670 INFO:teuthology.orchestra.run.smithi117.stdout:
2024-03-19T03:22:45.670 INFO:teuthology.orchestra.run.smithi117.stdout: URL: https://smithi117.front.sepia.ceph.com:8443/
2024-03-19T03:22:45.670 INFO:teuthology.orchestra.run.smithi117.stdout: User: admin
2024-03-19T03:22:45.670 INFO:teuthology.orchestra.run.smithi117.stdout: Password: 9gbsfqf7ml
2024-03-19T03:22:45.670 INFO:teuthology.orchestra.run.smithi117.stdout:
2024-03-19T03:22:45.671 INFO:teuthology.orchestra.run.smithi117.stdout:Saving cluster configuration to /var/lib/ceph/a3a82456-e59f-11ee-95c9-87774f69a715/config directory
2024-03-19T03:22:45.673 INFO:teuthology.orchestra.run.smithi117.stdout:Enabling autotune for osd_memory_target
2024-03-19T03:22:45.904 INFO:journalctl@ceph.mon.a.smithi117.stdout:Mar 19 03:22:45 smithi117 ceph-mon[31838]: mgrmap e13: x(active, since 6s)
2024-03-19T03:22:45.904 INFO:journalctl@ceph.mon.a.smithi117.stdout:Mar 19 03:22:45 smithi117 ceph-mon[31838]: from='client.? 172.21.15.117:0/366891876' entity='client.admin' cmd=[{"prefix": "config get", "who": "mgr", "key": "mgr/dashboard/ssl_server_port"}]: dispatch
2024-03-19T03:22:47.599 INFO:teuthology.orchestra.run.smithi117.stdout:/usr/bin/ceph: stderr
2024-03-19T03:22:46.732+0000 7fe632400700 1 Processor -- start
2024-03-19T03:22:47.599 INFO:teuthology.orchestra.run.smithi117.stdout:/usr/bin/ceph: stderr
2024-03-19T03:22:46.732+0000 7fe632400700 1 -- start start
2024-03-19T03:22:47.599 INFO:teuthology.orchestra.run.smithi117.stdout:/usr/bin/ceph: stderr
2024-03-19T03:22:46.732+0000 7fe632400700 1 --2- >> [v2:172.21.15.117:3300/0,v1:172.21.15.117:6789/0] conn(0x7fe62c1087d0 0x7fe62c10abc0 unknown :-1 s=NONE pgs=0 cs=0 l=0 rev1=0 crypto rx=0 tx=0 comp rx=0 tx=0).connect
2024-03-19T03:22:47.599 INFO:teuthology.orchestra.run.smithi117.stdout:/usr/bin/ceph: stderr
2024-03-19T03:22:46.732+0000 7fe632400700 1 -- --> [v2:172.21.15.117:3300/0,v1:172.21.15.117:6789/0] -- mon_getmap magic: 0 -- 0x7fe62c07be00 con 0x7fe62c1087d0
2024-03-19T03:22:47.599 INFO:teuthology.orchestra.run.smithi117.stdout:/usr/bin/ceph: stderr
2024-03-19T03:22:46.733+0000 7fe62b400700 1 --2- >> [v2:172.21.15.117:3300/0,v1:172.21.15.117:6789/0] conn(0x7fe62c1087d0 0x7fe62c10abc0 unknown :-1 s=BANNER_CONNECTING pgs=0 cs=0 l=0 rev1=0 crypto rx=0 tx=0 comp rx=0 tx=0)._handle_peer_banner_payload supported=3 required=0
2024-03-19T03:22:47.600 INFO:teuthology.orchestra.run.smithi117.stdout:/usr/bin/ceph: stderr
2024-03-19T03:22:46.733+0000 7fe62b400700 1 --2- >> [v2:172.21.15.117:3300/0,v1:172.21.15.117:6789/0] conn(0x7fe62c1087d0 0x7fe62c10abc0 unknown :-1 s=HELLO_CONNECTING pgs=0 cs=0 l=0 rev1=1 crypto rx=0 tx=0 comp rx=0 tx=0).handle_hello peer v2:172.21.15.117:3300/0 says I am v2:172.21.15.117:56830/0 (socket says 172.21.15.117:56830)
2024-03-19T03:22:47.600 INFO:teuthology.orchestra.run.smithi117.stdout:/usr/bin/ceph: stderr
2024-03-19T03:22:46.733+0000 7fe62b400700 1 -- 172.21.15.117:0/3058970076 learned_addr learned my addr 172.21.15.117:0/3058970076 (peer_addr_for_me v2:172.21.15.117:0/0)
2024-03-19T03:22:47.600 INFO:teuthology.orchestra.run.smithi117.stdout:/usr/bin/ceph: stderr
2024-03-19T03:22:46.733+0000 7fe62b400700 1 -- 172.21.15.117:0/3058970076 --> [v2:172.21.15.117:3300/0,v1:172.21.15.117:6789/0] -- mon_subscribe({config=0+,monmap=0+}) -- 0x7fe62c10b100 con 0x7fe62c1087d0
2024-03-19T03:22:47.600 INFO:teuthology.orchestra.run.smithi117.stdout:/usr/bin/ceph: stderr
2024-03-19T03:22:46.734+0000 7fe62b400700 1 --2- 172.21.15.117:0/3058970076 >> [v2:172.21.15.117:3300/0,v1:172.21.15.117:6789/0] conn(0x7fe62c1087d0 0x7fe62c10abc0 secure :-1 s=READY pgs=76 cs=0 l=1 rev1=1 crypto rx=0x7fe61c0098a0 tx=0x7fe61c009bb0 comp rx=0 tx=0).ready entity=mon.0 client_cookie=ba8680a6beb971cb server_cookie=0 in_seq=0 out_seq=0
2024-03-19T03:22:47.600 INFO:teuthology.orchestra.run.smithi117.stdout:/usr/bin/ceph: stderr
2024-03-19T03:22:46.734+0000 7fe62a000700 1 -- 172.21.15.117:0/3058970076 <== mon.0 v2:172.21.15.117:3300/0 1 ==== mon_map magic: 0 ==== 205+0+0 (secure 0 0 0) 0x7fe61c004160 con 0x7fe62c1087d0
2024-03-19T03:22:47.600 INFO:teuthology.orchestra.run.smithi117.stdout:/usr/bin/ceph: stderr
2024-03-19T03:22:46.734+0000 7fe62a000700 1 -- 172.21.15.117:0/3058970076 <== mon.0 v2:172.21.15.117:3300/0 2 ==== config(27 keys) ==== 1140+0+0 (secure 0 0 0) 0x7fe61c004300 con 0x7fe62c1087d0
2024-03-19T03:22:47.600 INFO:teuthology.orchestra.run.smithi117.stdout:/usr/bin/ceph: stderr
2024-03-19T03:22:46.734+0000 7fe62a000700 1 -- 172.21.15.117:0/3058970076 <== mon.0 v2:172.21.15.117:3300/0 3 ==== mon_map magic: 0 ==== 205+0+0 (secure 0 0 0) 0x7fe61c011b20 con 0x7fe62c1087d0
2024-03-19T03:22:47.600 INFO:teuthology.orchestra.run.smithi117.stdout:/usr/bin/ceph: stderr
2024-03-19T03:22:46.734+0000 7fe632400700 1 -- 172.21.15.117:0/3058970076 >> [v2:172.21.15.117:3300/0,v1:172.21.15.117:6789/0] conn(0x7fe62c1087d0 msgr2=0x7fe62c10abc0 secure :-1 s=STATE_CONNECTION_ESTABLISHED l=1).mark_down
2024-03-19T03:22:47.600 INFO:teuthology.orchestra.run.smithi117.stdout:/usr/bin/ceph: stderr
2024-03-19T03:22:46.734+0000 7fe632400700 1 --2- 172.21.15.117:0/3058970076 >> [v2:172.21.15.117:3300/0,v1:172.21.15.117:6789/0] conn(0x7fe62c1087d0 0x7fe62c10abc0 secure :-1 s=READY pgs=76 cs=0 l=1 rev1=1 crypto rx=0x7fe61c0098a0 tx=0x7fe61c009bb0 comp rx=0 tx=0).stop
2024-03-19T03:22:47.600 INFO:teuthology.orchestra.run.smithi117.stdout:/usr/bin/ceph: stderr
2024-03-19T03:22:46.735+0000 7fe632400700 1 -- 172.21.15.117:0/3058970076 shutdown_connections
2024-03-19T03:22:47.600 INFO:teuthology.orchestra.run.smithi117.stdout:/usr/bin/ceph: stderr
2024-03-19T03:22:46.735+0000 7fe632400700 1 --2- 172.21.15.117:0/3058970076 >> [v2:172.21.15.117:3300/0,v1:172.21.15.117:6789/0] conn(0x7fe62c1087d0 0x7fe62c10abc0 unknown :-1 s=CLOSED pgs=76 cs=0 l=1 rev1=1 crypto rx=0 tx=0 comp rx=0 tx=0).stop
2024-03-19T03:22:47.600 INFO:teuthology.orchestra.run.smithi117.stdout:/usr/bin/ceph: stderr
2024-03-19T03:22:46.735+0000 7fe632400700 1 -- 172.21.15.117:0/3058970076 >> 172.21.15.117:0/3058970076 conn(0x7fe62c1021c0 msgr2=0x7fe62c104600 unknown :-1 s=STATE_NONE l=0).mark_down
2024-03-19T03:22:47.601 INFO:teuthology.orchestra.run.smithi117.stdout:/usr/bin/ceph: stderr
2024-03-19T03:22:46.735+0000 7fe632400700 1 -- 172.21.15.117:0/3058970076 shutdown_connections
2024-03-19T03:22:47.601 INFO:teuthology.orchestra.run.smithi117.stdout:/usr/bin/ceph: stderr
2024-03-19T03:22:46.735+0000 7fe632400700 1 -- 172.21.15.117:0/3058970076 wait complete.
2024-03-19T03:22:47.601 INFO:teuthology.orchestra.run.smithi117.stdout:/usr/bin/ceph: stderr
2024-03-19T03:22:46.736+0000 7fe632400700 1 Processor -- start
2024-03-19T03:22:47.601 INFO:teuthology.orchestra.run.smithi117.stdout:/usr/bin/ceph: stderr
2024-03-19T03:22:46.736+0000 7fe632400700 1 -- start start
2024-03-19T03:22:47.601 INFO:teuthology.orchestra.run.smithi117.stdout:/usr/bin/ceph: stderr
2024-03-19T03:22:46.736+0000 7fe632400700 1 --2- >> [v2:172.21.15.117:3300/0,v1:172.21.15.117:6789/0] conn(0x7fe62c1087d0 0x7fe62c19de40 unknown :-1 s=NONE pgs=0 cs=0 l=1 rev1=0 crypto rx=0 tx=0 comp rx=0 tx=0).connect
2024-03-19T03:22:47.601 INFO:teuthology.orchestra.run.smithi117.stdout:/usr/bin/ceph: stderr
2024-03-19T03:22:46.736+0000 7fe632400700 1 -- --> [v2:172.21.15.117:3300/0,v1:172.21.15.117:6789/0] -- mon_getmap magic: 0 -- 0x7fe62c10c160 con 0x7fe62c1087d0
2024-03-19T03:22:47.601 INFO:teuthology.orchestra.run.smithi117.stdout:/usr/bin/ceph: stderr
2024-03-19T03:22:46.736+0000 7fe62b400700 1 --2- >> [v2:172.21.15.117:3300/0,v1:172.21.15.117:6789/0] conn(0x7fe62c1087d0 0x7fe62c19de40 unknown :-1 s=BANNER_CONNECTING pgs=0 cs=0 l=1 rev1=0 crypto rx=0 tx=0 comp rx=0 tx=0)._handle_peer_banner_payload supported=3 required=0
2024-03-19T03:22:47.601 INFO:teuthology.orchestra.run.smithi117.stdout:/usr/bin/ceph: stderr
2024-03-19T03:22:46.736+0000 7fe62b400700 1 --2- >> [v2:172.21.15.117:3300/0,v1:172.21.15.117:6789/0] conn(0x7fe62c1087d0 0x7fe62c19de40 unknown :-1 s=HELLO_CONNECTING pgs=0 cs=0 l=1 rev1=1 crypto rx=0 tx=0 comp rx=0 tx=0).handle_hello peer v2:172.21.15.117:3300/0 says I am v2:172.21.15.117:56836/0 (socket says 172.21.15.117:56836)
2024-03-19T03:22:47.601 INFO:teuthology.orchestra.run.smithi117.stdout:/usr/bin/ceph: stderr
2024-03-19T03:22:46.736+0000 7fe62b400700 1 -- 172.21.15.117:0/606601359 learned_addr learned my addr 172.21.15.117:0/606601359 (peer_addr_for_me v2:172.21.15.117:0/0)
2024-03-19T03:22:47.601 INFO:teuthology.orchestra.run.smithi117.stdout:/usr/bin/ceph: stderr
2024-03-19T03:22:46.737+0000 7fe62b400700 1 -- 172.21.15.117:0/606601359 --> [v2:172.21.15.117:3300/0,v1:172.21.15.117:6789/0] -- mon_subscribe({config=0+,monmap=0+}) -- 0x7fe62c19e380 con 0x7fe62c1087d0
2024-03-19T03:22:47.601 INFO:teuthology.orchestra.run.smithi117.stdout:/usr/bin/ceph: stderr
2024-03-19T03:22:46.737+0000 7fe62b400700 1 --2- 172.21.15.117:0/606601359 >> [v2:172.21.15.117:3300/0,v1:172.21.15.117:6789/0] conn(0x7fe62c1087d0 0x7fe62c19de40 secure :-1 s=READY pgs=77 cs=0 l=1 rev1=1 crypto rx=0x7fe61c0117e0 tx=0x7fe61c011ba0 comp rx=0 tx=0).ready entity=mon.0 client_cookie=0 server_cookie=0 in_seq=0 out_seq=0
2024-03-19T03:22:47.602 INFO:teuthology.orchestra.run.smithi117.stdout:/usr/bin/ceph: stderr
2024-03-19T03:22:46.737+0000 7fe623e00700 1 -- 172.21.15.117:0/606601359 <== mon.0 v2:172.21.15.117:3300/0 1 ==== mon_map magic: 0 ==== 205+0+0 (secure 0 0 0) 0x7fe61c003ba0 con 0x7fe62c1087d0
2024-03-19T03:22:47.602 INFO:teuthology.orchestra.run.smithi117.stdout:/usr/bin/ceph: stderr
2024-03-19T03:22:46.737+0000 7fe623e00700 1 -- 172.21.15.117:0/606601359 <== mon.0 v2:172.21.15.117:3300/0 2 ==== config(27 keys) ==== 1140+0+0 (secure 0 0 0) 0x7fe61c01a910 con 0x7fe62c1087d0
2024-03-19T03:22:47.602 INFO:teuthology.orchestra.run.smithi117.stdout:/usr/bin/ceph: stderr
2024-03-19T03:22:46.737+0000 7fe623e00700 1 -- 172.21.15.117:0/606601359 <== mon.0 v2:172.21.15.117:3300/0 3 ==== mon_map magic: 0 ==== 205+0+0 (secure 0 0 0) 0x7fe61c0248f0 con 0x7fe62c1087d0
2024-03-19T03:22:47.602 INFO:teuthology.orchestra.run.smithi117.stdout:/usr/bin/ceph: stderr
2024-03-19T03:22:46.737+0000 7fe632400700 1 -- 172.21.15.117:0/606601359 --> [v2:172.21.15.117:3300/0,v1:172.21.15.117:6789/0] -- mon_subscribe({mgrmap=0+}) -- 0x7fe62c19e610 con 0x7fe62c1087d0
2024-03-19T03:22:47.602 INFO:teuthology.orchestra.run.smithi117.stdout:/usr/bin/ceph: stderr
2024-03-19T03:22:46.738+0000 7fe632400700 1 -- 172.21.15.117:0/606601359 --> [v2:172.21.15.117:3300/0,v1:172.21.15.117:6789/0] -- mon_subscribe({osdmap=0}) -- 0x7fe62c19ea70 con 0x7fe62c1087d0
2024-03-19T03:22:47.602 INFO:teuthology.orchestra.run.smithi117.stdout:/usr/bin/ceph: stderr
2024-03-19T03:22:46.739+0000 7fe632400700 1 -- 172.21.15.117:0/606601359 --> [v2:172.21.15.117:3300/0,v1:172.21.15.117:6789/0] -- mon_command({"prefix": "get_command_descriptions"} v 0) -- 0x7fe62c063940 con 0x7fe62c1087d0
2024-03-19T03:22:47.602 INFO:teuthology.orchestra.run.smithi117.stdout:/usr/bin/ceph: stderr
2024-03-19T03:22:46.739+0000 7fe623e00700 1 -- 172.21.15.117:0/606601359 <== mon.0 v2:172.21.15.117:3300/0 4 ==== mgrmap(e 13) ==== 46163+0+0 (secure 0 0 0) 0x7fe61c022020 con 0x7fe62c1087d0
2024-03-19T03:22:47.602 INFO:teuthology.orchestra.run.smithi117.stdout:/usr/bin/ceph: stderr
2024-03-19T03:22:46.739+0000 7fe623e00700 1 --2- 172.21.15.117:0/606601359 >> [v2:172.21.15.117:6800/3144614841,v1:172.21.15.117:6801/3144614841] conn(0x7fe610039070 0x7fe61003b530 unknown :-1 s=NONE pgs=0 cs=0 l=1 rev1=0 crypto rx=0 tx=0 comp rx=0 tx=0).connect
2024-03-19T03:22:47.602 INFO:teuthology.orchestra.run.smithi117.stdout:/usr/bin/ceph: stderr
2024-03-19T03:22:46.739+0000 7fe623e00700 1 -- 172.21.15.117:0/606601359 <== mon.0 v2:172.21.15.117:3300/0 5 ==== osd_map(3..3 src has 1..3) ==== 1155+0+0 (secure 0 0 0) 0x7fe61c04d570 con 0x7fe62c1087d0
2024-03-19T03:22:47.602 INFO:teuthology.orchestra.run.smithi117.stdout:/usr/bin/ceph: stderr
2024-03-19T03:22:46.740+0000 7fe62aa00700 1 --2- 172.21.15.117:0/606601359 >> [v2:172.21.15.117:6800/3144614841,v1:172.21.15.117:6801/3144614841] conn(0x7fe610039070 0x7fe61003b530 unknown :-1 s=BANNER_CONNECTING pgs=0 cs=0 l=1 rev1=0 crypto rx=0 tx=0 comp rx=0 tx=0)._handle_peer_banner_payload supported=3 required=0
2024-03-19T03:22:47.602 INFO:teuthology.orchestra.run.smithi117.stdout:/usr/bin/ceph: stderr
2024-03-19T03:22:46.740+0000 7fe62aa00700 1 --2- 172.21.15.117:0/606601359 >> [v2:172.21.15.117:6800/3144614841,v1:172.21.15.117:6801/3144614841] conn(0x7fe610039070 0x7fe61003b530 secure :-1 s=READY pgs=10 cs=0 l=1 rev1=1 crypto rx=0x7fe618006fd0 tx=0x7fe618006e40 comp rx=0 tx=0).ready entity=mgr.14152 client_cookie=0 server_cookie=0 in_seq=0 out_seq=0
2024-03-19T03:22:47.602 INFO:teuthology.orchestra.run.smithi117.stdout:/usr/bin/ceph: stderr
2024-03-19T03:22:46.744+0000 7fe623e00700 1 -- 172.21.15.117:0/606601359 <== mon.0 v2:172.21.15.117:3300/0 6 ==== mon_command_ack([{"prefix": "get_command_descriptions"}]=0 v0) ==== 72+0+186149 (secure 0 0 0) 0x7fe61c00b3e0 con 0x7fe62c1087d0
2024-03-19T03:22:47.602 INFO:teuthology.orchestra.run.smithi117.stdout:/usr/bin/ceph: stderr
2024-03-19T03:22:46.964+0000 7fe632400700 1 -- 172.21.15.117:0/606601359 --> [v2:172.21.15.117:3300/0,v1:172.21.15.117:6789/0] -- mon_command([{prefix=config set, name=osd_memory_target_autotune}] v 0) -- 0x7fe62c1a1540 con 0x7fe62c1087d0
2024-03-19T03:22:47.602 INFO:teuthology.orchestra.run.smithi117.stdout:/usr/bin/ceph: stderr
2024-03-19T03:22:46.965+0000 7fe623e00700 1 -- 172.21.15.117:0/606601359 <== mon.0 v2:172.21.15.117:3300/0 7 ==== mon_command_ack([{prefix=config set, name=osd_memory_target_autotune}]=0 v8)=0 v8) ==== 127+0+0 (secure 0 0 0) 0x7fe61c01ab70 con 0x7fe62c1087d0
2024-03-19T03:22:47.603 INFO:teuthology.orchestra.run.smithi117.stdout:/usr/bin/ceph: stderr
2024-03-19T03:22:46.968+0000 7fe632400700 1 -- 172.21.15.117:0/606601359 >> [v2:172.21.15.117:6800/3144614841,v1:172.21.15.117:6801/3144614841] conn(0x7fe610039070 msgr2=0x7fe61003b530 secure :-1 s=STATE_CONNECTION_ESTABLISHED l=1).mark_down
2024-03-19T03:22:47.603 INFO:teuthology.orchestra.run.smithi117.stdout:/usr/bin/ceph: stderr
2024-03-19T03:22:46.968+0000 7fe632400700 1 --2- 172.21.15.117:0/606601359 >> [v2:172.21.15.117:6800/3144614841,v1:172.21.15.117:6801/3144614841] conn(0x7fe610039070 0x7fe61003b530 secure :-1 s=READY pgs=10 cs=0 l=1 rev1=1 crypto rx=0x7fe618006fd0 tx=0x7fe618006e40 comp rx=0 tx=0).stop
2024-03-19T03:22:47.603 INFO:teuthology.orchestra.run.smithi117.stdout:/usr/bin/ceph: stderr
2024-03-19T03:22:46.969+0000 7fe632400700 1 -- 172.21.15.117:0/606601359 >> [v2:172.21.15.117:3300/0,v1:172.21.15.117:6789/0] conn(0x7fe62c1087d0 msgr2=0x7fe62c19de40 secure :-1 s=STATE_CONNECTION_ESTABLISHED l=1).mark_down
2024-03-19T03:22:47.603 INFO:teuthology.orchestra.run.smithi117.stdout:/usr/bin/ceph: stderr
2024-03-19T03:22:46.969+0000 7fe632400700 1 --2- 172.21.15.117:0/606601359 >> [v2:172.21.15.117:3300/0,v1:172.21.15.117:6789/0] conn(0x7fe62c1087d0 0x7fe62c19de40 secure :-1 s=READY pgs=77 cs=0 l=1 rev1=1 crypto rx=0x7fe61c0117e0 tx=0x7fe61c011ba0 comp rx=0 tx=0).stop
2024-03-19T03:22:47.603 INFO:teuthology.orchestra.run.smithi117.stdout:/usr/bin/ceph: stderr
2024-03-19T03:22:46.969+0000 7fe632400700 1 -- 172.21.15.117:0/606601359 shutdown_connections
2024-03-19T03:22:47.603 INFO:teuthology.orchestra.run.smithi117.stdout:/usr/bin/ceph: stderr
2024-03-19T03:22:46.969+0000 7fe632400700 1 --2- 172.21.15.117:0/606601359 >> [v2:172.21.15.117:6800/3144614841,v1:172.21.15.117:6801/3144614841] conn(0x7fe610039070 0x7fe61003b530 unknown :-1 s=CLOSED pgs=10 cs=0 l=1 rev1=1 crypto rx=0 tx=0 comp rx=0 tx=0).stop
2024-03-19T03:22:47.603 INFO:teuthology.orchestra.run.smithi117.stdout:/usr/bin/ceph: stderr
2024-03-19T03:22:46.969+0000 7fe632400700 1 --2- 172.21.15.117:0/606601359 >> [v2:172.21.15.117:3300/0,v1:172.21.15.117:6789/0] conn(0x7fe62c1087d0 0x7fe62c19de40 unknown :-1 s=CLOSED pgs=77 cs=0 l=1 rev1=1 crypto rx=0 tx=0 comp rx=0 tx=0).stop
2024-03-19T03:22:47.603 INFO:teuthology.orchestra.run.smithi117.stdout:/usr/bin/ceph: stderr
2024-03-19T03:22:46.969+0000 7fe632400700 1 -- 172.21.15.117:0/606601359 >> 172.21.15.117:0/606601359 conn(0x7fe62c1021c0 msgr2=0x7fe62c102bf0 unknown :-1 s=STATE_NONE l=0).mark_down
2024-03-19T03:22:47.603 INFO:teuthology.orchestra.run.smithi117.stdout:/usr/bin/ceph: stderr
2024-03-19T03:22:46.969+0000 7fe632400700 1 -- 172.21.15.117:0/606601359 shutdown_connections
2024-03-19T03:22:47.603 INFO:teuthology.orchestra.run.smithi117.stdout:/usr/bin/ceph: stderr
2024-03-19T03:22:46.969+0000 7fe632400700 1 -- 172.21.15.117:0/606601359 wait complete.
2024-03-19T03:22:49.135 INFO:teuthology.orchestra.run.smithi117.stdout:/usr/bin/ceph: stderr
2024-03-19T03:22:48.170+0000 7f111b200700 1 Processor -- start
2024-03-19T03:22:49.135 INFO:teuthology.orchestra.run.smithi117.stdout:/usr/bin/ceph: stderr
2024-03-19T03:22:48.170+0000 7f111b200700 1 -- start start
2024-03-19T03:22:49.135 INFO:teuthology.orchestra.run.smithi117.stdout:/usr/bin/ceph: stderr
2024-03-19T03:22:48.171+0000 7f111b200700 1 --2- >> [v2:172.21.15.117:3300/0,v1:172.21.15.117:6789/0] conn(0x7f111c07ddf0 0x7f111c07c250 unknown :-1 s=NONE pgs=0 cs=0 l=0 rev1=0 crypto rx=0 tx=0 comp rx=0 tx=0).connect
2024-03-19T03:22:49.135 INFO:teuthology.orchestra.run.smithi117.stdout:/usr/bin/ceph: stderr
2024-03-19T03:22:48.171+0000 7f111b200700 1 -- --> [v2:172.21.15.117:3300/0,v1:172.21.15.117:6789/0] -- mon_getmap magic: 0 -- 0x7f111c07c820 con 0x7f111c07ddf0
2024-03-19T03:22:49.135 INFO:teuthology.orchestra.run.smithi117.stdout:/usr/bin/ceph: stderr
2024-03-19T03:22:48.171+0000 7f1119e00700 1 --2- >> [v2:172.21.15.117:3300/0,v1:172.21.15.117:6789/0] conn(0x7f111c07ddf0 0x7f111c07c250 unknown :-1 s=BANNER_CONNECTING pgs=0 cs=0 l=0 rev1=0 crypto rx=0 tx=0 comp rx=0 tx=0)._handle_peer_banner_payload supported=3 required=0
2024-03-19T03:22:49.135 INFO:teuthology.orchestra.run.smithi117.stdout:/usr/bin/ceph: stderr
2024-03-19T03:22:48.171+0000 7f1119e00700 1 --2- >> [v2:172.21.15.117:3300/0,v1:172.21.15.117:6789/0] conn(0x7f111c07ddf0 0x7f111c07c250 unknown :-1 s=HELLO_CONNECTING pgs=0 cs=0 l=0 rev1=1 crypto rx=0 tx=0 comp rx=0 tx=0).handle_hello peer v2:172.21.15.117:3300/0 says I am v2:172.21.15.117:56852/0 (socket says 172.21.15.117:56852)
2024-03-19T03:22:49.136 INFO:teuthology.orchestra.run.smithi117.stdout:/usr/bin/ceph: stderr
2024-03-19T03:22:48.171+0000 7f1119e00700 1 -- 172.21.15.117:0/2206941391 learned_addr learned my addr 172.21.15.117:0/2206941391 (peer_addr_for_me v2:172.21.15.117:0/0)
2024-03-19T03:22:49.136 INFO:teuthology.orchestra.run.smithi117.stdout:/usr/bin/ceph: stderr
2024-03-19T03:22:48.172+0000 7f1119e00700 1 -- 172.21.15.117:0/2206941391 --> [v2:172.21.15.117:3300/0,v1:172.21.15.117:6789/0] -- mon_subscribe({config=0+,monmap=0+}) -- 0x7f111c07c9a0 con 0x7f111c07ddf0
2024-03-19T03:22:49.136 INFO:teuthology.orchestra.run.smithi117.stdout:/usr/bin/ceph: stderr
2024-03-19T03:22:48.172+0000 7f1119e00700 1 --2- 172.21.15.117:0/2206941391 >> [v2:172.21.15.117:3300/0,v1:172.21.15.117:6789/0] conn(0x7f111c07ddf0 0x7f111c07c250 secure :-1 s=READY pgs=78 cs=0 l=1 rev1=1 crypto rx=0x7f110c009e80 tx=0x7f110c00b330 comp rx=0 tx=0).ready entity=mon.0 client_cookie=7f213fe94352c0a5 server_cookie=0 in_seq=0 out_seq=0
2024-03-19T03:22:49.136 INFO:teuthology.orchestra.run.smithi117.stdout:/usr/bin/ceph: stderr
2024-03-19T03:22:48.172+0000 7f1119400700 1 -- 172.21.15.117:0/2206941391 <== mon.0 v2:172.21.15.117:3300/0 1 ==== mon_map magic: 0 ==== 205+0+0 (secure 0 0 0) 0x7f110c017070 con 0x7f111c07ddf0
2024-03-19T03:22:49.136 INFO:teuthology.orchestra.run.smithi117.stdout:/usr/bin/ceph: stderr
2024-03-19T03:22:48.172+0000 7f1119400700 1 -- 172.21.15.117:0/2206941391 <== mon.0 v2:172.21.15.117:3300/0 2 ==== config(27 keys) ==== 1140+0+0 (secure 0 0 0) 0x7f110c00b8c0 con 0x7f111c07ddf0
2024-03-19T03:22:49.136 INFO:teuthology.orchestra.run.smithi117.stdout:/usr/bin/ceph: stderr
2024-03-19T03:22:48.173+0000 7f1119400700 1 -- 172.21.15.117:0/2206941391 <== mon.0 v2:172.21.15.117:3300/0 3 ==== mon_map magic: 0 ==== 205+0+0 (secure 0 0 0) 0x7f110c0045c0 con 0x7f111c07ddf0
2024-03-19T03:22:49.136 INFO:teuthology.orchestra.run.smithi117.stdout:/usr/bin/ceph: stderr
2024-03-19T03:22:48.173+0000 7f111b200700 1 -- 172.21.15.117:0/2206941391 >> [v2:172.21.15.117:3300/0,v1:172.21.15.117:6789/0] conn(0x7f111c07ddf0 msgr2=0x7f111c07c250 secure :-1 s=STATE_CONNECTION_ESTABLISHED l=1).mark_down
2024-03-19T03:22:49.136 INFO:teuthology.orchestra.run.smithi117.stdout:/usr/bin/ceph: stderr
2024-03-19T03:22:48.173+0000 7f111b200700 1 --2- 172.21.15.117:0/2206941391 >> [v2:172.21.15.117:3300/0,v1:172.21.15.117:6789/0] conn(0x7f111c07ddf0 0x7f111c07c250 secure :-1 s=READY pgs=78 cs=0 l=1 rev1=1 crypto rx=0x7f110c009e80 tx=0x7f110c00b330 comp rx=0 tx=0).stop
2024-03-19T03:22:49.136 INFO:teuthology.orchestra.run.smithi117.stdout:/usr/bin/ceph: stderr
2024-03-19T03:22:48.174+0000 7f111b200700 1 -- 172.21.15.117:0/2206941391 shutdown_connections
2024-03-19T03:22:49.136 INFO:teuthology.orchestra.run.smithi117.stdout:/usr/bin/ceph: stderr
2024-03-19T03:22:48.174+0000 7f111b200700 1 --2- 172.21.15.117:0/2206941391 >> [v2:172.21.15.117:3300/0,v1:172.21.15.117:6789/0] conn(0x7f111c07ddf0 0x7f111c07c250 unknown :-1 s=CLOSED pgs=78 cs=0 l=1 rev1=1 crypto rx=0 tx=0 comp rx=0 tx=0).stop
2024-03-19T03:22:49.136 INFO:teuthology.orchestra.run.smithi117.stdout:/usr/bin/ceph: stderr
2024-03-19T03:22:48.174+0000 7f111b200700 1 -- 172.21.15.117:0/2206941391 >> 172.21.15.117:0/2206941391 conn(0x7f111c103120 msgr2=0x7f111c105540 unknown :-1 s=STATE_NONE l=0).mark_down
2024-03-19T03:22:49.136 INFO:teuthology.orchestra.run.smithi117.stdout:/usr/bin/ceph: stderr
2024-03-19T03:22:48.174+0000 7f111b200700 1 -- 172.21.15.117:0/2206941391 shutdown_connections
2024-03-19T03:22:49.137 INFO:teuthology.orchestra.run.smithi117.stdout:/usr/bin/ceph: stderr
2024-03-19T03:22:48.174+0000 7f111b200700 1 -- 172.21.15.117:0/2206941391 wait complete.
2024-03-19T03:22:49.137 INFO:teuthology.orchestra.run.smithi117.stdout:/usr/bin/ceph: stderr
2024-03-19T03:22:48.175+0000 7f111b200700 1 Processor -- start
2024-03-19T03:22:49.137 INFO:teuthology.orchestra.run.smithi117.stdout:/usr/bin/ceph: stderr
2024-03-19T03:22:48.175+0000 7f111b200700 1 -- start start
2024-03-19T03:22:49.137 INFO:teuthology.orchestra.run.smithi117.stdout:/usr/bin/ceph: stderr
2024-03-19T03:22:48.175+0000 7f111b200700 1 --2- >> [v2:172.21.15.117:3300/0,v1:172.21.15.117:6789/0] conn(0x7f111c07ddf0 0x7f111c19dc60 unknown :-1 s=NONE pgs=0 cs=0 l=1 rev1=0 crypto rx=0 tx=0 comp rx=0 tx=0).connect
2024-03-19T03:22:49.137 INFO:teuthology.orchestra.run.smithi117.stdout:/usr/bin/ceph: stderr
2024-03-19T03:22:48.175+0000 7f111b200700 1 -- --> [v2:172.21.15.117:3300/0,v1:172.21.15.117:6789/0] -- mon_getmap magic: 0 -- 0x7f111c10e180 con 0x7f111c07ddf0
2024-03-19T03:22:49.137 INFO:teuthology.orchestra.run.smithi117.stdout:/usr/bin/ceph: stderr
2024-03-19T03:22:48.176+0000 7f1119e00700 1 --2- >> [v2:172.21.15.117:3300/0,v1:172.21.15.117:6789/0] conn(0x7f111c07ddf0 0x7f111c19dc60 unknown :-1 s=BANNER_CONNECTING pgs=0 cs=0 l=1 rev1=0 crypto rx=0 tx=0 comp rx=0 tx=0)._handle_peer_banner_payload supported=3 required=0
2024-03-19T03:22:49.137 INFO:teuthology.orchestra.run.smithi117.stdout:/usr/bin/ceph: stderr
2024-03-19T03:22:48.176+0000 7f1119e00700 1 --2- >> [v2:172.21.15.117:3300/0,v1:172.21.15.117:6789/0] conn(0x7f111c07ddf0 0x7f111c19dc60 unknown :-1 s=HELLO_CONNECTING pgs=0 cs=0 l=1 rev1=1 crypto rx=0 tx=0 comp rx=0 tx=0).handle_hello peer v2:172.21.15.117:3300/0 says I am v2:172.21.15.117:56862/0 (socket says 172.21.15.117:56862)
2024-03-19T03:22:49.137 INFO:teuthology.orchestra.run.smithi117.stdout:/usr/bin/ceph: stderr
2024-03-19T03:22:48.176+0000 7f1119e00700 1 -- 172.21.15.117:0/1074710899 learned_addr learned my addr 172.21.15.117:0/1074710899 (peer_addr_for_me v2:172.21.15.117:0/0)
2024-03-19T03:22:49.137 INFO:teuthology.orchestra.run.smithi117.stdout:/usr/bin/ceph: stderr
2024-03-19T03:22:48.176+0000 7f1119e00700 1 -- 172.21.15.117:0/1074710899 --> [v2:172.21.15.117:3300/0,v1:172.21.15.117:6789/0] -- mon_subscribe({config=0+,monmap=0+}) -- 0x7f111c19e1a0 con 0x7f111c07ddf0
2024-03-19T03:22:49.137 INFO:teuthology.orchestra.run.smithi117.stdout:/usr/bin/ceph: stderr
2024-03-19T03:22:48.176+0000 7f1119e00700 1 --2- 172.21.15.117:0/1074710899 >> [v2:172.21.15.117:3300/0,v1:172.21.15.117:6789/0] conn(0x7f111c07ddf0 0x7f111c19dc60 secure :-1 s=READY pgs=79 cs=0 l=1 rev1=1 crypto rx=0x7f110c009fd0 tx=0x7f110c003d00 comp rx=0 tx=0).ready entity=mon.0 client_cookie=0 server_cookie=0 in_seq=0 out_seq=0
2024-03-19T03:22:49.137 INFO:teuthology.orchestra.run.smithi117.stdout:/usr/bin/ceph: stderr
2024-03-19T03:22:48.176+0000 7f1112a00700 1 -- 172.21.15.117:0/1074710899 <== mon.0 v2:172.21.15.117:3300/0 1 ==== mon_map magic: 0 ==== 205+0+0 (secure 0 0 0) 0x7f110c020020 con 0x7f111c07ddf0
2024-03-19T03:22:49.137 INFO:teuthology.orchestra.run.smithi117.stdout:/usr/bin/ceph: stderr
2024-03-19T03:22:48.176+0000 7f1112a00700 1 -- 172.21.15.117:0/1074710899 <== mon.0 v2:172.21.15.117:3300/0 2 ==== config(27 keys) ==== 1140+0+0 (secure 0 0 0) 0x7f110c00bba0 con 0x7f111c07ddf0
2024-03-19T03:22:49.138 INFO:teuthology.orchestra.run.smithi117.stdout:/usr/bin/ceph: stderr
2024-03-19T03:22:48.176+0000 7f1112a00700 1 -- 172.21.15.117:0/1074710899 <== mon.0 v2:172.21.15.117:3300/0 3 ==== mon_map magic: 0 ==== 205+0+0 (secure 0 0 0) 0x7f110c017040 con 0x7f111c07ddf0
2024-03-19T03:22:49.138 INFO:teuthology.orchestra.run.smithi117.stdout:/usr/bin/ceph: stderr
2024-03-19T03:22:48.176+0000 7f111b200700 1 -- 172.21.15.117:0/1074710899 --> [v2:172.21.15.117:3300/0,v1:172.21.15.117:6789/0] -- mon_subscribe({mgrmap=0+}) -- 0x7f111c19e430 con 0x7f111c07ddf0
2024-03-19T03:22:49.138 INFO:teuthology.orchestra.run.smithi117.stdout:/usr/bin/ceph: stderr
2024-03-19T03:22:48.177+0000 7f111b200700 1 -- 172.21.15.117:0/1074710899 --> [v2:172.21.15.117:3300/0,v1:172.21.15.117:6789/0] -- mon_subscribe({osdmap=0}) -- 0x7f111c1a1120 con 0x7f111c07ddf0
2024-03-19T03:22:49.138 INFO:teuthology.orchestra.run.smithi117.stdout:/usr/bin/ceph: stderr
2024-03-19T03:22:48.178+0000 7f111b200700 1 -- 172.21.15.117:0/1074710899 --> [v2:172.21.15.117:3300/0,v1:172.21.15.117:6789/0] -- mon_command({"prefix": "get_command_descriptions"} v 0) -- 0x7f111c063940 con 0x7f111c07ddf0
2024-03-19T03:22:49.138 INFO:teuthology.orchestra.run.smithi117.stdout:/usr/bin/ceph: stderr
2024-03-19T03:22:48.178+0000 7f1112a00700 1 -- 172.21.15.117:0/1074710899 <== mon.0 v2:172.21.15.117:3300/0 4 ==== mgrmap(e 13) ==== 46163+0+0 (secure 0 0 0) 0x7f110c023020 con 0x7f111c07ddf0
2024-03-19T03:22:49.138 INFO:teuthology.orchestra.run.smithi117.stdout:/usr/bin/ceph: stderr
