2024-03-22T01:26:57.017+0000 7f786cf27700 1 -- 172.21.15.72:0/3445434487 shutdown_connections
2024-03-22T01:27:01.969 INFO:teuthology.orchestra.run.smithi072.stdout:/usr/bin/ceph: stderr
2024-03-22T01:26:57.017+0000 7f786cf27700 1 --2- 172.21.15.72:0/3445434487 >> [v2:172.21.15.72:3300/0,v1:172.21.15.72:6789/0] conn(0x7f7868108190 0x7f78681085b0 unknown :-1 s=CLOSED pgs=45 cs=0 l=1 rev1=1 crypto rx=0 tx=0 comp rx=0 tx=0).stop
2024-03-22T01:27:01.969 INFO:teuthology.orchestra.run.smithi072.stdout:/usr/bin/ceph: stderr
2024-03-22T01:26:57.017+0000 7f786cf27700 1 -- 172.21.15.72:0/3445434487 >> 172.21.15.72:0/3445434487 conn(0x7f7868103790 msgr2=0x7f7868105bb0 unknown :-1 s=STATE_NONE l=0).mark_down
2024-03-22T01:27:01.969 INFO:teuthology.orchestra.run.smithi072.stdout:/usr/bin/ceph: stderr
2024-03-22T01:26:57.017+0000 7f786cf27700 1 -- 172.21.15.72:0/3445434487 shutdown_connections
2024-03-22T01:27:01.969 INFO:teuthology.orchestra.run.smithi072.stdout:/usr/bin/ceph: stderr
2024-03-22T01:26:57.017+0000 7f786cf27700 1 -- 172.21.15.72:0/3445434487 wait complete.
2024-03-22T01:27:01.969 INFO:teuthology.orchestra.run.smithi072.stdout:/usr/bin/ceph: stderr
2024-03-22T01:26:57.018+0000 7f786cf27700 1 Processor -- start
2024-03-22T01:27:01.969 INFO:teuthology.orchestra.run.smithi072.stdout:/usr/bin/ceph: stderr
2024-03-22T01:26:57.018+0000 7f786cf27700 1 -- start start
2024-03-22T01:27:01.969 INFO:teuthology.orchestra.run.smithi072.stdout:/usr/bin/ceph: stderr
2024-03-22T01:26:57.018+0000 7f786cf27700 1 --2- >> [v2:172.21.15.72:3300/0,v1:172.21.15.72:6789/0] conn(0x7f7868108190 0x7f786819c0a0 unknown :-1 s=NONE pgs=0 cs=0 l=1 rev1=0 crypto rx=0 tx=0 comp rx=0 tx=0).connect
2024-03-22T01:27:01.969 INFO:teuthology.orchestra.run.smithi072.stdout:/usr/bin/ceph: stderr
2024-03-22T01:26:57.018+0000 7f786cf27700 1 -- --> [v2:172.21.15.72:3300/0,v1:172.21.15.72:6789/0] -- mon_getmap magic: 0 -- 0x7f786810c6a0 con 0x7f7868108190
2024-03-22T01:27:01.970 INFO:teuthology.orchestra.run.smithi072.stdout:/usr/bin/ceph: stderr
2024-03-22T01:26:57.018+0000 7f786659c700 1 --2- >> [v2:172.21.15.72:3300/0,v1:172.21.15.72:6789/0] conn(0x7f7868108190 0x7f786819c0a0 unknown :-1 s=BANNER_CONNECTING pgs=0 cs=0 l=1 rev1=0 crypto rx=0 tx=0 comp rx=0 tx=0)._handle_peer_banner_payload supported=3 required=0
2024-03-22T01:27:01.970 INFO:teuthology.orchestra.run.smithi072.stdout:/usr/bin/ceph: stderr
2024-03-22T01:26:57.018+0000 7f786659c700 1 --2- >> [v2:172.21.15.72:3300/0,v1:172.21.15.72:6789/0] conn(0x7f7868108190 0x7f786819c0a0 unknown :-1 s=HELLO_CONNECTING pgs=0 cs=0 l=1 rev1=1 crypto rx=0 tx=0 comp rx=0 tx=0).handle_hello peer v2:172.21.15.72:3300/0 says I am v2:172.21.15.72:44262/0 (socket says 172.21.15.72:44262)
2024-03-22T01:27:01.970 INFO:teuthology.orchestra.run.smithi072.stdout:/usr/bin/ceph: stderr
2024-03-22T01:26:57.018+0000 7f786659c700 1 -- 172.21.15.72:0/1254667660 learned_addr learned my addr 172.21.15.72:0/1254667660 (peer_addr_for_me v2:172.21.15.72:0/0)
2024-03-22T01:27:01.970 INFO:teuthology.orchestra.run.smithi072.stdout:/usr/bin/ceph: stderr
2024-03-22T01:26:57.018+0000 7f786659c700 1 -- 172.21.15.72:0/1254667660 --> [v2:172.21.15.72:3300/0,v1:172.21.15.72:6789/0] -- mon_subscribe({config=0+,monmap=0+}) -- 0x7f786819c5e0 con 0x7f7868108190
2024-03-22T01:27:01.970 INFO:teuthology.orchestra.run.smithi072.stdout:/usr/bin/ceph: stderr
2024-03-22T01:26:57.018+0000 7f786659c700 1 --2- 172.21.15.72:0/1254667660 >> [v2:172.21.15.72:3300/0,v1:172.21.15.72:6789/0] conn(0x7f7868108190 0x7f786819c0a0 secure :-1 s=READY pgs=46 cs=0 l=1 rev1=1 crypto rx=0x7f7858009fb0 tx=0x7f7858011bf0 comp rx=0 tx=0).ready entity=mon.0 client_cookie=0 server_cookie=0 in_seq=0 out_seq=0
2024-03-22T01:27:01.970 INFO:teuthology.orchestra.run.smithi072.stdout:/usr/bin/ceph: stderr
2024-03-22T01:26:57.019+0000 7f78577fe700 1 -- 172.21.15.72:0/1254667660 <== mon.0 v2:172.21.15.72:3300/0 1 ==== mon_map magic: 0 ==== 205+0+0 (secure 0 0 0) 0x7f78580038b0 con 0x7f7868108190
2024-03-22T01:27:01.970 INFO:teuthology.orchestra.run.smithi072.stdout:/usr/bin/ceph: stderr
2024-03-22T01:26:57.019+0000 7f78577fe700 1 -- 172.21.15.72:0/1254667660 <== mon.0 v2:172.21.15.72:3300/0 2 ==== config(27 keys) ==== 1109+0+0 (secure 0 0 0) 0x7f7858011e50 con 0x7f7868108190
2024-03-22T01:27:01.970 INFO:teuthology.orchestra.run.smithi072.stdout:/usr/bin/ceph: stderr
2024-03-22T01:26:57.019+0000 7f786cf27700 1 -- 172.21.15.72:0/1254667660 --> [v2:172.21.15.72:3300/0,v1:172.21.15.72:6789/0] -- mon_subscribe({mgrmap=0+}) -- 0x7f786819c870 con 0x7f7868108190
2024-03-22T01:27:01.970 INFO:teuthology.orchestra.run.smithi072.stdout:/usr/bin/ceph: stderr
2024-03-22T01:26:57.019+0000 7f78577fe700 1 -- 172.21.15.72:0/1254667660 <== mon.0 v2:172.21.15.72:3300/0 3 ==== mon_map magic: 0 ==== 205+0+0 (secure 0 0 0) 0x7f7858019550 con 0x7f7868108190
2024-03-22T01:27:01.970 INFO:teuthology.orchestra.run.smithi072.stdout:/usr/bin/ceph: stderr
2024-03-22T01:26:57.019+0000 7f786cf27700 1 -- 172.21.15.72:0/1254667660 --> [v2:172.21.15.72:3300/0,v1:172.21.15.72:6789/0] -- mon_subscribe({osdmap=0}) -- 0x7f786819f560 con 0x7f7868108190
2024-03-22T01:27:01.970 INFO:teuthology.orchestra.run.smithi072.stdout:/usr/bin/ceph: stderr
2024-03-22T01:26:57.019+0000 7f78577fe700 1 -- 172.21.15.72:0/1254667660 <== mon.0 v2:172.21.15.72:3300/0 4 ==== mgrmap(e 8) ==== 46294+0+0 (secure 0 0 0) 0x7f7858019800 con 0x7f7868108190
2024-03-22T01:27:01.970 INFO:teuthology.orchestra.run.smithi072.stdout:/usr/bin/ceph: stderr
2024-03-22T01:26:57.019+0000 7f786cf27700 1 -- 172.21.15.72:0/1254667660 --> [v2:172.21.15.72:3300/0,v1:172.21.15.72:6789/0] -- mon_command({"prefix": "get_command_descriptions"} v 0) -- 0x7f7868063cb0 con 0x7f7868108190
2024-03-22T01:27:01.970 INFO:teuthology.orchestra.run.smithi072.stdout:/usr/bin/ceph: stderr
2024-03-22T01:26:57.020+0000 7f78577fe700 1 --2- 172.21.15.72:0/1254667660 >> [v2:172.21.15.72:6800/1513232913,v1:172.21.15.72:6801/1513232913] conn(0x7f7850039240 0x7f785003b700 unknown :-1 s=NONE pgs=0 cs=0 l=1 rev1=0 crypto rx=0 tx=0 comp rx=0 tx=0).connect
2024-03-22T01:27:01.970 INFO:teuthology.orchestra.run.smithi072.stdout:/usr/bin/ceph: stderr
2024-03-22T01:26:57.020+0000 7f78577fe700 1 -- 172.21.15.72:0/1254667660 <== mon.0 v2:172.21.15.72:3300/0 5 ==== osd_map(2..2 src has 1..2) ==== 940+0+0 (secure 0 0 0) 0x7f785804d530 con 0x7f7868108190
2024-03-22T01:27:01.971 INFO:teuthology.orchestra.run.smithi072.stdout:/usr/bin/ceph: stderr
2024-03-22T01:26:57.020+0000 7f7865d9b700 1 --2- 172.21.15.72:0/1254667660 >> [v2:172.21.15.72:6800/1513232913,v1:172.21.15.72:6801/1513232913] conn(0x7f7850039240 0x7f785003b700 unknown :-1 s=BANNER_CONNECTING pgs=0 cs=0 l=1 rev1=0 crypto rx=0 tx=0 comp rx=0 tx=0)._handle_peer_banner_payload supported=3 required=0
2024-03-22T01:27:01.971 INFO:teuthology.orchestra.run.smithi072.stdout:/usr/bin/ceph: stderr
2024-03-22T01:26:57.020+0000 7f7865d9b700 1 --2- 172.21.15.72:0/1254667660 >> [v2:172.21.15.72:6800/1513232913,v1:172.21.15.72:6801/1513232913] conn(0x7f7850039240 0x7f785003b700 secure :-1 s=READY pgs=11 cs=0 l=1 rev1=1 crypto rx=0x7f785c006fd0 tx=0x7f785c006e40 comp rx=0 tx=0).ready entity=mgr.14120 client_cookie=0 server_cookie=0 in_seq=0 out_seq=0
2024-03-22T01:27:01.971 INFO:teuthology.orchestra.run.smithi072.stdout:/usr/bin/ceph: stderr
2024-03-22T01:26:57.025+0000 7f78577fe700 1 -- 172.21.15.72:0/1254667660 <== mon.0 v2:172.21.15.72:3300/0 6 ==== mon_command_ack([{"prefix": "get_command_descriptions"}]=0 v0) ==== 72+0+186149 (secure 0 0 0) 0x7f7858003ac0 con 0x7f7868108190
2024-03-22T01:27:01.971 INFO:teuthology.orchestra.run.smithi072.stdout:/usr/bin/ceph: stderr
2024-03-22T01:26:57.228+0000 7f786cf27700 1 -- 172.21.15.72:0/1254667660 --> [v2:172.21.15.72:6800/1513232913,v1:172.21.15.72:6801/1513232913] -- mgr_command(tid 0: {"prefix": "orch host add", "hostname": "smithi072", "addr": "172.21.15.72", "target": ["mon-mgr", ""]}) -- 0x7f7868104990 con 0x7f7850039240
2024-03-22T01:27:01.971 INFO:teuthology.orchestra.run.smithi072.stdout:/usr/bin/ceph: stderr
2024-03-22T01:27:01.401+0000 7f78577fe700 1 -- 172.21.15.72:0/1254667660 <== mgr.14120 v2:172.21.15.72:6800/1513232913 1 ==== mgr_command_reply(tid 0: 0 ) ==== 8+0+48 (secure 0 0 0) 0x7f7868104990 con 0x7f7850039240
2024-03-22T01:27:01.971 INFO:teuthology.orchestra.run.smithi072.stdout:/usr/bin/ceph: stderr
2024-03-22T01:27:01.404+0000 7f786cf27700 1 -- 172.21.15.72:0/1254667660 >> [v2:172.21.15.72:6800/1513232913,v1:172.21.15.72:6801/1513232913] conn(0x7f7850039240 msgr2=0x7f785003b700 secure :-1 s=STATE_CONNECTION_ESTABLISHED l=1).mark_down
2024-03-22T01:27:01.971 INFO:teuthology.orchestra.run.smithi072.stdout:/usr/bin/ceph: stderr
2024-03-22T01:27:01.404+0000 7f786cf27700 1 --2- 172.21.15.72:0/1254667660 >> [v2:172.21.15.72:6800/1513232913,v1:172.21.15.72:6801/1513232913] conn(0x7f7850039240 0x7f785003b700 secure :-1 s=READY pgs=11 cs=0 l=1 rev1=1 crypto rx=0x7f785c006fd0 tx=0x7f785c006e40 comp rx=0 tx=0).stop
2024-03-22T01:27:01.971 INFO:teuthology.orchestra.run.smithi072.stdout:/usr/bin/ceph: stderr
2024-03-22T01:27:01.404+0000 7f786cf27700 1 -- 172.21.15.72:0/1254667660 >> [v2:172.21.15.72:3300/0,v1:172.21.15.72:6789/0] conn(0x7f7868108190 msgr2=0x7f786819c0a0 secure :-1 s=STATE_CONNECTION_ESTABLISHED l=1).mark_down
2024-03-22T01:27:01.971 INFO:teuthology.orchestra.run.smithi072.stdout:/usr/bin/ceph: stderr
2024-03-22T01:27:01.404+0000 7f786cf27700 1 --2- 172.21.15.72:0/1254667660 >> [v2:172.21.15.72:3300/0,v1:172.21.15.72:6789/0] conn(0x7f7868108190 0x7f786819c0a0 secure :-1 s=READY pgs=46 cs=0 l=1 rev1=1 crypto rx=0x7f7858009fb0 tx=0x7f7858011bf0 comp rx=0 tx=0).stop
2024-03-22T01:27:01.971 INFO:teuthology.orchestra.run.smithi072.stdout:/usr/bin/ceph: stderr
2024-03-22T01:27:01.404+0000 7f786cf27700 1 -- 172.21.15.72:0/1254667660 shutdown_connections
2024-03-22T01:27:01.971 INFO:teuthology.orchestra.run.smithi072.stdout:/usr/bin/ceph: stderr
2024-03-22T01:27:01.404+0000 7f786cf27700 1 --2- 172.21.15.72:0/1254667660 >> [v2:172.21.15.72:6800/1513232913,v1:172.21.15.72:6801/1513232913] conn(0x7f7850039240 0x7f785003b700 unknown :-1 s=CLOSED pgs=11 cs=0 l=1 rev1=1 crypto rx=0 tx=0 comp rx=0 tx=0).stop
2024-03-22T01:27:01.971 INFO:teuthology.orchestra.run.smithi072.stdout:/usr/bin/ceph: stderr
2024-03-22T01:27:01.404+0000 7f786cf27700 1 --2- 172.21.15.72:0/1254667660 >> [v2:172.21.15.72:3300/0,v1:172.21.15.72:6789/0] conn(0x7f7868108190 0x7f786819c0a0 unknown :-1 s=CLOSED pgs=46 cs=0 l=1 rev1=1 crypto rx=0 tx=0 comp rx=0 tx=0).stop
2024-03-22T01:27:01.971 INFO:teuthology.orchestra.run.smithi072.stdout:/usr/bin/ceph: stderr
2024-03-22T01:27:01.404+0000 7f786cf27700 1 -- 172.21.15.72:0/1254667660 >> 172.21.15.72:0/1254667660 conn(0x7f7868103790 msgr2=0x7f7868104280 unknown :-1 s=STATE_NONE l=0).mark_down
2024-03-22T01:27:01.972 INFO:teuthology.orchestra.run.smithi072.stdout:/usr/bin/ceph: stderr
2024-03-22T01:27:01.404+0000 7f786cf27700 1 -- 172.21.15.72:0/1254667660 shutdown_connections
2024-03-22T01:27:01.972 INFO:teuthology.orchestra.run.smithi072.stdout:/usr/bin/ceph: stderr
2024-03-22T01:27:01.404+0000 7f786cf27700 1 -- 172.21.15.72:0/1254667660 wait complete.
2024-03-22T01:27:01.972 INFO:teuthology.orchestra.run.smithi072.stdout:Deploying unmanaged mon service...
2024-03-22T01:27:02.622 INFO:journalctl@ceph.mon.a.smithi072.stdout:Mar 22 01:27:02 smithi072 ceph-mon[32414]: from='mgr.14120 172.21.15.72:0/4135194081' entity='mgr.x'
2024-03-22T01:27:02.622 INFO:journalctl@ceph.mon.a.smithi072.stdout:Mar 22 01:27:02 smithi072 ceph-mon[32414]: Added host smithi072
2024-03-22T01:27:02.622 INFO:journalctl@ceph.mon.a.smithi072.stdout:Mar 22 01:27:02 smithi072 ceph-mon[32414]: from='mgr.14120 172.21.15.72:0/4135194081' entity='mgr.x' cmd=[{"prefix": "config dump", "format": "json"}]: dispatch
2024-03-22T01:27:03.224 INFO:teuthology.orchestra.run.smithi072.stdout:/usr/bin/ceph: stdout Scheduled mon update...
2024-03-22T01:27:03.224 INFO:teuthology.orchestra.run.smithi072.stdout:/usr/bin/ceph: stderr
2024-03-22T01:27:02.399+0000 7f7f5f31e700 1 Processor -- start
2024-03-22T01:27:03.224 INFO:teuthology.orchestra.run.smithi072.stdout:/usr/bin/ceph: stderr
2024-03-22T01:27:02.400+0000 7f7f5f31e700 1 -- start start
2024-03-22T01:27:03.224 INFO:teuthology.orchestra.run.smithi072.stdout:/usr/bin/ceph: stderr
2024-03-22T01:27:02.400+0000 7f7f5f31e700 1 --2- >> [v2:172.21.15.72:3300/0,v1:172.21.15.72:6789/0] conn(0x7f7f58108c00 0x7f7f5810aff0 unknown :-1 s=NONE pgs=0 cs=0 l=0 rev1=0 crypto rx=0 tx=0 comp rx=0 tx=0).connect
2024-03-22T01:27:03.225 INFO:teuthology.orchestra.run.smithi072.stdout:/usr/bin/ceph: stderr
2024-03-22T01:27:02.400+0000 7f7f5f31e700 1 -- --> [v2:172.21.15.72:3300/0,v1:172.21.15.72:6789/0] -- mon_getmap magic: 0 -- 0x7f7f5807be10 con 0x7f7f58108c00
2024-03-22T01:27:03.225 INFO:teuthology.orchestra.run.smithi072.stdout:/usr/bin/ceph: stderr
2024-03-22T01:27:02.400+0000 7f7f5d0ba700 1 --2- >> [v2:172.21.15.72:3300/0,v1:172.21.15.72:6789/0] conn(0x7f7f58108c00 0x7f7f5810aff0 unknown :-1 s=BANNER_CONNECTING pgs=0 cs=0 l=0 rev1=0 crypto rx=0 tx=0 comp rx=0 tx=0)._handle_peer_banner_payload supported=3 required=0
2024-03-22T01:27:03.225 INFO:teuthology.orchestra.run.smithi072.stdout:/usr/bin/ceph: stderr
2024-03-22T01:27:02.400+0000 7f7f5d0ba700 1 --2- >> [v2:172.21.15.72:3300/0,v1:172.21.15.72:6789/0] conn(0x7f7f58108c00 0x7f7f5810aff0 unknown :-1 s=HELLO_CONNECTING pgs=0 cs=0 l=0 rev1=1 crypto rx=0 tx=0 comp rx=0 tx=0).handle_hello peer v2:172.21.15.72:3300/0 says I am v2:172.21.15.72:41354/0 (socket says 172.21.15.72:41354)
2024-03-22T01:27:03.225 INFO:teuthology.orchestra.run.smithi072.stdout:/usr/bin/ceph: stderr
2024-03-22T01:27:02.400+0000 7f7f5d0ba700 1 -- 172.21.15.72:0/1479195820 learned_addr learned my addr 172.21.15.72:0/1479195820 (peer_addr_for_me v2:172.21.15.72:0/0)
2024-03-22T01:27:03.225 INFO:teuthology.orchestra.run.smithi072.stdout:/usr/bin/ceph: stderr
2024-03-22T01:27:02.400+0000 7f7f5d0ba700 1 -- 172.21.15.72:0/1479195820 --> [v2:172.21.15.72:3300/0,v1:172.21.15.72:6789/0] -- mon_subscribe({config=0+,monmap=0+}) -- 0x7f7f5810b530 con 0x7f7f58108c00
2024-03-22T01:27:03.225 INFO:teuthology.orchestra.run.smithi072.stdout:/usr/bin/ceph: stderr
2024-03-22T01:27:02.401+0000 7f7f5d0ba700 1 --2- 172.21.15.72:0/1479195820 >> [v2:172.21.15.72:3300/0,v1:172.21.15.72:6789/0] conn(0x7f7f58108c00 0x7f7f5810aff0 secure :-1 s=READY pgs=47 cs=0 l=1 rev1=1 crypto rx=0x7f7f480098a0 tx=0x7f7f48009bb0 comp rx=0 tx=0).ready entity=mon.0 client_cookie=a5cce2cf454c3418 server_cookie=0 in_seq=0 out_seq=0
2024-03-22T01:27:03.225 INFO:teuthology.orchestra.run.smithi072.stdout:/usr/bin/ceph: stderr
2024-03-22T01:27:02.402+0000 7f7f4ffff700 1 -- 172.21.15.72:0/1479195820 <== mon.0 v2:172.21.15.72:3300/0 1 ==== mon_map magic: 0 ==== 205+0+0 (secure 0 0 0) 0x7f7f48004160 con 0x7f7f58108c00
2024-03-22T01:27:03.225 INFO:teuthology.orchestra.run.smithi072.stdout:/usr/bin/ceph: stderr
2024-03-22T01:27:02.403+0000 7f7f4ffff700 1 -- 172.21.15.72:0/1479195820 <== mon.0 v2:172.21.15.72:3300/0 2 ==== config(27 keys) ==== 1109+0+0 (secure 0 0 0) 0x7f7f48004300 con 0x7f7f58108c00
2024-03-22T01:27:03.225 INFO:teuthology.orchestra.run.smithi072.stdout:/usr/bin/ceph: stderr
2024-03-22T01:27:02.403+0000 7f7f4ffff700 1 -- 172.21.15.72:0/1479195820 <== mon.0 v2:172.21.15.72:3300/0 3 ==== mon_map magic: 0 ==== 205+0+0 (secure 0 0 0) 0x7f7f48011b50 con 0x7f7f58108c00
2024-03-22T01:27:03.225 INFO:teuthology.orchestra.run.smithi072.stdout:/usr/bin/ceph: stderr
2024-03-22T01:27:02.403+0000 7f7f5f31e700 1 -- 172.21.15.72:0/1479195820 >> [v2:172.21.15.72:3300/0,v1:172.21.15.72:6789/0] conn(0x7f7f58108c00 msgr2=0x7f7f5810aff0 secure :-1 s=STATE_CONNECTION_ESTABLISHED l=1).mark_down
2024-03-22T01:27:03.225 INFO:teuthology.orchestra.run.smithi072.stdout:/usr/bin/ceph: stderr
2024-03-22T01:27:02.403+0000 7f7f5f31e700 1 --2- 172.21.15.72:0/1479195820 >> [v2:172.21.15.72:3300/0,v1:172.21.15.72:6789/0] conn(0x7f7f58108c00 0x7f7f5810aff0 secure :-1 s=READY pgs=47 cs=0 l=1 rev1=1 crypto rx=0x7f7f480098a0 tx=0x7f7f48009bb0 comp rx=0 tx=0).stop
2024-03-22T01:27:03.225 INFO:teuthology.orchestra.run.smithi072.stdout:/usr/bin/ceph: stderr
2024-03-22T01:27:02.403+0000 7f7f5f31e700 1 -- 172.21.15.72:0/1479195820 shutdown_connections
2024-03-22T01:27:03.226 INFO:teuthology.orchestra.run.smithi072.stdout:/usr/bin/ceph: stderr
2024-03-22T01:27:02.403+0000 7f7f5f31e700 1 --2- 172.21.15.72:0/1479195820 >> [v2:172.21.15.72:3300/0,v1:172.21.15.72:6789/0] conn(0x7f7f58108c00 0x7f7f5810aff0 unknown :-1 s=CLOSED pgs=47 cs=0 l=1 rev1=1 crypto rx=0 tx=0 comp rx=0 tx=0).stop
2024-03-22T01:27:03.226 INFO:teuthology.orchestra.run.smithi072.stdout:/usr/bin/ceph: stderr
2024-03-22T01:27:02.403+0000 7f7f5f31e700 1 -- 172.21.15.72:0/1479195820 >> 172.21.15.72:0/1479195820 conn(0x7f7f581025d0 msgr2=0x7f7f581049f0 unknown :-1 s=STATE_NONE l=0).mark_down
2024-03-22T01:27:03.226 INFO:teuthology.orchestra.run.smithi072.stdout:/usr/bin/ceph: stderr
2024-03-22T01:27:02.403+0000 7f7f5f31e700 1 -- 172.21.15.72:0/1479195820 shutdown_connections
2024-03-22T01:27:03.226 INFO:teuthology.orchestra.run.smithi072.stdout:/usr/bin/ceph: stderr
2024-03-22T01:27:02.403+0000 7f7f5f31e700 1 -- 172.21.15.72:0/1479195820 wait complete.
2024-03-22T01:27:03.226 INFO:teuthology.orchestra.run.smithi072.stdout:/usr/bin/ceph: stderr
2024-03-22T01:27:02.404+0000 7f7f5f31e700 1 Processor -- start
2024-03-22T01:27:03.226 INFO:teuthology.orchestra.run.smithi072.stdout:/usr/bin/ceph: stderr
2024-03-22T01:27:02.404+0000 7f7f5f31e700 1 -- start start
2024-03-22T01:27:03.226 INFO:teuthology.orchestra.run.smithi072.stdout:/usr/bin/ceph: stderr
2024-03-22T01:27:02.404+0000 7f7f5f31e700 1 --2- >> [v2:172.21.15.72:3300/0,v1:172.21.15.72:6789/0] conn(0x7f7f58108c00 0x7f7f58108480 unknown :-1 s=NONE pgs=0 cs=0 l=1 rev1=0 crypto rx=0 tx=0 comp rx=0 tx=0).connect
2024-03-22T01:27:03.226 INFO:teuthology.orchestra.run.smithi072.stdout:/usr/bin/ceph: stderr
2024-03-22T01:27:02.404+0000 7f7f5f31e700 1 -- --> [v2:172.21.15.72:3300/0,v1:172.21.15.72:6789/0] -- mon_getmap magic: 0 -- 0x7f7f5810c4f0 con 0x7f7f58108c00
2024-03-22T01:27:03.226 INFO:teuthology.orchestra.run.smithi072.stdout:/usr/bin/ceph: stderr
2024-03-22T01:27:02.404+0000 7f7f5d0ba700 1 --2- >> [v2:172.21.15.72:3300/0,v1:172.21.15.72:6789/0] conn(0x7f7f58108c00 0x7f7f58108480 unknown :-1 s=BANNER_CONNECTING pgs=0 cs=0 l=1 rev1=0 crypto rx=0 tx=0 comp rx=0 tx=0)._handle_peer_banner_payload supported=3 required=0
2024-03-22T01:27:03.226 INFO:teuthology.orchestra.run.smithi072.stdout:/usr/bin/ceph: stderr
2024-03-22T01:27:02.404+0000 7f7f5d0ba700 1 --2- >> [v2:172.21.15.72:3300/0,v1:172.21.15.72:6789/0] conn(0x7f7f58108c00 0x7f7f58108480 unknown :-1 s=HELLO_CONNECTING pgs=0 cs=0 l=1 rev1=1 crypto rx=0 tx=0 comp rx=0 tx=0).handle_hello peer v2:172.21.15.72:3300/0 says I am v2:172.21.15.72:41360/0 (socket says 172.21.15.72:41360)
2024-03-22T01:27:03.226 INFO:teuthology.orchestra.run.smithi072.stdout:/usr/bin/ceph: stderr
2024-03-22T01:27:02.404+0000 7f7f5d0ba700 1 -- 172.21.15.72:0/3397688215 learned_addr learned my addr 172.21.15.72:0/3397688215 (peer_addr_for_me v2:172.21.15.72:0/0)
2024-03-22T01:27:03.226 INFO:teuthology.orchestra.run.smithi072.stdout:/usr/bin/ceph: stderr
2024-03-22T01:27:02.404+0000 7f7f5d0ba700 1 -- 172.21.15.72:0/3397688215 --> [v2:172.21.15.72:3300/0,v1:172.21.15.72:6789/0] -- mon_subscribe({config=0+,monmap=0+}) -- 0x7f7f581089c0 con 0x7f7f58108c00
2024-03-22T01:27:03.226 INFO:teuthology.orchestra.run.smithi072.stdout:/usr/bin/ceph: stderr
2024-03-22T01:27:02.405+0000 7f7f5d0ba700 1 --2- 172.21.15.72:0/3397688215 >> [v2:172.21.15.72:3300/0,v1:172.21.15.72:6789/0] conn(0x7f7f58108c00 0x7f7f58108480 secure :-1 s=READY pgs=48 cs=0 l=1 rev1=1 crypto rx=0x7f7f48011b60 tx=0x7f7f48011c40 comp rx=0 tx=0).ready entity=mon.0 client_cookie=0 server_cookie=0 in_seq=0 out_seq=0
2024-03-22T01:27:03.227 INFO:teuthology.orchestra.run.smithi072.stdout:/usr/bin/ceph: stderr
2024-03-22T01:27:02.405+0000 7f7f4e7fc700 1 -- 172.21.15.72:0/3397688215 <== mon.0 v2:172.21.15.72:3300/0 1 ==== mon_map magic: 0 ==== 205+0+0 (secure 0 0 0) 0x7f7f48003970 con 0x7f7f58108c00
2024-03-22T01:27:03.227 INFO:teuthology.orchestra.run.smithi072.stdout:/usr/bin/ceph: stderr
2024-03-22T01:27:02.405+0000 7f7f4e7fc700 1 -- 172.21.15.72:0/3397688215 <== mon.0 v2:172.21.15.72:3300/0 2 ==== config(27 keys) ==== 1109+0+0 (secure 0 0 0) 0x7f7f48003b10 con 0x7f7f58108c00
2024-03-22T01:27:03.227 INFO:teuthology.orchestra.run.smithi072.stdout:/usr/bin/ceph: stderr
2024-03-22T01:27:02.405+0000 7f7f4e7fc700 1 -- 172.21.15.72:0/3397688215 <== mon.0 v2:172.21.15.72:3300/0 3 ==== mon_map magic: 0 ==== 205+0+0 (secure 0 0 0) 0x7f7f48024610 con 0x7f7f58108c00
2024-03-22T01:27:03.227 INFO:teuthology.orchestra.run.smithi072.stdout:/usr/bin/ceph: stderr
2024-03-22T01:27:02.405+0000 7f7f5f31e700 1 -- 172.21.15.72:0/3397688215 --> [v2:172.21.15.72:3300/0,v1:172.21.15.72:6789/0] -- mon_subscribe({mgrmap=0+}) -- 0x7f7f58106bb0 con 0x7f7f58108c00
2024-03-22T01:27:03.227 INFO:teuthology.orchestra.run.smithi072.stdout:/usr/bin/ceph: stderr
2024-03-22T01:27:02.405+0000 7f7f5f31e700 1 -- 172.21.15.72:0/3397688215 --> [v2:172.21.15.72:3300/0,v1:172.21.15.72:6789/0] -- mon_subscribe({osdmap=0}) -- 0x7f7f581070f0 con 0x7f7f58108c00
2024-03-22T01:27:03.227 INFO:teuthology.orchestra.run.smithi072.stdout:/usr/bin/ceph: stderr
2024-03-22T01:27:02.406+0000 7f7f4e7fc700 1 -- 172.21.15.72:0/3397688215 <== mon.0 v2:172.21.15.72:3300/0 4 ==== mgrmap(e 8) ==== 46294+0+0 (secure 0 0 0) 0x7f7f480248c0 con 0x7f7f58108c00
2024-03-22T01:27:03.227 INFO:teuthology.orchestra.run.smithi072.stdout:/usr/bin/ceph: stderr
2024-03-22T01:27:02.406+0000 7f7f5f31e700 1 -- 172.21.15.72:0/3397688215 --> [v2:172.21.15.72:3300/0,v1:172.21.15.72:6789/0] -- mon_command({"prefix": "get_command_descriptions"} v 0) -- 0x7f7f58063cb0 con 0x7f7f58108c00
2024-03-22T01:27:03.227 INFO:teuthology.orchestra.run.smithi072.stdout:/usr/bin/ceph: stderr
2024-03-22T01:27:02.406+0000 7f7f4e7fc700 1 --2- 172.21.15.72:0/3397688215 >> [v2:172.21.15.72:6800/1513232913,v1:172.21.15.72:6801/1513232913] conn(0x7f7f44039290 0x7f7f4403b750 unknown :-1 s=NONE pgs=0 cs=0 l=1 rev1=0 crypto rx=0 tx=0 comp rx=0 tx=0).connect
2024-03-22T01:27:03.227 INFO:teuthology.orchestra.run.smithi072.stdout:/usr/bin/ceph: stderr
2024-03-22T01:27:02.406+0000 7f7f4e7fc700 1 -- 172.21.15.72:0/3397688215 <== mon.0 v2:172.21.15.72:3300/0 5 ==== osd_map(2..2 src has 1..2) ==== 940+0+0 (secure 0 0 0) 0x7f7f48011e00 con 0x7f7f58108c00
2024-03-22T01:27:03.227 INFO:teuthology.orchestra.run.smithi072.stdout:/usr/bin/ceph: stderr
2024-03-22T01:27:02.406+0000 7f7f5c8b9700 1 --2- 172.21.15.72:0/3397688215 >> [v2:172.21.15.72:6800/1513232913,v1:172.21.15.72:6801/1513232913] conn(0x7f7f44039290 0x7f7f4403b750 unknown :-1 s=BANNER_CONNECTING pgs=0 cs=0 l=1 rev1=0 crypto rx=0 tx=0 comp rx=0 tx=0)._handle_peer_banner_payload supported=3 required=0
2024-03-22T01:27:03.227 INFO:teuthology.orchestra.run.smithi072.stdout:/usr/bin/ceph: stderr
2024-03-22T01:27:02.406+0000 7f7f5c8b9700 1 --2- 172.21.15.72:0/3397688215 >> [v2:172.21.15.72:6800/1513232913,v1:172.21.15.72:6801/1513232913] conn(0x7f7f44039290 0x7f7f4403b750 secure :-1 s=READY pgs=12 cs=0 l=1 rev1=1 crypto rx=0x7f7f54006fd0 tx=0x7f7f54006e40 comp rx=0 tx=0).ready entity=mgr.14120 client_cookie=0 server_cookie=0 in_seq=0 out_seq=0
2024-03-22T01:27:03.227 INFO:teuthology.orchestra.run.smithi072.stdout:/usr/bin/ceph: stderr
2024-03-22T01:27:02.411+0000 7f7f4e7fc700 1 -- 172.21.15.72:0/3397688215 <== mon.0 v2:172.21.15.72:3300/0 6 ==== mon_command_ack([{"prefix": "get_command_descriptions"}]=0 v0) ==== 72+0+186149 (secure 0 0 0) 0x7f7f4800ba00 con 0x7f7f58108c00
2024-03-22T01:27:03.227 INFO:teuthology.orchestra.run.smithi072.stdout:/usr/bin/ceph: stderr
2024-03-22T01:27:02.644+0000 7f7f5f31e700 1 -- 172.21.15.72:0/3397688215 --> [v2:172.21.15.72:6800/1513232913,v1:172.21.15.72:6801/1513232913] -- mgr_command(tid 0: {"prefix": "orch apply", "service_type": "mon", "unmanaged": true, "target": ["mon-mgr", ""]}) -- 0x7f7f58103750 con 0x7f7f44039290
2024-03-22T01:27:03.227 INFO:teuthology.orchestra.run.smithi072.stdout:/usr/bin/ceph: stderr
2024-03-22T01:27:02.652+0000 7f7f4e7fc700 1 -- 172.21.15.72:0/3397688215 <== mgr.14120 v2:172.21.15.72:6800/1513232913 1 ==== mgr_command_reply(tid 0: 0 ) ==== 8+0+24 (secure 0 0 0) 0x7f7f58103750 con 0x7f7f44039290
2024-03-22T01:27:03.228 INFO:teuthology.orchestra.run.smithi072.stdout:/usr/bin/ceph: stderr
2024-03-22T01:27:02.654+0000 7f7f5f31e700 1 -- 172.21.15.72:0/3397688215 >> [v2:172.21.15.72:6800/1513232913,v1:172.21.15.72:6801/1513232913] conn(0x7f7f44039290 msgr2=0x7f7f4403b750 secure :-1 s=STATE_CONNECTION_ESTABLISHED l=1).mark_down
2024-03-22T01:27:03.228 INFO:teuthology.orchestra.run.smithi072.stdout:/usr/bin/ceph: stderr
2024-03-22T01:27:02.654+0000 7f7f5f31e700 1 --2- 172.21.15.72:0/3397688215 >> [v2:172.21.15.72:6800/1513232913,v1:172.21.15.72:6801/1513232913] conn(0x7f7f44039290 0x7f7f4403b750 secure :-1 s=READY pgs=12 cs=0 l=1 rev1=1 crypto rx=0x7f7f54006fd0 tx=0x7f7f54006e40 comp rx=0 tx=0).stop
2024-03-22T01:27:03.228 INFO:teuthology.orchestra.run.smithi072.stdout:/usr/bin/ceph: stderr
2024-03-22T01:27:02.654+0000 7f7f5f31e700 1 -- 172.21.15.72:0/3397688215 >> [v2:172.21.15.72:3300/0,v1:172.21.15.72:6789/0] conn(0x7f7f58108c00 msgr2=0x7f7f58108480 secure :-1 s=STATE_CONNECTION_ESTABLISHED l=1).mark_down
2024-03-22T01:27:03.228 INFO:teuthology.orchestra.run.smithi072.stdout:/usr/bin/ceph: stderr
2024-03-22T01:27:02.654+0000 7f7f5f31e700 1 --2- 172.21.15.72:0/3397688215 >> [v2:172.21.15.72:3300/0,v1:172.21.15.72:6789/0] conn(0x7f7f58108c00 0x7f7f58108480 secure :-1 s=READY pgs=48 cs=0 l=1 rev1=1 crypto rx=0x7f7f48011b60 tx=0x7f7f48011c40 comp rx=0 tx=0).stop
2024-03-22T01:27:03.228 INFO:teuthology.orchestra.run.smithi072.stdout:/usr/bin/ceph: stderr
2024-03-22T01:27:02.654+0000 7f7f5f31e700 1 -- 172.21.15.72:0/3397688215 shutdown_connections
2024-03-22T01:27:03.228 INFO:teuthology.orchestra.run.smithi072.stdout:/usr/bin/ceph: stderr
2024-03-22T01:27:02.654+0000 7f7f5f31e700 1 --2- 172.21.15.72:0/3397688215 >> [v2:172.21.15.72:6800/1513232913,v1:172.21.15.72:6801/1513232913] conn(0x7f7f44039290 0x7f7f4403b750 unknown :-1 s=CLOSED pgs=12 cs=0 l=1 rev1=1 crypto rx=0 tx=0 comp rx=0 tx=0).stop
2024-03-22T01:27:03.228 INFO:teuthology.orchestra.run.smithi072.stdout:/usr/bin/ceph: stderr
2024-03-22T01:27:02.654+0000 7f7f5f31e700 1 --2- 172.21.15.72:0/3397688215 >> [v2:172.21.15.72:3300/0,v1:172.21.15.72:6789/0] conn(0x7f7f58108c00 0x7f7f58108480 unknown :-1 s=CLOSED pgs=48 cs=0 l=1 rev1=1 crypto rx=0 tx=0 comp rx=0 tx=0).stop
2024-03-22T01:27:03.228 INFO:teuthology.orchestra.run.smithi072.stdout:/usr/bin/ceph: stderr
2024-03-22T01:27:02.654+0000 7f7f5f31e700 1 -- 172.21.15.72:0/3397688215 >> 172.21.15.72:0/3397688215 conn(0x7f7f581025d0 msgr2=0x7f7f58103040 unknown :-1 s=STATE_NONE l=0).mark_down
2024-03-22T01:27:03.228 INFO:teuthology.orchestra.run.smithi072.stdout:/usr/bin/ceph: stderr
2024-03-22T01:27:02.654+0000 7f7f5f31e700 1 -- 172.21.15.72:0/3397688215 shutdown_connections
2024-03-22T01:27:03.228 INFO:teuthology.orchestra.run.smithi072.stdout:/usr/bin/ceph: stderr
2024-03-22T01:27:02.654+0000 7f7f5f31e700 1 -- 172.21.15.72:0/3397688215 wait complete.
2024-03-22T01:27:03.228 INFO:teuthology.orchestra.run.smithi072.stdout:Deploying unmanaged mgr service...
2024-03-22T01:27:03.794 INFO:journalctl@ceph.mon.a.smithi072.stdout:Mar 22 01:27:03 smithi072 ceph-mon[32414]: from='client.14142 -' entity='client.admin' cmd=[{"prefix": "orch apply", "service_type": "mon", "unmanaged": true, "target": ["mon-mgr", ""]}]: dispatch
2024-03-22T01:27:03.794 INFO:journalctl@ceph.mon.a.smithi072.stdout:Mar 22 01:27:03 smithi072 ceph-mon[32414]: Saving service mon spec with placement count:5
2024-03-22T01:27:03.795 INFO:journalctl@ceph.mon.a.smithi072.stdout:Mar 22 01:27:03 smithi072 ceph-mon[32414]: from='mgr.14120 172.21.15.72:0/4135194081' entity='mgr.x'
2024-03-22T01:27:04.541 INFO:teuthology.orchestra.run.smithi072.stdout:/usr/bin/ceph: stdout Scheduled mgr update...
2024-03-22T01:27:04.542 INFO:teuthology.orchestra.run.smithi072.stdout:/usr/bin/ceph: stderr
2024-03-22T01:27:03.794+0000 7f3e5ce25700 1 Processor -- start
2024-03-22T01:27:04.542 INFO:teuthology.orchestra.run.smithi072.stdout:/usr/bin/ceph: stderr
2024-03-22T01:27:03.794+0000 7f3e5ce25700 1 -- start start
2024-03-22T01:27:04.542 INFO:teuthology.orchestra.run.smithi072.stdout:/usr/bin/ceph: stderr
2024-03-22T01:27:03.795+0000 7f3e5ce25700 1 --2- >> [v2:172.21.15.72:3300/0,v1:172.21.15.72:6789/0] conn(0x7f3e58108c70 0x7f3e5810b060 unknown :-1 s=NONE pgs=0 cs=0 l=0 rev1=0 crypto rx=0 tx=0 comp rx=0 tx=0).connect
2024-03-22T01:27:04.542 INFO:teuthology.orchestra.run.smithi072.stdout:/usr/bin/ceph: stderr
2024-03-22T01:27:03.795+0000 7f3e5ce25700 1 -- --> [v2:172.21.15.72:3300/0,v1:172.21.15.72:6789/0] -- mon_getmap magic: 0 -- 0x7f3e5807bdb0 con 0x7f3e58108c70
2024-03-22T01:27:04.542 INFO:teuthology.orchestra.run.smithi072.stdout:/usr/bin/ceph: stderr
2024-03-22T01:27:03.795+0000 7f3e5659c700 1 --2- >> [v2:172.21.15.72:3300/0,v1:172.21.15.72:6789/0] conn(0x7f3e58108c70 0x7f3e5810b060 unknown :-1 s=BANNER_CONNECTING pgs=0 cs=0 l=0 rev1=0 crypto rx=0 tx=0 comp rx=0 tx=0)._handle_peer_banner_payload supported=3 required=0
2024-03-22T01:27:04.542 INFO:teuthology.orchestra.run.smithi072.stdout:/usr/bin/ceph: stderr
2024-03-22T01:27:03.795+0000 7f3e5659c700 1 --2- >> [v2:172.21.15.72:3300/0,v1:172.21.15.72:6789/0] conn(0x7f3e58108c70 0x7f3e5810b060 unknown :-1 s=HELLO_CONNECTING pgs=0 cs=0 l=0 rev1=1 crypto rx=0 tx=0 comp rx=0 tx=0).handle_hello peer v2:172.21.15.72:3300/0 says I am v2:172.21.15.72:41368/0 (socket says 172.21.15.72:41368)
2024-03-22T01:27:04.542 INFO:teuthology.orchestra.run.smithi072.stdout:/usr/bin/ceph: stderr
2024-03-22T01:27:03.795+0000 7f3e5659c700 1 -- 172.21.15.72:0/3697681619 learned_addr learned my addr 172.21.15.72:0/3697681619 (peer_addr_for_me v2:172.21.15.72:0/0)
2024-03-22T01:27:04.542 INFO:teuthology.orchestra.run.smithi072.stdout:/usr/bin/ceph: stderr
2024-03-22T01:27:03.795+0000 7f3e5659c700 1 -- 172.21.15.72:0/3697681619 --> [v2:172.21.15.72:3300/0,v1:172.21.15.72:6789/0] -- mon_subscribe({config=0+,monmap=0+}) -- 0x7f3e5810b5a0 con 0x7f3e58108c70
2024-03-22T01:27:04.542 INFO:teuthology.orchestra.run.smithi072.stdout:/usr/bin/ceph: stderr
2024-03-22T01:27:03.795+0000 7f3e5659c700 1 --2- 172.21.15.72:0/3697681619 >> [v2:172.21.15.72:3300/0,v1:172.21.15.72:6789/0] conn(0x7f3e58108c70 0x7f3e5810b060 secure :-1 s=READY pgs=49 cs=0 l=1 rev1=1 crypto rx=0x7f3e50009e80 tx=0x7f3e5000b330 comp rx=0 tx=0).ready entity=mon.0 client_cookie=d25201fe42bd374b server_cookie=0 in_seq=0 out_seq=0
2024-03-22T01:27:04.543 INFO:teuthology.orchestra.run.smithi072.stdout:/usr/bin/ceph: stderr
2024-03-22T01:27:03.795+0000 7f3e5559a700 1 -- 172.21.15.72:0/3697681619 <== mon.0 v2:172.21.15.72:3300/0 1 ==== mon_map magic: 0 ==== 205+0+0 (secure 0 0 0) 0x7f3e50017070 con 0x7f3e58108c70
2024-03-22T01:27:04.543 INFO:teuthology.orchestra.run.smithi072.stdout:/usr/bin/ceph: stderr
2024-03-22T01:27:03.795+0000 7f3e5559a700 1 -- 172.21.15.72:0/3697681619 <== mon.0 v2:172.21.15.72:3300/0 2 ==== config(27 keys) ==== 1109+0+0 (secure 0 0 0) 0x7f3e5000b8c0 con 0x7f3e58108c70
2024-03-22T01:27:04.543 INFO:teuthology.orchestra.run.smithi072.stdout:/usr/bin/ceph: stderr
2024-03-22T01:27:03.795+0000 7f3e5559a700 1 -- 172.21.15.72:0/3697681619 <== mon.0 v2:172.21.15.72:3300/0 3 ==== mon_map magic: 0 ==== 205+0+0 (secure 0 0 0) 0x7f3e500045c0 con 0x7f3e58108c70
2024-03-22T01:27:04.543 INFO:teuthology.orchestra.run.smithi072.stdout:/usr/bin/ceph: stderr
2024-03-22T01:27:03.796+0000 7f3e5ce25700 1 -- 172.21.15.72:0/3697681619 >> [v2:172.21.15.72:3300/0,v1:172.21.15.72:6789/0] conn(0x7f3e58108c70 msgr2=0x7f3e5810b060 secure :-1 s=STATE_CONNECTION_ESTABLISHED l=1).mark_down
2024-03-22T01:27:04.543 INFO:teuthology.orchestra.run.smithi072.stdout:/usr/bin/ceph: stderr
2024-03-22T01:27:03.796+0000 7f3e5ce25700 1 --2- 172.21.15.72:0/3697681619 >> [v2:172.21.15.72:3300/0,v1:172.21.15.72:6789/0] conn(0x7f3e58108c70 0x7f3e5810b060 secure :-1 s=READY pgs=49 cs=0 l=1 rev1=1 crypto rx=0x7f3e50009e80 tx=0x7f3e5000b330 comp rx=0 tx=0).stop
2024-03-22T01:27:04.543 INFO:teuthology.orchestra.run.smithi072.stdout:/usr/bin/ceph: stderr
2024-03-22T01:27:03.796+0000 7f3e5ce25700 1 -- 172.21.15.72:0/3697681619 shutdown_connections
2024-03-22T01:27:04.543 INFO:teuthology.orchestra.run.smithi072.stdout:/usr/bin/ceph: stderr
2024-03-22T01:27:03.796+0000 7f3e5ce25700 1 --2- 172.21.15.72:0/3697681619 >> [v2:172.21.15.72:3300/0,v1:172.21.15.72:6789/0] conn(0x7f3e58108c70 0x7f3e5810b060 unknown :-1 s=CLOSED pgs=49 cs=0 l=1 rev1=1 crypto rx=0 tx=0 comp rx=0 tx=0).stop
2024-03-22T01:27:04.543 INFO:teuthology.orchestra.run.smithi072.stdout:/usr/bin/ceph: stderr
2024-03-22T01:27:03.796+0000 7f3e5ce25700 1 -- 172.21.15.72:0/3697681619 >> 172.21.15.72:0/3697681619 conn(0x7f3e58102600 msgr2=0x7f3e58104a20 unknown :-1 s=STATE_NONE l=0).mark_down
2024-03-22T01:27:04.543 INFO:teuthology.orchestra.run.smithi072.stdout:/usr/bin/ceph: stderr
2024-03-22T01:27:03.796+0000 7f3e5ce25700 1 -- 172.21.15.72:0/3697681619 shutdown_connections
2024-03-22T01:27:04.543 INFO:teuthology.orchestra.run.smithi072.stdout:/usr/bin/ceph: stderr
2024-03-22T01:27:03.796+0000 7f3e5ce25700 1 -- 172.21.15.72:0/3697681619 wait complete.
2024-03-22T01:27:04.543 INFO:teuthology.orchestra.run.smithi072.stdout:/usr/bin/ceph: stderr
2024-03-22T01:27:03.797+0000 7f3e5ce25700 1 Processor -- start
2024-03-22T01:27:04.543 INFO:teuthology.orchestra.run.smithi072.stdout:/usr/bin/ceph: stderr
2024-03-22T01:27:03.797+0000 7f3e5ce25700 1 -- start start
2024-03-22T01:27:04.543 INFO:teuthology.orchestra.run.smithi072.stdout:/usr/bin/ceph: stderr
2024-03-22T01:27:03.797+0000 7f3e5ce25700 1 --2- >> [v2:172.21.15.72:3300/0,v1:172.21.15.72:6789/0] conn(0x7f3e58108c70 0x7f3e581084f0 unknown :-1 s=NONE pgs=0 cs=0 l=1 rev1=0 crypto rx=0 tx=0 comp rx=0 tx=0).connect
2024-03-22T01:27:04.543 INFO:teuthology.orchestra.run.smithi072.stdout:/usr/bin/ceph: stderr
2024-03-22T01:27:03.797+0000 7f3e5ce25700 1 -- --> [v2:172.21.15.72:3300/0,v1:172.21.15.72:6789/0] -- mon_getmap magic: 0 -- 0x7f3e5810c500 con 0x7f3e58108c70
2024-03-22T01:27:04.544 INFO:teuthology.orchestra.run.smithi072.stdout:/usr/bin/ceph: stderr
2024-03-22T01:27:03.797+0000 7f3e5659c700 1 --2- >> [v2:172.21.15.72:3300/0,v1:172.21.15.72:6789/0] conn(0x7f3e58108c70 0x7f3e581084f0 unknown :-1 s=BANNER_CONNECTING pgs=0 cs=0 l=1 rev1=0 crypto rx=0 tx=0 comp rx=0 tx=0)._handle_peer_banner_payload supported=3 required=0
2024-03-22T01:27:04.544 INFO:teuthology.orchestra.run.smithi072.stdout:/usr/bin/ceph: stderr
2024-03-22T01:27:03.797+0000 7f3e5659c700 1 --2- >> [v2:172.21.15.72:3300/0,v1:172.21.15.72:6789/0] conn(0x7f3e58108c70 0x7f3e581084f0 unknown :-1 s=HELLO_CONNECTING pgs=0 cs=0 l=1 rev1=1 crypto rx=0 tx=0 comp rx=0 tx=0).handle_hello peer v2:172.21.15.72:3300/0 says I am v2:172.21.15.72:41378/0 (socket says 172.21.15.72:41378)
2024-03-22T01:27:04.544 INFO:teuthology.orchestra.run.smithi072.stdout:/usr/bin/ceph: stderr
2024-03-22T01:27:03.797+0000 7f3e5659c700 1 -- 172.21.15.72:0/3886751799 learned_addr learned my addr 172.21.15.72:0/3886751799 (peer_addr_for_me v2:172.21.15.72:0/0)
2024-03-22T01:27:04.544 INFO:teuthology.orchestra.run.smithi072.stdout:/usr/bin/ceph: stderr
2024-03-22T01:27:03.797+0000 7f3e5659c700 1 -- 172.21.15.72:0/3886751799 --> [v2:172.21.15.72:3300/0,v1:172.21.15.72:6789/0] -- mon_subscribe({config=0+,monmap=0+}) -- 0x7f3e58108a30 con 0x7f3e58108c70
2024-03-22T01:27:04.544 INFO:teuthology.orchestra.run.smithi072.stdout:/usr/bin/ceph: stderr
2024-03-22T01:27:03.797+0000 7f3e5659c700 1 --2- 172.21.15.72:0/3886751799 >> [v2:172.21.15.72:3300/0,v1:172.21.15.72:6789/0] conn(0x7f3e58108c70 0x7f3e581084f0 secure :-1 s=READY pgs=50 cs=0 l=1 rev1=1 crypto rx=0x7f3e50009e50 tx=0x7f3e5000bd30 comp rx=0 tx=0).ready entity=mon.0 client_cookie=0 server_cookie=0 in_seq=0 out_seq=0
2024-03-22T01:27:04.544 INFO:teuthology.orchestra.run.smithi072.stdout:/usr/bin/ceph: stderr
2024-03-22T01:27:03.798+0000 7f3e477fe700 1 -- 172.21.15.72:0/3886751799 <== mon.0 v2:172.21.15.72:3300/0 1 ==== mon_map magic: 0 ==== 205+0+0 (secure 0 0 0) 0x7f3e50020020 con 0x7f3e58108c70
2024-03-22T01:27:04.544 INFO:teuthology.orchestra.run.smithi072.stdout:/usr/bin/ceph: stderr
2024-03-22T01:27:03.798+0000 7f3e477fe700 1 -- 172.21.15.72:0/3886751799 <== mon.0 v2:172.21.15.72:3300/0 2 ==== config(27 keys) ==== 1109+0+0 (secure 0 0 0) 0x7f3e50003b50 con 0x7f3e58108c70
2024-03-22T01:27:04.544 INFO:teuthology.orchestra.run.smithi072.stdout:/usr/bin/ceph: stderr
2024-03-22T01:27:03.798+0000 7f3e477fe700 1 -- 172.21.15.72:0/3886751799 <== mon.0 v2:172.21.15.72:3300/0 3 ==== mon_map magic: 0 ==== 205+0+0 (secure 0 0 0) 0x7f3e50017040 con 0x7f3e58108c70
2024-03-22T01:27:04.544 INFO:teuthology.orchestra.run.smithi072.stdout:/usr/bin/ceph: stderr
2024-03-22T01:27:03.798+0000 7f3e5ce25700 1 -- 172.21.15.72:0/3886751799 --> [v2:172.21.15.72:3300/0,v1:172.21.15.72:6789/0] -- mon_subscribe({mgrmap=0+}) -- 0x7f3e58106c20 con 0x7f3e58108c70
2024-03-22T01:27:04.544 INFO:teuthology.orchestra.run.smithi072.stdout:/usr/bin/ceph: stderr
2024-03-22T01:27:03.798+0000 7f3e5ce25700 1 -- 172.21.15.72:0/3886751799 --> [v2:172.21.15.72:3300/0,v1:172.21.15.72:6789/0] -- mon_subscribe({osdmap=0}) -- 0x7f3e58107160 con 0x7f3e58108c70
2024-03-22T01:27:04.544 INFO:teuthology.orchestra.run.smithi072.stdout:/usr/bin/ceph: stderr
2024-03-22T01:27:03.799+0000 7f3e477fe700 1 -- 172.21.15.72:0/3886751799 <== mon.0 v2:172.21.15.72:3300/0 4 ==== mgrmap(e 8) ==== 46294+0+0 (secure 0 0 0) 0x7f3e50023020 con 0x7f3e58108c70
2024-03-22T01:27:04.544 INFO:teuthology.orchestra.run.smithi072.stdout:/usr/bin/ceph: stderr
2024-03-22T01:27:03.799+0000 7f3e5ce25700 1 -- 172.21.15.72:0/3886751799 --> [v2:172.21.15.72:3300/0,v1:172.21.15.72:6789/0] -- mon_command({"prefix": "get_command_descriptions"} v 0) -- 0x7f3e58063cb0 con 0x7f3e58108c70
2024-03-22T01:27:04.544 INFO:teuthology.orchestra.run.smithi072.stdout:/usr/bin/ceph: stderr
2024-03-22T01:27:03.799+0000 7f3e477fe700 1 --2- 172.21.15.72:0/3886751799 >> [v2:172.21.15.72:6800/1513232913,v1:172.21.15.72:6801/1513232913] conn(0x7f3e400391f0 0x7f3e4003b6b0 unknown :-1 s=NONE pgs=0 cs=0 l=1 rev1=0 crypto rx=0 tx=0 comp rx=0 tx=0).connect
2024-03-22T01:27:04.544 INFO:teuthology.orchestra.run.smithi072.stdout:/usr/bin/ceph: stderr
2024-03-22T01:27:03.799+0000 7f3e477fe700 1 -- 172.21.15.72:0/3886751799 <== mon.0 v2:172.21.15.72:3300/0 5 ==== osd_map(2..2 src has 1..2) ==== 940+0+0 (secure 0 0 0) 0x7f3e5000f050 con 0x7f3e58108c70
2024-03-22T01:27:04.545 INFO:teuthology.orchestra.run.smithi072.stdout:/usr/bin/ceph: stderr
2024-03-22T01:27:03.799+0000 7f3e55d9b700 1 --2- 172.21.15.72:0/3886751799 >> [v2:172.21.15.72:6800/1513232913,v1:172.21.15.72:6801/1513232913] conn(0x7f3e400391f0 0x7f3e4003b6b0 unknown :-1 s=BANNER_CONNECTING pgs=0 cs=0 l=1 rev1=0 crypto rx=0 tx=0 comp rx=0 tx=0)._handle_peer_banner_payload supported=3 required=0
2024-03-22T01:27:04.545 INFO:teuthology.orchestra.run.smithi072.stdout:/usr/bin/ceph: stderr
2024-03-22T01:27:03.799+0000 7f3e55d9b700 1 --2- 172.21.15.72:0/3886751799 >> [v2:172.21.15.72:6800/1513232913,v1:172.21.15.72:6801/1513232913] conn(0x7f3e400391f0 0x7f3e4003b6b0 secure :-1 s=READY pgs=13 cs=0 l=1 rev1=1 crypto rx=0x7f3e4c006fd0 tx=0x7f3e4c006e40 comp rx=0 tx=0).ready entity=mgr.14120 client_cookie=0 server_cookie=0 in_seq=0 out_seq=0
2024-03-22T01:27:04.545 INFO:teuthology.orchestra.run.smithi072.stdout:/usr/bin/ceph: stderr
2024-03-22T01:27:03.804+0000 7f3e477fe700 1 -- 172.21.15.72:0/3886751799 <== mon.0 v2:172.21.15.72:3300/0 6 ==== mon_command_ack([{"prefix": "get_command_descriptions"}]=0 v0) ==== 72+0+186149 (secure 0 0 0) 0x7f3e5002a020 con 0x7f3e58108c70
2024-03-22T01:27:04.545 INFO:teuthology.orchestra.run.smithi072.stdout:/usr/bin/ceph: stderr
2024-03-22T01:27:04.023+0000 7f3e5ce25700 1 -- 172.21.15.72:0/3886751799 --> [v2:172.21.15.72:6800/1513232913,v1:172.21.15.72:6801/1513232913] -- mgr_command(tid 0: {"prefix": "orch apply", "service_type": "mgr", "unmanaged": true, "target": ["mon-mgr", ""]}) -- 0x7f3e58103760 con 0x7f3e400391f0
2024-03-22T01:27:04.545 INFO:teuthology.orchestra.run.smithi072.stdout:/usr/bin/ceph: stderr
2024-03-22T01:27:04.030+0000 7f3e477fe700 1 -- 172.21.15.72:0/3886751799 <== mgr.14120 v2:172.21.15.72:6800/1513232913 1 ==== mgr_command_reply(tid 0: 0 ) ==== 8+0+24 (secure 0 0 0) 0x7f3e58103760 con 0x7f3e400391f0
2024-03-22T01:27:04.545 INFO:teuthology.orchestra.run.smithi072.stdout:/usr/bin/ceph: stderr
2024-03-22T01:27:04.033+0000 7f3e5ce25700 1 -- 172.21.15.72:0/3886751799 >> [v2:172.21.15.72:6800/1513232913,v1:172.21.15.72:6801/1513232913] conn(0x7f3e400391f0 msgr2=0x7f3e4003b6b0 secure :-1 s=STATE_CONNECTION_ESTABLISHED l=1).mark_down
2024-03-22T01:27:04.545 INFO:teuthology.orchestra.run.smithi072.stdout:/usr/bin/ceph: stderr
2024-03-22T01:27:04.033+0000 7f3e5ce25700 1 --2- 172.21.15.72:0/3886751799 >> [v2:172.21.15.72:6800/1513232913,v1:172.21.15.72:6801/1513232913] conn(0x7f3e400391f0 0x7f3e4003b6b0 secure :-1 s=READY pgs=13 cs=0 l=1 rev1=1 crypto rx=0x7f3e4c006fd0 tx=0x7f3e4c006e40 comp rx=0 tx=0).stop
2024-03-22T01:27:04.545 INFO:teuthology.orchestra.run.smithi072.stdout:/usr/bin/ceph: stderr
2024-03-22T01:27:04.033+0000 7f3e5ce25700 1 -- 172.21.15.72:0/3886751799 >> [v2:172.21.15.72:3300/0,v1:172.21.15.72:6789/0] conn(0x7f3e58108c70 msgr2=0x7f3e581084f0 secure :-1 s=STATE_CONNECTION_ESTABLISHED l=1).mark_down
2024-03-22T01:27:04.545 INFO:teuthology.orchestra.run.smithi072.stdout:/usr/bin/ceph: stderr
2024-03-22T01:27:04.033+0000 7f3e5ce25700 1 --2- 172.21.15.72:0/3886751799 >> [v2:172.21.15.72:3300/0,v1:172.21.15.72:6789/0] conn(0x7f3e58108c70 0x7f3e581084f0 secure :-1 s=READY pgs=50 cs=0 l=1 rev1=1 crypto rx=0x7f3e50009e50 tx=0x7f3e5000bd30 comp rx=0 tx=0).stop
2024-03-22T01:27:04.545 INFO:teuthology.orchestra.run.smithi072.stdout:/usr/bin/ceph: stderr
2024-03-22T01:27:04.033+0000 7f3e5ce25700 1 -- 172.21.15.72:0/3886751799 shutdown_connections
2024-03-22T01:27:04.545 INFO:teuthology.orchestra.run.smithi072.stdout:/usr/bin/ceph: stderr
2024-03-22T01:27:04.033+0000 7f3e5ce25700 1 --2- 172.21.15.72:0/3886751799 >> [v2:172.21.15.72:6800/1513232913,v1:172.21.15.72:6801/1513232913] conn(0x7f3e400391f0 0x7f3e4003b6b0 unknown :-1 s=CLOSED pgs=13 cs=0 l=1 rev1=1 crypto rx=0 tx=0 comp rx=0 tx=0).stop
2024-03-22T01:27:04.545 INFO:teuthology.orchestra.run.smithi072.stdout:/usr/bin/ceph: stderr
2024-03-22T01:27:04.033+0000 7f3e5ce25700 1 --2- 172.21.15.72:0/3886751799 >> [v2:172.21.15.72:3300/0,v1:172.21.15.72:6789/0] conn(0x7f3e58108c70 0x7f3e581084f0 unknown :-1 s=CLOSED pgs=50 cs=0 l=1 rev1=1 crypto rx=0 tx=0 comp rx=0 tx=0).stop
2024-03-22T01:27:04.545 INFO:teuthology.orchestra.run.smithi072.stdout:/usr/bin/ceph: stderr
2024-03-22T01:27:04.033+0000 7f3e5ce25700 1 -- 172.21.15.72:0/3886751799 >> 172.21.15.72:0/3886751799 conn(0x7f3e58102600 msgr2=0x7f3e58103050 unknown :-1 s=STATE_NONE l=0).mark_down
2024-03-22T01:27:04.545 INFO:teuthology.orchestra.run.smithi072.stdout:/usr/bin/ceph: stderr
2024-03-22T01:27:04.033+0000 7f3e5ce25700 1 -- 172.21.15.72:0/3886751799 shutdown_connections
2024-03-22T01:27:04.546 INFO:teuthology.orchestra.run.smithi072.stdout:/usr/bin/ceph: stderr
2024-03-22T01:27:04.033+0000 7f3e5ce25700 1 -- 172.21.15.72:0/3886751799 wait complete.
2024-03-22T01:27:05.122 INFO:journalctl@ceph.mon.a.smithi072.stdout:Mar 22 01:27:05 smithi072 ceph-mon[32414]: from='client.14144 -' entity='client.admin' cmd=[{"prefix": "orch apply", "service_type": "mgr", "unmanaged": true, "target": ["mon-mgr", ""]}]: dispatch
2024-03-22T01:27:05.122 INFO:journalctl@ceph.mon.a.smithi072.stdout:Mar 22 01:27:05 smithi072 ceph-mon[32414]: Saving service mgr spec with placement count:2
2024-03-22T01:27:05.122 INFO:journalctl@ceph.mon.a.smithi072.stdout:Mar 22 01:27:05 smithi072 ceph-mon[32414]: from='mgr.14120 172.21.15.72:0/4135194081' entity='mgr.x'
2024-03-22T01:27:06.175 INFO:journalctl@ceph.mon.a.smithi072.stdout:Mar 22 01:27:06 smithi072 ceph-mon[32414]: from='client.? 172.21.15.72:0/3006052737' entity='client.admin'
2024-03-22T01:27:06.175 INFO:journalctl@ceph.mon.a.smithi072.stdout:Mar 22 01:27:06 smithi072 ceph-mon[32414]: from='mgr.14120 172.21.15.72:0/4135194081' entity='mgr.x'
2024-03-22T01:27:06.181 INFO:teuthology.orchestra.run.smithi072.stdout:/usr/bin/ceph: stderr
2024-03-22T01:27:04.935+0000 7f53dd3cf700 1 Processor -- start
2024-03-22T01:27:06.182 INFO:teuthology.orchestra.run.smithi072.stdout:/usr/bin/ceph: stderr
2024-03-22T01:27:04.935+0000 7f53dd3cf700 1 -- start start
2024-03-22T01:27:06.182 INFO:teuthology.orchestra.run.smithi072.stdout:/usr/bin/ceph: stderr
2024-03-22T01:27:04.935+0000 7f53dd3cf700 1 --2- >> [v2:172.21.15.72:3300/0,v1:172.21.15.72:6789/0] conn(0x7f53d8108bd0 0x7f53d810afc0 unknown :-1 s=NONE pgs=0 cs=0 l=0 rev1=0 crypto rx=0 tx=0 comp rx=0 tx=0).connect
2024-03-22T01:27:06.182 INFO:teuthology.orchestra.run.smithi072.stdout:/usr/bin/ceph: stderr
2024-03-22T01:27:04.935+0000 7f53dd3cf700 1 -- --> [v2:172.21.15.72:3300/0,v1:172.21.15.72:6789/0] -- mon_getmap magic: 0 -- 0x7f53d8075dd0 con 0x7f53d8108bd0
2024-03-22T01:27:06.182 INFO:teuthology.orchestra.run.smithi072.stdout:/usr/bin/ceph: stderr
2024-03-22T01:27:04.935+0000 7f53d6ffd700 1 --2- >> [v2:172.21.15.72:3300/0,v1:172.21.15.72:6789/0] conn(0x7f53d8108bd0 0x7f53d810afc0 unknown :-1 s=BANNER_CONNECTING pgs=0 cs=0 l=0 rev1=0 crypto rx=0 tx=0 comp rx=0 tx=0)._handle_peer_banner_payload supported=3 required=0
2024-03-22T01:27:06.182 INFO:teuthology.orchestra.run.smithi072.stdout:/usr/bin/ceph: stderr
2024-03-22T01:27:04.936+0000 7f53d6ffd700 1 --2- >> [v2:172.21.15.72:3300/0,v1:172.21.15.72:6789/0] conn(0x7f53d8108bd0 0x7f53d810afc0 unknown :-1 s=HELLO_CONNECTING pgs=0 cs=0 l=0 rev1=1 crypto rx=0 tx=0 comp rx=0 tx=0).handle_hello peer v2:172.21.15.72:3300/0 says I am v2:172.21.15.72:41382/0 (socket says 172.21.15.72:41382)
2024-03-22T01:27:06.182 INFO:teuthology.orchestra.run.smithi072.stdout:/usr/bin/ceph: stderr
2024-03-22T01:27:04.936+0000 7f53d6ffd700 1 -- 172.21.15.72:0/4155797321 learned_addr learned my addr 172.21.15.72:0/4155797321 (peer_addr_for_me v2:172.21.15.72:0/0)
2024-03-22T01:27:06.182 INFO:teuthology.orchestra.run.smithi072.stdout:/usr/bin/ceph: stderr
2024-03-22T01:27:04.936+0000 7f53d6ffd700 1 -- 172.21.15.72:0/4155797321 --> [v2:172.21.15.72:3300/0,v1:172.21.15.72:6789/0] -- mon_subscribe({config=0+,monmap=0+}) -- 0x7f53d810b500 con 0x7f53d8108bd0
2024-03-22T01:27:06.182 INFO:teuthology.orchestra.run.smithi072.stdout:/usr/bin/ceph: stderr
2024-03-22T01:27:04.936+0000 7f53d6ffd700 1 --2- 172.21.15.72:0/4155797321 >> [v2:172.21.15.72:3300/0,v1:172.21.15.72:6789/0] conn(0x7f53d8108bd0 0x7f53d810afc0 secure :-1 s=READY pgs=51 cs=0 l=1 rev1=1 crypto rx=0x7f53c8009e80 tx=0x7f53c800b330 comp rx=0 tx=0).ready entity=mon.0 client_cookie=f57e3dda10283cf7 server_cookie=0 in_seq=0 out_seq=0
2024-03-22T01:27:06.182 INFO:teuthology.orchestra.run.smithi072.stdout:/usr/bin/ceph: stderr
2024-03-22T01:27:04.936+0000 7f53d67fc700 1 -- 172.21.15.72:0/4155797321 <== mon.0 v2:172.21.15.72:3300/0 1 ==== mon_map magic: 0 ==== 205+0+0 (secure 0 0 0) 0x7f53c8017070 con 0x7f53d8108bd0
2024-03-22T01:27:06.182 INFO:teuthology.orchestra.run.smithi072.stdout:/usr/bin/ceph: stderr
2024-03-22T01:27:04.936+0000 7f53d67fc700 1 -- 172.21.15.72:0/4155797321 <== mon.0 v2:172.21.15.72:3300/0 2 ==== config(27 keys) ==== 1109+0+0 (secure 0 0 0) 0x7f53c800b8c0 con 0x7f53d8108bd0
2024-03-22T01:27:06.182 INFO:teuthology.orchestra.run.smithi072.stdout:/usr/bin/ceph: stderr
2024-03-22T01:27:04.936+0000 7f53d67fc700 1 -- 172.21.15.72:0/4155797321 <== mon.0 v2:172.21.15.72:3300/0 3 ==== mon_map magic: 0 ==== 205+0+0 (secure 0 0 0) 0x7f53c80045c0 con 0x7f53d8108bd0
2024-03-22T01:27:06.183 INFO:teuthology.orchestra.run.smithi072.stdout:/usr/bin/ceph: stderr
2024-03-22T01:27:04.937+0000 7f53dd3cf700 1 -- 172.21.15.72:0/4155797321 >> [v2:172.21.15.72:3300/0,v1:172.21.15.72:6789/0] conn(0x7f53d8108bd0 msgr2=0x7f53d810afc0 secure :-1 s=STATE_CONNECTION_ESTABLISHED l=1).mark_down
2024-03-22T01:27:06.183 INFO:teuthology.orchestra.run.smithi072.stdout:/usr/bin/ceph: stderr
2024-03-22T01:27:04.937+0000 7f53dd3cf700 1 --2- 172.21.15.72:0/4155797321 >> [v2:172.21.15.72:3300/0,v1:172.21.15.72:6789/0] conn(0x7f53d8108bd0 0x7f53d810afc0 secure :-1 s=READY pgs=51 cs=0 l=1 rev1=1 crypto rx=0x7f53c8009e80 tx=0x7f53c800b330 comp rx=0 tx=0).stop
2024-03-22T01:27:06.183 INFO:teuthology.orchestra.run.smithi072.stdout:/usr/bin/ceph: stderr
2024-03-22T01:27:04.937+0000 7f53dd3cf700 1 -- 172.21.15.72:0/4155797321 shutdown_connections
2024-03-22T01:27:06.183 INFO:teuthology.orchestra.run.smithi072.stdout:/usr/bin/ceph: stderr
2024-03-22T01:27:04.937+0000 7f53dd3cf700 1 --2- 172.21.15.72:0/4155797321 >> [v2:172.21.15.72:3300/0,v1:172.21.15.72:6789/0] conn(0x7f53d8108bd0 0x7f53d810afc0 unknown :-1 s=CLOSED pgs=51 cs=0 l=1 rev1=1 crypto rx=0 tx=0 comp rx=0 tx=0).stop
2024-03-22T01:27:06.183 INFO:teuthology.orchestra.run.smithi072.stdout:/usr/bin/ceph: stderr
2024-03-22T01:27:04.937+0000 7f53dd3cf700 1 -- 172.21.15.72:0/4155797321 >> 172.21.15.72:0/4155797321 conn(0x7f53d81025c0 msgr2=0x7f53d8104a00 unknown :-1 s=STATE_NONE l=0).mark_down
2024-03-22T01:27:06.183 INFO:teuthology.orchestra.run.smithi072.stdout:/usr/bin/ceph: stderr
2024-03-22T01:27:04.937+0000 7f53dd3cf700 1 -- 172.21.15.72:0/4155797321 shutdown_connections
2024-03-22T01:27:06.183 INFO:teuthology.orchestra.run.smithi072.stdout:/usr/bin/ceph: stderr
2024-03-22T01:27:04.937+0000 7f53dd3cf700 1 -- 172.21.15.72:0/4155797321 wait complete.
