2024-03-22T01:27:17.623+0000 7f20de59c700 1 --2- 172.21.15.72:0/3670128421 >> [v2:172.21.15.72:3300/0,v1:172.21.15.72:6789/0] conn(0x7f20e0106ff0 0x7f20e019c030 secure :-1 s=READY pgs=71 cs=0 l=1 rev1=1 crypto rx=0x7f20d00116a0 tx=0x7f20d0011ba0 comp rx=0 tx=0).ready entity=mon.0 client_cookie=0 server_cookie=0 in_seq=0 out_seq=0
2024-03-22T01:27:18.446 INFO:teuthology.orchestra.run.smithi072.stdout:/usr/bin/ceph: stderr
2024-03-22T01:27:17.623+0000 7f20cf7fe700 1 -- 172.21.15.72:0/3670128421 <== mon.0 v2:172.21.15.72:3300/0 1 ==== mon_map magic: 0 ==== 205+0+0 (secure 0 0 0) 0x7f20d0003a40 con 0x7f20e0106ff0
2024-03-22T01:27:18.446 INFO:teuthology.orchestra.run.smithi072.stdout:/usr/bin/ceph: stderr
2024-03-22T01:27:17.623+0000 7f20cf7fe700 1 -- 172.21.15.72:0/3670128421 <== mon.0 v2:172.21.15.72:3300/0 2 ==== config(27 keys) ==== 1140+0+0 (secure 0 0 0) 0x7f20d0003be0 con 0x7f20e0106ff0
2024-03-22T01:27:18.446 INFO:teuthology.orchestra.run.smithi072.stdout:/usr/bin/ceph: stderr
2024-03-22T01:27:17.623+0000 7f20e4a37700 1 -- 172.21.15.72:0/3670128421 --> [v2:172.21.15.72:3300/0,v1:172.21.15.72:6789/0] -- mon_subscribe({mgrmap=0+}) -- 0x7f20e019c800 con 0x7f20e0106ff0
2024-03-22T01:27:18.446 INFO:teuthology.orchestra.run.smithi072.stdout:/usr/bin/ceph: stderr
2024-03-22T01:27:17.623+0000 7f20cf7fe700 1 -- 172.21.15.72:0/3670128421 <== mon.0 v2:172.21.15.72:3300/0 3 ==== mon_map magic: 0 ==== 205+0+0 (secure 0 0 0) 0x7f20d001a720 con 0x7f20e0106ff0
2024-03-22T01:27:18.446 INFO:teuthology.orchestra.run.smithi072.stdout:/usr/bin/ceph: stderr
2024-03-22T01:27:17.623+0000 7f20e4a37700 1 -- 172.21.15.72:0/3670128421 --> [v2:172.21.15.72:3300/0,v1:172.21.15.72:6789/0] -- mon_subscribe({osdmap=0}) -- 0x7f20e019cc60 con 0x7f20e0106ff0
2024-03-22T01:27:18.446 INFO:teuthology.orchestra.run.smithi072.stdout:/usr/bin/ceph: stderr
2024-03-22T01:27:17.624+0000 7f20cf7fe700 1 -- 172.21.15.72:0/3670128421 <== mon.0 v2:172.21.15.72:3300/0 4 ==== mgrmap(e 11) ==== 46201+0+0 (secure 0 0 0) 0x7f20d001aa80 con 0x7f20e0106ff0
2024-03-22T01:27:18.446 INFO:teuthology.orchestra.run.smithi072.stdout:/usr/bin/ceph: stderr
2024-03-22T01:27:17.624+0000 7f20cf7fe700 1 --2- 172.21.15.72:0/3670128421 >> [v2:172.21.15.72:6800/401403200,v1:172.21.15.72:6801/401403200] conn(0x7f20c8039130 0x7f20c803b5f0 unknown :-1 s=NONE pgs=0 cs=0 l=1 rev1=0 crypto rx=0 tx=0 comp rx=0 tx=0).connect
2024-03-22T01:27:18.446 INFO:teuthology.orchestra.run.smithi072.stdout:/usr/bin/ceph: stderr
2024-03-22T01:27:17.624+0000 7f20cf7fe700 1 -- 172.21.15.72:0/3670128421 <== mon.0 v2:172.21.15.72:3300/0 5 ==== osd_map(3..3 src has 1..3) ==== 1155+0+0 (secure 0 0 0) 0x7f20d004d700 con 0x7f20e0106ff0
2024-03-22T01:27:18.446 INFO:teuthology.orchestra.run.smithi072.stdout:/usr/bin/ceph: stderr
2024-03-22T01:27:17.624+0000 7f20ddd9b700 1 --2- 172.21.15.72:0/3670128421 >> [v2:172.21.15.72:6800/401403200,v1:172.21.15.72:6801/401403200] conn(0x7f20c8039130 0x7f20c803b5f0 unknown :-1 s=BANNER_CONNECTING pgs=0 cs=0 l=1 rev1=0 crypto rx=0 tx=0 comp rx=0 tx=0)._handle_peer_banner_payload supported=3 required=0
2024-03-22T01:27:18.447 INFO:teuthology.orchestra.run.smithi072.stdout:/usr/bin/ceph: stderr
2024-03-22T01:27:17.624+0000 7f20e4a37700 1 -- 172.21.15.72:0/3670128421 --> [v2:172.21.15.72:3300/0,v1:172.21.15.72:6789/0] -- mon_command({"prefix": "get_command_descriptions"} v 0) -- 0x7f20e0063cb0 con 0x7f20e0106ff0
2024-03-22T01:27:18.447 INFO:teuthology.orchestra.run.smithi072.stdout:/usr/bin/ceph: stderr
2024-03-22T01:27:17.625+0000 7f20ddd9b700 1 --2- 172.21.15.72:0/3670128421 >> [v2:172.21.15.72:6800/401403200,v1:172.21.15.72:6801/401403200] conn(0x7f20c8039130 0x7f20c803b5f0 secure :-1 s=READY pgs=7 cs=0 l=1 rev1=1 crypto rx=0x7f20d4006fd0 tx=0x7f20d4006e40 comp rx=0 tx=0).ready entity=mgr.14152 client_cookie=0 server_cookie=0 in_seq=0 out_seq=0
2024-03-22T01:27:18.447 INFO:teuthology.orchestra.run.smithi072.stdout:/usr/bin/ceph: stderr
2024-03-22T01:27:17.630+0000 7f20cf7fe700 1 -- 172.21.15.72:0/3670128421 <== mon.0 v2:172.21.15.72:3300/0 6 ==== mon_command_ack([{"prefix": "get_command_descriptions"}]=0 v0) ==== 72+0+186149 (secure 0 0 0) 0x7f20d0011e20 con 0x7f20e0106ff0
2024-03-22T01:27:18.447 INFO:teuthology.orchestra.run.smithi072.stdout:/usr/bin/ceph: stderr
2024-03-22T01:27:17.840+0000 7f20e4a37700 1 -- 172.21.15.72:0/3670128421 --> [v2:172.21.15.72:6800/401403200,v1:172.21.15.72:6801/401403200] -- mgr_command(tid 0: {"prefix": "dashboard create-self-signed-cert", "target": ["mon-mgr", ""]}) -- 0x7f20e0062ac0 con 0x7f20c8039130
2024-03-22T01:27:18.447 INFO:teuthology.orchestra.run.smithi072.stdout:/usr/bin/ceph: stderr
2024-03-22T01:27:17.858+0000 7f20cf7fe700 1 -- 172.21.15.72:0/3670128421 <== mon.0 v2:172.21.15.72:3300/0 7 ==== mgrmap(e 12) ==== 46307+0+0 (secure 0 0 0) 0x7f20d002d910 con 0x7f20e0106ff0
2024-03-22T01:27:18.447 INFO:teuthology.orchestra.run.smithi072.stdout:/usr/bin/ceph: stderr
2024-03-22T01:27:17.886+0000 7f20cf7fe700 1 -- 172.21.15.72:0/3670128421 <== mgr.14152 v2:172.21.15.72:6800/401403200 1 ==== mgr_command_reply(tid 0: 0 ) ==== 8+0+32 (secure 0 0 0) 0x7f20e0062ac0 con 0x7f20c8039130
2024-03-22T01:27:18.447 INFO:teuthology.orchestra.run.smithi072.stdout:/usr/bin/ceph: stderr
2024-03-22T01:27:17.888+0000 7f20e4a37700 1 -- 172.21.15.72:0/3670128421 >> [v2:172.21.15.72:6800/401403200,v1:172.21.15.72:6801/401403200] conn(0x7f20c8039130 msgr2=0x7f20c803b5f0 secure :-1 s=STATE_CONNECTION_ESTABLISHED l=1).mark_down
2024-03-22T01:27:18.447 INFO:teuthology.orchestra.run.smithi072.stdout:/usr/bin/ceph: stderr
2024-03-22T01:27:17.888+0000 7f20e4a37700 1 --2- 172.21.15.72:0/3670128421 >> [v2:172.21.15.72:6800/401403200,v1:172.21.15.72:6801/401403200] conn(0x7f20c8039130 0x7f20c803b5f0 secure :-1 s=READY pgs=7 cs=0 l=1 rev1=1 crypto rx=0x7f20d4006fd0 tx=0x7f20d4006e40 comp rx=0 tx=0).stop
2024-03-22T01:27:18.447 INFO:teuthology.orchestra.run.smithi072.stdout:/usr/bin/ceph: stderr
2024-03-22T01:27:17.888+0000 7f20e4a37700 1 -- 172.21.15.72:0/3670128421 >> [v2:172.21.15.72:3300/0,v1:172.21.15.72:6789/0] conn(0x7f20e0106ff0 msgr2=0x7f20e019c030 secure :-1 s=STATE_CONNECTION_ESTABLISHED l=1).mark_down
2024-03-22T01:27:18.447 INFO:teuthology.orchestra.run.smithi072.stdout:/usr/bin/ceph: stderr
2024-03-22T01:27:17.888+0000 7f20e4a37700 1 --2- 172.21.15.72:0/3670128421 >> [v2:172.21.15.72:3300/0,v1:172.21.15.72:6789/0] conn(0x7f20e0106ff0 0x7f20e019c030 secure :-1 s=READY pgs=71 cs=0 l=1 rev1=1 crypto rx=0x7f20d00116a0 tx=0x7f20d0011ba0 comp rx=0 tx=0).stop
2024-03-22T01:27:18.447 INFO:teuthology.orchestra.run.smithi072.stdout:/usr/bin/ceph: stderr
2024-03-22T01:27:17.888+0000 7f20e4a37700 1 -- 172.21.15.72:0/3670128421 shutdown_connections
2024-03-22T01:27:18.447 INFO:teuthology.orchestra.run.smithi072.stdout:/usr/bin/ceph: stderr
2024-03-22T01:27:17.888+0000 7f20e4a37700 1 --2- 172.21.15.72:0/3670128421 >> [v2:172.21.15.72:6800/401403200,v1:172.21.15.72:6801/401403200] conn(0x7f20c8039130 0x7f20c803b5f0 unknown :-1 s=CLOSED pgs=7 cs=0 l=1 rev1=1 crypto rx=0 tx=0 comp rx=0 tx=0).stop
2024-03-22T01:27:18.447 INFO:teuthology.orchestra.run.smithi072.stdout:/usr/bin/ceph: stderr
2024-03-22T01:27:17.888+0000 7f20e4a37700 1 --2- 172.21.15.72:0/3670128421 >> [v2:172.21.15.72:3300/0,v1:172.21.15.72:6789/0] conn(0x7f20e0106ff0 0x7f20e019c030 unknown :-1 s=CLOSED pgs=71 cs=0 l=1 rev1=1 crypto rx=0 tx=0 comp rx=0 tx=0).stop
2024-03-22T01:27:18.447 INFO:teuthology.orchestra.run.smithi072.stdout:/usr/bin/ceph: stderr
2024-03-22T01:27:17.888+0000 7f20e4a37700 1 -- 172.21.15.72:0/3670128421 >> 172.21.15.72:0/3670128421 conn(0x7f20e01025b0 msgr2=0x7f20e01033a0 unknown :-1 s=STATE_NONE l=0).mark_down
2024-03-22T01:27:18.448 INFO:teuthology.orchestra.run.smithi072.stdout:/usr/bin/ceph: stderr
2024-03-22T01:27:17.888+0000 7f20e4a37700 1 -- 172.21.15.72:0/3670128421 shutdown_connections
2024-03-22T01:27:18.448 INFO:teuthology.orchestra.run.smithi072.stdout:/usr/bin/ceph: stderr
2024-03-22T01:27:17.888+0000 7f20e4a37700 1 -- 172.21.15.72:0/3670128421 wait complete.
2024-03-22T01:27:18.448 INFO:teuthology.orchestra.run.smithi072.stdout:Creating initial admin user...
2024-03-22T01:27:19.074 INFO:journalctl@ceph.mon.a.smithi072.stdout:Mar 22 01:27:18 smithi072 ceph-mon[32414]: from='client.14164 -' entity='client.admin' cmd=[{"prefix": "dashboard create-self-signed-cert", "target": ["mon-mgr", ""]}]: dispatch
2024-03-22T01:27:19.074 INFO:journalctl@ceph.mon.a.smithi072.stdout:Mar 22 01:27:18 smithi072 ceph-mon[32414]: mgrmap e12: x(active, since 2s)
2024-03-22T01:27:19.074 INFO:journalctl@ceph.mon.a.smithi072.stdout:Mar 22 01:27:18 smithi072 ceph-mon[32414]: from='mgr.14152 172.21.15.72:0/1462368005' entity='mgr.x'
2024-03-22T01:27:19.074 INFO:journalctl@ceph.mon.a.smithi072.stdout:Mar 22 01:27:18 smithi072 ceph-mon[32414]: from='mgr.14152 172.21.15.72:0/1462368005' entity='mgr.x'
2024-03-22T01:27:19.074 INFO:journalctl@ceph.mon.a.smithi072.stdout:Mar 22 01:27:18 smithi072 ceph-mon[32414]: from='mgr.14152 172.21.15.72:0/1462368005' entity='mgr.x'
2024-03-22T01:27:19.966 INFO:teuthology.orchestra.run.smithi072.stdout:/usr/bin/ceph: stdout {"username": "admin", "password": "$2b$12$oxznY3P53NdYNWXxgwOMQuIBGxcwsMFmvMkXA6IpC1J/eYjXa3vgq", "roles": ["administrator"], "name": null, "email": null, "lastUpdate": 1711070839, "enabled": true, "pwdExpirationDate": null, "pwdUpdateRequired": true}
2024-03-22T01:27:19.966 INFO:teuthology.orchestra.run.smithi072.stdout:/usr/bin/ceph: stderr
2024-03-22T01:27:18.839+0000 7f678d383700 1 Processor -- start
2024-03-22T01:27:19.966 INFO:teuthology.orchestra.run.smithi072.stdout:/usr/bin/ceph: stderr
2024-03-22T01:27:18.839+0000 7f678d383700 1 -- start start
2024-03-22T01:27:19.966 INFO:teuthology.orchestra.run.smithi072.stdout:/usr/bin/ceph: stderr
2024-03-22T01:27:18.839+0000 7f678d383700 1 --2- >> [v2:172.21.15.72:3300/0,v1:172.21.15.72:6789/0] conn(0x7f6788107010 0x7f6788107430 unknown :-1 s=NONE pgs=0 cs=0 l=0 rev1=0 crypto rx=0 tx=0 comp rx=0 tx=0).connect
2024-03-22T01:27:19.967 INFO:teuthology.orchestra.run.smithi072.stdout:/usr/bin/ceph: stderr
2024-03-22T01:27:18.839+0000 7f678d383700 1 -- --> [v2:172.21.15.72:3300/0,v1:172.21.15.72:6789/0] -- mon_getmap magic: 0 -- 0x7f6788107a00 con 0x7f6788107010
2024-03-22T01:27:19.967 INFO:teuthology.orchestra.run.smithi072.stdout:/usr/bin/ceph: stderr
2024-03-22T01:27:18.839+0000 7f6786ffd700 1 --2- >> [v2:172.21.15.72:3300/0,v1:172.21.15.72:6789/0] conn(0x7f6788107010 0x7f6788107430 unknown :-1 s=BANNER_CONNECTING pgs=0 cs=0 l=0 rev1=0 crypto rx=0 tx=0 comp rx=0 tx=0)._handle_peer_banner_payload supported=3 required=0
2024-03-22T01:27:19.967 INFO:teuthology.orchestra.run.smithi072.stdout:/usr/bin/ceph: stderr
2024-03-22T01:27:18.839+0000 7f6786ffd700 1 --2- >> [v2:172.21.15.72:3300/0,v1:172.21.15.72:6789/0] conn(0x7f6788107010 0x7f6788107430 unknown :-1 s=HELLO_CONNECTING pgs=0 cs=0 l=0 rev1=1 crypto rx=0 tx=0 comp rx=0 tx=0).handle_hello peer v2:172.21.15.72:3300/0 says I am v2:172.21.15.72:58506/0 (socket says 172.21.15.72:58506)
2024-03-22T01:27:19.967 INFO:teuthology.orchestra.run.smithi072.stdout:/usr/bin/ceph: stderr
2024-03-22T01:27:18.839+0000 7f6786ffd700 1 -- 172.21.15.72:0/3850960337 learned_addr learned my addr 172.21.15.72:0/3850960337 (peer_addr_for_me v2:172.21.15.72:0/0)
2024-03-22T01:27:19.967 INFO:teuthology.orchestra.run.smithi072.stdout:/usr/bin/ceph: stderr
2024-03-22T01:27:18.839+0000 7f6786ffd700 1 -- 172.21.15.72:0/3850960337 --> [v2:172.21.15.72:3300/0,v1:172.21.15.72:6789/0] -- mon_subscribe({config=0+,monmap=0+}) -- 0x7f6788108210 con 0x7f6788107010
2024-03-22T01:27:19.967 INFO:teuthology.orchestra.run.smithi072.stdout:/usr/bin/ceph: stderr
2024-03-22T01:27:18.840+0000 7f6786ffd700 1 --2- 172.21.15.72:0/3850960337 >> [v2:172.21.15.72:3300/0,v1:172.21.15.72:6789/0] conn(0x7f6788107010 0x7f6788107430 secure :-1 s=READY pgs=72 cs=0 l=1 rev1=1 crypto rx=0x7f677800bb40 tx=0x7f677800be50 comp rx=0 tx=0).ready entity=mon.0 client_cookie=5c63664e92176534 server_cookie=0 in_seq=0 out_seq=0
2024-03-22T01:27:19.967 INFO:teuthology.orchestra.run.smithi072.stdout:/usr/bin/ceph: stderr
2024-03-22T01:27:18.840+0000 7f6785ffb700 1 -- 172.21.15.72:0/3850960337 <== mon.0 v2:172.21.15.72:3300/0 1 ==== mon_map magic: 0 ==== 205+0+0 (secure 0 0 0) 0x7f677800dbe0 con 0x7f6788107010
2024-03-22T01:27:19.967 INFO:teuthology.orchestra.run.smithi072.stdout:/usr/bin/ceph: stderr
2024-03-22T01:27:18.840+0000 7f6785ffb700 1 -- 172.21.15.72:0/3850960337 <== mon.0 v2:172.21.15.72:3300/0 2 ==== config(27 keys) ==== 1140+0+0 (secure 0 0 0) 0x7f6778004510 con 0x7f6788107010
2024-03-22T01:27:19.967 INFO:teuthology.orchestra.run.smithi072.stdout:/usr/bin/ceph: stderr
2024-03-22T01:27:18.840+0000 7f6785ffb700 1 -- 172.21.15.72:0/3850960337 <== mon.0 v2:172.21.15.72:3300/0 3 ==== mon_map magic: 0 ==== 205+0+0 (secure 0 0 0) 0x7f6778010470 con 0x7f6788107010
2024-03-22T01:27:19.967 INFO:teuthology.orchestra.run.smithi072.stdout:/usr/bin/ceph: stderr
2024-03-22T01:27:18.840+0000 7f678d383700 1 -- 172.21.15.72:0/3850960337 >> [v2:172.21.15.72:3300/0,v1:172.21.15.72:6789/0] conn(0x7f6788107010 msgr2=0x7f6788107430 secure :-1 s=STATE_CONNECTION_ESTABLISHED l=1).mark_down
2024-03-22T01:27:19.967 INFO:teuthology.orchestra.run.smithi072.stdout:/usr/bin/ceph: stderr
2024-03-22T01:27:18.840+0000 7f678d383700 1 --2- 172.21.15.72:0/3850960337 >> [v2:172.21.15.72:3300/0,v1:172.21.15.72:6789/0] conn(0x7f6788107010 0x7f6788107430 secure :-1 s=READY pgs=72 cs=0 l=1 rev1=1 crypto rx=0x7f677800bb40 tx=0x7f677800be50 comp rx=0 tx=0).stop
2024-03-22T01:27:19.967 INFO:teuthology.orchestra.run.smithi072.stdout:/usr/bin/ceph: stderr
2024-03-22T01:27:18.840+0000 7f678d383700 1 -- 172.21.15.72:0/3850960337 shutdown_connections
2024-03-22T01:27:19.967 INFO:teuthology.orchestra.run.smithi072.stdout:/usr/bin/ceph: stderr
2024-03-22T01:27:18.840+0000 7f678d383700 1 --2- 172.21.15.72:0/3850960337 >> [v2:172.21.15.72:3300/0,v1:172.21.15.72:6789/0] conn(0x7f6788107010 0x7f6788107430 unknown :-1 s=CLOSED pgs=72 cs=0 l=1 rev1=1 crypto rx=0 tx=0 comp rx=0 tx=0).stop
2024-03-22T01:27:19.968 INFO:teuthology.orchestra.run.smithi072.stdout:/usr/bin/ceph: stderr
2024-03-22T01:27:18.840+0000 7f678d383700 1 -- 172.21.15.72:0/3850960337 >> 172.21.15.72:0/3850960337 conn(0x7f67881025d0 msgr2=0x7f67881049f0 unknown :-1 s=STATE_NONE l=0).mark_down
2024-03-22T01:27:19.968 INFO:teuthology.orchestra.run.smithi072.stdout:/usr/bin/ceph: stderr
2024-03-22T01:27:18.840+0000 7f678d383700 1 -- 172.21.15.72:0/3850960337 shutdown_connections
2024-03-22T01:27:19.968 INFO:teuthology.orchestra.run.smithi072.stdout:/usr/bin/ceph: stderr
2024-03-22T01:27:18.840+0000 7f678d383700 1 -- 172.21.15.72:0/3850960337 wait complete.
2024-03-22T01:27:19.968 INFO:teuthology.orchestra.run.smithi072.stdout:/usr/bin/ceph: stderr
2024-03-22T01:27:18.841+0000 7f678d383700 1 Processor -- start
2024-03-22T01:27:19.968 INFO:teuthology.orchestra.run.smithi072.stdout:/usr/bin/ceph: stderr
2024-03-22T01:27:18.841+0000 7f678d383700 1 -- start start
2024-03-22T01:27:19.968 INFO:teuthology.orchestra.run.smithi072.stdout:/usr/bin/ceph: stderr
2024-03-22T01:27:18.841+0000 7f678d383700 1 --2- >> [v2:172.21.15.72:3300/0,v1:172.21.15.72:6789/0] conn(0x7f6788107010 0x7f678819e2d0 unknown :-1 s=NONE pgs=0 cs=0 l=1 rev1=0 crypto rx=0 tx=0 comp rx=0 tx=0).connect
2024-03-22T01:27:19.968 INFO:teuthology.orchestra.run.smithi072.stdout:/usr/bin/ceph: stderr
2024-03-22T01:27:18.841+0000 7f678d383700 1 -- --> [v2:172.21.15.72:3300/0,v1:172.21.15.72:6789/0] -- mon_getmap magic: 0 -- 0x7f678807afb0 con 0x7f6788107010
2024-03-22T01:27:19.968 INFO:teuthology.orchestra.run.smithi072.stdout:/usr/bin/ceph: stderr
2024-03-22T01:27:18.842+0000 7f6786ffd700 1 --2- >> [v2:172.21.15.72:3300/0,v1:172.21.15.72:6789/0] conn(0x7f6788107010 0x7f678819e2d0 unknown :-1 s=BANNER_CONNECTING pgs=0 cs=0 l=1 rev1=0 crypto rx=0 tx=0 comp rx=0 tx=0)._handle_peer_banner_payload supported=3 required=0
2024-03-22T01:27:19.968 INFO:teuthology.orchestra.run.smithi072.stdout:/usr/bin/ceph: stderr
2024-03-22T01:27:18.842+0000 7f6786ffd700 1 --2- >> [v2:172.21.15.72:3300/0,v1:172.21.15.72:6789/0] conn(0x7f6788107010 0x7f678819e2d0 unknown :-1 s=HELLO_CONNECTING pgs=0 cs=0 l=1 rev1=1 crypto rx=0 tx=0 comp rx=0 tx=0).handle_hello peer v2:172.21.15.72:3300/0 says I am v2:172.21.15.72:58510/0 (socket says 172.21.15.72:58510)
2024-03-22T01:27:19.968 INFO:teuthology.orchestra.run.smithi072.stdout:/usr/bin/ceph: stderr
2024-03-22T01:27:18.842+0000 7f6786ffd700 1 -- 172.21.15.72:0/235135681 learned_addr learned my addr 172.21.15.72:0/235135681 (peer_addr_for_me v2:172.21.15.72:0/0)
2024-03-22T01:27:19.968 INFO:teuthology.orchestra.run.smithi072.stdout:/usr/bin/ceph: stderr
2024-03-22T01:27:18.842+0000 7f6786ffd700 1 -- 172.21.15.72:0/235135681 --> [v2:172.21.15.72:3300/0,v1:172.21.15.72:6789/0] -- mon_subscribe({config=0+,monmap=0+}) -- 0x7f678819e810 con 0x7f6788107010
2024-03-22T01:27:19.968 INFO:teuthology.orchestra.run.smithi072.stdout:/usr/bin/ceph: stderr
2024-03-22T01:27:18.842+0000 7f6786ffd700 1 --2- 172.21.15.72:0/235135681 >> [v2:172.21.15.72:3300/0,v1:172.21.15.72:6789/0] conn(0x7f6788107010 0x7f678819e2d0 secure :-1 s=READY pgs=73 cs=0 l=1 rev1=1 crypto rx=0x7f6778003bb0 tx=0x7f67780040b0 comp rx=0 tx=0).ready entity=mon.0 client_cookie=0 server_cookie=0 in_seq=0 out_seq=0
2024-03-22T01:27:19.968 INFO:teuthology.orchestra.run.smithi072.stdout:/usr/bin/ceph: stderr
2024-03-22T01:27:18.842+0000 7f676ffff700 1 -- 172.21.15.72:0/235135681 <== mon.0 v2:172.21.15.72:3300/0 1 ==== mon_map magic: 0 ==== 205+0+0 (secure 0 0 0) 0x7f6778010770 con 0x7f6788107010
2024-03-22T01:27:19.969 INFO:teuthology.orchestra.run.smithi072.stdout:/usr/bin/ceph: stderr
2024-03-22T01:27:18.842+0000 7f678d383700 1 -- 172.21.15.72:0/235135681 --> [v2:172.21.15.72:3300/0,v1:172.21.15.72:6789/0] -- mon_subscribe({mgrmap=0+}) -- 0x7f678819eaa0 con 0x7f6788107010
2024-03-22T01:27:19.969 INFO:teuthology.orchestra.run.smithi072.stdout:/usr/bin/ceph: stderr
2024-03-22T01:27:18.842+0000 7f676ffff700 1 -- 172.21.15.72:0/235135681 <== mon.0 v2:172.21.15.72:3300/0 2 ==== config(27 keys) ==== 1140+0+0 (secure 0 0 0) 0x7f677801d070 con 0x7f6788107010
2024-03-22T01:27:19.969 INFO:teuthology.orchestra.run.smithi072.stdout:/usr/bin/ceph: stderr
2024-03-22T01:27:18.842+0000 7f676ffff700 1 -- 172.21.15.72:0/235135681 <== mon.0 v2:172.21.15.72:3300/0 3 ==== mon_map magic: 0 ==== 205+0+0 (secure 0 0 0) 0x7f6778019b60 con 0x7f6788107010
2024-03-22T01:27:19.969 INFO:teuthology.orchestra.run.smithi072.stdout:/usr/bin/ceph: stderr
2024-03-22T01:27:18.842+0000 7f678d383700 1 -- 172.21.15.72:0/235135681 --> [v2:172.21.15.72:3300/0,v1:172.21.15.72:6789/0] -- mon_subscribe({osdmap=0}) -- 0x7f67881a1790 con 0x7f6788107010
2024-03-22T01:27:19.969 INFO:teuthology.orchestra.run.smithi072.stdout:/usr/bin/ceph: stderr
2024-03-22T01:27:18.843+0000 7f676ffff700 1 -- 172.21.15.72:0/235135681 <== mon.0 v2:172.21.15.72:3300/0 4 ==== mgrmap(e 12) ==== 46307+0+0 (secure 0 0 0) 0x7f6778028060 con 0x7f6788107010
2024-03-22T01:27:19.969 INFO:teuthology.orchestra.run.smithi072.stdout:/usr/bin/ceph: stderr
2024-03-22T01:27:18.843+0000 7f678d383700 1 -- 172.21.15.72:0/235135681 --> [v2:172.21.15.72:3300/0,v1:172.21.15.72:6789/0] -- mon_command({"prefix": "get_command_descriptions"} v 0) -- 0x7f6788063cb0 con 0x7f6788107010
2024-03-22T01:27:19.969 INFO:teuthology.orchestra.run.smithi072.stdout:/usr/bin/ceph: stderr
2024-03-22T01:27:18.843+0000 7f676ffff700 1 --2- 172.21.15.72:0/235135681 >> [v2:172.21.15.72:6800/401403200,v1:172.21.15.72:6801/401403200] conn(0x7f6770039240 0x7f677003b700 unknown :-1 s=NONE pgs=0 cs=0 l=1 rev1=0 crypto rx=0 tx=0 comp rx=0 tx=0).connect
2024-03-22T01:27:19.969 INFO:teuthology.orchestra.run.smithi072.stdout:/usr/bin/ceph: stderr
2024-03-22T01:27:18.843+0000 7f676ffff700 1 -- 172.21.15.72:0/235135681 <== mon.0 v2:172.21.15.72:3300/0 5 ==== osd_map(3..3 src has 1..3) ==== 1155+0+0 (secure 0 0 0) 0x7f677804d7a0 con 0x7f6788107010
2024-03-22T01:27:19.969 INFO:teuthology.orchestra.run.smithi072.stdout:/usr/bin/ceph: stderr
2024-03-22T01:27:18.843+0000 7f67867fc700 1 --2- 172.21.15.72:0/235135681 >> [v2:172.21.15.72:6800/401403200,v1:172.21.15.72:6801/401403200] conn(0x7f6770039240 0x7f677003b700 unknown :-1 s=BANNER_CONNECTING pgs=0 cs=0 l=1 rev1=0 crypto rx=0 tx=0 comp rx=0 tx=0)._handle_peer_banner_payload supported=3 required=0
2024-03-22T01:27:19.969 INFO:teuthology.orchestra.run.smithi072.stdout:/usr/bin/ceph: stderr
2024-03-22T01:27:18.844+0000 7f67867fc700 1 --2- 172.21.15.72:0/235135681 >> [v2:172.21.15.72:6800/401403200,v1:172.21.15.72:6801/401403200] conn(0x7f6770039240 0x7f677003b700 secure :-1 s=READY pgs=8 cs=0 l=1 rev1=1 crypto rx=0x7f677c006fd0 tx=0x7f677c006e40 comp rx=0 tx=0).ready entity=mgr.14152 client_cookie=0 server_cookie=0 in_seq=0 out_seq=0
2024-03-22T01:27:19.969 INFO:teuthology.orchestra.run.smithi072.stdout:/usr/bin/ceph: stderr
2024-03-22T01:27:18.848+0000 7f676ffff700 1 -- 172.21.15.72:0/235135681 <== mon.0 v2:172.21.15.72:3300/0 6 ==== mon_command_ack([{"prefix": "get_command_descriptions"}]=0 v0) ==== 72+0+186149 (secure 0 0 0) 0x7f6778015070 con 0x7f6788107010
2024-03-22T01:27:19.969 INFO:teuthology.orchestra.run.smithi072.stdout:/usr/bin/ceph: stderr
2024-03-22T01:27:19.075+0000 7f678d383700 1 -- 172.21.15.72:0/235135681 --> [v2:172.21.15.72:6800/401403200,v1:172.21.15.72:6801/401403200] -- mgr_command(tid 0: {"prefix": "dashboard ac-user-create", "username": "admin", "rolename": "administrator", "force_password": true, "pwd_update_required": true, "target": ["mon-mgr", ""]}) -- 0x7f678802e070 con 0x7f6770039240
2024-03-22T01:27:19.969 INFO:teuthology.orchestra.run.smithi072.stdout:/usr/bin/ceph: stderr
2024-03-22T01:27:19.299+0000 7f676ffff700 1 -- 172.21.15.72:0/235135681 <== mgr.14152 v2:172.21.15.72:6800/401403200 1 ==== mgr_command_reply(tid 0: 0 ) ==== 8+0+252 (secure 0 0 0) 0x7f678802e070 con 0x7f6770039240
2024-03-22T01:27:19.970 INFO:teuthology.orchestra.run.smithi072.stdout:/usr/bin/ceph: stderr
2024-03-22T01:27:19.302+0000 7f678d383700 1 -- 172.21.15.72:0/235135681 >> [v2:172.21.15.72:6800/401403200,v1:172.21.15.72:6801/401403200] conn(0x7f6770039240 msgr2=0x7f677003b700 secure :-1 s=STATE_CONNECTION_ESTABLISHED l=1).mark_down
2024-03-22T01:27:19.970 INFO:teuthology.orchestra.run.smithi072.stdout:/usr/bin/ceph: stderr
2024-03-22T01:27:19.302+0000 7f678d383700 1 --2- 172.21.15.72:0/235135681 >> [v2:172.21.15.72:6800/401403200,v1:172.21.15.72:6801/401403200] conn(0x7f6770039240 0x7f677003b700 secure :-1 s=READY pgs=8 cs=0 l=1 rev1=1 crypto rx=0x7f677c006fd0 tx=0x7f677c006e40 comp rx=0 tx=0).stop
2024-03-22T01:27:19.970 INFO:teuthology.orchestra.run.smithi072.stdout:/usr/bin/ceph: stderr
2024-03-22T01:27:19.302+0000 7f678d383700 1 -- 172.21.15.72:0/235135681 >> [v2:172.21.15.72:3300/0,v1:172.21.15.72:6789/0] conn(0x7f6788107010 msgr2=0x7f678819e2d0 secure :-1 s=STATE_CONNECTION_ESTABLISHED l=1).mark_down
2024-03-22T01:27:19.970 INFO:teuthology.orchestra.run.smithi072.stdout:/usr/bin/ceph: stderr
2024-03-22T01:27:19.302+0000 7f678d383700 1 --2- 172.21.15.72:0/235135681 >> [v2:172.21.15.72:3300/0,v1:172.21.15.72:6789/0] conn(0x7f6788107010 0x7f678819e2d0 secure :-1 s=READY pgs=73 cs=0 l=1 rev1=1 crypto rx=0x7f6778003bb0 tx=0x7f67780040b0 comp rx=0 tx=0).stop
2024-03-22T01:27:19.970 INFO:teuthology.orchestra.run.smithi072.stdout:/usr/bin/ceph: stderr
2024-03-22T01:27:19.302+0000 7f678d383700 1 -- 172.21.15.72:0/235135681 shutdown_connections
2024-03-22T01:27:19.970 INFO:teuthology.orchestra.run.smithi072.stdout:/usr/bin/ceph: stderr
2024-03-22T01:27:19.302+0000 7f678d383700 1 --2- 172.21.15.72:0/235135681 >> [v2:172.21.15.72:6800/401403200,v1:172.21.15.72:6801/401403200] conn(0x7f6770039240 0x7f677003b700 unknown :-1 s=CLOSED pgs=8 cs=0 l=1 rev1=1 crypto rx=0 tx=0 comp rx=0 tx=0).stop
2024-03-22T01:27:19.970 INFO:teuthology.orchestra.run.smithi072.stdout:/usr/bin/ceph: stderr
2024-03-22T01:27:19.302+0000 7f678d383700 1 --2- 172.21.15.72:0/235135681 >> [v2:172.21.15.72:3300/0,v1:172.21.15.72:6789/0] conn(0x7f6788107010 0x7f678819e2d0 unknown :-1 s=CLOSED pgs=73 cs=0 l=1 rev1=1 crypto rx=0 tx=0 comp rx=0 tx=0).stop
2024-03-22T01:27:19.970 INFO:teuthology.orchestra.run.smithi072.stdout:/usr/bin/ceph: stderr
2024-03-22T01:27:19.302+0000 7f678d383700 1 -- 172.21.15.72:0/235135681 >> 172.21.15.72:0/235135681 conn(0x7f67881025d0 msgr2=0x7f67881909e0 unknown :-1 s=STATE_NONE l=0).mark_down
2024-03-22T01:27:19.970 INFO:teuthology.orchestra.run.smithi072.stdout:/usr/bin/ceph: stderr
2024-03-22T01:27:19.302+0000 7f678d383700 1 -- 172.21.15.72:0/235135681 shutdown_connections
2024-03-22T01:27:19.970 INFO:teuthology.orchestra.run.smithi072.stdout:/usr/bin/ceph: stderr
2024-03-22T01:27:19.302+0000 7f678d383700 1 -- 172.21.15.72:0/235135681 wait complete.
2024-03-22T01:27:19.970 INFO:teuthology.orchestra.run.smithi072.stdout:Fetching dashboard port number...
2024-03-22T01:27:20.323 INFO:journalctl@ceph.mon.a.smithi072.stdout:Mar 22 01:27:20 smithi072 ceph-mon[32414]: from='client.14166 -' entity='client.admin' cmd=[{"prefix": "dashboard ac-user-create", "username": "admin", "rolename": "administrator", "force_password": true, "pwd_update_required": true, "target": ["mon-mgr", ""]}]: dispatch
2024-03-22T01:27:20.323 INFO:journalctl@ceph.mon.a.smithi072.stdout:Mar 22 01:27:20 smithi072 ceph-mon[32414]: from='mgr.14152 172.21.15.72:0/1462368005' entity='mgr.x'
2024-03-22T01:27:21.201 INFO:teuthology.orchestra.run.smithi072.stdout:/usr/bin/ceph: stdout 8443
2024-03-22T01:27:21.202 INFO:teuthology.orchestra.run.smithi072.stdout:/usr/bin/ceph: stderr
2024-03-22T01:27:20.353+0000 7f7646641700 1 Processor -- start
2024-03-22T01:27:21.202 INFO:teuthology.orchestra.run.smithi072.stdout:/usr/bin/ceph: stderr
2024-03-22T01:27:20.353+0000 7f7646641700 1 -- start start
2024-03-22T01:27:21.202 INFO:teuthology.orchestra.run.smithi072.stdout:/usr/bin/ceph: stderr
2024-03-22T01:27:20.353+0000 7f7646641700 1 --2- >> [v2:172.21.15.72:3300/0,v1:172.21.15.72:6789/0] conn(0x7f7640107020 0x7f7640107440 unknown :-1 s=NONE pgs=0 cs=0 l=0 rev1=0 crypto rx=0 tx=0 comp rx=0 tx=0).connect
2024-03-22T01:27:21.202 INFO:teuthology.orchestra.run.smithi072.stdout:/usr/bin/ceph: stderr
2024-03-22T01:27:20.353+0000 7f7646641700 1 -- --> [v2:172.21.15.72:3300/0,v1:172.21.15.72:6789/0] -- mon_getmap magic: 0 -- 0x7f7640107a10 con 0x7f7640107020
2024-03-22T01:27:21.202 INFO:teuthology.orchestra.run.smithi072.stdout:/usr/bin/ceph: stderr
2024-03-22T01:27:20.353+0000 7f763ffff700 1 --2- >> [v2:172.21.15.72:3300/0,v1:172.21.15.72:6789/0] conn(0x7f7640107020 0x7f7640107440 unknown :-1 s=BANNER_CONNECTING pgs=0 cs=0 l=0 rev1=0 crypto rx=0 tx=0 comp rx=0 tx=0)._handle_peer_banner_payload supported=3 required=0
2024-03-22T01:27:21.202 INFO:teuthology.orchestra.run.smithi072.stdout:/usr/bin/ceph: stderr
2024-03-22T01:27:20.353+0000 7f763ffff700 1 --2- >> [v2:172.21.15.72:3300/0,v1:172.21.15.72:6789/0] conn(0x7f7640107020 0x7f7640107440 unknown :-1 s=HELLO_CONNECTING pgs=0 cs=0 l=0 rev1=1 crypto rx=0 tx=0 comp rx=0 tx=0).handle_hello peer v2:172.21.15.72:3300/0 says I am v2:172.21.15.72:58514/0 (socket says 172.21.15.72:58514)
2024-03-22T01:27:21.202 INFO:teuthology.orchestra.run.smithi072.stdout:/usr/bin/ceph: stderr
2024-03-22T01:27:20.353+0000 7f763ffff700 1 -- 172.21.15.72:0/3902115102 learned_addr learned my addr 172.21.15.72:0/3902115102 (peer_addr_for_me v2:172.21.15.72:0/0)
2024-03-22T01:27:21.202 INFO:teuthology.orchestra.run.smithi072.stdout:/usr/bin/ceph: stderr
2024-03-22T01:27:20.353+0000 7f763ffff700 1 -- 172.21.15.72:0/3902115102 --> [v2:172.21.15.72:3300/0,v1:172.21.15.72:6789/0] -- mon_subscribe({config=0+,monmap=0+}) -- 0x7f7640108220 con 0x7f7640107020
2024-03-22T01:27:21.202 INFO:teuthology.orchestra.run.smithi072.stdout:/usr/bin/ceph: stderr
2024-03-22T01:27:20.353+0000 7f763ffff700 1 --2- 172.21.15.72:0/3902115102 >> [v2:172.21.15.72:3300/0,v1:172.21.15.72:6789/0] conn(0x7f7640107020 0x7f7640107440 secure :-1 s=READY pgs=74 cs=0 l=1 rev1=1 crypto rx=0x7f76300098a0 tx=0x7f7630009bb0 comp rx=0 tx=0).ready entity=mon.0 client_cookie=533b5b0feec2de99 server_cookie=0 in_seq=0 out_seq=0
2024-03-22T01:27:21.202 INFO:teuthology.orchestra.run.smithi072.stdout:/usr/bin/ceph: stderr
2024-03-22T01:27:20.353+0000 7f763effd700 1 -- 172.21.15.72:0/3902115102 <== mon.0 v2:172.21.15.72:3300/0 1 ==== mon_map magic: 0 ==== 205+0+0 (secure 0 0 0) 0x7f7630004160 con 0x7f7640107020
2024-03-22T01:27:21.202 INFO:teuthology.orchestra.run.smithi072.stdout:/usr/bin/ceph: stderr
2024-03-22T01:27:20.354+0000 7f763effd700 1 -- 172.21.15.72:0/3902115102 <== mon.0 v2:172.21.15.72:3300/0 2 ==== config(27 keys) ==== 1140+0+0 (secure 0 0 0) 0x7f7630004300 con 0x7f7640107020
2024-03-22T01:27:21.202 INFO:teuthology.orchestra.run.smithi072.stdout:/usr/bin/ceph: stderr
2024-03-22T01:27:20.354+0000 7f763effd700 1 -- 172.21.15.72:0/3902115102 <== mon.0 v2:172.21.15.72:3300/0 3 ==== mon_map magic: 0 ==== 205+0+0 (secure 0 0 0) 0x7f7630011b20 con 0x7f7640107020
2024-03-22T01:27:21.203 INFO:teuthology.orchestra.run.smithi072.stdout:/usr/bin/ceph: stderr
2024-03-22T01:27:20.354+0000 7f7646641700 1 -- 172.21.15.72:0/3902115102 >> [v2:172.21.15.72:3300/0,v1:172.21.15.72:6789/0] conn(0x7f7640107020 msgr2=0x7f7640107440 secure :-1 s=STATE_CONNECTION_ESTABLISHED l=1).mark_down
2024-03-22T01:27:21.203 INFO:teuthology.orchestra.run.smithi072.stdout:/usr/bin/ceph: stderr
2024-03-22T01:27:20.354+0000 7f7646641700 1 --2- 172.21.15.72:0/3902115102 >> [v2:172.21.15.72:3300/0,v1:172.21.15.72:6789/0] conn(0x7f7640107020 0x7f7640107440 secure :-1 s=READY pgs=74 cs=0 l=1 rev1=1 crypto rx=0x7f76300098a0 tx=0x7f7630009bb0 comp rx=0 tx=0).stop
2024-03-22T01:27:21.203 INFO:teuthology.orchestra.run.smithi072.stdout:/usr/bin/ceph: stderr
2024-03-22T01:27:20.354+0000 7f7646641700 1 -- 172.21.15.72:0/3902115102 shutdown_connections
2024-03-22T01:27:21.203 INFO:teuthology.orchestra.run.smithi072.stdout:/usr/bin/ceph: stderr
2024-03-22T01:27:20.354+0000 7f7646641700 1 --2- 172.21.15.72:0/3902115102 >> [v2:172.21.15.72:3300/0,v1:172.21.15.72:6789/0] conn(0x7f7640107020 0x7f7640107440 unknown :-1 s=CLOSED pgs=74 cs=0 l=1 rev1=1 crypto rx=0 tx=0 comp rx=0 tx=0).stop
2024-03-22T01:27:21.203 INFO:teuthology.orchestra.run.smithi072.stdout:/usr/bin/ceph: stderr
2024-03-22T01:27:20.354+0000 7f7646641700 1 -- 172.21.15.72:0/3902115102 >> 172.21.15.72:0/3902115102 conn(0x7f76401025c0 msgr2=0x7f7640104a00 unknown :-1 s=STATE_NONE l=0).mark_down
2024-03-22T01:27:21.203 INFO:teuthology.orchestra.run.smithi072.stdout:/usr/bin/ceph: stderr
2024-03-22T01:27:20.354+0000 7f7646641700 1 -- 172.21.15.72:0/3902115102 shutdown_connections
2024-03-22T01:27:21.203 INFO:teuthology.orchestra.run.smithi072.stdout:/usr/bin/ceph: stderr
2024-03-22T01:27:20.354+0000 7f7646641700 1 -- 172.21.15.72:0/3902115102 wait complete.
2024-03-22T01:27:21.203 INFO:teuthology.orchestra.run.smithi072.stdout:/usr/bin/ceph: stderr
2024-03-22T01:27:20.355+0000 7f7646641700 1 Processor -- start
2024-03-22T01:27:21.203 INFO:teuthology.orchestra.run.smithi072.stdout:/usr/bin/ceph: stderr
2024-03-22T01:27:20.355+0000 7f7646641700 1 -- start start
2024-03-22T01:27:21.203 INFO:teuthology.orchestra.run.smithi072.stdout:/usr/bin/ceph: stderr
2024-03-22T01:27:20.355+0000 7f7646641700 1 --2- >> [v2:172.21.15.72:3300/0,v1:172.21.15.72:6789/0] conn(0x7f7640107020 0x7f764019bff0 unknown :-1 s=NONE pgs=0 cs=0 l=1 rev1=0 crypto rx=0 tx=0 comp rx=0 tx=0).connect
2024-03-22T01:27:21.203 INFO:teuthology.orchestra.run.smithi072.stdout:/usr/bin/ceph: stderr
2024-03-22T01:27:20.355+0000 7f7646641700 1 -- --> [v2:172.21.15.72:3300/0,v1:172.21.15.72:6789/0] -- mon_getmap magic: 0 -- 0x7f764010b5d0 con 0x7f7640107020
2024-03-22T01:27:21.203 INFO:teuthology.orchestra.run.smithi072.stdout:/usr/bin/ceph: stderr
2024-03-22T01:27:20.355+0000 7f763ffff700 1 --2- >> [v2:172.21.15.72:3300/0,v1:172.21.15.72:6789/0] conn(0x7f7640107020 0x7f764019bff0 unknown :-1 s=BANNER_CONNECTING pgs=0 cs=0 l=1 rev1=0 crypto rx=0 tx=0 comp rx=0 tx=0)._handle_peer_banner_payload supported=3 required=0
2024-03-22T01:27:21.203 INFO:teuthology.orchestra.run.smithi072.stdout:/usr/bin/ceph: stderr
2024-03-22T01:27:20.355+0000 7f763ffff700 1 --2- >> [v2:172.21.15.72:3300/0,v1:172.21.15.72:6789/0] conn(0x7f7640107020 0x7f764019bff0 unknown :-1 s=HELLO_CONNECTING pgs=0 cs=0 l=1 rev1=1 crypto rx=0 tx=0 comp rx=0 tx=0).handle_hello peer v2:172.21.15.72:3300/0 says I am v2:172.21.15.72:58520/0 (socket says 172.21.15.72:58520)
2024-03-22T01:27:21.203 INFO:teuthology.orchestra.run.smithi072.stdout:/usr/bin/ceph: stderr
2024-03-22T01:27:20.355+0000 7f763ffff700 1 -- 172.21.15.72:0/2910233364 learned_addr learned my addr 172.21.15.72:0/2910233364 (peer_addr_for_me v2:172.21.15.72:0/0)
2024-03-22T01:27:21.204 INFO:teuthology.orchestra.run.smithi072.stdout:/usr/bin/ceph: stderr
2024-03-22T01:27:20.355+0000 7f763ffff700 1 -- 172.21.15.72:0/2910233364 --> [v2:172.21.15.72:3300/0,v1:172.21.15.72:6789/0] -- mon_subscribe({config=0+,monmap=0+}) -- 0x7f764019c530 con 0x7f7640107020
2024-03-22T01:27:21.204 INFO:teuthology.orchestra.run.smithi072.stdout:/usr/bin/ceph: stderr
2024-03-22T01:27:20.356+0000 7f763ffff700 1 --2- 172.21.15.72:0/2910233364 >> [v2:172.21.15.72:3300/0,v1:172.21.15.72:6789/0] conn(0x7f7640107020 0x7f764019bff0 secure :-1 s=READY pgs=75 cs=0 l=1 rev1=1 crypto rx=0x7f76300117e0 tx=0x7f7630011c10 comp rx=0 tx=0).ready entity=mon.0 client_cookie=0 server_cookie=0 in_seq=0 out_seq=0
2024-03-22T01:27:21.204 INFO:teuthology.orchestra.run.smithi072.stdout:/usr/bin/ceph: stderr
2024-03-22T01:27:20.356+0000 7f763d7fa700 1 -- 172.21.15.72:0/2910233364 <== mon.0 v2:172.21.15.72:3300/0 1 ==== mon_map magic: 0 ==== 205+0+0 (secure 0 0 0) 0x7f7630003bf0 con 0x7f7640107020
2024-03-22T01:27:21.204 INFO:teuthology.orchestra.run.smithi072.stdout:/usr/bin/ceph: stderr
2024-03-22T01:27:20.356+0000 7f763d7fa700 1 -- 172.21.15.72:0/2910233364 <== mon.0 v2:172.21.15.72:3300/0 2 ==== config(27 keys) ==== 1140+0+0 (secure 0 0 0) 0x7f763001a910 con 0x7f7640107020
2024-03-22T01:27:21.204 INFO:teuthology.orchestra.run.smithi072.stdout:/usr/bin/ceph: stderr
2024-03-22T01:27:20.356+0000 7f7646641700 1 -- 172.21.15.72:0/2910233364 --> [v2:172.21.15.72:3300/0,v1:172.21.15.72:6789/0] -- mon_subscribe({mgrmap=0+}) -- 0x7f764019c7c0 con 0x7f7640107020
2024-03-22T01:27:21.204 INFO:teuthology.orchestra.run.smithi072.stdout:/usr/bin/ceph: stderr
2024-03-22T01:27:20.356+0000 7f763d7fa700 1 -- 172.21.15.72:0/2910233364 <== mon.0 v2:172.21.15.72:3300/0 3 ==== mon_map magic: 0 ==== 205+0+0 (secure 0 0 0) 0x7f76300249a0 con 0x7f7640107020
2024-03-22T01:27:21.204 INFO:teuthology.orchestra.run.smithi072.stdout:/usr/bin/ceph: stderr
2024-03-22T01:27:20.356+0000 7f7646641700 1 -- 172.21.15.72:0/2910233364 --> [v2:172.21.15.72:3300/0,v1:172.21.15.72:6789/0] -- mon_subscribe({osdmap=0}) -- 0x7f764019cc20 con 0x7f7640107020
2024-03-22T01:27:21.204 INFO:teuthology.orchestra.run.smithi072.stdout:/usr/bin/ceph: stderr
2024-03-22T01:27:20.357+0000 7f763d7fa700 1 -- 172.21.15.72:0/2910233364 <== mon.0 v2:172.21.15.72:3300/0 4 ==== mgrmap(e 12) ==== 46307+0+0 (secure 0 0 0) 0x7f7630022020 con 0x7f7640107020
2024-03-22T01:27:21.204 INFO:teuthology.orchestra.run.smithi072.stdout:/usr/bin/ceph: stderr
2024-03-22T01:27:20.357+0000 7f763d7fa700 1 --2- 172.21.15.72:0/2910233364 >> [v2:172.21.15.72:6800/401403200,v1:172.21.15.72:6801/401403200] conn(0x7f7628039240 0x7f762803b700 unknown :-1 s=NONE pgs=0 cs=0 l=1 rev1=0 crypto rx=0 tx=0 comp rx=0 tx=0).connect
2024-03-22T01:27:21.204 INFO:teuthology.orchestra.run.smithi072.stdout:/usr/bin/ceph: stderr
2024-03-22T01:27:20.357+0000 7f763d7fa700 1 -- 172.21.15.72:0/2910233364 <== mon.0 v2:172.21.15.72:3300/0 5 ==== osd_map(3..3 src has 1..3) ==== 1155+0+0 (secure 0 0 0) 0x7f763004d5e0 con 0x7f7640107020
2024-03-22T01:27:21.204 INFO:teuthology.orchestra.run.smithi072.stdout:/usr/bin/ceph: stderr
2024-03-22T01:27:20.357+0000 7f7646641700 1 -- 172.21.15.72:0/2910233364 --> [v2:172.21.15.72:3300/0,v1:172.21.15.72:6789/0] -- mon_command({"prefix": "get_command_descriptions"} v 0) -- 0x7f7640063cb0 con 0x7f7640107020
2024-03-22T01:27:21.204 INFO:teuthology.orchestra.run.smithi072.stdout:/usr/bin/ceph: stderr
2024-03-22T01:27:20.357+0000 7f763f7fe700 1 --2- 172.21.15.72:0/2910233364 >> [v2:172.21.15.72:6800/401403200,v1:172.21.15.72:6801/401403200] conn(0x7f7628039240 0x7f762803b700 unknown :-1 s=BANNER_CONNECTING pgs=0 cs=0 l=1 rev1=0 crypto rx=0 tx=0 comp rx=0 tx=0)._handle_peer_banner_payload supported=3 required=0
2024-03-22T01:27:21.204 INFO:teuthology.orchestra.run.smithi072.stdout:/usr/bin/ceph: stderr
2024-03-22T01:27:20.357+0000 7f763f7fe700 1 --2- 172.21.15.72:0/2910233364 >> [v2:172.21.15.72:6800/401403200,v1:172.21.15.72:6801/401403200] conn(0x7f7628039240 0x7f762803b700 secure :-1 s=READY pgs=9 cs=0 l=1 rev1=1 crypto rx=0x7f7634006fd0 tx=0x7f7634006e40 comp rx=0 tx=0).ready entity=mgr.14152 client_cookie=0 server_cookie=0 in_seq=0 out_seq=0
2024-03-22T01:27:21.205 INFO:teuthology.orchestra.run.smithi072.stdout:/usr/bin/ceph: stderr
2024-03-22T01:27:20.362+0000 7f763d7fa700 1 -- 172.21.15.72:0/2910233364 <== mon.0 v2:172.21.15.72:3300/0 6 ==== mon_command_ack([{"prefix": "get_command_descriptions"}]=0 v0) ==== 72+0+186149 (secure 0 0 0) 0x7f7630011e20 con 0x7f7640107020
2024-03-22T01:27:21.205 INFO:teuthology.orchestra.run.smithi072.stdout:/usr/bin/ceph: stderr
2024-03-22T01:27:20.568+0000 7f7646641700 1 -- 172.21.15.72:0/2910233364 --> [v2:172.21.15.72:3300/0,v1:172.21.15.72:6789/0] -- mon_command({"prefix": "config get", "who": "mgr", "key": "mgr/dashboard/ssl_server_port"} v 0) -- 0x7f764019f690 con 0x7f7640107020
2024-03-22T01:27:21.205 INFO:teuthology.orchestra.run.smithi072.stdout:/usr/bin/ceph: stderr
2024-03-22T01:27:20.569+0000 7f763d7fa700 1 -- 172.21.15.72:0/2910233364 <== mon.0 v2:172.21.15.72:3300/0 7 ==== mon_command_ack([{"prefix": "config get", "who": "mgr", "key": "mgr/dashboard/ssl_server_port"}]=0 v8) ==== 112+0+5 (secure 0 0 0) 0x7f763000b9d0 con 0x7f7640107020
2024-03-22T01:27:21.205 INFO:teuthology.orchestra.run.smithi072.stdout:/usr/bin/ceph: stderr
2024-03-22T01:27:20.571+0000 7f7646641700 1 -- 172.21.15.72:0/2910233364 >> [v2:172.21.15.72:6800/401403200,v1:172.21.15.72:6801/401403200] conn(0x7f7628039240 msgr2=0x7f762803b700 secure :-1 s=STATE_CONNECTION_ESTABLISHED l=1).mark_down
2024-03-22T01:27:21.205 INFO:teuthology.orchestra.run.smithi072.stdout:/usr/bin/ceph: stderr
2024-03-22T01:27:20.571+0000 7f7646641700 1 --2- 172.21.15.72:0/2910233364 >> [v2:172.21.15.72:6800/401403200,v1:172.21.15.72:6801/401403200] conn(0x7f7628039240 0x7f762803b700 secure :-1 s=READY pgs=9 cs=0 l=1 rev1=1 crypto rx=0x7f7634006fd0 tx=0x7f7634006e40 comp rx=0 tx=0).stop
2024-03-22T01:27:21.205 INFO:teuthology.orchestra.run.smithi072.stdout:/usr/bin/ceph: stderr
2024-03-22T01:27:20.571+0000 7f7646641700 1 -- 172.21.15.72:0/2910233364 >> [v2:172.21.15.72:3300/0,v1:172.21.15.72:6789/0] conn(0x7f7640107020 msgr2=0x7f764019bff0 secure :-1 s=STATE_CONNECTION_ESTABLISHED l=1).mark_down
2024-03-22T01:27:21.205 INFO:teuthology.orchestra.run.smithi072.stdout:/usr/bin/ceph: stderr
2024-03-22T01:27:20.571+0000 7f7646641700 1 --2- 172.21.15.72:0/2910233364 >> [v2:172.21.15.72:3300/0,v1:172.21.15.72:6789/0] conn(0x7f7640107020 0x7f764019bff0 secure :-1 s=READY pgs=75 cs=0 l=1 rev1=1 crypto rx=0x7f76300117e0 tx=0x7f7630011c10 comp rx=0 tx=0).stop
2024-03-22T01:27:21.205 INFO:teuthology.orchestra.run.smithi072.stdout:/usr/bin/ceph: stderr
2024-03-22T01:27:20.571+0000 7f7646641700 1 -- 172.21.15.72:0/2910233364 shutdown_connections
2024-03-22T01:27:21.205 INFO:teuthology.orchestra.run.smithi072.stdout:/usr/bin/ceph: stderr
2024-03-22T01:27:20.571+0000 7f7646641700 1 --2- 172.21.15.72:0/2910233364 >> [v2:172.21.15.72:6800/401403200,v1:172.21.15.72:6801/401403200] conn(0x7f7628039240 0x7f762803b700 unknown :-1 s=CLOSED pgs=9 cs=0 l=1 rev1=1 crypto rx=0 tx=0 comp rx=0 tx=0).stop
2024-03-22T01:27:21.205 INFO:teuthology.orchestra.run.smithi072.stdout:/usr/bin/ceph: stderr
2024-03-22T01:27:20.571+0000 7f7646641700 1 --2- 172.21.15.72:0/2910233364 >> [v2:172.21.15.72:3300/0,v1:172.21.15.72:6789/0] conn(0x7f7640107020 0x7f764019bff0 unknown :-1 s=CLOSED pgs=75 cs=0 l=1 rev1=1 crypto rx=0 tx=0 comp rx=0 tx=0).stop
2024-03-22T01:27:21.205 INFO:teuthology.orchestra.run.smithi072.stdout:/usr/bin/ceph: stderr
2024-03-22T01:27:20.571+0000 7f7646641700 1 -- 172.21.15.72:0/2910233364 >> 172.21.15.72:0/2910233364 conn(0x7f76401025c0 msgr2=0x7f7640102ff0 unknown :-1 s=STATE_NONE l=0).mark_down
2024-03-22T01:27:21.205 INFO:teuthology.orchestra.run.smithi072.stdout:/usr/bin/ceph: stderr
2024-03-22T01:27:20.571+0000 7f7646641700 1 -- 172.21.15.72:0/2910233364 shutdown_connections
2024-03-22T01:27:21.205 INFO:teuthology.orchestra.run.smithi072.stdout:/usr/bin/ceph: stderr
2024-03-22T01:27:20.571+0000 7f7646641700 1 -- 172.21.15.72:0/2910233364 wait complete.
2024-03-22T01:27:21.210 INFO:teuthology.orchestra.run.smithi072.stdout:Non-zero exit code 1 from systemctl is-enabled firewalld.service
2024-03-22T01:27:21.210 INFO:teuthology.orchestra.run.smithi072.stdout:systemctl: stdout disabled
2024-03-22T01:27:21.217 INFO:teuthology.orchestra.run.smithi072.stdout:Non-zero exit code 3 from systemctl is-active firewalld.service
2024-03-22T01:27:21.217 INFO:teuthology.orchestra.run.smithi072.stdout:systemctl: stdout inactive
2024-03-22T01:27:21.217 INFO:teuthology.orchestra.run.smithi072.stdout:firewalld.service is not enabled
2024-03-22T01:27:21.217 INFO:teuthology.orchestra.run.smithi072.stdout:Not possible to open ports <[8443]>. firewalld.service is not available
2024-03-22T01:27:21.219 INFO:teuthology.orchestra.run.smithi072.stdout:Ceph Dashboard is now available at:
2024-03-22T01:27:21.219 INFO:teuthology.orchestra.run.smithi072.stdout:
2024-03-22T01:27:21.219 INFO:teuthology.orchestra.run.smithi072.stdout: URL: https://smithi072.front.sepia.ceph.com:8443/
2024-03-22T01:27:21.219 INFO:teuthology.orchestra.run.smithi072.stdout: User: admin
2024-03-22T01:27:21.219 INFO:teuthology.orchestra.run.smithi072.stdout: Password: avirh8h2n9
2024-03-22T01:27:21.219 INFO:teuthology.orchestra.run.smithi072.stdout:
2024-03-22T01:27:21.220 INFO:teuthology.orchestra.run.smithi072.stdout:Saving cluster configuration to /var/lib/ceph/022a99bc-e7eb-11ee-95cd-87774f69a715/config directory
2024-03-22T01:27:21.220 INFO:teuthology.orchestra.run.smithi072.stdout:Enabling autotune for osd_memory_target
2024-03-22T01:27:21.601 INFO:journalctl@ceph.mon.a.smithi072.stdout:Mar 22 01:27:21 smithi072 ceph-mon[32414]: from='client.? 172.21.15.72:0/2910233364' entity='client.admin' cmd=[{"prefix": "config get", "who": "mgr", "key": "mgr/dashboard/ssl_server_port"}]: dispatch
2024-03-22T01:27:22.392 INFO:teuthology.orchestra.run.smithi072.stdout:/usr/bin/ceph: stderr
2024-03-22T01:27:21.630+0000 7f47d9241700 1 Processor -- start
2024-03-22T01:27:22.393 INFO:teuthology.orchestra.run.smithi072.stdout:/usr/bin/ceph: stderr
2024-03-22T01:27:21.630+0000 7f47d9241700 1 -- start start
2024-03-22T01:27:22.393 INFO:teuthology.orchestra.run.smithi072.stdout:/usr/bin/ceph: stderr
2024-03-22T01:27:21.630+0000 7f47d9241700 1 --2- >> [v2:172.21.15.72:3300/0,v1:172.21.15.72:6789/0] conn(0x7f47d4108170 0x7f47d4108590 unknown :-1 s=NONE pgs=0 cs=0 l=0 rev1=0 crypto rx=0 tx=0 comp rx=0 tx=0).connect
2024-03-22T01:27:22.393 INFO:teuthology.orchestra.run.smithi072.stdout:/usr/bin/ceph: stderr
2024-03-22T01:27:21.630+0000 7f47d9241700 1 -- --> [v2:172.21.15.72:3300/0,v1:172.21.15.72:6789/0] -- mon_getmap magic: 0 -- 0x7f47d4108b60 con 0x7f47d4108170
2024-03-22T01:27:22.393 INFO:teuthology.orchestra.run.smithi072.stdout:/usr/bin/ceph: stderr
2024-03-22T01:27:21.630+0000 7f47d2d9d700 1 --2- >> [v2:172.21.15.72:3300/0,v1:172.21.15.72:6789/0] conn(0x7f47d4108170 0x7f47d4108590 unknown :-1 s=BANNER_CONNECTING pgs=0 cs=0 l=0 rev1=0 crypto rx=0 tx=0 comp rx=0 tx=0)._handle_peer_banner_payload supported=3 required=0
2024-03-22T01:27:22.393 INFO:teuthology.orchestra.run.smithi072.stdout:/usr/bin/ceph: stderr
2024-03-22T01:27:21.630+0000 7f47d2d9d700 1 --2- >> [v2:172.21.15.72:3300/0,v1:172.21.15.72:6789/0] conn(0x7f47d4108170 0x7f47d4108590 unknown :-1 s=HELLO_CONNECTING pgs=0 cs=0 l=0 rev1=1 crypto rx=0 tx=0 comp rx=0 tx=0).handle_hello peer v2:172.21.15.72:3300/0 says I am v2:172.21.15.72:36990/0 (socket says 172.21.15.72:36990)
2024-03-22T01:27:22.393 INFO:teuthology.orchestra.run.smithi072.stdout:/usr/bin/ceph: stderr
2024-03-22T01:27:21.630+0000 7f47d2d9d700 1 -- 172.21.15.72:0/2819648446 learned_addr learned my addr 172.21.15.72:0/2819648446 (peer_addr_for_me v2:172.21.15.72:0/0)
2024-03-22T01:27:22.393 INFO:teuthology.orchestra.run.smithi072.stdout:/usr/bin/ceph: stderr
2024-03-22T01:27:21.630+0000 7f47d2d9d700 1 -- 172.21.15.72:0/2819648446 --> [v2:172.21.15.72:3300/0,v1:172.21.15.72:6789/0] -- mon_subscribe({config=0+,monmap=0+}) -- 0x7f47d41092d0 con 0x7f47d4108170
2024-03-22T01:27:22.393 INFO:teuthology.orchestra.run.smithi072.stdout:/usr/bin/ceph: stderr
2024-03-22T01:27:21.630+0000 7f47d2d9d700 1 --2- 172.21.15.72:0/2819648446 >> [v2:172.21.15.72:3300/0,v1:172.21.15.72:6789/0] conn(0x7f47d4108170 0x7f47d4108590 secure :-1 s=READY pgs=76 cs=0 l=1 rev1=1 crypto rx=0x7f47c40098a0 tx=0x7f47c4009bb0 comp rx=0 tx=0).ready entity=mon.0 client_cookie=319702399bcac749 server_cookie=0 in_seq=0 out_seq=0
2024-03-22T01:27:22.393 INFO:teuthology.orchestra.run.smithi072.stdout:/usr/bin/ceph: stderr
2024-03-22T01:27:21.631+0000 7f47d1d9b700 1 -- 172.21.15.72:0/2819648446 <== mon.0 v2:172.21.15.72:3300/0 1 ==== mon_map magic: 0 ==== 205+0+0 (secure 0 0 0) 0x7f47c4004160 con 0x7f47d4108170
2024-03-22T01:27:22.393 INFO:teuthology.orchestra.run.smithi072.stdout:/usr/bin/ceph: stderr
2024-03-22T01:27:21.631+0000 7f47d1d9b700 1 -- 172.21.15.72:0/2819648446 <== mon.0 v2:172.21.15.72:3300/0 2 ==== config(27 keys) ==== 1140+0+0 (secure 0 0 0) 0x7f47c4004300 con 0x7f47d4108170
2024-03-22T01:27:22.393 INFO:teuthology.orchestra.run.smithi072.stdout:/usr/bin/ceph: stderr
2024-03-22T01:27:21.631+0000 7f47d1d9b700 1 -- 172.21.15.72:0/2819648446 <== mon.0 v2:172.21.15.72:3300/0 3 ==== mon_map magic: 0 ==== 205+0+0 (secure 0 0 0) 0x7f47c4011b20 con 0x7f47d4108170
2024-03-22T01:27:22.393 INFO:teuthology.orchestra.run.smithi072.stdout:/usr/bin/ceph: stderr
2024-03-22T01:27:21.631+0000 7f47d9241700 1 -- 172.21.15.72:0/2819648446 >> [v2:172.21.15.72:3300/0,v1:172.21.15.72:6789/0] conn(0x7f47d4108170 msgr2=0x7f47d4108590 secure :-1 s=STATE_CONNECTION_ESTABLISHED l=1).mark_down
2024-03-22T01:27:22.393 INFO:teuthology.orchestra.run.smithi072.stdout:/usr/bin/ceph: stderr
2024-03-22T01:27:21.631+0000 7f47d9241700 1 --2- 172.21.15.72:0/2819648446 >> [v2:172.21.15.72:3300/0,v1:172.21.15.72:6789/0] conn(0x7f47d4108170 0x7f47d4108590 secure :-1 s=READY pgs=76 cs=0 l=1 rev1=1 crypto rx=0x7f47c40098a0 tx=0x7f47c4009bb0 comp rx=0 tx=0).stop
2024-03-22T01:27:22.394 INFO:teuthology.orchestra.run.smithi072.stdout:/usr/bin/ceph: stderr
2024-03-22T01:27:21.631+0000 7f47d9241700 1 -- 172.21.15.72:0/2819648446 shutdown_connections
2024-03-22T01:27:22.394 INFO:teuthology.orchestra.run.smithi072.stdout:/usr/bin/ceph: stderr
2024-03-22T01:27:21.631+0000 7f47d9241700 1 --2- 172.21.15.72:0/2819648446 >> [v2:172.21.15.72:3300/0,v1:172.21.15.72:6789/0] conn(0x7f47d4108170 0x7f47d4108590 unknown :-1 s=CLOSED pgs=76 cs=0 l=1 rev1=1 crypto rx=0 tx=0 comp rx=0 tx=0).stop
2024-03-22T01:27:22.394 INFO:teuthology.orchestra.run.smithi072.stdout:/usr/bin/ceph: stderr
2024-03-22T01:27:21.631+0000 7f47d9241700 1 -- 172.21.15.72:0/2819648446 >> 172.21.15.72:0/2819648446 conn(0x7f47d4103750 msgr2=0x7f47d4105b70 unknown :-1 s=STATE_NONE l=0).mark_down
2024-03-22T01:27:22.394 INFO:teuthology.orchestra.run.smithi072.stdout:/usr/bin/ceph: stderr
2024-03-22T01:27:21.631+0000 7f47d9241700 1 -- 172.21.15.72:0/2819648446 shutdown_connections
2024-03-22T01:27:22.394 INFO:teuthology.orchestra.run.smithi072.stdout:/usr/bin/ceph: stderr
2024-03-22T01:27:21.631+0000 7f47d9241700 1 -- 172.21.15.72:0/2819648446 wait complete.
2024-03-22T01:27:22.394 INFO:teuthology.orchestra.run.smithi072.stdout:/usr/bin/ceph: stderr
2024-03-22T01:27:21.632+0000 7f47d9241700 1 Processor -- start
2024-03-22T01:27:22.394 INFO:teuthology.orchestra.run.smithi072.stdout:/usr/bin/ceph: stderr
2024-03-22T01:27:21.632+0000 7f47d9241700 1 -- start start
2024-03-22T01:27:22.394 INFO:teuthology.orchestra.run.smithi072.stdout:/usr/bin/ceph: stderr
2024-03-22T01:27:21.632+0000 7f47d9241700 1 --2- >> [v2:172.21.15.72:3300/0,v1:172.21.15.72:6789/0] conn(0x7f47d4108170 0x7f47d419bfa0 unknown :-1 s=NONE pgs=0 cs=0 l=1 rev1=0 crypto rx=0 tx=0 comp rx=0 tx=0).connect
2024-03-22T01:27:22.394 INFO:teuthology.orchestra.run.smithi072.stdout:/usr/bin/ceph: stderr
2024-03-22T01:27:21.632+0000 7f47d9241700 1 -- --> [v2:172.21.15.72:3300/0,v1:172.21.15.72:6789/0] -- mon_getmap magic: 0 -- 0x7f47d410c680 con 0x7f47d4108170
2024-03-22T01:27:22.394 INFO:teuthology.orchestra.run.smithi072.stdout:/usr/bin/ceph: stderr
2024-03-22T01:27:21.632+0000 7f47d2d9d700 1 --2- >> [v2:172.21.15.72:3300/0,v1:172.21.15.72:6789/0] conn(0x7f47d4108170 0x7f47d419bfa0 unknown :-1 s=BANNER_CONNECTING pgs=0 cs=0 l=1 rev1=0 crypto rx=0 tx=0 comp rx=0 tx=0)._handle_peer_banner_payload supported=3 required=0
2024-03-22T01:27:22.394 INFO:teuthology.orchestra.run.smithi072.stdout:/usr/bin/ceph: stderr
2024-03-22T01:27:21.632+0000 7f47d2d9d700 1 --2- >> [v2:172.21.15.72:3300/0,v1:172.21.15.72:6789/0] conn(0x7f47d4108170 0x7f47d419bfa0 unknown :-1 s=HELLO_CONNECTING pgs=0 cs=0 l=1 rev1=1 crypto rx=0 tx=0 comp rx=0 tx=0).handle_hello peer v2:172.21.15.72:3300/0 says I am v2:172.21.15.72:36994/0 (socket says 172.21.15.72:36994)
2024-03-22T01:27:22.394 INFO:teuthology.orchestra.run.smithi072.stdout:/usr/bin/ceph: stderr
