2024-03-22T01:53:45.348 INFO:teuthology.orchestra.run.smithi005.stdout:/usr/bin/ceph: stderr
2024-03-22T01:53:44.203+0000 7fbc6683f700 1 -- --> [v2:172.21.15.5:3300/0,v1:172.21.15.5:6789/0] -- mon_getmap magic: 0 -- 0x7fbc6010bab0 con 0x7fbc60107500
2024-03-22T01:53:45.348 INFO:teuthology.orchestra.run.smithi005.stdout:/usr/bin/ceph: stderr
2024-03-22T01:53:44.203+0000 7fbc5ffff700 1 --2- >> [v2:172.21.15.5:3300/0,v1:172.21.15.5:6789/0] conn(0x7fbc60107500 0x7fbc6019b480 unknown :-1 s=BANNER_CONNECTING pgs=0 cs=0 l=1 rev1=0 crypto rx=0 tx=0 comp rx=0 tx=0)._handle_peer_banner_payload supported=3 required=0
2024-03-22T01:53:45.348 INFO:teuthology.orchestra.run.smithi005.stdout:/usr/bin/ceph: stderr
2024-03-22T01:53:44.203+0000 7fbc5ffff700 1 --2- >> [v2:172.21.15.5:3300/0,v1:172.21.15.5:6789/0] conn(0x7fbc60107500 0x7fbc6019b480 unknown :-1 s=HELLO_CONNECTING pgs=0 cs=0 l=1 rev1=1 crypto rx=0 tx=0 comp rx=0 tx=0).handle_hello peer v2:172.21.15.5:3300/0 says I am v2:172.21.15.5:48146/0 (socket says 172.21.15.5:48146)
2024-03-22T01:53:45.348 INFO:teuthology.orchestra.run.smithi005.stdout:/usr/bin/ceph: stderr
2024-03-22T01:53:44.203+0000 7fbc5ffff700 1 -- 172.21.15.5:0/2329778233 learned_addr learned my addr 172.21.15.5:0/2329778233 (peer_addr_for_me v2:172.21.15.5:0/0)
2024-03-22T01:53:45.349 INFO:teuthology.orchestra.run.smithi005.stdout:/usr/bin/ceph: stderr
2024-03-22T01:53:44.203+0000 7fbc5ffff700 1 -- 172.21.15.5:0/2329778233 --> [v2:172.21.15.5:3300/0,v1:172.21.15.5:6789/0] -- mon_subscribe({config=0+,monmap=0+}) -- 0x7fbc6019b9c0 con 0x7fbc60107500
2024-03-22T01:53:45.349 INFO:teuthology.orchestra.run.smithi005.stdout:/usr/bin/ceph: stderr
2024-03-22T01:53:44.203+0000 7fbc5ffff700 1 --2- 172.21.15.5:0/2329778233 >> [v2:172.21.15.5:3300/0,v1:172.21.15.5:6789/0] conn(0x7fbc60107500 0x7fbc6019b480 secure :-1 s=READY pgs=42 cs=0 l=1 rev1=1 crypto rx=0x7fbc5000b7b0 tx=0x7fbc50004670 comp rx=0 tx=0).ready entity=mon.0 client_cookie=0 server_cookie=0 in_seq=0 out_seq=0
2024-03-22T01:53:45.349 INFO:teuthology.orchestra.run.smithi005.stdout:/usr/bin/ceph: stderr
2024-03-22T01:53:44.203+0000 7fbc5d7fa700 1 -- 172.21.15.5:0/2329778233 <== mon.0 v2:172.21.15.5:3300/0 1 ==== mon_map magic: 0 ==== 205+0+0 (secure 0 0 0) 0x7fbc50020020 con 0x7fbc60107500
2024-03-22T01:53:45.349 INFO:teuthology.orchestra.run.smithi005.stdout:/usr/bin/ceph: stderr
2024-03-22T01:53:44.203+0000 7fbc5d7fa700 1 -- 172.21.15.5:0/2329778233 <== mon.0 v2:172.21.15.5:3300/0 2 ==== config(26 keys) ==== 1071+0+0 (secure 0 0 0) 0x7fbc5000bba0 con 0x7fbc60107500
2024-03-22T01:53:45.349 INFO:teuthology.orchestra.run.smithi005.stdout:/usr/bin/ceph: stderr
2024-03-22T01:53:44.203+0000 7fbc6683f700 1 -- 172.21.15.5:0/2329778233 --> [v2:172.21.15.5:3300/0,v1:172.21.15.5:6789/0] -- mon_subscribe({mgrmap=0+}) -- 0x7fbc6019bc50 con 0x7fbc60107500
2024-03-22T01:53:45.349 INFO:teuthology.orchestra.run.smithi005.stdout:/usr/bin/ceph: stderr
2024-03-22T01:53:44.203+0000 7fbc5d7fa700 1 -- 172.21.15.5:0/2329778233 <== mon.0 v2:172.21.15.5:3300/0 3 ==== mon_map magic: 0 ==== 205+0+0 (secure 0 0 0) 0x7fbc50017040 con 0x7fbc60107500
2024-03-22T01:53:45.349 INFO:teuthology.orchestra.run.smithi005.stdout:/usr/bin/ceph: stderr
2024-03-22T01:53:44.203+0000 7fbc6683f700 1 -- 172.21.15.5:0/2329778233 --> [v2:172.21.15.5:3300/0,v1:172.21.15.5:6789/0] -- mon_subscribe({osdmap=0}) -- 0x7fbc6019e940 con 0x7fbc60107500
2024-03-22T01:53:45.349 INFO:teuthology.orchestra.run.smithi005.stdout:/usr/bin/ceph: stderr
2024-03-22T01:53:44.207+0000 7fbc5d7fa700 1 -- 172.21.15.5:0/2329778233 <== mon.0 v2:172.21.15.5:3300/0 4 ==== mgrmap(e 8) ==== 46294+0+0 (secure 0 0 0) 0x7fbc50023020 con 0x7fbc60107500
2024-03-22T01:53:45.349 INFO:teuthology.orchestra.run.smithi005.stdout:/usr/bin/ceph: stderr
2024-03-22T01:53:44.207+0000 7fbc6683f700 1 -- 172.21.15.5:0/2329778233 --> [v2:172.21.15.5:3300/0,v1:172.21.15.5:6789/0] -- mon_command({"prefix": "get_command_descriptions"} v 0) -- 0x7fbc40005360 con 0x7fbc60107500
2024-03-22T01:53:45.349 INFO:teuthology.orchestra.run.smithi005.stdout:/usr/bin/ceph: stderr
2024-03-22T01:53:44.207+0000 7fbc5d7fa700 1 --2- 172.21.15.5:0/2329778233 >> [v2:172.21.15.5:6800/1066652439,v1:172.21.15.5:6801/1066652439] conn(0x7fbc4c039130 0x7fbc4c03b5f0 unknown :-1 s=NONE pgs=0 cs=0 l=1 rev1=0 crypto rx=0 tx=0 comp rx=0 tx=0).connect
2024-03-22T01:53:45.349 INFO:teuthology.orchestra.run.smithi005.stdout:/usr/bin/ceph: stderr
2024-03-22T01:53:44.207+0000 7fbc5d7fa700 1 -- 172.21.15.5:0/2329778233 <== mon.0 v2:172.21.15.5:3300/0 5 ==== osd_map(2..2 src has 1..2) ==== 940+0+0 (secure 0 0 0) 0x7fbc5000f050 con 0x7fbc60107500
2024-03-22T01:53:45.349 INFO:teuthology.orchestra.run.smithi005.stdout:/usr/bin/ceph: stderr
2024-03-22T01:53:44.207+0000 7fbc5f7fe700 1 --2- 172.21.15.5:0/2329778233 >> [v2:172.21.15.5:6800/1066652439,v1:172.21.15.5:6801/1066652439] conn(0x7fbc4c039130 0x7fbc4c03b5f0 unknown :-1 s=BANNER_CONNECTING pgs=0 cs=0 l=1 rev1=0 crypto rx=0 tx=0 comp rx=0 tx=0)._handle_peer_banner_payload supported=3 required=0
2024-03-22T01:53:45.349 INFO:teuthology.orchestra.run.smithi005.stdout:/usr/bin/ceph: stderr
2024-03-22T01:53:44.207+0000 7fbc5f7fe700 1 --2- 172.21.15.5:0/2329778233 >> [v2:172.21.15.5:6800/1066652439,v1:172.21.15.5:6801/1066652439] conn(0x7fbc4c039130 0x7fbc4c03b5f0 secure :-1 s=READY pgs=9 cs=0 l=1 rev1=1 crypto rx=0x7fbc48006fd0 tx=0x7fbc48006e40 comp rx=0 tx=0).ready entity=mgr.14120 client_cookie=0 server_cookie=0 in_seq=0 out_seq=0
2024-03-22T01:53:45.349 INFO:teuthology.orchestra.run.smithi005.stdout:/usr/bin/ceph: stderr
2024-03-22T01:53:44.211+0000 7fbc5d7fa700 1 -- 172.21.15.5:0/2329778233 <== mon.0 v2:172.21.15.5:3300/0 6 ==== mon_command_ack([{"prefix": "get_command_descriptions"}]=0 v0) ==== 72+0+186149 (secure 0 0 0) 0x7fbc5002a020 con 0x7fbc60107500
2024-03-22T01:53:45.350 INFO:teuthology.orchestra.run.smithi005.stdout:/usr/bin/ceph: stderr
2024-03-22T01:53:44.587+0000 7fbc6683f700 1 -- 172.21.15.5:0/2329778233 --> [v2:172.21.15.5:6800/1066652439,v1:172.21.15.5:6801/1066652439] -- mgr_command(tid 0: {"prefix": "cephadm generate-key", "target": ["mon-mgr", ""]}) -- 0x7fbc40000bf0 con 0x7fbc4c039130
2024-03-22T01:53:45.350 INFO:teuthology.orchestra.run.smithi005.stdout:/usr/bin/ceph: stderr
2024-03-22T01:53:44.691+0000 7fbc5d7fa700 1 -- 172.21.15.5:0/2329778233 <== mgr.14120 v2:172.21.15.5:6800/1066652439 1 ==== mgr_command_reply(tid 0: 0 ) ==== 8+0+0 (secure 0 0 0) 0x7fbc40000bf0 con 0x7fbc4c039130
2024-03-22T01:53:45.350 INFO:teuthology.orchestra.run.smithi005.stdout:/usr/bin/ceph: stderr
2024-03-22T01:53:44.695+0000 7fbc6683f700 1 -- 172.21.15.5:0/2329778233 >> [v2:172.21.15.5:6800/1066652439,v1:172.21.15.5:6801/1066652439] conn(0x7fbc4c039130 msgr2=0x7fbc4c03b5f0 secure :-1 s=STATE_CONNECTION_ESTABLISHED l=1).mark_down
2024-03-22T01:53:45.350 INFO:teuthology.orchestra.run.smithi005.stdout:/usr/bin/ceph: stderr
2024-03-22T01:53:44.695+0000 7fbc6683f700 1 --2- 172.21.15.5:0/2329778233 >> [v2:172.21.15.5:6800/1066652439,v1:172.21.15.5:6801/1066652439] conn(0x7fbc4c039130 0x7fbc4c03b5f0 secure :-1 s=READY pgs=9 cs=0 l=1 rev1=1 crypto rx=0x7fbc48006fd0 tx=0x7fbc48006e40 comp rx=0 tx=0).stop
2024-03-22T01:53:45.350 INFO:teuthology.orchestra.run.smithi005.stdout:/usr/bin/ceph: stderr
2024-03-22T01:53:44.695+0000 7fbc6683f700 1 -- 172.21.15.5:0/2329778233 >> [v2:172.21.15.5:3300/0,v1:172.21.15.5:6789/0] conn(0x7fbc60107500 msgr2=0x7fbc6019b480 secure :-1 s=STATE_CONNECTION_ESTABLISHED l=1).mark_down
2024-03-22T01:53:45.350 INFO:teuthology.orchestra.run.smithi005.stdout:/usr/bin/ceph: stderr
2024-03-22T01:53:44.695+0000 7fbc6683f700 1 --2- 172.21.15.5:0/2329778233 >> [v2:172.21.15.5:3300/0,v1:172.21.15.5:6789/0] conn(0x7fbc60107500 0x7fbc6019b480 secure :-1 s=READY pgs=42 cs=0 l=1 rev1=1 crypto rx=0x7fbc5000b7b0 tx=0x7fbc50004670 comp rx=0 tx=0).stop
2024-03-22T01:53:45.350 INFO:teuthology.orchestra.run.smithi005.stdout:/usr/bin/ceph: stderr
2024-03-22T01:53:44.695+0000 7fbc6683f700 1 -- 172.21.15.5:0/2329778233 shutdown_connections
2024-03-22T01:53:45.350 INFO:teuthology.orchestra.run.smithi005.stdout:/usr/bin/ceph: stderr
2024-03-22T01:53:44.695+0000 7fbc6683f700 1 --2- 172.21.15.5:0/2329778233 >> [v2:172.21.15.5:6800/1066652439,v1:172.21.15.5:6801/1066652439] conn(0x7fbc4c039130 0x7fbc4c03b5f0 unknown :-1 s=CLOSED pgs=9 cs=0 l=1 rev1=1 crypto rx=0 tx=0 comp rx=0 tx=0).stop
2024-03-22T01:53:45.350 INFO:teuthology.orchestra.run.smithi005.stdout:/usr/bin/ceph: stderr
2024-03-22T01:53:44.695+0000 7fbc6683f700 1 --2- 172.21.15.5:0/2329778233 >> [v2:172.21.15.5:3300/0,v1:172.21.15.5:6789/0] conn(0x7fbc60107500 0x7fbc6019b480 unknown :-1 s=CLOSED pgs=42 cs=0 l=1 rev1=1 crypto rx=0 tx=0 comp rx=0 tx=0).stop
2024-03-22T01:53:45.350 INFO:teuthology.orchestra.run.smithi005.stdout:/usr/bin/ceph: stderr
2024-03-22T01:53:44.695+0000 7fbc6683f700 1 -- 172.21.15.5:0/2329778233 >> 172.21.15.5:0/2329778233 conn(0x7fbc60102aa0 msgr2=0x7fbc60103600 unknown :-1 s=STATE_NONE l=0).mark_down
2024-03-22T01:53:45.350 INFO:teuthology.orchestra.run.smithi005.stdout:/usr/bin/ceph: stderr
2024-03-22T01:53:44.695+0000 7fbc6683f700 1 -- 172.21.15.5:0/2329778233 shutdown_connections
2024-03-22T01:53:45.350 INFO:teuthology.orchestra.run.smithi005.stdout:/usr/bin/ceph: stderr
2024-03-22T01:53:44.695+0000 7fbc6683f700 1 -- 172.21.15.5:0/2329778233 wait complete.
2024-03-22T01:53:45.998 INFO:journalctl@ceph.mon.a.smithi005.stdout:Mar 22 01:53:45 smithi005 bash[21425]: audit
2024-03-22T01:53:44.593418+0000 mgr.x (mgr.14120) 10 : audit [DBG] from='client.14136 -' entity='client.admin' cmd=[{"prefix": "cephadm generate-key", "target": ["mon-mgr", ""]}]: dispatch
2024-03-22T01:53:45.998 INFO:journalctl@ceph.mon.a.smithi005.stdout:Mar 22 01:53:45 smithi005 bash[21425]: cephadm
2024-03-22T01:53:44.593638+0000 mgr.x (mgr.14120) 11 : cephadm [INF] Generating ssh key...
2024-03-22T01:53:45.998 INFO:journalctl@ceph.mon.a.smithi005.stdout:Mar 22 01:53:45 smithi005 bash[21425]: audit
2024-03-22T01:53:44.689996+0000 mon.a (mon.0) 60 : audit [INF] from='mgr.14120 172.21.15.5:0/2160101184' entity='mgr.x'
2024-03-22T01:53:45.998 INFO:journalctl@ceph.mon.a.smithi005.stdout:Mar 22 01:53:45 smithi005 bash[21425]: audit
2024-03-22T01:53:44.694934+0000 mon.a (mon.0) 61 : audit [INF] from='mgr.14120 172.21.15.5:0/2160101184' entity='mgr.x'
2024-03-22T01:53:47.305 INFO:teuthology.orchestra.run.smithi005.stdout:/usr/bin/ceph: stdout ssh-rsa AAAAB3NzaC1yc2EAAAADAQABAAABgQDXfnTyYeVE8STtLEP4QfBswW5G/ZRaRioC9BYeFcENpt2IicIIvOtwteksUErBFH4rSHbYdgaAw8/TYG+4wEUhZXIiZ5qCAq9bxDSsoZxKYMJHxRVWxxv5eSoLiLXfHleELj7q9OCO27YLNCpR2CJReHEvpulPNGRTLu81nH5zPze6RdtewskgyYXcGMarRkrhTZsVZt9HHQwN+JaK/dCrT0r/iFFApKpu6TJHUhfrxIQQ46zZW0Os9Zch1uMEYJlvlR9ZdIlY1xXZWRGVRt3Q31zHn9XrxsRdBl8fwgCWdSwzShZOIZuDoEaoT3nzphFyUI/dDRmjRuAhFKicsklJ0O5sMIRipRS47ZYoMTI8PUqhoHVTNDRUfavqwqdULQaN5Z+OWTgawUS0u8v3EOglxVRMfhL8g/65UI/kbjYCyAoX23+OisGBZZpu411aP79QYfqSTfvp/bNlLFflCil2Ighxur8Kr1HR1ts+0Mcg6kl12NPaWpUM2H+MF/DCymE= ceph-c1aab47c-e7ee-11ee-95cd-87774f69a715
2024-03-22T01:53:47.305 INFO:teuthology.orchestra.run.smithi005.stdout:/usr/bin/ceph: stderr
2024-03-22T01:53:46.203+0000 7f9f45cab700 1 Processor -- start
2024-03-22T01:53:47.306 INFO:teuthology.orchestra.run.smithi005.stdout:/usr/bin/ceph: stderr
2024-03-22T01:53:46.203+0000 7f9f45cab700 1 -- start start
2024-03-22T01:53:47.306 INFO:teuthology.orchestra.run.smithi005.stdout:/usr/bin/ceph: stderr
2024-03-22T01:53:46.203+0000 7f9f45cab700 1 --2- >> [v2:172.21.15.5:3300/0,v1:172.21.15.5:6789/0] conn(0x7f9f40109700 0x7f9f40109b20 unknown :-1 s=NONE pgs=0 cs=0 l=0 rev1=0 crypto rx=0 tx=0 comp rx=0 tx=0).connect
2024-03-22T01:53:47.307 INFO:teuthology.orchestra.run.smithi005.stdout:/usr/bin/ceph: stderr
2024-03-22T01:53:46.203+0000 7f9f45cab700 1 -- --> [v2:172.21.15.5:3300/0,v1:172.21.15.5:6789/0] -- mon_getmap magic: 0 -- 0x7f9f4010a0f0 con 0x7f9f40109700
2024-03-22T01:53:47.307 INFO:teuthology.orchestra.run.smithi005.stdout:/usr/bin/ceph: stderr
2024-03-22T01:53:46.203+0000 7f9f3f7fe700 1 --2- >> [v2:172.21.15.5:3300/0,v1:172.21.15.5:6789/0] conn(0x7f9f40109700 0x7f9f40109b20 unknown :-1 s=BANNER_CONNECTING pgs=0 cs=0 l=0 rev1=0 crypto rx=0 tx=0 comp rx=0 tx=0)._handle_peer_banner_payload supported=3 required=0
2024-03-22T01:53:47.307 INFO:teuthology.orchestra.run.smithi005.stdout:/usr/bin/ceph: stderr
2024-03-22T01:53:46.203+0000 7f9f3f7fe700 1 --2- >> [v2:172.21.15.5:3300/0,v1:172.21.15.5:6789/0] conn(0x7f9f40109700 0x7f9f40109b20 unknown :-1 s=HELLO_CONNECTING pgs=0 cs=0 l=0 rev1=1 crypto rx=0 tx=0 comp rx=0 tx=0).handle_hello peer v2:172.21.15.5:3300/0 says I am v2:172.21.15.5:52700/0 (socket says 172.21.15.5:52700)
2024-03-22T01:53:47.307 INFO:teuthology.orchestra.run.smithi005.stdout:/usr/bin/ceph: stderr
2024-03-22T01:53:46.203+0000 7f9f3f7fe700 1 -- 172.21.15.5:0/3034332087 learned_addr learned my addr 172.21.15.5:0/3034332087 (peer_addr_for_me v2:172.21.15.5:0/0)
2024-03-22T01:53:47.307 INFO:teuthology.orchestra.run.smithi005.stdout:/usr/bin/ceph: stderr
2024-03-22T01:53:46.203+0000 7f9f3f7fe700 1 -- 172.21.15.5:0/3034332087 --> [v2:172.21.15.5:3300/0,v1:172.21.15.5:6789/0] -- mon_subscribe({config=0+,monmap=0+}) -- 0x7f9f4010a900 con 0x7f9f40109700
2024-03-22T01:53:47.307 INFO:teuthology.orchestra.run.smithi005.stdout:/usr/bin/ceph: stderr
2024-03-22T01:53:46.203+0000 7f9f3f7fe700 1 --2- 172.21.15.5:0/3034332087 >> [v2:172.21.15.5:3300/0,v1:172.21.15.5:6789/0] conn(0x7f9f40109700 0x7f9f40109b20 secure :-1 s=READY pgs=43 cs=0 l=1 rev1=1 crypto rx=0x7f9f300098a0 tx=0x7f9f30009bb0 comp rx=0 tx=0).ready entity=mon.0 client_cookie=a9e167bf7341b74d server_cookie=0 in_seq=0 out_seq=0
2024-03-22T01:53:47.307 INFO:teuthology.orchestra.run.smithi005.stdout:/usr/bin/ceph: stderr
2024-03-22T01:53:46.203+0000 7f9f3e7fc700 1 -- 172.21.15.5:0/3034332087 <== mon.0 v2:172.21.15.5:3300/0 1 ==== mon_map magic: 0 ==== 205+0+0 (secure 0 0 0) 0x7f9f30004160 con 0x7f9f40109700
2024-03-22T01:53:47.307 INFO:teuthology.orchestra.run.smithi005.stdout:/usr/bin/ceph: stderr
2024-03-22T01:53:46.203+0000 7f9f3e7fc700 1 -- 172.21.15.5:0/3034332087 <== mon.0 v2:172.21.15.5:3300/0 2 ==== config(26 keys) ==== 1071+0+0 (secure 0 0 0) 0x7f9f30004300 con 0x7f9f40109700
2024-03-22T01:53:47.308 INFO:teuthology.orchestra.run.smithi005.stdout:/usr/bin/ceph: stderr
2024-03-22T01:53:46.203+0000 7f9f3e7fc700 1 -- 172.21.15.5:0/3034332087 <== mon.0 v2:172.21.15.5:3300/0 3 ==== mon_map magic: 0 ==== 205+0+0 (secure 0 0 0) 0x7f9f30011a80 con 0x7f9f40109700
2024-03-22T01:53:47.308 INFO:teuthology.orchestra.run.smithi005.stdout:/usr/bin/ceph: stderr
2024-03-22T01:53:46.203+0000 7f9f45cab700 1 -- 172.21.15.5:0/3034332087 >> [v2:172.21.15.5:3300/0,v1:172.21.15.5:6789/0] conn(0x7f9f40109700 msgr2=0x7f9f40109b20 secure :-1 s=STATE_CONNECTION_ESTABLISHED l=1).mark_down
2024-03-22T01:53:47.310 INFO:teuthology.orchestra.run.smithi005.stdout:/usr/bin/ceph: stderr
2024-03-22T01:53:46.203+0000 7f9f45cab700 1 --2- 172.21.15.5:0/3034332087 >> [v2:172.21.15.5:3300/0,v1:172.21.15.5:6789/0] conn(0x7f9f40109700 0x7f9f40109b20 secure :-1 s=READY pgs=43 cs=0 l=1 rev1=1 crypto rx=0x7f9f300098a0 tx=0x7f9f30009bb0 comp rx=0 tx=0).stop
2024-03-22T01:53:47.310 INFO:teuthology.orchestra.run.smithi005.stdout:/usr/bin/ceph: stderr
2024-03-22T01:53:46.203+0000 7f9f45cab700 1 -- 172.21.15.5:0/3034332087 shutdown_connections
2024-03-22T01:53:47.310 INFO:teuthology.orchestra.run.smithi005.stdout:/usr/bin/ceph: stderr
2024-03-22T01:53:46.203+0000 7f9f45cab700 1 --2- 172.21.15.5:0/3034332087 >> [v2:172.21.15.5:3300/0,v1:172.21.15.5:6789/0] conn(0x7f9f40109700 0x7f9f40109b20 unknown :-1 s=CLOSED pgs=43 cs=0 l=1 rev1=1 crypto rx=0 tx=0 comp rx=0 tx=0).stop
2024-03-22T01:53:47.310 INFO:teuthology.orchestra.run.smithi005.stdout:/usr/bin/ceph: stderr
2024-03-22T01:53:46.203+0000 7f9f45cab700 1 -- 172.21.15.5:0/3034332087 >> 172.21.15.5:0/3034332087 conn(0x7f9f4007ca90 msgr2=0x7f9f40107460 unknown :-1 s=STATE_NONE l=0).mark_down
2024-03-22T01:53:47.310 INFO:teuthology.orchestra.run.smithi005.stdout:/usr/bin/ceph: stderr
2024-03-22T01:53:46.203+0000 7f9f45cab700 1 -- 172.21.15.5:0/3034332087 shutdown_connections
2024-03-22T01:53:47.311 INFO:teuthology.orchestra.run.smithi005.stdout:/usr/bin/ceph: stderr
2024-03-22T01:53:46.203+0000 7f9f45cab700 1 -- 172.21.15.5:0/3034332087 wait complete.
2024-03-22T01:53:47.311 INFO:teuthology.orchestra.run.smithi005.stdout:/usr/bin/ceph: stderr
2024-03-22T01:53:46.203+0000 7f9f45cab700 1 Processor -- start
2024-03-22T01:53:47.311 INFO:teuthology.orchestra.run.smithi005.stdout:/usr/bin/ceph: stderr
2024-03-22T01:53:46.207+0000 7f9f45cab700 1 -- start start
2024-03-22T01:53:47.311 INFO:teuthology.orchestra.run.smithi005.stdout:/usr/bin/ceph: stderr
2024-03-22T01:53:46.207+0000 7f9f45cab700 1 --2- >> [v2:172.21.15.5:3300/0,v1:172.21.15.5:6789/0] conn(0x7f9f40109700 0x7f9f4019d6b0 unknown :-1 s=NONE pgs=0 cs=0 l=1 rev1=0 crypto rx=0 tx=0 comp rx=0 tx=0).connect
2024-03-22T01:53:47.311 INFO:teuthology.orchestra.run.smithi005.stdout:/usr/bin/ceph: stderr
2024-03-22T01:53:46.207+0000 7f9f45cab700 1 -- --> [v2:172.21.15.5:3300/0,v1:172.21.15.5:6789/0] -- mon_getmap magic: 0 -- 0x7f9f4010dcb0 con 0x7f9f40109700
2024-03-22T01:53:47.311 INFO:teuthology.orchestra.run.smithi005.stdout:/usr/bin/ceph: stderr
2024-03-22T01:53:46.207+0000 7f9f3f7fe700 1 --2- >> [v2:172.21.15.5:3300/0,v1:172.21.15.5:6789/0] conn(0x7f9f40109700 0x7f9f4019d6b0 unknown :-1 s=BANNER_CONNECTING pgs=0 cs=0 l=1 rev1=0 crypto rx=0 tx=0 comp rx=0 tx=0)._handle_peer_banner_payload supported=3 required=0
2024-03-22T01:53:47.311 INFO:teuthology.orchestra.run.smithi005.stdout:/usr/bin/ceph: stderr
2024-03-22T01:53:46.207+0000 7f9f3f7fe700 1 --2- >> [v2:172.21.15.5:3300/0,v1:172.21.15.5:6789/0] conn(0x7f9f40109700 0x7f9f4019d6b0 unknown :-1 s=HELLO_CONNECTING pgs=0 cs=0 l=1 rev1=1 crypto rx=0 tx=0 comp rx=0 tx=0).handle_hello peer v2:172.21.15.5:3300/0 says I am v2:172.21.15.5:52704/0 (socket says 172.21.15.5:52704)
2024-03-22T01:53:47.311 INFO:teuthology.orchestra.run.smithi005.stdout:/usr/bin/ceph: stderr
2024-03-22T01:53:46.207+0000 7f9f3f7fe700 1 -- 172.21.15.5:0/3549191858 learned_addr learned my addr 172.21.15.5:0/3549191858 (peer_addr_for_me v2:172.21.15.5:0/0)
2024-03-22T01:53:47.311 INFO:teuthology.orchestra.run.smithi005.stdout:/usr/bin/ceph: stderr
2024-03-22T01:53:46.207+0000 7f9f3f7fe700 1 -- 172.21.15.5:0/3549191858 --> [v2:172.21.15.5:3300/0,v1:172.21.15.5:6789/0] -- mon_subscribe({config=0+,monmap=0+}) -- 0x7f9f4019dbf0 con 0x7f9f40109700
2024-03-22T01:53:47.311 INFO:teuthology.orchestra.run.smithi005.stdout:/usr/bin/ceph: stderr
2024-03-22T01:53:46.207+0000 7f9f3f7fe700 1 --2- 172.21.15.5:0/3549191858 >> [v2:172.21.15.5:3300/0,v1:172.21.15.5:6789/0] conn(0x7f9f40109700 0x7f9f4019d6b0 secure :-1 s=READY pgs=44 cs=0 l=1 rev1=1 crypto rx=0x7f9f30006af0 tx=0x7f9f30011b70 comp rx=0 tx=0).ready entity=mon.0 client_cookie=0 server_cookie=0 in_seq=0 out_seq=0
2024-03-22T01:53:47.311 INFO:teuthology.orchestra.run.smithi005.stdout:/usr/bin/ceph: stderr
2024-03-22T01:53:46.207+0000 7f9f3cff9700 1 -- 172.21.15.5:0/3549191858 <== mon.0 v2:172.21.15.5:3300/0 1 ==== mon_map magic: 0 ==== 205+0+0 (secure 0 0 0) 0x7f9f30003930 con 0x7f9f40109700
2024-03-22T01:53:47.311 INFO:teuthology.orchestra.run.smithi005.stdout:/usr/bin/ceph: stderr
2024-03-22T01:53:46.207+0000 7f9f45cab700 1 -- 172.21.15.5:0/3549191858 --> [v2:172.21.15.5:3300/0,v1:172.21.15.5:6789/0] -- mon_subscribe({mgrmap=0+}) -- 0x7f9f4019de80 con 0x7f9f40109700
2024-03-22T01:53:47.311 INFO:teuthology.orchestra.run.smithi005.stdout:/usr/bin/ceph: stderr
2024-03-22T01:53:46.207+0000 7f9f3cff9700 1 -- 172.21.15.5:0/3549191858 <== mon.0 v2:172.21.15.5:3300/0 2 ==== config(26 keys) ==== 1071+0+0 (secure 0 0 0) 0x7f9f30003ad0 con 0x7f9f40109700
2024-03-22T01:53:47.312 INFO:teuthology.orchestra.run.smithi005.stdout:/usr/bin/ceph: stderr
2024-03-22T01:53:46.207+0000 7f9f3cff9700 1 -- 172.21.15.5:0/3549191858 <== mon.0 v2:172.21.15.5:3300/0 3 ==== mon_map magic: 0 ==== 205+0+0 (secure 0 0 0) 0x7f9f300195e0 con 0x7f9f40109700
2024-03-22T01:53:47.312 INFO:teuthology.orchestra.run.smithi005.stdout:/usr/bin/ceph: stderr
2024-03-22T01:53:46.207+0000 7f9f45cab700 1 -- 172.21.15.5:0/3549191858 --> [v2:172.21.15.5:3300/0,v1:172.21.15.5:6789/0] -- mon_subscribe({osdmap=0}) -- 0x7f9f401a0b70 con 0x7f9f40109700
2024-03-22T01:53:47.314 INFO:teuthology.orchestra.run.smithi005.stdout:/usr/bin/ceph: stderr
2024-03-22T01:53:46.207+0000 7f9f3cff9700 1 -- 172.21.15.5:0/3549191858 <== mon.0 v2:172.21.15.5:3300/0 4 ==== mgrmap(e 8) ==== 46294+0+0 (secure 0 0 0) 0x7f9f30019910 con 0x7f9f40109700
2024-03-22T01:53:47.314 INFO:teuthology.orchestra.run.smithi005.stdout:/usr/bin/ceph: stderr
2024-03-22T01:53:46.207+0000 7f9f3cff9700 1 --2- 172.21.15.5:0/3549191858 >> [v2:172.21.15.5:6800/1066652439,v1:172.21.15.5:6801/1066652439] conn(0x7f9f28039180 0x7f9f2803b640 unknown :-1 s=NONE pgs=0 cs=0 l=1 rev1=0 crypto rx=0 tx=0 comp rx=0 tx=0).connect
2024-03-22T01:53:47.314 INFO:teuthology.orchestra.run.smithi005.stdout:/usr/bin/ceph: stderr
2024-03-22T01:53:46.207+0000 7f9f45cab700 1 -- 172.21.15.5:0/3549191858 --> [v2:172.21.15.5:3300/0,v1:172.21.15.5:6789/0] -- mon_command({"prefix": "get_command_descriptions"} v 0) -- 0x7f9f40063cb0 con 0x7f9f40109700
2024-03-22T01:53:47.314 INFO:teuthology.orchestra.run.smithi005.stdout:/usr/bin/ceph: stderr
2024-03-22T01:53:46.207+0000 7f9f3cff9700 1 -- 172.21.15.5:0/3549191858 <== mon.0 v2:172.21.15.5:3300/0 5 ==== osd_map(2..2 src has 1..2) ==== 940+0+0 (secure 0 0 0) 0x7f9f3004d6f0 con 0x7f9f40109700
2024-03-22T01:53:47.314 INFO:teuthology.orchestra.run.smithi005.stdout:/usr/bin/ceph: stderr
2024-03-22T01:53:46.207+0000 7f9f3effd700 1 --2- 172.21.15.5:0/3549191858 >> [v2:172.21.15.5:6800/1066652439,v1:172.21.15.5:6801/1066652439] conn(0x7f9f28039180 0x7f9f2803b640 unknown :-1 s=BANNER_CONNECTING pgs=0 cs=0 l=1 rev1=0 crypto rx=0 tx=0 comp rx=0 tx=0)._handle_peer_banner_payload supported=3 required=0
2024-03-22T01:53:47.314 INFO:teuthology.orchestra.run.smithi005.stdout:/usr/bin/ceph: stderr
2024-03-22T01:53:46.207+0000 7f9f3effd700 1 --2- 172.21.15.5:0/3549191858 >> [v2:172.21.15.5:6800/1066652439,v1:172.21.15.5:6801/1066652439] conn(0x7f9f28039180 0x7f9f2803b640 secure :-1 s=READY pgs=10 cs=0 l=1 rev1=1 crypto rx=0x7f9f34006fd0 tx=0x7f9f34006e40 comp rx=0 tx=0).ready entity=mgr.14120 client_cookie=0 server_cookie=0 in_seq=0 out_seq=0
2024-03-22T01:53:47.315 INFO:teuthology.orchestra.run.smithi005.stdout:/usr/bin/ceph: stderr
2024-03-22T01:53:46.211+0000 7f9f3cff9700 1 -- 172.21.15.5:0/3549191858 <== mon.0 v2:172.21.15.5:3300/0 6 ==== mon_command_ack([{"prefix": "get_command_descriptions"}]=0 v0) ==== 72+0+186149 (secure 0 0 0) 0x7f9f300172b0 con 0x7f9f40109700
2024-03-22T01:53:47.315 INFO:teuthology.orchestra.run.smithi005.stdout:/usr/bin/ceph: stderr
2024-03-22T01:53:46.599+0000 7f9f45cab700 1 -- 172.21.15.5:0/3549191858 --> [v2:172.21.15.5:6800/1066652439,v1:172.21.15.5:6801/1066652439] -- mgr_command(tid 0: {"prefix": "cephadm get-pub-key", "target": ["mon-mgr", ""]}) -- 0x7f9f401072a0 con 0x7f9f28039180
2024-03-22T01:53:47.315 INFO:teuthology.orchestra.run.smithi005.stdout:/usr/bin/ceph: stderr
2024-03-22T01:53:46.599+0000 7f9f3cff9700 1 -- 172.21.15.5:0/3549191858 <== mgr.14120 v2:172.21.15.5:6800/1066652439 1 ==== mgr_command_reply(tid 0: 0 ) ==== 8+0+595 (secure 0 0 0) 0x7f9f401072a0 con 0x7f9f28039180
2024-03-22T01:53:47.315 INFO:teuthology.orchestra.run.smithi005.stdout:/usr/bin/ceph: stderr
2024-03-22T01:53:46.603+0000 7f9f45cab700 1 -- 172.21.15.5:0/3549191858 >> [v2:172.21.15.5:6800/1066652439,v1:172.21.15.5:6801/1066652439] conn(0x7f9f28039180 msgr2=0x7f9f2803b640 secure :-1 s=STATE_CONNECTION_ESTABLISHED l=1).mark_down
2024-03-22T01:53:47.315 INFO:teuthology.orchestra.run.smithi005.stdout:/usr/bin/ceph: stderr
2024-03-22T01:53:46.603+0000 7f9f45cab700 1 --2- 172.21.15.5:0/3549191858 >> [v2:172.21.15.5:6800/1066652439,v1:172.21.15.5:6801/1066652439] conn(0x7f9f28039180 0x7f9f2803b640 secure :-1 s=READY pgs=10 cs=0 l=1 rev1=1 crypto rx=0x7f9f34006fd0 tx=0x7f9f34006e40 comp rx=0 tx=0).stop
2024-03-22T01:53:47.315 INFO:teuthology.orchestra.run.smithi005.stdout:/usr/bin/ceph: stderr
2024-03-22T01:53:46.603+0000 7f9f45cab700 1 -- 172.21.15.5:0/3549191858 >> [v2:172.21.15.5:3300/0,v1:172.21.15.5:6789/0] conn(0x7f9f40109700 msgr2=0x7f9f4019d6b0 secure :-1 s=STATE_CONNECTION_ESTABLISHED l=1).mark_down
2024-03-22T01:53:47.315 INFO:teuthology.orchestra.run.smithi005.stdout:/usr/bin/ceph: stderr
2024-03-22T01:53:46.603+0000 7f9f45cab700 1 --2- 172.21.15.5:0/3549191858 >> [v2:172.21.15.5:3300/0,v1:172.21.15.5:6789/0] conn(0x7f9f40109700 0x7f9f4019d6b0 secure :-1 s=READY pgs=44 cs=0 l=1 rev1=1 crypto rx=0x7f9f30006af0 tx=0x7f9f30011b70 comp rx=0 tx=0).stop
2024-03-22T01:53:47.315 INFO:teuthology.orchestra.run.smithi005.stdout:/usr/bin/ceph: stderr
2024-03-22T01:53:46.603+0000 7f9f45cab700 1 -- 172.21.15.5:0/3549191858 shutdown_connections
2024-03-22T01:53:47.315 INFO:teuthology.orchestra.run.smithi005.stdout:/usr/bin/ceph: stderr
2024-03-22T01:53:46.603+0000 7f9f45cab700 1 --2- 172.21.15.5:0/3549191858 >> [v2:172.21.15.5:6800/1066652439,v1:172.21.15.5:6801/1066652439] conn(0x7f9f28039180 0x7f9f2803b640 unknown :-1 s=CLOSED pgs=10 cs=0 l=1 rev1=1 crypto rx=0 tx=0 comp rx=0 tx=0).stop
2024-03-22T01:53:47.315 INFO:teuthology.orchestra.run.smithi005.stdout:/usr/bin/ceph: stderr
2024-03-22T01:53:46.603+0000 7f9f45cab700 1 --2- 172.21.15.5:0/3549191858 >> [v2:172.21.15.5:3300/0,v1:172.21.15.5:6789/0] conn(0x7f9f40109700 0x7f9f4019d6b0 unknown :-1 s=CLOSED pgs=44 cs=0 l=1 rev1=1 crypto rx=0 tx=0 comp rx=0 tx=0).stop
2024-03-22T01:53:47.315 INFO:teuthology.orchestra.run.smithi005.stdout:/usr/bin/ceph: stderr
2024-03-22T01:53:46.603+0000 7f9f45cab700 1 -- 172.21.15.5:0/3549191858 >> 172.21.15.5:0/3549191858 conn(0x7f9f4007ca90 msgr2=0x7f9f40106b90 unknown :-1 s=STATE_NONE l=0).mark_down
2024-03-22T01:53:47.315 INFO:teuthology.orchestra.run.smithi005.stdout:/usr/bin/ceph: stderr
2024-03-22T01:53:46.603+0000 7f9f45cab700 1 -- 172.21.15.5:0/3549191858 shutdown_connections
2024-03-22T01:53:47.315 INFO:teuthology.orchestra.run.smithi005.stdout:/usr/bin/ceph: stderr
2024-03-22T01:53:46.603+0000 7f9f45cab700 1 -- 172.21.15.5:0/3549191858 wait complete.
2024-03-22T01:53:47.316 INFO:teuthology.orchestra.run.smithi005.stdout:Wrote public SSH key to /home/ubuntu/cephtest/ceph.pub
2024-03-22T01:53:47.316 INFO:teuthology.orchestra.run.smithi005.stdout:Adding key to root@localhost authorized_keys...
2024-03-22T01:53:47.316 INFO:teuthology.orchestra.run.smithi005.stdout:Adding host smithi005...
2024-03-22T01:53:47.799 INFO:journalctl@ceph.mon.a.smithi005.stdout:Mar 22 01:53:47 smithi005 bash[21425]: audit
2024-03-22T01:53:46.603726+0000 mgr.x (mgr.14120) 12 : audit [DBG] from='client.14138 -' entity='client.admin' cmd=[{"prefix": "cephadm get-pub-key", "target": ["mon-mgr", ""]}]: dispatch
2024-03-22T01:53:49.691 INFO:journalctl@ceph.mon.a.smithi005.stdout:Mar 22 01:53:49 smithi005 bash[21425]: audit
2024-03-22T01:53:48.596297+0000 mgr.x (mgr.14120) 13 : audit [DBG] from='client.14140 -' entity='client.admin' cmd=[{"prefix": "orch host add", "hostname": "smithi005", "addr": "172.21.15.5", "target": ["mon-mgr", ""]}]: dispatch
2024-03-22T01:53:49.691 INFO:journalctl@ceph.mon.a.smithi005.stdout:Mar 22 01:53:49 smithi005 bash[21425]: cephadm
2024-03-22T01:53:49.247336+0000 mgr.x (mgr.14120) 14 : cephadm [INF] Deploying cephadm binary to smithi005
2024-03-22T01:53:54.983 INFO:teuthology.orchestra.run.smithi005.stdout:/usr/bin/ceph: stdout Added host 'smithi005' with addr '172.21.15.5'
2024-03-22T01:53:54.983 INFO:teuthology.orchestra.run.smithi005.stdout:/usr/bin/ceph: stderr
2024-03-22T01:53:48.199+0000 7f7ce9ecd700 1 Processor -- start
2024-03-22T01:53:54.983 INFO:teuthology.orchestra.run.smithi005.stdout:/usr/bin/ceph: stderr
2024-03-22T01:53:48.199+0000 7f7ce9ecd700 1 -- start start
2024-03-22T01:53:54.983 INFO:teuthology.orchestra.run.smithi005.stdout:/usr/bin/ceph: stderr
2024-03-22T01:53:48.199+0000 7f7ce9ecd700 1 --2- >> [v2:172.21.15.5:3300/0,v1:172.21.15.5:6789/0] conn(0x7f7ce407d670 0x7f7ce407bb20 unknown :-1 s=NONE pgs=0 cs=0 l=0 rev1=0 crypto rx=0 tx=0 comp rx=0 tx=0).connect
2024-03-22T01:53:54.983 INFO:teuthology.orchestra.run.smithi005.stdout:/usr/bin/ceph: stderr
2024-03-22T01:53:48.199+0000 7f7ce9ecd700 1 -- --> [v2:172.21.15.5:3300/0,v1:172.21.15.5:6789/0] -- mon_getmap magic: 0 -- 0x7f7ce407c0f0 con 0x7f7ce407d670
2024-03-22T01:53:54.983 INFO:teuthology.orchestra.run.smithi005.stdout:/usr/bin/ceph: stderr
2024-03-22T01:53:48.199+0000 7f7ce37fe700 1 --2- >> [v2:172.21.15.5:3300/0,v1:172.21.15.5:6789/0] conn(0x7f7ce407d670 0x7f7ce407bb20 unknown :-1 s=BANNER_CONNECTING pgs=0 cs=0 l=0 rev1=0 crypto rx=0 tx=0 comp rx=0 tx=0)._handle_peer_banner_payload supported=3 required=0
2024-03-22T01:53:54.983 INFO:teuthology.orchestra.run.smithi005.stdout:/usr/bin/ceph: stderr
2024-03-22T01:53:48.199+0000 7f7ce37fe700 1 --2- >> [v2:172.21.15.5:3300/0,v1:172.21.15.5:6789/0] conn(0x7f7ce407d670 0x7f7ce407bb20 unknown :-1 s=HELLO_CONNECTING pgs=0 cs=0 l=0 rev1=1 crypto rx=0 tx=0 comp rx=0 tx=0).handle_hello peer v2:172.21.15.5:3300/0 says I am v2:172.21.15.5:52720/0 (socket says 172.21.15.5:52720)
2024-03-22T01:53:54.984 INFO:teuthology.orchestra.run.smithi005.stdout:/usr/bin/ceph: stderr
2024-03-22T01:53:48.199+0000 7f7ce37fe700 1 -- 172.21.15.5:0/604836415 learned_addr learned my addr 172.21.15.5:0/604836415 (peer_addr_for_me v2:172.21.15.5:0/0)
2024-03-22T01:53:54.984 INFO:teuthology.orchestra.run.smithi005.stdout:/usr/bin/ceph: stderr
2024-03-22T01:53:48.199+0000 7f7ce37fe700 1 -- 172.21.15.5:0/604836415 --> [v2:172.21.15.5:3300/0,v1:172.21.15.5:6789/0] -- mon_subscribe({config=0+,monmap=0+}) -- 0x7f7ce407c270 con 0x7f7ce407d670
2024-03-22T01:53:54.984 INFO:teuthology.orchestra.run.smithi005.stdout:/usr/bin/ceph: stderr
2024-03-22T01:53:48.199+0000 7f7ce37fe700 1 --2- 172.21.15.5:0/604836415 >> [v2:172.21.15.5:3300/0,v1:172.21.15.5:6789/0] conn(0x7f7ce407d670 0x7f7ce407bb20 secure :-1 s=READY pgs=45 cs=0 l=1 rev1=1 crypto rx=0x7f7cd40098a0 tx=0x7f7cd4009bb0 comp rx=0 tx=0).ready entity=mon.0 client_cookie=d9c32a915136326b server_cookie=0 in_seq=0 out_seq=0
2024-03-22T01:53:54.984 INFO:teuthology.orchestra.run.smithi005.stdout:/usr/bin/ceph: stderr
2024-03-22T01:53:48.199+0000 7f7ce27fc700 1 -- 172.21.15.5:0/604836415 <== mon.0 v2:172.21.15.5:3300/0 1 ==== mon_map magic: 0 ==== 205+0+0 (secure 0 0 0) 0x7f7cd4004160 con 0x7f7ce407d670
2024-03-22T01:53:54.984 INFO:teuthology.orchestra.run.smithi005.stdout:/usr/bin/ceph: stderr
2024-03-22T01:53:48.199+0000 7f7ce27fc700 1 -- 172.21.15.5:0/604836415 <== mon.0 v2:172.21.15.5:3300/0 2 ==== config(26 keys) ==== 1071+0+0 (secure 0 0 0) 0x7f7cd4004300 con 0x7f7ce407d670
2024-03-22T01:53:54.984 INFO:teuthology.orchestra.run.smithi005.stdout:/usr/bin/ceph: stderr
2024-03-22T01:53:48.199+0000 7f7ce27fc700 1 -- 172.21.15.5:0/604836415 <== mon.0 v2:172.21.15.5:3300/0 3 ==== mon_map magic: 0 ==== 205+0+0 (secure 0 0 0) 0x7f7cd4011a80 con 0x7f7ce407d670
2024-03-22T01:53:54.984 INFO:teuthology.orchestra.run.smithi005.stdout:/usr/bin/ceph: stderr
2024-03-22T01:53:48.199+0000 7f7ce9ecd700 1 -- 172.21.15.5:0/604836415 >> [v2:172.21.15.5:3300/0,v1:172.21.15.5:6789/0] conn(0x7f7ce407d670 msgr2=0x7f7ce407bb20 secure :-1 s=STATE_CONNECTION_ESTABLISHED l=1).mark_down
2024-03-22T01:53:54.984 INFO:teuthology.orchestra.run.smithi005.stdout:/usr/bin/ceph: stderr
2024-03-22T01:53:48.199+0000 7f7ce9ecd700 1 --2- 172.21.15.5:0/604836415 >> [v2:172.21.15.5:3300/0,v1:172.21.15.5:6789/0] conn(0x7f7ce407d670 0x7f7ce407bb20 secure :-1 s=READY pgs=45 cs=0 l=1 rev1=1 crypto rx=0x7f7cd40098a0 tx=0x7f7cd4009bb0 comp rx=0 tx=0).stop
2024-03-22T01:53:54.984 INFO:teuthology.orchestra.run.smithi005.stdout:/usr/bin/ceph: stderr
2024-03-22T01:53:48.199+0000 7f7ce9ecd700 1 -- 172.21.15.5:0/604836415 shutdown_connections
2024-03-22T01:53:54.984 INFO:teuthology.orchestra.run.smithi005.stdout:/usr/bin/ceph: stderr
2024-03-22T01:53:48.199+0000 7f7ce9ecd700 1 --2- 172.21.15.5:0/604836415 >> [v2:172.21.15.5:3300/0,v1:172.21.15.5:6789/0] conn(0x7f7ce407d670 0x7f7ce407bb20 unknown :-1 s=CLOSED pgs=45 cs=0 l=1 rev1=1 crypto rx=0 tx=0 comp rx=0 tx=0).stop
2024-03-22T01:53:54.984 INFO:teuthology.orchestra.run.smithi005.stdout:/usr/bin/ceph: stderr
2024-03-22T01:53:48.199+0000 7f7ce9ecd700 1 -- 172.21.15.5:0/604836415 >> 172.21.15.5:0/604836415 conn(0x7f7ce4102b40 msgr2=0x7f7ce4104f60 unknown :-1 s=STATE_NONE l=0).mark_down
2024-03-22T01:53:54.984 INFO:teuthology.orchestra.run.smithi005.stdout:/usr/bin/ceph: stderr
2024-03-22T01:53:48.199+0000 7f7ce9ecd700 1 -- 172.21.15.5:0/604836415 shutdown_connections
2024-03-22T01:53:54.984 INFO:teuthology.orchestra.run.smithi005.stdout:/usr/bin/ceph: stderr
2024-03-22T01:53:48.199+0000 7f7ce9ecd700 1 -- 172.21.15.5:0/604836415 wait complete.
2024-03-22T01:53:54.984 INFO:teuthology.orchestra.run.smithi005.stdout:/usr/bin/ceph: stderr
2024-03-22T01:53:48.203+0000 7f7ce9ecd700 1 Processor -- start
2024-03-22T01:53:54.985 INFO:teuthology.orchestra.run.smithi005.stdout:/usr/bin/ceph: stderr
2024-03-22T01:53:48.203+0000 7f7ce9ecd700 1 -- start start
2024-03-22T01:53:54.985 INFO:teuthology.orchestra.run.smithi005.stdout:/usr/bin/ceph: stderr
2024-03-22T01:53:48.203+0000 7f7ce9ecd700 1 --2- >> [v2:172.21.15.5:3300/0,v1:172.21.15.5:6789/0] conn(0x7f7ce407d670 0x7f7ce419d5f0 unknown :-1 s=NONE pgs=0 cs=0 l=1 rev1=0 crypto rx=0 tx=0 comp rx=0 tx=0).connect
2024-03-22T01:53:54.985 INFO:teuthology.orchestra.run.smithi005.stdout:/usr/bin/ceph: stderr
2024-03-22T01:53:48.203+0000 7f7ce9ecd700 1 -- --> [v2:172.21.15.5:3300/0,v1:172.21.15.5:6789/0] -- mon_getmap magic: 0 -- 0x7f7ce410da90 con 0x7f7ce407d670
2024-03-22T01:53:54.985 INFO:teuthology.orchestra.run.smithi005.stdout:/usr/bin/ceph: stderr
2024-03-22T01:53:48.203+0000 7f7ce37fe700 1 --2- >> [v2:172.21.15.5:3300/0,v1:172.21.15.5:6789/0] conn(0x7f7ce407d670 0x7f7ce419d5f0 unknown :-1 s=BANNER_CONNECTING pgs=0 cs=0 l=1 rev1=0 crypto rx=0 tx=0 comp rx=0 tx=0)._handle_peer_banner_payload supported=3 required=0
2024-03-22T01:53:54.985 INFO:teuthology.orchestra.run.smithi005.stdout:/usr/bin/ceph: stderr
2024-03-22T01:53:48.203+0000 7f7ce37fe700 1 --2- >> [v2:172.21.15.5:3300/0,v1:172.21.15.5:6789/0] conn(0x7f7ce407d670 0x7f7ce419d5f0 unknown :-1 s=HELLO_CONNECTING pgs=0 cs=0 l=1 rev1=1 crypto rx=0 tx=0 comp rx=0 tx=0).handle_hello peer v2:172.21.15.5:3300/0 says I am v2:172.21.15.5:52726/0 (socket says 172.21.15.5:52726)
2024-03-22T01:53:54.985 INFO:teuthology.orchestra.run.smithi005.stdout:/usr/bin/ceph: stderr
2024-03-22T01:53:48.203+0000 7f7ce37fe700 1 -- 172.21.15.5:0/1498367849 learned_addr learned my addr 172.21.15.5:0/1498367849 (peer_addr_for_me v2:172.21.15.5:0/0)
2024-03-22T01:53:54.985 INFO:teuthology.orchestra.run.smithi005.stdout:/usr/bin/ceph: stderr
2024-03-22T01:53:48.203+0000 7f7ce37fe700 1 -- 172.21.15.5:0/1498367849 --> [v2:172.21.15.5:3300/0,v1:172.21.15.5:6789/0] -- mon_subscribe({config=0+,monmap=0+}) -- 0x7f7ce419db30 con 0x7f7ce407d670
2024-03-22T01:53:54.985 INFO:teuthology.orchestra.run.smithi005.stdout:/usr/bin/ceph: stderr
2024-03-22T01:53:48.203+0000 7f7ce37fe700 1 --2- 172.21.15.5:0/1498367849 >> [v2:172.21.15.5:3300/0,v1:172.21.15.5:6789/0] conn(0x7f7ce407d670 0x7f7ce419d5f0 secure :-1 s=READY pgs=46 cs=0 l=1 rev1=1 crypto rx=0x7f7cd4006af0 tx=0x7f7cd4011c40 comp rx=0 tx=0).ready entity=mon.0 client_cookie=0 server_cookie=0 in_seq=0 out_seq=0
2024-03-22T01:53:54.985 INFO:teuthology.orchestra.run.smithi005.stdout:/usr/bin/ceph: stderr
2024-03-22T01:53:48.203+0000 7f7ce0ff9700 1 -- 172.21.15.5:0/1498367849 <== mon.0 v2:172.21.15.5:3300/0 1 ==== mon_map magic: 0 ==== 205+0+0 (secure 0 0 0) 0x7f7cd40039e0 con 0x7f7ce407d670
2024-03-22T01:53:54.985 INFO:teuthology.orchestra.run.smithi005.stdout:/usr/bin/ceph: stderr
2024-03-22T01:53:48.203+0000 7f7ce0ff9700 1 -- 172.21.15.5:0/1498367849 <== mon.0 v2:172.21.15.5:3300/0 2 ==== config(26 keys) ==== 1071+0+0 (secure 0 0 0) 0x7f7cd4003b80 con 0x7f7ce407d670
2024-03-22T01:53:54.985 INFO:teuthology.orchestra.run.smithi005.stdout:/usr/bin/ceph: stderr
2024-03-22T01:53:48.203+0000 7f7ce9ecd700 1 -- 172.21.15.5:0/1498367849 --> [v2:172.21.15.5:3300/0,v1:172.21.15.5:6789/0] -- mon_subscribe({mgrmap=0+}) -- 0x7f7ce419ddc0 con 0x7f7ce407d670
2024-03-22T01:53:54.985 INFO:teuthology.orchestra.run.smithi005.stdout:/usr/bin/ceph: stderr
2024-03-22T01:53:48.203+0000 7f7ce0ff9700 1 -- 172.21.15.5:0/1498367849 <== mon.0 v2:172.21.15.5:3300/0 3 ==== mon_map magic: 0 ==== 205+0+0 (secure 0 0 0) 0x7f7cd40196a0 con 0x7f7ce407d670
2024-03-22T01:53:54.985 INFO:teuthology.orchestra.run.smithi005.stdout:/usr/bin/ceph: stderr
2024-03-22T01:53:48.203+0000 7f7ce9ecd700 1 -- 172.21.15.5:0/1498367849 --> [v2:172.21.15.5:3300/0,v1:172.21.15.5:6789/0] -- mon_subscribe({osdmap=0}) -- 0x7f7ce41a0ab0 con 0x7f7ce407d670
2024-03-22T01:53:54.985 INFO:teuthology.orchestra.run.smithi005.stdout:/usr/bin/ceph: stderr
2024-03-22T01:53:48.203+0000 7f7ce0ff9700 1 -- 172.21.15.5:0/1498367849 <== mon.0 v2:172.21.15.5:3300/0 4 ==== mgrmap(e 8) ==== 46294+0+0 (secure 0 0 0) 0x7f7cd40199a0 con 0x7f7ce407d670
2024-03-22T01:53:54.986 INFO:teuthology.orchestra.run.smithi005.stdout:/usr/bin/ceph: stderr
2024-03-22T01:53:48.203+0000 7f7ce0ff9700 1 --2- 172.21.15.5:0/1498367849 >> [v2:172.21.15.5:6800/1066652439,v1:172.21.15.5:6801/1066652439] conn(0x7f7cd0039130 0x7f7cd003b5f0 unknown :-1 s=NONE pgs=0 cs=0 l=1 rev1=0 crypto rx=0 tx=0 comp rx=0 tx=0).connect
2024-03-22T01:53:54.986 INFO:teuthology.orchestra.run.smithi005.stdout:/usr/bin/ceph: stderr
2024-03-22T01:53:48.203+0000 7f7ce0ff9700 1 -- 172.21.15.5:0/1498367849 <== mon.0 v2:172.21.15.5:3300/0 5 ==== osd_map(2..2 src has 1..2) ==== 940+0+0 (secure 0 0 0) 0x7f7cd404d740 con 0x7f7ce407d670
2024-03-22T01:53:54.986 INFO:teuthology.orchestra.run.smithi005.stdout:/usr/bin/ceph: stderr
2024-03-22T01:53:48.203+0000 7f7ce9ecd700 1 -- 172.21.15.5:0/1498367849 --> [v2:172.21.15.5:3300/0,v1:172.21.15.5:6789/0] -- mon_command({"prefix": "get_command_descriptions"} v 0) -- 0x7f7ce4063cb0 con 0x7f7ce407d670
2024-03-22T01:53:54.986 INFO:teuthology.orchestra.run.smithi005.stdout:/usr/bin/ceph: stderr
2024-03-22T01:53:48.203+0000 7f7ce2ffd700 1 --2- 172.21.15.5:0/1498367849 >> [v2:172.21.15.5:6800/1066652439,v1:172.21.15.5:6801/1066652439] conn(0x7f7cd0039130 0x7f7cd003b5f0 unknown :-1 s=BANNER_CONNECTING pgs=0 cs=0 l=1 rev1=0 crypto rx=0 tx=0 comp rx=0 tx=0)._handle_peer_banner_payload supported=3 required=0
2024-03-22T01:53:54.986 INFO:teuthology.orchestra.run.smithi005.stdout:/usr/bin/ceph: stderr
2024-03-22T01:53:48.203+0000 7f7ce2ffd700 1 --2- 172.21.15.5:0/1498367849 >> [v2:172.21.15.5:6800/1066652439,v1:172.21.15.5:6801/1066652439] conn(0x7f7cd0039130 0x7f7cd003b5f0 secure :-1 s=READY pgs=11 cs=0 l=1 rev1=1 crypto rx=0x7f7ccc006fd0 tx=0x7f7ccc006e40 comp rx=0 tx=0).ready entity=mgr.14120 client_cookie=0 server_cookie=0 in_seq=0 out_seq=0
2024-03-22T01:53:54.986 INFO:teuthology.orchestra.run.smithi005.stdout:/usr/bin/ceph: stderr
2024-03-22T01:53:48.211+0000 7f7ce0ff9700 1 -- 172.21.15.5:0/1498367849 <== mon.0 v2:172.21.15.5:3300/0 6 ==== mon_command_ack([{"prefix": "get_command_descriptions"}]=0 v0) ==== 72+0+186149 (secure 0 0 0) 0x7f7cd4016dd0 con 0x7f7ce407d670
2024-03-22T01:53:54.986 INFO:teuthology.orchestra.run.smithi005.stdout:/usr/bin/ceph: stderr
2024-03-22T01:53:48.591+0000 7f7ce9ecd700 1 -- 172.21.15.5:0/1498367849 --> [v2:172.21.15.5:6800/1066652439,v1:172.21.15.5:6801/1066652439] -- mgr_command(tid 0: {"prefix": "orch host add", "hostname": "smithi005", "addr": "172.21.15.5", "target": ["mon-mgr", ""]}) -- 0x7f7ce4103d60 con 0x7f7cd0039130
2024-03-22T01:53:54.986 INFO:teuthology.orchestra.run.smithi005.stdout:/usr/bin/ceph: stderr
2024-03-22T01:53:54.134+0000 7f7ce0ff9700 1 -- 172.21.15.5:0/1498367849 <== mgr.14120 v2:172.21.15.5:6800/1066652439 1 ==== mgr_command_reply(tid 0: 0 ) ==== 8+0+47 (secure 0 0 0) 0x7f7ce4103d60 con 0x7f7cd0039130
2024-03-22T01:53:54.986 INFO:teuthology.orchestra.run.smithi005.stdout:/usr/bin/ceph: stderr
2024-03-22T01:53:54.134+0000 7f7ce9ecd700 1 -- 172.21.15.5:0/1498367849 >> [v2:172.21.15.5:6800/1066652439,v1:172.21.15.5:6801/1066652439] conn(0x7f7cd0039130 msgr2=0x7f7cd003b5f0 secure :-1 s=STATE_CONNECTION_ESTABLISHED l=1).mark_down
2024-03-22T01:53:54.986 INFO:teuthology.orchestra.run.smithi005.stdout:/usr/bin/ceph: stderr
2024-03-22T01:53:54.134+0000 7f7ce9ecd700 1 --2- 172.21.15.5:0/1498367849 >> [v2:172.21.15.5:6800/1066652439,v1:172.21.15.5:6801/1066652439] conn(0x7f7cd0039130 0x7f7cd003b5f0 secure :-1 s=READY pgs=11 cs=0 l=1 rev1=1 crypto rx=0x7f7ccc006fd0 tx=0x7f7ccc006e40 comp rx=0 tx=0).stop
2024-03-22T01:53:54.986 INFO:teuthology.orchestra.run.smithi005.stdout:/usr/bin/ceph: stderr
2024-03-22T01:53:54.134+0000 7f7ce9ecd700 1 -- 172.21.15.5:0/1498367849 >> [v2:172.21.15.5:3300/0,v1:172.21.15.5:6789/0] conn(0x7f7ce407d670 msgr2=0x7f7ce419d5f0 secure :-1 s=STATE_CONNECTION_ESTABLISHED l=1).mark_down
2024-03-22T01:53:54.986 INFO:teuthology.orchestra.run.smithi005.stdout:/usr/bin/ceph: stderr
2024-03-22T01:53:54.134+0000 7f7ce9ecd700 1 --2- 172.21.15.5:0/1498367849 >> [v2:172.21.15.5:3300/0,v1:172.21.15.5:6789/0] conn(0x7f7ce407d670 0x7f7ce419d5f0 secure :-1 s=READY pgs=46 cs=0 l=1 rev1=1 crypto rx=0x7f7cd4006af0 tx=0x7f7cd4011c40 comp rx=0 tx=0).stop
2024-03-22T01:53:54.986 INFO:teuthology.orchestra.run.smithi005.stdout:/usr/bin/ceph: stderr
2024-03-22T01:53:54.134+0000 7f7ce9ecd700 1 -- 172.21.15.5:0/1498367849 shutdown_connections
2024-03-22T01:53:54.987 INFO:teuthology.orchestra.run.smithi005.stdout:/usr/bin/ceph: stderr
2024-03-22T01:53:54.134+0000 7f7ce9ecd700 1 --2- 172.21.15.5:0/1498367849 >> [v2:172.21.15.5:6800/1066652439,v1:172.21.15.5:6801/1066652439] conn(0x7f7cd0039130 0x7f7cd003b5f0 unknown :-1 s=CLOSED pgs=11 cs=0 l=1 rev1=1 crypto rx=0 tx=0 comp rx=0 tx=0).stop
2024-03-22T01:53:54.987 INFO:teuthology.orchestra.run.smithi005.stdout:/usr/bin/ceph: stderr
2024-03-22T01:53:54.134+0000 7f7ce9ecd700 1 --2- 172.21.15.5:0/1498367849 >> [v2:172.21.15.5:3300/0,v1:172.21.15.5:6789/0] conn(0x7f7ce407d670 0x7f7ce419d5f0 unknown :-1 s=CLOSED pgs=46 cs=0 l=1 rev1=1 crypto rx=0 tx=0 comp rx=0 tx=0).stop
2024-03-22T01:53:54.987 INFO:teuthology.orchestra.run.smithi005.stdout:/usr/bin/ceph: stderr
2024-03-22T01:53:54.134+0000 7f7ce9ecd700 1 -- 172.21.15.5:0/1498367849 >> 172.21.15.5:0/1498367849 conn(0x7f7ce4102b40 msgr2=0x7f7ce4103650 unknown :-1 s=STATE_NONE l=0).mark_down
2024-03-22T01:53:54.987 INFO:teuthology.orchestra.run.smithi005.stdout:/usr/bin/ceph: stderr
2024-03-22T01:53:54.134+0000 7f7ce9ecd700 1 -- 172.21.15.5:0/1498367849 shutdown_connections
2024-03-22T01:53:54.987 INFO:teuthology.orchestra.run.smithi005.stdout:/usr/bin/ceph: stderr
2024-03-22T01:53:54.134+0000 7f7ce9ecd700 1 -- 172.21.15.5:0/1498367849 wait complete.
2024-03-22T01:53:54.987 INFO:teuthology.orchestra.run.smithi005.stdout:Deploying unmanaged mon service...
2024-03-22T01:53:55.299 INFO:journalctl@ceph.mon.a.smithi005.stdout:Mar 22 01:53:55 smithi005 bash[21425]: audit
2024-03-22T01:53:54.138035+0000 mon.a (mon.0) 62 : audit [INF] from='mgr.14120 172.21.15.5:0/2160101184' entity='mgr.x'
2024-03-22T01:53:55.299 INFO:journalctl@ceph.mon.a.smithi005.stdout:Mar 22 01:53:55 smithi005 bash[21425]: cephadm
2024-03-22T01:53:54.138565+0000 mgr.x (mgr.14120) 15 : cephadm [INF] Added host smithi005
2024-03-22T01:53:55.299 INFO:journalctl@ceph.mon.a.smithi005.stdout:Mar 22 01:53:55 smithi005 bash[21425]: audit
2024-03-22T01:53:54.169322+0000 mon.a (mon.0) 63 : audit [DBG] from='mgr.14120 172.21.15.5:0/2160101184' entity='mgr.x' cmd=[{"prefix": "config dump", "format": "json"}]: dispatch
2024-03-22T01:53:57.668 INFO:teuthology.orchestra.run.smithi005.stdout:/usr/bin/ceph: stdout Scheduled mon update...
2024-03-22T01:53:57.668 INFO:teuthology.orchestra.run.smithi005.stdout:/usr/bin/ceph: stderr
2024-03-22T01:53:56.506+0000 7f8890259700 1 Processor -- start
2024-03-22T01:53:57.668 INFO:teuthology.orchestra.run.smithi005.stdout:/usr/bin/ceph: stderr
2024-03-22T01:53:56.506+0000 7f8890259700 1 -- start start
2024-03-22T01:53:57.668 INFO:teuthology.orchestra.run.smithi005.stdout:/usr/bin/ceph: stderr
2024-03-22T01:53:56.506+0000 7f8890259700 1 --2- >> [v2:172.21.15.5:3300/0,v1:172.21.15.5:6789/0] conn(0x7f8888107f90 0x7f888810a380 unknown :-1 s=NONE pgs=0 cs=0 l=0 rev1=0 crypto rx=0 tx=0 comp rx=0 tx=0).connect
2024-03-22T01:53:57.668 INFO:teuthology.orchestra.run.smithi005.stdout:/usr/bin/ceph: stderr
2024-03-22T01:53:56.506+0000 7f8890259700 1 -- --> [v2:172.21.15.5:3300/0,v1:172.21.15.5:6789/0] -- mon_getmap magic: 0 -- 0x7f888807ae40 con 0x7f8888107f90
2024-03-22T01:53:57.668 INFO:teuthology.orchestra.run.smithi005.stdout:/usr/bin/ceph: stderr
2024-03-22T01:53:56.506+0000 7f888dff5700 1 --2- >> [v2:172.21.15.5:3300/0,v1:172.21.15.5:6789/0] conn(0x7f8888107f90 0x7f888810a380 unknown :-1 s=BANNER_CONNECTING pgs=0 cs=0 l=0 rev1=0 crypto rx=0 tx=0 comp rx=0 tx=0)._handle_peer_banner_payload supported=3 required=0
2024-03-22T01:53:57.668 INFO:teuthology.orchestra.run.smithi005.stdout:/usr/bin/ceph: stderr
2024-03-22T01:53:56.506+0000 7f888dff5700 1 --2- >> [v2:172.21.15.5:3300/0,v1:172.21.15.5:6789/0] conn(0x7f8888107f90 0x7f888810a380 unknown :-1 s=HELLO_CONNECTING pgs=0 cs=0 l=0 rev1=1 crypto rx=0 tx=0 comp rx=0 tx=0).handle_hello peer v2:172.21.15.5:3300/0 says I am v2:172.21.15.5:47758/0 (socket says 172.21.15.5:47758)
2024-03-22T01:53:57.668 INFO:teuthology.orchestra.run.smithi005.stdout:/usr/bin/ceph: stderr
2024-03-22T01:53:56.506+0000 7f888dff5700 1 -- 172.21.15.5:0/24483615 learned_addr learned my addr 172.21.15.5:0/24483615 (peer_addr_for_me v2:172.21.15.5:0/0)
2024-03-22T01:53:57.668 INFO:teuthology.orchestra.run.smithi005.stdout:/usr/bin/ceph: stderr
2024-03-22T01:53:56.510+0000 7f888dff5700 1 -- 172.21.15.5:0/24483615 --> [v2:172.21.15.5:3300/0,v1:172.21.15.5:6789/0] -- mon_subscribe({config=0+,monmap=0+}) -- 0x7f888810a8c0 con 0x7f8888107f90
2024-03-22T01:53:57.668 INFO:teuthology.orchestra.run.smithi005.stdout:/usr/bin/ceph: stderr
2024-03-22T01:53:56.510+0000 7f888dff5700 1 --2- 172.21.15.5:0/24483615 >> [v2:172.21.15.5:3300/0,v1:172.21.15.5:6789/0] conn(0x7f8888107f90 0x7f888810a380 secure :-1 s=READY pgs=47 cs=0 l=1 rev1=1 crypto rx=0x7f88840098a0 tx=0x7f8884009bb0 comp rx=0 tx=0).ready entity=mon.0 client_cookie=5497ff7d3bae7026 server_cookie=0 in_seq=0 out_seq=0
2024-03-22T01:53:57.668 INFO:teuthology.orchestra.run.smithi005.stdout:/usr/bin/ceph: stderr
2024-03-22T01:53:56.510+0000 7f888cff3700 1 -- 172.21.15.5:0/24483615 <== mon.0 v2:172.21.15.5:3300/0 1 ==== mon_map magic: 0 ==== 205+0+0 (secure 0 0 0) 0x7f8884004160 con 0x7f8888107f90
2024-03-22T01:53:57.669 INFO:teuthology.orchestra.run.smithi005.stdout:/usr/bin/ceph: stderr
2024-03-22T01:53:56.510+0000 7f888cff3700 1 -- 172.21.15.5:0/24483615 <== mon.0 v2:172.21.15.5:3300/0 2 ==== config(26 keys) ==== 1071+0+0 (secure 0 0 0) 0x7f8884004300 con 0x7f8888107f90
2024-03-22T01:53:57.669 INFO:teuthology.orchestra.run.smithi005.stdout:/usr/bin/ceph: stderr
2024-03-22T01:53:56.510+0000 7f888cff3700 1 -- 172.21.15.5:0/24483615 <== mon.0 v2:172.21.15.5:3300/0 3 ==== mon_map magic: 0 ==== 205+0+0 (secure 0 0 0) 0x7f8884011a80 con 0x7f8888107f90
2024-03-22T01:53:57.669 INFO:teuthology.orchestra.run.smithi005.stdout:/usr/bin/ceph: stderr
2024-03-22T01:53:56.510+0000 7f8890259700 1 -- 172.21.15.5:0/24483615 >> [v2:172.21.15.5:3300/0,v1:172.21.15.5:6789/0] conn(0x7f8888107f90 msgr2=0x7f888810a380 secure :-1 s=STATE_CONNECTION_ESTABLISHED l=1).mark_down
2024-03-22T01:53:57.669 INFO:teuthology.orchestra.run.smithi005.stdout:/usr/bin/ceph: stderr
2024-03-22T01:53:56.510+0000 7f8890259700 1 --2- 172.21.15.5:0/24483615 >> [v2:172.21.15.5:3300/0,v1:172.21.15.5:6789/0] conn(0x7f8888107f90 0x7f888810a380 secure :-1 s=READY pgs=47 cs=0 l=1 rev1=1 crypto rx=0x7f88840098a0 tx=0x7f8884009bb0 comp rx=0 tx=0).stop
2024-03-22T01:53:57.669 INFO:teuthology.orchestra.run.smithi005.stdout:/usr/bin/ceph: stderr
2024-03-22T01:53:56.510+0000 7f8890259700 1 -- 172.21.15.5:0/24483615 shutdown_connections
2024-03-22T01:53:57.669 INFO:teuthology.orchestra.run.smithi005.stdout:/usr/bin/ceph: stderr
2024-03-22T01:53:56.510+0000 7f8890259700 1 --2- 172.21.15.5:0/24483615 >> [v2:172.21.15.5:3300/0,v1:172.21.15.5:6789/0] conn(0x7f8888107f90 0x7f888810a380 unknown :-1 s=CLOSED pgs=47 cs=0 l=1 rev1=1 crypto rx=0 tx=0 comp rx=0 tx=0).stop
2024-03-22T01:53:57.669 INFO:teuthology.orchestra.run.smithi005.stdout:/usr/bin/ceph: stderr
2024-03-22T01:53:56.510+0000 7f8890259700 1 -- 172.21.15.5:0/24483615 >> 172.21.15.5:0/24483615 conn(0x7f8888101980 msgr2=0x7f8888103e00 unknown :-1 s=STATE_NONE l=0).mark_down
2024-03-22T01:53:57.669 INFO:teuthology.orchestra.run.smithi005.stdout:/usr/bin/ceph: stderr
2024-03-22T01:53:56.510+0000 7f8890259700 1 -- 172.21.15.5:0/24483615 shutdown_connections
2024-03-22T01:53:57.669 INFO:teuthology.orchestra.run.smithi005.stdout:/usr/bin/ceph: stderr
2024-03-22T01:53:56.510+0000 7f8890259700 1 -- 172.21.15.5:0/24483615 wait complete.
2024-03-22T01:53:57.669 INFO:teuthology.orchestra.run.smithi005.stdout:/usr/bin/ceph: stderr
2024-03-22T01:53:56.510+0000 7f8890259700 1 Processor -- start
2024-03-22T01:53:57.669 INFO:teuthology.orchestra.run.smithi005.stdout:/usr/bin/ceph: stderr
2024-03-22T01:53:56.510+0000 7f8890259700 1 -- start start
2024-03-22T01:53:57.669 INFO:teuthology.orchestra.run.smithi005.stdout:/usr/bin/ceph: stderr
2024-03-22T01:53:56.510+0000 7f8890259700 1 --2- >> [v2:172.21.15.5:3300/0,v1:172.21.15.5:6789/0] conn(0x7f8888107f90 0x7f888819d670 unknown :-1 s=NONE pgs=0 cs=0 l=1 rev1=0 crypto rx=0 tx=0 comp rx=0 tx=0).connect
2024-03-22T01:53:57.669 INFO:teuthology.orchestra.run.smithi005.stdout:/usr/bin/ceph: stderr
