2024-03-22T01:53:28.843+0000 7faaa77fe700 1 --2- 172.21.15.5:0/496984760 >> [v2:172.21.15.5:3300/0,v1:172.21.15.5:6789/0] conn(0x7faaa81075a0 0x7faaa819d6b0 secure :-1 s=READY pgs=23 cs=0 l=1 rev1=1 crypto rx=0x7faa98000c00 tx=0x7faa98004290 comp rx=0 tx=0).ready entity=mon.0 client_cookie=0 server_cookie=0 in_seq=0 out_seq=0
2024-03-22T01:53:30.013 INFO:teuthology.orchestra.run.smithi005.stdout:/usr/bin/ceph: stderr
2024-03-22T01:53:28.843+0000 7faaa4ff9700 1 -- 172.21.15.5:0/496984760 <== mon.0 v2:172.21.15.5:3300/0 1 ==== mon_map magic: 0 ==== 205+0+0 (secure 0 0 0) 0x7faa980039c0 con 0x7faaa81075a0
2024-03-22T01:53:30.013 INFO:teuthology.orchestra.run.smithi005.stdout:/usr/bin/ceph: stderr
2024-03-22T01:53:28.843+0000 7faaa4ff9700 1 -- 172.21.15.5:0/496984760 <== mon.0 v2:172.21.15.5:3300/0 2 ==== config(26 keys) ==== 1071+0+0 (secure 0 0 0) 0x7faa98003b60 con 0x7faaa81075a0
2024-03-22T01:53:30.013 INFO:teuthology.orchestra.run.smithi005.stdout:/usr/bin/ceph: stderr
2024-03-22T01:53:28.843+0000 7faaadc3c700 1 -- 172.21.15.5:0/496984760 --> [v2:172.21.15.5:3300/0,v1:172.21.15.5:6789/0] -- mon_subscribe({mgrmap=0+}) -- 0x7faaa819de80 con 0x7faaa81075a0
2024-03-22T01:53:30.013 INFO:teuthology.orchestra.run.smithi005.stdout:/usr/bin/ceph: stderr
2024-03-22T01:53:28.843+0000 7faaa4ff9700 1 -- 172.21.15.5:0/496984760 <== mon.0 v2:172.21.15.5:3300/0 3 ==== mon_map magic: 0 ==== 205+0+0 (secure 0 0 0) 0x7faa9801a6f0 con 0x7faaa81075a0
2024-03-22T01:53:30.013 INFO:teuthology.orchestra.run.smithi005.stdout:/usr/bin/ceph: stderr
2024-03-22T01:53:28.843+0000 7faaadc3c700 1 -- 172.21.15.5:0/496984760 --> [v2:172.21.15.5:3300/0,v1:172.21.15.5:6789/0] -- mon_subscribe({osdmap=0}) -- 0x7faaa81a0b70 con 0x7faaa81075a0
2024-03-22T01:53:30.013 INFO:teuthology.orchestra.run.smithi005.stdout:/usr/bin/ceph: stderr
2024-03-22T01:53:28.847+0000 7faaa4ff9700 1 -- 172.21.15.5:0/496984760 <== mon.0 v2:172.21.15.5:3300/0 4 ==== mgrmap(e 4) ==== 46283+0+0 (secure 0 0 0) 0x7faa9801a890 con 0x7faaa81075a0
2024-03-22T01:53:30.013 INFO:teuthology.orchestra.run.smithi005.stdout:/usr/bin/ceph: stderr
2024-03-22T01:53:28.847+0000 7faaa4ff9700 1 --2- 172.21.15.5:0/496984760 >> [v2:172.21.15.5:6800/1283943789,v1:172.21.15.5:6801/1283943789] conn(0x7faa90039180 0x7faa9003b640 unknown :-1 s=NONE pgs=0 cs=0 l=1 rev1=0 crypto rx=0 tx=0 comp rx=0 tx=0).connect
2024-03-22T01:53:30.013 INFO:teuthology.orchestra.run.smithi005.stdout:/usr/bin/ceph: stderr
2024-03-22T01:53:28.847+0000 7faaa4ff9700 1 -- 172.21.15.5:0/496984760 <== mon.0 v2:172.21.15.5:3300/0 5 ==== osd_map(1..1 src has 1..1) ==== 725+0+0 (secure 0 0 0) 0x7faa9804d5e0 con 0x7faaa81075a0
2024-03-22T01:53:30.013 INFO:teuthology.orchestra.run.smithi005.stdout:/usr/bin/ceph: stderr
2024-03-22T01:53:28.847+0000 7faaadc3c700 1 -- 172.21.15.5:0/496984760 --> [v2:172.21.15.5:3300/0,v1:172.21.15.5:6789/0] -- mon_command({"prefix": "get_command_descriptions"} v 0) -- 0x7faaa8063cb0 con 0x7faaa81075a0
2024-03-22T01:53:30.013 INFO:teuthology.orchestra.run.smithi005.stdout:/usr/bin/ceph: stderr
2024-03-22T01:53:28.847+0000 7faaa6ffd700 1 --2- 172.21.15.5:0/496984760 >> [v2:172.21.15.5:6800/1283943789,v1:172.21.15.5:6801/1283943789] conn(0x7faa90039180 0x7faa9003b640 unknown :-1 s=BANNER_CONNECTING pgs=0 cs=0 l=1 rev1=0 crypto rx=0 tx=0 comp rx=0 tx=0)._handle_peer_banner_payload supported=3 required=0
2024-03-22T01:53:30.013 INFO:teuthology.orchestra.run.smithi005.stdout:/usr/bin/ceph: stderr
2024-03-22T01:53:28.847+0000 7faaa6ffd700 1 --2- 172.21.15.5:0/496984760 >> [v2:172.21.15.5:6800/1283943789,v1:172.21.15.5:6801/1283943789] conn(0x7faa90039180 0x7faa9003b640 secure :-1 s=READY pgs=8 cs=0 l=1 rev1=1 crypto rx=0x7faa9c006fd0 tx=0x7faa9c006e40 comp rx=0 tx=0).ready entity=mgr.14100 client_cookie=0 server_cookie=0 in_seq=0 out_seq=0
2024-03-22T01:53:30.013 INFO:teuthology.orchestra.run.smithi005.stdout:/usr/bin/ceph: stderr
2024-03-22T01:53:28.851+0000 7faaa4ff9700 1 -- 172.21.15.5:0/496984760 <== mon.0 v2:172.21.15.5:3300/0 6 ==== mon_command_ack([{"prefix": "get_command_descriptions"}]=0 v0) ==== 72+0+186149 (secure 0 0 0) 0x7faa9802a2a0 con 0x7faaa81075a0
2024-03-22T01:53:30.014 INFO:teuthology.orchestra.run.smithi005.stdout:/usr/bin/ceph: stderr
2024-03-22T01:53:29.343+0000 7faaadc3c700 1 -- 172.21.15.5:0/496984760 --> [v2:172.21.15.5:3300/0,v1:172.21.15.5:6789/0] -- mon_command({"prefix": "mgr module enable", "module": "cephadm"} v 0) -- 0x7faaa81a10d0 con 0x7faaa81075a0
2024-03-22T01:53:30.014 INFO:teuthology.orchestra.run.smithi005.stdout:/usr/bin/ceph: stderr
2024-03-22T01:53:29.399+0000 7faaa4ff9700 1 -- 172.21.15.5:0/496984760 <== mon.0 v2:172.21.15.5:3300/0 7 ==== mon_command_ack([{"prefix": "mgr module enable", "module": "cephadm"}]=0 v5) ==== 86+0+0 (secure 0 0 0) 0x7faa98032020 con 0x7faaa81075a0
2024-03-22T01:53:30.014 INFO:teuthology.orchestra.run.smithi005.stdout:/usr/bin/ceph: stderr
2024-03-22T01:53:29.399+0000 7faaa4ff9700 1 -- 172.21.15.5:0/496984760 <== mon.0 v2:172.21.15.5:3300/0 8 ==== mgrmap(e 5) ==== 46294+0+0 (secure 0 0 0) 0x7faa9802d910 con 0x7faaa81075a0
2024-03-22T01:53:30.014 INFO:teuthology.orchestra.run.smithi005.stdout:/usr/bin/ceph: stderr
2024-03-22T01:53:29.399+0000 7faaadc3c700 1 -- 172.21.15.5:0/496984760 >> [v2:172.21.15.5:6800/1283943789,v1:172.21.15.5:6801/1283943789] conn(0x7faa90039180 msgr2=0x7faa9003b640 secure :-1 s=STATE_CONNECTION_ESTABLISHED l=1).mark_down
2024-03-22T01:53:30.014 INFO:teuthology.orchestra.run.smithi005.stdout:/usr/bin/ceph: stderr
2024-03-22T01:53:29.399+0000 7faaadc3c700 1 --2- 172.21.15.5:0/496984760 >> [v2:172.21.15.5:6800/1283943789,v1:172.21.15.5:6801/1283943789] conn(0x7faa90039180 0x7faa9003b640 secure :-1 s=READY pgs=8 cs=0 l=1 rev1=1 crypto rx=0x7faa9c006fd0 tx=0x7faa9c006e40 comp rx=0 tx=0).stop
2024-03-22T01:53:30.014 INFO:teuthology.orchestra.run.smithi005.stdout:/usr/bin/ceph: stderr
2024-03-22T01:53:29.399+0000 7faaadc3c700 1 -- 172.21.15.5:0/496984760 >> [v2:172.21.15.5:3300/0,v1:172.21.15.5:6789/0] conn(0x7faaa81075a0 msgr2=0x7faaa819d6b0 secure :-1 s=STATE_CONNECTION_ESTABLISHED l=1).mark_down
2024-03-22T01:53:30.014 INFO:teuthology.orchestra.run.smithi005.stdout:/usr/bin/ceph: stderr
2024-03-22T01:53:29.399+0000 7faaadc3c700 1 --2- 172.21.15.5:0/496984760 >> [v2:172.21.15.5:3300/0,v1:172.21.15.5:6789/0] conn(0x7faaa81075a0 0x7faaa819d6b0 secure :-1 s=READY pgs=23 cs=0 l=1 rev1=1 crypto rx=0x7faa98000c00 tx=0x7faa98004290 comp rx=0 tx=0).stop
2024-03-22T01:53:30.014 INFO:teuthology.orchestra.run.smithi005.stdout:/usr/bin/ceph: stderr
2024-03-22T01:53:29.399+0000 7faaadc3c700 1 -- 172.21.15.5:0/496984760 shutdown_connections
2024-03-22T01:53:30.014 INFO:teuthology.orchestra.run.smithi005.stdout:/usr/bin/ceph: stderr
2024-03-22T01:53:29.399+0000 7faaadc3c700 1 --2- 172.21.15.5:0/496984760 >> [v2:172.21.15.5:6800/1283943789,v1:172.21.15.5:6801/1283943789] conn(0x7faa90039180 0x7faa9003b640 unknown :-1 s=CLOSED pgs=8 cs=0 l=1 rev1=1 crypto rx=0 tx=0 comp rx=0 tx=0).stop
2024-03-22T01:53:30.014 INFO:teuthology.orchestra.run.smithi005.stdout:/usr/bin/ceph: stderr
2024-03-22T01:53:29.399+0000 7faaadc3c700 1 --2- 172.21.15.5:0/496984760 >> [v2:172.21.15.5:3300/0,v1:172.21.15.5:6789/0] conn(0x7faaa81075a0 0x7faaa819d6b0 unknown :-1 s=CLOSED pgs=23 cs=0 l=1 rev1=1 crypto rx=0 tx=0 comp rx=0 tx=0).stop
2024-03-22T01:53:30.014 INFO:teuthology.orchestra.run.smithi005.stdout:/usr/bin/ceph: stderr
2024-03-22T01:53:29.399+0000 7faaadc3c700 1 -- 172.21.15.5:0/496984760 >> 172.21.15.5:0/496984760 conn(0x7faaa8102b60 msgr2=0x7faaa8103680 unknown :-1 s=STATE_NONE l=0).mark_down
2024-03-22T01:53:30.014 INFO:teuthology.orchestra.run.smithi005.stdout:/usr/bin/ceph: stderr
2024-03-22T01:53:29.399+0000 7faaadc3c700 1 -- 172.21.15.5:0/496984760 shutdown_connections
2024-03-22T01:53:30.014 INFO:teuthology.orchestra.run.smithi005.stdout:/usr/bin/ceph: stderr
2024-03-22T01:53:29.399+0000 7faaadc3c700 1 -- 172.21.15.5:0/496984760 wait complete.
2024-03-22T01:53:30.667 INFO:journalctl@ceph.mon.a.smithi005.stdout:Mar 22 01:53:30 smithi005 bash[21425]: audit
2024-03-22T01:53:29.401334+0000 mon.a (mon.0) 34 : audit [INF] from='client.? 172.21.15.5:0/496984760' entity='client.admin' cmd='[{"prefix": "mgr module enable", "module": "cephadm"}]': finished
2024-03-22T01:53:30.667 INFO:journalctl@ceph.mon.a.smithi005.stdout:Mar 22 01:53:30 smithi005 bash[21425]: cluster
2024-03-22T01:53:29.405962+0000 mon.a (mon.0) 35 : cluster [DBG] mgrmap e5: x(active, since 7s)
2024-03-22T01:53:31.549 INFO:journalctl@ceph.mon.a.smithi005.stdout:Mar 22 01:53:31 smithi005 bash[21425]: audit
2024-03-22T01:53:31.346532+0000 mon.a (mon.0) 36 : audit [DBG] from='client.? 172.21.15.5:0/2027130939' entity='client.admin' cmd=[{"prefix": "mgr stat"}]: dispatch
2024-03-22T01:53:31.549 INFO:journalctl@ceph.mgr.x.smithi005.stdout:Mar 22 01:53:31 smithi005 bash[21681]: debug
2024-03-22T01:53:31.243+0000 7f6020db1200 -1 mgr[py] Module rook has missing NOTIFY_TYPES member
2024-03-22T01:53:31.549 INFO:journalctl@ceph.mgr.x.smithi005.stdout:Mar 22 01:53:31 smithi005 bash[21681]: debug
2024-03-22T01:53:31.343+0000 7f6020db1200 -1 mgr[py] Module iostat has missing NOTIFY_TYPES member
2024-03-22T01:53:31.906 INFO:teuthology.orchestra.run.smithi005.stdout:/usr/bin/ceph: stdout {
2024-03-22T01:53:31.907 INFO:teuthology.orchestra.run.smithi005.stdout:/usr/bin/ceph: stdout "epoch": 5,
2024-03-22T01:53:31.907 INFO:teuthology.orchestra.run.smithi005.stdout:/usr/bin/ceph: stdout "available": true,
2024-03-22T01:53:31.907 INFO:teuthology.orchestra.run.smithi005.stdout:/usr/bin/ceph: stdout "active_name": "x",
2024-03-22T01:53:31.907 INFO:teuthology.orchestra.run.smithi005.stdout:/usr/bin/ceph: stdout "num_standby": 0
2024-03-22T01:53:31.907 INFO:teuthology.orchestra.run.smithi005.stdout:/usr/bin/ceph: stdout }
2024-03-22T01:53:31.907 INFO:teuthology.orchestra.run.smithi005.stdout:/usr/bin/ceph: stderr
2024-03-22T01:53:30.831+0000 7eff6d893700 1 Processor -- start
2024-03-22T01:53:31.907 INFO:teuthology.orchestra.run.smithi005.stdout:/usr/bin/ceph: stderr
2024-03-22T01:53:30.831+0000 7eff6d893700 1 -- start start
2024-03-22T01:53:31.907 INFO:teuthology.orchestra.run.smithi005.stdout:/usr/bin/ceph: stderr
2024-03-22T01:53:30.831+0000 7eff6d893700 1 --2- >> [v2:172.21.15.5:3300/0,v1:172.21.15.5:6789/0] conn(0x7eff681075a0 0x7eff681079c0 unknown :-1 s=NONE pgs=0 cs=0 l=0 rev1=0 crypto rx=0 tx=0 comp rx=0 tx=0).connect
2024-03-22T01:53:31.907 INFO:teuthology.orchestra.run.smithi005.stdout:/usr/bin/ceph: stderr
2024-03-22T01:53:30.831+0000 7eff6d893700 1 -- --> [v2:172.21.15.5:3300/0,v1:172.21.15.5:6789/0] -- mon_getmap magic: 0 -- 0x7eff68107f90 con 0x7eff681075a0
2024-03-22T01:53:31.908 INFO:teuthology.orchestra.run.smithi005.stdout:/usr/bin/ceph: stderr
2024-03-22T01:53:30.835+0000 7eff66ffd700 1 --2- >> [v2:172.21.15.5:3300/0,v1:172.21.15.5:6789/0] conn(0x7eff681075a0 0x7eff681079c0 unknown :-1 s=BANNER_CONNECTING pgs=0 cs=0 l=0 rev1=0 crypto rx=0 tx=0 comp rx=0 tx=0)._handle_peer_banner_payload supported=3 required=0
2024-03-22T01:53:31.908 INFO:teuthology.orchestra.run.smithi005.stdout:/usr/bin/ceph: stderr
2024-03-22T01:53:30.835+0000 7eff66ffd700 1 --2- >> [v2:172.21.15.5:3300/0,v1:172.21.15.5:6789/0] conn(0x7eff681075a0 0x7eff681079c0 unknown :-1 s=HELLO_CONNECTING pgs=0 cs=0 l=0 rev1=1 crypto rx=0 tx=0 comp rx=0 tx=0).handle_hello peer v2:172.21.15.5:3300/0 says I am v2:172.21.15.5:59374/0 (socket says 172.21.15.5:59374)
2024-03-22T01:53:31.908 INFO:teuthology.orchestra.run.smithi005.stdout:/usr/bin/ceph: stderr
2024-03-22T01:53:30.835+0000 7eff66ffd700 1 -- 172.21.15.5:0/2044445637 learned_addr learned my addr 172.21.15.5:0/2044445637 (peer_addr_for_me v2:172.21.15.5:0/0)
2024-03-22T01:53:31.908 INFO:teuthology.orchestra.run.smithi005.stdout:/usr/bin/ceph: stderr
2024-03-22T01:53:30.835+0000 7eff66ffd700 1 -- 172.21.15.5:0/2044445637 --> [v2:172.21.15.5:3300/0,v1:172.21.15.5:6789/0] -- mon_subscribe({config=0+,monmap=0+}) -- 0x7eff68108700 con 0x7eff681075a0
2024-03-22T01:53:31.908 INFO:teuthology.orchestra.run.smithi005.stdout:/usr/bin/ceph: stderr
2024-03-22T01:53:30.835+0000 7eff66ffd700 1 --2- 172.21.15.5:0/2044445637 >> [v2:172.21.15.5:3300/0,v1:172.21.15.5:6789/0] conn(0x7eff681075a0 0x7eff681079c0 secure :-1 s=READY pgs=26 cs=0 l=1 rev1=1 crypto rx=0x7eff580098a0 tx=0x7eff58009bb0 comp rx=0 tx=0).ready entity=mon.0 client_cookie=c46a203a952e9a5f server_cookie=0 in_seq=0 out_seq=0
2024-03-22T01:53:31.908 INFO:teuthology.orchestra.run.smithi005.stdout:/usr/bin/ceph: stderr
2024-03-22T01:53:30.835+0000 7eff667fc700 1 -- 172.21.15.5:0/2044445637 <== mon.0 v2:172.21.15.5:3300/0 1 ==== mon_map magic: 0 ==== 205+0+0 (secure 0 0 0) 0x7eff58004160 con 0x7eff681075a0
2024-03-22T01:53:31.908 INFO:teuthology.orchestra.run.smithi005.stdout:/usr/bin/ceph: stderr
2024-03-22T01:53:30.835+0000 7eff667fc700 1 -- 172.21.15.5:0/2044445637 <== mon.0 v2:172.21.15.5:3300/0 2 ==== config(26 keys) ==== 1071+0+0 (secure 0 0 0) 0x7eff58004300 con 0x7eff681075a0
2024-03-22T01:53:31.908 INFO:teuthology.orchestra.run.smithi005.stdout:/usr/bin/ceph: stderr
2024-03-22T01:53:30.835+0000 7eff667fc700 1 -- 172.21.15.5:0/2044445637 <== mon.0 v2:172.21.15.5:3300/0 3 ==== mon_map magic: 0 ==== 205+0+0 (secure 0 0 0) 0x7eff58011a80 con 0x7eff681075a0
2024-03-22T01:53:31.908 INFO:teuthology.orchestra.run.smithi005.stdout:/usr/bin/ceph: stderr
2024-03-22T01:53:30.835+0000 7eff6d893700 1 -- 172.21.15.5:0/2044445637 >> [v2:172.21.15.5:3300/0,v1:172.21.15.5:6789/0] conn(0x7eff681075a0 msgr2=0x7eff681079c0 secure :-1 s=STATE_CONNECTION_ESTABLISHED l=1).mark_down
2024-03-22T01:53:31.908 INFO:teuthology.orchestra.run.smithi005.stdout:/usr/bin/ceph: stderr
2024-03-22T01:53:30.835+0000 7eff6d893700 1 --2- 172.21.15.5:0/2044445637 >> [v2:172.21.15.5:3300/0,v1:172.21.15.5:6789/0] conn(0x7eff681075a0 0x7eff681079c0 secure :-1 s=READY pgs=26 cs=0 l=1 rev1=1 crypto rx=0x7eff580098a0 tx=0x7eff58009bb0 comp rx=0 tx=0).stop
2024-03-22T01:53:31.908 INFO:teuthology.orchestra.run.smithi005.stdout:/usr/bin/ceph: stderr
2024-03-22T01:53:30.835+0000 7eff6d893700 1 -- 172.21.15.5:0/2044445637 shutdown_connections
2024-03-22T01:53:31.908 INFO:teuthology.orchestra.run.smithi005.stdout:/usr/bin/ceph: stderr
2024-03-22T01:53:30.835+0000 7eff6d893700 1 --2- 172.21.15.5:0/2044445637 >> [v2:172.21.15.5:3300/0,v1:172.21.15.5:6789/0] conn(0x7eff681075a0 0x7eff681079c0 unknown :-1 s=CLOSED pgs=26 cs=0 l=1 rev1=1 crypto rx=0 tx=0 comp rx=0 tx=0).stop
2024-03-22T01:53:31.909 INFO:teuthology.orchestra.run.smithi005.stdout:/usr/bin/ceph: stderr
2024-03-22T01:53:30.835+0000 7eff6d893700 1 -- 172.21.15.5:0/2044445637 >> 172.21.15.5:0/2044445637 conn(0x7eff68102b00 msgr2=0x7eff68104f80 unknown :-1 s=STATE_NONE l=0).mark_down
2024-03-22T01:53:31.909 INFO:teuthology.orchestra.run.smithi005.stdout:/usr/bin/ceph: stderr
2024-03-22T01:53:30.835+0000 7eff6d893700 1 -- 172.21.15.5:0/2044445637 shutdown_connections
2024-03-22T01:53:31.909 INFO:teuthology.orchestra.run.smithi005.stdout:/usr/bin/ceph: stderr
2024-03-22T01:53:30.835+0000 7eff6d893700 1 -- 172.21.15.5:0/2044445637 wait complete.
2024-03-22T01:53:31.909 INFO:teuthology.orchestra.run.smithi005.stdout:/usr/bin/ceph: stderr
2024-03-22T01:53:30.835+0000 7eff6d893700 1 Processor -- start
2024-03-22T01:53:31.909 INFO:teuthology.orchestra.run.smithi005.stdout:/usr/bin/ceph: stderr
2024-03-22T01:53:30.835+0000 7eff6d893700 1 -- start start
2024-03-22T01:53:31.910 INFO:teuthology.orchestra.run.smithi005.stdout:/usr/bin/ceph: stderr
2024-03-22T01:53:30.835+0000 7eff6d893700 1 --2- >> [v2:172.21.15.5:3300/0,v1:172.21.15.5:6789/0] conn(0x7eff681075a0 0x7eff6819d6a0 unknown :-1 s=NONE pgs=0 cs=0 l=1 rev1=0 crypto rx=0 tx=0 comp rx=0 tx=0).connect
2024-03-22T01:53:31.910 INFO:teuthology.orchestra.run.smithi005.stdout:/usr/bin/ceph: stderr
2024-03-22T01:53:30.835+0000 7eff6d893700 1 -- --> [v2:172.21.15.5:3300/0,v1:172.21.15.5:6789/0] -- mon_getmap magic: 0 -- 0x7eff6807b900 con 0x7eff681075a0
2024-03-22T01:53:31.910 INFO:teuthology.orchestra.run.smithi005.stdout:/usr/bin/ceph: stderr
2024-03-22T01:53:30.835+0000 7eff66ffd700 1 --2- >> [v2:172.21.15.5:3300/0,v1:172.21.15.5:6789/0] conn(0x7eff681075a0 0x7eff6819d6a0 unknown :-1 s=BANNER_CONNECTING pgs=0 cs=0 l=1 rev1=0 crypto rx=0 tx=0 comp rx=0 tx=0)._handle_peer_banner_payload supported=3 required=0
2024-03-22T01:53:31.910 INFO:teuthology.orchestra.run.smithi005.stdout:/usr/bin/ceph: stderr
2024-03-22T01:53:30.835+0000 7eff66ffd700 1 --2- >> [v2:172.21.15.5:3300/0,v1:172.21.15.5:6789/0] conn(0x7eff681075a0 0x7eff6819d6a0 unknown :-1 s=HELLO_CONNECTING pgs=0 cs=0 l=1 rev1=1 crypto rx=0 tx=0 comp rx=0 tx=0).handle_hello peer v2:172.21.15.5:3300/0 says I am v2:172.21.15.5:59388/0 (socket says 172.21.15.5:59388)
2024-03-22T01:53:31.910 INFO:teuthology.orchestra.run.smithi005.stdout:/usr/bin/ceph: stderr
2024-03-22T01:53:30.835+0000 7eff66ffd700 1 -- 172.21.15.5:0/2027130939 learned_addr learned my addr 172.21.15.5:0/2027130939 (peer_addr_for_me v2:172.21.15.5:0/0)
2024-03-22T01:53:31.910 INFO:teuthology.orchestra.run.smithi005.stdout:/usr/bin/ceph: stderr
2024-03-22T01:53:30.835+0000 7eff66ffd700 1 -- 172.21.15.5:0/2027130939 --> [v2:172.21.15.5:3300/0,v1:172.21.15.5:6789/0] -- mon_subscribe({config=0+,monmap=0+}) -- 0x7eff6819dbe0 con 0x7eff681075a0
2024-03-22T01:53:31.910 INFO:teuthology.orchestra.run.smithi005.stdout:/usr/bin/ceph: stderr
2024-03-22T01:53:30.835+0000 7eff66ffd700 1 --2- 172.21.15.5:0/2027130939 >> [v2:172.21.15.5:3300/0,v1:172.21.15.5:6789/0] conn(0x7eff681075a0 0x7eff6819d6a0 secure :-1 s=READY pgs=27 cs=0 l=1 rev1=1 crypto rx=0x7eff58000c00 tx=0x7eff58004290 comp rx=0 tx=0).ready entity=mon.0 client_cookie=0 server_cookie=0 in_seq=0 out_seq=0
2024-03-22T01:53:31.910 INFO:teuthology.orchestra.run.smithi005.stdout:/usr/bin/ceph: stderr
2024-03-22T01:53:30.835+0000 7eff6c891700 1 -- 172.21.15.5:0/2027130939 <== mon.0 v2:172.21.15.5:3300/0 1 ==== mon_map magic: 0 ==== 205+0+0 (secure 0 0 0) 0x7eff580039c0 con 0x7eff681075a0
2024-03-22T01:53:31.911 INFO:teuthology.orchestra.run.smithi005.stdout:/usr/bin/ceph: stderr
2024-03-22T01:53:30.835+0000 7eff6c891700 1 -- 172.21.15.5:0/2027130939 <== mon.0 v2:172.21.15.5:3300/0 2 ==== config(26 keys) ==== 1071+0+0 (secure 0 0 0) 0x7eff58003b60 con 0x7eff681075a0
2024-03-22T01:53:31.911 INFO:teuthology.orchestra.run.smithi005.stdout:/usr/bin/ceph: stderr
2024-03-22T01:53:30.835+0000 7eff6d893700 1 -- 172.21.15.5:0/2027130939 --> [v2:172.21.15.5:3300/0,v1:172.21.15.5:6789/0] -- mon_subscribe({mgrmap=0+}) -- 0x7eff6819de70 con 0x7eff681075a0
2024-03-22T01:53:31.911 INFO:teuthology.orchestra.run.smithi005.stdout:/usr/bin/ceph: stderr
2024-03-22T01:53:30.835+0000 7eff6c891700 1 -- 172.21.15.5:0/2027130939 <== mon.0 v2:172.21.15.5:3300/0 3 ==== mon_map magic: 0 ==== 205+0+0 (secure 0 0 0) 0x7eff5801a6f0 con 0x7eff681075a0
2024-03-22T01:53:31.911 INFO:teuthology.orchestra.run.smithi005.stdout:/usr/bin/ceph: stderr
2024-03-22T01:53:30.835+0000 7eff6d893700 1 -- 172.21.15.5:0/2027130939 --> [v2:172.21.15.5:3300/0,v1:172.21.15.5:6789/0] -- mon_subscribe({osdmap=0}) -- 0x7eff681a0b60 con 0x7eff681075a0
2024-03-22T01:53:31.911 INFO:teuthology.orchestra.run.smithi005.stdout:/usr/bin/ceph: stderr
2024-03-22T01:53:30.839+0000 7eff6c891700 1 -- 172.21.15.5:0/2027130939 <== mon.0 v2:172.21.15.5:3300/0 4 ==== mgrmap(e 5) ==== 46294+0+0 (secure 0 0 0) 0x7eff5801a890 con 0x7eff681075a0
2024-03-22T01:53:31.911 INFO:teuthology.orchestra.run.smithi005.stdout:/usr/bin/ceph: stderr
2024-03-22T01:53:30.839+0000 7eff5e7fc700 1 -- 172.21.15.5:0/2027130939 --> [v2:172.21.15.5:3300/0,v1:172.21.15.5:6789/0] -- mon_command({"prefix": "get_command_descriptions"} v 0) -- 0x7eff4c005330 con 0x7eff681075a0
2024-03-22T01:53:31.911 INFO:teuthology.orchestra.run.smithi005.stdout:/usr/bin/ceph: stderr
2024-03-22T01:53:30.839+0000 7eff6c891700 1 --2- 172.21.15.5:0/2027130939 >> [v2:172.21.15.5:6800/1283943789,v1:172.21.15.5:6801/1283943789] conn(0x7eff540391d0 0x7eff5403b690 unknown :-1 s=NONE pgs=0 cs=0 l=1 rev1=0 crypto rx=0 tx=0 comp rx=0 tx=0).connect
2024-03-22T01:53:31.912 INFO:teuthology.orchestra.run.smithi005.stdout:/usr/bin/ceph: stderr
2024-03-22T01:53:30.839+0000 7eff6c891700 1 -- 172.21.15.5:0/2027130939 <== mon.0 v2:172.21.15.5:3300/0 5 ==== osd_map(1..1 src has 1..1) ==== 725+0+0 (secure 0 0 0) 0x7eff5804daa0 con 0x7eff681075a0
2024-03-22T01:53:31.912 INFO:teuthology.orchestra.run.smithi005.stdout:/usr/bin/ceph: stderr
2024-03-22T01:53:30.839+0000 7eff5ffff700 1 -- 172.21.15.5:0/2027130939 >> [v2:172.21.15.5:6800/1283943789,v1:172.21.15.5:6801/1283943789] conn(0x7eff540391d0 msgr2=0x7eff5403b690 unknown :-1 s=STATE_CONNECTING_RE l=1).process reconnect failed to v2:172.21.15.5:6800/1283943789
2024-03-22T01:53:31.912 INFO:teuthology.orchestra.run.smithi005.stdout:/usr/bin/ceph: stderr
2024-03-22T01:53:30.839+0000 7eff5ffff700 1 --2- 172.21.15.5:0/2027130939 >> [v2:172.21.15.5:6800/1283943789,v1:172.21.15.5:6801/1283943789] conn(0x7eff540391d0 0x7eff5403b690 unknown :-1 s=START_CONNECT pgs=0 cs=0 l=1 rev1=0 crypto rx=0 tx=0 comp rx=0 tx=0)._fault waiting 0.200000
2024-03-22T01:53:31.912 INFO:teuthology.orchestra.run.smithi005.stdout:/usr/bin/ceph: stderr
2024-03-22T01:53:30.847+0000 7eff6c891700 1 -- 172.21.15.5:0/2027130939 <== mon.0 v2:172.21.15.5:3300/0 6 ==== mon_command_ack([{"prefix": "get_command_descriptions"}]=0 v0) ==== 72+0+186149 (secure 0 0 0) 0x7eff5802c350 con 0x7eff681075a0
2024-03-22T01:53:31.912 INFO:teuthology.orchestra.run.smithi005.stdout:/usr/bin/ceph: stderr
2024-03-22T01:53:31.043+0000 7eff5ffff700 1 -- 172.21.15.5:0/2027130939 >> [v2:172.21.15.5:6800/1283943789,v1:172.21.15.5:6801/1283943789] conn(0x7eff540391d0 msgr2=0x7eff5403b690 unknown :-1 s=STATE_CONNECTING_RE l=1).process reconnect failed to v2:172.21.15.5:6800/1283943789
2024-03-22T01:53:31.912 INFO:teuthology.orchestra.run.smithi005.stdout:/usr/bin/ceph: stderr
2024-03-22T01:53:31.043+0000 7eff5ffff700 1 --2- 172.21.15.5:0/2027130939 >> [v2:172.21.15.5:6800/1283943789,v1:172.21.15.5:6801/1283943789] conn(0x7eff540391d0 0x7eff5403b690 unknown :-1 s=START_CONNECT pgs=0 cs=0 l=1 rev1=0 crypto rx=0 tx=0 comp rx=0 tx=0)._fault waiting 0.400000
2024-03-22T01:53:31.913 INFO:teuthology.orchestra.run.smithi005.stdout:/usr/bin/ceph: stderr
2024-03-22T01:53:31.339+0000 7eff5e7fc700 1 -- 172.21.15.5:0/2027130939 --> [v2:172.21.15.5:3300/0,v1:172.21.15.5:6789/0] -- mon_command({"prefix": "mgr stat"} v 0) -- 0x7eff4c005e30 con 0x7eff681075a0
2024-03-22T01:53:31.913 INFO:teuthology.orchestra.run.smithi005.stdout:/usr/bin/ceph: stderr
2024-03-22T01:53:31.343+0000 7eff6c891700 1 -- 172.21.15.5:0/2027130939 <== mon.0 v2:172.21.15.5:3300/0 7 ==== mon_command_ack([{"prefix": "mgr stat"}]=0 v5) ==== 56+0+88 (secure 0 0 0) 0x7eff58019de0 con 0x7eff681075a0
2024-03-22T01:53:31.913 INFO:teuthology.orchestra.run.smithi005.stdout:/usr/bin/ceph: stderr
2024-03-22T01:53:31.343+0000 7eff5e7fc700 1 -- 172.21.15.5:0/2027130939 >> [v2:172.21.15.5:6800/1283943789,v1:172.21.15.5:6801/1283943789] conn(0x7eff540391d0 msgr2=0x7eff5403b690 unknown :-1 s=STATE_CONNECTING l=1).mark_down
2024-03-22T01:53:31.913 INFO:teuthology.orchestra.run.smithi005.stdout:/usr/bin/ceph: stderr
2024-03-22T01:53:31.343+0000 7eff5e7fc700 1 --2- 172.21.15.5:0/2027130939 >> [v2:172.21.15.5:6800/1283943789,v1:172.21.15.5:6801/1283943789] conn(0x7eff540391d0 0x7eff5403b690 unknown :-1 s=START_CONNECT pgs=0 cs=0 l=1 rev1=0 crypto rx=0 tx=0 comp rx=0 tx=0).stop
2024-03-22T01:53:31.913 INFO:teuthology.orchestra.run.smithi005.stdout:/usr/bin/ceph: stderr
2024-03-22T01:53:31.343+0000 7eff5e7fc700 1 -- 172.21.15.5:0/2027130939 >> [v2:172.21.15.5:3300/0,v1:172.21.15.5:6789/0] conn(0x7eff681075a0 msgr2=0x7eff6819d6a0 secure :-1 s=STATE_CONNECTION_ESTABLISHED l=1).mark_down
2024-03-22T01:53:31.913 INFO:teuthology.orchestra.run.smithi005.stdout:/usr/bin/ceph: stderr
2024-03-22T01:53:31.343+0000 7eff5e7fc700 1 --2- 172.21.15.5:0/2027130939 >> [v2:172.21.15.5:3300/0,v1:172.21.15.5:6789/0] conn(0x7eff681075a0 0x7eff6819d6a0 secure :-1 s=READY pgs=27 cs=0 l=1 rev1=1 crypto rx=0x7eff58000c00 tx=0x7eff58004290 comp rx=0 tx=0).stop
2024-03-22T01:53:31.914 INFO:teuthology.orchestra.run.smithi005.stdout:/usr/bin/ceph: stderr
2024-03-22T01:53:31.343+0000 7eff5e7fc700 1 -- 172.21.15.5:0/2027130939 shutdown_connections
2024-03-22T01:53:31.914 INFO:teuthology.orchestra.run.smithi005.stdout:/usr/bin/ceph: stderr
2024-03-22T01:53:31.343+0000 7eff5e7fc700 1 --2- 172.21.15.5:0/2027130939 >> [v2:172.21.15.5:6800/1283943789,v1:172.21.15.5:6801/1283943789] conn(0x7eff540391d0 0x7eff5403b690 unknown :-1 s=CLOSED pgs=0 cs=0 l=1 rev1=0 crypto rx=0 tx=0 comp rx=0 tx=0).stop
2024-03-22T01:53:31.914 INFO:teuthology.orchestra.run.smithi005.stdout:/usr/bin/ceph: stderr
2024-03-22T01:53:31.343+0000 7eff5e7fc700 1 --2- 172.21.15.5:0/2027130939 >> [v2:172.21.15.5:3300/0,v1:172.21.15.5:6789/0] conn(0x7eff681075a0 0x7eff6819d6a0 unknown :-1 s=CLOSED pgs=27 cs=0 l=1 rev1=1 crypto rx=0 tx=0 comp rx=0 tx=0).stop
2024-03-22T01:53:31.914 INFO:teuthology.orchestra.run.smithi005.stdout:/usr/bin/ceph: stderr
2024-03-22T01:53:31.343+0000 7eff5e7fc700 1 -- 172.21.15.5:0/2027130939 >> 172.21.15.5:0/2027130939 conn(0x7eff68102b00 msgr2=0x7eff68194a50 unknown :-1 s=STATE_NONE l=0).mark_down
2024-03-22T01:53:31.914 INFO:teuthology.orchestra.run.smithi005.stdout:/usr/bin/ceph: stderr
2024-03-22T01:53:31.343+0000 7eff5e7fc700 1 -- 172.21.15.5:0/2027130939 shutdown_connections
2024-03-22T01:53:31.914 INFO:teuthology.orchestra.run.smithi005.stdout:/usr/bin/ceph: stderr
2024-03-22T01:53:31.343+0000 7eff5e7fc700 1 -- 172.21.15.5:0/2027130939 wait complete.
2024-03-22T01:53:31.915 INFO:teuthology.orchestra.run.smithi005.stdout:Waiting for the mgr to restart...
2024-03-22T01:53:31.915 INFO:teuthology.orchestra.run.smithi005.stdout:Waiting for mgr epoch 5...
2024-03-22T01:53:31.921 INFO:journalctl@ceph.mgr.x.smithi005.stdout:Mar 22 01:53:31 smithi005 bash[21681]: debug
2024-03-22T01:53:31.599+0000 7f6020db1200 -1 mgr[py] Module telemetry has missing NOTIFY_TYPES member
2024-03-22T01:53:32.799 INFO:journalctl@ceph.mgr.x.smithi005.stdout:Mar 22 01:53:32 smithi005 bash[21681]: debug
2024-03-22T01:53:32.423+0000 7f6020db1200 -1 mgr[py] Module osd_support has missing NOTIFY_TYPES member
2024-03-22T01:53:32.799 INFO:journalctl@ceph.mgr.x.smithi005.stdout:Mar 22 01:53:32 smithi005 bash[21681]: debug
2024-03-22T01:53:32.539+0000 7f6020db1200 -1 mgr[py] Module selftest has missing NOTIFY_TYPES member
2024-03-22T01:53:32.799 INFO:journalctl@ceph.mgr.x.smithi005.stdout:Mar 22 01:53:32 smithi005 bash[21681]: debug
2024-03-22T01:53:32.647+0000 7f6020db1200 -1 mgr[py] Module progress has missing NOTIFY_TYPES member
2024-03-22T01:53:33.299 INFO:journalctl@ceph.mgr.x.smithi005.stdout:Mar 22 01:53:33 smithi005 bash[21681]: debug
2024-03-22T01:53:33.011+0000 7f6020db1200 -1 mgr[py] Module rgw has missing NOTIFY_TYPES member
2024-03-22T01:53:33.299 INFO:journalctl@ceph.mgr.x.smithi005.stdout:Mar 22 01:53:33 smithi005 bash[21681]: debug
2024-03-22T01:53:33.127+0000 7f6020db1200 -1 mgr[py] Module crash has missing NOTIFY_TYPES member
2024-03-22T01:53:33.299 INFO:journalctl@ceph.mgr.x.smithi005.stdout:Mar 22 01:53:33 smithi005 bash[21681]: debug
2024-03-22T01:53:33.235+0000 7f6020db1200 -1 mgr[py] Module telegraf has missing NOTIFY_TYPES member
2024-03-22T01:53:34.049 INFO:journalctl@ceph.mgr.x.smithi005.stdout:Mar 22 01:53:33 smithi005 bash[21681]: debug
2024-03-22T01:53:33.603+0000 7f6020db1200 -1 mgr[py] Module pg_autoscaler has missing NOTIFY_TYPES member
2024-03-22T01:53:34.049 INFO:journalctl@ceph.mgr.x.smithi005.stdout:Mar 22 01:53:33 smithi005 bash[21681]: debug
2024-03-22T01:53:33.847+0000 7f6020db1200 -1 mgr[py] Module zabbix has missing NOTIFY_TYPES member
2024-03-22T01:53:34.520 INFO:journalctl@ceph.mgr.x.smithi005.stdout:Mar 22 01:53:34 smithi005 bash[21681]: debug
2024-03-22T01:53:34.115+0000 7f6020db1200 -1 mgr[py] Module nfs has missing NOTIFY_TYPES member
2024-03-22T01:53:34.520 INFO:journalctl@ceph.mgr.x.smithi005.stdout:Mar 22 01:53:34 smithi005 bash[21681]: debug
2024-03-22T01:53:34.235+0000 7f6020db1200 -1 mgr[py] Module balancer has missing NOTIFY_TYPES member
2024-03-22T01:53:34.802 INFO:journalctl@ceph.mgr.x.smithi005.stdout:Mar 22 01:53:34 smithi005 bash[21681]: debug
2024-03-22T01:53:34.519+0000 7f6020db1200 -1 mgr[py] Module diskprediction_local has missing NOTIFY_TYPES member
2024-03-22T01:53:35.299 INFO:journalctl@ceph.mgr.x.smithi005.stdout:Mar 22 01:53:34 smithi005 bash[21681]: debug
2024-03-22T01:53:34.939+0000 7f6020db1200 -1 mgr[py] Module orchestrator has missing NOTIFY_TYPES member
2024-03-22T01:53:35.299 INFO:journalctl@ceph.mgr.x.smithi005.stdout:Mar 22 01:53:35 smithi005 bash[21681]: debug
2024-03-22T01:53:35.183+0000 7f6020db1200 -1 mgr[py] Module rbd_support has missing NOTIFY_TYPES member
2024-03-22T01:53:35.563 INFO:journalctl@ceph.mgr.x.smithi005.stdout:Mar 22 01:53:35 smithi005 bash[21681]: debug
2024-03-22T01:53:35.307+0000 7f6020db1200 -1 mgr[py] Module alerts has missing NOTIFY_TYPES member
2024-03-22T01:53:35.564 INFO:journalctl@ceph.mgr.x.smithi005.stdout:Mar 22 01:53:35 smithi005 bash[21681]: debug
2024-03-22T01:53:35.563+0000 7f6020db1200 -1 mgr[py] Module test_orchestrator has missing NOTIFY_TYPES member
2024-03-22T01:53:37.024 INFO:journalctl@ceph.mgr.x.smithi005.stdout:Mar 22 01:53:36 smithi005 bash[21681]: debug
2024-03-22T01:53:36.595+0000 7f6020db1200 -1 mgr[py] Module influx has missing NOTIFY_TYPES member
2024-03-22T01:53:37.024 INFO:journalctl@ceph.mgr.x.smithi005.stdout:Mar 22 01:53:36 smithi005 bash[21681]: debug
2024-03-22T01:53:36.715+0000 7f6020db1200 -1 mgr[py] Module status has missing NOTIFY_TYPES member
2024-03-22T01:53:37.024 INFO:journalctl@ceph.mgr.x.smithi005.stdout:Mar 22 01:53:37 smithi005 bash[21681]: debug
2024-03-22T01:53:37.023+0000 7f6020db1200 -1 mgr[py] Module volumes has missing NOTIFY_TYPES member
2024-03-22T01:53:37.299 INFO:journalctl@ceph.mgr.x.smithi005.stdout:Mar 22 01:53:37 smithi005 bash[21681]: debug
2024-03-22T01:53:37.139+0000 7f6020db1200 -1 mgr[py] Module osd_perf_query has missing NOTIFY_TYPES member
2024-03-22T01:53:38.049 INFO:journalctl@ceph.mgr.x.smithi005.stdout:Mar 22 01:53:37 smithi005 bash[21681]: debug
2024-03-22T01:53:37.607+0000 7f6020db1200 -1 mgr[py] Module prometheus has missing NOTIFY_TYPES member
2024-03-22T01:53:38.049 INFO:journalctl@ceph.mgr.x.smithi005.stdout:Mar 22 01:53:37 smithi005 bash[21681]: debug
2024-03-22T01:53:37.735+0000 7f6020db1200 -1 mgr[py] Module snap_schedule has missing NOTIFY_TYPES member
2024-03-22T01:53:38.049 INFO:journalctl@ceph.mon.a.smithi005.stdout:Mar 22 01:53:37 smithi005 bash[21425]: cluster
2024-03-22T01:53:37.760303+0000 mon.a (mon.0) 37 : cluster [INF] Active manager daemon x restarted
2024-03-22T01:53:38.050 INFO:journalctl@ceph.mon.a.smithi005.stdout:Mar 22 01:53:37 smithi005 bash[21425]: cluster
2024-03-22T01:53:37.760771+0000 mon.a (mon.0) 38 : cluster [INF] Activating manager daemon x
2024-03-22T01:53:38.050 INFO:journalctl@ceph.mon.a.smithi005.stdout:Mar 22 01:53:37 smithi005 bash[21425]: cluster
2024-03-22T01:53:37.768308+0000 mon.a (mon.0) 39 : cluster [DBG] osdmap e2: 0 total, 0 up, 0 in
2024-03-22T01:53:38.050 INFO:journalctl@ceph.mon.a.smithi005.stdout:Mar 22 01:53:37 smithi005 bash[21425]: cluster
2024-03-22T01:53:37.768547+0000 mon.a (mon.0) 40 : cluster [DBG] mgrmap e6: x(active, starting, since 0.00795955s)
2024-03-22T01:53:38.050 INFO:journalctl@ceph.mon.a.smithi005.stdout:Mar 22 01:53:37 smithi005 bash[21425]: audit
2024-03-22T01:53:37.771174+0000 mon.a (mon.0) 41 : audit [DBG] from='mgr.14120 172.21.15.5:0/2160101184' entity='mgr.x' cmd=[{"prefix": "mon metadata", "id": "a"}]: dispatch
2024-03-22T01:53:38.050 INFO:journalctl@ceph.mon.a.smithi005.stdout:Mar 22 01:53:37 smithi005 bash[21425]: audit
2024-03-22T01:53:37.773352+0000 mon.a (mon.0) 42 : audit [DBG] from='mgr.14120 172.21.15.5:0/2160101184' entity='mgr.x' cmd=[{"prefix": "mgr metadata", "who": "x", "id": "x"}]: dispatch
2024-03-22T01:53:38.050 INFO:journalctl@ceph.mon.a.smithi005.stdout:Mar 22 01:53:37 smithi005 bash[21425]: audit
2024-03-22T01:53:37.774372+0000 mon.a (mon.0) 43 : audit [DBG] from='mgr.14120 172.21.15.5:0/2160101184' entity='mgr.x' cmd=[{"prefix": "mds metadata"}]: dispatch
2024-03-22T01:53:38.050 INFO:journalctl@ceph.mon.a.smithi005.stdout:Mar 22 01:53:37 smithi005 bash[21425]: audit
2024-03-22T01:53:37.774681+0000 mon.a (mon.0) 44 : audit [DBG] from='mgr.14120 172.21.15.5:0/2160101184' entity='mgr.x' cmd=[{"prefix": "osd metadata"}]: dispatch
2024-03-22T01:53:38.050 INFO:journalctl@ceph.mon.a.smithi005.stdout:Mar 22 01:53:37 smithi005 bash[21425]: audit
2024-03-22T01:53:37.774957+0000 mon.a (mon.0) 45 : audit [DBG] from='mgr.14120 172.21.15.5:0/2160101184' entity='mgr.x' cmd=[{"prefix": "mon metadata"}]: dispatch
2024-03-22T01:53:38.050 INFO:journalctl@ceph.mon.a.smithi005.stdout:Mar 22 01:53:37 smithi005 bash[21425]: cluster
2024-03-22T01:53:37.800166+0000 mon.a (mon.0) 46 : cluster [INF] Manager daemon x is now available
2024-03-22T01:53:39.049 INFO:journalctl@ceph.mon.a.smithi005.stdout:Mar 22 01:53:38 smithi005 bash[21425]: cephadm
2024-03-22T01:53:37.818927+0000 mgr.x (mgr.14120) 1 : cephadm [INF] Found migration_current of "None". Setting to last migration.
2024-03-22T01:53:39.049 INFO:journalctl@ceph.mon.a.smithi005.stdout:Mar 22 01:53:38 smithi005 bash[21425]: audit
2024-03-22T01:53:37.820730+0000 mon.a (mon.0) 47 : audit [INF] from='mgr.14120 172.21.15.5:0/2160101184' entity='mgr.x'
2024-03-22T01:53:39.049 INFO:journalctl@ceph.mon.a.smithi005.stdout:Mar 22 01:53:38 smithi005 bash[21425]: audit
2024-03-22T01:53:37.823397+0000 mon.a (mon.0) 48 : audit [INF] from='mgr.14120 172.21.15.5:0/2160101184' entity='mgr.x'
2024-03-22T01:53:39.049 INFO:journalctl@ceph.mon.a.smithi005.stdout:Mar 22 01:53:38 smithi005 bash[21425]: audit
2024-03-22T01:53:37.827993+0000 mon.a (mon.0) 49 : audit [DBG] from='mgr.14120 172.21.15.5:0/2160101184' entity='mgr.x' cmd=[{"prefix": "config dump", "format": "json"}]: dispatch
2024-03-22T01:53:39.049 INFO:journalctl@ceph.mon.a.smithi005.stdout:Mar 22 01:53:38 smithi005 bash[21425]: audit
2024-03-22T01:53:37.830619+0000 mon.a (mon.0) 50 : audit [DBG] from='mgr.14120 172.21.15.5:0/2160101184' entity='mgr.x' cmd=[{"prefix": "config dump", "format": "json"}]: dispatch
2024-03-22T01:53:39.049 INFO:journalctl@ceph.mon.a.smithi005.stdout:Mar 22 01:53:38 smithi005 bash[21425]: audit
2024-03-22T01:53:37.842094+0000 mon.a (mon.0) 51 : audit [INF] from='mgr.14120 172.21.15.5:0/2160101184' entity='mgr.x' cmd=[{"prefix":"config rm","who":"mgr","name":"mgr/rbd_support/x/mirror_snapshot_schedule"}]: dispatch
2024-03-22T01:53:39.049 INFO:journalctl@ceph.mon.a.smithi005.stdout:Mar 22 01:53:38 smithi005 bash[21425]: audit
2024-03-22T01:53:37.845203+0000 mon.a (mon.0) 52 : audit [INF] from='mgr.14120 172.21.15.5:0/2160101184' entity='mgr.x' cmd=[{"prefix":"config rm","who":"mgr","name":"mgr/rbd_support/x/trash_purge_schedule"}]: dispatch
2024-03-22T01:53:39.050 INFO:journalctl@ceph.mon.a.smithi005.stdout:Mar 22 01:53:38 smithi005 bash[21425]: audit
2024-03-22T01:53:38.721595+0000 mon.a (mon.0) 53 : audit [INF] from='mgr.14120 172.21.15.5:0/2160101184' entity='mgr.x'
2024-03-22T01:53:39.050 INFO:journalctl@ceph.mon.a.smithi005.stdout:Mar 22 01:53:38 smithi005 bash[21425]: audit
2024-03-22T01:53:38.726819+0000 mon.a (mon.0) 54 : audit [INF] from='mgr.14120 172.21.15.5:0/2160101184' entity='mgr.x'
2024-03-22T01:53:39.050 INFO:journalctl@ceph.mon.a.smithi005.stdout:Mar 22 01:53:38 smithi005 bash[21425]: cluster
2024-03-22T01:53:38.772388+0000 mon.a (mon.0) 55 : cluster [DBG] mgrmap e7: x(active, since 1.0118s)
2024-03-22T01:53:39.515 INFO:teuthology.orchestra.run.smithi005.stdout:/usr/bin/ceph: stdout {
2024-03-22T01:53:39.515 INFO:teuthology.orchestra.run.smithi005.stdout:/usr/bin/ceph: stdout "mgrmap_epoch": 7,
2024-03-22T01:53:39.515 INFO:teuthology.orchestra.run.smithi005.stdout:/usr/bin/ceph: stdout "initialized": true
2024-03-22T01:53:39.515 INFO:teuthology.orchestra.run.smithi005.stdout:/usr/bin/ceph: stdout }
2024-03-22T01:53:39.515 INFO:teuthology.orchestra.run.smithi005.stdout:/usr/bin/ceph: stderr
2024-03-22T01:53:32.799+0000 7f8a288bc700 1 Processor -- start
2024-03-22T01:53:39.515 INFO:teuthology.orchestra.run.smithi005.stdout:/usr/bin/ceph: stderr
2024-03-22T01:53:32.799+0000 7f8a288bc700 1 -- start start
2024-03-22T01:53:39.515 INFO:teuthology.orchestra.run.smithi005.stdout:/usr/bin/ceph: stderr
2024-03-22T01:53:32.799+0000 7f8a288bc700 1 --2- >> [v2:172.21.15.5:3300/0,v1:172.21.15.5:6789/0] conn(0x7f8a24107500 0x7f8a24107920 unknown :-1 s=NONE pgs=0 cs=0 l=0 rev1=0 crypto rx=0 tx=0 comp rx=0 tx=0).connect
2024-03-22T01:53:39.515 INFO:teuthology.orchestra.run.smithi005.stdout:/usr/bin/ceph: stderr
2024-03-22T01:53:32.799+0000 7f8a288bc700 1 -- --> [v2:172.21.15.5:3300/0,v1:172.21.15.5:6789/0] -- mon_getmap magic: 0 -- 0x7f8a24107ef0 con 0x7f8a24107500
2024-03-22T01:53:39.515 INFO:teuthology.orchestra.run.smithi005.stdout:/usr/bin/ceph: stderr
2024-03-22T01:53:32.799+0000 7f8a2259c700 1 --2- >> [v2:172.21.15.5:3300/0,v1:172.21.15.5:6789/0] conn(0x7f8a24107500 0x7f8a24107920 unknown :-1 s=BANNER_CONNECTING pgs=0 cs=0 l=0 rev1=0 crypto rx=0 tx=0 comp rx=0 tx=0)._handle_peer_banner_payload supported=3 required=0
2024-03-22T01:53:39.515 INFO:teuthology.orchestra.run.smithi005.stdout:/usr/bin/ceph: stderr
2024-03-22T01:53:32.799+0000 7f8a2259c700 1 --2- >> [v2:172.21.15.5:3300/0,v1:172.21.15.5:6789/0] conn(0x7f8a24107500 0x7f8a24107920 unknown :-1 s=HELLO_CONNECTING pgs=0 cs=0 l=0 rev1=1 crypto rx=0 tx=0 comp rx=0 tx=0).handle_hello peer v2:172.21.15.5:3300/0 says I am v2:172.21.15.5:59394/0 (socket says 172.21.15.5:59394)
2024-03-22T01:53:39.515 INFO:teuthology.orchestra.run.smithi005.stdout:/usr/bin/ceph: stderr
2024-03-22T01:53:32.799+0000 7f8a2259c700 1 -- 172.21.15.5:0/953921109 learned_addr learned my addr 172.21.15.5:0/953921109 (peer_addr_for_me v2:172.21.15.5:0/0)
2024-03-22T01:53:39.515 INFO:teuthology.orchestra.run.smithi005.stdout:/usr/bin/ceph: stderr
2024-03-22T01:53:32.799+0000 7f8a2259c700 1 -- 172.21.15.5:0/953921109 --> [v2:172.21.15.5:3300/0,v1:172.21.15.5:6789/0] -- mon_subscribe({config=0+,monmap=0+}) -- 0x7f8a24108700 con 0x7f8a24107500
2024-03-22T01:53:39.516 INFO:teuthology.orchestra.run.smithi005.stdout:/usr/bin/ceph: stderr
2024-03-22T01:53:32.799+0000 7f8a2259c700 1 --2- 172.21.15.5:0/953921109 >> [v2:172.21.15.5:3300/0,v1:172.21.15.5:6789/0] conn(0x7f8a24107500 0x7f8a24107920 secure :-1 s=READY pgs=28 cs=0 l=1 rev1=1 crypto rx=0x7f8a140098a0 tx=0x7f8a14009bb0 comp rx=0 tx=0).ready entity=mon.0 client_cookie=621711f6a8de019d server_cookie=0 in_seq=0 out_seq=0
2024-03-22T01:53:39.516 INFO:teuthology.orchestra.run.smithi005.stdout:/usr/bin/ceph: stderr
2024-03-22T01:53:32.799+0000 7f8a2159a700 1 -- 172.21.15.5:0/953921109 <== mon.0 v2:172.21.15.5:3300/0 1 ==== mon_map magic: 0 ==== 205+0+0 (secure 0 0 0) 0x7f8a14004160 con 0x7f8a24107500
2024-03-22T01:53:39.516 INFO:teuthology.orchestra.run.smithi005.stdout:/usr/bin/ceph: stderr
2024-03-22T01:53:32.799+0000 7f8a2159a700 1 -- 172.21.15.5:0/953921109 <== mon.0 v2:172.21.15.5:3300/0 2 ==== config(26 keys) ==== 1071+0+0 (secure 0 0 0) 0x7f8a14004300 con 0x7f8a24107500
2024-03-22T01:53:39.516 INFO:teuthology.orchestra.run.smithi005.stdout:/usr/bin/ceph: stderr
2024-03-22T01:53:32.799+0000 7f8a2159a700 1 -- 172.21.15.5:0/953921109 <== mon.0 v2:172.21.15.5:3300/0 3 ==== mon_map magic: 0 ==== 205+0+0 (secure 0 0 0) 0x7f8a14011a80 con 0x7f8a24107500
2024-03-22T01:53:39.516 INFO:teuthology.orchestra.run.smithi005.stdout:/usr/bin/ceph: stderr
2024-03-22T01:53:32.803+0000 7f8a288bc700 1 -- 172.21.15.5:0/953921109 >> [v2:172.21.15.5:3300/0,v1:172.21.15.5:6789/0] conn(0x7f8a24107500 msgr2=0x7f8a24107920 secure :-1 s=STATE_CONNECTION_ESTABLISHED l=1).mark_down
2024-03-22T01:53:39.516 INFO:teuthology.orchestra.run.smithi005.stdout:/usr/bin/ceph: stderr
2024-03-22T01:53:32.803+0000 7f8a288bc700 1 --2- 172.21.15.5:0/953921109 >> [v2:172.21.15.5:3300/0,v1:172.21.15.5:6789/0] conn(0x7f8a24107500 0x7f8a24107920 secure :-1 s=READY pgs=28 cs=0 l=1 rev1=1 crypto rx=0x7f8a140098a0 tx=0x7f8a14009bb0 comp rx=0 tx=0).stop
2024-03-22T01:53:39.516 INFO:teuthology.orchestra.run.smithi005.stdout:/usr/bin/ceph: stderr
2024-03-22T01:53:32.803+0000 7f8a288bc700 1 -- 172.21.15.5:0/953921109 shutdown_connections
2024-03-22T01:53:39.516 INFO:teuthology.orchestra.run.smithi005.stdout:/usr/bin/ceph: stderr
2024-03-22T01:53:32.803+0000 7f8a288bc700 1 --2- 172.21.15.5:0/953921109 >> [v2:172.21.15.5:3300/0,v1:172.21.15.5:6789/0] conn(0x7f8a24107500 0x7f8a24107920 unknown :-1 s=CLOSED pgs=28 cs=0 l=1 rev1=1 crypto rx=0 tx=0 comp rx=0 tx=0).stop
2024-03-22T01:53:39.516 INFO:teuthology.orchestra.run.smithi005.stdout:/usr/bin/ceph: stderr
2024-03-22T01:53:32.803+0000 7f8a288bc700 1 -- 172.21.15.5:0/953921109 >> 172.21.15.5:0/953921109 conn(0x7f8a24102a60 msgr2=0x7f8a24104ee0 unknown :-1 s=STATE_NONE l=0).mark_down
2024-03-22T01:53:39.516 INFO:teuthology.orchestra.run.smithi005.stdout:/usr/bin/ceph: stderr
2024-03-22T01:53:32.803+0000 7f8a288bc700 1 -- 172.21.15.5:0/953921109 shutdown_connections
2024-03-22T01:53:39.516 INFO:teuthology.orchestra.run.smithi005.stdout:/usr/bin/ceph: stderr
2024-03-22T01:53:32.803+0000 7f8a288bc700 1 -- 172.21.15.5:0/953921109 wait complete.
2024-03-22T01:53:39.516 INFO:teuthology.orchestra.run.smithi005.stdout:/usr/bin/ceph: stderr
2024-03-22T01:53:32.803+0000 7f8a288bc700 1 Processor -- start
2024-03-22T01:53:39.516 INFO:teuthology.orchestra.run.smithi005.stdout:/usr/bin/ceph: stderr
2024-03-22T01:53:32.803+0000 7f8a288bc700 1 -- start start
2024-03-22T01:53:39.516 INFO:teuthology.orchestra.run.smithi005.stdout:/usr/bin/ceph: stderr
2024-03-22T01:53:32.803+0000 7f8a288bc700 1 --2- >> [v2:172.21.15.5:3300/0,v1:172.21.15.5:6789/0] conn(0x7f8a24107500 0x7f8a2419b4b0 unknown :-1 s=NONE pgs=0 cs=0 l=1 rev1=0 crypto rx=0 tx=0 comp rx=0 tx=0).connect
2024-03-22T01:53:39.517 INFO:teuthology.orchestra.run.smithi005.stdout:/usr/bin/ceph: stderr
2024-03-22T01:53:32.803+0000 7f8a288bc700 1 -- --> [v2:172.21.15.5:3300/0,v1:172.21.15.5:6789/0] -- mon_getmap magic: 0 -- 0x7f8a2410bab0 con 0x7f8a24107500
2024-03-22T01:53:39.517 INFO:teuthology.orchestra.run.smithi005.stdout:/usr/bin/ceph: stderr
2024-03-22T01:53:32.803+0000 7f8a2259c700 1 --2- >> [v2:172.21.15.5:3300/0,v1:172.21.15.5:6789/0] conn(0x7f8a24107500 0x7f8a2419b4b0 unknown :-1 s=BANNER_CONNECTING pgs=0 cs=0 l=1 rev1=0 crypto rx=0 tx=0 comp rx=0 tx=0)._handle_peer_banner_payload supported=3 required=0
2024-03-22T01:53:39.517 INFO:teuthology.orchestra.run.smithi005.stdout:/usr/bin/ceph: stderr
2024-03-22T01:53:32.803+0000 7f8a2259c700 1 --2- >> [v2:172.21.15.5:3300/0,v1:172.21.15.5:6789/0] conn(0x7f8a24107500 0x7f8a2419b4b0 unknown :-1 s=HELLO_CONNECTING pgs=0 cs=0 l=1 rev1=1 crypto rx=0 tx=0 comp rx=0 tx=0).handle_hello peer v2:172.21.15.5:3300/0 says I am v2:172.21.15.5:59404/0 (socket says 172.21.15.5:59404)
2024-03-22T01:53:39.517 INFO:teuthology.orchestra.run.smithi005.stdout:/usr/bin/ceph: stderr
2024-03-22T01:53:32.803+0000 7f8a2259c700 1 -- 172.21.15.5:0/866247166 learned_addr learned my addr 172.21.15.5:0/866247166 (peer_addr_for_me v2:172.21.15.5:0/0)
2024-03-22T01:53:39.517 INFO:teuthology.orchestra.run.smithi005.stdout:/usr/bin/ceph: stderr
2024-03-22T01:53:32.803+0000 7f8a2259c700 1 -- 172.21.15.5:0/866247166 --> [v2:172.21.15.5:3300/0,v1:172.21.15.5:6789/0] -- mon_subscribe({config=0+,monmap=0+}) -- 0x7f8a2419b9f0 con 0x7f8a24107500
2024-03-22T01:53:39.517 INFO:teuthology.orchestra.run.smithi005.stdout:/usr/bin/ceph: stderr
2024-03-22T01:53:32.803+0000 7f8a2259c700 1 --2- 172.21.15.5:0/866247166 >> [v2:172.21.15.5:3300/0,v1:172.21.15.5:6789/0] conn(0x7f8a24107500 0x7f8a2419b4b0 secure :-1 s=READY pgs=29 cs=0 l=1 rev1=1 crypto rx=0x7f8a14000c00 tx=0x7f8a14004290 comp rx=0 tx=0).ready entity=mon.0 client_cookie=0 server_cookie=0 in_seq=0 out_seq=0
2024-03-22T01:53:39.517 INFO:teuthology.orchestra.run.smithi005.stdout:/usr/bin/ceph: stderr
2024-03-22T01:53:32.803+0000 7f8a137fe700 1 -- 172.21.15.5:0/866247166 <== mon.0 v2:172.21.15.5:3300/0 1 ==== mon_map magic: 0 ==== 205+0+0 (secure 0 0 0) 0x7f8a140039c0 con 0x7f8a24107500
2024-03-22T01:53:39.517 INFO:teuthology.orchestra.run.smithi005.stdout:/usr/bin/ceph: stderr
2024-03-22T01:53:32.803+0000 7f8a137fe700 1 -- 172.21.15.5:0/866247166 <== mon.0 v2:172.21.15.5:3300/0 2 ==== config(26 keys) ==== 1071+0+0 (secure 0 0 0) 0x7f8a14003b60 con 0x7f8a24107500
2024-03-22T01:53:39.517 INFO:teuthology.orchestra.run.smithi005.stdout:/usr/bin/ceph: stderr
2024-03-22T01:53:32.803+0000 7f8a288bc700 1 -- 172.21.15.5:0/866247166 --> [v2:172.21.15.5:3300/0,v1:172.21.15.5:6789/0] -- mon_subscribe({mgrmap=0+}) -- 0x7f8a2419bc80 con 0x7f8a24107500
2024-03-22T01:53:39.517 INFO:teuthology.orchestra.run.smithi005.stdout:/usr/bin/ceph: stderr
2024-03-22T01:53:32.803+0000 7f8a137fe700 1 -- 172.21.15.5:0/866247166 <== mon.0 v2:172.21.15.5:3300/0 3 ==== mon_map magic: 0 ==== 205+0+0 (secure 0 0 0) 0x7f8a1401a6f0 con 0x7f8a24107500
2024-03-22T01:53:39.517 INFO:teuthology.orchestra.run.smithi005.stdout:/usr/bin/ceph: stderr
2024-03-22T01:53:32.803+0000 7f8a288bc700 1 -- 172.21.15.5:0/866247166 --> [v2:172.21.15.5:3300/0,v1:172.21.15.5:6789/0] -- mon_subscribe({osdmap=0}) -- 0x7f8a2419e970 con 0x7f8a24107500
2024-03-22T01:53:39.517 INFO:teuthology.orchestra.run.smithi005.stdout:/usr/bin/ceph: stderr
2024-03-22T01:53:32.803+0000 7f8a137fe700 1 -- 172.21.15.5:0/866247166 <== mon.0 v2:172.21.15.5:3300/0 4 ==== mgrmap(e 5) ==== 46294+0+0 (secure 0 0 0) 0x7f8a1401a9a0 con 0x7f8a24107500
2024-03-22T01:53:39.517 INFO:teuthology.orchestra.run.smithi005.stdout:/usr/bin/ceph: stderr
2024-03-22T01:53:32.803+0000 7f8a137fe700 1 --2- 172.21.15.5:0/866247166 >> [v2:172.21.15.5:6800/1283943789,v1:172.21.15.5:6801/1283943789] conn(0x7f8a0c039180 0x7f8a0c03b640 unknown :-1 s=NONE pgs=0 cs=0 l=1 rev1=0 crypto rx=0 tx=0 comp rx=0 tx=0).connect
2024-03-22T01:53:39.518 INFO:teuthology.orchestra.run.smithi005.stdout:/usr/bin/ceph: stderr
2024-03-22T01:53:32.803+0000 7f8a288bc700 1 -- 172.21.15.5:0/866247166 --> [v2:172.21.15.5:6800/1283943789,v1:172.21.15.5:6801/1283943789] -- command(tid 0: {"prefix": "get_command_descriptions"}) -- 0x7f8a24063cb0 con 0x7f8a0c039180
2024-03-22T01:53:39.518 INFO:teuthology.orchestra.run.smithi005.stdout:/usr/bin/ceph: stderr
2024-03-22T01:53:32.803+0000 7f8a137fe700 1 -- 172.21.15.5:0/866247166 <== mon.0 v2:172.21.15.5:3300/0 5 ==== osd_map(1..1 src has 1..1) ==== 725+0+0 (secure 0 0 0) 0x7f8a1404d480 con 0x7f8a24107500
2024-03-22T01:53:39.518 INFO:teuthology.orchestra.run.smithi005.stdout:/usr/bin/ceph: stderr
2024-03-22T01:53:32.803+0000 7f8a21d9b700 1 -- 172.21.15.5:0/866247166 >> [v2:172.21.15.5:6800/1283943789,v1:172.21.15.5:6801/1283943789] conn(0x7f8a0c039180 msgr2=0x7f8a0c03b640 unknown :-1 s=STATE_CONNECTING_RE l=1).process reconnect failed to v2:172.21.15.5:6800/1283943789
2024-03-22T01:53:39.518 INFO:teuthology.orchestra.run.smithi005.stdout:/usr/bin/ceph: stderr
2024-03-22T01:53:32.803+0000 7f8a21d9b700 1 --2- 172.21.15.5:0/866247166 >> [v2:172.21.15.5:6800/1283943789,v1:172.21.15.5:6801/1283943789] conn(0x7f8a0c039180 0x7f8a0c03b640 unknown :-1 s=START_CONNECT pgs=0 cs=0 l=1 rev1=0 crypto rx=0 tx=0 comp rx=0 tx=0)._fault waiting 0.200000
2024-03-22T01:53:39.518 INFO:teuthology.orchestra.run.smithi005.stdout:/usr/bin/ceph: stderr
2024-03-22T01:53:33.007+0000 7f8a21d9b700 1 -- 172.21.15.5:0/866247166 >> [v2:172.21.15.5:6800/1283943789,v1:172.21.15.5:6801/1283943789] conn(0x7f8a0c039180 msgr2=0x7f8a0c03b640 unknown :-1 s=STATE_CONNECTING_RE l=1).process reconnect failed to v2:172.21.15.5:6800/1283943789
2024-03-22T01:53:39.518 INFO:teuthology.orchestra.run.smithi005.stdout:/usr/bin/ceph: stderr
2024-03-22T01:53:33.007+0000 7f8a21d9b700 1 --2- 172.21.15.5:0/866247166 >> [v2:172.21.15.5:6800/1283943789,v1:172.21.15.5:6801/1283943789] conn(0x7f8a0c039180 0x7f8a0c03b640 unknown :-1 s=START_CONNECT pgs=0 cs=0 l=1 rev1=0 crypto rx=0 tx=0 comp rx=0 tx=0)._fault waiting 0.400000
2024-03-22T01:53:39.518 INFO:teuthology.orchestra.run.smithi005.stdout:/usr/bin/ceph: stderr
2024-03-22T01:53:33.411+0000 7f8a21d9b700 1 -- 172.21.15.5:0/866247166 >> [v2:172.21.15.5:6800/1283943789,v1:172.21.15.5:6801/1283943789] conn(0x7f8a0c039180 msgr2=0x7f8a0c03b640 unknown :-1 s=STATE_CONNECTING_RE l=1).process reconnect failed to v2:172.21.15.5:6800/1283943789
2024-03-22T01:53:39.518 INFO:teuthology.orchestra.run.smithi005.stdout:/usr/bin/ceph: stderr
2024-03-22T01:53:33.411+0000 7f8a21d9b700 1 --2- 172.21.15.5:0/866247166 >> [v2:172.21.15.5:6800/1283943789,v1:172.21.15.5:6801/1283943789] conn(0x7f8a0c039180 0x7f8a0c03b640 unknown :-1 s=START_CONNECT pgs=0 cs=0 l=1 rev1=0 crypto rx=0 tx=0 comp rx=0 tx=0)._fault waiting 0.800000
2024-03-22T01:53:39.518 INFO:teuthology.orchestra.run.smithi005.stdout:/usr/bin/ceph: stderr
2024-03-22T01:53:34.215+0000 7f8a21d9b700 1 -- 172.21.15.5:0/866247166 >> [v2:172.21.15.5:6800/1283943789,v1:172.21.15.5:6801/1283943789] conn(0x7f8a0c039180 msgr2=0x7f8a0c03b640 unknown :-1 s=STATE_CONNECTING_RE l=1).process reconnect failed to v2:172.21.15.5:6800/1283943789
2024-03-22T01:53:39.518 INFO:teuthology.orchestra.run.smithi005.stdout:/usr/bin/ceph: stderr
2024-03-22T01:53:34.215+0000 7f8a21d9b700 1 --2- 172.21.15.5:0/866247166 >> [v2:172.21.15.5:6800/1283943789,v1:172.21.15.5:6801/1283943789] conn(0x7f8a0c039180 0x7f8a0c03b640 unknown :-1 s=START_CONNECT pgs=0 cs=0 l=1 rev1=0 crypto rx=0 tx=0 comp rx=0 tx=0)._fault waiting 1.600000
2024-03-22T01:53:39.518 INFO:teuthology.orchestra.run.smithi005.stdout:/usr/bin/ceph: stderr
