2024-03-22T02:04:28.504+0000 7fcf137fe700 1 --2- 172.21.15.28:0/1227405313 >> [v2:172.21.15.28:3300/0,v1:172.21.15.28:6789/0] conn(0x7fcf14108bc0 0x7fcf1419c050 secure :-1 s=READY pgs=71 cs=0 l=1 rev1=1 crypto rx=0x7fcf0400b7b0 tx=0x7fcf0400bd50 comp rx=0 tx=0).ready entity=mon.0 client_cookie=0 server_cookie=0 in_seq=0 out_seq=0
2024-03-22T02:04:29.535 INFO:teuthology.orchestra.run.smithi028.stdout:/usr/bin/ceph: stderr
2024-03-22T02:04:28.504+0000 7fcf10ff9700 1 -- 172.21.15.28:0/1227405313 <== mon.0 v2:172.21.15.28:3300/0 1 ==== mon_map magic: 0 ==== 205+0+0 (secure 0 0 0) 0x7fcf04020020 con 0x7fcf14108bc0
2024-03-22T02:04:29.535 INFO:teuthology.orchestra.run.smithi028.stdout:/usr/bin/ceph: stderr
2024-03-22T02:04:28.504+0000 7fcf10ff9700 1 -- 172.21.15.28:0/1227405313 <== mon.0 v2:172.21.15.28:3300/0 2 ==== config(27 keys) ==== 1140+0+0 (secure 0 0 0) 0x7fcf04003d90 con 0x7fcf14108bc0
2024-03-22T02:04:29.535 INFO:teuthology.orchestra.run.smithi028.stdout:/usr/bin/ceph: stderr
2024-03-22T02:04:28.504+0000 7fcf19c5d700 1 -- 172.21.15.28:0/1227405313 --> [v2:172.21.15.28:3300/0,v1:172.21.15.28:6789/0] -- mon_subscribe({mgrmap=0+}) -- 0x7fcf1419c820 con 0x7fcf14108bc0
2024-03-22T02:04:29.535 INFO:teuthology.orchestra.run.smithi028.stdout:/usr/bin/ceph: stderr
2024-03-22T02:04:28.504+0000 7fcf10ff9700 1 -- 172.21.15.28:0/1227405313 <== mon.0 v2:172.21.15.28:3300/0 3 ==== mon_map magic: 0 ==== 205+0+0 (secure 0 0 0) 0x7fcf04017040 con 0x7fcf14108bc0
2024-03-22T02:04:29.535 INFO:teuthology.orchestra.run.smithi028.stdout:/usr/bin/ceph: stderr
2024-03-22T02:04:28.504+0000 7fcf19c5d700 1 -- 172.21.15.28:0/1227405313 --> [v2:172.21.15.28:3300/0,v1:172.21.15.28:6789/0] -- mon_subscribe({osdmap=0}) -- 0x7fcf1419f510 con 0x7fcf14108bc0
2024-03-22T02:04:29.535 INFO:teuthology.orchestra.run.smithi028.stdout:/usr/bin/ceph: stderr
2024-03-22T02:04:28.505+0000 7fcf10ff9700 1 -- 172.21.15.28:0/1227405313 <== mon.0 v2:172.21.15.28:3300/0 4 ==== mgrmap(e 11) ==== 46201+0+0 (secure 0 0 0) 0x7fcf04023020 con 0x7fcf14108bc0
2024-03-22T02:04:29.535 INFO:teuthology.orchestra.run.smithi028.stdout:/usr/bin/ceph: stderr
2024-03-22T02:04:28.505+0000 7fcf19c5d700 1 -- 172.21.15.28:0/1227405313 --> [v2:172.21.15.28:3300/0,v1:172.21.15.28:6789/0] -- mon_command({"prefix": "get_command_descriptions"} v 0) -- 0x7fcf14063cb0 con 0x7fcf14108bc0
2024-03-22T02:04:29.535 INFO:teuthology.orchestra.run.smithi028.stdout:/usr/bin/ceph: stderr
2024-03-22T02:04:28.505+0000 7fcf10ff9700 1 --2- 172.21.15.28:0/1227405313 >> [v2:172.21.15.28:6800/4205492780,v1:172.21.15.28:6801/4205492780] conn(0x7fcf00039070 0x7fcf0003b530 unknown :-1 s=NONE pgs=0 cs=0 l=1 rev1=0 crypto rx=0 tx=0 comp rx=0 tx=0).connect
2024-03-22T02:04:29.535 INFO:teuthology.orchestra.run.smithi028.stdout:/usr/bin/ceph: stderr
2024-03-22T02:04:28.506+0000 7fcf10ff9700 1 -- 172.21.15.28:0/1227405313 <== mon.0 v2:172.21.15.28:3300/0 5 ==== osd_map(3..3 src has 1..3) ==== 1155+0+0 (secure 0 0 0) 0x7fcf0400f050 con 0x7fcf14108bc0
2024-03-22T02:04:29.535 INFO:teuthology.orchestra.run.smithi028.stdout:/usr/bin/ceph: stderr
2024-03-22T02:04:28.506+0000 7fcf12ffd700 1 --2- 172.21.15.28:0/1227405313 >> [v2:172.21.15.28:6800/4205492780,v1:172.21.15.28:6801/4205492780] conn(0x7fcf00039070 0x7fcf0003b530 unknown :-1 s=BANNER_CONNECTING pgs=0 cs=0 l=1 rev1=0 crypto rx=0 tx=0 comp rx=0 tx=0)._handle_peer_banner_payload supported=3 required=0
2024-03-22T02:04:29.535 INFO:teuthology.orchestra.run.smithi028.stdout:/usr/bin/ceph: stderr
2024-03-22T02:04:28.506+0000 7fcf12ffd700 1 --2- 172.21.15.28:0/1227405313 >> [v2:172.21.15.28:6800/4205492780,v1:172.21.15.28:6801/4205492780] conn(0x7fcf00039070 0x7fcf0003b530 secure :-1 s=READY pgs=7 cs=0 l=1 rev1=1 crypto rx=0x7fcefc006fd0 tx=0x7fcefc006e40 comp rx=0 tx=0).ready entity=mgr.14152 client_cookie=0 server_cookie=0 in_seq=0 out_seq=0
2024-03-22T02:04:29.536 INFO:teuthology.orchestra.run.smithi028.stdout:/usr/bin/ceph: stderr
2024-03-22T02:04:28.511+0000 7fcf10ff9700 1 -- 172.21.15.28:0/1227405313 <== mon.0 v2:172.21.15.28:3300/0 6 ==== mon_command_ack([{"prefix": "get_command_descriptions"}]=0 v0) ==== 72+0+186149 (secure 0 0 0) 0x7fcf0402a020 con 0x7fcf14108bc0
2024-03-22T02:04:29.536 INFO:teuthology.orchestra.run.smithi028.stdout:/usr/bin/ceph: stderr
2024-03-22T02:04:28.520+0000 7fcf10ff9700 1 -- 172.21.15.28:0/1227405313 <== mon.0 v2:172.21.15.28:3300/0 7 ==== mgrmap(e 12) ==== 46307+0+0 (secure 0 0 0) 0x7fcf04011c90 con 0x7fcf14108bc0
2024-03-22T02:04:29.536 INFO:teuthology.orchestra.run.smithi028.stdout:/usr/bin/ceph: stderr
2024-03-22T02:04:28.725+0000 7fcf19c5d700 1 -- 172.21.15.28:0/1227405313 --> [v2:172.21.15.28:6800/4205492780,v1:172.21.15.28:6801/4205492780] -- mgr_command(tid 0: {"prefix": "dashboard create-self-signed-cert", "target": ["mon-mgr", ""]}) -- 0x7fcf14103750 con 0x7fcf00039070
2024-03-22T02:04:29.536 INFO:teuthology.orchestra.run.smithi028.stdout:/usr/bin/ceph: stderr
2024-03-22T02:04:28.782+0000 7fcf10ff9700 1 -- 172.21.15.28:0/1227405313 <== mgr.14152 v2:172.21.15.28:6800/4205492780 1 ==== mgr_command_reply(tid 0: 0 ) ==== 8+0+32 (secure 0 0 0) 0x7fcf14103750 con 0x7fcf00039070
2024-03-22T02:04:29.536 INFO:teuthology.orchestra.run.smithi028.stdout:/usr/bin/ceph: stderr
2024-03-22T02:04:28.784+0000 7fcf19c5d700 1 -- 172.21.15.28:0/1227405313 >> [v2:172.21.15.28:6800/4205492780,v1:172.21.15.28:6801/4205492780] conn(0x7fcf00039070 msgr2=0x7fcf0003b530 secure :-1 s=STATE_CONNECTION_ESTABLISHED l=1).mark_down
2024-03-22T02:04:29.536 INFO:teuthology.orchestra.run.smithi028.stdout:/usr/bin/ceph: stderr
2024-03-22T02:04:28.784+0000 7fcf19c5d700 1 --2- 172.21.15.28:0/1227405313 >> [v2:172.21.15.28:6800/4205492780,v1:172.21.15.28:6801/4205492780] conn(0x7fcf00039070 0x7fcf0003b530 secure :-1 s=READY pgs=7 cs=0 l=1 rev1=1 crypto rx=0x7fcefc006fd0 tx=0x7fcefc006e40 comp rx=0 tx=0).stop
2024-03-22T02:04:29.536 INFO:teuthology.orchestra.run.smithi028.stdout:/usr/bin/ceph: stderr
2024-03-22T02:04:28.784+0000 7fcf19c5d700 1 -- 172.21.15.28:0/1227405313 >> [v2:172.21.15.28:3300/0,v1:172.21.15.28:6789/0] conn(0x7fcf14108bc0 msgr2=0x7fcf1419c050 secure :-1 s=STATE_CONNECTION_ESTABLISHED l=1).mark_down
2024-03-22T02:04:29.536 INFO:teuthology.orchestra.run.smithi028.stdout:/usr/bin/ceph: stderr
2024-03-22T02:04:28.784+0000 7fcf19c5d700 1 --2- 172.21.15.28:0/1227405313 >> [v2:172.21.15.28:3300/0,v1:172.21.15.28:6789/0] conn(0x7fcf14108bc0 0x7fcf1419c050 secure :-1 s=READY pgs=71 cs=0 l=1 rev1=1 crypto rx=0x7fcf0400b7b0 tx=0x7fcf0400bd50 comp rx=0 tx=0).stop
2024-03-22T02:04:29.536 INFO:teuthology.orchestra.run.smithi028.stdout:/usr/bin/ceph: stderr
2024-03-22T02:04:28.784+0000 7fcf19c5d700 1 -- 172.21.15.28:0/1227405313 shutdown_connections
2024-03-22T02:04:29.536 INFO:teuthology.orchestra.run.smithi028.stdout:/usr/bin/ceph: stderr
2024-03-22T02:04:28.784+0000 7fcf19c5d700 1 --2- 172.21.15.28:0/1227405313 >> [v2:172.21.15.28:6800/4205492780,v1:172.21.15.28:6801/4205492780] conn(0x7fcf00039070 0x7fcf0003b530 unknown :-1 s=CLOSED pgs=7 cs=0 l=1 rev1=1 crypto rx=0 tx=0 comp rx=0 tx=0).stop
2024-03-22T02:04:29.537 INFO:teuthology.orchestra.run.smithi028.stdout:/usr/bin/ceph: stderr
2024-03-22T02:04:28.784+0000 7fcf19c5d700 1 --2- 172.21.15.28:0/1227405313 >> [v2:172.21.15.28:3300/0,v1:172.21.15.28:6789/0] conn(0x7fcf14108bc0 0x7fcf1419c050 unknown :-1 s=CLOSED pgs=71 cs=0 l=1 rev1=1 crypto rx=0 tx=0 comp rx=0 tx=0).stop
2024-03-22T02:04:29.537 INFO:teuthology.orchestra.run.smithi028.stdout:/usr/bin/ceph: stderr
2024-03-22T02:04:28.784+0000 7fcf19c5d700 1 -- 172.21.15.28:0/1227405313 >> 172.21.15.28:0/1227405313 conn(0x7fcf141025d0 msgr2=0x7fcf14103040 unknown :-1 s=STATE_NONE l=0).mark_down
2024-03-22T02:04:29.537 INFO:teuthology.orchestra.run.smithi028.stdout:/usr/bin/ceph: stderr
2024-03-22T02:04:28.784+0000 7fcf19c5d700 1 -- 172.21.15.28:0/1227405313 shutdown_connections
2024-03-22T02:04:29.537 INFO:teuthology.orchestra.run.smithi028.stdout:/usr/bin/ceph: stderr
2024-03-22T02:04:28.784+0000 7fcf19c5d700 1 -- 172.21.15.28:0/1227405313 wait complete.
2024-03-22T02:04:29.537 INFO:teuthology.orchestra.run.smithi028.stdout:Creating initial admin user...
2024-03-22T02:04:31.245 INFO:teuthology.orchestra.run.smithi028.stdout:/usr/bin/ceph: stdout {"username": "admin", "password": "$2b$12$2Mx.XZmBC6lGRyPqCATzfO/SqeeL.oJ2Cef7hSozuE/.4kEsgqG2K", "roles": ["administrator"], "name": null, "email": null, "lastUpdate": 1711073070, "enabled": true, "pwdExpirationDate": null, "pwdUpdateRequired": true}
2024-03-22T02:04:31.246 INFO:teuthology.orchestra.run.smithi028.stdout:/usr/bin/ceph: stderr
2024-03-22T02:04:29.951+0000 7f0342d38700 1 Processor -- start
2024-03-22T02:04:31.246 INFO:teuthology.orchestra.run.smithi028.stdout:/usr/bin/ceph: stderr
2024-03-22T02:04:29.951+0000 7f0342d38700 1 -- start start
2024-03-22T02:04:31.246 INFO:teuthology.orchestra.run.smithi028.stdout:/usr/bin/ceph: stderr
2024-03-22T02:04:29.951+0000 7f0342d38700 1 --2- >> [v2:172.21.15.28:3300/0,v1:172.21.15.28:6789/0] conn(0x7f033c106480 0x7f033c1068a0 unknown :-1 s=NONE pgs=0 cs=0 l=0 rev1=0 crypto rx=0 tx=0 comp rx=0 tx=0).connect
2024-03-22T02:04:31.246 INFO:teuthology.orchestra.run.smithi028.stdout:/usr/bin/ceph: stderr
2024-03-22T02:04:29.951+0000 7f0342d38700 1 -- --> [v2:172.21.15.28:3300/0,v1:172.21.15.28:6789/0] -- mon_getmap magic: 0 -- 0x7f033c106e70 con 0x7f033c106480
2024-03-22T02:04:31.246 INFO:teuthology.orchestra.run.smithi028.stdout:/usr/bin/ceph: stderr
2024-03-22T02:04:29.951+0000 7f0340ad4700 1 --2- >> [v2:172.21.15.28:3300/0,v1:172.21.15.28:6789/0] conn(0x7f033c106480 0x7f033c1068a0 unknown :-1 s=BANNER_CONNECTING pgs=0 cs=0 l=0 rev1=0 crypto rx=0 tx=0 comp rx=0 tx=0)._handle_peer_banner_payload supported=3 required=0
2024-03-22T02:04:31.246 INFO:teuthology.orchestra.run.smithi028.stdout:/usr/bin/ceph: stderr
2024-03-22T02:04:29.951+0000 7f0340ad4700 1 --2- >> [v2:172.21.15.28:3300/0,v1:172.21.15.28:6789/0] conn(0x7f033c106480 0x7f033c1068a0 unknown :-1 s=HELLO_CONNECTING pgs=0 cs=0 l=0 rev1=1 crypto rx=0 tx=0 comp rx=0 tx=0).handle_hello peer v2:172.21.15.28:3300/0 says I am v2:172.21.15.28:36860/0 (socket says 172.21.15.28:36860)
2024-03-22T02:04:31.246 INFO:teuthology.orchestra.run.smithi028.stdout:/usr/bin/ceph: stderr
2024-03-22T02:04:29.951+0000 7f0340ad4700 1 -- 172.21.15.28:0/3746464924 learned_addr learned my addr 172.21.15.28:0/3746464924 (peer_addr_for_me v2:172.21.15.28:0/0)
2024-03-22T02:04:31.246 INFO:teuthology.orchestra.run.smithi028.stdout:/usr/bin/ceph: stderr
2024-03-22T02:04:29.951+0000 7f0340ad4700 1 -- 172.21.15.28:0/3746464924 --> [v2:172.21.15.28:3300/0,v1:172.21.15.28:6789/0] -- mon_subscribe({config=0+,monmap=0+}) -- 0x7f033c109420 con 0x7f033c106480
2024-03-22T02:04:31.246 INFO:teuthology.orchestra.run.smithi028.stdout:/usr/bin/ceph: stderr
2024-03-22T02:04:29.952+0000 7f0340ad4700 1 --2- 172.21.15.28:0/3746464924 >> [v2:172.21.15.28:3300/0,v1:172.21.15.28:6789/0] conn(0x7f033c106480 0x7f033c1068a0 secure :-1 s=READY pgs=72 cs=0 l=1 rev1=1 crypto rx=0x7f032c0098a0 tx=0x7f032c009bb0 comp rx=0 tx=0).ready entity=mon.0 client_cookie=d6b03b6bbd5cdded server_cookie=0 in_seq=0 out_seq=0
2024-03-22T02:04:31.246 INFO:teuthology.orchestra.run.smithi028.stdout:/usr/bin/ceph: stderr
2024-03-22T02:04:29.952+0000 7f033b7fe700 1 -- 172.21.15.28:0/3746464924 <== mon.0 v2:172.21.15.28:3300/0 1 ==== mon_map magic: 0 ==== 205+0+0 (secure 0 0 0) 0x7f032c004160 con 0x7f033c106480
2024-03-22T02:04:31.246 INFO:teuthology.orchestra.run.smithi028.stdout:/usr/bin/ceph: stderr
2024-03-22T02:04:29.952+0000 7f033b7fe700 1 -- 172.21.15.28:0/3746464924 <== mon.0 v2:172.21.15.28:3300/0 2 ==== config(27 keys) ==== 1140+0+0 (secure 0 0 0) 0x7f032c004300 con 0x7f033c106480
2024-03-22T02:04:31.247 INFO:teuthology.orchestra.run.smithi028.stdout:/usr/bin/ceph: stderr
2024-03-22T02:04:29.952+0000 7f033b7fe700 1 -- 172.21.15.28:0/3746464924 <== mon.0 v2:172.21.15.28:3300/0 3 ==== mon_map magic: 0 ==== 205+0+0 (secure 0 0 0) 0x7f032c011b20 con 0x7f033c106480
2024-03-22T02:04:31.247 INFO:teuthology.orchestra.run.smithi028.stdout:/usr/bin/ceph: stderr
2024-03-22T02:04:29.953+0000 7f0342d38700 1 -- 172.21.15.28:0/3746464924 >> [v2:172.21.15.28:3300/0,v1:172.21.15.28:6789/0] conn(0x7f033c106480 msgr2=0x7f033c1068a0 secure :-1 s=STATE_CONNECTION_ESTABLISHED l=1).mark_down
2024-03-22T02:04:31.247 INFO:teuthology.orchestra.run.smithi028.stdout:/usr/bin/ceph: stderr
2024-03-22T02:04:29.953+0000 7f0342d38700 1 --2- 172.21.15.28:0/3746464924 >> [v2:172.21.15.28:3300/0,v1:172.21.15.28:6789/0] conn(0x7f033c106480 0x7f033c1068a0 secure :-1 s=READY pgs=72 cs=0 l=1 rev1=1 crypto rx=0x7f032c0098a0 tx=0x7f032c009bb0 comp rx=0 tx=0).stop
2024-03-22T02:04:31.247 INFO:teuthology.orchestra.run.smithi028.stdout:/usr/bin/ceph: stderr
2024-03-22T02:04:29.953+0000 7f0342d38700 1 -- 172.21.15.28:0/3746464924 shutdown_connections
2024-03-22T02:04:31.247 INFO:teuthology.orchestra.run.smithi028.stdout:/usr/bin/ceph: stderr
2024-03-22T02:04:29.953+0000 7f0342d38700 1 --2- 172.21.15.28:0/3746464924 >> [v2:172.21.15.28:3300/0,v1:172.21.15.28:6789/0] conn(0x7f033c106480 0x7f033c1068a0 unknown :-1 s=CLOSED pgs=72 cs=0 l=1 rev1=1 crypto rx=0 tx=0 comp rx=0 tx=0).stop
2024-03-22T02:04:31.247 INFO:teuthology.orchestra.run.smithi028.stdout:/usr/bin/ceph: stderr
2024-03-22T02:04:29.953+0000 7f0342d38700 1 -- 172.21.15.28:0/3746464924 >> 172.21.15.28:0/3746464924 conn(0x7f033c101d80 msgr2=0x7f033c1041a0 unknown :-1 s=STATE_NONE l=0).mark_down
2024-03-22T02:04:31.247 INFO:teuthology.orchestra.run.smithi028.stdout:/usr/bin/ceph: stderr
2024-03-22T02:04:29.953+0000 7f0342d38700 1 -- 172.21.15.28:0/3746464924 shutdown_connections
2024-03-22T02:04:31.247 INFO:teuthology.orchestra.run.smithi028.stdout:/usr/bin/ceph: stderr
2024-03-22T02:04:29.953+0000 7f0342d38700 1 -- 172.21.15.28:0/3746464924 wait complete.
2024-03-22T02:04:31.247 INFO:teuthology.orchestra.run.smithi028.stdout:/usr/bin/ceph: stderr
2024-03-22T02:04:29.953+0000 7f0342d38700 1 Processor -- start
2024-03-22T02:04:31.247 INFO:teuthology.orchestra.run.smithi028.stdout:/usr/bin/ceph: stderr
2024-03-22T02:04:29.954+0000 7f0342d38700 1 -- start start
2024-03-22T02:04:31.247 INFO:teuthology.orchestra.run.smithi028.stdout:/usr/bin/ceph: stderr
2024-03-22T02:04:29.954+0000 7f0342d38700 1 --2- >> [v2:172.21.15.28:3300/0,v1:172.21.15.28:6789/0] conn(0x7f033c106480 0x7f033c19c060 unknown :-1 s=NONE pgs=0 cs=0 l=1 rev1=0 crypto rx=0 tx=0 comp rx=0 tx=0).connect
2024-03-22T02:04:31.247 INFO:teuthology.orchestra.run.smithi028.stdout:/usr/bin/ceph: stderr
2024-03-22T02:04:29.954+0000 7f0342d38700 1 -- --> [v2:172.21.15.28:3300/0,v1:172.21.15.28:6789/0] -- mon_getmap magic: 0 -- 0x7f033c10c7d0 con 0x7f033c106480
2024-03-22T02:04:31.247 INFO:teuthology.orchestra.run.smithi028.stdout:/usr/bin/ceph: stderr
2024-03-22T02:04:29.954+0000 7f0340ad4700 1 --2- >> [v2:172.21.15.28:3300/0,v1:172.21.15.28:6789/0] conn(0x7f033c106480 0x7f033c19c060 unknown :-1 s=BANNER_CONNECTING pgs=0 cs=0 l=1 rev1=0 crypto rx=0 tx=0 comp rx=0 tx=0)._handle_peer_banner_payload supported=3 required=0
2024-03-22T02:04:31.247 INFO:teuthology.orchestra.run.smithi028.stdout:/usr/bin/ceph: stderr
2024-03-22T02:04:29.954+0000 7f0340ad4700 1 --2- >> [v2:172.21.15.28:3300/0,v1:172.21.15.28:6789/0] conn(0x7f033c106480 0x7f033c19c060 unknown :-1 s=HELLO_CONNECTING pgs=0 cs=0 l=1 rev1=1 crypto rx=0 tx=0 comp rx=0 tx=0).handle_hello peer v2:172.21.15.28:3300/0 says I am v2:172.21.15.28:36862/0 (socket says 172.21.15.28:36862)
2024-03-22T02:04:31.248 INFO:teuthology.orchestra.run.smithi028.stdout:/usr/bin/ceph: stderr
2024-03-22T02:04:29.954+0000 7f0340ad4700 1 -- 172.21.15.28:0/3655389594 learned_addr learned my addr 172.21.15.28:0/3655389594 (peer_addr_for_me v2:172.21.15.28:0/0)
2024-03-22T02:04:31.248 INFO:teuthology.orchestra.run.smithi028.stdout:/usr/bin/ceph: stderr
2024-03-22T02:04:29.954+0000 7f0340ad4700 1 -- 172.21.15.28:0/3655389594 --> [v2:172.21.15.28:3300/0,v1:172.21.15.28:6789/0] -- mon_subscribe({config=0+,monmap=0+}) -- 0x7f033c19c5a0 con 0x7f033c106480
2024-03-22T02:04:31.248 INFO:teuthology.orchestra.run.smithi028.stdout:/usr/bin/ceph: stderr
2024-03-22T02:04:29.954+0000 7f0340ad4700 1 --2- 172.21.15.28:0/3655389594 >> [v2:172.21.15.28:3300/0,v1:172.21.15.28:6789/0] conn(0x7f033c106480 0x7f033c19c060 secure :-1 s=READY pgs=73 cs=0 l=1 rev1=1 crypto rx=0x7f032c0117e0 tx=0x7f032c011c10 comp rx=0 tx=0).ready entity=mon.0 client_cookie=0 server_cookie=0 in_seq=0 out_seq=0
2024-03-22T02:04:31.248 INFO:teuthology.orchestra.run.smithi028.stdout:/usr/bin/ceph: stderr
2024-03-22T02:04:29.954+0000 7f0339ffb700 1 -- 172.21.15.28:0/3655389594 <== mon.0 v2:172.21.15.28:3300/0 1 ==== mon_map magic: 0 ==== 205+0+0 (secure 0 0 0) 0x7f032c003bf0 con 0x7f033c106480
2024-03-22T02:04:31.248 INFO:teuthology.orchestra.run.smithi028.stdout:/usr/bin/ceph: stderr
2024-03-22T02:04:29.954+0000 7f0339ffb700 1 -- 172.21.15.28:0/3655389594 <== mon.0 v2:172.21.15.28:3300/0 2 ==== config(27 keys) ==== 1140+0+0 (secure 0 0 0) 0x7f032c01a910 con 0x7f033c106480
2024-03-22T02:04:31.248 INFO:teuthology.orchestra.run.smithi028.stdout:/usr/bin/ceph: stderr
2024-03-22T02:04:29.954+0000 7f0339ffb700 1 -- 172.21.15.28:0/3655389594 <== mon.0 v2:172.21.15.28:3300/0 3 ==== mon_map magic: 0 ==== 205+0+0 (secure 0 0 0) 0x7f032c024970 con 0x7f033c106480
2024-03-22T02:04:31.248 INFO:teuthology.orchestra.run.smithi028.stdout:/usr/bin/ceph: stderr
2024-03-22T02:04:29.954+0000 7f0342d38700 1 -- 172.21.15.28:0/3655389594 --> [v2:172.21.15.28:3300/0,v1:172.21.15.28:6789/0] -- mon_subscribe({mgrmap=0+}) -- 0x7f033c19c830 con 0x7f033c106480
2024-03-22T02:04:31.248 INFO:teuthology.orchestra.run.smithi028.stdout:/usr/bin/ceph: stderr
2024-03-22T02:04:29.955+0000 7f0342d38700 1 -- 172.21.15.28:0/3655389594 --> [v2:172.21.15.28:3300/0,v1:172.21.15.28:6789/0] -- mon_subscribe({osdmap=0}) -- 0x7f033c19cc90 con 0x7f033c106480
2024-03-22T02:04:31.248 INFO:teuthology.orchestra.run.smithi028.stdout:/usr/bin/ceph: stderr
2024-03-22T02:04:29.956+0000 7f0339ffb700 1 -- 172.21.15.28:0/3655389594 <== mon.0 v2:172.21.15.28:3300/0 4 ==== mgrmap(e 12) ==== 46307+0+0 (secure 0 0 0) 0x7f032c022020 con 0x7f033c106480
2024-03-22T02:04:31.248 INFO:teuthology.orchestra.run.smithi028.stdout:/usr/bin/ceph: stderr
2024-03-22T02:04:29.956+0000 7f0339ffb700 1 --2- 172.21.15.28:0/3655389594 >> [v2:172.21.15.28:6800/4205492780,v1:172.21.15.28:6801/4205492780] conn(0x7f03280391e0 0x7f032803b6a0 unknown :-1 s=NONE pgs=0 cs=0 l=1 rev1=0 crypto rx=0 tx=0 comp rx=0 tx=0).connect
2024-03-22T02:04:31.248 INFO:teuthology.orchestra.run.smithi028.stdout:/usr/bin/ceph: stderr
2024-03-22T02:04:29.956+0000 7f0342d38700 1 -- 172.21.15.28:0/3655389594 --> [v2:172.21.15.28:3300/0,v1:172.21.15.28:6789/0] -- mon_command({"prefix": "get_command_descriptions"} v 0) -- 0x7f033c063cb0 con 0x7f033c106480
2024-03-22T02:04:31.249 INFO:teuthology.orchestra.run.smithi028.stdout:/usr/bin/ceph: stderr
2024-03-22T02:04:29.956+0000 7f0339ffb700 1 -- 172.21.15.28:0/3655389594 <== mon.0 v2:172.21.15.28:3300/0 5 ==== osd_map(3..3 src has 1..3) ==== 1155+0+0 (secure 0 0 0) 0x7f032c04d5c0 con 0x7f033c106480
2024-03-22T02:04:31.249 INFO:teuthology.orchestra.run.smithi028.stdout:/usr/bin/ceph: stderr
2024-03-22T02:04:29.956+0000 7f033bfff700 1 --2- 172.21.15.28:0/3655389594 >> [v2:172.21.15.28:6800/4205492780,v1:172.21.15.28:6801/4205492780] conn(0x7f03280391e0 0x7f032803b6a0 unknown :-1 s=BANNER_CONNECTING pgs=0 cs=0 l=1 rev1=0 crypto rx=0 tx=0 comp rx=0 tx=0)._handle_peer_banner_payload supported=3 required=0
2024-03-22T02:04:31.249 INFO:teuthology.orchestra.run.smithi028.stdout:/usr/bin/ceph: stderr
2024-03-22T02:04:29.956+0000 7f033bfff700 1 --2- 172.21.15.28:0/3655389594 >> [v2:172.21.15.28:6800/4205492780,v1:172.21.15.28:6801/4205492780] conn(0x7f03280391e0 0x7f032803b6a0 secure :-1 s=READY pgs=8 cs=0 l=1 rev1=1 crypto rx=0x7f0324006fd0 tx=0x7f0324006e40 comp rx=0 tx=0).ready entity=mgr.14152 client_cookie=0 server_cookie=0 in_seq=0 out_seq=0
2024-03-22T02:04:31.249 INFO:teuthology.orchestra.run.smithi028.stdout:/usr/bin/ceph: stderr
2024-03-22T02:04:29.962+0000 7f0339ffb700 1 -- 172.21.15.28:0/3655389594 <== mon.0 v2:172.21.15.28:3300/0 6 ==== mon_command_ack([{"prefix": "get_command_descriptions"}]=0 v0) ==== 72+0+186149 (secure 0 0 0) 0x7f032c011e20 con 0x7f033c106480
2024-03-22T02:04:31.249 INFO:teuthology.orchestra.run.smithi028.stdout:/usr/bin/ceph: stderr
2024-03-22T02:04:30.186+0000 7f0342d38700 1 -- 172.21.15.28:0/3655389594 --> [v2:172.21.15.28:6800/4205492780,v1:172.21.15.28:6801/4205492780] -- mgr_command(tid 0: {"prefix": "dashboard ac-user-create", "username": "admin", "rolename": "administrator", "force_password": true, "pwd_update_required": true, "target": ["mon-mgr", ""]}) -- 0x7f033c19f6c0 con 0x7f03280391e0
2024-03-22T02:04:31.249 INFO:teuthology.orchestra.run.smithi028.stdout:/usr/bin/ceph: stderr
2024-03-22T02:04:30.431+0000 7f0339ffb700 1 -- 172.21.15.28:0/3655389594 <== mgr.14152 v2:172.21.15.28:6800/4205492780 1 ==== mgr_command_reply(tid 0: 0 ) ==== 8+0+252 (secure 0 0 0) 0x7f033c19f6c0 con 0x7f03280391e0
2024-03-22T02:04:31.249 INFO:teuthology.orchestra.run.smithi028.stdout:/usr/bin/ceph: stderr
2024-03-22T02:04:30.433+0000 7f0342d38700 1 -- 172.21.15.28:0/3655389594 >> [v2:172.21.15.28:6800/4205492780,v1:172.21.15.28:6801/4205492780] conn(0x7f03280391e0 msgr2=0x7f032803b6a0 secure :-1 s=STATE_CONNECTION_ESTABLISHED l=1).mark_down
2024-03-22T02:04:31.249 INFO:teuthology.orchestra.run.smithi028.stdout:/usr/bin/ceph: stderr
2024-03-22T02:04:30.433+0000 7f0342d38700 1 --2- 172.21.15.28:0/3655389594 >> [v2:172.21.15.28:6800/4205492780,v1:172.21.15.28:6801/4205492780] conn(0x7f03280391e0 0x7f032803b6a0 secure :-1 s=READY pgs=8 cs=0 l=1 rev1=1 crypto rx=0x7f0324006fd0 tx=0x7f0324006e40 comp rx=0 tx=0).stop
2024-03-22T02:04:31.249 INFO:teuthology.orchestra.run.smithi028.stdout:/usr/bin/ceph: stderr
2024-03-22T02:04:30.434+0000 7f0342d38700 1 -- 172.21.15.28:0/3655389594 >> [v2:172.21.15.28:3300/0,v1:172.21.15.28:6789/0] conn(0x7f033c106480 msgr2=0x7f033c19c060 secure :-1 s=STATE_CONNECTION_ESTABLISHED l=1).mark_down
2024-03-22T02:04:31.249 INFO:teuthology.orchestra.run.smithi028.stdout:/usr/bin/ceph: stderr
2024-03-22T02:04:30.434+0000 7f0342d38700 1 --2- 172.21.15.28:0/3655389594 >> [v2:172.21.15.28:3300/0,v1:172.21.15.28:6789/0] conn(0x7f033c106480 0x7f033c19c060 secure :-1 s=READY pgs=73 cs=0 l=1 rev1=1 crypto rx=0x7f032c0117e0 tx=0x7f032c011c10 comp rx=0 tx=0).stop
2024-03-22T02:04:31.249 INFO:teuthology.orchestra.run.smithi028.stdout:/usr/bin/ceph: stderr
2024-03-22T02:04:30.434+0000 7f0342d38700 1 -- 172.21.15.28:0/3655389594 shutdown_connections
2024-03-22T02:04:31.250 INFO:teuthology.orchestra.run.smithi028.stdout:/usr/bin/ceph: stderr
2024-03-22T02:04:30.434+0000 7f0342d38700 1 --2- 172.21.15.28:0/3655389594 >> [v2:172.21.15.28:6800/4205492780,v1:172.21.15.28:6801/4205492780] conn(0x7f03280391e0 0x7f032803b6a0 unknown :-1 s=CLOSED pgs=8 cs=0 l=1 rev1=1 crypto rx=0 tx=0 comp rx=0 tx=0).stop
2024-03-22T02:04:31.250 INFO:teuthology.orchestra.run.smithi028.stdout:/usr/bin/ceph: stderr
2024-03-22T02:04:30.434+0000 7f0342d38700 1 --2- 172.21.15.28:0/3655389594 >> [v2:172.21.15.28:3300/0,v1:172.21.15.28:6789/0] conn(0x7f033c106480 0x7f033c19c060 unknown :-1 s=CLOSED pgs=73 cs=0 l=1 rev1=1 crypto rx=0 tx=0 comp rx=0 tx=0).stop
2024-03-22T02:04:31.250 INFO:teuthology.orchestra.run.smithi028.stdout:/usr/bin/ceph: stderr
2024-03-22T02:04:30.434+0000 7f0342d38700 1 -- 172.21.15.28:0/3655389594 >> 172.21.15.28:0/3655389594 conn(0x7f033c101d80 msgr2=0x7f033c102820 unknown :-1 s=STATE_NONE l=0).mark_down
2024-03-22T02:04:31.250 INFO:teuthology.orchestra.run.smithi028.stdout:/usr/bin/ceph: stderr
2024-03-22T02:04:30.434+0000 7f0342d38700 1 -- 172.21.15.28:0/3655389594 shutdown_connections
2024-03-22T02:04:31.250 INFO:teuthology.orchestra.run.smithi028.stdout:/usr/bin/ceph: stderr
2024-03-22T02:04:30.434+0000 7f0342d38700 1 -- 172.21.15.28:0/3655389594 wait complete.
2024-03-22T02:04:31.250 INFO:teuthology.orchestra.run.smithi028.stdout:Fetching dashboard port number...
2024-03-22T02:04:31.641 INFO:journalctl@ceph.mon.a.smithi028.stdout:Mar 22 02:04:31 smithi028 ceph-mon[31916]: from='client.14166 -' entity='client.admin' cmd=[{"prefix": "dashboard ac-user-create", "username": "admin", "rolename": "administrator", "force_password": true, "pwd_update_required": true, "target": ["mon-mgr", ""]}]: dispatch
2024-03-22T02:04:31.641 INFO:journalctl@ceph.mon.a.smithi028.stdout:Mar 22 02:04:31 smithi028 ceph-mon[31916]: from='mgr.14152 172.21.15.28:0/1877203768' entity='mgr.x'
2024-03-22T02:04:31.641 INFO:journalctl@ceph.mon.a.smithi028.stdout:Mar 22 02:04:31 smithi028 ceph-mon[31916]: from='mgr.14152 172.21.15.28:0/1877203768' entity='mgr.x'
2024-03-22T02:04:32.571 INFO:journalctl@ceph.mon.a.smithi028.stdout:Mar 22 02:04:32 smithi028 ceph-mon[31916]: from='client.? 172.21.15.28:0/1635096295' entity='client.admin' cmd=[{"prefix": "config get", "who": "mgr", "key": "mgr/dashboard/ssl_server_port"}]: dispatch
2024-03-22T02:04:32.957 INFO:teuthology.orchestra.run.smithi028.stdout:/usr/bin/ceph: stdout 8443
2024-03-22T02:04:32.957 INFO:teuthology.orchestra.run.smithi028.stdout:/usr/bin/ceph: stderr
2024-03-22T02:04:31.640+0000 7f8de0840700 1 Processor -- start
2024-03-22T02:04:32.957 INFO:teuthology.orchestra.run.smithi028.stdout:/usr/bin/ceph: stderr
2024-03-22T02:04:31.640+0000 7f8de0840700 1 -- start start
2024-03-22T02:04:32.958 INFO:teuthology.orchestra.run.smithi028.stdout:/usr/bin/ceph: stderr
2024-03-22T02:04:31.641+0000 7f8de0840700 1 --2- >> [v2:172.21.15.28:3300/0,v1:172.21.15.28:6789/0] conn(0x7f8ddc1063e0 0x7f8ddc106800 unknown :-1 s=NONE pgs=0 cs=0 l=0 rev1=0 crypto rx=0 tx=0 comp rx=0 tx=0).connect
2024-03-22T02:04:32.958 INFO:teuthology.orchestra.run.smithi028.stdout:/usr/bin/ceph: stderr
2024-03-22T02:04:31.641+0000 7f8de0840700 1 -- --> [v2:172.21.15.28:3300/0,v1:172.21.15.28:6789/0] -- mon_getmap magic: 0 -- 0x7f8ddc106dd0 con 0x7f8ddc1063e0
2024-03-22T02:04:32.958 INFO:teuthology.orchestra.run.smithi028.stdout:/usr/bin/ceph: stderr
2024-03-22T02:04:31.641+0000 7f8dda59c700 1 --2- >> [v2:172.21.15.28:3300/0,v1:172.21.15.28:6789/0] conn(0x7f8ddc1063e0 0x7f8ddc106800 unknown :-1 s=BANNER_CONNECTING pgs=0 cs=0 l=0 rev1=0 crypto rx=0 tx=0 comp rx=0 tx=0)._handle_peer_banner_payload supported=3 required=0
2024-03-22T02:04:32.958 INFO:teuthology.orchestra.run.smithi028.stdout:/usr/bin/ceph: stderr
2024-03-22T02:04:31.641+0000 7f8dda59c700 1 --2- >> [v2:172.21.15.28:3300/0,v1:172.21.15.28:6789/0] conn(0x7f8ddc1063e0 0x7f8ddc106800 unknown :-1 s=HELLO_CONNECTING pgs=0 cs=0 l=0 rev1=1 crypto rx=0 tx=0 comp rx=0 tx=0).handle_hello peer v2:172.21.15.28:3300/0 says I am v2:172.21.15.28:36866/0 (socket says 172.21.15.28:36866)
2024-03-22T02:04:32.958 INFO:teuthology.orchestra.run.smithi028.stdout:/usr/bin/ceph: stderr
2024-03-22T02:04:31.641+0000 7f8dda59c700 1 -- 172.21.15.28:0/3800135267 learned_addr learned my addr 172.21.15.28:0/3800135267 (peer_addr_for_me v2:172.21.15.28:0/0)
2024-03-22T02:04:32.958 INFO:teuthology.orchestra.run.smithi028.stdout:/usr/bin/ceph: stderr
2024-03-22T02:04:31.641+0000 7f8dda59c700 1 -- 172.21.15.28:0/3800135267 --> [v2:172.21.15.28:3300/0,v1:172.21.15.28:6789/0] -- mon_subscribe({config=0+,monmap=0+}) -- 0x7f8ddc1093c0 con 0x7f8ddc1063e0
2024-03-22T02:04:32.958 INFO:teuthology.orchestra.run.smithi028.stdout:/usr/bin/ceph: stderr
2024-03-22T02:04:31.641+0000 7f8dda59c700 1 --2- 172.21.15.28:0/3800135267 >> [v2:172.21.15.28:3300/0,v1:172.21.15.28:6789/0] conn(0x7f8ddc1063e0 0x7f8ddc106800 secure :-1 s=READY pgs=74 cs=0 l=1 rev1=1 crypto rx=0x7f8dcc0098a0 tx=0x7f8dcc009bb0 comp rx=0 tx=0).ready entity=mon.0 client_cookie=bb0f2dcd56d632f8 server_cookie=0 in_seq=0 out_seq=0
2024-03-22T02:04:32.958 INFO:teuthology.orchestra.run.smithi028.stdout:/usr/bin/ceph: stderr
2024-03-22T02:04:31.642+0000 7f8dd959a700 1 -- 172.21.15.28:0/3800135267 <== mon.0 v2:172.21.15.28:3300/0 1 ==== mon_map magic: 0 ==== 205+0+0 (secure 0 0 0) 0x7f8dcc004160 con 0x7f8ddc1063e0
2024-03-22T02:04:32.958 INFO:teuthology.orchestra.run.smithi028.stdout:/usr/bin/ceph: stderr
2024-03-22T02:04:31.642+0000 7f8dd959a700 1 -- 172.21.15.28:0/3800135267 <== mon.0 v2:172.21.15.28:3300/0 2 ==== config(27 keys) ==== 1140+0+0 (secure 0 0 0) 0x7f8dcc004300 con 0x7f8ddc1063e0
2024-03-22T02:04:32.958 INFO:teuthology.orchestra.run.smithi028.stdout:/usr/bin/ceph: stderr
2024-03-22T02:04:31.642+0000 7f8dd959a700 1 -- 172.21.15.28:0/3800135267 <== mon.0 v2:172.21.15.28:3300/0 3 ==== mon_map magic: 0 ==== 205+0+0 (secure 0 0 0) 0x7f8dcc011b20 con 0x7f8ddc1063e0
2024-03-22T02:04:32.959 INFO:teuthology.orchestra.run.smithi028.stdout:/usr/bin/ceph: stderr
2024-03-22T02:04:31.642+0000 7f8de0840700 1 -- 172.21.15.28:0/3800135267 >> [v2:172.21.15.28:3300/0,v1:172.21.15.28:6789/0] conn(0x7f8ddc1063e0 msgr2=0x7f8ddc106800 secure :-1 s=STATE_CONNECTION_ESTABLISHED l=1).mark_down
2024-03-22T02:04:32.959 INFO:teuthology.orchestra.run.smithi028.stdout:/usr/bin/ceph: stderr
2024-03-22T02:04:31.642+0000 7f8de0840700 1 --2- 172.21.15.28:0/3800135267 >> [v2:172.21.15.28:3300/0,v1:172.21.15.28:6789/0] conn(0x7f8ddc1063e0 0x7f8ddc106800 secure :-1 s=READY pgs=74 cs=0 l=1 rev1=1 crypto rx=0x7f8dcc0098a0 tx=0x7f8dcc009bb0 comp rx=0 tx=0).stop
2024-03-22T02:04:32.959 INFO:teuthology.orchestra.run.smithi028.stdout:/usr/bin/ceph: stderr
2024-03-22T02:04:31.643+0000 7f8de0840700 1 -- 172.21.15.28:0/3800135267 shutdown_connections
2024-03-22T02:04:32.959 INFO:teuthology.orchestra.run.smithi028.stdout:/usr/bin/ceph: stderr
2024-03-22T02:04:31.643+0000 7f8de0840700 1 --2- 172.21.15.28:0/3800135267 >> [v2:172.21.15.28:3300/0,v1:172.21.15.28:6789/0] conn(0x7f8ddc1063e0 0x7f8ddc106800 unknown :-1 s=CLOSED pgs=74 cs=0 l=1 rev1=1 crypto rx=0 tx=0 comp rx=0 tx=0).stop
2024-03-22T02:04:32.959 INFO:teuthology.orchestra.run.smithi028.stdout:/usr/bin/ceph: stderr
2024-03-22T02:04:31.643+0000 7f8de0840700 1 -- 172.21.15.28:0/3800135267 >> 172.21.15.28:0/3800135267 conn(0x7f8ddc101dc0 msgr2=0x7f8ddc1041e0 unknown :-1 s=STATE_NONE l=0).mark_down
2024-03-22T02:04:32.959 INFO:teuthology.orchestra.run.smithi028.stdout:/usr/bin/ceph: stderr
2024-03-22T02:04:31.643+0000 7f8de0840700 1 -- 172.21.15.28:0/3800135267 shutdown_connections
2024-03-22T02:04:32.959 INFO:teuthology.orchestra.run.smithi028.stdout:/usr/bin/ceph: stderr
2024-03-22T02:04:31.643+0000 7f8de0840700 1 -- 172.21.15.28:0/3800135267 wait complete.
2024-03-22T02:04:32.959 INFO:teuthology.orchestra.run.smithi028.stdout:/usr/bin/ceph: stderr
2024-03-22T02:04:31.643+0000 7f8de0840700 1 Processor -- start
2024-03-22T02:04:32.959 INFO:teuthology.orchestra.run.smithi028.stdout:/usr/bin/ceph: stderr
2024-03-22T02:04:31.644+0000 7f8de0840700 1 -- start start
2024-03-22T02:04:32.959 INFO:teuthology.orchestra.run.smithi028.stdout:/usr/bin/ceph: stderr
2024-03-22T02:04:31.644+0000 7f8de0840700 1 --2- >> [v2:172.21.15.28:3300/0,v1:172.21.15.28:6789/0] conn(0x7f8ddc1063e0 0x7f8ddc108c40 unknown :-1 s=NONE pgs=0 cs=0 l=1 rev1=0 crypto rx=0 tx=0 comp rx=0 tx=0).connect
2024-03-22T02:04:32.959 INFO:teuthology.orchestra.run.smithi028.stdout:/usr/bin/ceph: stderr
2024-03-22T02:04:31.644+0000 7f8de0840700 1 -- --> [v2:172.21.15.28:3300/0,v1:172.21.15.28:6789/0] -- mon_getmap magic: 0 -- 0x7f8ddc10c770 con 0x7f8ddc1063e0
2024-03-22T02:04:32.960 INFO:teuthology.orchestra.run.smithi028.stdout:/usr/bin/ceph: stderr
2024-03-22T02:04:31.644+0000 7f8dda59c700 1 --2- >> [v2:172.21.15.28:3300/0,v1:172.21.15.28:6789/0] conn(0x7f8ddc1063e0 0x7f8ddc108c40 unknown :-1 s=BANNER_CONNECTING pgs=0 cs=0 l=1 rev1=0 crypto rx=0 tx=0 comp rx=0 tx=0)._handle_peer_banner_payload supported=3 required=0
2024-03-22T02:04:32.960 INFO:teuthology.orchestra.run.smithi028.stdout:/usr/bin/ceph: stderr
2024-03-22T02:04:31.644+0000 7f8dda59c700 1 --2- >> [v2:172.21.15.28:3300/0,v1:172.21.15.28:6789/0] conn(0x7f8ddc1063e0 0x7f8ddc108c40 unknown :-1 s=HELLO_CONNECTING pgs=0 cs=0 l=1 rev1=1 crypto rx=0 tx=0 comp rx=0 tx=0).handle_hello peer v2:172.21.15.28:3300/0 says I am v2:172.21.15.28:36874/0 (socket says 172.21.15.28:36874)
2024-03-22T02:04:32.960 INFO:teuthology.orchestra.run.smithi028.stdout:/usr/bin/ceph: stderr
2024-03-22T02:04:31.644+0000 7f8dda59c700 1 -- 172.21.15.28:0/1635096295 learned_addr learned my addr 172.21.15.28:0/1635096295 (peer_addr_for_me v2:172.21.15.28:0/0)
2024-03-22T02:04:32.960 INFO:teuthology.orchestra.run.smithi028.stdout:/usr/bin/ceph: stderr
2024-03-22T02:04:31.644+0000 7f8dda59c700 1 -- 172.21.15.28:0/1635096295 --> [v2:172.21.15.28:3300/0,v1:172.21.15.28:6789/0] -- mon_subscribe({config=0+,monmap=0+}) -- 0x7f8ddc109180 con 0x7f8ddc1063e0
2024-03-22T02:04:32.960 INFO:teuthology.orchestra.run.smithi028.stdout:/usr/bin/ceph: stderr
2024-03-22T02:04:31.644+0000 7f8dda59c700 1 --2- 172.21.15.28:0/1635096295 >> [v2:172.21.15.28:3300/0,v1:172.21.15.28:6789/0] conn(0x7f8ddc1063e0 0x7f8ddc108c40 secure :-1 s=READY pgs=75 cs=0 l=1 rev1=1 crypto rx=0x7f8dcc0117e0 tx=0x7f8dcc011c10 comp rx=0 tx=0).ready entity=mon.0 client_cookie=0 server_cookie=0 in_seq=0 out_seq=0
2024-03-22T02:04:32.960 INFO:teuthology.orchestra.run.smithi028.stdout:/usr/bin/ceph: stderr
2024-03-22T02:04:31.644+0000 7f8dcb7fe700 1 -- 172.21.15.28:0/1635096295 <== mon.0 v2:172.21.15.28:3300/0 1 ==== mon_map magic: 0 ==== 205+0+0 (secure 0 0 0) 0x7f8dcc003bf0 con 0x7f8ddc1063e0
2024-03-22T02:04:32.960 INFO:teuthology.orchestra.run.smithi028.stdout:/usr/bin/ceph: stderr
2024-03-22T02:04:31.645+0000 7f8de0840700 1 -- 172.21.15.28:0/1635096295 --> [v2:172.21.15.28:3300/0,v1:172.21.15.28:6789/0] -- mon_subscribe({mgrmap=0+}) -- 0x7f8ddc107370 con 0x7f8ddc1063e0
2024-03-22T02:04:32.960 INFO:teuthology.orchestra.run.smithi028.stdout:/usr/bin/ceph: stderr
2024-03-22T02:04:31.645+0000 7f8dcb7fe700 1 -- 172.21.15.28:0/1635096295 <== mon.0 v2:172.21.15.28:3300/0 2 ==== config(27 keys) ==== 1140+0+0 (secure 0 0 0) 0x7f8dcc01a910 con 0x7f8ddc1063e0
2024-03-22T02:04:32.961 INFO:teuthology.orchestra.run.smithi028.stdout:/usr/bin/ceph: stderr
2024-03-22T02:04:31.645+0000 7f8dcb7fe700 1 -- 172.21.15.28:0/1635096295 <== mon.0 v2:172.21.15.28:3300/0 3 ==== mon_map magic: 0 ==== 205+0+0 (secure 0 0 0) 0x7f8dcc0249a0 con 0x7f8ddc1063e0
2024-03-22T02:04:32.961 INFO:teuthology.orchestra.run.smithi028.stdout:/usr/bin/ceph: stderr
2024-03-22T02:04:31.645+0000 7f8de0840700 1 -- 172.21.15.28:0/1635096295 --> [v2:172.21.15.28:3300/0,v1:172.21.15.28:6789/0] -- mon_subscribe({osdmap=0}) -- 0x7f8ddc107830 con 0x7f8ddc1063e0
2024-03-22T02:04:32.961 INFO:teuthology.orchestra.run.smithi028.stdout:/usr/bin/ceph: stderr
2024-03-22T02:04:31.646+0000 7f8de0840700 1 -- 172.21.15.28:0/1635096295 --> [v2:172.21.15.28:3300/0,v1:172.21.15.28:6789/0] -- mon_command({"prefix": "get_command_descriptions"} v 0) -- 0x7f8ddc063cb0 con 0x7f8ddc1063e0
2024-03-22T02:04:32.961 INFO:teuthology.orchestra.run.smithi028.stdout:/usr/bin/ceph: stderr
2024-03-22T02:04:31.646+0000 7f8dcb7fe700 1 -- 172.21.15.28:0/1635096295 <== mon.0 v2:172.21.15.28:3300/0 4 ==== mgrmap(e 12) ==== 46307+0+0 (secure 0 0 0) 0x7f8dcc022020 con 0x7f8ddc1063e0
2024-03-22T02:04:32.961 INFO:teuthology.orchestra.run.smithi028.stdout:/usr/bin/ceph: stderr
2024-03-22T02:04:31.646+0000 7f8dcb7fe700 1 --2- 172.21.15.28:0/1635096295 >> [v2:172.21.15.28:6800/4205492780,v1:172.21.15.28:6801/4205492780] conn(0x7f8dc4039180 0x7f8dc403b640 unknown :-1 s=NONE pgs=0 cs=0 l=1 rev1=0 crypto rx=0 tx=0 comp rx=0 tx=0).connect
2024-03-22T02:04:32.961 INFO:teuthology.orchestra.run.smithi028.stdout:/usr/bin/ceph: stderr
2024-03-22T02:04:31.646+0000 7f8dcb7fe700 1 -- 172.21.15.28:0/1635096295 <== mon.0 v2:172.21.15.28:3300/0 5 ==== osd_map(3..3 src has 1..3) ==== 1155+0+0 (secure 0 0 0) 0x7f8dcc04d7e0 con 0x7f8ddc1063e0
2024-03-22T02:04:32.961 INFO:teuthology.orchestra.run.smithi028.stdout:/usr/bin/ceph: stderr
2024-03-22T02:04:31.646+0000 7f8dd9d9b700 1 --2- 172.21.15.28:0/1635096295 >> [v2:172.21.15.28:6800/4205492780,v1:172.21.15.28:6801/4205492780] conn(0x7f8dc4039180 0x7f8dc403b640 unknown :-1 s=BANNER_CONNECTING pgs=0 cs=0 l=1 rev1=0 crypto rx=0 tx=0 comp rx=0 tx=0)._handle_peer_banner_payload supported=3 required=0
2024-03-22T02:04:32.961 INFO:teuthology.orchestra.run.smithi028.stdout:/usr/bin/ceph: stderr
2024-03-22T02:04:31.647+0000 7f8dd9d9b700 1 --2- 172.21.15.28:0/1635096295 >> [v2:172.21.15.28:6800/4205492780,v1:172.21.15.28:6801/4205492780] conn(0x7f8dc4039180 0x7f8dc403b640 secure :-1 s=READY pgs=9 cs=0 l=1 rev1=1 crypto rx=0x7f8dd0006fd0 tx=0x7f8dd0006e40 comp rx=0 tx=0).ready entity=mgr.14152 client_cookie=0 server_cookie=0 in_seq=0 out_seq=0
2024-03-22T02:04:32.961 INFO:teuthology.orchestra.run.smithi028.stdout:/usr/bin/ceph: stderr
2024-03-22T02:04:31.651+0000 7f8dcb7fe700 1 -- 172.21.15.28:0/1635096295 <== mon.0 v2:172.21.15.28:3300/0 6 ==== mon_command_ack([{"prefix": "get_command_descriptions"}]=0 v0) ==== 72+0+186149 (secure 0 0 0) 0x7f8dcc011e20 con 0x7f8ddc1063e0
2024-03-22T02:04:32.961 INFO:teuthology.orchestra.run.smithi028.stdout:/usr/bin/ceph: stderr
2024-03-22T02:04:31.857+0000 7f8de0840700 1 -- 172.21.15.28:0/1635096295 --> [v2:172.21.15.28:3300/0,v1:172.21.15.28:6789/0] -- mon_command({"prefix": "config get", "who": "mgr", "key": "mgr/dashboard/ssl_server_port"} v 0) -- 0x7f8ddc107ab0 con 0x7f8ddc1063e0
2024-03-22T02:04:32.961 INFO:teuthology.orchestra.run.smithi028.stdout:/usr/bin/ceph: stderr
2024-03-22T02:04:31.857+0000 7f8dcb7fe700 1 -- 172.21.15.28:0/1635096295 <== mon.0 v2:172.21.15.28:3300/0 7 ==== mon_command_ack([{"prefix": "config get", "who": "mgr", "key": "mgr/dashboard/ssl_server_port"}]=0 v8) ==== 112+0+5 (secure 0 0 0) 0x7f8dcc00b9d0 con 0x7f8ddc1063e0
2024-03-22T02:04:32.962 INFO:teuthology.orchestra.run.smithi028.stdout:/usr/bin/ceph: stderr
2024-03-22T02:04:31.860+0000 7f8de0840700 1 -- 172.21.15.28:0/1635096295 >> [v2:172.21.15.28:6800/4205492780,v1:172.21.15.28:6801/4205492780] conn(0x7f8dc4039180 msgr2=0x7f8dc403b640 secure :-1 s=STATE_CONNECTION_ESTABLISHED l=1).mark_down
2024-03-22T02:04:32.962 INFO:teuthology.orchestra.run.smithi028.stdout:/usr/bin/ceph: stderr
2024-03-22T02:04:31.860+0000 7f8de0840700 1 --2- 172.21.15.28:0/1635096295 >> [v2:172.21.15.28:6800/4205492780,v1:172.21.15.28:6801/4205492780] conn(0x7f8dc4039180 0x7f8dc403b640 secure :-1 s=READY pgs=9 cs=0 l=1 rev1=1 crypto rx=0x7f8dd0006fd0 tx=0x7f8dd0006e40 comp rx=0 tx=0).stop
2024-03-22T02:04:32.962 INFO:teuthology.orchestra.run.smithi028.stdout:/usr/bin/ceph: stderr
2024-03-22T02:04:31.860+0000 7f8de0840700 1 -- 172.21.15.28:0/1635096295 >> [v2:172.21.15.28:3300/0,v1:172.21.15.28:6789/0] conn(0x7f8ddc1063e0 msgr2=0x7f8ddc108c40 secure :-1 s=STATE_CONNECTION_ESTABLISHED l=1).mark_down
2024-03-22T02:04:32.962 INFO:teuthology.orchestra.run.smithi028.stdout:/usr/bin/ceph: stderr
2024-03-22T02:04:31.860+0000 7f8de0840700 1 --2- 172.21.15.28:0/1635096295 >> [v2:172.21.15.28:3300/0,v1:172.21.15.28:6789/0] conn(0x7f8ddc1063e0 0x7f8ddc108c40 secure :-1 s=READY pgs=75 cs=0 l=1 rev1=1 crypto rx=0x7f8dcc0117e0 tx=0x7f8dcc011c10 comp rx=0 tx=0).stop
2024-03-22T02:04:32.962 INFO:teuthology.orchestra.run.smithi028.stdout:/usr/bin/ceph: stderr
2024-03-22T02:04:31.860+0000 7f8de0840700 1 -- 172.21.15.28:0/1635096295 shutdown_connections
2024-03-22T02:04:32.962 INFO:teuthology.orchestra.run.smithi028.stdout:/usr/bin/ceph: stderr
2024-03-22T02:04:31.860+0000 7f8de0840700 1 --2- 172.21.15.28:0/1635096295 >> [v2:172.21.15.28:6800/4205492780,v1:172.21.15.28:6801/4205492780] conn(0x7f8dc4039180 0x7f8dc403b640 unknown :-1 s=CLOSED pgs=9 cs=0 l=1 rev1=1 crypto rx=0 tx=0 comp rx=0 tx=0).stop
2024-03-22T02:04:32.962 INFO:teuthology.orchestra.run.smithi028.stdout:/usr/bin/ceph: stderr
2024-03-22T02:04:31.860+0000 7f8de0840700 1 --2- 172.21.15.28:0/1635096295 >> [v2:172.21.15.28:3300/0,v1:172.21.15.28:6789/0] conn(0x7f8ddc1063e0 0x7f8ddc108c40 unknown :-1 s=CLOSED pgs=75 cs=0 l=1 rev1=1 crypto rx=0 tx=0 comp rx=0 tx=0).stop
2024-03-22T02:04:32.962 INFO:teuthology.orchestra.run.smithi028.stdout:/usr/bin/ceph: stderr
2024-03-22T02:04:31.860+0000 7f8de0840700 1 -- 172.21.15.28:0/1635096295 >> 172.21.15.28:0/1635096295 conn(0x7f8ddc101dc0 msgr2=0x7f8ddc1028d0 unknown :-1 s=STATE_NONE l=0).mark_down
2024-03-22T02:04:32.962 INFO:teuthology.orchestra.run.smithi028.stdout:/usr/bin/ceph: stderr
2024-03-22T02:04:31.860+0000 7f8de0840700 1 -- 172.21.15.28:0/1635096295 shutdown_connections
2024-03-22T02:04:32.962 INFO:teuthology.orchestra.run.smithi028.stdout:/usr/bin/ceph: stderr
2024-03-22T02:04:31.860+0000 7f8de0840700 1 -- 172.21.15.28:0/1635096295 wait complete.
2024-03-22T02:04:32.964 INFO:teuthology.orchestra.run.smithi028.stdout:Non-zero exit code 1 from systemctl is-enabled firewalld.service
2024-03-22T02:04:32.964 INFO:teuthology.orchestra.run.smithi028.stdout:systemctl: stdout disabled
2024-03-22T02:04:32.972 INFO:teuthology.orchestra.run.smithi028.stdout:Non-zero exit code 3 from systemctl is-active firewalld.service
2024-03-22T02:04:32.972 INFO:teuthology.orchestra.run.smithi028.stdout:systemctl: stdout inactive
2024-03-22T02:04:32.972 INFO:teuthology.orchestra.run.smithi028.stdout:firewalld.service is not enabled
2024-03-22T02:04:32.972 INFO:teuthology.orchestra.run.smithi028.stdout:Not possible to open ports <[8443]>. firewalld.service is not available
2024-03-22T02:04:32.973 INFO:teuthology.orchestra.run.smithi028.stdout:Ceph Dashboard is now available at:
2024-03-22T02:04:32.973 INFO:teuthology.orchestra.run.smithi028.stdout:
2024-03-22T02:04:32.973 INFO:teuthology.orchestra.run.smithi028.stdout: URL: https://smithi028.front.sepia.ceph.com:8443/
2024-03-22T02:04:32.974 INFO:teuthology.orchestra.run.smithi028.stdout: User: admin
2024-03-22T02:04:32.974 INFO:teuthology.orchestra.run.smithi028.stdout: Password: 64h1dck1i6
2024-03-22T02:04:32.974 INFO:teuthology.orchestra.run.smithi028.stdout:
2024-03-22T02:04:32.974 INFO:teuthology.orchestra.run.smithi028.stdout:Saving cluster configuration to /var/lib/ceph/426c3602-e7f0-11ee-95cd-87774f69a715/config directory
2024-03-22T02:04:32.974 INFO:teuthology.orchestra.run.smithi028.stdout:Enabling autotune for osd_memory_target
2024-03-22T02:04:34.664 INFO:journalctl@ceph.mon.a.smithi028.stdout:Mar 22 02:04:34 smithi028 ceph-mon[31916]: mgrmap e13: x(active, since 6s)
2024-03-22T02:04:34.672 INFO:teuthology.orchestra.run.smithi028.stdout:/usr/bin/ceph: stderr
2024-03-22T02:04:33.755+0000 7f5ebdb2e700 1 Processor -- start
2024-03-22T02:04:34.672 INFO:teuthology.orchestra.run.smithi028.stdout:/usr/bin/ceph: stderr
2024-03-22T02:04:33.756+0000 7f5ebdb2e700 1 -- start start
2024-03-22T02:04:34.673 INFO:teuthology.orchestra.run.smithi028.stdout:/usr/bin/ceph: stderr
2024-03-22T02:04:33.756+0000 7f5ebdb2e700 1 --2- >> [v2:172.21.15.28:3300/0,v1:172.21.15.28:6789/0] conn(0x7f5eb8109770 0x7f5eb8109b90 unknown :-1 s=NONE pgs=0 cs=0 l=0 rev1=0 crypto rx=0 tx=0 comp rx=0 tx=0).connect
2024-03-22T02:04:34.673 INFO:teuthology.orchestra.run.smithi028.stdout:/usr/bin/ceph: stderr
2024-03-22T02:04:33.756+0000 7f5ebdb2e700 1 -- --> [v2:172.21.15.28:3300/0,v1:172.21.15.28:6789/0] -- mon_getmap magic: 0 -- 0x7f5eb810a160 con 0x7f5eb8109770
2024-03-22T02:04:34.673 INFO:teuthology.orchestra.run.smithi028.stdout:/usr/bin/ceph: stderr
2024-03-22T02:04:33.756+0000 7f5eb77fe700 1 --2- >> [v2:172.21.15.28:3300/0,v1:172.21.15.28:6789/0] conn(0x7f5eb8109770 0x7f5eb8109b90 unknown :-1 s=BANNER_CONNECTING pgs=0 cs=0 l=0 rev1=0 crypto rx=0 tx=0 comp rx=0 tx=0)._handle_peer_banner_payload supported=3 required=0
2024-03-22T02:04:34.673 INFO:teuthology.orchestra.run.smithi028.stdout:/usr/bin/ceph: stderr
2024-03-22T02:04:33.756+0000 7f5eb77fe700 1 --2- >> [v2:172.21.15.28:3300/0,v1:172.21.15.28:6789/0] conn(0x7f5eb8109770 0x7f5eb8109b90 unknown :-1 s=HELLO_CONNECTING pgs=0 cs=0 l=0 rev1=1 crypto rx=0 tx=0 comp rx=0 tx=0).handle_hello peer v2:172.21.15.28:3300/0 says I am v2:172.21.15.28:36432/0 (socket says 172.21.15.28:36432)
2024-03-22T02:04:34.673 INFO:teuthology.orchestra.run.smithi028.stdout:/usr/bin/ceph: stderr
2024-03-22T02:04:33.756+0000 7f5eb77fe700 1 -- 172.21.15.28:0/3367052894 learned_addr learned my addr 172.21.15.28:0/3367052894 (peer_addr_for_me v2:172.21.15.28:0/0)
2024-03-22T02:04:34.673 INFO:teuthology.orchestra.run.smithi028.stdout:/usr/bin/ceph: stderr
2024-03-22T02:04:33.756+0000 7f5eb77fe700 1 -- 172.21.15.28:0/3367052894 --> [v2:172.21.15.28:3300/0,v1:172.21.15.28:6789/0] -- mon_subscribe({config=0+,monmap=0+}) -- 0x7f5eb810a2e0 con 0x7f5eb8109770
2024-03-22T02:04:34.673 INFO:teuthology.orchestra.run.smithi028.stdout:/usr/bin/ceph: stderr
2024-03-22T02:04:33.756+0000 7f5eb77fe700 1 --2- 172.21.15.28:0/3367052894 >> [v2:172.21.15.28:3300/0,v1:172.21.15.28:6789/0] conn(0x7f5eb8109770 0x7f5eb8109b90 secure :-1 s=READY pgs=76 cs=0 l=1 rev1=1 crypto rx=0x7f5ea80098a0 tx=0x7f5ea8009bb0 comp rx=0 tx=0).ready entity=mon.0 client_cookie=4bed7290f444a565 server_cookie=0 in_seq=0 out_seq=0
2024-03-22T02:04:34.673 INFO:teuthology.orchestra.run.smithi028.stdout:/usr/bin/ceph: stderr
2024-03-22T02:04:33.757+0000 7f5eb67fc700 1 -- 172.21.15.28:0/3367052894 <== mon.0 v2:172.21.15.28:3300/0 1 ==== mon_map magic: 0 ==== 205+0+0 (secure 0 0 0) 0x7f5ea8004160 con 0x7f5eb8109770
2024-03-22T02:04:34.673 INFO:teuthology.orchestra.run.smithi028.stdout:/usr/bin/ceph: stderr
2024-03-22T02:04:33.757+0000 7f5eb67fc700 1 -- 172.21.15.28:0/3367052894 <== mon.0 v2:172.21.15.28:3300/0 2 ==== config(27 keys) ==== 1140+0+0 (secure 0 0 0) 0x7f5ea8004300 con 0x7f5eb8109770
2024-03-22T02:04:34.673 INFO:teuthology.orchestra.run.smithi028.stdout:/usr/bin/ceph: stderr
2024-03-22T02:04:33.757+0000 7f5eb67fc700 1 -- 172.21.15.28:0/3367052894 <== mon.0 v2:172.21.15.28:3300/0 3 ==== mon_map magic: 0 ==== 205+0+0 (secure 0 0 0) 0x7f5ea8011b20 con 0x7f5eb8109770
2024-03-22T02:04:34.673 INFO:teuthology.orchestra.run.smithi028.stdout:/usr/bin/ceph: stderr
2024-03-22T02:04:33.757+0000 7f5ebdb2e700 1 -- 172.21.15.28:0/3367052894 >> [v2:172.21.15.28:3300/0,v1:172.21.15.28:6789/0] conn(0x7f5eb8109770 msgr2=0x7f5eb8109b90 secure :-1 s=STATE_CONNECTION_ESTABLISHED l=1).mark_down
2024-03-22T02:04:34.674 INFO:teuthology.orchestra.run.smithi028.stdout:/usr/bin/ceph: stderr
2024-03-22T02:04:33.757+0000 7f5ebdb2e700 1 --2- 172.21.15.28:0/3367052894 >> [v2:172.21.15.28:3300/0,v1:172.21.15.28:6789/0] conn(0x7f5eb8109770 0x7f5eb8109b90 secure :-1 s=READY pgs=76 cs=0 l=1 rev1=1 crypto rx=0x7f5ea80098a0 tx=0x7f5ea8009bb0 comp rx=0 tx=0).stop
2024-03-22T02:04:34.674 INFO:teuthology.orchestra.run.smithi028.stdout:/usr/bin/ceph: stderr
2024-03-22T02:04:33.757+0000 7f5ebdb2e700 1 -- 172.21.15.28:0/3367052894 shutdown_connections
2024-03-22T02:04:34.674 INFO:teuthology.orchestra.run.smithi028.stdout:/usr/bin/ceph: stderr
2024-03-22T02:04:33.757+0000 7f5ebdb2e700 1 --2- 172.21.15.28:0/3367052894 >> [v2:172.21.15.28:3300/0,v1:172.21.15.28:6789/0] conn(0x7f5eb8109770 0x7f5eb8109b90 unknown :-1 s=CLOSED pgs=76 cs=0 l=1 rev1=1 crypto rx=0 tx=0 comp rx=0 tx=0).stop
2024-03-22T02:04:34.674 INFO:teuthology.orchestra.run.smithi028.stdout:/usr/bin/ceph: stderr
2024-03-22T02:04:33.757+0000 7f5ebdb2e700 1 -- 172.21.15.28:0/3367052894 >> 172.21.15.28:0/3367052894 conn(0x7f5eb8101df0 msgr2=0x7f5eb8104210 unknown :-1 s=STATE_NONE l=0).mark_down
2024-03-22T02:04:34.674 INFO:teuthology.orchestra.run.smithi028.stdout:/usr/bin/ceph: stderr
2024-03-22T02:04:33.757+0000 7f5ebdb2e700 1 -- 172.21.15.28:0/3367052894 shutdown_connections
2024-03-22T02:04:34.674 INFO:teuthology.orchestra.run.smithi028.stdout:/usr/bin/ceph: stderr
2024-03-22T02:04:33.757+0000 7f5ebdb2e700 1 -- 172.21.15.28:0/3367052894 wait complete.
2024-03-22T02:04:34.674 INFO:teuthology.orchestra.run.smithi028.stdout:/usr/bin/ceph: stderr
2024-03-22T02:04:33.758+0000 7f5ebdb2e700 1 Processor -- start
2024-03-22T02:04:34.674 INFO:teuthology.orchestra.run.smithi028.stdout:/usr/bin/ceph: stderr
2024-03-22T02:04:33.758+0000 7f5ebdb2e700 1 -- start start
2024-03-22T02:04:34.674 INFO:teuthology.orchestra.run.smithi028.stdout:/usr/bin/ceph: stderr
2024-03-22T02:04:33.758+0000 7f5ebdb2e700 1 --2- >> [v2:172.21.15.28:3300/0,v1:172.21.15.28:6789/0] conn(0x7f5eb8109770 0x7f5eb819c010 unknown :-1 s=NONE pgs=0 cs=0 l=1 rev1=0 crypto rx=0 tx=0 comp rx=0 tx=0).connect
2024-03-22T02:04:34.674 INFO:teuthology.orchestra.run.smithi028.stdout:/usr/bin/ceph: stderr
2024-03-22T02:04:33.758+0000 7f5ebdb2e700 1 -- --> [v2:172.21.15.28:3300/0,v1:172.21.15.28:6789/0] -- mon_getmap magic: 0 -- 0x7f5eb8107080 con 0x7f5eb8109770
2024-03-22T02:04:34.674 INFO:teuthology.orchestra.run.smithi028.stdout:/usr/bin/ceph: stderr
2024-03-22T02:04:33.758+0000 7f5eb77fe700 1 --2- >> [v2:172.21.15.28:3300/0,v1:172.21.15.28:6789/0] conn(0x7f5eb8109770 0x7f5eb819c010 unknown :-1 s=BANNER_CONNECTING pgs=0 cs=0 l=1 rev1=0 crypto rx=0 tx=0 comp rx=0 tx=0)._handle_peer_banner_payload supported=3 required=0
2024-03-22T02:04:34.674 INFO:teuthology.orchestra.run.smithi028.stdout:/usr/bin/ceph: stderr
2024-03-22T02:04:33.758+0000 7f5eb77fe700 1 --2- >> [v2:172.21.15.28:3300/0,v1:172.21.15.28:6789/0] conn(0x7f5eb8109770 0x7f5eb819c010 unknown :-1 s=HELLO_CONNECTING pgs=0 cs=0 l=1 rev1=1 crypto rx=0 tx=0 comp rx=0 tx=0).handle_hello peer v2:172.21.15.28:3300/0 says I am v2:172.21.15.28:36444/0 (socket says 172.21.15.28:36444)
2024-03-22T02:04:34.674 INFO:teuthology.orchestra.run.smithi028.stdout:/usr/bin/ceph: stderr
2024-03-22T02:04:33.758+0000 7f5eb77fe700 1 -- 172.21.15.28:0/1613458578 learned_addr learned my addr 172.21.15.28:0/1613458578 (peer_addr_for_me v2:172.21.15.28:0/0)
2024-03-22T02:04:34.675 INFO:teuthology.orchestra.run.smithi028.stdout:/usr/bin/ceph: stderr
2024-03-22T02:04:33.759+0000 7f5eb77fe700 1 -- 172.21.15.28:0/1613458578 --> [v2:172.21.15.28:3300/0,v1:172.21.15.28:6789/0] -- mon_subscribe({config=0+,monmap=0+}) -- 0x7f5eb819c550 con 0x7f5eb8109770
