2024-03-22T02:04:16.640 INFO:teuthology.orchestra.run.smithi028.stdout:/usr/bin/ceph: stderr
2024-03-22T02:04:15.827+0000 7fd7c77e8700 1 -- --> [v2:172.21.15.28:3300/0,v1:172.21.15.28:6789/0] -- mon_getmap magic: 0 -- 0x7fd7c010e6e0 con 0x7fd7c007dd90
2024-03-22T02:04:16.640 INFO:teuthology.orchestra.run.smithi028.stdout:/usr/bin/ceph: stderr
2024-03-22T02:04:15.827+0000 7fd7c5584700 1 --2- >> [v2:172.21.15.28:3300/0,v1:172.21.15.28:6789/0] conn(0x7fd7c007dd90 0x7fd7c019e1e0 unknown :-1 s=BANNER_CONNECTING pgs=0 cs=0 l=1 rev1=0 crypto rx=0 tx=0 comp rx=0 tx=0)._handle_peer_banner_payload supported=3 required=0
2024-03-22T02:04:16.640 INFO:teuthology.orchestra.run.smithi028.stdout:/usr/bin/ceph: stderr
2024-03-22T02:04:15.827+0000 7fd7c5584700 1 --2- >> [v2:172.21.15.28:3300/0,v1:172.21.15.28:6789/0] conn(0x7fd7c007dd90 0x7fd7c019e1e0 unknown :-1 s=HELLO_CONNECTING pgs=0 cs=0 l=1 rev1=1 crypto rx=0 tx=0 comp rx=0 tx=0).handle_hello peer v2:172.21.15.28:3300/0 says I am v2:172.21.15.28:43510/0 (socket says 172.21.15.28:43510)
2024-03-22T02:04:16.640 INFO:teuthology.orchestra.run.smithi028.stdout:/usr/bin/ceph: stderr
2024-03-22T02:04:15.827+0000 7fd7c5584700 1 -- 172.21.15.28:0/3684563095 learned_addr learned my addr 172.21.15.28:0/3684563095 (peer_addr_for_me v2:172.21.15.28:0/0)
2024-03-22T02:04:16.640 INFO:teuthology.orchestra.run.smithi028.stdout:/usr/bin/ceph: stderr
2024-03-22T02:04:15.827+0000 7fd7c5584700 1 -- 172.21.15.28:0/3684563095 --> [v2:172.21.15.28:3300/0,v1:172.21.15.28:6789/0] -- mon_subscribe({config=0+,monmap=0+}) -- 0x7fd7c019e720 con 0x7fd7c007dd90
2024-03-22T02:04:16.640 INFO:teuthology.orchestra.run.smithi028.stdout:/usr/bin/ceph: stderr
2024-03-22T02:04:15.827+0000 7fd7c5584700 1 --2- 172.21.15.28:0/3684563095 >> [v2:172.21.15.28:3300/0,v1:172.21.15.28:6789/0] conn(0x7fd7c007dd90 0x7fd7c019e1e0 secure :-1 s=READY pgs=52 cs=0 l=1 rev1=1 crypto rx=0x7fd7b00117e0 tx=0x7fd7b0011ba0 comp rx=0 tx=0).ready entity=mon.0 client_cookie=0 server_cookie=0 in_seq=0 out_seq=0
2024-03-22T02:04:16.640 INFO:teuthology.orchestra.run.smithi028.stdout:/usr/bin/ceph: stderr
2024-03-22T02:04:15.828+0000 7fd7b67fc700 1 -- 172.21.15.28:0/3684563095 <== mon.0 v2:172.21.15.28:3300/0 1 ==== mon_map magic: 0 ==== 205+0+0 (secure 0 0 0) 0x7fd7b0003ba0 con 0x7fd7c007dd90
2024-03-22T02:04:16.640 INFO:teuthology.orchestra.run.smithi028.stdout:/usr/bin/ceph: stderr
2024-03-22T02:04:15.828+0000 7fd7b67fc700 1 -- 172.21.15.28:0/3684563095 <== mon.0 v2:172.21.15.28:3300/0 2 ==== config(27 keys) ==== 1140+0+0 (secure 0 0 0) 0x7fd7b001a910 con 0x7fd7c007dd90
2024-03-22T02:04:16.640 INFO:teuthology.orchestra.run.smithi028.stdout:/usr/bin/ceph: stderr
2024-03-22T02:04:15.828+0000 7fd7c77e8700 1 -- 172.21.15.28:0/3684563095 --> [v2:172.21.15.28:3300/0,v1:172.21.15.28:6789/0] -- mon_subscribe({mgrmap=0+}) -- 0x7fd7c019e9b0 con 0x7fd7c007dd90
2024-03-22T02:04:16.640 INFO:teuthology.orchestra.run.smithi028.stdout:/usr/bin/ceph: stderr
2024-03-22T02:04:15.828+0000 7fd7b67fc700 1 -- 172.21.15.28:0/3684563095 <== mon.0 v2:172.21.15.28:3300/0 3 ==== mon_map magic: 0 ==== 205+0+0 (secure 0 0 0) 0x7fd7b00248f0 con 0x7fd7c007dd90
2024-03-22T02:04:16.640 INFO:teuthology.orchestra.run.smithi028.stdout:/usr/bin/ceph: stderr
2024-03-22T02:04:15.828+0000 7fd7c77e8700 1 -- 172.21.15.28:0/3684563095 --> [v2:172.21.15.28:3300/0,v1:172.21.15.28:6789/0] -- mon_subscribe({osdmap=0}) -- 0x7fd7c019ee10 con 0x7fd7c007dd90
2024-03-22T02:04:16.641 INFO:teuthology.orchestra.run.smithi028.stdout:/usr/bin/ceph: stderr
2024-03-22T02:04:15.829+0000 7fd7c77e8700 1 -- 172.21.15.28:0/3684563095 --> [v2:172.21.15.28:3300/0,v1:172.21.15.28:6789/0] -- mon_command({"prefix": "get_command_descriptions"} v 0) -- 0x7fd7c0063cb0 con 0x7fd7c007dd90
2024-03-22T02:04:16.641 INFO:teuthology.orchestra.run.smithi028.stdout:/usr/bin/ceph: stderr
2024-03-22T02:04:15.829+0000 7fd7b67fc700 1 -- 172.21.15.28:0/3684563095 <== mon.0 v2:172.21.15.28:3300/0 4 ==== mgrmap(e 8) ==== 46294+0+0 (secure 0 0 0) 0x7fd7b0022020 con 0x7fd7c007dd90
2024-03-22T02:04:16.641 INFO:teuthology.orchestra.run.smithi028.stdout:/usr/bin/ceph: stderr
2024-03-22T02:04:15.829+0000 7fd7b67fc700 1 --2- 172.21.15.28:0/3684563095 >> [v2:172.21.15.28:6800/3429985942,v1:172.21.15.28:6801/3429985942] conn(0x7fd7ac039180 0x7fd7ac03b640 unknown :-1 s=NONE pgs=0 cs=0 l=1 rev1=0 crypto rx=0 tx=0 comp rx=0 tx=0).connect
2024-03-22T02:04:16.641 INFO:teuthology.orchestra.run.smithi028.stdout:/usr/bin/ceph: stderr
2024-03-22T02:04:15.829+0000 7fd7b67fc700 1 -- 172.21.15.28:0/3684563095 <== mon.0 v2:172.21.15.28:3300/0 5 ==== osd_map(2..2 src has 1..2) ==== 940+0+0 (secure 0 0 0) 0x7fd7b004dad0 con 0x7fd7c007dd90
2024-03-22T02:04:16.641 INFO:teuthology.orchestra.run.smithi028.stdout:/usr/bin/ceph: stderr
2024-03-22T02:04:15.829+0000 7fd7c4d83700 1 --2- 172.21.15.28:0/3684563095 >> [v2:172.21.15.28:6800/3429985942,v1:172.21.15.28:6801/3429985942] conn(0x7fd7ac039180 0x7fd7ac03b640 unknown :-1 s=BANNER_CONNECTING pgs=0 cs=0 l=1 rev1=0 crypto rx=0 tx=0 comp rx=0 tx=0)._handle_peer_banner_payload supported=3 required=0
2024-03-22T02:04:16.641 INFO:teuthology.orchestra.run.smithi028.stdout:/usr/bin/ceph: stderr
2024-03-22T02:04:15.829+0000 7fd7c4d83700 1 --2- 172.21.15.28:0/3684563095 >> [v2:172.21.15.28:6800/3429985942,v1:172.21.15.28:6801/3429985942] conn(0x7fd7ac039180 0x7fd7ac03b640 secure :-1 s=READY pgs=14 cs=0 l=1 rev1=1 crypto rx=0x7fd7bc006fd0 tx=0x7fd7bc006e40 comp rx=0 tx=0).ready entity=mgr.14120 client_cookie=0 server_cookie=0 in_seq=0 out_seq=0
2024-03-22T02:04:16.641 INFO:teuthology.orchestra.run.smithi028.stdout:/usr/bin/ceph: stderr
2024-03-22T02:04:15.838+0000 7fd7b67fc700 1 -- 172.21.15.28:0/3684563095 <== mon.0 v2:172.21.15.28:3300/0 6 ==== mon_command_ack([{"prefix": "get_command_descriptions"}]=0 v0) ==== 72+0+186149 (secure 0 0 0) 0x7fd7b002d910 con 0x7fd7c007dd90
2024-03-22T02:04:16.641 INFO:teuthology.orchestra.run.smithi028.stdout:/usr/bin/ceph: stderr
2024-03-22T02:04:16.042+0000 7fd7c77e8700 1 -- 172.21.15.28:0/3684563095 --> [v2:172.21.15.28:3300/0,v1:172.21.15.28:6789/0] -- mon_command([{prefix=config set, name=mgr/cephadm/container_init}] v 0) -- 0x7fd7c01a16a0 con 0x7fd7c007dd90
2024-03-22T02:04:16.641 INFO:teuthology.orchestra.run.smithi028.stdout:/usr/bin/ceph: stderr
2024-03-22T02:04:16.045+0000 7fd7b67fc700 1 -- 172.21.15.28:0/3684563095 <== mon.0 v2:172.21.15.28:3300/0 7 ==== mon_command_ack([{prefix=config set, name=mgr/cephadm/container_init}]=0 v7)=0 v7) ==== 142+0+0 (secure 0 0 0) 0x7fd7b002ce40 con 0x7fd7c007dd90
2024-03-22T02:04:16.641 INFO:teuthology.orchestra.run.smithi028.stdout:/usr/bin/ceph: stderr
2024-03-22T02:04:16.048+0000 7fd7c77e8700 1 -- 172.21.15.28:0/3684563095 >> [v2:172.21.15.28:6800/3429985942,v1:172.21.15.28:6801/3429985942] conn(0x7fd7ac039180 msgr2=0x7fd7ac03b640 secure :-1 s=STATE_CONNECTION_ESTABLISHED l=1).mark_down
2024-03-22T02:04:16.642 INFO:teuthology.orchestra.run.smithi028.stdout:/usr/bin/ceph: stderr
2024-03-22T02:04:16.048+0000 7fd7c77e8700 1 --2- 172.21.15.28:0/3684563095 >> [v2:172.21.15.28:6800/3429985942,v1:172.21.15.28:6801/3429985942] conn(0x7fd7ac039180 0x7fd7ac03b640 secure :-1 s=READY pgs=14 cs=0 l=1 rev1=1 crypto rx=0x7fd7bc006fd0 tx=0x7fd7bc006e40 comp rx=0 tx=0).stop
2024-03-22T02:04:16.642 INFO:teuthology.orchestra.run.smithi028.stdout:/usr/bin/ceph: stderr
2024-03-22T02:04:16.048+0000 7fd7c77e8700 1 -- 172.21.15.28:0/3684563095 >> [v2:172.21.15.28:3300/0,v1:172.21.15.28:6789/0] conn(0x7fd7c007dd90 msgr2=0x7fd7c019e1e0 secure :-1 s=STATE_CONNECTION_ESTABLISHED l=1).mark_down
2024-03-22T02:04:16.642 INFO:teuthology.orchestra.run.smithi028.stdout:/usr/bin/ceph: stderr
2024-03-22T02:04:16.048+0000 7fd7c77e8700 1 --2- 172.21.15.28:0/3684563095 >> [v2:172.21.15.28:3300/0,v1:172.21.15.28:6789/0] conn(0x7fd7c007dd90 0x7fd7c019e1e0 secure :-1 s=READY pgs=52 cs=0 l=1 rev1=1 crypto rx=0x7fd7b00117e0 tx=0x7fd7b0011ba0 comp rx=0 tx=0).stop
2024-03-22T02:04:16.642 INFO:teuthology.orchestra.run.smithi028.stdout:/usr/bin/ceph: stderr
2024-03-22T02:04:16.048+0000 7fd7c77e8700 1 -- 172.21.15.28:0/3684563095 shutdown_connections
2024-03-22T02:04:16.642 INFO:teuthology.orchestra.run.smithi028.stdout:/usr/bin/ceph: stderr
2024-03-22T02:04:16.048+0000 7fd7c77e8700 1 --2- 172.21.15.28:0/3684563095 >> [v2:172.21.15.28:6800/3429985942,v1:172.21.15.28:6801/3429985942] conn(0x7fd7ac039180 0x7fd7ac03b640 unknown :-1 s=CLOSED pgs=14 cs=0 l=1 rev1=1 crypto rx=0 tx=0 comp rx=0 tx=0).stop
2024-03-22T02:04:16.642 INFO:teuthology.orchestra.run.smithi028.stdout:/usr/bin/ceph: stderr
2024-03-22T02:04:16.048+0000 7fd7c77e8700 1 --2- 172.21.15.28:0/3684563095 >> [v2:172.21.15.28:3300/0,v1:172.21.15.28:6789/0] conn(0x7fd7c007dd90 0x7fd7c019e1e0 unknown :-1 s=CLOSED pgs=52 cs=0 l=1 rev1=1 crypto rx=0 tx=0 comp rx=0 tx=0).stop
2024-03-22T02:04:16.642 INFO:teuthology.orchestra.run.smithi028.stdout:/usr/bin/ceph: stderr
2024-03-22T02:04:16.048+0000 7fd7c77e8700 1 -- 172.21.15.28:0/3684563095 >> 172.21.15.28:0/3684563095 conn(0x7fd7c0103720 msgr2=0x7fd7c0104210 unknown :-1 s=STATE_NONE l=0).mark_down
2024-03-22T02:04:16.642 INFO:teuthology.orchestra.run.smithi028.stdout:/usr/bin/ceph: stderr
2024-03-22T02:04:16.048+0000 7fd7c77e8700 1 -- 172.21.15.28:0/3684563095 shutdown_connections
2024-03-22T02:04:16.642 INFO:teuthology.orchestra.run.smithi028.stdout:/usr/bin/ceph: stderr
2024-03-22T02:04:16.048+0000 7fd7c77e8700 1 -- 172.21.15.28:0/3684563095 wait complete.
2024-03-22T02:04:18.575 INFO:journalctl@ceph.mon.a.smithi028.stdout:Mar 22 02:04:18 smithi028 ceph-mon[31916]: from='client.? 172.21.15.28:0/1172925449' entity='client.admin'
2024-03-22T02:04:18.575 INFO:journalctl@ceph.mon.a.smithi028.stdout:Mar 22 02:04:18 smithi028 ceph-mon[31916]: from='mgr.14120 172.21.15.28:0/2428654770' entity='mgr.x'
2024-03-22T02:04:18.593 INFO:teuthology.orchestra.run.smithi028.stdout:/usr/bin/ceph: stderr
2024-03-22T02:04:17.168+0000 7f6f61447700 1 Processor -- start
2024-03-22T02:04:18.593 INFO:teuthology.orchestra.run.smithi028.stdout:/usr/bin/ceph: stderr
2024-03-22T02:04:17.168+0000 7f6f61447700 1 -- start start
2024-03-22T02:04:18.594 INFO:teuthology.orchestra.run.smithi028.stdout:/usr/bin/ceph: stderr
2024-03-22T02:04:17.168+0000 7f6f61447700 1 --2- >> [v2:172.21.15.28:3300/0,v1:172.21.15.28:6789/0] conn(0x7f6f5c108be0 0x7f6f5c10afd0 unknown :-1 s=NONE pgs=0 cs=0 l=0 rev1=0 crypto rx=0 tx=0 comp rx=0 tx=0).connect
2024-03-22T02:04:18.594 INFO:teuthology.orchestra.run.smithi028.stdout:/usr/bin/ceph: stderr
2024-03-22T02:04:17.168+0000 7f6f61447700 1 -- --> [v2:172.21.15.28:3300/0,v1:172.21.15.28:6789/0] -- mon_getmap magic: 0 -- 0x7f6f5c07be20 con 0x7f6f5c108be0
2024-03-22T02:04:18.594 INFO:teuthology.orchestra.run.smithi028.stdout:/usr/bin/ceph: stderr
2024-03-22T02:04:17.169+0000 7f6f5affd700 1 --2- >> [v2:172.21.15.28:3300/0,v1:172.21.15.28:6789/0] conn(0x7f6f5c108be0 0x7f6f5c10afd0 unknown :-1 s=BANNER_CONNECTING pgs=0 cs=0 l=0 rev1=0 crypto rx=0 tx=0 comp rx=0 tx=0)._handle_peer_banner_payload supported=3 required=0
2024-03-22T02:04:18.594 INFO:teuthology.orchestra.run.smithi028.stdout:/usr/bin/ceph: stderr
2024-03-22T02:04:17.169+0000 7f6f5affd700 1 --2- >> [v2:172.21.15.28:3300/0,v1:172.21.15.28:6789/0] conn(0x7f6f5c108be0 0x7f6f5c10afd0 unknown :-1 s=HELLO_CONNECTING pgs=0 cs=0 l=0 rev1=1 crypto rx=0 tx=0 comp rx=0 tx=0).handle_hello peer v2:172.21.15.28:3300/0 says I am v2:172.21.15.28:43526/0 (socket says 172.21.15.28:43526)
2024-03-22T02:04:18.594 INFO:teuthology.orchestra.run.smithi028.stdout:/usr/bin/ceph: stderr
2024-03-22T02:04:17.169+0000 7f6f5affd700 1 -- 172.21.15.28:0/2700709495 learned_addr learned my addr 172.21.15.28:0/2700709495 (peer_addr_for_me v2:172.21.15.28:0/0)
2024-03-22T02:04:18.594 INFO:teuthology.orchestra.run.smithi028.stdout:/usr/bin/ceph: stderr
2024-03-22T02:04:17.169+0000 7f6f5affd700 1 -- 172.21.15.28:0/2700709495 --> [v2:172.21.15.28:3300/0,v1:172.21.15.28:6789/0] -- mon_subscribe({config=0+,monmap=0+}) -- 0x7f6f5c10b510 con 0x7f6f5c108be0
2024-03-22T02:04:18.595 INFO:teuthology.orchestra.run.smithi028.stdout:/usr/bin/ceph: stderr
2024-03-22T02:04:17.169+0000 7f6f5affd700 1 --2- 172.21.15.28:0/2700709495 >> [v2:172.21.15.28:3300/0,v1:172.21.15.28:6789/0] conn(0x7f6f5c108be0 0x7f6f5c10afd0 secure :-1 s=READY pgs=53 cs=0 l=1 rev1=1 crypto rx=0x7f6f540098a0 tx=0x7f6f54009bb0 comp rx=0 tx=0).ready entity=mon.0 client_cookie=3f2ad4f2ad5aab56 server_cookie=0 in_seq=0 out_seq=0
2024-03-22T02:04:18.595 INFO:teuthology.orchestra.run.smithi028.stdout:/usr/bin/ceph: stderr
2024-03-22T02:04:17.169+0000 7f6f59ffb700 1 -- 172.21.15.28:0/2700709495 <== mon.0 v2:172.21.15.28:3300/0 1 ==== mon_map magic: 0 ==== 205+0+0 (secure 0 0 0) 0x7f6f54004160 con 0x7f6f5c108be0
2024-03-22T02:04:18.595 INFO:teuthology.orchestra.run.smithi028.stdout:/usr/bin/ceph: stderr
2024-03-22T02:04:17.169+0000 7f6f59ffb700 1 -- 172.21.15.28:0/2700709495 <== mon.0 v2:172.21.15.28:3300/0 2 ==== config(27 keys) ==== 1140+0+0 (secure 0 0 0) 0x7f6f54004300 con 0x7f6f5c108be0
2024-03-22T02:04:18.595 INFO:teuthology.orchestra.run.smithi028.stdout:/usr/bin/ceph: stderr
2024-03-22T02:04:17.169+0000 7f6f59ffb700 1 -- 172.21.15.28:0/2700709495 <== mon.0 v2:172.21.15.28:3300/0 3 ==== mon_map magic: 0 ==== 205+0+0 (secure 0 0 0) 0x7f6f54011b20 con 0x7f6f5c108be0
2024-03-22T02:04:18.595 INFO:teuthology.orchestra.run.smithi028.stdout:/usr/bin/ceph: stderr
2024-03-22T02:04:17.170+0000 7f6f61447700 1 -- 172.21.15.28:0/2700709495 >> [v2:172.21.15.28:3300/0,v1:172.21.15.28:6789/0] conn(0x7f6f5c108be0 msgr2=0x7f6f5c10afd0 secure :-1 s=STATE_CONNECTION_ESTABLISHED l=1).mark_down
2024-03-22T02:04:18.596 INFO:teuthology.orchestra.run.smithi028.stdout:/usr/bin/ceph: stderr
2024-03-22T02:04:17.170+0000 7f6f61447700 1 --2- 172.21.15.28:0/2700709495 >> [v2:172.21.15.28:3300/0,v1:172.21.15.28:6789/0] conn(0x7f6f5c108be0 0x7f6f5c10afd0 secure :-1 s=READY pgs=53 cs=0 l=1 rev1=1 crypto rx=0x7f6f540098a0 tx=0x7f6f54009bb0 comp rx=0 tx=0).stop
2024-03-22T02:04:18.596 INFO:teuthology.orchestra.run.smithi028.stdout:/usr/bin/ceph: stderr
2024-03-22T02:04:17.170+0000 7f6f61447700 1 -- 172.21.15.28:0/2700709495 shutdown_connections
2024-03-22T02:04:18.596 INFO:teuthology.orchestra.run.smithi028.stdout:/usr/bin/ceph: stderr
2024-03-22T02:04:17.170+0000 7f6f61447700 1 --2- 172.21.15.28:0/2700709495 >> [v2:172.21.15.28:3300/0,v1:172.21.15.28:6789/0] conn(0x7f6f5c108be0 0x7f6f5c10afd0 unknown :-1 s=CLOSED pgs=53 cs=0 l=1 rev1=1 crypto rx=0 tx=0 comp rx=0 tx=0).stop
2024-03-22T02:04:18.596 INFO:teuthology.orchestra.run.smithi028.stdout:/usr/bin/ceph: stderr
2024-03-22T02:04:17.170+0000 7f6f61447700 1 -- 172.21.15.28:0/2700709495 >> 172.21.15.28:0/2700709495 conn(0x7f6f5c1025d0 msgr2=0x7f6f5c104a10 unknown :-1 s=STATE_NONE l=0).mark_down
2024-03-22T02:04:18.596 INFO:teuthology.orchestra.run.smithi028.stdout:/usr/bin/ceph: stderr
2024-03-22T02:04:17.170+0000 7f6f61447700 1 -- 172.21.15.28:0/2700709495 shutdown_connections
2024-03-22T02:04:18.596 INFO:teuthology.orchestra.run.smithi028.stdout:/usr/bin/ceph: stderr
2024-03-22T02:04:17.170+0000 7f6f61447700 1 -- 172.21.15.28:0/2700709495 wait complete.
2024-03-22T02:04:18.597 INFO:teuthology.orchestra.run.smithi028.stdout:/usr/bin/ceph: stderr
2024-03-22T02:04:17.171+0000 7f6f61447700 1 Processor -- start
2024-03-22T02:04:18.597 INFO:teuthology.orchestra.run.smithi028.stdout:/usr/bin/ceph: stderr
2024-03-22T02:04:17.171+0000 7f6f61447700 1 -- start start
2024-03-22T02:04:18.597 INFO:teuthology.orchestra.run.smithi028.stdout:/usr/bin/ceph: stderr
2024-03-22T02:04:17.171+0000 7f6f61447700 1 --2- >> [v2:172.21.15.28:3300/0,v1:172.21.15.28:6789/0] conn(0x7f6f5c108be0 0x7f6f5c199e40 unknown :-1 s=NONE pgs=0 cs=0 l=1 rev1=0 crypto rx=0 tx=0 comp rx=0 tx=0).connect
2024-03-22T02:04:18.597 INFO:teuthology.orchestra.run.smithi028.stdout:/usr/bin/ceph: stderr
2024-03-22T02:04:17.171+0000 7f6f61447700 1 -- --> [v2:172.21.15.28:3300/0,v1:172.21.15.28:6789/0] -- mon_getmap magic: 0 -- 0x7f6f5c107380 con 0x7f6f5c108be0
2024-03-22T02:04:18.597 INFO:teuthology.orchestra.run.smithi028.stdout:/usr/bin/ceph: stderr
2024-03-22T02:04:17.171+0000 7f6f5affd700 1 --2- >> [v2:172.21.15.28:3300/0,v1:172.21.15.28:6789/0] conn(0x7f6f5c108be0 0x7f6f5c199e40 unknown :-1 s=BANNER_CONNECTING pgs=0 cs=0 l=1 rev1=0 crypto rx=0 tx=0 comp rx=0 tx=0)._handle_peer_banner_payload supported=3 required=0
2024-03-22T02:04:18.597 INFO:teuthology.orchestra.run.smithi028.stdout:/usr/bin/ceph: stderr
2024-03-22T02:04:17.171+0000 7f6f5affd700 1 --2- >> [v2:172.21.15.28:3300/0,v1:172.21.15.28:6789/0] conn(0x7f6f5c108be0 0x7f6f5c199e40 unknown :-1 s=HELLO_CONNECTING pgs=0 cs=0 l=1 rev1=1 crypto rx=0 tx=0 comp rx=0 tx=0).handle_hello peer v2:172.21.15.28:3300/0 says I am v2:172.21.15.28:43534/0 (socket says 172.21.15.28:43534)
2024-03-22T02:04:18.598 INFO:teuthology.orchestra.run.smithi028.stdout:/usr/bin/ceph: stderr
2024-03-22T02:04:17.171+0000 7f6f5affd700 1 -- 172.21.15.28:0/1172925449 learned_addr learned my addr 172.21.15.28:0/1172925449 (peer_addr_for_me v2:172.21.15.28:0/0)
2024-03-22T02:04:18.598 INFO:teuthology.orchestra.run.smithi028.stdout:/usr/bin/ceph: stderr
2024-03-22T02:04:17.171+0000 7f6f5affd700 1 -- 172.21.15.28:0/1172925449 --> [v2:172.21.15.28:3300/0,v1:172.21.15.28:6789/0] -- mon_subscribe({config=0+,monmap=0+}) -- 0x7f6f5c19a380 con 0x7f6f5c108be0
2024-03-22T02:04:18.598 INFO:teuthology.orchestra.run.smithi028.stdout:/usr/bin/ceph: stderr
2024-03-22T02:04:17.172+0000 7f6f5affd700 1 --2- 172.21.15.28:0/1172925449 >> [v2:172.21.15.28:3300/0,v1:172.21.15.28:6789/0] conn(0x7f6f5c108be0 0x7f6f5c199e40 secure :-1 s=READY pgs=54 cs=0 l=1 rev1=1 crypto rx=0x7f6f540117e0 tx=0x7f6f54011c10 comp rx=0 tx=0).ready entity=mon.0 client_cookie=0 server_cookie=0 in_seq=0 out_seq=0
2024-03-22T02:04:18.598 INFO:teuthology.orchestra.run.smithi028.stdout:/usr/bin/ceph: stderr
2024-03-22T02:04:17.172+0000 7f6f53fff700 1 -- 172.21.15.28:0/1172925449 <== mon.0 v2:172.21.15.28:3300/0 1 ==== mon_map magic: 0 ==== 205+0+0 (secure 0 0 0) 0x7f6f54003bf0 con 0x7f6f5c108be0
2024-03-22T02:04:18.598 INFO:teuthology.orchestra.run.smithi028.stdout:/usr/bin/ceph: stderr
2024-03-22T02:04:17.172+0000 7f6f53fff700 1 -- 172.21.15.28:0/1172925449 <== mon.0 v2:172.21.15.28:3300/0 2 ==== config(27 keys) ==== 1140+0+0 (secure 0 0 0) 0x7f6f5401a910 con 0x7f6f5c108be0
2024-03-22T02:04:18.599 INFO:teuthology.orchestra.run.smithi028.stdout:/usr/bin/ceph: stderr
2024-03-22T02:04:17.172+0000 7f6f61447700 1 -- 172.21.15.28:0/1172925449 --> [v2:172.21.15.28:3300/0,v1:172.21.15.28:6789/0] -- mon_subscribe({mgrmap=0+}) -- 0x7f6f5c19a610 con 0x7f6f5c108be0
2024-03-22T02:04:18.599 INFO:teuthology.orchestra.run.smithi028.stdout:/usr/bin/ceph: stderr
2024-03-22T02:04:17.172+0000 7f6f53fff700 1 -- 172.21.15.28:0/1172925449 <== mon.0 v2:172.21.15.28:3300/0 3 ==== mon_map magic: 0 ==== 205+0+0 (secure 0 0 0) 0x7f6f54024970 con 0x7f6f5c108be0
2024-03-22T02:04:18.599 INFO:teuthology.orchestra.run.smithi028.stdout:/usr/bin/ceph: stderr
2024-03-22T02:04:17.172+0000 7f6f61447700 1 -- 172.21.15.28:0/1172925449 --> [v2:172.21.15.28:3300/0,v1:172.21.15.28:6789/0] -- mon_subscribe({osdmap=0}) -- 0x7f6f5c19aa70 con 0x7f6f5c108be0
2024-03-22T02:04:18.599 INFO:teuthology.orchestra.run.smithi028.stdout:/usr/bin/ceph: stderr
2024-03-22T02:04:17.173+0000 7f6f53fff700 1 -- 172.21.15.28:0/1172925449 <== mon.0 v2:172.21.15.28:3300/0 4 ==== mgrmap(e 8) ==== 46294+0+0 (secure 0 0 0) 0x7f6f54022020 con 0x7f6f5c108be0
2024-03-22T02:04:18.599 INFO:teuthology.orchestra.run.smithi028.stdout:/usr/bin/ceph: stderr
2024-03-22T02:04:17.173+0000 7f6f53fff700 1 --2- 172.21.15.28:0/1172925449 >> [v2:172.21.15.28:6800/3429985942,v1:172.21.15.28:6801/3429985942] conn(0x7f6f4803d540 0x7f6f4803fa00 unknown :-1 s=NONE pgs=0 cs=0 l=1 rev1=0 crypto rx=0 tx=0 comp rx=0 tx=0).connect
2024-03-22T02:04:18.599 INFO:teuthology.orchestra.run.smithi028.stdout:/usr/bin/ceph: stderr
2024-03-22T02:04:17.173+0000 7f6f61447700 1 -- 172.21.15.28:0/1172925449 --> [v2:172.21.15.28:3300/0,v1:172.21.15.28:6789/0] -- mon_command({"prefix": "get_command_descriptions"} v 0) -- 0x7f6f5c063cb0 con 0x7f6f5c108be0
2024-03-22T02:04:18.600 INFO:teuthology.orchestra.run.smithi028.stdout:/usr/bin/ceph: stderr
2024-03-22T02:04:17.173+0000 7f6f53fff700 1 -- 172.21.15.28:0/1172925449 <== mon.0 v2:172.21.15.28:3300/0 5 ==== osd_map(2..2 src has 1..2) ==== 940+0+0 (secure 0 0 0) 0x7f6f5404d4d0 con 0x7f6f5c108be0
2024-03-22T02:04:18.600 INFO:teuthology.orchestra.run.smithi028.stdout:/usr/bin/ceph: stderr
2024-03-22T02:04:17.173+0000 7f6f5a7fc700 1 --2- 172.21.15.28:0/1172925449 >> [v2:172.21.15.28:6800/3429985942,v1:172.21.15.28:6801/3429985942] conn(0x7f6f4803d540 0x7f6f4803fa00 unknown :-1 s=BANNER_CONNECTING pgs=0 cs=0 l=1 rev1=0 crypto rx=0 tx=0 comp rx=0 tx=0)._handle_peer_banner_payload supported=3 required=0
2024-03-22T02:04:18.600 INFO:teuthology.orchestra.run.smithi028.stdout:/usr/bin/ceph: stderr
2024-03-22T02:04:17.173+0000 7f6f5a7fc700 1 --2- 172.21.15.28:0/1172925449 >> [v2:172.21.15.28:6800/3429985942,v1:172.21.15.28:6801/3429985942] conn(0x7f6f4803d540 0x7f6f4803fa00 secure :-1 s=READY pgs=15 cs=0 l=1 rev1=1 crypto rx=0x7f6f44006fd0 tx=0x7f6f44006e40 comp rx=0 tx=0).ready entity=mgr.14120 client_cookie=0 server_cookie=0 in_seq=0 out_seq=0
2024-03-22T02:04:18.600 INFO:teuthology.orchestra.run.smithi028.stdout:/usr/bin/ceph: stderr
2024-03-22T02:04:17.178+0000 7f6f53fff700 1 -- 172.21.15.28:0/1172925449 <== mon.0 v2:172.21.15.28:3300/0 6 ==== mon_command_ack([{"prefix": "get_command_descriptions"}]=0 v0) ==== 72+0+186149 (secure 0 0 0) 0x7f6f54011e20 con 0x7f6f5c108be0
2024-03-22T02:04:18.600 INFO:teuthology.orchestra.run.smithi028.stdout:/usr/bin/ceph: stderr
2024-03-22T02:04:17.395+0000 7f6f61447700 1 -- 172.21.15.28:0/1172925449 --> [v2:172.21.15.28:3300/0,v1:172.21.15.28:6789/0] -- mon_command([{prefix=config set, name=mgr/dashboard/ssl_server_port}] v 0) -- 0x7f6f5c063290 con 0x7f6f5c108be0
2024-03-22T02:04:18.601 INFO:teuthology.orchestra.run.smithi028.stdout:/usr/bin/ceph: stderr
2024-03-22T02:04:17.397+0000 7f6f53fff700 1 -- 172.21.15.28:0/1172925449 <== mon.0 v2:172.21.15.28:3300/0 7 ==== mon_command_ack([{prefix=config set, name=mgr/dashboard/ssl_server_port}]=0 v8)=0 v8) ==== 130+0+0 (secure 0 0 0) 0x7f6f5400b3e0 con 0x7f6f5c108be0
2024-03-22T02:04:18.601 INFO:teuthology.orchestra.run.smithi028.stdout:/usr/bin/ceph: stderr
2024-03-22T02:04:17.399+0000 7f6f61447700 1 -- 172.21.15.28:0/1172925449 >> [v2:172.21.15.28:6800/3429985942,v1:172.21.15.28:6801/3429985942] conn(0x7f6f4803d540 msgr2=0x7f6f4803fa00 secure :-1 s=STATE_CONNECTION_ESTABLISHED l=1).mark_down
2024-03-22T02:04:18.601 INFO:teuthology.orchestra.run.smithi028.stdout:/usr/bin/ceph: stderr
2024-03-22T02:04:17.399+0000 7f6f61447700 1 --2- 172.21.15.28:0/1172925449 >> [v2:172.21.15.28:6800/3429985942,v1:172.21.15.28:6801/3429985942] conn(0x7f6f4803d540 0x7f6f4803fa00 secure :-1 s=READY pgs=15 cs=0 l=1 rev1=1 crypto rx=0x7f6f44006fd0 tx=0x7f6f44006e40 comp rx=0 tx=0).stop
2024-03-22T02:04:18.601 INFO:teuthology.orchestra.run.smithi028.stdout:/usr/bin/ceph: stderr
2024-03-22T02:04:17.399+0000 7f6f61447700 1 -- 172.21.15.28:0/1172925449 >> [v2:172.21.15.28:3300/0,v1:172.21.15.28:6789/0] conn(0x7f6f5c108be0 msgr2=0x7f6f5c199e40 secure :-1 s=STATE_CONNECTION_ESTABLISHED l=1).mark_down
2024-03-22T02:04:18.601 INFO:teuthology.orchestra.run.smithi028.stdout:/usr/bin/ceph: stderr
2024-03-22T02:04:17.399+0000 7f6f61447700 1 --2- 172.21.15.28:0/1172925449 >> [v2:172.21.15.28:3300/0,v1:172.21.15.28:6789/0] conn(0x7f6f5c108be0 0x7f6f5c199e40 secure :-1 s=READY pgs=54 cs=0 l=1 rev1=1 crypto rx=0x7f6f540117e0 tx=0x7f6f54011c10 comp rx=0 tx=0).stop
2024-03-22T02:04:18.601 INFO:teuthology.orchestra.run.smithi028.stdout:/usr/bin/ceph: stderr
2024-03-22T02:04:17.400+0000 7f6f61447700 1 -- 172.21.15.28:0/1172925449 shutdown_connections
2024-03-22T02:04:18.602 INFO:teuthology.orchestra.run.smithi028.stdout:/usr/bin/ceph: stderr
2024-03-22T02:04:17.400+0000 7f6f61447700 1 --2- 172.21.15.28:0/1172925449 >> [v2:172.21.15.28:6800/3429985942,v1:172.21.15.28:6801/3429985942] conn(0x7f6f4803d540 0x7f6f4803fa00 unknown :-1 s=CLOSED pgs=15 cs=0 l=1 rev1=1 crypto rx=0 tx=0 comp rx=0 tx=0).stop
2024-03-22T02:04:18.602 INFO:teuthology.orchestra.run.smithi028.stdout:/usr/bin/ceph: stderr
2024-03-22T02:04:17.400+0000 7f6f61447700 1 --2- 172.21.15.28:0/1172925449 >> [v2:172.21.15.28:3300/0,v1:172.21.15.28:6789/0] conn(0x7f6f5c108be0 0x7f6f5c199e40 unknown :-1 s=CLOSED pgs=54 cs=0 l=1 rev1=1 crypto rx=0 tx=0 comp rx=0 tx=0).stop
2024-03-22T02:04:18.602 INFO:teuthology.orchestra.run.smithi028.stdout:/usr/bin/ceph: stderr
2024-03-22T02:04:17.400+0000 7f6f61447700 1 -- 172.21.15.28:0/1172925449 >> 172.21.15.28:0/1172925449 conn(0x7f6f5c1025d0 msgr2=0x7f6f5c1908d0 unknown :-1 s=STATE_NONE l=0).mark_down
2024-03-22T02:04:18.602 INFO:teuthology.orchestra.run.smithi028.stdout:/usr/bin/ceph: stderr
2024-03-22T02:04:17.400+0000 7f6f61447700 1 -- 172.21.15.28:0/1172925449 shutdown_connections
2024-03-22T02:04:18.602 INFO:teuthology.orchestra.run.smithi028.stdout:/usr/bin/ceph: stderr
2024-03-22T02:04:17.400+0000 7f6f61447700 1 -- 172.21.15.28:0/1172925449 wait complete.
2024-03-22T02:04:18.602 INFO:teuthology.orchestra.run.smithi028.stdout:Enabling the dashboard module...
2024-03-22T02:04:19.571 INFO:journalctl@ceph.mon.a.smithi028.stdout:Mar 22 02:04:19 smithi028 ceph-mon[31916]: from='client.? 172.21.15.28:0/3601769264' entity='client.admin' cmd=[{"prefix": "mgr module enable", "module": "dashboard"}]: dispatch
2024-03-22T02:04:19.571 INFO:journalctl@ceph.mon.a.smithi028.stdout:Mar 22 02:04:19 smithi028 ceph-mon[31916]: from='mgr.14120 172.21.15.28:0/2428654770' entity='mgr.x'
2024-03-22T02:04:19.572 INFO:journalctl@ceph.mgr.x.smithi028.stdout:Mar 22 02:04:19 smithi028 ceph-426c3602-e7f0-11ee-95cd-87774f69a715-mgr-x[32146]: ignoring --setuser ceph since I am not root
2024-03-22T02:04:19.572 INFO:journalctl@ceph.mgr.x.smithi028.stdout:Mar 22 02:04:19 smithi028 ceph-426c3602-e7f0-11ee-95cd-87774f69a715-mgr-x[32146]: ignoring --setgroup ceph since I am not root
2024-03-22T02:04:19.996 INFO:teuthology.orchestra.run.smithi028.stdout:/usr/bin/ceph: stderr
2024-03-22T02:04:19.014+0000 7f43176a8700 1 Processor -- start
2024-03-22T02:04:19.996 INFO:teuthology.orchestra.run.smithi028.stdout:/usr/bin/ceph: stderr
2024-03-22T02:04:19.014+0000 7f43176a8700 1 -- start start
2024-03-22T02:04:19.996 INFO:teuthology.orchestra.run.smithi028.stdout:/usr/bin/ceph: stderr
2024-03-22T02:04:19.014+0000 7f43176a8700 1 --2- >> [v2:172.21.15.28:3300/0,v1:172.21.15.28:6789/0] conn(0x7f4310107030 0x7f4310107450 unknown :-1 s=NONE pgs=0 cs=0 l=0 rev1=0 crypto rx=0 tx=0 comp rx=0 tx=0).connect
2024-03-22T02:04:19.996 INFO:teuthology.orchestra.run.smithi028.stdout:/usr/bin/ceph: stderr
2024-03-22T02:04:19.014+0000 7f43176a8700 1 -- --> [v2:172.21.15.28:3300/0,v1:172.21.15.28:6789/0] -- mon_getmap magic: 0 -- 0x7f4310107a20 con 0x7f4310107030
2024-03-22T02:04:19.996 INFO:teuthology.orchestra.run.smithi028.stdout:/usr/bin/ceph: stderr
2024-03-22T02:04:19.015+0000 7f4315444700 1 --2- >> [v2:172.21.15.28:3300/0,v1:172.21.15.28:6789/0] conn(0x7f4310107030 0x7f4310107450 unknown :-1 s=BANNER_CONNECTING pgs=0 cs=0 l=0 rev1=0 crypto rx=0 tx=0 comp rx=0 tx=0)._handle_peer_banner_payload supported=3 required=0
2024-03-22T02:04:19.996 INFO:teuthology.orchestra.run.smithi028.stdout:/usr/bin/ceph: stderr
2024-03-22T02:04:19.015+0000 7f4315444700 1 --2- >> [v2:172.21.15.28:3300/0,v1:172.21.15.28:6789/0] conn(0x7f4310107030 0x7f4310107450 unknown :-1 s=HELLO_CONNECTING pgs=0 cs=0 l=0 rev1=1 crypto rx=0 tx=0 comp rx=0 tx=0).handle_hello peer v2:172.21.15.28:3300/0 says I am v2:172.21.15.28:43542/0 (socket says 172.21.15.28:43542)
2024-03-22T02:04:19.996 INFO:teuthology.orchestra.run.smithi028.stdout:/usr/bin/ceph: stderr
2024-03-22T02:04:19.015+0000 7f4315444700 1 -- 172.21.15.28:0/3549481502 learned_addr learned my addr 172.21.15.28:0/3549481502 (peer_addr_for_me v2:172.21.15.28:0/0)
2024-03-22T02:04:19.996 INFO:teuthology.orchestra.run.smithi028.stdout:/usr/bin/ceph: stderr
2024-03-22T02:04:19.015+0000 7f4315444700 1 -- 172.21.15.28:0/3549481502 --> [v2:172.21.15.28:3300/0,v1:172.21.15.28:6789/0] -- mon_subscribe({config=0+,monmap=0+}) -- 0x7f4310108230 con 0x7f4310107030
2024-03-22T02:04:19.996 INFO:teuthology.orchestra.run.smithi028.stdout:/usr/bin/ceph: stderr
2024-03-22T02:04:19.015+0000 7f4315444700 1 --2- 172.21.15.28:0/3549481502 >> [v2:172.21.15.28:3300/0,v1:172.21.15.28:6789/0] conn(0x7f4310107030 0x7f4310107450 secure :-1 s=READY pgs=55 cs=0 l=1 rev1=1 crypto rx=0x7f43000098a0 tx=0x7f4300009bb0 comp rx=0 tx=0).ready entity=mon.0 client_cookie=846d639f419b7c57 server_cookie=0 in_seq=0 out_seq=0
2024-03-22T02:04:19.996 INFO:teuthology.orchestra.run.smithi028.stdout:/usr/bin/ceph: stderr
2024-03-22T02:04:19.015+0000 7f4307fff700 1 -- 172.21.15.28:0/3549481502 <== mon.0 v2:172.21.15.28:3300/0 1 ==== mon_map magic: 0 ==== 205+0+0 (secure 0 0 0) 0x7f4300004160 con 0x7f4310107030
2024-03-22T02:04:19.997 INFO:teuthology.orchestra.run.smithi028.stdout:/usr/bin/ceph: stderr
2024-03-22T02:04:19.015+0000 7f4307fff700 1 -- 172.21.15.28:0/3549481502 <== mon.0 v2:172.21.15.28:3300/0 2 ==== config(27 keys) ==== 1140+0+0 (secure 0 0 0) 0x7f4300004300 con 0x7f4310107030
2024-03-22T02:04:19.997 INFO:teuthology.orchestra.run.smithi028.stdout:/usr/bin/ceph: stderr
2024-03-22T02:04:19.015+0000 7f4307fff700 1 -- 172.21.15.28:0/3549481502 <== mon.0 v2:172.21.15.28:3300/0 3 ==== mon_map magic: 0 ==== 205+0+0 (secure 0 0 0) 0x7f4300011b20 con 0x7f4310107030
2024-03-22T02:04:19.997 INFO:teuthology.orchestra.run.smithi028.stdout:/usr/bin/ceph: stderr
2024-03-22T02:04:19.016+0000 7f43176a8700 1 -- 172.21.15.28:0/3549481502 >> [v2:172.21.15.28:3300/0,v1:172.21.15.28:6789/0] conn(0x7f4310107030 msgr2=0x7f4310107450 secure :-1 s=STATE_CONNECTION_ESTABLISHED l=1).mark_down
2024-03-22T02:04:19.997 INFO:teuthology.orchestra.run.smithi028.stdout:/usr/bin/ceph: stderr
2024-03-22T02:04:19.016+0000 7f43176a8700 1 --2- 172.21.15.28:0/3549481502 >> [v2:172.21.15.28:3300/0,v1:172.21.15.28:6789/0] conn(0x7f4310107030 0x7f4310107450 secure :-1 s=READY pgs=55 cs=0 l=1 rev1=1 crypto rx=0x7f43000098a0 tx=0x7f4300009bb0 comp rx=0 tx=0).stop
2024-03-22T02:04:19.997 INFO:teuthology.orchestra.run.smithi028.stdout:/usr/bin/ceph: stderr
2024-03-22T02:04:19.016+0000 7f43176a8700 1 -- 172.21.15.28:0/3549481502 shutdown_connections
2024-03-22T02:04:19.997 INFO:teuthology.orchestra.run.smithi028.stdout:/usr/bin/ceph: stderr
2024-03-22T02:04:19.016+0000 7f43176a8700 1 --2- 172.21.15.28:0/3549481502 >> [v2:172.21.15.28:3300/0,v1:172.21.15.28:6789/0] conn(0x7f4310107030 0x7f4310107450 unknown :-1 s=CLOSED pgs=55 cs=0 l=1 rev1=1 crypto rx=0 tx=0 comp rx=0 tx=0).stop
2024-03-22T02:04:19.997 INFO:teuthology.orchestra.run.smithi028.stdout:/usr/bin/ceph: stderr
2024-03-22T02:04:19.016+0000 7f43176a8700 1 -- 172.21.15.28:0/3549481502 >> 172.21.15.28:0/3549481502 conn(0x7f43101025d0 msgr2=0x7f4310104a10 unknown :-1 s=STATE_NONE l=0).mark_down
2024-03-22T02:04:19.997 INFO:teuthology.orchestra.run.smithi028.stdout:/usr/bin/ceph: stderr
2024-03-22T02:04:19.016+0000 7f43176a8700 1 -- 172.21.15.28:0/3549481502 shutdown_connections
2024-03-22T02:04:19.997 INFO:teuthology.orchestra.run.smithi028.stdout:/usr/bin/ceph: stderr
2024-03-22T02:04:19.016+0000 7f43176a8700 1 -- 172.21.15.28:0/3549481502 wait complete.
2024-03-22T02:04:19.997 INFO:teuthology.orchestra.run.smithi028.stdout:/usr/bin/ceph: stderr
2024-03-22T02:04:19.017+0000 7f43176a8700 1 Processor -- start
2024-03-22T02:04:19.997 INFO:teuthology.orchestra.run.smithi028.stdout:/usr/bin/ceph: stderr
2024-03-22T02:04:19.017+0000 7f43176a8700 1 -- start start
2024-03-22T02:04:19.997 INFO:teuthology.orchestra.run.smithi028.stdout:/usr/bin/ceph: stderr
2024-03-22T02:04:19.017+0000 7f43176a8700 1 --2- >> [v2:172.21.15.28:3300/0,v1:172.21.15.28:6789/0] conn(0x7f4310107030 0x7f431007ba00 unknown :-1 s=NONE pgs=0 cs=0 l=1 rev1=0 crypto rx=0 tx=0 comp rx=0 tx=0).connect
2024-03-22T02:04:19.997 INFO:teuthology.orchestra.run.smithi028.stdout:/usr/bin/ceph: stderr
2024-03-22T02:04:19.017+0000 7f43176a8700 1 -- --> [v2:172.21.15.28:3300/0,v1:172.21.15.28:6789/0] -- mon_getmap magic: 0 -- 0x7f431010b5e0 con 0x7f4310107030
2024-03-22T02:04:19.998 INFO:teuthology.orchestra.run.smithi028.stdout:/usr/bin/ceph: stderr
2024-03-22T02:04:19.017+0000 7f4315444700 1 --2- >> [v2:172.21.15.28:3300/0,v1:172.21.15.28:6789/0] conn(0x7f4310107030 0x7f431007ba00 unknown :-1 s=BANNER_CONNECTING pgs=0 cs=0 l=1 rev1=0 crypto rx=0 tx=0 comp rx=0 tx=0)._handle_peer_banner_payload supported=3 required=0
2024-03-22T02:04:19.998 INFO:teuthology.orchestra.run.smithi028.stdout:/usr/bin/ceph: stderr
2024-03-22T02:04:19.017+0000 7f4315444700 1 --2- >> [v2:172.21.15.28:3300/0,v1:172.21.15.28:6789/0] conn(0x7f4310107030 0x7f431007ba00 unknown :-1 s=HELLO_CONNECTING pgs=0 cs=0 l=1 rev1=1 crypto rx=0 tx=0 comp rx=0 tx=0).handle_hello peer v2:172.21.15.28:3300/0 says I am v2:172.21.15.28:43552/0 (socket says 172.21.15.28:43552)
2024-03-22T02:04:19.998 INFO:teuthology.orchestra.run.smithi028.stdout:/usr/bin/ceph: stderr
2024-03-22T02:04:19.017+0000 7f4315444700 1 -- 172.21.15.28:0/3601769264 learned_addr learned my addr 172.21.15.28:0/3601769264 (peer_addr_for_me v2:172.21.15.28:0/0)
2024-03-22T02:04:19.998 INFO:teuthology.orchestra.run.smithi028.stdout:/usr/bin/ceph: stderr
2024-03-22T02:04:19.017+0000 7f4315444700 1 -- 172.21.15.28:0/3601769264 --> [v2:172.21.15.28:3300/0,v1:172.21.15.28:6789/0] -- mon_subscribe({config=0+,monmap=0+}) -- 0x7f431019edf0 con 0x7f4310107030
2024-03-22T02:04:19.998 INFO:teuthology.orchestra.run.smithi028.stdout:/usr/bin/ceph: stderr
2024-03-22T02:04:19.018+0000 7f4315444700 1 --2- 172.21.15.28:0/3601769264 >> [v2:172.21.15.28:3300/0,v1:172.21.15.28:6789/0] conn(0x7f4310107030 0x7f431007ba00 secure :-1 s=READY pgs=56 cs=0 l=1 rev1=1 crypto rx=0x7f43000117e0 tx=0x7f4300011ba0 comp rx=0 tx=0).ready entity=mon.0 client_cookie=0 server_cookie=0 in_seq=0 out_seq=0
2024-03-22T02:04:19.998 INFO:teuthology.orchestra.run.smithi028.stdout:/usr/bin/ceph: stderr
2024-03-22T02:04:19.018+0000 7f43067fc700 1 -- 172.21.15.28:0/3601769264 <== mon.0 v2:172.21.15.28:3300/0 1 ==== mon_map magic: 0 ==== 205+0+0 (secure 0 0 0) 0x7f4300003bf0 con 0x7f4310107030
2024-03-22T02:04:19.998 INFO:teuthology.orchestra.run.smithi028.stdout:/usr/bin/ceph: stderr
2024-03-22T02:04:19.018+0000 7f43067fc700 1 -- 172.21.15.28:0/3601769264 <== mon.0 v2:172.21.15.28:3300/0 2 ==== config(27 keys) ==== 1140+0+0 (secure 0 0 0) 0x7f430001a910 con 0x7f4310107030
2024-03-22T02:04:19.998 INFO:teuthology.orchestra.run.smithi028.stdout:/usr/bin/ceph: stderr
2024-03-22T02:04:19.018+0000 7f43176a8700 1 -- 172.21.15.28:0/3601769264 --> [v2:172.21.15.28:3300/0,v1:172.21.15.28:6789/0] -- mon_subscribe({mgrmap=0+}) -- 0x7f431019efc0 con 0x7f4310107030
2024-03-22T02:04:19.998 INFO:teuthology.orchestra.run.smithi028.stdout:/usr/bin/ceph: stderr
2024-03-22T02:04:19.018+0000 7f43067fc700 1 -- 172.21.15.28:0/3601769264 <== mon.0 v2:172.21.15.28:3300/0 3 ==== mon_map magic: 0 ==== 205+0+0 (secure 0 0 0) 0x7f4300024970 con 0x7f4310107030
2024-03-22T02:04:19.998 INFO:teuthology.orchestra.run.smithi028.stdout:/usr/bin/ceph: stderr
2024-03-22T02:04:19.018+0000 7f43176a8700 1 -- 172.21.15.28:0/3601769264 --> [v2:172.21.15.28:3300/0,v1:172.21.15.28:6789/0] -- mon_subscribe({osdmap=0}) -- 0x7f431019f360 con 0x7f4310107030
2024-03-22T02:04:19.998 INFO:teuthology.orchestra.run.smithi028.stdout:/usr/bin/ceph: stderr
2024-03-22T02:04:19.019+0000 7f43067fc700 1 -- 172.21.15.28:0/3601769264 <== mon.0 v2:172.21.15.28:3300/0 4 ==== mgrmap(e 8) ==== 46294+0+0 (secure 0 0 0) 0x7f4300022020 con 0x7f4310107030
2024-03-22T02:04:19.998 INFO:teuthology.orchestra.run.smithi028.stdout:/usr/bin/ceph: stderr
2024-03-22T02:04:19.019+0000 7f43067fc700 1 --2- 172.21.15.28:0/3601769264 >> [v2:172.21.15.28:6800/3429985942,v1:172.21.15.28:6801/3429985942] conn(0x7f42fc0391d0 0x7f42fc03b690 unknown :-1 s=NONE pgs=0 cs=0 l=1 rev1=0 crypto rx=0 tx=0 comp rx=0 tx=0).connect
2024-03-22T02:04:19.999 INFO:teuthology.orchestra.run.smithi028.stdout:/usr/bin/ceph: stderr
2024-03-22T02:04:19.019+0000 7f43067fc700 1 -- 172.21.15.28:0/3601769264 <== mon.0 v2:172.21.15.28:3300/0 5 ==== osd_map(2..2 src has 1..2) ==== 940+0+0 (secure 0 0 0) 0x7f430004d5a0 con 0x7f4310107030
2024-03-22T02:04:19.999 INFO:teuthology.orchestra.run.smithi028.stdout:/usr/bin/ceph: stderr
2024-03-22T02:04:19.019+0000 7f43176a8700 1 -- 172.21.15.28:0/3601769264 --> [v2:172.21.15.28:3300/0,v1:172.21.15.28:6789/0] -- mon_command({"prefix": "get_command_descriptions"} v 0) -- 0x7f4310063cb0 con 0x7f4310107030
2024-03-22T02:04:19.999 INFO:teuthology.orchestra.run.smithi028.stdout:/usr/bin/ceph: stderr
2024-03-22T02:04:19.019+0000 7f4314c43700 1 --2- 172.21.15.28:0/3601769264 >> [v2:172.21.15.28:6800/3429985942,v1:172.21.15.28:6801/3429985942] conn(0x7f42fc0391d0 0x7f42fc03b690 unknown :-1 s=BANNER_CONNECTING pgs=0 cs=0 l=1 rev1=0 crypto rx=0 tx=0 comp rx=0 tx=0)._handle_peer_banner_payload supported=3 required=0
2024-03-22T02:04:19.999 INFO:teuthology.orchestra.run.smithi028.stdout:/usr/bin/ceph: stderr
2024-03-22T02:04:19.019+0000 7f4314c43700 1 --2- 172.21.15.28:0/3601769264 >> [v2:172.21.15.28:6800/3429985942,v1:172.21.15.28:6801/3429985942] conn(0x7f42fc0391d0 0x7f42fc03b690 secure :-1 s=READY pgs=16 cs=0 l=1 rev1=1 crypto rx=0x7f430c006fd0 tx=0x7f430c006e40 comp rx=0 tx=0).ready entity=mgr.14120 client_cookie=0 server_cookie=0 in_seq=0 out_seq=0
2024-03-22T02:04:19.999 INFO:teuthology.orchestra.run.smithi028.stdout:/usr/bin/ceph: stderr
2024-03-22T02:04:19.024+0000 7f43067fc700 1 -- 172.21.15.28:0/3601769264 <== mon.0 v2:172.21.15.28:3300/0 6 ==== mon_command_ack([{"prefix": "get_command_descriptions"}]=0 v0) ==== 72+0+186149 (secure 0 0 0) 0x7f43000172b0 con 0x7f4310107030
2024-03-22T02:04:19.999 INFO:teuthology.orchestra.run.smithi028.stdout:/usr/bin/ceph: stderr
2024-03-22T02:04:19.292+0000 7f43176a8700 1 -- 172.21.15.28:0/3601769264 --> [v2:172.21.15.28:3300/0,v1:172.21.15.28:6789/0] -- mon_command({"prefix": "mgr module enable", "module": "dashboard"} v 0) -- 0x7f431019f590 con 0x7f4310107030
2024-03-22T02:04:19.999 INFO:teuthology.orchestra.run.smithi028.stdout:/usr/bin/ceph: stderr
2024-03-22T02:04:19.399+0000 7f43067fc700 1 -- 172.21.15.28:0/3601769264 <== mon.0 v2:172.21.15.28:3300/0 7 ==== mon_command_ack([{"prefix": "mgr module enable", "module": "dashboard"}]=0 v9) ==== 88+0+0 (secure 0 0 0) 0x7f431019f590 con 0x7f4310107030
2024-03-22T02:04:19.999 INFO:teuthology.orchestra.run.smithi028.stdout:/usr/bin/ceph: stderr
2024-03-22T02:04:19.401+0000 7f43067fc700 1 -- 172.21.15.28:0/3601769264 <== mon.0 v2:172.21.15.28:3300/0 8 ==== mgrmap(e 9) ==== 46307+0+0 (secure 0 0 0) 0x7f430002dc90 con 0x7f4310107030
2024-03-22T02:04:19.999 INFO:teuthology.orchestra.run.smithi028.stdout:/usr/bin/ceph: stderr
2024-03-22T02:04:19.402+0000 7f43176a8700 1 -- 172.21.15.28:0/3601769264 >> [v2:172.21.15.28:6800/3429985942,v1:172.21.15.28:6801/3429985942] conn(0x7f42fc0391d0 msgr2=0x7f42fc03b690 secure :-1 s=STATE_CONNECTION_ESTABLISHED l=1).mark_down
2024-03-22T02:04:19.999 INFO:teuthology.orchestra.run.smithi028.stdout:/usr/bin/ceph: stderr
2024-03-22T02:04:19.402+0000 7f43176a8700 1 --2- 172.21.15.28:0/3601769264 >> [v2:172.21.15.28:6800/3429985942,v1:172.21.15.28:6801/3429985942] conn(0x7f42fc0391d0 0x7f42fc03b690 secure :-1 s=READY pgs=16 cs=0 l=1 rev1=1 crypto rx=0x7f430c006fd0 tx=0x7f430c006e40 comp rx=0 tx=0).stop
2024-03-22T02:04:19.999 INFO:teuthology.orchestra.run.smithi028.stdout:/usr/bin/ceph: stderr
2024-03-22T02:04:19.402+0000 7f43176a8700 1 -- 172.21.15.28:0/3601769264 >> [v2:172.21.15.28:3300/0,v1:172.21.15.28:6789/0] conn(0x7f4310107030 msgr2=0x7f431007ba00 secure :-1 s=STATE_CONNECTION_ESTABLISHED l=1).mark_down
2024-03-22T02:04:19.999 INFO:teuthology.orchestra.run.smithi028.stdout:/usr/bin/ceph: stderr
2024-03-22T02:04:19.402+0000 7f43176a8700 1 --2- 172.21.15.28:0/3601769264 >> [v2:172.21.15.28:3300/0,v1:172.21.15.28:6789/0] conn(0x7f4310107030 0x7f431007ba00 secure :-1 s=READY pgs=56 cs=0 l=1 rev1=1 crypto rx=0x7f43000117e0 tx=0x7f4300011ba0 comp rx=0 tx=0).stop
2024-03-22T02:04:20.000 INFO:teuthology.orchestra.run.smithi028.stdout:/usr/bin/ceph: stderr
2024-03-22T02:04:19.403+0000 7f43176a8700 1 -- 172.21.15.28:0/3601769264 shutdown_connections
2024-03-22T02:04:20.000 INFO:teuthology.orchestra.run.smithi028.stdout:/usr/bin/ceph: stderr
2024-03-22T02:04:19.403+0000 7f43176a8700 1 --2- 172.21.15.28:0/3601769264 >> [v2:172.21.15.28:6800/3429985942,v1:172.21.15.28:6801/3429985942] conn(0x7f42fc0391d0 0x7f42fc03b690 unknown :-1 s=CLOSED pgs=16 cs=0 l=1 rev1=1 crypto rx=0 tx=0 comp rx=0 tx=0).stop
2024-03-22T02:04:20.000 INFO:teuthology.orchestra.run.smithi028.stdout:/usr/bin/ceph: stderr
2024-03-22T02:04:19.403+0000 7f43176a8700 1 --2- 172.21.15.28:0/3601769264 >> [v2:172.21.15.28:3300/0,v1:172.21.15.28:6789/0] conn(0x7f4310107030 0x7f431007ba00 unknown :-1 s=CLOSED pgs=56 cs=0 l=1 rev1=1 crypto rx=0 tx=0 comp rx=0 tx=0).stop
2024-03-22T02:04:20.000 INFO:teuthology.orchestra.run.smithi028.stdout:/usr/bin/ceph: stderr
2024-03-22T02:04:19.403+0000 7f43176a8700 1 -- 172.21.15.28:0/3601769264 >> 172.21.15.28:0/3601769264 conn(0x7f43101025d0 msgr2=0x7f4310103090 unknown :-1 s=STATE_NONE l=0).mark_down
2024-03-22T02:04:20.000 INFO:teuthology.orchestra.run.smithi028.stdout:/usr/bin/ceph: stderr
2024-03-22T02:04:19.403+0000 7f43176a8700 1 -- 172.21.15.28:0/3601769264 shutdown_connections
2024-03-22T02:04:20.000 INFO:teuthology.orchestra.run.smithi028.stdout:/usr/bin/ceph: stderr
2024-03-22T02:04:19.403+0000 7f43176a8700 1 -- 172.21.15.28:0/3601769264 wait complete.
2024-03-22T02:04:20.241 INFO:journalctl@ceph.mgr.x.smithi028.stdout:Mar 22 02:04:19 smithi028 ceph-426c3602-e7f0-11ee-95cd-87774f69a715-mgr-x[32146]:
2024-03-22T02:04:19.988+0000 7f0d839d4200 -1 mgr[py] Module osd_perf_query has missing NOTIFY_TYPES member
2024-03-22T02:04:20.241 INFO:journalctl@ceph.mgr.x.smithi028.stdout:Mar 22 02:04:20 smithi028 ceph-426c3602-e7f0-11ee-95cd-87774f69a715-mgr-x[32146]:
2024-03-22T02:04:20.095+0000 7f0d839d4200 -1 mgr[py] Module snap_schedule has missing NOTIFY_TYPES member
2024-03-22T02:04:20.557 INFO:journalctl@ceph.mon.a.smithi028.stdout:Mar 22 02:04:20 smithi028 ceph-mon[31916]: from='client.? 172.21.15.28:0/3601769264' entity='client.admin' cmd='[{"prefix": "mgr module enable", "module": "dashboard"}]': finished
2024-03-22T02:04:20.558 INFO:journalctl@ceph.mon.a.smithi028.stdout:Mar 22 02:04:20 smithi028 ceph-mon[31916]: mgrmap e9: x(active, since 19s)
2024-03-22T02:04:20.821 INFO:journalctl@ceph.mgr.x.smithi028.stdout:Mar 22 02:04:20 smithi028 ceph-426c3602-e7f0-11ee-95cd-87774f69a715-mgr-x[32146]:
2024-03-22T02:04:20.773+0000 7f0d839d4200 -1 mgr[py] Module zabbix has missing NOTIFY_TYPES member
2024-03-22T02:04:21.197 INFO:journalctl@ceph.mgr.x.smithi028.stdout:Mar 22 02:04:20 smithi028 ceph-426c3602-e7f0-11ee-95cd-87774f69a715-mgr-x[32146]:
2024-03-22T02:04:20.870+0000 7f0d839d4200 -1 mgr[py] Module balancer has missing NOTIFY_TYPES member
2024-03-22T02:04:21.197 INFO:journalctl@ceph.mgr.x.smithi028.stdout:Mar 22 02:04:21 smithi028 ceph-426c3602-e7f0-11ee-95cd-87774f69a715-mgr-x[32146]:
2024-03-22T02:04:21.014+0000 7f0d839d4200 -1 mgr[py] Module influx has missing NOTIFY_TYPES member
2024-03-22T02:04:21.197 INFO:journalctl@ceph.mgr.x.smithi028.stdout:Mar 22 02:04:21 smithi028 ceph-426c3602-e7f0-11ee-95cd-87774f69a715-mgr-x[32146]:
2024-03-22T02:04:21.111+0000 7f0d839d4200 -1 mgr[py] Module alerts has missing NOTIFY_TYPES member
2024-03-22T02:04:21.197 INFO:journalctl@ceph.mgr.x.smithi028.stdout:Mar 22 02:04:21 smithi028 ceph-426c3602-e7f0-11ee-95cd-87774f69a715-mgr-x[32146]:
2024-03-22T02:04:21.197+0000 7f0d839d4200 -1 mgr[py] Module iostat has missing NOTIFY_TYPES member
2024-03-22T02:04:21.468 INFO:journalctl@ceph.mon.a.smithi028.stdout:Mar 22 02:04:21 smithi028 ceph-mon[31916]: from='client.? 172.21.15.28:0/2664214732' entity='client.admin' cmd=[{"prefix": "mgr stat"}]: dispatch
2024-03-22T02:04:21.767 INFO:journalctl@ceph.mgr.x.smithi028.stdout:Mar 22 02:04:21 smithi028 ceph-426c3602-e7f0-11ee-95cd-87774f69a715-mgr-x[32146]:
2024-03-22T02:04:21.468+0000 7f0d839d4200 -1 mgr[py] Module rgw has missing NOTIFY_TYPES member
2024-03-22T02:04:21.768 INFO:journalctl@ceph.mgr.x.smithi028.stdout:Mar 22 02:04:21 smithi028 ceph-426c3602-e7f0-11ee-95cd-87774f69a715-mgr-x[32146]:
2024-03-22T02:04:21.581+0000 7f0d839d4200 -1 mgr[py] Module rbd_support has missing NOTIFY_TYPES member
2024-03-22T02:04:21.768 INFO:journalctl@ceph.mgr.x.smithi028.stdout:Mar 22 02:04:21 smithi028 ceph-426c3602-e7f0-11ee-95cd-87774f69a715-mgr-x[32146]:
2024-03-22T02:04:21.670+0000 7f0d839d4200 -1 mgr[py] Module progress has missing NOTIFY_TYPES member
2024-03-22T02:04:21.768 INFO:journalctl@ceph.mgr.x.smithi028.stdout:Mar 22 02:04:21 smithi028 ceph-426c3602-e7f0-11ee-95cd-87774f69a715-mgr-x[32146]:
2024-03-22T02:04:21.767+0000 7f0d839d4200 -1 mgr[py] Module pg_autoscaler has missing NOTIFY_TYPES member
2024-03-22T02:04:22.071 INFO:journalctl@ceph.mgr.x.smithi028.stdout:Mar 22 02:04:21 smithi028 ceph-426c3602-e7f0-11ee-95cd-87774f69a715-mgr-x[32146]:
2024-03-22T02:04:21.949+0000 7f0d839d4200 -1 mgr[py] Module devicehealth has missing NOTIFY_TYPES member
2024-03-22T02:04:22.175 INFO:teuthology.orchestra.run.smithi028.stdout:/usr/bin/ceph: stdout {
2024-03-22T02:04:22.176 INFO:teuthology.orchestra.run.smithi028.stdout:/usr/bin/ceph: stdout "epoch": 9,
2024-03-22T02:04:22.176 INFO:teuthology.orchestra.run.smithi028.stdout:/usr/bin/ceph: stdout "available": true,
2024-03-22T02:04:22.176 INFO:teuthology.orchestra.run.smithi028.stdout:/usr/bin/ceph: stdout "active_name": "x",
2024-03-22T02:04:22.176 INFO:teuthology.orchestra.run.smithi028.stdout:/usr/bin/ceph: stdout "num_standby": 0
2024-03-22T02:04:22.176 INFO:teuthology.orchestra.run.smithi028.stdout:/usr/bin/ceph: stdout }
2024-03-22T02:04:22.176 INFO:teuthology.orchestra.run.smithi028.stdout:/usr/bin/ceph: stderr
2024-03-22T02:04:20.449+0000 7f1ec2b05700 1 Processor -- start
2024-03-22T02:04:22.176 INFO:teuthology.orchestra.run.smithi028.stdout:/usr/bin/ceph: stderr
2024-03-22T02:04:20.450+0000 7f1ec2b05700 1 -- start start
2024-03-22T02:04:22.176 INFO:teuthology.orchestra.run.smithi028.stdout:/usr/bin/ceph: stderr
2024-03-22T02:04:20.450+0000 7f1ec2b05700 1 --2- >> [v2:172.21.15.28:3300/0,v1:172.21.15.28:6789/0] conn(0x7f1ebc108c00 0x7f1ebc10aff0 unknown :-1 s=NONE pgs=0 cs=0 l=0 rev1=0 crypto rx=0 tx=0 comp rx=0 tx=0).connect
2024-03-22T02:04:22.176 INFO:teuthology.orchestra.run.smithi028.stdout:/usr/bin/ceph: stderr
2024-03-22T02:04:20.450+0000 7f1ec2b05700 1 -- --> [v2:172.21.15.28:3300/0,v1:172.21.15.28:6789/0] -- mon_getmap magic: 0 -- 0x7f1ebc07be20 con 0x7f1ebc108c00
2024-03-22T02:04:22.176 INFO:teuthology.orchestra.run.smithi028.stdout:/usr/bin/ceph: stderr
2024-03-22T02:04:20.450+0000 7f1ec08a1700 1 --2- >> [v2:172.21.15.28:3300/0,v1:172.21.15.28:6789/0] conn(0x7f1ebc108c00 0x7f1ebc10aff0 unknown :-1 s=BANNER_CONNECTING pgs=0 cs=0 l=0 rev1=0 crypto rx=0 tx=0 comp rx=0 tx=0)._handle_peer_banner_payload supported=3 required=0
2024-03-22T02:04:22.177 INFO:teuthology.orchestra.run.smithi028.stdout:/usr/bin/ceph: stderr
2024-03-22T02:04:20.450+0000 7f1ec08a1700 1 --2- >> [v2:172.21.15.28:3300/0,v1:172.21.15.28:6789/0] conn(0x7f1ebc108c00 0x7f1ebc10aff0 unknown :-1 s=HELLO_CONNECTING pgs=0 cs=0 l=0 rev1=1 crypto rx=0 tx=0 comp rx=0 tx=0).handle_hello peer v2:172.21.15.28:3300/0 says I am v2:172.21.15.28:43570/0 (socket says 172.21.15.28:43570)
2024-03-22T02:04:22.177 INFO:teuthology.orchestra.run.smithi028.stdout:/usr/bin/ceph: stderr
2024-03-22T02:04:20.450+0000 7f1ec08a1700 1 -- 172.21.15.28:0/1890561355 learned_addr learned my addr 172.21.15.28:0/1890561355 (peer_addr_for_me v2:172.21.15.28:0/0)
2024-03-22T02:04:22.177 INFO:teuthology.orchestra.run.smithi028.stdout:/usr/bin/ceph: stderr
2024-03-22T02:04:20.451+0000 7f1ec08a1700 1 -- 172.21.15.28:0/1890561355 --> [v2:172.21.15.28:3300/0,v1:172.21.15.28:6789/0] -- mon_subscribe({config=0+,monmap=0+}) -- 0x7f1ebc10b530 con 0x7f1ebc108c00
2024-03-22T02:04:22.177 INFO:teuthology.orchestra.run.smithi028.stdout:/usr/bin/ceph: stderr
2024-03-22T02:04:20.451+0000 7f1ec08a1700 1 --2- 172.21.15.28:0/1890561355 >> [v2:172.21.15.28:3300/0,v1:172.21.15.28:6789/0] conn(0x7f1ebc108c00 0x7f1ebc10aff0 secure :-1 s=READY pgs=59 cs=0 l=1 rev1=1 crypto rx=0x7f1eb00098a0 tx=0x7f1eb0009bb0 comp rx=0 tx=0).ready entity=mon.0 client_cookie=3b814bc65d273b37 server_cookie=0 in_seq=0 out_seq=0
2024-03-22T02:04:22.177 INFO:teuthology.orchestra.run.smithi028.stdout:/usr/bin/ceph: stderr
2024-03-22T02:04:20.451+0000 7f1ebb7fe700 1 -- 172.21.15.28:0/1890561355 <== mon.0 v2:172.21.15.28:3300/0 1 ==== mon_map magic: 0 ==== 205+0+0 (secure 0 0 0) 0x7f1eb0004160 con 0x7f1ebc108c00
2024-03-22T02:04:22.177 INFO:teuthology.orchestra.run.smithi028.stdout:/usr/bin/ceph: stderr
2024-03-22T02:04:20.451+0000 7f1ebb7fe700 1 -- 172.21.15.28:0/1890561355 <== mon.0 v2:172.21.15.28:3300/0 2 ==== config(27 keys) ==== 1140+0+0 (secure 0 0 0) 0x7f1eb0004300 con 0x7f1ebc108c00
2024-03-22T02:04:22.177 INFO:teuthology.orchestra.run.smithi028.stdout:/usr/bin/ceph: stderr
2024-03-22T02:04:20.451+0000 7f1ebb7fe700 1 -- 172.21.15.28:0/1890561355 <== mon.0 v2:172.21.15.28:3300/0 3 ==== mon_map magic: 0 ==== 205+0+0 (secure 0 0 0) 0x7f1eb0011b20 con 0x7f1ebc108c00
2024-03-22T02:04:22.177 INFO:teuthology.orchestra.run.smithi028.stdout:/usr/bin/ceph: stderr
2024-03-22T02:04:20.452+0000 7f1ec2b05700 1 -- 172.21.15.28:0/1890561355 >> [v2:172.21.15.28:3300/0,v1:172.21.15.28:6789/0] conn(0x7f1ebc108c00 msgr2=0x7f1ebc10aff0 secure :-1 s=STATE_CONNECTION_ESTABLISHED l=1).mark_down
