2024-03-22T02:04:22.177 INFO:teuthology.orchestra.run.smithi028.stdout:/usr/bin/ceph: stderr
2024-03-22T02:04:20.452+0000 7f1ec2b05700 1 --2- 172.21.15.28:0/1890561355 >> [v2:172.21.15.28:3300/0,v1:172.21.15.28:6789/0] conn(0x7f1ebc108c00 0x7f1ebc10aff0 secure :-1 s=READY pgs=59 cs=0 l=1 rev1=1 crypto rx=0x7f1eb00098a0 tx=0x7f1eb0009bb0 comp rx=0 tx=0).stop
2024-03-22T02:04:22.177 INFO:teuthology.orchestra.run.smithi028.stdout:/usr/bin/ceph: stderr
2024-03-22T02:04:20.452+0000 7f1ec2b05700 1 -- 172.21.15.28:0/1890561355 shutdown_connections
2024-03-22T02:04:22.177 INFO:teuthology.orchestra.run.smithi028.stdout:/usr/bin/ceph: stderr
2024-03-22T02:04:20.452+0000 7f1ec2b05700 1 --2- 172.21.15.28:0/1890561355 >> [v2:172.21.15.28:3300/0,v1:172.21.15.28:6789/0] conn(0x7f1ebc108c00 0x7f1ebc10aff0 unknown :-1 s=CLOSED pgs=59 cs=0 l=1 rev1=1 crypto rx=0 tx=0 comp rx=0 tx=0).stop
2024-03-22T02:04:22.177 INFO:teuthology.orchestra.run.smithi028.stdout:/usr/bin/ceph: stderr
2024-03-22T02:04:20.452+0000 7f1ec2b05700 1 -- 172.21.15.28:0/1890561355 >> 172.21.15.28:0/1890561355 conn(0x7f1ebc1025d0 msgr2=0x7f1ebc104a30 unknown :-1 s=STATE_NONE l=0).mark_down
2024-03-22T02:04:22.177 INFO:teuthology.orchestra.run.smithi028.stdout:/usr/bin/ceph: stderr
2024-03-22T02:04:20.452+0000 7f1ec2b05700 1 -- 172.21.15.28:0/1890561355 shutdown_connections
2024-03-22T02:04:22.178 INFO:teuthology.orchestra.run.smithi028.stdout:/usr/bin/ceph: stderr
2024-03-22T02:04:20.452+0000 7f1ec2b05700 1 -- 172.21.15.28:0/1890561355 wait complete.
2024-03-22T02:04:22.178 INFO:teuthology.orchestra.run.smithi028.stdout:/usr/bin/ceph: stderr
2024-03-22T02:04:20.453+0000 7f1ec2b05700 1 Processor -- start
2024-03-22T02:04:22.178 INFO:teuthology.orchestra.run.smithi028.stdout:/usr/bin/ceph: stderr
2024-03-22T02:04:20.453+0000 7f1ec2b05700 1 -- start start
2024-03-22T02:04:22.178 INFO:teuthology.orchestra.run.smithi028.stdout:/usr/bin/ceph: stderr
2024-03-22T02:04:20.453+0000 7f1ec2b05700 1 --2- >> [v2:172.21.15.28:3300/0,v1:172.21.15.28:6789/0] conn(0x7f1ebc108c00 0x7f1ebc19c050 unknown :-1 s=NONE pgs=0 cs=0 l=1 rev1=0 crypto rx=0 tx=0 comp rx=0 tx=0).connect
2024-03-22T02:04:22.178 INFO:teuthology.orchestra.run.smithi028.stdout:/usr/bin/ceph: stderr
2024-03-22T02:04:20.453+0000 7f1ec2b05700 1 -- --> [v2:172.21.15.28:3300/0,v1:172.21.15.28:6789/0] -- mon_getmap magic: 0 -- 0x7f1ebc10c590 con 0x7f1ebc108c00
2024-03-22T02:04:22.178 INFO:teuthology.orchestra.run.smithi028.stdout:/usr/bin/ceph: stderr
2024-03-22T02:04:20.453+0000 7f1ec08a1700 1 --2- >> [v2:172.21.15.28:3300/0,v1:172.21.15.28:6789/0] conn(0x7f1ebc108c00 0x7f1ebc19c050 unknown :-1 s=BANNER_CONNECTING pgs=0 cs=0 l=1 rev1=0 crypto rx=0 tx=0 comp rx=0 tx=0)._handle_peer_banner_payload supported=3 required=0
2024-03-22T02:04:22.178 INFO:teuthology.orchestra.run.smithi028.stdout:/usr/bin/ceph: stderr
2024-03-22T02:04:20.453+0000 7f1ec08a1700 1 --2- >> [v2:172.21.15.28:3300/0,v1:172.21.15.28:6789/0] conn(0x7f1ebc108c00 0x7f1ebc19c050 unknown :-1 s=HELLO_CONNECTING pgs=0 cs=0 l=1 rev1=1 crypto rx=0 tx=0 comp rx=0 tx=0).handle_hello peer v2:172.21.15.28:3300/0 says I am v2:172.21.15.28:43580/0 (socket says 172.21.15.28:43580)
2024-03-22T02:04:22.178 INFO:teuthology.orchestra.run.smithi028.stdout:/usr/bin/ceph: stderr
2024-03-22T02:04:20.453+0000 7f1ec08a1700 1 -- 172.21.15.28:0/2664214732 learned_addr learned my addr 172.21.15.28:0/2664214732 (peer_addr_for_me v2:172.21.15.28:0/0)
2024-03-22T02:04:22.178 INFO:teuthology.orchestra.run.smithi028.stdout:/usr/bin/ceph: stderr
2024-03-22T02:04:20.454+0000 7f1ec08a1700 1 -- 172.21.15.28:0/2664214732 --> [v2:172.21.15.28:3300/0,v1:172.21.15.28:6789/0] -- mon_subscribe({config=0+,monmap=0+}) -- 0x7f1ebc19c590 con 0x7f1ebc108c00
2024-03-22T02:04:22.178 INFO:teuthology.orchestra.run.smithi028.stdout:/usr/bin/ceph: stderr
2024-03-22T02:04:20.454+0000 7f1ec08a1700 1 --2- 172.21.15.28:0/2664214732 >> [v2:172.21.15.28:3300/0,v1:172.21.15.28:6789/0] conn(0x7f1ebc108c00 0x7f1ebc19c050 secure :-1 s=READY pgs=60 cs=0 l=1 rev1=1 crypto rx=0x7f1eb00117e0 tx=0x7f1eb0011c10 comp rx=0 tx=0).ready entity=mon.0 client_cookie=0 server_cookie=0 in_seq=0 out_seq=0
2024-03-22T02:04:22.178 INFO:teuthology.orchestra.run.smithi028.stdout:/usr/bin/ceph: stderr
2024-03-22T02:04:20.454+0000 7f1eb9ffb700 1 -- 172.21.15.28:0/2664214732 <== mon.0 v2:172.21.15.28:3300/0 1 ==== mon_map magic: 0 ==== 205+0+0 (secure 0 0 0) 0x7f1eb0003bf0 con 0x7f1ebc108c00
2024-03-22T02:04:22.179 INFO:teuthology.orchestra.run.smithi028.stdout:/usr/bin/ceph: stderr
2024-03-22T02:04:20.454+0000 7f1ec2b05700 1 -- 172.21.15.28:0/2664214732 --> [v2:172.21.15.28:3300/0,v1:172.21.15.28:6789/0] -- mon_subscribe({mgrmap=0+}) -- 0x7f1ebc19c820 con 0x7f1ebc108c00
2024-03-22T02:04:22.179 INFO:teuthology.orchestra.run.smithi028.stdout:/usr/bin/ceph: stderr
2024-03-22T02:04:20.454+0000 7f1eb9ffb700 1 -- 172.21.15.28:0/2664214732 <== mon.0 v2:172.21.15.28:3300/0 2 ==== config(27 keys) ==== 1140+0+0 (secure 0 0 0) 0x7f1eb001a910 con 0x7f1ebc108c00
2024-03-22T02:04:22.179 INFO:teuthology.orchestra.run.smithi028.stdout:/usr/bin/ceph: stderr
2024-03-22T02:04:20.454+0000 7f1eb9ffb700 1 -- 172.21.15.28:0/2664214732 <== mon.0 v2:172.21.15.28:3300/0 3 ==== mon_map magic: 0 ==== 205+0+0 (secure 0 0 0) 0x7f1eb0024970 con 0x7f1ebc108c00
2024-03-22T02:04:22.179 INFO:teuthology.orchestra.run.smithi028.stdout:/usr/bin/ceph: stderr
2024-03-22T02:04:20.454+0000 7f1ec2b05700 1 -- 172.21.15.28:0/2664214732 --> [v2:172.21.15.28:3300/0,v1:172.21.15.28:6789/0] -- mon_subscribe({osdmap=0}) -- 0x7f1ebc19cc80 con 0x7f1ebc108c00
2024-03-22T02:04:22.179 INFO:teuthology.orchestra.run.smithi028.stdout:/usr/bin/ceph: stderr
2024-03-22T02:04:20.455+0000 7f1eb9ffb700 1 -- 172.21.15.28:0/2664214732 <== mon.0 v2:172.21.15.28:3300/0 4 ==== mgrmap(e 9) ==== 46307+0+0 (secure 0 0 0) 0x7f1eb0022020 con 0x7f1ebc108c00
2024-03-22T02:04:22.179 INFO:teuthology.orchestra.run.smithi028.stdout:/usr/bin/ceph: stderr
2024-03-22T02:04:20.456+0000 7f1ec2b05700 1 -- 172.21.15.28:0/2664214732 --> [v2:172.21.15.28:3300/0,v1:172.21.15.28:6789/0] -- mon_command({"prefix": "get_command_descriptions"} v 0) -- 0x7f1ebc063cb0 con 0x7f1ebc108c00
2024-03-22T02:04:22.179 INFO:teuthology.orchestra.run.smithi028.stdout:/usr/bin/ceph: stderr
2024-03-22T02:04:20.456+0000 7f1eb9ffb700 1 --2- 172.21.15.28:0/2664214732 >> [v2:172.21.15.28:6800/3429985942,v1:172.21.15.28:6801/3429985942] conn(0x7f1eac0391e0 0x7f1eac03b6a0 unknown :-1 s=NONE pgs=0 cs=0 l=1 rev1=0 crypto rx=0 tx=0 comp rx=0 tx=0).connect
2024-03-22T02:04:22.179 INFO:teuthology.orchestra.run.smithi028.stdout:/usr/bin/ceph: stderr
2024-03-22T02:04:20.456+0000 7f1eb9ffb700 1 -- 172.21.15.28:0/2664214732 <== mon.0 v2:172.21.15.28:3300/0 5 ==== osd_map(2..2 src has 1..2) ==== 940+0+0 (secure 0 0 0) 0x7f1eb004d5a0 con 0x7f1ebc108c00
2024-03-22T02:04:22.179 INFO:teuthology.orchestra.run.smithi028.stdout:/usr/bin/ceph: stderr
2024-03-22T02:04:20.456+0000 7f1ebbfff700 1 -- 172.21.15.28:0/2664214732 >> [v2:172.21.15.28:6800/3429985942,v1:172.21.15.28:6801/3429985942] conn(0x7f1eac0391e0 msgr2=0x7f1eac03b6a0 unknown :-1 s=STATE_CONNECTING_RE l=1).process reconnect failed to v2:172.21.15.28:6800/3429985942
2024-03-22T02:04:22.179 INFO:teuthology.orchestra.run.smithi028.stdout:/usr/bin/ceph: stderr
2024-03-22T02:04:20.456+0000 7f1ebbfff700 1 --2- 172.21.15.28:0/2664214732 >> [v2:172.21.15.28:6800/3429985942,v1:172.21.15.28:6801/3429985942] conn(0x7f1eac0391e0 0x7f1eac03b6a0 unknown :-1 s=START_CONNECT pgs=0 cs=0 l=1 rev1=0 crypto rx=0 tx=0 comp rx=0 tx=0)._fault waiting 0.200000
2024-03-22T02:04:22.179 INFO:teuthology.orchestra.run.smithi028.stdout:/usr/bin/ceph: stderr
2024-03-22T02:04:20.461+0000 7f1eb9ffb700 1 -- 172.21.15.28:0/2664214732 <== mon.0 v2:172.21.15.28:3300/0 6 ==== mon_command_ack([{"prefix": "get_command_descriptions"}]=0 v0) ==== 72+0+186149 (secure 0 0 0) 0x7f1eb0011e20 con 0x7f1ebc108c00
2024-03-22T02:04:22.179 INFO:teuthology.orchestra.run.smithi028.stdout:/usr/bin/ceph: stderr
2024-03-22T02:04:20.657+0000 7f1ebbfff700 1 -- 172.21.15.28:0/2664214732 >> [v2:172.21.15.28:6800/3429985942,v1:172.21.15.28:6801/3429985942] conn(0x7f1eac0391e0 msgr2=0x7f1eac03b6a0 unknown :-1 s=STATE_CONNECTING_RE l=1).process reconnect failed to v2:172.21.15.28:6800/3429985942
2024-03-22T02:04:22.180 INFO:teuthology.orchestra.run.smithi028.stdout:/usr/bin/ceph: stderr
2024-03-22T02:04:20.657+0000 7f1ebbfff700 1 --2- 172.21.15.28:0/2664214732 >> [v2:172.21.15.28:6800/3429985942,v1:172.21.15.28:6801/3429985942] conn(0x7f1eac0391e0 0x7f1eac03b6a0 unknown :-1 s=START_CONNECT pgs=0 cs=0 l=1 rev1=0 crypto rx=0 tx=0 comp rx=0 tx=0)._fault waiting 0.400000
2024-03-22T02:04:22.180 INFO:teuthology.orchestra.run.smithi028.stdout:/usr/bin/ceph: stderr
2024-03-22T02:04:20.732+0000 7f1ec2b05700 1 -- 172.21.15.28:0/2664214732 --> [v2:172.21.15.28:3300/0,v1:172.21.15.28:6789/0] -- mon_command({"prefix": "mgr stat"} v 0) -- 0x7f1ebc19f630 con 0x7f1ebc108c00
2024-03-22T02:04:22.180 INFO:teuthology.orchestra.run.smithi028.stdout:/usr/bin/ceph: stderr
2024-03-22T02:04:20.733+0000 7f1eb9ffb700 1 -- 172.21.15.28:0/2664214732 <== mon.0 v2:172.21.15.28:3300/0 7 ==== mon_command_ack([{"prefix": "mgr stat"}]=0 v9) ==== 56+0+88 (secure 0 0 0) 0x7f1eb000b3e0 con 0x7f1ebc108c00
2024-03-22T02:04:22.180 INFO:teuthology.orchestra.run.smithi028.stdout:/usr/bin/ceph: stderr
2024-03-22T02:04:20.735+0000 7f1ec2b05700 1 -- 172.21.15.28:0/2664214732 >> [v2:172.21.15.28:6800/3429985942,v1:172.21.15.28:6801/3429985942] conn(0x7f1eac0391e0 msgr2=0x7f1eac03b6a0 unknown :-1 s=STATE_CONNECTING l=1).mark_down
2024-03-22T02:04:22.180 INFO:teuthology.orchestra.run.smithi028.stdout:/usr/bin/ceph: stderr
2024-03-22T02:04:20.735+0000 7f1ec2b05700 1 --2- 172.21.15.28:0/2664214732 >> [v2:172.21.15.28:6800/3429985942,v1:172.21.15.28:6801/3429985942] conn(0x7f1eac0391e0 0x7f1eac03b6a0 unknown :-1 s=START_CONNECT pgs=0 cs=0 l=1 rev1=0 crypto rx=0 tx=0 comp rx=0 tx=0).stop
2024-03-22T02:04:22.180 INFO:teuthology.orchestra.run.smithi028.stdout:/usr/bin/ceph: stderr
2024-03-22T02:04:20.735+0000 7f1ec2b05700 1 -- 172.21.15.28:0/2664214732 >> [v2:172.21.15.28:3300/0,v1:172.21.15.28:6789/0] conn(0x7f1ebc108c00 msgr2=0x7f1ebc19c050 secure :-1 s=STATE_CONNECTION_ESTABLISHED l=1).mark_down
2024-03-22T02:04:22.180 INFO:teuthology.orchestra.run.smithi028.stdout:/usr/bin/ceph: stderr
2024-03-22T02:04:20.735+0000 7f1ec2b05700 1 --2- 172.21.15.28:0/2664214732 >> [v2:172.21.15.28:3300/0,v1:172.21.15.28:6789/0] conn(0x7f1ebc108c00 0x7f1ebc19c050 secure :-1 s=READY pgs=60 cs=0 l=1 rev1=1 crypto rx=0x7f1eb00117e0 tx=0x7f1eb0011c10 comp rx=0 tx=0).stop
2024-03-22T02:04:22.180 INFO:teuthology.orchestra.run.smithi028.stdout:/usr/bin/ceph: stderr
2024-03-22T02:04:20.735+0000 7f1ec2b05700 1 -- 172.21.15.28:0/2664214732 shutdown_connections
2024-03-22T02:04:22.180 INFO:teuthology.orchestra.run.smithi028.stdout:/usr/bin/ceph: stderr
2024-03-22T02:04:20.735+0000 7f1ec2b05700 1 --2- 172.21.15.28:0/2664214732 >> [v2:172.21.15.28:6800/3429985942,v1:172.21.15.28:6801/3429985942] conn(0x7f1eac0391e0 0x7f1eac03b6a0 unknown :-1 s=CLOSED pgs=0 cs=0 l=1 rev1=0 crypto rx=0 tx=0 comp rx=0 tx=0).stop
2024-03-22T02:04:22.180 INFO:teuthology.orchestra.run.smithi028.stdout:/usr/bin/ceph: stderr
2024-03-22T02:04:20.735+0000 7f1ec2b05700 1 --2- 172.21.15.28:0/2664214732 >> [v2:172.21.15.28:3300/0,v1:172.21.15.28:6789/0] conn(0x7f1ebc108c00 0x7f1ebc19c050 unknown :-1 s=CLOSED pgs=60 cs=0 l=1 rev1=1 crypto rx=0 tx=0 comp rx=0 tx=0).stop
2024-03-22T02:04:22.180 INFO:teuthology.orchestra.run.smithi028.stdout:/usr/bin/ceph: stderr
2024-03-22T02:04:20.735+0000 7f1ec2b05700 1 -- 172.21.15.28:0/2664214732 >> 172.21.15.28:0/2664214732 conn(0x7f1ebc1025d0 msgr2=0x7f1ebc103090 unknown :-1 s=STATE_NONE l=0).mark_down
2024-03-22T02:04:22.180 INFO:teuthology.orchestra.run.smithi028.stdout:/usr/bin/ceph: stderr
2024-03-22T02:04:20.735+0000 7f1ec2b05700 1 -- 172.21.15.28:0/2664214732 shutdown_connections
2024-03-22T02:04:22.180 INFO:teuthology.orchestra.run.smithi028.stdout:/usr/bin/ceph: stderr
2024-03-22T02:04:20.735+0000 7f1ec2b05700 1 -- 172.21.15.28:0/2664214732 wait complete.
2024-03-22T02:04:22.180 INFO:teuthology.orchestra.run.smithi028.stdout:Waiting for the mgr to restart...
2024-03-22T02:04:22.181 INFO:teuthology.orchestra.run.smithi028.stdout:Waiting for mgr epoch 9...
2024-03-22T02:04:23.071 INFO:journalctl@ceph.mgr.x.smithi028.stdout:Mar 22 02:04:22 smithi028 ceph-426c3602-e7f0-11ee-95cd-87774f69a715-mgr-x[32146]:
2024-03-22T02:04:22.948+0000 7f0d839d4200 -1 mgr[py] Module rook has missing NOTIFY_TYPES member
2024-03-22T02:04:23.422 INFO:journalctl@ceph.mgr.x.smithi028.stdout:Mar 22 02:04:23 smithi028 ceph-426c3602-e7f0-11ee-95cd-87774f69a715-mgr-x[32146]:
2024-03-22T02:04:23.082+0000 7f0d839d4200 -1 mgr[py] Module diskprediction_local has missing NOTIFY_TYPES member
2024-03-22T02:04:23.422 INFO:journalctl@ceph.mgr.x.smithi028.stdout:Mar 22 02:04:23 smithi028 ceph-426c3602-e7f0-11ee-95cd-87774f69a715-mgr-x[32146]:
2024-03-22T02:04:23.421+0000 7f0d839d4200 -1 mgr[py] Module selftest has missing NOTIFY_TYPES member
2024-03-22T02:04:23.716 INFO:journalctl@ceph.mgr.x.smithi028.stdout:Mar 22 02:04:23 smithi028 ceph-426c3602-e7f0-11ee-95cd-87774f69a715-mgr-x[32146]:
2024-03-22T02:04:23.513+0000 7f0d839d4200 -1 mgr[py] Module telegraf has missing NOTIFY_TYPES member
2024-03-22T02:04:23.716 INFO:journalctl@ceph.mgr.x.smithi028.stdout:Mar 22 02:04:23 smithi028 ceph-426c3602-e7f0-11ee-95cd-87774f69a715-mgr-x[32146]:
2024-03-22T02:04:23.715+0000 7f0d839d4200 -1 mgr[py] Module test_orchestrator has missing NOTIFY_TYPES member
2024-03-22T02:04:23.998 INFO:journalctl@ceph.mgr.x.smithi028.stdout:Mar 22 02:04:23 smithi028 ceph-426c3602-e7f0-11ee-95cd-87774f69a715-mgr-x[32146]:
2024-03-22T02:04:23.906+0000 7f0d839d4200 -1 mgr[py] Module crash has missing NOTIFY_TYPES member
2024-03-22T02:04:24.321 INFO:journalctl@ceph.mgr.x.smithi028.stdout:Mar 22 02:04:24 smithi028 ceph-426c3602-e7f0-11ee-95cd-87774f69a715-mgr-x[32146]:
2024-03-22T02:04:24.200+0000 7f0d839d4200 -1 mgr[py] Module orchestrator has missing NOTIFY_TYPES member
2024-03-22T02:04:24.757 INFO:journalctl@ceph.mgr.x.smithi028.stdout:Mar 22 02:04:24 smithi028 ceph-426c3602-e7f0-11ee-95cd-87774f69a715-mgr-x[32146]:
2024-03-22T02:04:24.461+0000 7f0d839d4200 -1 mgr[py] Module osd_support has missing NOTIFY_TYPES member
2024-03-22T02:04:24.758 INFO:journalctl@ceph.mgr.x.smithi028.stdout:Mar 22 02:04:24 smithi028 ceph-426c3602-e7f0-11ee-95cd-87774f69a715-mgr-x[32146]:
2024-03-22T02:04:24.706+0000 7f0d839d4200 -1 mgr[py] Module volumes has missing NOTIFY_TYPES member
2024-03-22T02:04:25.599 INFO:journalctl@ceph.mgr.x.smithi028.stdout:Mar 22 02:04:25 smithi028 ceph-426c3602-e7f0-11ee-95cd-87774f69a715-mgr-x[32146]:
2024-03-22T02:04:25.546+0000 7f0d839d4200 -1 mgr[py] Module telemetry has missing NOTIFY_TYPES member
2024-03-22T02:04:26.454 INFO:journalctl@ceph.mgr.x.smithi028.stdout:Mar 22 02:04:26 smithi028 ceph-426c3602-e7f0-11ee-95cd-87774f69a715-mgr-x[32146]:
2024-03-22T02:04:26.129+0000 7f0d839d4200 -1 mgr[py] Module prometheus has missing NOTIFY_TYPES member
2024-03-22T02:04:26.454 INFO:journalctl@ceph.mgr.x.smithi028.stdout:Mar 22 02:04:26 smithi028 ceph-426c3602-e7f0-11ee-95cd-87774f69a715-mgr-x[32146]:
2024-03-22T02:04:26.230+0000 7f0d839d4200 -1 mgr[py] Module status has missing NOTIFY_TYPES member
2024-03-22T02:04:26.454 INFO:journalctl@ceph.mgr.x.smithi028.stdout:Mar 22 02:04:26 smithi028 ceph-426c3602-e7f0-11ee-95cd-87774f69a715-mgr-x[32146]:
2024-03-22T02:04:26.452+0000 7f0d839d4200 -1 mgr[py] Module nfs has missing NOTIFY_TYPES member
2024-03-22T02:04:26.821 INFO:journalctl@ceph.mon.a.smithi028.stdout:Mar 22 02:04:26 smithi028 ceph-mon[31916]: Active manager daemon x restarted
2024-03-22T02:04:26.821 INFO:journalctl@ceph.mon.a.smithi028.stdout:Mar 22 02:04:26 smithi028 ceph-mon[31916]: Activating manager daemon x
2024-03-22T02:04:26.821 INFO:journalctl@ceph.mon.a.smithi028.stdout:Mar 22 02:04:26 smithi028 ceph-mon[31916]: osdmap e3: 0 total, 0 up, 0 in
2024-03-22T02:04:26.821 INFO:journalctl@ceph.mon.a.smithi028.stdout:Mar 22 02:04:26 smithi028 ceph-mon[31916]: mgrmap e10: x(active, starting, since 0.00325168s)
2024-03-22T02:04:26.822 INFO:journalctl@ceph.mon.a.smithi028.stdout:Mar 22 02:04:26 smithi028 ceph-mon[31916]: from='mgr.14152 172.21.15.28:0/1877203768' entity='mgr.x' cmd=[{"prefix": "mon metadata", "id": "a"}]: dispatch
2024-03-22T02:04:26.822 INFO:journalctl@ceph.mon.a.smithi028.stdout:Mar 22 02:04:26 smithi028 ceph-mon[31916]: from='mgr.14152 172.21.15.28:0/1877203768' entity='mgr.x' cmd=[{"prefix": "mgr metadata", "who": "x", "id": "x"}]: dispatch
2024-03-22T02:04:26.822 INFO:journalctl@ceph.mon.a.smithi028.stdout:Mar 22 02:04:26 smithi028 ceph-mon[31916]: from='mgr.14152 172.21.15.28:0/1877203768' entity='mgr.x' cmd=[{"prefix": "mds metadata"}]: dispatch
2024-03-22T02:04:26.822 INFO:journalctl@ceph.mon.a.smithi028.stdout:Mar 22 02:04:26 smithi028 ceph-mon[31916]: from='mgr.14152 172.21.15.28:0/1877203768' entity='mgr.x' cmd=[{"prefix": "osd metadata"}]: dispatch
2024-03-22T02:04:26.822 INFO:journalctl@ceph.mon.a.smithi028.stdout:Mar 22 02:04:26 smithi028 ceph-mon[31916]: from='mgr.14152 172.21.15.28:0/1877203768' entity='mgr.x' cmd=[{"prefix": "mon metadata"}]: dispatch
2024-03-22T02:04:26.822 INFO:journalctl@ceph.mon.a.smithi028.stdout:Mar 22 02:04:26 smithi028 ceph-mon[31916]: Manager daemon x is now available
2024-03-22T02:04:26.822 INFO:journalctl@ceph.mon.a.smithi028.stdout:Mar 22 02:04:26 smithi028 ceph-mon[31916]: from='mgr.14152 172.21.15.28:0/1877203768' entity='mgr.x' cmd=[{"prefix": "config dump", "format": "json"}]: dispatch
2024-03-22T02:04:27.821 INFO:journalctl@ceph.mon.a.smithi028.stdout:Mar 22 02:04:27 smithi028 ceph-mon[31916]: from='mgr.14152 172.21.15.28:0/1877203768' entity='mgr.x' cmd=[{"prefix":"config rm","who":"mgr","name":"mgr/rbd_support/x/mirror_snapshot_schedule"}]: dispatch
2024-03-22T02:04:27.821 INFO:journalctl@ceph.mon.a.smithi028.stdout:Mar 22 02:04:27 smithi028 ceph-mon[31916]: from='mgr.14152 172.21.15.28:0/1877203768' entity='mgr.x' cmd=[{"prefix":"config rm","who":"mgr","name":"mgr/rbd_support/x/trash_purge_schedule"}]: dispatch
2024-03-22T02:04:27.821 INFO:journalctl@ceph.mon.a.smithi028.stdout:Mar 22 02:04:27 smithi028 ceph-mon[31916]: mgrmap e11: x(active, since 1.00607s)
2024-03-22T02:04:28.094 INFO:teuthology.orchestra.run.smithi028.stdout:/usr/bin/ceph: stdout {
2024-03-22T02:04:28.094 INFO:teuthology.orchestra.run.smithi028.stdout:/usr/bin/ceph: stdout "mgrmap_epoch": 11,
2024-03-22T02:04:28.094 INFO:teuthology.orchestra.run.smithi028.stdout:/usr/bin/ceph: stdout "initialized": true
2024-03-22T02:04:28.095 INFO:teuthology.orchestra.run.smithi028.stdout:/usr/bin/ceph: stdout }
2024-03-22T02:04:28.095 INFO:teuthology.orchestra.run.smithi028.stdout:/usr/bin/ceph: stderr
2024-03-22T02:04:22.589+0000 7f0d9577c700 1 Processor -- start
2024-03-22T02:04:28.095 INFO:teuthology.orchestra.run.smithi028.stdout:/usr/bin/ceph: stderr
2024-03-22T02:04:22.589+0000 7f0d9577c700 1 -- start start
2024-03-22T02:04:28.095 INFO:teuthology.orchestra.run.smithi028.stdout:/usr/bin/ceph: stderr
2024-03-22T02:04:22.589+0000 7f0d9577c700 1 --2- >> [v2:172.21.15.28:3300/0,v1:172.21.15.28:6789/0] conn(0x7f0d90107010 0x7f0d90107430 unknown :-1 s=NONE pgs=0 cs=0 l=0 rev1=0 crypto rx=0 tx=0 comp rx=0 tx=0).connect
2024-03-22T02:04:28.095 INFO:teuthology.orchestra.run.smithi028.stdout:/usr/bin/ceph: stderr
2024-03-22T02:04:22.589+0000 7f0d9577c700 1 -- --> [v2:172.21.15.28:3300/0,v1:172.21.15.28:6789/0] -- mon_getmap magic: 0 -- 0x7f0d90107a00 con 0x7f0d90107010
2024-03-22T02:04:28.095 INFO:teuthology.orchestra.run.smithi028.stdout:/usr/bin/ceph: stderr
2024-03-22T02:04:22.589+0000 7f0d8effd700 1 --2- >> [v2:172.21.15.28:3300/0,v1:172.21.15.28:6789/0] conn(0x7f0d90107010 0x7f0d90107430 unknown :-1 s=BANNER_CONNECTING pgs=0 cs=0 l=0 rev1=0 crypto rx=0 tx=0 comp rx=0 tx=0)._handle_peer_banner_payload supported=3 required=0
2024-03-22T02:04:28.095 INFO:teuthology.orchestra.run.smithi028.stdout:/usr/bin/ceph: stderr
2024-03-22T02:04:22.590+0000 7f0d8effd700 1 --2- >> [v2:172.21.15.28:3300/0,v1:172.21.15.28:6789/0] conn(0x7f0d90107010 0x7f0d90107430 unknown :-1 s=HELLO_CONNECTING pgs=0 cs=0 l=0 rev1=1 crypto rx=0 tx=0 comp rx=0 tx=0).handle_hello peer v2:172.21.15.28:3300/0 says I am v2:172.21.15.28:36744/0 (socket says 172.21.15.28:36744)
2024-03-22T02:04:28.095 INFO:teuthology.orchestra.run.smithi028.stdout:/usr/bin/ceph: stderr
2024-03-22T02:04:22.590+0000 7f0d8effd700 1 -- 172.21.15.28:0/2620008780 learned_addr learned my addr 172.21.15.28:0/2620008780 (peer_addr_for_me v2:172.21.15.28:0/0)
2024-03-22T02:04:28.095 INFO:teuthology.orchestra.run.smithi028.stdout:/usr/bin/ceph: stderr
2024-03-22T02:04:22.590+0000 7f0d8effd700 1 -- 172.21.15.28:0/2620008780 --> [v2:172.21.15.28:3300/0,v1:172.21.15.28:6789/0] -- mon_subscribe({config=0+,monmap=0+}) -- 0x7f0d90108210 con 0x7f0d90107010
2024-03-22T02:04:28.095 INFO:teuthology.orchestra.run.smithi028.stdout:/usr/bin/ceph: stderr
2024-03-22T02:04:22.590+0000 7f0d8effd700 1 --2- 172.21.15.28:0/2620008780 >> [v2:172.21.15.28:3300/0,v1:172.21.15.28:6789/0] conn(0x7f0d90107010 0x7f0d90107430 secure :-1 s=READY pgs=61 cs=0 l=1 rev1=1 crypto rx=0x7f0d780098a0 tx=0x7f0d78009bb0 comp rx=0 tx=0).ready entity=mon.0 client_cookie=dedea10c58c76836 server_cookie=0 in_seq=0 out_seq=0
2024-03-22T02:04:28.095 INFO:teuthology.orchestra.run.smithi028.stdout:/usr/bin/ceph: stderr
2024-03-22T02:04:22.590+0000 7f0d8dffb700 1 -- 172.21.15.28:0/2620008780 <== mon.0 v2:172.21.15.28:3300/0 1 ==== mon_map magic: 0 ==== 205+0+0 (secure 0 0 0) 0x7f0d78004160 con 0x7f0d90107010
2024-03-22T02:04:28.095 INFO:teuthology.orchestra.run.smithi028.stdout:/usr/bin/ceph: stderr
2024-03-22T02:04:22.590+0000 7f0d8dffb700 1 -- 172.21.15.28:0/2620008780 <== mon.0 v2:172.21.15.28:3300/0 2 ==== config(27 keys) ==== 1140+0+0 (secure 0 0 0) 0x7f0d78004300 con 0x7f0d90107010
2024-03-22T02:04:28.096 INFO:teuthology.orchestra.run.smithi028.stdout:/usr/bin/ceph: stderr
2024-03-22T02:04:22.590+0000 7f0d8dffb700 1 -- 172.21.15.28:0/2620008780 <== mon.0 v2:172.21.15.28:3300/0 3 ==== mon_map magic: 0 ==== 205+0+0 (secure 0 0 0) 0x7f0d78011b20 con 0x7f0d90107010
2024-03-22T02:04:28.096 INFO:teuthology.orchestra.run.smithi028.stdout:/usr/bin/ceph: stderr
2024-03-22T02:04:22.591+0000 7f0d9577c700 1 -- 172.21.15.28:0/2620008780 >> [v2:172.21.15.28:3300/0,v1:172.21.15.28:6789/0] conn(0x7f0d90107010 msgr2=0x7f0d90107430 secure :-1 s=STATE_CONNECTION_ESTABLISHED l=1).mark_down
2024-03-22T02:04:28.096 INFO:teuthology.orchestra.run.smithi028.stdout:/usr/bin/ceph: stderr
2024-03-22T02:04:22.591+0000 7f0d9577c700 1 --2- 172.21.15.28:0/2620008780 >> [v2:172.21.15.28:3300/0,v1:172.21.15.28:6789/0] conn(0x7f0d90107010 0x7f0d90107430 secure :-1 s=READY pgs=61 cs=0 l=1 rev1=1 crypto rx=0x7f0d780098a0 tx=0x7f0d78009bb0 comp rx=0 tx=0).stop
2024-03-22T02:04:28.096 INFO:teuthology.orchestra.run.smithi028.stdout:/usr/bin/ceph: stderr
2024-03-22T02:04:22.591+0000 7f0d9577c700 1 -- 172.21.15.28:0/2620008780 shutdown_connections
2024-03-22T02:04:28.096 INFO:teuthology.orchestra.run.smithi028.stdout:/usr/bin/ceph: stderr
2024-03-22T02:04:22.591+0000 7f0d9577c700 1 --2- 172.21.15.28:0/2620008780 >> [v2:172.21.15.28:3300/0,v1:172.21.15.28:6789/0] conn(0x7f0d90107010 0x7f0d90107430 unknown :-1 s=CLOSED pgs=61 cs=0 l=1 rev1=1 crypto rx=0 tx=0 comp rx=0 tx=0).stop
2024-03-22T02:04:28.096 INFO:teuthology.orchestra.run.smithi028.stdout:/usr/bin/ceph: stderr
2024-03-22T02:04:22.591+0000 7f0d9577c700 1 -- 172.21.15.28:0/2620008780 >> 172.21.15.28:0/2620008780 conn(0x7f0d901025d0 msgr2=0x7f0d901049f0 unknown :-1 s=STATE_NONE l=0).mark_down
2024-03-22T02:04:28.096 INFO:teuthology.orchestra.run.smithi028.stdout:/usr/bin/ceph: stderr
2024-03-22T02:04:22.591+0000 7f0d9577c700 1 -- 172.21.15.28:0/2620008780 shutdown_connections
2024-03-22T02:04:28.096 INFO:teuthology.orchestra.run.smithi028.stdout:/usr/bin/ceph: stderr
2024-03-22T02:04:22.591+0000 7f0d9577c700 1 -- 172.21.15.28:0/2620008780 wait complete.
2024-03-22T02:04:28.096 INFO:teuthology.orchestra.run.smithi028.stdout:/usr/bin/ceph: stderr
2024-03-22T02:04:22.591+0000 7f0d9577c700 1 Processor -- start
2024-03-22T02:04:28.096 INFO:teuthology.orchestra.run.smithi028.stdout:/usr/bin/ceph: stderr
2024-03-22T02:04:22.592+0000 7f0d9577c700 1 -- start start
2024-03-22T02:04:28.097 INFO:teuthology.orchestra.run.smithi028.stdout:/usr/bin/ceph: stderr
2024-03-22T02:04:22.592+0000 7f0d9577c700 1 --2- >> [v2:172.21.15.28:3300/0,v1:172.21.15.28:6789/0] conn(0x7f0d90107010 0x7f0d9019e260 unknown :-1 s=NONE pgs=0 cs=0 l=1 rev1=0 crypto rx=0 tx=0 comp rx=0 tx=0).connect
2024-03-22T02:04:28.097 INFO:teuthology.orchestra.run.smithi028.stdout:/usr/bin/ceph: stderr
2024-03-22T02:04:22.592+0000 7f0d9577c700 1 -- --> [v2:172.21.15.28:3300/0,v1:172.21.15.28:6789/0] -- mon_getmap magic: 0 -- 0x7f0d9007af80 con 0x7f0d90107010
2024-03-22T02:04:28.097 INFO:teuthology.orchestra.run.smithi028.stdout:/usr/bin/ceph: stderr
2024-03-22T02:04:22.592+0000 7f0d8effd700 1 --2- >> [v2:172.21.15.28:3300/0,v1:172.21.15.28:6789/0] conn(0x7f0d90107010 0x7f0d9019e260 unknown :-1 s=BANNER_CONNECTING pgs=0 cs=0 l=1 rev1=0 crypto rx=0 tx=0 comp rx=0 tx=0)._handle_peer_banner_payload supported=3 required=0
2024-03-22T02:04:28.097 INFO:teuthology.orchestra.run.smithi028.stdout:/usr/bin/ceph: stderr
2024-03-22T02:04:22.592+0000 7f0d8effd700 1 --2- >> [v2:172.21.15.28:3300/0,v1:172.21.15.28:6789/0] conn(0x7f0d90107010 0x7f0d9019e260 unknown :-1 s=HELLO_CONNECTING pgs=0 cs=0 l=1 rev1=1 crypto rx=0 tx=0 comp rx=0 tx=0).handle_hello peer v2:172.21.15.28:3300/0 says I am v2:172.21.15.28:36748/0 (socket says 172.21.15.28:36748)
2024-03-22T02:04:28.097 INFO:teuthology.orchestra.run.smithi028.stdout:/usr/bin/ceph: stderr
2024-03-22T02:04:22.592+0000 7f0d8effd700 1 -- 172.21.15.28:0/2215421654 learned_addr learned my addr 172.21.15.28:0/2215421654 (peer_addr_for_me v2:172.21.15.28:0/0)
2024-03-22T02:04:28.097 INFO:teuthology.orchestra.run.smithi028.stdout:/usr/bin/ceph: stderr
2024-03-22T02:04:22.592+0000 7f0d8effd700 1 -- 172.21.15.28:0/2215421654 --> [v2:172.21.15.28:3300/0,v1:172.21.15.28:6789/0] -- mon_subscribe({config=0+,monmap=0+}) -- 0x7f0d9019e7a0 con 0x7f0d90107010
2024-03-22T02:04:28.097 INFO:teuthology.orchestra.run.smithi028.stdout:/usr/bin/ceph: stderr
2024-03-22T02:04:22.592+0000 7f0d8effd700 1 --2- 172.21.15.28:0/2215421654 >> [v2:172.21.15.28:3300/0,v1:172.21.15.28:6789/0] conn(0x7f0d90107010 0x7f0d9019e260 secure :-1 s=READY pgs=62 cs=0 l=1 rev1=1 crypto rx=0x7f0d780117e0 tx=0x7f0d78011c10 comp rx=0 tx=0).ready entity=mon.0 client_cookie=0 server_cookie=0 in_seq=0 out_seq=0
2024-03-22T02:04:28.097 INFO:teuthology.orchestra.run.smithi028.stdout:/usr/bin/ceph: stderr
2024-03-22T02:04:22.592+0000 7f0d87fff700 1 -- 172.21.15.28:0/2215421654 <== mon.0 v2:172.21.15.28:3300/0 1 ==== mon_map magic: 0 ==== 205+0+0 (secure 0 0 0) 0x7f0d78003bf0 con 0x7f0d90107010
2024-03-22T02:04:28.097 INFO:teuthology.orchestra.run.smithi028.stdout:/usr/bin/ceph: stderr
2024-03-22T02:04:22.593+0000 7f0d9577c700 1 -- 172.21.15.28:0/2215421654 --> [v2:172.21.15.28:3300/0,v1:172.21.15.28:6789/0] -- mon_subscribe({mgrmap=0+}) -- 0x7f0d9019ea30 con 0x7f0d90107010
2024-03-22T02:04:28.097 INFO:teuthology.orchestra.run.smithi028.stdout:/usr/bin/ceph: stderr
2024-03-22T02:04:22.593+0000 7f0d87fff700 1 -- 172.21.15.28:0/2215421654 <== mon.0 v2:172.21.15.28:3300/0 2 ==== config(27 keys) ==== 1140+0+0 (secure 0 0 0) 0x7f0d7801a910 con 0x7f0d90107010
2024-03-22T02:04:28.097 INFO:teuthology.orchestra.run.smithi028.stdout:/usr/bin/ceph: stderr
2024-03-22T02:04:22.593+0000 7f0d87fff700 1 -- 172.21.15.28:0/2215421654 <== mon.0 v2:172.21.15.28:3300/0 3 ==== mon_map magic: 0 ==== 205+0+0 (secure 0 0 0) 0x7f0d780249a0 con 0x7f0d90107010
2024-03-22T02:04:28.098 INFO:teuthology.orchestra.run.smithi028.stdout:/usr/bin/ceph: stderr
2024-03-22T02:04:22.593+0000 7f0d9577c700 1 -- 172.21.15.28:0/2215421654 --> [v2:172.21.15.28:3300/0,v1:172.21.15.28:6789/0] -- mon_subscribe({osdmap=0}) -- 0x7f0d9019ee90 con 0x7f0d90107010
2024-03-22T02:04:28.098 INFO:teuthology.orchestra.run.smithi028.stdout:/usr/bin/ceph: stderr
2024-03-22T02:04:22.593+0000 7f0d87fff700 1 -- 172.21.15.28:0/2215421654 <== mon.0 v2:172.21.15.28:3300/0 4 ==== mgrmap(e 9) ==== 46307+0+0 (secure 0 0 0) 0x7f0d78022020 con 0x7f0d90107010
2024-03-22T02:04:28.098 INFO:teuthology.orchestra.run.smithi028.stdout:/usr/bin/ceph: stderr
2024-03-22T02:04:22.594+0000 7f0d87fff700 1 --2- 172.21.15.28:0/2215421654 >> [v2:172.21.15.28:6800/3429985942,v1:172.21.15.28:6801/3429985942] conn(0x7f0d7c039180 0x7f0d7c03b640 unknown :-1 s=NONE pgs=0 cs=0 l=1 rev1=0 crypto rx=0 tx=0 comp rx=0 tx=0).connect
2024-03-22T02:04:28.098 INFO:teuthology.orchestra.run.smithi028.stdout:/usr/bin/ceph: stderr
2024-03-22T02:04:22.594+0000 7f0d87fff700 1 -- 172.21.15.28:0/2215421654 --> [v2:172.21.15.28:6800/3429985942,v1:172.21.15.28:6801/3429985942] -- command(tid 0: {"prefix": "get_command_descriptions"}) -- 0x7f0d7c03bd50 con 0x7f0d7c039180
2024-03-22T02:04:28.098 INFO:teuthology.orchestra.run.smithi028.stdout:/usr/bin/ceph: stderr
2024-03-22T02:04:22.594+0000 7f0d87fff700 1 -- 172.21.15.28:0/2215421654 <== mon.0 v2:172.21.15.28:3300/0 5 ==== osd_map(2..2 src has 1..2) ==== 940+0+0 (secure 0 0 0) 0x7f0d7804d520 con 0x7f0d90107010
2024-03-22T02:04:28.098 INFO:teuthology.orchestra.run.smithi028.stdout:/usr/bin/ceph: stderr
2024-03-22T02:04:22.594+0000 7f0d8e7fc700 1 -- 172.21.15.28:0/2215421654 >> [v2:172.21.15.28:6800/3429985942,v1:172.21.15.28:6801/3429985942] conn(0x7f0d7c039180 msgr2=0x7f0d7c03b640 unknown :-1 s=STATE_CONNECTING_RE l=1).process reconnect failed to v2:172.21.15.28:6800/3429985942
2024-03-22T02:04:28.098 INFO:teuthology.orchestra.run.smithi028.stdout:/usr/bin/ceph: stderr
2024-03-22T02:04:22.594+0000 7f0d8e7fc700 1 --2- 172.21.15.28:0/2215421654 >> [v2:172.21.15.28:6800/3429985942,v1:172.21.15.28:6801/3429985942] conn(0x7f0d7c039180 0x7f0d7c03b640 unknown :-1 s=START_CONNECT pgs=0 cs=0 l=1 rev1=0 crypto rx=0 tx=0 comp rx=0 tx=0)._fault waiting 0.200000
2024-03-22T02:04:28.099 INFO:teuthology.orchestra.run.smithi028.stdout:/usr/bin/ceph: stderr
2024-03-22T02:04:22.795+0000 7f0d8e7fc700 1 -- 172.21.15.28:0/2215421654 >> [v2:172.21.15.28:6800/3429985942,v1:172.21.15.28:6801/3429985942] conn(0x7f0d7c039180 msgr2=0x7f0d7c03b640 unknown :-1 s=STATE_CONNECTING_RE l=1).process reconnect failed to v2:172.21.15.28:6800/3429985942
2024-03-22T02:04:28.099 INFO:teuthology.orchestra.run.smithi028.stdout:/usr/bin/ceph: stderr
2024-03-22T02:04:22.795+0000 7f0d8e7fc700 1 --2- 172.21.15.28:0/2215421654 >> [v2:172.21.15.28:6800/3429985942,v1:172.21.15.28:6801/3429985942] conn(0x7f0d7c039180 0x7f0d7c03b640 unknown :-1 s=START_CONNECT pgs=0 cs=0 l=1 rev1=0 crypto rx=0 tx=0 comp rx=0 tx=0)._fault waiting 0.400000
2024-03-22T02:04:28.099 INFO:teuthology.orchestra.run.smithi028.stdout:/usr/bin/ceph: stderr
2024-03-22T02:04:23.196+0000 7f0d8e7fc700 1 -- 172.21.15.28:0/2215421654 >> [v2:172.21.15.28:6800/3429985942,v1:172.21.15.28:6801/3429985942] conn(0x7f0d7c039180 msgr2=0x7f0d7c03b640 unknown :-1 s=STATE_CONNECTING_RE l=1).process reconnect failed to v2:172.21.15.28:6800/3429985942
2024-03-22T02:04:28.099 INFO:teuthology.orchestra.run.smithi028.stdout:/usr/bin/ceph: stderr
2024-03-22T02:04:23.196+0000 7f0d8e7fc700 1 --2- 172.21.15.28:0/2215421654 >> [v2:172.21.15.28:6800/3429985942,v1:172.21.15.28:6801/3429985942] conn(0x7f0d7c039180 0x7f0d7c03b640 unknown :-1 s=START_CONNECT pgs=0 cs=0 l=1 rev1=0 crypto rx=0 tx=0 comp rx=0 tx=0)._fault waiting 0.800000
2024-03-22T02:04:28.099 INFO:teuthology.orchestra.run.smithi028.stdout:/usr/bin/ceph: stderr
2024-03-22T02:04:23.997+0000 7f0d8e7fc700 1 -- 172.21.15.28:0/2215421654 >> [v2:172.21.15.28:6800/3429985942,v1:172.21.15.28:6801/3429985942] conn(0x7f0d7c039180 msgr2=0x7f0d7c03b640 unknown :-1 s=STATE_CONNECTING_RE l=1).process reconnect failed to v2:172.21.15.28:6800/3429985942
2024-03-22T02:04:28.099 INFO:teuthology.orchestra.run.smithi028.stdout:/usr/bin/ceph: stderr
2024-03-22T02:04:23.997+0000 7f0d8e7fc700 1 --2- 172.21.15.28:0/2215421654 >> [v2:172.21.15.28:6800/3429985942,v1:172.21.15.28:6801/3429985942] conn(0x7f0d7c039180 0x7f0d7c03b640 unknown :-1 s=START_CONNECT pgs=0 cs=0 l=1 rev1=0 crypto rx=0 tx=0 comp rx=0 tx=0)._fault waiting 1.600000
2024-03-22T02:04:28.099 INFO:teuthology.orchestra.run.smithi028.stdout:/usr/bin/ceph: stderr
2024-03-22T02:04:25.598+0000 7f0d8e7fc700 1 -- 172.21.15.28:0/2215421654 >> [v2:172.21.15.28:6800/3429985942,v1:172.21.15.28:6801/3429985942] conn(0x7f0d7c039180 msgr2=0x7f0d7c03b640 unknown :-1 s=STATE_CONNECTING_RE l=1).process reconnect failed to v2:172.21.15.28:6800/3429985942
2024-03-22T02:04:28.099 INFO:teuthology.orchestra.run.smithi028.stdout:/usr/bin/ceph: stderr
2024-03-22T02:04:25.598+0000 7f0d8e7fc700 1 --2- 172.21.15.28:0/2215421654 >> [v2:172.21.15.28:6800/3429985942,v1:172.21.15.28:6801/3429985942] conn(0x7f0d7c039180 0x7f0d7c03b640 unknown :-1 s=START_CONNECT pgs=0 cs=0 l=1 rev1=0 crypto rx=0 tx=0 comp rx=0 tx=0)._fault waiting 3.200000
2024-03-22T02:04:28.099 INFO:teuthology.orchestra.run.smithi028.stdout:/usr/bin/ceph: stderr
2024-03-22T02:04:26.468+0000 7f0d87fff700 1 -- 172.21.15.28:0/2215421654 <== mon.0 v2:172.21.15.28:3300/0 6 ==== mgrmap(e 10) ==== 46074+0+0 (secure 0 0 0) 0x7f0d7802dad0 con 0x7f0d90107010
2024-03-22T02:04:28.099 INFO:teuthology.orchestra.run.smithi028.stdout:/usr/bin/ceph: stderr
2024-03-22T02:04:26.468+0000 7f0d87fff700 1 -- 172.21.15.28:0/2215421654 >> [v2:172.21.15.28:6800/3429985942,v1:172.21.15.28:6801/3429985942] conn(0x7f0d7c039180 msgr2=0x7f0d7c03b640 unknown :-1 s=STATE_CONNECTING l=1).mark_down
2024-03-22T02:04:28.100 INFO:teuthology.orchestra.run.smithi028.stdout:/usr/bin/ceph: stderr
2024-03-22T02:04:26.468+0000 7f0d87fff700 1 --2- 172.21.15.28:0/2215421654 >> [v2:172.21.15.28:6800/3429985942,v1:172.21.15.28:6801/3429985942] conn(0x7f0d7c039180 0x7f0d7c03b640 unknown :-1 s=START_CONNECT pgs=0 cs=0 l=1 rev1=0 crypto rx=0 tx=0 comp rx=0 tx=0).stop
2024-03-22T02:04:28.100 INFO:teuthology.orchestra.run.smithi028.stdout:/usr/bin/ceph: stderr
2024-03-22T02:04:27.469+0000 7f0d87fff700 1 -- 172.21.15.28:0/2215421654 <== mon.0 v2:172.21.15.28:3300/0 7 ==== mgrmap(e 11) ==== 46201+0+0 (secure 0 0 0) 0x7f0d7804f1d0 con 0x7f0d90107010
2024-03-22T02:04:28.100 INFO:teuthology.orchestra.run.smithi028.stdout:/usr/bin/ceph: stderr
2024-03-22T02:04:27.470+0000 7f0d87fff700 1 --2- 172.21.15.28:0/2215421654 >> [v2:172.21.15.28:6800/4205492780,v1:172.21.15.28:6801/4205492780] conn(0x7f0d7c03cc00 0x7f0d7c03eff0 unknown :-1 s=NONE pgs=0 cs=0 l=1 rev1=0 crypto rx=0 tx=0 comp rx=0 tx=0).connect
2024-03-22T02:04:28.100 INFO:teuthology.orchestra.run.smithi028.stdout:/usr/bin/ceph: stderr
2024-03-22T02:04:27.470+0000 7f0d87fff700 1 -- 172.21.15.28:0/2215421654 --> [v2:172.21.15.28:6800/4205492780,v1:172.21.15.28:6801/4205492780] -- command(tid 0: {"prefix": "get_command_descriptions"}) -- 0x7f0d7800be90 con 0x7f0d7c03cc00
2024-03-22T02:04:28.100 INFO:teuthology.orchestra.run.smithi028.stdout:/usr/bin/ceph: stderr
2024-03-22T02:04:27.470+0000 7f0d8e7fc700 1 --2- 172.21.15.28:0/2215421654 >> [v2:172.21.15.28:6800/4205492780,v1:172.21.15.28:6801/4205492780] conn(0x7f0d7c03cc00 0x7f0d7c03eff0 unknown :-1 s=BANNER_CONNECTING pgs=0 cs=0 l=1 rev1=0 crypto rx=0 tx=0 comp rx=0 tx=0)._handle_peer_banner_payload supported=3 required=0
2024-03-22T02:04:28.100 INFO:teuthology.orchestra.run.smithi028.stdout:/usr/bin/ceph: stderr
2024-03-22T02:04:27.471+0000 7f0d8e7fc700 1 --2- 172.21.15.28:0/2215421654 >> [v2:172.21.15.28:6800/4205492780,v1:172.21.15.28:6801/4205492780] conn(0x7f0d7c03cc00 0x7f0d7c03eff0 secure :-1 s=READY pgs=1 cs=0 l=1 rev1=1 crypto rx=0x7f0d80003a10 tx=0x7f0d800092b0 comp rx=0 tx=0).ready entity=mgr.14152 client_cookie=0 server_cookie=0 in_seq=0 out_seq=0
2024-03-22T02:04:28.100 INFO:teuthology.orchestra.run.smithi028.stdout:/usr/bin/ceph: stderr
2024-03-22T02:04:27.471+0000 7f0d87fff700 1 -- 172.21.15.28:0/2215421654 <== mgr.14152 v2:172.21.15.28:6800/4205492780 1 ==== command_reply(tid 0: 0 ) ==== 8+0+7774 (secure 0 0 0) 0x7f0d7800be90 con 0x7f0d7c03cc00
2024-03-22T02:04:28.100 INFO:teuthology.orchestra.run.smithi028.stdout:/usr/bin/ceph: stderr
2024-03-22T02:04:27.484+0000 7f0d9577c700 1 -- 172.21.15.28:0/2215421654 --> [v2:172.21.15.28:6800/4205492780,v1:172.21.15.28:6801/4205492780] -- command(tid 1: {"prefix": "mgr_status"}) -- 0x7f0d90063cb0 con 0x7f0d7c03cc00
2024-03-22T02:04:28.100 INFO:teuthology.orchestra.run.smithi028.stdout:/usr/bin/ceph: stderr
2024-03-22T02:04:27.485+0000 7f0d87fff700 1 -- 172.21.15.28:0/2215421654 <== mgr.14152 v2:172.21.15.28:6800/4205492780 2 ==== command_reply(tid 1: 0 ) ==== 8+0+52 (secure 0 0 0) 0x7f0d90063cb0 con 0x7f0d7c03cc00
2024-03-22T02:04:28.100 INFO:teuthology.orchestra.run.smithi028.stdout:/usr/bin/ceph: stderr
2024-03-22T02:04:27.485+0000 7f0d9577c700 1 -- 172.21.15.28:0/2215421654 >> [v2:172.21.15.28:6800/4205492780,v1:172.21.15.28:6801/4205492780] conn(0x7f0d7c03cc00 msgr2=0x7f0d7c03eff0 secure :-1 s=STATE_CONNECTION_ESTABLISHED l=1).mark_down
2024-03-22T02:04:28.100 INFO:teuthology.orchestra.run.smithi028.stdout:/usr/bin/ceph: stderr
2024-03-22T02:04:27.485+0000 7f0d9577c700 1 --2- 172.21.15.28:0/2215421654 >> [v2:172.21.15.28:6800/4205492780,v1:172.21.15.28:6801/4205492780] conn(0x7f0d7c03cc00 0x7f0d7c03eff0 secure :-1 s=READY pgs=1 cs=0 l=1 rev1=1 crypto rx=0x7f0d80003a10 tx=0x7f0d800092b0 comp rx=0 tx=0).stop
2024-03-22T02:04:28.101 INFO:teuthology.orchestra.run.smithi028.stdout:/usr/bin/ceph: stderr
2024-03-22T02:04:27.485+0000 7f0d9577c700 1 -- 172.21.15.28:0/2215421654 >> [v2:172.21.15.28:3300/0,v1:172.21.15.28:6789/0] conn(0x7f0d90107010 msgr2=0x7f0d9019e260 secure :-1 s=STATE_CONNECTION_ESTABLISHED l=1).mark_down
2024-03-22T02:04:28.101 INFO:teuthology.orchestra.run.smithi028.stdout:/usr/bin/ceph: stderr
2024-03-22T02:04:27.485+0000 7f0d9577c700 1 --2- 172.21.15.28:0/2215421654 >> [v2:172.21.15.28:3300/0,v1:172.21.15.28:6789/0] conn(0x7f0d90107010 0x7f0d9019e260 secure :-1 s=READY pgs=62 cs=0 l=1 rev1=1 crypto rx=0x7f0d780117e0 tx=0x7f0d78011c10 comp rx=0 tx=0).stop
2024-03-22T02:04:28.101 INFO:teuthology.orchestra.run.smithi028.stdout:/usr/bin/ceph: stderr
2024-03-22T02:04:27.485+0000 7f0d9577c700 1 -- 172.21.15.28:0/2215421654 shutdown_connections
2024-03-22T02:04:28.101 INFO:teuthology.orchestra.run.smithi028.stdout:/usr/bin/ceph: stderr
2024-03-22T02:04:27.485+0000 7f0d9577c700 1 --2- 172.21.15.28:0/2215421654 >> [v2:172.21.15.28:6800/4205492780,v1:172.21.15.28:6801/4205492780] conn(0x7f0d7c03cc00 0x7f0d7c03eff0 unknown :-1 s=CLOSED pgs=1 cs=0 l=1 rev1=1 crypto rx=0 tx=0 comp rx=0 tx=0).stop
2024-03-22T02:04:28.101 INFO:teuthology.orchestra.run.smithi028.stdout:/usr/bin/ceph: stderr
2024-03-22T02:04:27.485+0000 7f0d9577c700 1 --2- 172.21.15.28:0/2215421654 >> [v2:172.21.15.28:3300/0,v1:172.21.15.28:6789/0] conn(0x7f0d90107010 0x7f0d9019e260 unknown :-1 s=CLOSED pgs=62 cs=0 l=1 rev1=1 crypto rx=0 tx=0 comp rx=0 tx=0).stop
2024-03-22T02:04:28.101 INFO:teuthology.orchestra.run.smithi028.stdout:/usr/bin/ceph: stderr
2024-03-22T02:04:27.485+0000 7f0d9577c700 1 --2- 172.21.15.28:0/2215421654 >> [v2:172.21.15.28:6800/3429985942,v1:172.21.15.28:6801/3429985942] conn(0x7f0d7c039180 0x7f0d7c03b640 unknown :-1 s=CLOSED pgs=0 cs=0 l=1 rev1=0 crypto rx=0 tx=0 comp rx=0 tx=0).stop
2024-03-22T02:04:28.101 INFO:teuthology.orchestra.run.smithi028.stdout:/usr/bin/ceph: stderr
2024-03-22T02:04:27.485+0000 7f0d9577c700 1 -- 172.21.15.28:0/2215421654 >> 172.21.15.28:0/2215421654 conn(0x7f0d901025d0 msgr2=0x7f0d901948a0 unknown :-1 s=STATE_NONE l=0).mark_down
2024-03-22T02:04:28.101 INFO:teuthology.orchestra.run.smithi028.stdout:/usr/bin/ceph: stderr
2024-03-22T02:04:27.485+0000 7f0d9577c700 1 -- 172.21.15.28:0/2215421654 shutdown_connections
2024-03-22T02:04:28.101 INFO:teuthology.orchestra.run.smithi028.stdout:/usr/bin/ceph: stderr
2024-03-22T02:04:27.485+0000 7f0d9577c700 1 -- 172.21.15.28:0/2215421654 wait complete.
2024-03-22T02:04:28.101 INFO:teuthology.orchestra.run.smithi028.stdout:mgr epoch 9 is available
2024-03-22T02:04:28.101 INFO:teuthology.orchestra.run.smithi028.stdout:Generating a dashboard self-signed certificate...
2024-03-22T02:04:28.726 INFO:journalctl@ceph.mon.a.smithi028.stdout:Mar 22 02:04:28 smithi028 ceph-mon[31916]: from='client.14156 -' entity='client.admin' cmd=[{"prefix": "get_command_descriptions"}]: dispatch
2024-03-22T02:04:28.726 INFO:journalctl@ceph.mon.a.smithi028.stdout:Mar 22 02:04:28 smithi028 ceph-mon[31916]: from='client.14156 -' entity='client.admin' cmd=[{"prefix": "mgr_status"}]: dispatch
2024-03-22T02:04:29.524 INFO:journalctl@ceph.mon.a.smithi028.stdout:Mar 22 02:04:29 smithi028 ceph-mon[31916]: mgrmap e12: x(active, since 2s)
2024-03-22T02:04:29.524 INFO:journalctl@ceph.mon.a.smithi028.stdout:Mar 22 02:04:29 smithi028 ceph-mon[31916]: from='mgr.14152 172.21.15.28:0/1877203768' entity='mgr.x'
2024-03-22T02:04:29.524 INFO:journalctl@ceph.mon.a.smithi028.stdout:Mar 22 02:04:29 smithi028 ceph-mon[31916]: from='mgr.14152 172.21.15.28:0/1877203768' entity='mgr.x'
2024-03-22T02:04:29.524 INFO:journalctl@ceph.mon.a.smithi028.stdout:Mar 22 02:04:29 smithi028 ceph-mon[31916]: [22/Mar/2024:02:04:28] ENGINE Bus STARTING
2024-03-22T02:04:29.524 INFO:journalctl@ceph.mon.a.smithi028.stdout:Mar 22 02:04:29 smithi028 ceph-mon[31916]: [22/Mar/2024:02:04:29] ENGINE Serving on https://172.21.15.28:7150
2024-03-22T02:04:29.525 INFO:journalctl@ceph.mon.a.smithi028.stdout:Mar 22 02:04:29 smithi028 ceph-mon[31916]: [22/Mar/2024:02:04:29] ENGINE Serving on http://172.21.15.28:8765
2024-03-22T02:04:29.525 INFO:journalctl@ceph.mon.a.smithi028.stdout:Mar 22 02:04:29 smithi028 ceph-mon[31916]: [22/Mar/2024:02:04:29] ENGINE Bus STARTED
2024-03-22T02:04:29.525 INFO:journalctl@ceph.mon.a.smithi028.stdout:Mar 22 02:04:29 smithi028 ceph-mon[31916]: from='mgr.14152 172.21.15.28:0/1877203768' entity='mgr.x'
2024-03-22T02:04:29.531 INFO:teuthology.orchestra.run.smithi028.stdout:/usr/bin/ceph: stdout Self-signed certificate created
2024-03-22T02:04:29.532 INFO:teuthology.orchestra.run.smithi028.stdout:/usr/bin/ceph: stderr
2024-03-22T02:04:28.500+0000 7fcf19c5d700 1 Processor -- start
2024-03-22T02:04:29.532 INFO:teuthology.orchestra.run.smithi028.stdout:/usr/bin/ceph: stderr
2024-03-22T02:04:28.500+0000 7fcf19c5d700 1 -- start start
2024-03-22T02:04:29.532 INFO:teuthology.orchestra.run.smithi028.stdout:/usr/bin/ceph: stderr
2024-03-22T02:04:28.501+0000 7fcf19c5d700 1 --2- >> [v2:172.21.15.28:3300/0,v1:172.21.15.28:6789/0] conn(0x7fcf14108bc0 0x7fcf1410afb0 unknown :-1 s=NONE pgs=0 cs=0 l=0 rev1=0 crypto rx=0 tx=0 comp rx=0 tx=0).connect
2024-03-22T02:04:29.532 INFO:teuthology.orchestra.run.smithi028.stdout:/usr/bin/ceph: stderr
2024-03-22T02:04:28.501+0000 7fcf19c5d700 1 -- --> [v2:172.21.15.28:3300/0,v1:172.21.15.28:6789/0] -- mon_getmap magic: 0 -- 0x7fcf1407be20 con 0x7fcf14108bc0
2024-03-22T02:04:29.532 INFO:teuthology.orchestra.run.smithi028.stdout:/usr/bin/ceph: stderr
2024-03-22T02:04:28.501+0000 7fcf137fe700 1 --2- >> [v2:172.21.15.28:3300/0,v1:172.21.15.28:6789/0] conn(0x7fcf14108bc0 0x7fcf1410afb0 unknown :-1 s=BANNER_CONNECTING pgs=0 cs=0 l=0 rev1=0 crypto rx=0 tx=0 comp rx=0 tx=0)._handle_peer_banner_payload supported=3 required=0
2024-03-22T02:04:29.532 INFO:teuthology.orchestra.run.smithi028.stdout:/usr/bin/ceph: stderr
2024-03-22T02:04:28.501+0000 7fcf137fe700 1 --2- >> [v2:172.21.15.28:3300/0,v1:172.21.15.28:6789/0] conn(0x7fcf14108bc0 0x7fcf1410afb0 unknown :-1 s=HELLO_CONNECTING pgs=0 cs=0 l=0 rev1=1 crypto rx=0 tx=0 comp rx=0 tx=0).handle_hello peer v2:172.21.15.28:3300/0 says I am v2:172.21.15.28:36836/0 (socket says 172.21.15.28:36836)
2024-03-22T02:04:29.532 INFO:teuthology.orchestra.run.smithi028.stdout:/usr/bin/ceph: stderr
2024-03-22T02:04:28.501+0000 7fcf137fe700 1 -- 172.21.15.28:0/3781834495 learned_addr learned my addr 172.21.15.28:0/3781834495 (peer_addr_for_me v2:172.21.15.28:0/0)
2024-03-22T02:04:29.533 INFO:teuthology.orchestra.run.smithi028.stdout:/usr/bin/ceph: stderr
2024-03-22T02:04:28.501+0000 7fcf137fe700 1 -- 172.21.15.28:0/3781834495 --> [v2:172.21.15.28:3300/0,v1:172.21.15.28:6789/0] -- mon_subscribe({config=0+,monmap=0+}) -- 0x7fcf1410b4f0 con 0x7fcf14108bc0
2024-03-22T02:04:29.533 INFO:teuthology.orchestra.run.smithi028.stdout:/usr/bin/ceph: stderr
2024-03-22T02:04:28.501+0000 7fcf137fe700 1 --2- 172.21.15.28:0/3781834495 >> [v2:172.21.15.28:3300/0,v1:172.21.15.28:6789/0] conn(0x7fcf14108bc0 0x7fcf1410afb0 secure :-1 s=READY pgs=70 cs=0 l=1 rev1=1 crypto rx=0x7fcf04009e80 tx=0x7fcf0400b330 comp rx=0 tx=0).ready entity=mon.0 client_cookie=5acc7cf86310ad11 server_cookie=0 in_seq=0 out_seq=0
2024-03-22T02:04:29.533 INFO:teuthology.orchestra.run.smithi028.stdout:/usr/bin/ceph: stderr
2024-03-22T02:04:28.502+0000 7fcf127fc700 1 -- 172.21.15.28:0/3781834495 <== mon.0 v2:172.21.15.28:3300/0 1 ==== mon_map magic: 0 ==== 205+0+0 (secure 0 0 0) 0x7fcf04017070 con 0x7fcf14108bc0
2024-03-22T02:04:29.533 INFO:teuthology.orchestra.run.smithi028.stdout:/usr/bin/ceph: stderr
2024-03-22T02:04:28.502+0000 7fcf127fc700 1 -- 172.21.15.28:0/3781834495 <== mon.0 v2:172.21.15.28:3300/0 2 ==== config(27 keys) ==== 1140+0+0 (secure 0 0 0) 0x7fcf0400b8c0 con 0x7fcf14108bc0
2024-03-22T02:04:29.533 INFO:teuthology.orchestra.run.smithi028.stdout:/usr/bin/ceph: stderr
2024-03-22T02:04:28.502+0000 7fcf127fc700 1 -- 172.21.15.28:0/3781834495 <== mon.0 v2:172.21.15.28:3300/0 3 ==== mon_map magic: 0 ==== 205+0+0 (secure 0 0 0) 0x7fcf040045c0 con 0x7fcf14108bc0
2024-03-22T02:04:29.533 INFO:teuthology.orchestra.run.smithi028.stdout:/usr/bin/ceph: stderr
2024-03-22T02:04:28.502+0000 7fcf19c5d700 1 -- 172.21.15.28:0/3781834495 >> [v2:172.21.15.28:3300/0,v1:172.21.15.28:6789/0] conn(0x7fcf14108bc0 msgr2=0x7fcf1410afb0 secure :-1 s=STATE_CONNECTION_ESTABLISHED l=1).mark_down
2024-03-22T02:04:29.533 INFO:teuthology.orchestra.run.smithi028.stdout:/usr/bin/ceph: stderr
2024-03-22T02:04:28.502+0000 7fcf19c5d700 1 --2- 172.21.15.28:0/3781834495 >> [v2:172.21.15.28:3300/0,v1:172.21.15.28:6789/0] conn(0x7fcf14108bc0 0x7fcf1410afb0 secure :-1 s=READY pgs=70 cs=0 l=1 rev1=1 crypto rx=0x7fcf04009e80 tx=0x7fcf0400b330 comp rx=0 tx=0).stop
2024-03-22T02:04:29.533 INFO:teuthology.orchestra.run.smithi028.stdout:/usr/bin/ceph: stderr
2024-03-22T02:04:28.502+0000 7fcf19c5d700 1 -- 172.21.15.28:0/3781834495 shutdown_connections
2024-03-22T02:04:29.533 INFO:teuthology.orchestra.run.smithi028.stdout:/usr/bin/ceph: stderr
2024-03-22T02:04:28.502+0000 7fcf19c5d700 1 --2- 172.21.15.28:0/3781834495 >> [v2:172.21.15.28:3300/0,v1:172.21.15.28:6789/0] conn(0x7fcf14108bc0 0x7fcf1410afb0 unknown :-1 s=CLOSED pgs=70 cs=0 l=1 rev1=1 crypto rx=0 tx=0 comp rx=0 tx=0).stop
2024-03-22T02:04:29.533 INFO:teuthology.orchestra.run.smithi028.stdout:/usr/bin/ceph: stderr
2024-03-22T02:04:28.502+0000 7fcf19c5d700 1 -- 172.21.15.28:0/3781834495 >> 172.21.15.28:0/3781834495 conn(0x7fcf141025d0 msgr2=0x7fcf141049f0 unknown :-1 s=STATE_NONE l=0).mark_down
2024-03-22T02:04:29.533 INFO:teuthology.orchestra.run.smithi028.stdout:/usr/bin/ceph: stderr
2024-03-22T02:04:28.502+0000 7fcf19c5d700 1 -- 172.21.15.28:0/3781834495 shutdown_connections
2024-03-22T02:04:29.534 INFO:teuthology.orchestra.run.smithi028.stdout:/usr/bin/ceph: stderr
2024-03-22T02:04:28.502+0000 7fcf19c5d700 1 -- 172.21.15.28:0/3781834495 wait complete.
2024-03-22T02:04:29.534 INFO:teuthology.orchestra.run.smithi028.stdout:/usr/bin/ceph: stderr
2024-03-22T02:04:28.503+0000 7fcf19c5d700 1 Processor -- start
2024-03-22T02:04:29.534 INFO:teuthology.orchestra.run.smithi028.stdout:/usr/bin/ceph: stderr
2024-03-22T02:04:28.503+0000 7fcf19c5d700 1 -- start start
2024-03-22T02:04:29.534 INFO:teuthology.orchestra.run.smithi028.stdout:/usr/bin/ceph: stderr
2024-03-22T02:04:28.504+0000 7fcf19c5d700 1 --2- >> [v2:172.21.15.28:3300/0,v1:172.21.15.28:6789/0] conn(0x7fcf14108bc0 0x7fcf1419c050 unknown :-1 s=NONE pgs=0 cs=0 l=1 rev1=0 crypto rx=0 tx=0 comp rx=0 tx=0).connect
2024-03-22T02:04:29.534 INFO:teuthology.orchestra.run.smithi028.stdout:/usr/bin/ceph: stderr
2024-03-22T02:04:28.504+0000 7fcf19c5d700 1 -- --> [v2:172.21.15.28:3300/0,v1:172.21.15.28:6789/0] -- mon_getmap magic: 0 -- 0x7fcf1410c550 con 0x7fcf14108bc0
2024-03-22T02:04:29.534 INFO:teuthology.orchestra.run.smithi028.stdout:/usr/bin/ceph: stderr
2024-03-22T02:04:28.504+0000 7fcf137fe700 1 --2- >> [v2:172.21.15.28:3300/0,v1:172.21.15.28:6789/0] conn(0x7fcf14108bc0 0x7fcf1419c050 unknown :-1 s=BANNER_CONNECTING pgs=0 cs=0 l=1 rev1=0 crypto rx=0 tx=0 comp rx=0 tx=0)._handle_peer_banner_payload supported=3 required=0
2024-03-22T02:04:29.534 INFO:teuthology.orchestra.run.smithi028.stdout:/usr/bin/ceph: stderr
2024-03-22T02:04:28.504+0000 7fcf137fe700 1 --2- >> [v2:172.21.15.28:3300/0,v1:172.21.15.28:6789/0] conn(0x7fcf14108bc0 0x7fcf1419c050 unknown :-1 s=HELLO_CONNECTING pgs=0 cs=0 l=1 rev1=1 crypto rx=0 tx=0 comp rx=0 tx=0).handle_hello peer v2:172.21.15.28:3300/0 says I am v2:172.21.15.28:36846/0 (socket says 172.21.15.28:36846)
2024-03-22T02:04:29.534 INFO:teuthology.orchestra.run.smithi028.stdout:/usr/bin/ceph: stderr
2024-03-22T02:04:28.504+0000 7fcf137fe700 1 -- 172.21.15.28:0/1227405313 learned_addr learned my addr 172.21.15.28:0/1227405313 (peer_addr_for_me v2:172.21.15.28:0/0)
2024-03-22T02:04:29.534 INFO:teuthology.orchestra.run.smithi028.stdout:/usr/bin/ceph: stderr
2024-03-22T02:04:28.504+0000 7fcf137fe700 1 -- 172.21.15.28:0/1227405313 --> [v2:172.21.15.28:3300/0,v1:172.21.15.28:6789/0] -- mon_subscribe({config=0+,monmap=0+}) -- 0x7fcf1419c590 con 0x7fcf14108bc0
2024-03-22T02:04:29.534 INFO:teuthology.orchestra.run.smithi028.stdout:/usr/bin/ceph: stderr
