2024-03-22T02:19:49.487 INFO:teuthology.orchestra.run.smithi103.stdout:/usr/bin/ceph: stderr
2024-03-22T02:19:48.892+0000 7fb0de6a5700 1 -- 172.21.15.103:0/2476271840 wait complete.
2024-03-22T02:19:49.488 INFO:teuthology.orchestra.run.smithi103.stdout:mgr epoch 9 is available
2024-03-22T02:19:49.488 INFO:teuthology.orchestra.run.smithi103.stdout:Generating a dashboard self-signed certificate...
2024-03-22T02:19:50.123 INFO:journalctl@ceph.mon.smithi103.smithi103.stdout:Mar 22 02:19:49 smithi103 ceph-mon[29258]: [22/Mar/2024:02:19:48] ENGINE Bus STARTING
2024-03-22T02:19:50.123 INFO:journalctl@ceph.mon.smithi103.smithi103.stdout:Mar 22 02:19:49 smithi103 ceph-mon[29258]: [22/Mar/2024:02:19:48] ENGINE Serving on https://172.21.15.103:7150
2024-03-22T02:19:50.123 INFO:journalctl@ceph.mon.smithi103.smithi103.stdout:Mar 22 02:19:49 smithi103 ceph-mon[29258]: [22/Mar/2024:02:19:48] ENGINE Bus STARTED
2024-03-22T02:19:50.124 INFO:journalctl@ceph.mon.smithi103.smithi103.stdout:Mar 22 02:19:49 smithi103 ceph-mon[29258]: from='client.14166 -' entity='client.admin' cmd=[{"prefix": "get_command_descriptions"}]: dispatch
2024-03-22T02:19:50.124 INFO:journalctl@ceph.mon.smithi103.smithi103.stdout:Mar 22 02:19:49 smithi103 ceph-mon[29258]: from='client.14166 -' entity='client.admin' cmd=[{"prefix": "mgr_status"}]: dispatch
2024-03-22T02:19:50.124 INFO:journalctl@ceph.mon.smithi103.smithi103.stdout:Mar 22 02:19:49 smithi103 ceph-mon[29258]: from='mgr.14162 172.21.15.103:0/4206351812' entity='mgr.smithi103.pfvmui'
2024-03-22T02:19:50.882 INFO:teuthology.orchestra.run.smithi103.stdout:/usr/bin/ceph: stdout Self-signed certificate created
2024-03-22T02:19:50.882 INFO:teuthology.orchestra.run.smithi103.stdout:/usr/bin/ceph: stderr
2024-03-22T02:19:49.894+0000 7f53d2d9d700 1 Processor -- start
2024-03-22T02:19:50.882 INFO:teuthology.orchestra.run.smithi103.stdout:/usr/bin/ceph: stderr
2024-03-22T02:19:49.895+0000 7f53d2d9d700 1 -- start start
2024-03-22T02:19:50.882 INFO:teuthology.orchestra.run.smithi103.stdout:/usr/bin/ceph: stderr
2024-03-22T02:19:49.895+0000 7f53d2d9d700 1 --2- >> [v2:172.21.15.103:3300/0,v1:172.21.15.103:6789/0] conn(0x7f53cc100af0 0x7f53cc100f00 unknown :-1 s=NONE pgs=0 cs=0 l=0 rev1=0 crypto rx=0 tx=0 comp rx=0 tx=0).connect
2024-03-22T02:19:50.882 INFO:teuthology.orchestra.run.smithi103.stdout:/usr/bin/ceph: stderr
2024-03-22T02:19:49.895+0000 7f53d2d9d700 1 -- --> [v2:172.21.15.103:3300/0,v1:172.21.15.103:6789/0] -- mon_getmap magic: 0 v1 -- 0x7f53cc101440 con 0x7f53cc100af0
2024-03-22T02:19:50.882 INFO:teuthology.orchestra.run.smithi103.stdout:/usr/bin/ceph: stderr
2024-03-22T02:19:49.895+0000 7f53d1d9b700 1 --2- >> [v2:172.21.15.103:3300/0,v1:172.21.15.103:6789/0] conn(0x7f53cc100af0 0x7f53cc100f00 unknown :-1 s=BANNER_CONNECTING pgs=0 cs=0 l=0 rev1=0 crypto rx=0 tx=0 comp rx=0 tx=0)._handle_peer_banner_payload supported=3 required=0
2024-03-22T02:19:50.883 INFO:teuthology.orchestra.run.smithi103.stdout:/usr/bin/ceph: stderr
2024-03-22T02:19:49.895+0000 7f53d1d9b700 1 --2- >> [v2:172.21.15.103:3300/0,v1:172.21.15.103:6789/0] conn(0x7f53cc100af0 0x7f53cc100f00 unknown :-1 s=HELLO_CONNECTING pgs=0 cs=0 l=0 rev1=1 crypto rx=0 tx=0 comp rx=0 tx=0).handle_hello peer v2:172.21.15.103:3300/0 says I am v2:172.21.15.103:54240/0 (socket says 172.21.15.103:54240)
2024-03-22T02:19:50.883 INFO:teuthology.orchestra.run.smithi103.stdout:/usr/bin/ceph: stderr
2024-03-22T02:19:49.895+0000 7f53d1d9b700 1 -- 172.21.15.103:0/2108963111 learned_addr learned my addr 172.21.15.103:0/2108963111 (peer_addr_for_me v2:172.21.15.103:0/0)
2024-03-22T02:19:50.883 INFO:teuthology.orchestra.run.smithi103.stdout:/usr/bin/ceph: stderr
2024-03-22T02:19:49.895+0000 7f53d1d9b700 1 -- 172.21.15.103:0/2108963111 --> [v2:172.21.15.103:3300/0,v1:172.21.15.103:6789/0] -- mon_subscribe({config=0+,monmap=0+}) v3 -- 0x7f53cc101580 con 0x7f53cc100af0
2024-03-22T02:19:50.883 INFO:teuthology.orchestra.run.smithi103.stdout:/usr/bin/ceph: stderr
2024-03-22T02:19:49.895+0000 7f53d1d9b700 1 --2- 172.21.15.103:0/2108963111 >> [v2:172.21.15.103:3300/0,v1:172.21.15.103:6789/0] conn(0x7f53cc100af0 0x7f53cc100f00 secure :-1 s=READY pgs=80 cs=0 l=1 rev1=1 crypto rx=0x7f53bc0098e0 tx=0x7f53bc009250 comp rx=0 tx=0).ready entity=mon.0 client_cookie=7d768554ea7ed282 server_cookie=0 in_seq=0 out_seq=0
2024-03-22T02:19:50.883 INFO:teuthology.orchestra.run.smithi103.stdout:/usr/bin/ceph: stderr
2024-03-22T02:19:49.895+0000 7f53d0d99700 1 -- 172.21.15.103:0/2108963111 <== mon.0 v2:172.21.15.103:3300/0 1 ==== mon_map magic: 0 v1 ==== 229+0+0 (secure 0 0 0) 0x7f53bc00b860 con 0x7f53cc100af0
2024-03-22T02:19:50.883 INFO:teuthology.orchestra.run.smithi103.stdout:/usr/bin/ceph: stderr
2024-03-22T02:19:49.896+0000 7f53d0d99700 1 -- 172.21.15.103:0/2108963111 <== mon.0 v2:172.21.15.103:3300/0 2 ==== config(27 keys) v1 ==== 1109+0+0 (secure 0 0 0) 0x7f53bc00be90 con 0x7f53cc100af0
2024-03-22T02:19:50.884 INFO:teuthology.orchestra.run.smithi103.stdout:/usr/bin/ceph: stderr
2024-03-22T02:19:49.896+0000 7f53d0d99700 1 -- 172.21.15.103:0/2108963111 <== mon.0 v2:172.21.15.103:3300/0 3 ==== mon_map magic: 0 v1 ==== 229+0+0 (secure 0 0 0) 0x7f53bc0103c0 con 0x7f53cc100af0
2024-03-22T02:19:50.884 INFO:teuthology.orchestra.run.smithi103.stdout:/usr/bin/ceph: stderr
2024-03-22T02:19:49.896+0000 7f53d2d9d700 1 -- 172.21.15.103:0/2108963111 >> [v2:172.21.15.103:3300/0,v1:172.21.15.103:6789/0] conn(0x7f53cc100af0 msgr2=0x7f53cc100f00 secure :-1 s=STATE_CONNECTION_ESTABLISHED l=1).mark_down
2024-03-22T02:19:50.884 INFO:teuthology.orchestra.run.smithi103.stdout:/usr/bin/ceph: stderr
2024-03-22T02:19:49.896+0000 7f53d2d9d700 1 --2- 172.21.15.103:0/2108963111 >> [v2:172.21.15.103:3300/0,v1:172.21.15.103:6789/0] conn(0x7f53cc100af0 0x7f53cc100f00 secure :-1 s=READY pgs=80 cs=0 l=1 rev1=1 crypto rx=0x7f53bc0098e0 tx=0x7f53bc009250 comp rx=0 tx=0).stop
2024-03-22T02:19:50.884 INFO:teuthology.orchestra.run.smithi103.stdout:/usr/bin/ceph: stderr
2024-03-22T02:19:49.896+0000 7f53d2d9d700 1 -- 172.21.15.103:0/2108963111 shutdown_connections
2024-03-22T02:19:50.884 INFO:teuthology.orchestra.run.smithi103.stdout:/usr/bin/ceph: stderr
2024-03-22T02:19:49.896+0000 7f53d2d9d700 1 --2- 172.21.15.103:0/2108963111 >> [v2:172.21.15.103:3300/0,v1:172.21.15.103:6789/0] conn(0x7f53cc100af0 0x7f53cc100f00 unknown :-1 s=CLOSED pgs=80 cs=0 l=1 rev1=1 crypto rx=0 tx=0 comp rx=0 tx=0).stop
2024-03-22T02:19:50.884 INFO:teuthology.orchestra.run.smithi103.stdout:/usr/bin/ceph: stderr
2024-03-22T02:19:49.896+0000 7f53d2d9d700 1 -- 172.21.15.103:0/2108963111 >> 172.21.15.103:0/2108963111 conn(0x7f53cc0fc570 msgr2=0x7f53cc0fe980 unknown :-1 s=STATE_NONE l=0).mark_down
2024-03-22T02:19:50.884 INFO:teuthology.orchestra.run.smithi103.stdout:/usr/bin/ceph: stderr
2024-03-22T02:19:49.896+0000 7f53d2d9d700 1 -- 172.21.15.103:0/2108963111 shutdown_connections
2024-03-22T02:19:50.884 INFO:teuthology.orchestra.run.smithi103.stdout:/usr/bin/ceph: stderr
2024-03-22T02:19:49.896+0000 7f53d2d9d700 1 -- 172.21.15.103:0/2108963111 wait complete.
2024-03-22T02:19:50.884 INFO:teuthology.orchestra.run.smithi103.stdout:/usr/bin/ceph: stderr
2024-03-22T02:19:49.897+0000 7f53d2d9d700 1 Processor -- start
2024-03-22T02:19:50.884 INFO:teuthology.orchestra.run.smithi103.stdout:/usr/bin/ceph: stderr
2024-03-22T02:19:49.897+0000 7f53d2d9d700 1 -- start start
2024-03-22T02:19:50.884 INFO:teuthology.orchestra.run.smithi103.stdout:/usr/bin/ceph: stderr
2024-03-22T02:19:49.897+0000 7f53d2d9d700 1 --2- >> [v2:172.21.15.103:3300/0,v1:172.21.15.103:6789/0] conn(0x7f53cc100af0 0x7f53cc1114f0 unknown :-1 s=NONE pgs=0 cs=0 l=1 rev1=0 crypto rx=0 tx=0 comp rx=0 tx=0).connect
2024-03-22T02:19:50.885 INFO:teuthology.orchestra.run.smithi103.stdout:/usr/bin/ceph: stderr
2024-03-22T02:19:49.897+0000 7f53d2d9d700 1 -- --> [v2:172.21.15.103:3300/0,v1:172.21.15.103:6789/0] -- mon_getmap magic: 0 v1 -- 0x7f53cc111a30 con 0x7f53cc100af0
2024-03-22T02:19:50.885 INFO:teuthology.orchestra.run.smithi103.stdout:/usr/bin/ceph: stderr
2024-03-22T02:19:49.897+0000 7f53d1d9b700 1 --2- >> [v2:172.21.15.103:3300/0,v1:172.21.15.103:6789/0] conn(0x7f53cc100af0 0x7f53cc1114f0 unknown :-1 s=BANNER_CONNECTING pgs=0 cs=0 l=1 rev1=0 crypto rx=0 tx=0 comp rx=0 tx=0)._handle_peer_banner_payload supported=3 required=0
2024-03-22T02:19:50.885 INFO:teuthology.orchestra.run.smithi103.stdout:/usr/bin/ceph: stderr
2024-03-22T02:19:49.897+0000 7f53d1d9b700 1 --2- >> [v2:172.21.15.103:3300/0,v1:172.21.15.103:6789/0] conn(0x7f53cc100af0 0x7f53cc1114f0 unknown :-1 s=HELLO_CONNECTING pgs=0 cs=0 l=1 rev1=1 crypto rx=0 tx=0 comp rx=0 tx=0).handle_hello peer v2:172.21.15.103:3300/0 says I am v2:172.21.15.103:54242/0 (socket says 172.21.15.103:54242)
2024-03-22T02:19:50.885 INFO:teuthology.orchestra.run.smithi103.stdout:/usr/bin/ceph: stderr
2024-03-22T02:19:49.897+0000 7f53d1d9b700 1 -- 172.21.15.103:0/3544453525 learned_addr learned my addr 172.21.15.103:0/3544453525 (peer_addr_for_me v2:172.21.15.103:0/0)
2024-03-22T02:19:50.885 INFO:teuthology.orchestra.run.smithi103.stdout:/usr/bin/ceph: stderr
2024-03-22T02:19:49.897+0000 7f53d1d9b700 1 -- 172.21.15.103:0/3544453525 --> [v2:172.21.15.103:3300/0,v1:172.21.15.103:6789/0] -- mon_subscribe({config=0+,monmap=0+}) v3 -- 0x7f53bc0094f0 con 0x7f53cc100af0
2024-03-22T02:19:50.885 INFO:teuthology.orchestra.run.smithi103.stdout:/usr/bin/ceph: stderr
2024-03-22T02:19:49.897+0000 7f53d1d9b700 1 --2- 172.21.15.103:0/3544453525 >> [v2:172.21.15.103:3300/0,v1:172.21.15.103:6789/0] conn(0x7f53cc100af0 0x7f53cc1114f0 secure :-1 s=READY pgs=81 cs=0 l=1 rev1=1 crypto rx=0x7f53bc011680 tx=0x7f53bc009250 comp rx=0 tx=0).ready entity=mon.0 client_cookie=0 server_cookie=0 in_seq=0 out_seq=0
2024-03-22T02:19:50.885 INFO:teuthology.orchestra.run.smithi103.stdout:/usr/bin/ceph: stderr
2024-03-22T02:19:49.898+0000 7f53c27fc700 1 -- 172.21.15.103:0/3544453525 <== mon.0 v2:172.21.15.103:3300/0 1 ==== mon_map magic: 0 v1 ==== 229+0+0 (secure 0 0 0) 0x7f53bc010890 con 0x7f53cc100af0
2024-03-22T02:19:50.885 INFO:teuthology.orchestra.run.smithi103.stdout:/usr/bin/ceph: stderr
2024-03-22T02:19:49.898+0000 7f53c27fc700 1 -- 172.21.15.103:0/3544453525 <== mon.0 v2:172.21.15.103:3300/0 2 ==== config(27 keys) v1 ==== 1109+0+0 (secure 0 0 0) 0x7f53bc010ec0 con 0x7f53cc100af0
2024-03-22T02:19:50.886 INFO:teuthology.orchestra.run.smithi103.stdout:/usr/bin/ceph: stderr
2024-03-22T02:19:49.898+0000 7f53d2d9d700 1 -- 172.21.15.103:0/3544453525 --> [v2:172.21.15.103:3300/0,v1:172.21.15.103:6789/0] -- mon_subscribe({mgrmap=0+}) v3 -- 0x7f53cc111c30 con 0x7f53cc100af0
2024-03-22T02:19:50.886 INFO:teuthology.orchestra.run.smithi103.stdout:/usr/bin/ceph: stderr
2024-03-22T02:19:49.898+0000 7f53c27fc700 1 -- 172.21.15.103:0/3544453525 <== mon.0 v2:172.21.15.103:3300/0 3 ==== mon_map magic: 0 v1 ==== 229+0+0 (secure 0 0 0) 0x7f53bc0243f0 con 0x7f53cc100af0
2024-03-22T02:19:50.886 INFO:teuthology.orchestra.run.smithi103.stdout:/usr/bin/ceph: stderr
2024-03-22T02:19:49.898+0000 7f53d2d9d700 1 -- 172.21.15.103:0/3544453525 --> [v2:172.21.15.103:3300/0,v1:172.21.15.103:6789/0] -- mon_subscribe({osdmap=0}) v3 -- 0x7f53cc1127a0 con 0x7f53cc100af0
2024-03-22T02:19:50.886 INFO:teuthology.orchestra.run.smithi103.stdout:/usr/bin/ceph: stderr
2024-03-22T02:19:49.898+0000 7f53c27fc700 1 -- 172.21.15.103:0/3544453525 <== mon.0 v2:172.21.15.103:3300/0 4 ==== mgrmap(e 11) v1 ==== 43275+0+0 (secure 0 0 0) 0x7f53bc0109f0 con 0x7f53cc100af0
2024-03-22T02:19:50.886 INFO:teuthology.orchestra.run.smithi103.stdout:/usr/bin/ceph: stderr
2024-03-22T02:19:49.899+0000 7f53d2d9d700 1 -- 172.21.15.103:0/3544453525 --> [v2:172.21.15.103:3300/0,v1:172.21.15.103:6789/0] -- mon_command({"prefix": "get_command_descriptions"} v 0) v1 -- 0x7f53cc05f5f0 con 0x7f53cc100af0
2024-03-22T02:19:50.886 INFO:teuthology.orchestra.run.smithi103.stdout:/usr/bin/ceph: stderr
2024-03-22T02:19:49.899+0000 7f53c27fc700 1 --2- 172.21.15.103:0/3544453525 >> [v2:172.21.15.103:6800/2790950462,v1:172.21.15.103:6801/2790950462] conn(0x7f53b8036710 0x7f53b8038bc0 unknown :-1 s=NONE pgs=0 cs=0 l=1 rev1=0 crypto rx=0 tx=0 comp rx=0 tx=0).connect
2024-03-22T02:19:50.886 INFO:teuthology.orchestra.run.smithi103.stdout:/usr/bin/ceph: stderr
2024-03-22T02:19:49.899+0000 7f53c27fc700 1 -- 172.21.15.103:0/3544453525 <== mon.0 v2:172.21.15.103:3300/0 5 ==== osd_map(3..3 src has 1..3) v4 ==== 1151+0+0 (secure 0 0 0) 0x7f53bc04a1b0 con 0x7f53cc100af0
2024-03-22T02:19:50.887 INFO:teuthology.orchestra.run.smithi103.stdout:/usr/bin/ceph: stderr
2024-03-22T02:19:49.899+0000 7f53d159a700 1 --2- 172.21.15.103:0/3544453525 >> [v2:172.21.15.103:6800/2790950462,v1:172.21.15.103:6801/2790950462] conn(0x7f53b8036710 0x7f53b8038bc0 unknown :-1 s=BANNER_CONNECTING pgs=0 cs=0 l=1 rev1=0 crypto rx=0 tx=0 comp rx=0 tx=0)._handle_peer_banner_payload supported=3 required=0
2024-03-22T02:19:50.887 INFO:teuthology.orchestra.run.smithi103.stdout:/usr/bin/ceph: stderr
2024-03-22T02:19:49.899+0000 7f53d159a700 1 --2- 172.21.15.103:0/3544453525 >> [v2:172.21.15.103:6800/2790950462,v1:172.21.15.103:6801/2790950462] conn(0x7f53b8036710 0x7f53b8038bc0 secure :-1 s=READY pgs=7 cs=0 l=1 rev1=1 crypto rx=0x7f53c8009990 tx=0x7f53c8006e40 comp rx=0 tx=0).ready entity=mgr.14162 client_cookie=0 server_cookie=0 in_seq=0 out_seq=0
2024-03-22T02:19:50.887 INFO:teuthology.orchestra.run.smithi103.stdout:/usr/bin/ceph: stderr
2024-03-22T02:19:49.904+0000 7f53c27fc700 1 -- 172.21.15.103:0/3544453525 <== mon.0 v2:172.21.15.103:3300/0 6 ==== mon_command_ack([{"prefix": "get_command_descriptions"}]=0 v0) v1 ==== 72+0+176504 (secure 0 0 0) 0x7f53bc02b940 con 0x7f53cc100af0
2024-03-22T02:19:50.887 INFO:teuthology.orchestra.run.smithi103.stdout:/usr/bin/ceph: stderr
2024-03-22T02:19:50.134+0000 7f53d2d9d700 1 -- 172.21.15.103:0/3544453525 --> [v2:172.21.15.103:6800/2790950462,v1:172.21.15.103:6801/2790950462] -- mgr_command(tid 0: {"prefix": "dashboard create-self-signed-cert", "target": ["mon-mgr", ""]}) v1 -- 0x7f53cc0fd890 con 0x7f53b8036710
2024-03-22T02:19:50.887 INFO:teuthology.orchestra.run.smithi103.stdout:/usr/bin/ceph: stderr
2024-03-22T02:19:50.209+0000 7f53c27fc700 1 -- 172.21.15.103:0/3544453525 <== mgr.14162 v2:172.21.15.103:6800/2790950462 1 ==== mgr_command_reply(tid 0: 0 ) v1 ==== 8+0+32 (secure 0 0 0) 0x7f53cc0fd890 con 0x7f53b8036710
2024-03-22T02:19:50.887 INFO:teuthology.orchestra.run.smithi103.stdout:/usr/bin/ceph: stderr
2024-03-22T02:19:50.211+0000 7f53d2d9d700 1 -- 172.21.15.103:0/3544453525 >> [v2:172.21.15.103:6800/2790950462,v1:172.21.15.103:6801/2790950462] conn(0x7f53b8036710 msgr2=0x7f53b8038bc0 secure :-1 s=STATE_CONNECTION_ESTABLISHED l=1).mark_down
2024-03-22T02:19:50.887 INFO:teuthology.orchestra.run.smithi103.stdout:/usr/bin/ceph: stderr
2024-03-22T02:19:50.211+0000 7f53d2d9d700 1 --2- 172.21.15.103:0/3544453525 >> [v2:172.21.15.103:6800/2790950462,v1:172.21.15.103:6801/2790950462] conn(0x7f53b8036710 0x7f53b8038bc0 secure :-1 s=READY pgs=7 cs=0 l=1 rev1=1 crypto rx=0x7f53c8009990 tx=0x7f53c8006e40 comp rx=0 tx=0).stop
2024-03-22T02:19:50.887 INFO:teuthology.orchestra.run.smithi103.stdout:/usr/bin/ceph: stderr
2024-03-22T02:19:50.211+0000 7f53d2d9d700 1 -- 172.21.15.103:0/3544453525 >> [v2:172.21.15.103:3300/0,v1:172.21.15.103:6789/0] conn(0x7f53cc100af0 msgr2=0x7f53cc1114f0 secure :-1 s=STATE_CONNECTION_ESTABLISHED l=1).mark_down
2024-03-22T02:19:50.887 INFO:teuthology.orchestra.run.smithi103.stdout:/usr/bin/ceph: stderr
2024-03-22T02:19:50.211+0000 7f53d2d9d700 1 --2- 172.21.15.103:0/3544453525 >> [v2:172.21.15.103:3300/0,v1:172.21.15.103:6789/0] conn(0x7f53cc100af0 0x7f53cc1114f0 secure :-1 s=READY pgs=81 cs=0 l=1 rev1=1 crypto rx=0x7f53bc011680 tx=0x7f53bc009250 comp rx=0 tx=0).stop
2024-03-22T02:19:50.887 INFO:teuthology.orchestra.run.smithi103.stdout:/usr/bin/ceph: stderr
2024-03-22T02:19:50.211+0000 7f53d2d9d700 1 -- 172.21.15.103:0/3544453525 shutdown_connections
2024-03-22T02:19:50.887 INFO:teuthology.orchestra.run.smithi103.stdout:/usr/bin/ceph: stderr
2024-03-22T02:19:50.212+0000 7f53d2d9d700 1 --2- 172.21.15.103:0/3544453525 >> [v2:172.21.15.103:6800/2790950462,v1:172.21.15.103:6801/2790950462] conn(0x7f53b8036710 0x7f53b8038bc0 unknown :-1 s=CLOSED pgs=7 cs=0 l=1 rev1=1 crypto rx=0 tx=0 comp rx=0 tx=0).stop
2024-03-22T02:19:50.887 INFO:teuthology.orchestra.run.smithi103.stdout:/usr/bin/ceph: stderr
2024-03-22T02:19:50.212+0000 7f53d2d9d700 1 --2- 172.21.15.103:0/3544453525 >> [v2:172.21.15.103:3300/0,v1:172.21.15.103:6789/0] conn(0x7f53cc100af0 0x7f53cc1114f0 unknown :-1 s=CLOSED pgs=81 cs=0 l=1 rev1=1 crypto rx=0 tx=0 comp rx=0 tx=0).stop
2024-03-22T02:19:50.887 INFO:teuthology.orchestra.run.smithi103.stdout:/usr/bin/ceph: stderr
2024-03-22T02:19:50.212+0000 7f53d2d9d700 1 -- 172.21.15.103:0/3544453525 >> 172.21.15.103:0/3544453525 conn(0x7f53cc0fc570 msgr2=0x7f53cc0fd160 unknown :-1 s=STATE_NONE l=0).mark_down
2024-03-22T02:19:50.888 INFO:teuthology.orchestra.run.smithi103.stdout:/usr/bin/ceph: stderr
2024-03-22T02:19:50.212+0000 7f53d2d9d700 1 -- 172.21.15.103:0/3544453525 shutdown_connections
2024-03-22T02:19:50.888 INFO:teuthology.orchestra.run.smithi103.stdout:/usr/bin/ceph: stderr
2024-03-22T02:19:50.212+0000 7f53d2d9d700 1 -- 172.21.15.103:0/3544453525 wait complete.
2024-03-22T02:19:50.888 INFO:teuthology.orchestra.run.smithi103.stdout:Creating initial admin user...
2024-03-22T02:19:51.474 INFO:journalctl@ceph.mon.smithi103.smithi103.stdout:Mar 22 02:19:51 smithi103 ceph-mon[29258]: from='client.14174 -' entity='client.admin' cmd=[{"prefix": "dashboard create-self-signed-cert", "target": ["mon-mgr", ""]}]: dispatch
2024-03-22T02:19:51.474 INFO:journalctl@ceph.mon.smithi103.smithi103.stdout:Mar 22 02:19:51 smithi103 ceph-mon[29258]: from='mgr.14162 172.21.15.103:0/4206351812' entity='mgr.smithi103.pfvmui'
2024-03-22T02:19:51.475 INFO:journalctl@ceph.mon.smithi103.smithi103.stdout:Mar 22 02:19:51 smithi103 ceph-mon[29258]: from='mgr.14162 172.21.15.103:0/4206351812' entity='mgr.smithi103.pfvmui'
2024-03-22T02:19:51.475 INFO:journalctl@ceph.mon.smithi103.smithi103.stdout:Mar 22 02:19:51 smithi103 ceph-mon[29258]: from='mgr.14162 172.21.15.103:0/4206351812' entity='mgr.smithi103.pfvmui'
2024-03-22T02:19:51.475 INFO:journalctl@ceph.mon.smithi103.smithi103.stdout:Mar 22 02:19:51 smithi103 ceph-mon[29258]: mgrmap e12: smithi103.pfvmui(active, since 2s)
2024-03-22T02:19:52.516 INFO:teuthology.orchestra.run.smithi103.stdout:/usr/bin/ceph: stdout {"username": "admin", "password": "$2b$12$GpKkkSG.gOyqjcZPdGL0Y.NTlofLTBPyMsUGYjq6WLjZgi9F6XP/.", "roles": ["administrator"], "name": null, "email": null, "lastUpdate": 1711073991, "enabled": true, "pwdExpirationDate": null, "pwdUpdateRequired": true}
2024-03-22T02:19:52.516 INFO:teuthology.orchestra.run.smithi103.stdout:/usr/bin/ceph: stderr
2024-03-22T02:19:51.350+0000 7f4d2ad48700 1 Processor -- start
2024-03-22T02:19:52.516 INFO:teuthology.orchestra.run.smithi103.stdout:/usr/bin/ceph: stderr
2024-03-22T02:19:51.350+0000 7f4d2ad48700 1 -- start start
2024-03-22T02:19:52.516 INFO:teuthology.orchestra.run.smithi103.stdout:/usr/bin/ceph: stderr
2024-03-22T02:19:51.351+0000 7f4d2ad48700 1 --2- >> [v2:172.21.15.103:3300/0,v1:172.21.15.103:6789/0] conn(0x7f4d24078c70 0x7f4d24077270 unknown :-1 s=NONE pgs=0 cs=0 l=0 rev1=0 crypto rx=0 tx=0 comp rx=0 tx=0).connect
2024-03-22T02:19:52.516 INFO:teuthology.orchestra.run.smithi103.stdout:/usr/bin/ceph: stderr
2024-03-22T02:19:51.351+0000 7f4d2ad48700 1 -- --> [v2:172.21.15.103:3300/0,v1:172.21.15.103:6789/0] -- mon_getmap magic: 0 v1 -- 0x7f4d24079080 con 0x7f4d24078c70
2024-03-22T02:19:52.516 INFO:teuthology.orchestra.run.smithi103.stdout:/usr/bin/ceph: stderr
2024-03-22T02:19:51.351+0000 7f4d28ae4700 1 --2- >> [v2:172.21.15.103:3300/0,v1:172.21.15.103:6789/0] conn(0x7f4d24078c70 0x7f4d24077270 unknown :-1 s=BANNER_CONNECTING pgs=0 cs=0 l=0 rev1=0 crypto rx=0 tx=0 comp rx=0 tx=0)._handle_peer_banner_payload supported=3 required=0
2024-03-22T02:19:52.517 INFO:teuthology.orchestra.run.smithi103.stdout:/usr/bin/ceph: stderr
2024-03-22T02:19:51.351+0000 7f4d28ae4700 1 --2- >> [v2:172.21.15.103:3300/0,v1:172.21.15.103:6789/0] conn(0x7f4d24078c70 0x7f4d24077270 unknown :-1 s=HELLO_CONNECTING pgs=0 cs=0 l=0 rev1=1 crypto rx=0 tx=0 comp rx=0 tx=0).handle_hello peer v2:172.21.15.103:3300/0 says I am v2:172.21.15.103:54258/0 (socket says 172.21.15.103:54258)
2024-03-22T02:19:52.517 INFO:teuthology.orchestra.run.smithi103.stdout:/usr/bin/ceph: stderr
2024-03-22T02:19:51.351+0000 7f4d28ae4700 1 -- 172.21.15.103:0/2955239218 learned_addr learned my addr 172.21.15.103:0/2955239218 (peer_addr_for_me v2:172.21.15.103:0/0)
2024-03-22T02:19:52.517 INFO:teuthology.orchestra.run.smithi103.stdout:/usr/bin/ceph: stderr
2024-03-22T02:19:51.351+0000 7f4d28ae4700 1 -- 172.21.15.103:0/2955239218 --> [v2:172.21.15.103:3300/0,v1:172.21.15.103:6789/0] -- mon_subscribe({config=0+,monmap=0+}) v3 -- 0x7f4d240777b0 con 0x7f4d24078c70
2024-03-22T02:19:52.517 INFO:teuthology.orchestra.run.smithi103.stdout:/usr/bin/ceph: stderr
2024-03-22T02:19:51.352+0000 7f4d28ae4700 1 --2- 172.21.15.103:0/2955239218 >> [v2:172.21.15.103:3300/0,v1:172.21.15.103:6789/0] conn(0x7f4d24078c70 0x7f4d24077270 secure :-1 s=READY pgs=82 cs=0 l=1 rev1=1 crypto rx=0x7f4d180098e0 tx=0x7f4d18009250 comp rx=0 tx=0).ready entity=mon.0 client_cookie=9a1a693e8f7fd12e server_cookie=0 in_seq=0 out_seq=0
2024-03-22T02:19:52.517 INFO:teuthology.orchestra.run.smithi103.stdout:/usr/bin/ceph: stderr
2024-03-22T02:19:51.352+0000 7f4d237fe700 1 -- 172.21.15.103:0/2955239218 <== mon.0 v2:172.21.15.103:3300/0 1 ==== mon_map magic: 0 v1 ==== 229+0+0 (secure 0 0 0) 0x7f4d1800b860 con 0x7f4d24078c70
2024-03-22T02:19:52.517 INFO:teuthology.orchestra.run.smithi103.stdout:/usr/bin/ceph: stderr
2024-03-22T02:19:51.352+0000 7f4d237fe700 1 -- 172.21.15.103:0/2955239218 <== mon.0 v2:172.21.15.103:3300/0 2 ==== config(27 keys) v1 ==== 1109+0+0 (secure 0 0 0) 0x7f4d1800be90 con 0x7f4d24078c70
2024-03-22T02:19:52.517 INFO:teuthology.orchestra.run.smithi103.stdout:/usr/bin/ceph: stderr
2024-03-22T02:19:51.352+0000 7f4d237fe700 1 -- 172.21.15.103:0/2955239218 <== mon.0 v2:172.21.15.103:3300/0 3 ==== mon_map magic: 0 v1 ==== 229+0+0 (secure 0 0 0) 0x7f4d180103c0 con 0x7f4d24078c70
2024-03-22T02:19:52.517 INFO:teuthology.orchestra.run.smithi103.stdout:/usr/bin/ceph: stderr
2024-03-22T02:19:51.353+0000 7f4d2ad48700 1 -- 172.21.15.103:0/2955239218 >> [v2:172.21.15.103:3300/0,v1:172.21.15.103:6789/0] conn(0x7f4d24078c70 msgr2=0x7f4d24077270 secure :-1 s=STATE_CONNECTION_ESTABLISHED l=1).mark_down
2024-03-22T02:19:52.517 INFO:teuthology.orchestra.run.smithi103.stdout:/usr/bin/ceph: stderr
2024-03-22T02:19:51.353+0000 7f4d2ad48700 1 --2- 172.21.15.103:0/2955239218 >> [v2:172.21.15.103:3300/0,v1:172.21.15.103:6789/0] conn(0x7f4d24078c70 0x7f4d24077270 secure :-1 s=READY pgs=82 cs=0 l=1 rev1=1 crypto rx=0x7f4d180098e0 tx=0x7f4d18009250 comp rx=0 tx=0).stop
2024-03-22T02:19:52.517 INFO:teuthology.orchestra.run.smithi103.stdout:/usr/bin/ceph: stderr
2024-03-22T02:19:51.353+0000 7f4d2ad48700 1 -- 172.21.15.103:0/2955239218 shutdown_connections
2024-03-22T02:19:52.517 INFO:teuthology.orchestra.run.smithi103.stdout:/usr/bin/ceph: stderr
2024-03-22T02:19:51.353+0000 7f4d2ad48700 1 --2- 172.21.15.103:0/2955239218 >> [v2:172.21.15.103:3300/0,v1:172.21.15.103:6789/0] conn(0x7f4d24078c70 0x7f4d24077270 unknown :-1 s=CLOSED pgs=82 cs=0 l=1 rev1=1 crypto rx=0 tx=0 comp rx=0 tx=0).stop
2024-03-22T02:19:52.517 INFO:teuthology.orchestra.run.smithi103.stdout:/usr/bin/ceph: stderr
2024-03-22T02:19:51.353+0000 7f4d2ad48700 1 -- 172.21.15.103:0/2955239218 >> 172.21.15.103:0/2955239218 conn(0x7f4d240fe040 msgr2=0x7f4d24100470 unknown :-1 s=STATE_NONE l=0).mark_down
2024-03-22T02:19:52.518 INFO:teuthology.orchestra.run.smithi103.stdout:/usr/bin/ceph: stderr
2024-03-22T02:19:51.353+0000 7f4d2ad48700 1 -- 172.21.15.103:0/2955239218 shutdown_connections
2024-03-22T02:19:52.518 INFO:teuthology.orchestra.run.smithi103.stdout:/usr/bin/ceph: stderr
2024-03-22T02:19:51.353+0000 7f4d2ad48700 1 -- 172.21.15.103:0/2955239218 wait complete.
2024-03-22T02:19:52.518 INFO:teuthology.orchestra.run.smithi103.stdout:/usr/bin/ceph: stderr
2024-03-22T02:19:51.353+0000 7f4d2ad48700 1 Processor -- start
2024-03-22T02:19:52.518 INFO:teuthology.orchestra.run.smithi103.stdout:/usr/bin/ceph: stderr
2024-03-22T02:19:51.354+0000 7f4d2ad48700 1 -- start start
2024-03-22T02:19:52.518 INFO:teuthology.orchestra.run.smithi103.stdout:/usr/bin/ceph: stderr
2024-03-22T02:19:51.354+0000 7f4d2ad48700 1 --2- >> [v2:172.21.15.103:3300/0,v1:172.21.15.103:6789/0] conn(0x7f4d24078c70 0x7f4d241138f0 unknown :-1 s=NONE pgs=0 cs=0 l=1 rev1=0 crypto rx=0 tx=0 comp rx=0 tx=0).connect
2024-03-22T02:19:52.518 INFO:teuthology.orchestra.run.smithi103.stdout:/usr/bin/ceph: stderr
2024-03-22T02:19:51.354+0000 7f4d2ad48700 1 -- --> [v2:172.21.15.103:3300/0,v1:172.21.15.103:6789/0] -- mon_getmap magic: 0 v1 -- 0x7f4d24113e30 con 0x7f4d24078c70
2024-03-22T02:19:52.518 INFO:teuthology.orchestra.run.smithi103.stdout:/usr/bin/ceph: stderr
2024-03-22T02:19:51.354+0000 7f4d28ae4700 1 --2- >> [v2:172.21.15.103:3300/0,v1:172.21.15.103:6789/0] conn(0x7f4d24078c70 0x7f4d241138f0 unknown :-1 s=BANNER_CONNECTING pgs=0 cs=0 l=1 rev1=0 crypto rx=0 tx=0 comp rx=0 tx=0)._handle_peer_banner_payload supported=3 required=0
2024-03-22T02:19:52.518 INFO:teuthology.orchestra.run.smithi103.stdout:/usr/bin/ceph: stderr
2024-03-22T02:19:51.354+0000 7f4d28ae4700 1 --2- >> [v2:172.21.15.103:3300/0,v1:172.21.15.103:6789/0] conn(0x7f4d24078c70 0x7f4d241138f0 unknown :-1 s=HELLO_CONNECTING pgs=0 cs=0 l=1 rev1=1 crypto rx=0 tx=0 comp rx=0 tx=0).handle_hello peer v2:172.21.15.103:3300/0 says I am v2:172.21.15.103:54264/0 (socket says 172.21.15.103:54264)
2024-03-22T02:19:52.518 INFO:teuthology.orchestra.run.smithi103.stdout:/usr/bin/ceph: stderr
2024-03-22T02:19:51.354+0000 7f4d28ae4700 1 -- 172.21.15.103:0/3130745009 learned_addr learned my addr 172.21.15.103:0/3130745009 (peer_addr_for_me v2:172.21.15.103:0/0)
2024-03-22T02:19:52.518 INFO:teuthology.orchestra.run.smithi103.stdout:/usr/bin/ceph: stderr
2024-03-22T02:19:51.354+0000 7f4d28ae4700 1 -- 172.21.15.103:0/3130745009 --> [v2:172.21.15.103:3300/0,v1:172.21.15.103:6789/0] -- mon_subscribe({config=0+,monmap=0+}) v3 -- 0x7f4d180094f0 con 0x7f4d24078c70
2024-03-22T02:19:52.518 INFO:teuthology.orchestra.run.smithi103.stdout:/usr/bin/ceph: stderr
2024-03-22T02:19:51.355+0000 7f4d28ae4700 1 --2- 172.21.15.103:0/3130745009 >> [v2:172.21.15.103:3300/0,v1:172.21.15.103:6789/0] conn(0x7f4d24078c70 0x7f4d241138f0 secure :-1 s=READY pgs=83 cs=0 l=1 rev1=1 crypto rx=0x7f4d180094c0 tx=0x7f4d18009250 comp rx=0 tx=0).ready entity=mon.0 client_cookie=0 server_cookie=0 in_seq=0 out_seq=0
2024-03-22T02:19:52.519 INFO:teuthology.orchestra.run.smithi103.stdout:/usr/bin/ceph: stderr
2024-03-22T02:19:51.355+0000 7f4d217fa700 1 -- 172.21.15.103:0/3130745009 <== mon.0 v2:172.21.15.103:3300/0 1 ==== mon_map magic: 0 v1 ==== 229+0+0 (secure 0 0 0) 0x7f4d18010890 con 0x7f4d24078c70
2024-03-22T02:19:52.519 INFO:teuthology.orchestra.run.smithi103.stdout:/usr/bin/ceph: stderr
2024-03-22T02:19:51.355+0000 7f4d2ad48700 1 -- 172.21.15.103:0/3130745009 --> [v2:172.21.15.103:3300/0,v1:172.21.15.103:6789/0] -- mon_subscribe({mgrmap=0+}) v3 -- 0x7f4d24114030 con 0x7f4d24078c70
2024-03-22T02:19:52.519 INFO:teuthology.orchestra.run.smithi103.stdout:/usr/bin/ceph: stderr
2024-03-22T02:19:51.355+0000 7f4d2ad48700 1 -- 172.21.15.103:0/3130745009 --> [v2:172.21.15.103:3300/0,v1:172.21.15.103:6789/0] -- mon_subscribe({osdmap=0}) v3 -- 0x7f4d24114ba0 con 0x7f4d24078c70
2024-03-22T02:19:52.519 INFO:teuthology.orchestra.run.smithi103.stdout:/usr/bin/ceph: stderr
2024-03-22T02:19:51.355+0000 7f4d217fa700 1 -- 172.21.15.103:0/3130745009 <== mon.0 v2:172.21.15.103:3300/0 2 ==== config(27 keys) v1 ==== 1109+0+0 (secure 0 0 0) 0x7f4d18010ec0 con 0x7f4d24078c70
2024-03-22T02:19:52.519 INFO:teuthology.orchestra.run.smithi103.stdout:/usr/bin/ceph: stderr
2024-03-22T02:19:51.355+0000 7f4d217fa700 1 -- 172.21.15.103:0/3130745009 <== mon.0 v2:172.21.15.103:3300/0 3 ==== mon_map magic: 0 v1 ==== 229+0+0 (secure 0 0 0) 0x7f4d180243f0 con 0x7f4d24078c70
2024-03-22T02:19:52.519 INFO:teuthology.orchestra.run.smithi103.stdout:/usr/bin/ceph: stderr
2024-03-22T02:19:51.356+0000 7f4d217fa700 1 -- 172.21.15.103:0/3130745009 <== mon.0 v2:172.21.15.103:3300/0 4 ==== mgrmap(e 12) v1 ==== 43381+0+0 (secure 0 0 0) 0x7f4d1802d3f0 con 0x7f4d24078c70
2024-03-22T02:19:52.519 INFO:teuthology.orchestra.run.smithi103.stdout:/usr/bin/ceph: stderr
2024-03-22T02:19:51.356+0000 7f4d217fa700 1 --2- 172.21.15.103:0/3130745009 >> [v2:172.21.15.103:6800/2790950462,v1:172.21.15.103:6801/2790950462] conn(0x7f4d14036830 0x7f4d14038ce0 unknown :-1 s=NONE pgs=0 cs=0 l=1 rev1=0 crypto rx=0 tx=0 comp rx=0 tx=0).connect
2024-03-22T02:19:52.519 INFO:teuthology.orchestra.run.smithi103.stdout:/usr/bin/ceph: stderr
2024-03-22T02:19:51.356+0000 7f4d217fa700 1 -- 172.21.15.103:0/3130745009 <== mon.0 v2:172.21.15.103:3300/0 5 ==== osd_map(3..3 src has 1..3) v4 ==== 1151+0+0 (secure 0 0 0) 0x7f4d1804b3d0 con 0x7f4d24078c70
2024-03-22T02:19:52.519 INFO:teuthology.orchestra.run.smithi103.stdout:/usr/bin/ceph: stderr
2024-03-22T02:19:51.356+0000 7f4d23fff700 1 --2- 172.21.15.103:0/3130745009 >> [v2:172.21.15.103:6800/2790950462,v1:172.21.15.103:6801/2790950462] conn(0x7f4d14036830 0x7f4d14038ce0 unknown :-1 s=BANNER_CONNECTING pgs=0 cs=0 l=1 rev1=0 crypto rx=0 tx=0 comp rx=0 tx=0)._handle_peer_banner_payload supported=3 required=0
2024-03-22T02:19:52.519 INFO:teuthology.orchestra.run.smithi103.stdout:/usr/bin/ceph: stderr
2024-03-22T02:19:51.356+0000 7f4d2ad48700 1 -- 172.21.15.103:0/3130745009 --> [v2:172.21.15.103:3300/0,v1:172.21.15.103:6789/0] -- mon_command({"prefix": "get_command_descriptions"} v 0) v1 -- 0x7f4d080052e0 con 0x7f4d24078c70
2024-03-22T02:19:52.519 INFO:teuthology.orchestra.run.smithi103.stdout:/usr/bin/ceph: stderr
2024-03-22T02:19:51.357+0000 7f4d23fff700 1 --2- 172.21.15.103:0/3130745009 >> [v2:172.21.15.103:6800/2790950462,v1:172.21.15.103:6801/2790950462] conn(0x7f4d14036830 0x7f4d14038ce0 secure :-1 s=READY pgs=8 cs=0 l=1 rev1=1 crypto rx=0x7f4d10009990 tx=0x7f4d10006e40 comp rx=0 tx=0).ready entity=mgr.14162 client_cookie=0 server_cookie=0 in_seq=0 out_seq=0
2024-03-22T02:19:52.519 INFO:teuthology.orchestra.run.smithi103.stdout:/usr/bin/ceph: stderr
2024-03-22T02:19:51.361+0000 7f4d217fa700 1 -- 172.21.15.103:0/3130745009 <== mon.0 v2:172.21.15.103:3300/0 6 ==== mon_command_ack([{"prefix": "get_command_descriptions"}]=0 v0) v1 ==== 72+0+176504 (secure 0 0 0) 0x7f4d1802b8e0 con 0x7f4d24078c70
2024-03-22T02:19:52.520 INFO:teuthology.orchestra.run.smithi103.stdout:/usr/bin/ceph: stderr
2024-03-22T02:19:51.569+0000 7f4d2ad48700 1 -- 172.21.15.103:0/3130745009 --> [v2:172.21.15.103:6800/2790950462,v1:172.21.15.103:6801/2790950462] -- mgr_command(tid 0: {"prefix": "dashboard ac-user-create", "username": "admin", "rolename": "administrator", "force_password": true, "pwd_update_required": true, "target": ["mon-mgr", ""]}) v1 -- 0x7f4d08002430 con 0x7f4d14036830
2024-03-22T02:19:52.520 INFO:teuthology.orchestra.run.smithi103.stdout:/usr/bin/ceph: stderr
2024-03-22T02:19:51.793+0000 7f4d217fa700 1 -- 172.21.15.103:0/3130745009 <== mgr.14162 v2:172.21.15.103:6800/2790950462 1 ==== mgr_command_reply(tid 0: 0 ) v1 ==== 8+0+252 (secure 0 0 0) 0x7f4d08002430 con 0x7f4d14036830
2024-03-22T02:19:52.520 INFO:teuthology.orchestra.run.smithi103.stdout:/usr/bin/ceph: stderr
2024-03-22T02:19:51.795+0000 7f4d2ad48700 1 -- 172.21.15.103:0/3130745009 >> [v2:172.21.15.103:6800/2790950462,v1:172.21.15.103:6801/2790950462] conn(0x7f4d14036830 msgr2=0x7f4d14038ce0 secure :-1 s=STATE_CONNECTION_ESTABLISHED l=1).mark_down
2024-03-22T02:19:52.520 INFO:teuthology.orchestra.run.smithi103.stdout:/usr/bin/ceph: stderr
2024-03-22T02:19:51.795+0000 7f4d2ad48700 1 --2- 172.21.15.103:0/3130745009 >> [v2:172.21.15.103:6800/2790950462,v1:172.21.15.103:6801/2790950462] conn(0x7f4d14036830 0x7f4d14038ce0 secure :-1 s=READY pgs=8 cs=0 l=1 rev1=1 crypto rx=0x7f4d10009990 tx=0x7f4d10006e40 comp rx=0 tx=0).stop
2024-03-22T02:19:52.520 INFO:teuthology.orchestra.run.smithi103.stdout:/usr/bin/ceph: stderr
2024-03-22T02:19:51.795+0000 7f4d2ad48700 1 -- 172.21.15.103:0/3130745009 >> [v2:172.21.15.103:3300/0,v1:172.21.15.103:6789/0] conn(0x7f4d24078c70 msgr2=0x7f4d241138f0 secure :-1 s=STATE_CONNECTION_ESTABLISHED l=1).mark_down
2024-03-22T02:19:52.520 INFO:teuthology.orchestra.run.smithi103.stdout:/usr/bin/ceph: stderr
2024-03-22T02:19:51.795+0000 7f4d2ad48700 1 --2- 172.21.15.103:0/3130745009 >> [v2:172.21.15.103:3300/0,v1:172.21.15.103:6789/0] conn(0x7f4d24078c70 0x7f4d241138f0 secure :-1 s=READY pgs=83 cs=0 l=1 rev1=1 crypto rx=0x7f4d180094c0 tx=0x7f4d18009250 comp rx=0 tx=0).stop
2024-03-22T02:19:52.520 INFO:teuthology.orchestra.run.smithi103.stdout:/usr/bin/ceph: stderr
2024-03-22T02:19:51.795+0000 7f4d2ad48700 1 -- 172.21.15.103:0/3130745009 shutdown_connections
2024-03-22T02:19:52.520 INFO:teuthology.orchestra.run.smithi103.stdout:/usr/bin/ceph: stderr
2024-03-22T02:19:51.795+0000 7f4d2ad48700 1 --2- 172.21.15.103:0/3130745009 >> [v2:172.21.15.103:6800/2790950462,v1:172.21.15.103:6801/2790950462] conn(0x7f4d14036830 0x7f4d14038ce0 unknown :-1 s=CLOSED pgs=8 cs=0 l=1 rev1=1 crypto rx=0 tx=0 comp rx=0 tx=0).stop
2024-03-22T02:19:52.520 INFO:teuthology.orchestra.run.smithi103.stdout:/usr/bin/ceph: stderr
2024-03-22T02:19:51.795+0000 7f4d2ad48700 1 --2- 172.21.15.103:0/3130745009 >> [v2:172.21.15.103:3300/0,v1:172.21.15.103:6789/0] conn(0x7f4d24078c70 0x7f4d241138f0 unknown :-1 s=CLOSED pgs=83 cs=0 l=1 rev1=1 crypto rx=0 tx=0 comp rx=0 tx=0).stop
2024-03-22T02:19:52.520 INFO:teuthology.orchestra.run.smithi103.stdout:/usr/bin/ceph: stderr
2024-03-22T02:19:51.795+0000 7f4d2ad48700 1 -- 172.21.15.103:0/3130745009 >> 172.21.15.103:0/3130745009 conn(0x7f4d240fe040 msgr2=0x7f4d240fec10 unknown :-1 s=STATE_NONE l=0).mark_down
2024-03-22T02:19:52.520 INFO:teuthology.orchestra.run.smithi103.stdout:/usr/bin/ceph: stderr
2024-03-22T02:19:51.795+0000 7f4d2ad48700 1 -- 172.21.15.103:0/3130745009 shutdown_connections
2024-03-22T02:19:52.520 INFO:teuthology.orchestra.run.smithi103.stdout:/usr/bin/ceph: stderr
2024-03-22T02:19:51.795+0000 7f4d2ad48700 1 -- 172.21.15.103:0/3130745009 wait complete.
2024-03-22T02:19:52.521 INFO:teuthology.orchestra.run.smithi103.stdout:Fetching dashboard port number...
2024-03-22T02:19:53.107 INFO:journalctl@ceph.mon.smithi103.smithi103.stdout:Mar 22 02:19:52 smithi103 ceph-mon[29258]: from='client.14176 -' entity='client.admin' cmd=[{"prefix": "dashboard ac-user-create", "username": "admin", "rolename": "administrator", "force_password": true, "pwd_update_required": true, "target": ["mon-mgr", ""]}]: dispatch
2024-03-22T02:19:53.108 INFO:journalctl@ceph.mon.smithi103.smithi103.stdout:Mar 22 02:19:52 smithi103 ceph-mon[29258]: from='mgr.14162 172.21.15.103:0/4206351812' entity='mgr.smithi103.pfvmui'
2024-03-22T02:19:54.018 INFO:journalctl@ceph.mon.smithi103.smithi103.stdout:Mar 22 02:19:53 smithi103 ceph-mon[29258]: from='client.? 172.21.15.103:0/1979101355' entity='client.admin' cmd=[{"prefix": "config get", "who": "mgr", "key": "mgr/dashboard/ssl_server_port"}]: dispatch
2024-03-22T02:19:54.026 INFO:teuthology.orchestra.run.smithi103.stdout:/usr/bin/ceph: stdout 8443
2024-03-22T02:19:54.027 INFO:teuthology.orchestra.run.smithi103.stdout:/usr/bin/ceph: stderr
2024-03-22T02:19:52.902+0000 7f03de9f5700 1 Processor -- start
2024-03-22T02:19:54.027 INFO:teuthology.orchestra.run.smithi103.stdout:/usr/bin/ceph: stderr
2024-03-22T02:19:52.902+0000 7f03de9f5700 1 -- start start
2024-03-22T02:19:54.027 INFO:teuthology.orchestra.run.smithi103.stdout:/usr/bin/ceph: stderr
2024-03-22T02:19:52.902+0000 7f03de9f5700 1 --2- >> [v2:172.21.15.103:3300/0,v1:172.21.15.103:6789/0] conn(0x7f03d8100c80 0x7f03d8101090 unknown :-1 s=NONE pgs=0 cs=0 l=0 rev1=0 crypto rx=0 tx=0 comp rx=0 tx=0).connect
2024-03-22T02:19:54.027 INFO:teuthology.orchestra.run.smithi103.stdout:/usr/bin/ceph: stderr
2024-03-22T02:19:52.902+0000 7f03de9f5700 1 -- --> [v2:172.21.15.103:3300/0,v1:172.21.15.103:6789/0] -- mon_getmap magic: 0 v1 -- 0x7f03d81015d0 con 0x7f03d8100c80
2024-03-22T02:19:54.027 INFO:teuthology.orchestra.run.smithi103.stdout:/usr/bin/ceph: stderr
2024-03-22T02:19:52.902+0000 7f03d7fff700 1 --2- >> [v2:172.21.15.103:3300/0,v1:172.21.15.103:6789/0] conn(0x7f03d8100c80 0x7f03d8101090 unknown :-1 s=BANNER_CONNECTING pgs=0 cs=0 l=0 rev1=0 crypto rx=0 tx=0 comp rx=0 tx=0)._handle_peer_banner_payload supported=3 required=0
2024-03-22T02:19:54.027 INFO:teuthology.orchestra.run.smithi103.stdout:/usr/bin/ceph: stderr
2024-03-22T02:19:52.902+0000 7f03d7fff700 1 --2- >> [v2:172.21.15.103:3300/0,v1:172.21.15.103:6789/0] conn(0x7f03d8100c80 0x7f03d8101090 unknown :-1 s=HELLO_CONNECTING pgs=0 cs=0 l=0 rev1=1 crypto rx=0 tx=0 comp rx=0 tx=0).handle_hello peer v2:172.21.15.103:3300/0 says I am v2:172.21.15.103:54268/0 (socket says 172.21.15.103:54268)
2024-03-22T02:19:54.027 INFO:teuthology.orchestra.run.smithi103.stdout:/usr/bin/ceph: stderr
2024-03-22T02:19:52.902+0000 7f03d7fff700 1 -- 172.21.15.103:0/89196969 learned_addr learned my addr 172.21.15.103:0/89196969 (peer_addr_for_me v2:172.21.15.103:0/0)
2024-03-22T02:19:54.027 INFO:teuthology.orchestra.run.smithi103.stdout:/usr/bin/ceph: stderr
2024-03-22T02:19:52.902+0000 7f03d7fff700 1 -- 172.21.15.103:0/89196969 --> [v2:172.21.15.103:3300/0,v1:172.21.15.103:6789/0] -- mon_subscribe({config=0+,monmap=0+}) v3 -- 0x7f03d8101710 con 0x7f03d8100c80
2024-03-22T02:19:54.027 INFO:teuthology.orchestra.run.smithi103.stdout:/usr/bin/ceph: stderr
2024-03-22T02:19:52.903+0000 7f03d7fff700 1 --2- 172.21.15.103:0/89196969 >> [v2:172.21.15.103:3300/0,v1:172.21.15.103:6789/0] conn(0x7f03d8100c80 0x7f03d8101090 secure :-1 s=READY pgs=84 cs=0 l=1 rev1=1 crypto rx=0x7f03c80098e0 tx=0x7f03c8009250 comp rx=0 tx=0).ready entity=mon.0 client_cookie=1a6ca925bdf7b3be server_cookie=0 in_seq=0 out_seq=0
2024-03-22T02:19:54.027 INFO:teuthology.orchestra.run.smithi103.stdout:/usr/bin/ceph: stderr
2024-03-22T02:19:52.903+0000 7f03d6ffd700 1 -- 172.21.15.103:0/89196969 <== mon.0 v2:172.21.15.103:3300/0 1 ==== mon_map magic: 0 v1 ==== 229+0+0 (secure 0 0 0) 0x7f03c800b860 con 0x7f03d8100c80
2024-03-22T02:19:54.028 INFO:teuthology.orchestra.run.smithi103.stdout:/usr/bin/ceph: stderr
2024-03-22T02:19:52.903+0000 7f03d6ffd700 1 -- 172.21.15.103:0/89196969 <== mon.0 v2:172.21.15.103:3300/0 2 ==== config(27 keys) v1 ==== 1109+0+0 (secure 0 0 0) 0x7f03c800be90 con 0x7f03d8100c80
2024-03-22T02:19:54.028 INFO:teuthology.orchestra.run.smithi103.stdout:/usr/bin/ceph: stderr
2024-03-22T02:19:52.903+0000 7f03d6ffd700 1 -- 172.21.15.103:0/89196969 <== mon.0 v2:172.21.15.103:3300/0 3 ==== mon_map magic: 0 v1 ==== 229+0+0 (secure 0 0 0) 0x7f03c80103c0 con 0x7f03d8100c80
2024-03-22T02:19:54.028 INFO:teuthology.orchestra.run.smithi103.stdout:/usr/bin/ceph: stderr
2024-03-22T02:19:52.903+0000 7f03de9f5700 1 -- 172.21.15.103:0/89196969 >> [v2:172.21.15.103:3300/0,v1:172.21.15.103:6789/0] conn(0x7f03d8100c80 msgr2=0x7f03d8101090 secure :-1 s=STATE_CONNECTION_ESTABLISHED l=1).mark_down
2024-03-22T02:19:54.028 INFO:teuthology.orchestra.run.smithi103.stdout:/usr/bin/ceph: stderr
2024-03-22T02:19:52.903+0000 7f03de9f5700 1 --2- 172.21.15.103:0/89196969 >> [v2:172.21.15.103:3300/0,v1:172.21.15.103:6789/0] conn(0x7f03d8100c80 0x7f03d8101090 secure :-1 s=READY pgs=84 cs=0 l=1 rev1=1 crypto rx=0x7f03c80098e0 tx=0x7f03c8009250 comp rx=0 tx=0).stop
2024-03-22T02:19:54.028 INFO:teuthology.orchestra.run.smithi103.stdout:/usr/bin/ceph: stderr
2024-03-22T02:19:52.903+0000 7f03de9f5700 1 -- 172.21.15.103:0/89196969 shutdown_connections
2024-03-22T02:19:54.028 INFO:teuthology.orchestra.run.smithi103.stdout:/usr/bin/ceph: stderr
2024-03-22T02:19:52.903+0000 7f03de9f5700 1 --2- 172.21.15.103:0/89196969 >> [v2:172.21.15.103:3300/0,v1:172.21.15.103:6789/0] conn(0x7f03d8100c80 0x7f03d8101090 unknown :-1 s=CLOSED pgs=84 cs=0 l=1 rev1=1 crypto rx=0 tx=0 comp rx=0 tx=0).stop
2024-03-22T02:19:54.028 INFO:teuthology.orchestra.run.smithi103.stdout:/usr/bin/ceph: stderr
2024-03-22T02:19:52.903+0000 7f03de9f5700 1 -- 172.21.15.103:0/89196969 >> 172.21.15.103:0/89196969 conn(0x7f03d80fc700 msgr2=0x7f03d80feb10 unknown :-1 s=STATE_NONE l=0).mark_down
2024-03-22T02:19:54.028 INFO:teuthology.orchestra.run.smithi103.stdout:/usr/bin/ceph: stderr
2024-03-22T02:19:52.903+0000 7f03de9f5700 1 -- 172.21.15.103:0/89196969 shutdown_connections
2024-03-22T02:19:54.028 INFO:teuthology.orchestra.run.smithi103.stdout:/usr/bin/ceph: stderr
2024-03-22T02:19:52.903+0000 7f03de9f5700 1 -- 172.21.15.103:0/89196969 wait complete.
2024-03-22T02:19:54.028 INFO:teuthology.orchestra.run.smithi103.stdout:/usr/bin/ceph: stderr
2024-03-22T02:19:52.904+0000 7f03de9f5700 1 Processor -- start
2024-03-22T02:19:54.028 INFO:teuthology.orchestra.run.smithi103.stdout:/usr/bin/ceph: stderr
2024-03-22T02:19:52.904+0000 7f03de9f5700 1 -- start start
2024-03-22T02:19:54.028 INFO:teuthology.orchestra.run.smithi103.stdout:/usr/bin/ceph: stderr
2024-03-22T02:19:52.904+0000 7f03de9f5700 1 --2- >> [v2:172.21.15.103:3300/0,v1:172.21.15.103:6789/0] conn(0x7f03d8100c80 0x7f03d81116d0 unknown :-1 s=NONE pgs=0 cs=0 l=1 rev1=0 crypto rx=0 tx=0 comp rx=0 tx=0).connect
2024-03-22T02:19:54.028 INFO:teuthology.orchestra.run.smithi103.stdout:/usr/bin/ceph: stderr
2024-03-22T02:19:52.904+0000 7f03de9f5700 1 -- --> [v2:172.21.15.103:3300/0,v1:172.21.15.103:6789/0] -- mon_getmap magic: 0 v1 -- 0x7f03d8111c10 con 0x7f03d8100c80
2024-03-22T02:19:54.029 INFO:teuthology.orchestra.run.smithi103.stdout:/usr/bin/ceph: stderr
2024-03-22T02:19:52.904+0000 7f03d7fff700 1 --2- >> [v2:172.21.15.103:3300/0,v1:172.21.15.103:6789/0] conn(0x7f03d8100c80 0x7f03d81116d0 unknown :-1 s=BANNER_CONNECTING pgs=0 cs=0 l=1 rev1=0 crypto rx=0 tx=0 comp rx=0 tx=0)._handle_peer_banner_payload supported=3 required=0
2024-03-22T02:19:54.029 INFO:teuthology.orchestra.run.smithi103.stdout:/usr/bin/ceph: stderr
2024-03-22T02:19:52.904+0000 7f03d7fff700 1 --2- >> [v2:172.21.15.103:3300/0,v1:172.21.15.103:6789/0] conn(0x7f03d8100c80 0x7f03d81116d0 unknown :-1 s=HELLO_CONNECTING pgs=0 cs=0 l=1 rev1=1 crypto rx=0 tx=0 comp rx=0 tx=0).handle_hello peer v2:172.21.15.103:3300/0 says I am v2:172.21.15.103:54278/0 (socket says 172.21.15.103:54278)
2024-03-22T02:19:54.029 INFO:teuthology.orchestra.run.smithi103.stdout:/usr/bin/ceph: stderr
2024-03-22T02:19:52.904+0000 7f03d7fff700 1 -- 172.21.15.103:0/1979101355 learned_addr learned my addr 172.21.15.103:0/1979101355 (peer_addr_for_me v2:172.21.15.103:0/0)
2024-03-22T02:19:54.029 INFO:teuthology.orchestra.run.smithi103.stdout:/usr/bin/ceph: stderr
2024-03-22T02:19:52.905+0000 7f03d7fff700 1 -- 172.21.15.103:0/1979101355 --> [v2:172.21.15.103:3300/0,v1:172.21.15.103:6789/0] -- mon_subscribe({config=0+,monmap=0+}) v3 -- 0x7f03c80094f0 con 0x7f03d8100c80
2024-03-22T02:19:54.029 INFO:teuthology.orchestra.run.smithi103.stdout:/usr/bin/ceph: stderr
2024-03-22T02:19:52.905+0000 7f03d7fff700 1 --2- 172.21.15.103:0/1979101355 >> [v2:172.21.15.103:3300/0,v1:172.21.15.103:6789/0] conn(0x7f03d8100c80 0x7f03d81116d0 secure :-1 s=READY pgs=85 cs=0 l=1 rev1=1 crypto rx=0x7f03c8011680 tx=0x7f03c8009250 comp rx=0 tx=0).ready entity=mon.0 client_cookie=0 server_cookie=0 in_seq=0 out_seq=0
2024-03-22T02:19:54.029 INFO:teuthology.orchestra.run.smithi103.stdout:/usr/bin/ceph: stderr
2024-03-22T02:19:52.905+0000 7f03d4ff9700 1 -- 172.21.15.103:0/1979101355 <== mon.0 v2:172.21.15.103:3300/0 1 ==== mon_map magic: 0 v1 ==== 229+0+0 (secure 0 0 0) 0x7f03c8010890 con 0x7f03d8100c80
2024-03-22T02:19:54.030 INFO:teuthology.orchestra.run.smithi103.stdout:/usr/bin/ceph: stderr
2024-03-22T02:19:52.905+0000 7f03d4ff9700 1 -- 172.21.15.103:0/1979101355 <== mon.0 v2:172.21.15.103:3300/0 2 ==== config(27 keys) v1 ==== 1109+0+0 (secure 0 0 0) 0x7f03c8010ec0 con 0x7f03d8100c80
2024-03-22T02:19:54.030 INFO:teuthology.orchestra.run.smithi103.stdout:/usr/bin/ceph: stderr
2024-03-22T02:19:52.905+0000 7f03de9f5700 1 -- 172.21.15.103:0/1979101355 --> [v2:172.21.15.103:3300/0,v1:172.21.15.103:6789/0] -- mon_subscribe({mgrmap=0+}) v3 -- 0x7f03d8111e10 con 0x7f03d8100c80
2024-03-22T02:19:54.030 INFO:teuthology.orchestra.run.smithi103.stdout:/usr/bin/ceph: stderr
2024-03-22T02:19:52.905+0000 7f03d4ff9700 1 -- 172.21.15.103:0/1979101355 <== mon.0 v2:172.21.15.103:3300/0 3 ==== mon_map magic: 0 v1 ==== 229+0+0 (secure 0 0 0) 0x7f03c80243f0 con 0x7f03d8100c80
2024-03-22T02:19:54.030 INFO:teuthology.orchestra.run.smithi103.stdout:/usr/bin/ceph: stderr
2024-03-22T02:19:52.905+0000 7f03de9f5700 1 -- 172.21.15.103:0/1979101355 --> [v2:172.21.15.103:3300/0,v1:172.21.15.103:6789/0] -- mon_subscribe({osdmap=0}) v3 -- 0x7f03d8112980 con 0x7f03d8100c80
2024-03-22T02:19:54.030 INFO:teuthology.orchestra.run.smithi103.stdout:/usr/bin/ceph: stderr
2024-03-22T02:19:52.906+0000 7f03d4ff9700 1 -- 172.21.15.103:0/1979101355 <== mon.0 v2:172.21.15.103:3300/0 4 ==== mgrmap(e 12) v1 ==== 43381+0+0 (secure 0 0 0) 0x7f03c802d3f0 con 0x7f03d8100c80
2024-03-22T02:19:54.031 INFO:teuthology.orchestra.run.smithi103.stdout:/usr/bin/ceph: stderr
2024-03-22T02:19:52.906+0000 7f03de9f5700 1 -- 172.21.15.103:0/1979101355 --> [v2:172.21.15.103:3300/0,v1:172.21.15.103:6789/0] -- mon_command({"prefix": "get_command_descriptions"} v 0) v1 -- 0x7f03d805f5f0 con 0x7f03d8100c80
2024-03-22T02:19:54.031 INFO:teuthology.orchestra.run.smithi103.stdout:/usr/bin/ceph: stderr
2024-03-22T02:19:52.906+0000 7f03d4ff9700 1 --2- 172.21.15.103:0/1979101355 >> [v2:172.21.15.103:6800/2790950462,v1:172.21.15.103:6801/2790950462] conn(0x7f03c00367e0 0x7f03c0038c90 unknown :-1 s=NONE pgs=0 cs=0 l=1 rev1=0 crypto rx=0 tx=0 comp rx=0 tx=0).connect
2024-03-22T02:19:54.031 INFO:teuthology.orchestra.run.smithi103.stdout:/usr/bin/ceph: stderr
2024-03-22T02:19:52.906+0000 7f03d4ff9700 1 -- 172.21.15.103:0/1979101355 <== mon.0 v2:172.21.15.103:3300/0 5 ==== osd_map(3..3 src has 1..3) v4 ==== 1151+0+0 (secure 0 0 0) 0x7f03c804a4e0 con 0x7f03d8100c80
2024-03-22T02:19:54.031 INFO:teuthology.orchestra.run.smithi103.stdout:/usr/bin/ceph: stderr
2024-03-22T02:19:52.906+0000 7f03d77fe700 1 --2- 172.21.15.103:0/1979101355 >> [v2:172.21.15.103:6800/2790950462,v1:172.21.15.103:6801/2790950462] conn(0x7f03c00367e0 0x7f03c0038c90 unknown :-1 s=BANNER_CONNECTING pgs=0 cs=0 l=1 rev1=0 crypto rx=0 tx=0 comp rx=0 tx=0)._handle_peer_banner_payload supported=3 required=0
2024-03-22T02:19:54.031 INFO:teuthology.orchestra.run.smithi103.stdout:/usr/bin/ceph: stderr
2024-03-22T02:19:52.906+0000 7f03d77fe700 1 --2- 172.21.15.103:0/1979101355 >> [v2:172.21.15.103:6800/2790950462,v1:172.21.15.103:6801/2790950462] conn(0x7f03c00367e0 0x7f03c0038c90 secure :-1 s=READY pgs=9 cs=0 l=1 rev1=1 crypto rx=0x7f03cc009990 tx=0x7f03cc006e40 comp rx=0 tx=0).ready entity=mgr.14162 client_cookie=0 server_cookie=0 in_seq=0 out_seq=0
2024-03-22T02:19:54.031 INFO:teuthology.orchestra.run.smithi103.stdout:/usr/bin/ceph: stderr
2024-03-22T02:19:52.911+0000 7f03d4ff9700 1 -- 172.21.15.103:0/1979101355 <== mon.0 v2:172.21.15.103:3300/0 6 ==== mon_command_ack([{"prefix": "get_command_descriptions"}]=0 v0) v1 ==== 72+0+176504 (secure 0 0 0) 0x7f03c802b8e0 con 0x7f03d8100c80
2024-03-22T02:19:54.032 INFO:teuthology.orchestra.run.smithi103.stdout:/usr/bin/ceph: stderr
2024-03-22T02:19:53.106+0000 7f03de9f5700 1 -- 172.21.15.103:0/1979101355 --> [v2:172.21.15.103:3300/0,v1:172.21.15.103:6789/0] -- mon_command({"prefix": "config get", "who": "mgr", "key": "mgr/dashboard/ssl_server_port"} v 0) v1 -- 0x7f03d804bed0 con 0x7f03d8100c80
2024-03-22T02:19:54.032 INFO:teuthology.orchestra.run.smithi103.stdout:/usr/bin/ceph: stderr
2024-03-22T02:19:53.107+0000 7f03d4ff9700 1 -- 172.21.15.103:0/1979101355 <== mon.0 v2:172.21.15.103:3300/0 7 ==== mon_command_ack([{"prefix": "config get", "who": "mgr", "key": "mgr/dashboard/ssl_server_port"}]=0 v8) v1 ==== 112+0+5 (secure 0 0 0) 0x7f03c802c350 con 0x7f03d8100c80
2024-03-22T02:19:54.032 INFO:teuthology.orchestra.run.smithi103.stdout:/usr/bin/ceph: stderr
2024-03-22T02:19:53.109+0000 7f03de9f5700 1 -- 172.21.15.103:0/1979101355 >> [v2:172.21.15.103:6800/2790950462,v1:172.21.15.103:6801/2790950462] conn(0x7f03c00367e0 msgr2=0x7f03c0038c90 secure :-1 s=STATE_CONNECTION_ESTABLISHED l=1).mark_down
2024-03-22T02:19:54.032 INFO:teuthology.orchestra.run.smithi103.stdout:/usr/bin/ceph: stderr
2024-03-22T02:19:53.109+0000 7f03de9f5700 1 --2- 172.21.15.103:0/1979101355 >> [v2:172.21.15.103:6800/2790950462,v1:172.21.15.103:6801/2790950462] conn(0x7f03c00367e0 0x7f03c0038c90 secure :-1 s=READY pgs=9 cs=0 l=1 rev1=1 crypto rx=0x7f03cc009990 tx=0x7f03cc006e40 comp rx=0 tx=0).stop
2024-03-22T02:19:54.032 INFO:teuthology.orchestra.run.smithi103.stdout:/usr/bin/ceph: stderr
2024-03-22T02:19:53.109+0000 7f03de9f5700 1 -- 172.21.15.103:0/1979101355 >> [v2:172.21.15.103:3300/0,v1:172.21.15.103:6789/0] conn(0x7f03d8100c80 msgr2=0x7f03d81116d0 secure :-1 s=STATE_CONNECTION_ESTABLISHED l=1).mark_down
2024-03-22T02:19:54.032 INFO:teuthology.orchestra.run.smithi103.stdout:/usr/bin/ceph: stderr
2024-03-22T02:19:53.109+0000 7f03de9f5700 1 --2- 172.21.15.103:0/1979101355 >> [v2:172.21.15.103:3300/0,v1:172.21.15.103:6789/0] conn(0x7f03d8100c80 0x7f03d81116d0 secure :-1 s=READY pgs=85 cs=0 l=1 rev1=1 crypto rx=0x7f03c8011680 tx=0x7f03c8009250 comp rx=0 tx=0).stop
2024-03-22T02:19:54.032 INFO:teuthology.orchestra.run.smithi103.stdout:/usr/bin/ceph: stderr
2024-03-22T02:19:53.109+0000 7f03de9f5700 1 -- 172.21.15.103:0/1979101355 shutdown_connections
2024-03-22T02:19:54.032 INFO:teuthology.orchestra.run.smithi103.stdout:/usr/bin/ceph: stderr
