2024-03-22T04:31:34.176 INFO:teuthology.orchestra.run.smithi079.stdout:/usr/bin/ceph: stderr
2024-03-22T04:31:33.236+0000 7f4d6b323700 1 -- 172.21.15.79:0/3786692843 >> [v2:172.21.15.79:3300/0,v1:172.21.15.79:6789/0] conn(0x7f4d64100d10 msgr2=0x7f4d64101140 secure :-1 s=STATE_CONNECTION_ESTABLISHED l=1).mark_down
2024-03-22T04:31:34.176 INFO:teuthology.orchestra.run.smithi079.stdout:/usr/bin/ceph: stderr
2024-03-22T04:31:33.236+0000 7f4d6b323700 1 --2- 172.21.15.79:0/3786692843 >> [v2:172.21.15.79:3300/0,v1:172.21.15.79:6789/0] conn(0x7f4d64100d10 0x7f4d64101140 secure :-1 s=READY pgs=22 cs=0 l=1 rev1=1 crypto rx=0x7f4d600098e0 tx=0x7f4d60009250 comp rx=0 tx=0).stop
2024-03-22T04:31:34.176 INFO:teuthology.orchestra.run.smithi079.stdout:/usr/bin/ceph: stderr
2024-03-22T04:31:33.236+0000 7f4d6b323700 1 -- 172.21.15.79:0/3786692843 shutdown_connections
2024-03-22T04:31:34.176 INFO:teuthology.orchestra.run.smithi079.stdout:/usr/bin/ceph: stderr
2024-03-22T04:31:33.236+0000 7f4d6b323700 1 --2- 172.21.15.79:0/3786692843 >> [v2:172.21.15.79:3300/0,v1:172.21.15.79:6789/0] conn(0x7f4d64100d10 0x7f4d64101140 unknown :-1 s=CLOSED pgs=22 cs=0 l=1 rev1=1 crypto rx=0 tx=0 comp rx=0 tx=0).stop
2024-03-22T04:31:34.176 INFO:teuthology.orchestra.run.smithi079.stdout:/usr/bin/ceph: stderr
2024-03-22T04:31:33.236+0000 7f4d6b323700 1 -- 172.21.15.79:0/3786692843 >> 172.21.15.79:0/3786692843 conn(0x7f4d640fc750 msgr2=0x7f4d640feb60 unknown :-1 s=STATE_NONE l=0).mark_down
2024-03-22T04:31:34.176 INFO:teuthology.orchestra.run.smithi079.stdout:/usr/bin/ceph: stderr
2024-03-22T04:31:33.236+0000 7f4d6b323700 1 -- 172.21.15.79:0/3786692843 shutdown_connections
2024-03-22T04:31:34.176 INFO:teuthology.orchestra.run.smithi079.stdout:/usr/bin/ceph: stderr
2024-03-22T04:31:33.236+0000 7f4d6b323700 1 -- 172.21.15.79:0/3786692843 wait complete.
2024-03-22T04:31:34.176 INFO:teuthology.orchestra.run.smithi079.stdout:/usr/bin/ceph: stderr
2024-03-22T04:31:33.236+0000 7f4d6b323700 1 Processor -- start
2024-03-22T04:31:34.176 INFO:teuthology.orchestra.run.smithi079.stdout:/usr/bin/ceph: stderr
2024-03-22T04:31:33.237+0000 7f4d6b323700 1 -- start start
2024-03-22T04:31:34.176 INFO:teuthology.orchestra.run.smithi079.stdout:/usr/bin/ceph: stderr
2024-03-22T04:31:33.237+0000 7f4d6b323700 1 --2- >> [v2:172.21.15.79:3300/0,v1:172.21.15.79:6789/0] conn(0x7f4d64100d10 0x7f4d64113900 unknown :-1 s=NONE pgs=0 cs=0 l=1 rev1=0 crypto rx=0 tx=0 comp rx=0 tx=0).connect
2024-03-22T04:31:34.176 INFO:teuthology.orchestra.run.smithi079.stdout:/usr/bin/ceph: stderr
2024-03-22T04:31:33.237+0000 7f4d6b323700 1 -- --> [v2:172.21.15.79:3300/0,v1:172.21.15.79:6789/0] -- mon_getmap magic: 0 v1 -- 0x7f4d64113e40 con 0x7f4d64100d10
2024-03-22T04:31:34.176 INFO:teuthology.orchestra.run.smithi079.stdout:/usr/bin/ceph: stderr
2024-03-22T04:31:33.237+0000 7f4d690bf700 1 --2- >> [v2:172.21.15.79:3300/0,v1:172.21.15.79:6789/0] conn(0x7f4d64100d10 0x7f4d64113900 unknown :-1 s=BANNER_CONNECTING pgs=0 cs=0 l=1 rev1=0 crypto rx=0 tx=0 comp rx=0 tx=0)._handle_peer_banner_payload supported=3 required=0
2024-03-22T04:31:34.176 INFO:teuthology.orchestra.run.smithi079.stdout:/usr/bin/ceph: stderr
2024-03-22T04:31:33.237+0000 7f4d690bf700 1 --2- >> [v2:172.21.15.79:3300/0,v1:172.21.15.79:6789/0] conn(0x7f4d64100d10 0x7f4d64113900 unknown :-1 s=HELLO_CONNECTING pgs=0 cs=0 l=1 rev1=1 crypto rx=0 tx=0 comp rx=0 tx=0).handle_hello peer v2:172.21.15.79:3300/0 says I am v2:172.21.15.79:39046/0 (socket says 172.21.15.79:39046)
2024-03-22T04:31:34.177 INFO:teuthology.orchestra.run.smithi079.stdout:/usr/bin/ceph: stderr
2024-03-22T04:31:33.237+0000 7f4d690bf700 1 -- 172.21.15.79:0/3005197470 learned_addr learned my addr 172.21.15.79:0/3005197470 (peer_addr_for_me v2:172.21.15.79:0/0)
2024-03-22T04:31:34.177 INFO:teuthology.orchestra.run.smithi079.stdout:/usr/bin/ceph: stderr
2024-03-22T04:31:33.237+0000 7f4d690bf700 1 -- 172.21.15.79:0/3005197470 --> [v2:172.21.15.79:3300/0,v1:172.21.15.79:6789/0] -- mon_subscribe({config=0+,monmap=0+}) v3 -- 0x7f4d600094f0 con 0x7f4d64100d10
2024-03-22T04:31:34.177 INFO:teuthology.orchestra.run.smithi079.stdout:/usr/bin/ceph: stderr
2024-03-22T04:31:33.237+0000 7f4d690bf700 1 --2- 172.21.15.79:0/3005197470 >> [v2:172.21.15.79:3300/0,v1:172.21.15.79:6789/0] conn(0x7f4d64100d10 0x7f4d64113900 secure :-1 s=READY pgs=23 cs=0 l=1 rev1=1 crypto rx=0x7f4d60006b00 tx=0x7f4d60009250 comp rx=0 tx=0).ready entity=mon.0 client_cookie=0 server_cookie=0 in_seq=0 out_seq=0
2024-03-22T04:31:34.177 INFO:teuthology.orchestra.run.smithi079.stdout:/usr/bin/ceph: stderr
2024-03-22T04:31:33.237+0000 7f4d59ffb700 1 -- 172.21.15.79:0/3005197470 <== mon.0 v2:172.21.15.79:3300/0 1 ==== mon_map magic: 0 v1 ==== 229+0+0 (secure 0 0 0) 0x7f4d600107c0 con 0x7f4d64100d10
2024-03-22T04:31:34.177 INFO:teuthology.orchestra.run.smithi079.stdout:/usr/bin/ceph: stderr
2024-03-22T04:31:33.237+0000 7f4d59ffb700 1 -- 172.21.15.79:0/3005197470 <== mon.0 v2:172.21.15.79:3300/0 2 ==== config(27 keys) v1 ==== 1044+0+0 (secure 0 0 0) 0x7f4d60010db0 con 0x7f4d64100d10
2024-03-22T04:31:34.177 INFO:teuthology.orchestra.run.smithi079.stdout:/usr/bin/ceph: stderr
2024-03-22T04:31:33.237+0000 7f4d6b323700 1 -- 172.21.15.79:0/3005197470 --> [v2:172.21.15.79:3300/0,v1:172.21.15.79:6789/0] -- mon_subscribe({mgrmap=0+}) v3 -- 0x7f4d64114040 con 0x7f4d64100d10
2024-03-22T04:31:34.177 INFO:teuthology.orchestra.run.smithi079.stdout:/usr/bin/ceph: stderr
2024-03-22T04:31:33.237+0000 7f4d59ffb700 1 -- 172.21.15.79:0/3005197470 <== mon.0 v2:172.21.15.79:3300/0 3 ==== mon_map magic: 0 v1 ==== 229+0+0 (secure 0 0 0) 0x7f4d6001acf0 con 0x7f4d64100d10
2024-03-22T04:31:34.177 INFO:teuthology.orchestra.run.smithi079.stdout:/usr/bin/ceph: stderr
2024-03-22T04:31:33.238+0000 7f4d6b323700 1 -- 172.21.15.79:0/3005197470 --> [v2:172.21.15.79:3300/0,v1:172.21.15.79:6789/0] -- mon_subscribe({osdmap=0}) v3 -- 0x7f4d64114bb0 con 0x7f4d64100d10
2024-03-22T04:31:34.177 INFO:teuthology.orchestra.run.smithi079.stdout:/usr/bin/ceph: stderr
2024-03-22T04:31:33.238+0000 7f4d59ffb700 1 -- 172.21.15.79:0/3005197470 <== mon.0 v2:172.21.15.79:3300/0 4 ==== mgrmap(e 4) v1 ==== 43357+0+0 (secure 0 0 0) 0x7f4d600193c0 con 0x7f4d64100d10
2024-03-22T04:31:34.177 INFO:teuthology.orchestra.run.smithi079.stdout:/usr/bin/ceph: stderr
2024-03-22T04:31:33.238+0000 7f4d6b323700 1 -- 172.21.15.79:0/3005197470 --> [v2:172.21.15.79:3300/0,v1:172.21.15.79:6789/0] -- mon_command({"prefix": "get_command_descriptions"} v 0) v1 -- 0x7f4d6405f5f0 con 0x7f4d64100d10
2024-03-22T04:31:34.177 INFO:teuthology.orchestra.run.smithi079.stdout:/usr/bin/ceph: stderr
2024-03-22T04:31:33.238+0000 7f4d59ffb700 1 --2- 172.21.15.79:0/3005197470 >> [v2:172.21.15.79:6800/1763140176,v1:172.21.15.79:6801/1763140176] conn(0x7f4d50036740 0x7f4d50038bf0 unknown :-1 s=NONE pgs=0 cs=0 l=1 rev1=0 crypto rx=0 tx=0 comp rx=0 tx=0).connect
2024-03-22T04:31:34.177 INFO:teuthology.orchestra.run.smithi079.stdout:/usr/bin/ceph: stderr
2024-03-22T04:31:33.239+0000 7f4d59ffb700 1 -- 172.21.15.79:0/3005197470 <== mon.0 v2:172.21.15.79:3300/0 5 ==== osd_map(1..1 src has 1..1) v4 ==== 721+0+0 (secure 0 0 0) 0x7f4d6004a600 con 0x7f4d64100d10
2024-03-22T04:31:34.177 INFO:teuthology.orchestra.run.smithi079.stdout:/usr/bin/ceph: stderr
2024-03-22T04:31:33.239+0000 7f4d688be700 1 --2- 172.21.15.79:0/3005197470 >> [v2:172.21.15.79:6800/1763140176,v1:172.21.15.79:6801/1763140176] conn(0x7f4d50036740 0x7f4d50038bf0 unknown :-1 s=BANNER_CONNECTING pgs=0 cs=0 l=1 rev1=0 crypto rx=0 tx=0 comp rx=0 tx=0)._handle_peer_banner_payload supported=3 required=0
2024-03-22T04:31:34.177 INFO:teuthology.orchestra.run.smithi079.stdout:/usr/bin/ceph: stderr
2024-03-22T04:31:33.239+0000 7f4d688be700 1 --2- 172.21.15.79:0/3005197470 >> [v2:172.21.15.79:6800/1763140176,v1:172.21.15.79:6801/1763140176] conn(0x7f4d50036740 0x7f4d50038bf0 secure :-1 s=READY pgs=8 cs=0 l=1 rev1=1 crypto rx=0x7f4d54009990 tx=0x7f4d54006e40 comp rx=0 tx=0).ready entity=mgr.14100 client_cookie=0 server_cookie=0 in_seq=0 out_seq=0
2024-03-22T04:31:34.178 INFO:teuthology.orchestra.run.smithi079.stdout:/usr/bin/ceph: stderr
2024-03-22T04:31:33.243+0000 7f4d59ffb700 1 -- 172.21.15.79:0/3005197470 <== mon.0 v2:172.21.15.79:3300/0 6 ==== mon_command_ack([{"prefix": "get_command_descriptions"}]=0 v0) v1 ==== 72+0+176504 (secure 0 0 0) 0x7f4d60019670 con 0x7f4d64100d10
2024-03-22T04:31:34.178 INFO:teuthology.orchestra.run.smithi079.stdout:/usr/bin/ceph: stderr
2024-03-22T04:31:33.479+0000 7f4d6b323700 1 -- 172.21.15.79:0/3005197470 --> [v2:172.21.15.79:3300/0,v1:172.21.15.79:6789/0] -- mon_command({"prefix": "mgr module enable", "module": "cephadm"} v 0) v1 -- 0x7f4d6404bed0 con 0x7f4d64100d10
2024-03-22T04:31:34.178 INFO:teuthology.orchestra.run.smithi079.stdout:/usr/bin/ceph: stderr
2024-03-22T04:31:33.532+0000 7f4d59ffb700 1 -- 172.21.15.79:0/3005197470 <== mon.0 v2:172.21.15.79:3300/0 7 ==== mgrmap(e 5) v1 ==== 43368+0+0 (secure 0 0 0) 0x7f4d6002c3a0 con 0x7f4d64100d10
2024-03-22T04:31:34.178 INFO:teuthology.orchestra.run.smithi079.stdout:/usr/bin/ceph: stderr
2024-03-22T04:31:33.533+0000 7f4d59ffb700 1 -- 172.21.15.79:0/3005197470 <== mon.0 v2:172.21.15.79:3300/0 8 ==== mon_command_ack([{"prefix": "mgr module enable", "module": "cephadm"}]=0 v5) v1 ==== 86+0+0 (secure 0 0 0) 0x7f4d60022520 con 0x7f4d64100d10
2024-03-22T04:31:34.178 INFO:teuthology.orchestra.run.smithi079.stdout:/usr/bin/ceph: stderr
2024-03-22T04:31:33.535+0000 7f4d6b323700 1 -- 172.21.15.79:0/3005197470 >> [v2:172.21.15.79:6800/1763140176,v1:172.21.15.79:6801/1763140176] conn(0x7f4d50036740 msgr2=0x7f4d50038bf0 secure :-1 s=STATE_CONNECTION_ESTABLISHED l=1).mark_down
2024-03-22T04:31:34.178 INFO:teuthology.orchestra.run.smithi079.stdout:/usr/bin/ceph: stderr
2024-03-22T04:31:33.535+0000 7f4d6b323700 1 --2- 172.21.15.79:0/3005197470 >> [v2:172.21.15.79:6800/1763140176,v1:172.21.15.79:6801/1763140176] conn(0x7f4d50036740 0x7f4d50038bf0 secure :-1 s=READY pgs=8 cs=0 l=1 rev1=1 crypto rx=0x7f4d54009990 tx=0x7f4d54006e40 comp rx=0 tx=0).stop
2024-03-22T04:31:34.178 INFO:teuthology.orchestra.run.smithi079.stdout:/usr/bin/ceph: stderr
2024-03-22T04:31:33.535+0000 7f4d6b323700 1 -- 172.21.15.79:0/3005197470 >> [v2:172.21.15.79:3300/0,v1:172.21.15.79:6789/0] conn(0x7f4d64100d10 msgr2=0x7f4d64113900 secure :-1 s=STATE_CONNECTION_ESTABLISHED l=1).mark_down
2024-03-22T04:31:34.178 INFO:teuthology.orchestra.run.smithi079.stdout:/usr/bin/ceph: stderr
2024-03-22T04:31:33.535+0000 7f4d6b323700 1 --2- 172.21.15.79:0/3005197470 >> [v2:172.21.15.79:3300/0,v1:172.21.15.79:6789/0] conn(0x7f4d64100d10 0x7f4d64113900 secure :-1 s=READY pgs=23 cs=0 l=1 rev1=1 crypto rx=0x7f4d60006b00 tx=0x7f4d60009250 comp rx=0 tx=0).stop
2024-03-22T04:31:34.178 INFO:teuthology.orchestra.run.smithi079.stdout:/usr/bin/ceph: stderr
2024-03-22T04:31:33.535+0000 7f4d6b323700 1 -- 172.21.15.79:0/3005197470 shutdown_connections
2024-03-22T04:31:34.178 INFO:teuthology.orchestra.run.smithi079.stdout:/usr/bin/ceph: stderr
2024-03-22T04:31:33.535+0000 7f4d6b323700 1 --2- 172.21.15.79:0/3005197470 >> [v2:172.21.15.79:6800/1763140176,v1:172.21.15.79:6801/1763140176] conn(0x7f4d50036740 0x7f4d50038bf0 unknown :-1 s=CLOSED pgs=8 cs=0 l=1 rev1=1 crypto rx=0 tx=0 comp rx=0 tx=0).stop
2024-03-22T04:31:34.178 INFO:teuthology.orchestra.run.smithi079.stdout:/usr/bin/ceph: stderr
2024-03-22T04:31:33.535+0000 7f4d6b323700 1 --2- 172.21.15.79:0/3005197470 >> [v2:172.21.15.79:3300/0,v1:172.21.15.79:6789/0] conn(0x7f4d64100d10 0x7f4d64113900 unknown :-1 s=CLOSED pgs=23 cs=0 l=1 rev1=1 crypto rx=0 tx=0 comp rx=0 tx=0).stop
2024-03-22T04:31:34.178 INFO:teuthology.orchestra.run.smithi079.stdout:/usr/bin/ceph: stderr
2024-03-22T04:31:33.535+0000 7f4d6b323700 1 -- 172.21.15.79:0/3005197470 >> 172.21.15.79:0/3005197470 conn(0x7f4d640fc750 msgr2=0x7f4d640fd340 unknown :-1 s=STATE_NONE l=0).mark_down
2024-03-22T04:31:34.178 INFO:teuthology.orchestra.run.smithi079.stdout:/usr/bin/ceph: stderr
2024-03-22T04:31:33.536+0000 7f4d6b323700 1 -- 172.21.15.79:0/3005197470 shutdown_connections
2024-03-22T04:31:34.178 INFO:teuthology.orchestra.run.smithi079.stdout:/usr/bin/ceph: stderr
2024-03-22T04:31:33.536+0000 7f4d6b323700 1 -- 172.21.15.79:0/3005197470 wait complete.
2024-03-22T04:31:34.788 INFO:journalctl@ceph.mon.smithi079.smithi079.stdout:Mar 22 04:31:34 smithi079 ceph-mon[29171]: from='client.? 172.21.15.79:0/3005197470' entity='client.admin' cmd='[{"prefix": "mgr module enable", "module": "cephadm"}]': finished
2024-03-22T04:31:34.788 INFO:journalctl@ceph.mon.smithi079.smithi079.stdout:Mar 22 04:31:34 smithi079 ceph-mon[29171]: mgrmap e5: smithi079.kngwhi(active, since 6s)
2024-03-22T04:31:35.434 INFO:teuthology.orchestra.run.smithi079.stdout:/usr/bin/ceph: stdout {
2024-03-22T04:31:35.434 INFO:teuthology.orchestra.run.smithi079.stdout:/usr/bin/ceph: stdout "epoch": 5,
2024-03-22T04:31:35.434 INFO:teuthology.orchestra.run.smithi079.stdout:/usr/bin/ceph: stdout "available": true,
2024-03-22T04:31:35.434 INFO:teuthology.orchestra.run.smithi079.stdout:/usr/bin/ceph: stdout "active_name": "smithi079.kngwhi",
2024-03-22T04:31:35.435 INFO:teuthology.orchestra.run.smithi079.stdout:/usr/bin/ceph: stdout "num_standby": 0
2024-03-22T04:31:35.435 INFO:teuthology.orchestra.run.smithi079.stdout:/usr/bin/ceph: stdout }
2024-03-22T04:31:35.435 INFO:teuthology.orchestra.run.smithi079.stdout:/usr/bin/ceph: stderr
2024-03-22T04:31:34.588+0000 7f6eaba3c700 1 Processor -- start
2024-03-22T04:31:35.435 INFO:teuthology.orchestra.run.smithi079.stdout:/usr/bin/ceph: stderr
2024-03-22T04:31:34.589+0000 7f6eaba3c700 1 -- start start
2024-03-22T04:31:35.435 INFO:teuthology.orchestra.run.smithi079.stdout:/usr/bin/ceph: stderr
2024-03-22T04:31:34.589+0000 7f6eaba3c700 1 --2- >> [v2:172.21.15.79:3300/0,v1:172.21.15.79:6789/0] conn(0x7f6ea4102920 0x7f6ea4102d30 unknown :-1 s=NONE pgs=0 cs=0 l=0 rev1=0 crypto rx=0 tx=0 comp rx=0 tx=0).connect
2024-03-22T04:31:35.435 INFO:teuthology.orchestra.run.smithi079.stdout:/usr/bin/ceph: stderr
2024-03-22T04:31:34.589+0000 7f6eaba3c700 1 -- --> [v2:172.21.15.79:3300/0,v1:172.21.15.79:6789/0] -- mon_getmap magic: 0 v1 -- 0x7f6ea4103270 con 0x7f6ea4102920
2024-03-22T04:31:35.435 INFO:teuthology.orchestra.run.smithi079.stdout:/usr/bin/ceph: stderr
2024-03-22T04:31:34.589+0000 7f6ea97d8700 1 --2- >> [v2:172.21.15.79:3300/0,v1:172.21.15.79:6789/0] conn(0x7f6ea4102920 0x7f6ea4102d30 unknown :-1 s=BANNER_CONNECTING pgs=0 cs=0 l=0 rev1=0 crypto rx=0 tx=0 comp rx=0 tx=0)._handle_peer_banner_payload supported=3 required=0
2024-03-22T04:31:35.435 INFO:teuthology.orchestra.run.smithi079.stdout:/usr/bin/ceph: stderr
2024-03-22T04:31:34.589+0000 7f6ea97d8700 1 --2- >> [v2:172.21.15.79:3300/0,v1:172.21.15.79:6789/0] conn(0x7f6ea4102920 0x7f6ea4102d30 unknown :-1 s=HELLO_CONNECTING pgs=0 cs=0 l=0 rev1=1 crypto rx=0 tx=0 comp rx=0 tx=0).handle_hello peer v2:172.21.15.79:3300/0 says I am v2:172.21.15.79:39082/0 (socket says 172.21.15.79:39082)
2024-03-22T04:31:35.435 INFO:teuthology.orchestra.run.smithi079.stdout:/usr/bin/ceph: stderr
2024-03-22T04:31:34.589+0000 7f6ea97d8700 1 -- 172.21.15.79:0/59667141 learned_addr learned my addr 172.21.15.79:0/59667141 (peer_addr_for_me v2:172.21.15.79:0/0)
2024-03-22T04:31:35.435 INFO:teuthology.orchestra.run.smithi079.stdout:/usr/bin/ceph: stderr
2024-03-22T04:31:34.589+0000 7f6ea97d8700 1 -- 172.21.15.79:0/59667141 --> [v2:172.21.15.79:3300/0,v1:172.21.15.79:6789/0] -- mon_subscribe({config=0+,monmap=0+}) v3 -- 0x7f6ea41033b0 con 0x7f6ea4102920
2024-03-22T04:31:35.435 INFO:teuthology.orchestra.run.smithi079.stdout:/usr/bin/ceph: stderr
2024-03-22T04:31:34.589+0000 7f6ea97d8700 1 --2- 172.21.15.79:0/59667141 >> [v2:172.21.15.79:3300/0,v1:172.21.15.79:6789/0] conn(0x7f6ea4102920 0x7f6ea4102d30 secure :-1 s=READY pgs=26 cs=0 l=1 rev1=1 crypto rx=0x7f6ea00098e0 tx=0x7f6ea0009250 comp rx=0 tx=0).ready entity=mon.0 client_cookie=12af2cc20a8a8ae5 server_cookie=0 in_seq=0 out_seq=0
2024-03-22T04:31:35.435 INFO:teuthology.orchestra.run.smithi079.stdout:/usr/bin/ceph: stderr
2024-03-22T04:31:34.590+0000 7f6e9bfff700 1 -- 172.21.15.79:0/59667141 <== mon.0 v2:172.21.15.79:3300/0 1 ==== mon_map magic: 0 v1 ==== 229+0+0 (secure 0 0 0) 0x7f6ea000b860 con 0x7f6ea4102920
2024-03-22T04:31:35.435 INFO:teuthology.orchestra.run.smithi079.stdout:/usr/bin/ceph: stderr
2024-03-22T04:31:34.590+0000 7f6e9bfff700 1 -- 172.21.15.79:0/59667141 <== mon.0 v2:172.21.15.79:3300/0 2 ==== config(27 keys) v1 ==== 1044+0+0 (secure 0 0 0) 0x7f6ea000be50 con 0x7f6ea4102920
2024-03-22T04:31:35.435 INFO:teuthology.orchestra.run.smithi079.stdout:/usr/bin/ceph: stderr
2024-03-22T04:31:34.590+0000 7f6e9bfff700 1 -- 172.21.15.79:0/59667141 <== mon.0 v2:172.21.15.79:3300/0 3 ==== mon_map magic: 0 v1 ==== 229+0+0 (secure 0 0 0) 0x7f6ea0010380 con 0x7f6ea4102920
2024-03-22T04:31:35.436 INFO:teuthology.orchestra.run.smithi079.stdout:/usr/bin/ceph: stderr
2024-03-22T04:31:34.590+0000 7f6eaba3c700 1 -- 172.21.15.79:0/59667141 >> [v2:172.21.15.79:3300/0,v1:172.21.15.79:6789/0] conn(0x7f6ea4102920 msgr2=0x7f6ea4102d30 secure :-1 s=STATE_CONNECTION_ESTABLISHED l=1).mark_down
2024-03-22T04:31:35.436 INFO:teuthology.orchestra.run.smithi079.stdout:/usr/bin/ceph: stderr
2024-03-22T04:31:34.590+0000 7f6eaba3c700 1 --2- 172.21.15.79:0/59667141 >> [v2:172.21.15.79:3300/0,v1:172.21.15.79:6789/0] conn(0x7f6ea4102920 0x7f6ea4102d30 secure :-1 s=READY pgs=26 cs=0 l=1 rev1=1 crypto rx=0x7f6ea00098e0 tx=0x7f6ea0009250 comp rx=0 tx=0).stop
2024-03-22T04:31:35.436 INFO:teuthology.orchestra.run.smithi079.stdout:/usr/bin/ceph: stderr
2024-03-22T04:31:34.590+0000 7f6eaba3c700 1 -- 172.21.15.79:0/59667141 shutdown_connections
2024-03-22T04:31:35.436 INFO:teuthology.orchestra.run.smithi079.stdout:/usr/bin/ceph: stderr
2024-03-22T04:31:34.590+0000 7f6eaba3c700 1 --2- 172.21.15.79:0/59667141 >> [v2:172.21.15.79:3300/0,v1:172.21.15.79:6789/0] conn(0x7f6ea4102920 0x7f6ea4102d30 unknown :-1 s=CLOSED pgs=26 cs=0 l=1 rev1=1 crypto rx=0 tx=0 comp rx=0 tx=0).stop
2024-03-22T04:31:35.436 INFO:teuthology.orchestra.run.smithi079.stdout:/usr/bin/ceph: stderr
2024-03-22T04:31:34.590+0000 7f6eaba3c700 1 -- 172.21.15.79:0/59667141 >> 172.21.15.79:0/59667141 conn(0x7f6ea40fe0a0 msgr2=0x7f6ea41004b0 unknown :-1 s=STATE_NONE l=0).mark_down
2024-03-22T04:31:35.436 INFO:teuthology.orchestra.run.smithi079.stdout:/usr/bin/ceph: stderr
2024-03-22T04:31:34.590+0000 7f6eaba3c700 1 -- 172.21.15.79:0/59667141 shutdown_connections
2024-03-22T04:31:35.436 INFO:teuthology.orchestra.run.smithi079.stdout:/usr/bin/ceph: stderr
2024-03-22T04:31:34.590+0000 7f6eaba3c700 1 -- 172.21.15.79:0/59667141 wait complete.
2024-03-22T04:31:35.436 INFO:teuthology.orchestra.run.smithi079.stdout:/usr/bin/ceph: stderr
2024-03-22T04:31:34.591+0000 7f6eaba3c700 1 Processor -- start
2024-03-22T04:31:35.436 INFO:teuthology.orchestra.run.smithi079.stdout:/usr/bin/ceph: stderr
2024-03-22T04:31:34.591+0000 7f6eaba3c700 1 -- start start
2024-03-22T04:31:35.437 INFO:teuthology.orchestra.run.smithi079.stdout:/usr/bin/ceph: stderr
2024-03-22T04:31:34.591+0000 7f6eaba3c700 1 --2- >> [v2:172.21.15.79:3300/0,v1:172.21.15.79:6789/0] conn(0x7f6ea4102920 0x7f6ea4113910 unknown :-1 s=NONE pgs=0 cs=0 l=1 rev1=0 crypto rx=0 tx=0 comp rx=0 tx=0).connect
2024-03-22T04:31:35.437 INFO:teuthology.orchestra.run.smithi079.stdout:/usr/bin/ceph: stderr
2024-03-22T04:31:34.591+0000 7f6eaba3c700 1 -- --> [v2:172.21.15.79:3300/0,v1:172.21.15.79:6789/0] -- mon_getmap magic: 0 v1 -- 0x7f6ea4113e50 con 0x7f6ea4102920
2024-03-22T04:31:35.437 INFO:teuthology.orchestra.run.smithi079.stdout:/usr/bin/ceph: stderr
2024-03-22T04:31:34.591+0000 7f6ea97d8700 1 --2- >> [v2:172.21.15.79:3300/0,v1:172.21.15.79:6789/0] conn(0x7f6ea4102920 0x7f6ea4113910 unknown :-1 s=BANNER_CONNECTING pgs=0 cs=0 l=1 rev1=0 crypto rx=0 tx=0 comp rx=0 tx=0)._handle_peer_banner_payload supported=3 required=0
2024-03-22T04:31:35.437 INFO:teuthology.orchestra.run.smithi079.stdout:/usr/bin/ceph: stderr
2024-03-22T04:31:34.591+0000 7f6ea97d8700 1 --2- >> [v2:172.21.15.79:3300/0,v1:172.21.15.79:6789/0] conn(0x7f6ea4102920 0x7f6ea4113910 unknown :-1 s=HELLO_CONNECTING pgs=0 cs=0 l=1 rev1=1 crypto rx=0 tx=0 comp rx=0 tx=0).handle_hello peer v2:172.21.15.79:3300/0 says I am v2:172.21.15.79:39086/0 (socket says 172.21.15.79:39086)
2024-03-22T04:31:35.437 INFO:teuthology.orchestra.run.smithi079.stdout:/usr/bin/ceph: stderr
2024-03-22T04:31:34.591+0000 7f6ea97d8700 1 -- 172.21.15.79:0/2600637464 learned_addr learned my addr 172.21.15.79:0/2600637464 (peer_addr_for_me v2:172.21.15.79:0/0)
2024-03-22T04:31:35.437 INFO:teuthology.orchestra.run.smithi079.stdout:/usr/bin/ceph: stderr
2024-03-22T04:31:34.592+0000 7f6ea97d8700 1 -- 172.21.15.79:0/2600637464 --> [v2:172.21.15.79:3300/0,v1:172.21.15.79:6789/0] -- mon_subscribe({config=0+,monmap=0+}) v3 -- 0x7f6ea00094f0 con 0x7f6ea4102920
2024-03-22T04:31:35.437 INFO:teuthology.orchestra.run.smithi079.stdout:/usr/bin/ceph: stderr
2024-03-22T04:31:34.592+0000 7f6ea97d8700 1 --2- 172.21.15.79:0/2600637464 >> [v2:172.21.15.79:3300/0,v1:172.21.15.79:6789/0] conn(0x7f6ea4102920 0x7f6ea4113910 secure :-1 s=READY pgs=27 cs=0 l=1 rev1=1 crypto rx=0x7f6ea0000c00 tx=0x7f6ea0009250 comp rx=0 tx=0).ready entity=mon.0 client_cookie=0 server_cookie=0 in_seq=0 out_seq=0
2024-03-22T04:31:35.437 INFO:teuthology.orchestra.run.smithi079.stdout:/usr/bin/ceph: stderr
2024-03-22T04:31:34.592+0000 7f6e99ffb700 1 -- 172.21.15.79:0/2600637464 <== mon.0 v2:172.21.15.79:3300/0 1 ==== mon_map magic: 0 v1 ==== 229+0+0 (secure 0 0 0) 0x7f6ea00107c0 con 0x7f6ea4102920
2024-03-22T04:31:35.437 INFO:teuthology.orchestra.run.smithi079.stdout:/usr/bin/ceph: stderr
2024-03-22T04:31:34.592+0000 7f6eaba3c700 1 -- 172.21.15.79:0/2600637464 --> [v2:172.21.15.79:3300/0,v1:172.21.15.79:6789/0] -- mon_subscribe({mgrmap=0+}) v3 -- 0x7f6ea4114050 con 0x7f6ea4102920
2024-03-22T04:31:35.437 INFO:teuthology.orchestra.run.smithi079.stdout:/usr/bin/ceph: stderr
2024-03-22T04:31:34.592+0000 7f6e99ffb700 1 -- 172.21.15.79:0/2600637464 <== mon.0 v2:172.21.15.79:3300/0 2 ==== config(27 keys) v1 ==== 1044+0+0 (secure 0 0 0) 0x7f6ea0010db0 con 0x7f6ea4102920
2024-03-22T04:31:35.437 INFO:teuthology.orchestra.run.smithi079.stdout:/usr/bin/ceph: stderr
2024-03-22T04:31:34.592+0000 7f6e99ffb700 1 -- 172.21.15.79:0/2600637464 <== mon.0 v2:172.21.15.79:3300/0 3 ==== mon_map magic: 0 v1 ==== 229+0+0 (secure 0 0 0) 0x7f6ea001ad00 con 0x7f6ea4102920
2024-03-22T04:31:35.437 INFO:teuthology.orchestra.run.smithi079.stdout:/usr/bin/ceph: stderr
2024-03-22T04:31:34.592+0000 7f6eaba3c700 1 -- 172.21.15.79:0/2600637464 --> [v2:172.21.15.79:3300/0,v1:172.21.15.79:6789/0] -- mon_subscribe({osdmap=0}) v3 -- 0x7f6ea4114b70 con 0x7f6ea4102920
2024-03-22T04:31:35.437 INFO:teuthology.orchestra.run.smithi079.stdout:/usr/bin/ceph: stderr
2024-03-22T04:31:34.593+0000 7f6e99ffb700 1 -- 172.21.15.79:0/2600637464 <== mon.0 v2:172.21.15.79:3300/0 4 ==== mgrmap(e 5) v1 ==== 43368+0+0 (secure 0 0 0) 0x7f6ea00193c0 con 0x7f6ea4102920
2024-03-22T04:31:35.437 INFO:teuthology.orchestra.run.smithi079.stdout:/usr/bin/ceph: stderr
2024-03-22T04:31:34.593+0000 7f6eaba3c700 1 -- 172.21.15.79:0/2600637464 --> [v2:172.21.15.79:3300/0,v1:172.21.15.79:6789/0] -- mon_command({"prefix": "get_command_descriptions"} v 0) v1 -- 0x7f6ea405f5f0 con 0x7f6ea4102920
2024-03-22T04:31:35.437 INFO:teuthology.orchestra.run.smithi079.stdout:/usr/bin/ceph: stderr
2024-03-22T04:31:34.593+0000 7f6e99ffb700 1 --2- 172.21.15.79:0/2600637464 >> [v2:172.21.15.79:6800/1763140176,v1:172.21.15.79:6801/1763140176] conn(0x7f6e90036790 0x7f6e90038c40 unknown :-1 s=NONE pgs=0 cs=0 l=1 rev1=0 crypto rx=0 tx=0 comp rx=0 tx=0).connect
2024-03-22T04:31:35.438 INFO:teuthology.orchestra.run.smithi079.stdout:/usr/bin/ceph: stderr
2024-03-22T04:31:34.593+0000 7f6e99ffb700 1 -- 172.21.15.79:0/2600637464 <== mon.0 v2:172.21.15.79:3300/0 5 ==== osd_map(1..1 src has 1..1) v4 ==== 721+0+0 (secure 0 0 0) 0x7f6ea004a6c0 con 0x7f6ea4102920
2024-03-22T04:31:35.438 INFO:teuthology.orchestra.run.smithi079.stdout:/usr/bin/ceph: stderr
2024-03-22T04:31:34.593+0000 7f6ea8fd7700 1 -- 172.21.15.79:0/2600637464 >> [v2:172.21.15.79:6800/1763140176,v1:172.21.15.79:6801/1763140176] conn(0x7f6e90036790 msgr2=0x7f6e90038c40 unknown :-1 s=STATE_CONNECTING_RE l=1).process reconnect failed to v2:172.21.15.79:6800/1763140176
2024-03-22T04:31:35.438 INFO:teuthology.orchestra.run.smithi079.stdout:/usr/bin/ceph: stderr
2024-03-22T04:31:34.593+0000 7f6ea8fd7700 1 --2- 172.21.15.79:0/2600637464 >> [v2:172.21.15.79:6800/1763140176,v1:172.21.15.79:6801/1763140176] conn(0x7f6e90036790 0x7f6e90038c40 unknown :-1 s=START_CONNECT pgs=0 cs=0 l=1 rev1=0 crypto rx=0 tx=0 comp rx=0 tx=0)._fault waiting 0.200000
2024-03-22T04:31:35.438 INFO:teuthology.orchestra.run.smithi079.stdout:/usr/bin/ceph: stderr
2024-03-22T04:31:34.598+0000 7f6e99ffb700 1 -- 172.21.15.79:0/2600637464 <== mon.0 v2:172.21.15.79:3300/0 6 ==== mon_command_ack([{"prefix": "get_command_descriptions"}]=0 v0) v1 ==== 72+0+176504 (secure 0 0 0) 0x7f6ea0022930 con 0x7f6ea4102920
2024-03-22T04:31:35.438 INFO:teuthology.orchestra.run.smithi079.stdout:/usr/bin/ceph: stderr
2024-03-22T04:31:34.794+0000 7f6ea8fd7700 1 -- 172.21.15.79:0/2600637464 >> [v2:172.21.15.79:6800/1763140176,v1:172.21.15.79:6801/1763140176] conn(0x7f6e90036790 msgr2=0x7f6e90038c40 unknown :-1 s=STATE_CONNECTING_RE l=1).process reconnect failed to v2:172.21.15.79:6800/1763140176
2024-03-22T04:31:35.438 INFO:teuthology.orchestra.run.smithi079.stdout:/usr/bin/ceph: stderr
2024-03-22T04:31:34.794+0000 7f6ea8fd7700 1 --2- 172.21.15.79:0/2600637464 >> [v2:172.21.15.79:6800/1763140176,v1:172.21.15.79:6801/1763140176] conn(0x7f6e90036790 0x7f6e90038c40 unknown :-1 s=START_CONNECT pgs=0 cs=0 l=1 rev1=0 crypto rx=0 tx=0 comp rx=0 tx=0)._fault waiting 0.400000
2024-03-22T04:31:35.438 INFO:teuthology.orchestra.run.smithi079.stdout:/usr/bin/ceph: stderr
2024-03-22T04:31:34.843+0000 7f6eaba3c700 1 -- 172.21.15.79:0/2600637464 --> [v2:172.21.15.79:3300/0,v1:172.21.15.79:6789/0] -- mon_command({"prefix": "mgr stat"} v 0) v1 -- 0x7f6ea4114f10 con 0x7f6ea4102920
2024-03-22T04:31:35.438 INFO:teuthology.orchestra.run.smithi079.stdout:/usr/bin/ceph: stderr
2024-03-22T04:31:34.844+0000 7f6e99ffb700 1 -- 172.21.15.79:0/2600637464 <== mon.0 v2:172.21.15.79:3300/0 7 ==== mon_command_ack([{"prefix": "mgr stat"}]=0 v5) v1 ==== 56+0+103 (secure 0 0 0) 0x7f6ea0022340 con 0x7f6ea4102920
2024-03-22T04:31:35.438 INFO:teuthology.orchestra.run.smithi079.stdout:/usr/bin/ceph: stderr
2024-03-22T04:31:34.846+0000 7f6eaba3c700 1 -- 172.21.15.79:0/2600637464 >> [v2:172.21.15.79:6800/1763140176,v1:172.21.15.79:6801/1763140176] conn(0x7f6e90036790 msgr2=0x7f6e90038c40 unknown :-1 s=STATE_CONNECTING l=1).mark_down
2024-03-22T04:31:35.438 INFO:teuthology.orchestra.run.smithi079.stdout:/usr/bin/ceph: stderr
2024-03-22T04:31:34.846+0000 7f6eaba3c700 1 --2- 172.21.15.79:0/2600637464 >> [v2:172.21.15.79:6800/1763140176,v1:172.21.15.79:6801/1763140176] conn(0x7f6e90036790 0x7f6e90038c40 unknown :-1 s=START_CONNECT pgs=0 cs=0 l=1 rev1=0 crypto rx=0 tx=0 comp rx=0 tx=0).stop
2024-03-22T04:31:35.438 INFO:teuthology.orchestra.run.smithi079.stdout:/usr/bin/ceph: stderr
2024-03-22T04:31:34.846+0000 7f6eaba3c700 1 -- 172.21.15.79:0/2600637464 >> [v2:172.21.15.79:3300/0,v1:172.21.15.79:6789/0] conn(0x7f6ea4102920 msgr2=0x7f6ea4113910 secure :-1 s=STATE_CONNECTION_ESTABLISHED l=1).mark_down
2024-03-22T04:31:35.438 INFO:teuthology.orchestra.run.smithi079.stdout:/usr/bin/ceph: stderr
2024-03-22T04:31:34.846+0000 7f6eaba3c700 1 --2- 172.21.15.79:0/2600637464 >> [v2:172.21.15.79:3300/0,v1:172.21.15.79:6789/0] conn(0x7f6ea4102920 0x7f6ea4113910 secure :-1 s=READY pgs=27 cs=0 l=1 rev1=1 crypto rx=0x7f6ea0000c00 tx=0x7f6ea0009250 comp rx=0 tx=0).stop
2024-03-22T04:31:35.438 INFO:teuthology.orchestra.run.smithi079.stdout:/usr/bin/ceph: stderr
2024-03-22T04:31:34.846+0000 7f6eaba3c700 1 -- 172.21.15.79:0/2600637464 shutdown_connections
2024-03-22T04:31:35.439 INFO:teuthology.orchestra.run.smithi079.stdout:/usr/bin/ceph: stderr
2024-03-22T04:31:34.846+0000 7f6eaba3c700 1 --2- 172.21.15.79:0/2600637464 >> [v2:172.21.15.79:6800/1763140176,v1:172.21.15.79:6801/1763140176] conn(0x7f6e90036790 0x7f6e90038c40 unknown :-1 s=CLOSED pgs=0 cs=0 l=1 rev1=0 crypto rx=0 tx=0 comp rx=0 tx=0).stop
2024-03-22T04:31:35.439 INFO:teuthology.orchestra.run.smithi079.stdout:/usr/bin/ceph: stderr
2024-03-22T04:31:34.846+0000 7f6eaba3c700 1 --2- 172.21.15.79:0/2600637464 >> [v2:172.21.15.79:3300/0,v1:172.21.15.79:6789/0] conn(0x7f6ea4102920 0x7f6ea4113910 unknown :-1 s=CLOSED pgs=27 cs=0 l=1 rev1=1 crypto rx=0 tx=0 comp rx=0 tx=0).stop
2024-03-22T04:31:35.439 INFO:teuthology.orchestra.run.smithi079.stdout:/usr/bin/ceph: stderr
2024-03-22T04:31:34.846+0000 7f6eaba3c700 1 -- 172.21.15.79:0/2600637464 >> 172.21.15.79:0/2600637464 conn(0x7f6ea40fe0a0 msgr2=0x7f6ea40feba0 unknown :-1 s=STATE_NONE l=0).mark_down
2024-03-22T04:31:35.439 INFO:teuthology.orchestra.run.smithi079.stdout:/usr/bin/ceph: stderr
2024-03-22T04:31:34.846+0000 7f6eaba3c700 1 -- 172.21.15.79:0/2600637464 shutdown_connections
2024-03-22T04:31:35.439 INFO:teuthology.orchestra.run.smithi079.stdout:/usr/bin/ceph: stderr
2024-03-22T04:31:34.846+0000 7f6eaba3c700 1 -- 172.21.15.79:0/2600637464 wait complete.
2024-03-22T04:31:35.439 INFO:teuthology.orchestra.run.smithi079.stdout:Waiting for the mgr to restart...
2024-03-22T04:31:35.439 INFO:teuthology.orchestra.run.smithi079.stdout:Waiting for mgr epoch 5...
2024-03-22T04:31:35.644 INFO:journalctl@ceph.mon.smithi079.smithi079.stdout:Mar 22 04:31:35 smithi079 ceph-mon[29171]: from='client.? 172.21.15.79:0/2600637464' entity='client.admin' cmd=[{"prefix": "mgr stat"}]: dispatch
2024-03-22T04:31:40.346 INFO:journalctl@ceph.mon.smithi079.smithi079.stdout:Mar 22 04:31:40 smithi079 ceph-mon[29171]: Active manager daemon smithi079.kngwhi restarted
2024-03-22T04:31:40.347 INFO:journalctl@ceph.mon.smithi079.smithi079.stdout:Mar 22 04:31:40 smithi079 ceph-mon[29171]: Activating manager daemon smithi079.kngwhi
2024-03-22T04:31:40.347 INFO:journalctl@ceph.mon.smithi079.smithi079.stdout:Mar 22 04:31:40 smithi079 ceph-mon[29171]: osdmap e2: 0 total, 0 up, 0 in
2024-03-22T04:31:40.347 INFO:journalctl@ceph.mon.smithi079.smithi079.stdout:Mar 22 04:31:40 smithi079 ceph-mon[29171]: mgrmap e6: smithi079.kngwhi(active, starting, since 0.00331508s)
2024-03-22T04:31:40.347 INFO:journalctl@ceph.mon.smithi079.smithi079.stdout:Mar 22 04:31:40 smithi079 ceph-mon[29171]: from='mgr.14120 172.21.15.79:0/2864158190' entity='mgr.smithi079.kngwhi' cmd=[{"prefix": "mon metadata", "id": "smithi079"}]: dispatch
2024-03-22T04:31:40.347 INFO:journalctl@ceph.mon.smithi079.smithi079.stdout:Mar 22 04:31:40 smithi079 ceph-mon[29171]: from='mgr.14120 172.21.15.79:0/2864158190' entity='mgr.smithi079.kngwhi' cmd=[{"prefix": "mgr metadata", "who": "smithi079.kngwhi", "id": "smithi079.kngwhi"}]: dispatch
2024-03-22T04:31:40.347 INFO:journalctl@ceph.mon.smithi079.smithi079.stdout:Mar 22 04:31:40 smithi079 ceph-mon[29171]: from='mgr.14120 172.21.15.79:0/2864158190' entity='mgr.smithi079.kngwhi' cmd=[{"prefix": "mds metadata"}]: dispatch
2024-03-22T04:31:40.347 INFO:journalctl@ceph.mon.smithi079.smithi079.stdout:Mar 22 04:31:40 smithi079 ceph-mon[29171]: from='mgr.14120 172.21.15.79:0/2864158190' entity='mgr.smithi079.kngwhi' cmd=[{"prefix": "osd metadata"}]: dispatch
2024-03-22T04:31:40.347 INFO:journalctl@ceph.mon.smithi079.smithi079.stdout:Mar 22 04:31:40 smithi079 ceph-mon[29171]: from='mgr.14120 172.21.15.79:0/2864158190' entity='mgr.smithi079.kngwhi' cmd=[{"prefix": "mon metadata"}]: dispatch
2024-03-22T04:31:40.347 INFO:journalctl@ceph.mon.smithi079.smithi079.stdout:Mar 22 04:31:40 smithi079 ceph-mon[29171]: Manager daemon smithi079.kngwhi is now available
2024-03-22T04:31:40.347 INFO:journalctl@ceph.mon.smithi079.smithi079.stdout:Mar 22 04:31:40 smithi079 ceph-mon[29171]: from='mgr.14120 172.21.15.79:0/2864158190' entity='mgr.smithi079.kngwhi'
2024-03-22T04:31:40.348 INFO:journalctl@ceph.mon.smithi079.smithi079.stdout:Mar 22 04:31:40 smithi079 ceph-mon[29171]: from='mgr.14120 172.21.15.79:0/2864158190' entity='mgr.smithi079.kngwhi'
2024-03-22T04:31:40.348 INFO:journalctl@ceph.mon.smithi079.smithi079.stdout:Mar 22 04:31:40 smithi079 ceph-mon[29171]: from='mgr.14120 172.21.15.79:0/2864158190' entity='mgr.smithi079.kngwhi' cmd=[{"prefix": "config dump", "format": "json"}]: dispatch
2024-03-22T04:31:40.348 INFO:journalctl@ceph.mon.smithi079.smithi079.stdout:Mar 22 04:31:40 smithi079 ceph-mon[29171]: from='mgr.14120 172.21.15.79:0/2864158190' entity='mgr.smithi079.kngwhi' cmd=[{"prefix": "config dump", "format": "json"}]: dispatch
2024-03-22T04:31:40.348 INFO:journalctl@ceph.mon.smithi079.smithi079.stdout:Mar 22 04:31:40 smithi079 ceph-mon[29171]: from='mgr.14120 172.21.15.79:0/2864158190' entity='mgr.smithi079.kngwhi' cmd=[{"prefix": "config dump", "format": "json"}]: dispatch
2024-03-22T04:31:41.337 INFO:journalctl@ceph.mon.smithi079.smithi079.stdout:Mar 22 04:31:41 smithi079 ceph-mon[29171]: Found migration_current of "None". Setting to last migration.
2024-03-22T04:31:41.337 INFO:journalctl@ceph.mon.smithi079.smithi079.stdout:Mar 22 04:31:41 smithi079 ceph-mon[29171]: from='mgr.14120 172.21.15.79:0/2864158190' entity='mgr.smithi079.kngwhi' cmd=[{"prefix":"config rm","who":"mgr","name":"mgr/rbd_support/smithi079.kngwhi/mirror_snapshot_schedule"}]: dispatch
2024-03-22T04:31:41.338 INFO:journalctl@ceph.mon.smithi079.smithi079.stdout:Mar 22 04:31:41 smithi079 ceph-mon[29171]: from='mgr.14120 172.21.15.79:0/2864158190' entity='mgr.smithi079.kngwhi' cmd=[{"prefix":"config rm","who":"mgr","name":"mgr/rbd_support/smithi079.kngwhi/trash_purge_schedule"}]: dispatch
2024-03-22T04:31:41.338 INFO:journalctl@ceph.mon.smithi079.smithi079.stdout:Mar 22 04:31:41 smithi079 ceph-mon[29171]: mgrmap e7: smithi079.kngwhi(active, since 1.00547s)
2024-03-22T04:31:41.606 INFO:teuthology.orchestra.run.smithi079.stdout:/usr/bin/ceph: stdout {
2024-03-22T04:31:41.606 INFO:teuthology.orchestra.run.smithi079.stdout:/usr/bin/ceph: stdout "mgrmap_epoch": 7,
2024-03-22T04:31:41.606 INFO:teuthology.orchestra.run.smithi079.stdout:/usr/bin/ceph: stdout "initialized": true
2024-03-22T04:31:41.606 INFO:teuthology.orchestra.run.smithi079.stdout:/usr/bin/ceph: stdout }
2024-03-22T04:31:41.606 INFO:teuthology.orchestra.run.smithi079.stdout:/usr/bin/ceph: stderr
2024-03-22T04:31:35.864+0000 7f8d9f09a700 1 Processor -- start
2024-03-22T04:31:41.606 INFO:teuthology.orchestra.run.smithi079.stdout:/usr/bin/ceph: stderr
2024-03-22T04:31:35.864+0000 7f8d9f09a700 1 -- start start
2024-03-22T04:31:41.607 INFO:teuthology.orchestra.run.smithi079.stdout:/usr/bin/ceph: stderr
2024-03-22T04:31:35.864+0000 7f8d9f09a700 1 --2- >> [v2:172.21.15.79:3300/0,v1:172.21.15.79:6789/0] conn(0x7f8d98078c80 0x7f8d98077270 unknown :-1 s=NONE pgs=0 cs=0 l=0 rev1=0 crypto rx=0 tx=0 comp rx=0 tx=0).connect
2024-03-22T04:31:41.607 INFO:teuthology.orchestra.run.smithi079.stdout:/usr/bin/ceph: stderr
2024-03-22T04:31:35.864+0000 7f8d9f09a700 1 -- --> [v2:172.21.15.79:3300/0,v1:172.21.15.79:6789/0] -- mon_getmap magic: 0 v1 -- 0x7f8d98079090 con 0x7f8d98078c80
2024-03-22T04:31:41.607 INFO:teuthology.orchestra.run.smithi079.stdout:/usr/bin/ceph: stderr
2024-03-22T04:31:35.864+0000 7f8d9ce36700 1 --2- >> [v2:172.21.15.79:3300/0,v1:172.21.15.79:6789/0] conn(0x7f8d98078c80 0x7f8d98077270 unknown :-1 s=BANNER_CONNECTING pgs=0 cs=0 l=0 rev1=0 crypto rx=0 tx=0 comp rx=0 tx=0)._handle_peer_banner_payload supported=3 required=0
2024-03-22T04:31:41.607 INFO:teuthology.orchestra.run.smithi079.stdout:/usr/bin/ceph: stderr
2024-03-22T04:31:35.864+0000 7f8d9ce36700 1 --2- >> [v2:172.21.15.79:3300/0,v1:172.21.15.79:6789/0] conn(0x7f8d98078c80 0x7f8d98077270 unknown :-1 s=HELLO_CONNECTING pgs=0 cs=0 l=0 rev1=1 crypto rx=0 tx=0 comp rx=0 tx=0).handle_hello peer v2:172.21.15.79:3300/0 says I am v2:172.21.15.79:36294/0 (socket says 172.21.15.79:36294)
2024-03-22T04:31:41.607 INFO:teuthology.orchestra.run.smithi079.stdout:/usr/bin/ceph: stderr
2024-03-22T04:31:35.864+0000 7f8d9ce36700 1 -- 172.21.15.79:0/4022298037 learned_addr learned my addr 172.21.15.79:0/4022298037 (peer_addr_for_me v2:172.21.15.79:0/0)
2024-03-22T04:31:41.607 INFO:teuthology.orchestra.run.smithi079.stdout:/usr/bin/ceph: stderr
2024-03-22T04:31:35.864+0000 7f8d9ce36700 1 -- 172.21.15.79:0/4022298037 --> [v2:172.21.15.79:3300/0,v1:172.21.15.79:6789/0] -- mon_subscribe({config=0+,monmap=0+}) v3 -- 0x7f8d980777b0 con 0x7f8d98078c80
2024-03-22T04:31:41.607 INFO:teuthology.orchestra.run.smithi079.stdout:/usr/bin/ceph: stderr
2024-03-22T04:31:35.865+0000 7f8d9ce36700 1 --2- 172.21.15.79:0/4022298037 >> [v2:172.21.15.79:3300/0,v1:172.21.15.79:6789/0] conn(0x7f8d98078c80 0x7f8d98077270 secure :-1 s=READY pgs=28 cs=0 l=1 rev1=1 crypto rx=0x7f8d8c0098e0 tx=0x7f8d8c009250 comp rx=0 tx=0).ready entity=mon.0 client_cookie=677e443287674080 server_cookie=0 in_seq=0 out_seq=0
2024-03-22T04:31:41.607 INFO:teuthology.orchestra.run.smithi079.stdout:/usr/bin/ceph: stderr
2024-03-22T04:31:35.865+0000 7f8d977fe700 1 -- 172.21.15.79:0/4022298037 <== mon.0 v2:172.21.15.79:3300/0 1 ==== mon_map magic: 0 v1 ==== 229+0+0 (secure 0 0 0) 0x7f8d8c00b860 con 0x7f8d98078c80
2024-03-22T04:31:41.607 INFO:teuthology.orchestra.run.smithi079.stdout:/usr/bin/ceph: stderr
2024-03-22T04:31:35.865+0000 7f8d977fe700 1 -- 172.21.15.79:0/4022298037 <== mon.0 v2:172.21.15.79:3300/0 2 ==== config(27 keys) v1 ==== 1044+0+0 (secure 0 0 0) 0x7f8d8c00be50 con 0x7f8d98078c80
2024-03-22T04:31:41.607 INFO:teuthology.orchestra.run.smithi079.stdout:/usr/bin/ceph: stderr
2024-03-22T04:31:35.865+0000 7f8d977fe700 1 -- 172.21.15.79:0/4022298037 <== mon.0 v2:172.21.15.79:3300/0 3 ==== mon_map magic: 0 v1 ==== 229+0+0 (secure 0 0 0) 0x7f8d8c010380 con 0x7f8d98078c80
2024-03-22T04:31:41.607 INFO:teuthology.orchestra.run.smithi079.stdout:/usr/bin/ceph: stderr
2024-03-22T04:31:35.865+0000 7f8d9f09a700 1 -- 172.21.15.79:0/4022298037 >> [v2:172.21.15.79:3300/0,v1:172.21.15.79:6789/0] conn(0x7f8d98078c80 msgr2=0x7f8d98077270 secure :-1 s=STATE_CONNECTION_ESTABLISHED l=1).mark_down
2024-03-22T04:31:41.607 INFO:teuthology.orchestra.run.smithi079.stdout:/usr/bin/ceph: stderr
2024-03-22T04:31:35.865+0000 7f8d9f09a700 1 --2- 172.21.15.79:0/4022298037 >> [v2:172.21.15.79:3300/0,v1:172.21.15.79:6789/0] conn(0x7f8d98078c80 0x7f8d98077270 secure :-1 s=READY pgs=28 cs=0 l=1 rev1=1 crypto rx=0x7f8d8c0098e0 tx=0x7f8d8c009250 comp rx=0 tx=0).stop
2024-03-22T04:31:41.607 INFO:teuthology.orchestra.run.smithi079.stdout:/usr/bin/ceph: stderr
2024-03-22T04:31:35.865+0000 7f8d9f09a700 1 -- 172.21.15.79:0/4022298037 shutdown_connections
2024-03-22T04:31:41.607 INFO:teuthology.orchestra.run.smithi079.stdout:/usr/bin/ceph: stderr
2024-03-22T04:31:35.865+0000 7f8d9f09a700 1 --2- 172.21.15.79:0/4022298037 >> [v2:172.21.15.79:3300/0,v1:172.21.15.79:6789/0] conn(0x7f8d98078c80 0x7f8d98077270 unknown :-1 s=CLOSED pgs=28 cs=0 l=1 rev1=1 crypto rx=0 tx=0 comp rx=0 tx=0).stop
2024-03-22T04:31:41.608 INFO:teuthology.orchestra.run.smithi079.stdout:/usr/bin/ceph: stderr
2024-03-22T04:31:35.865+0000 7f8d9f09a700 1 -- 172.21.15.79:0/4022298037 >> 172.21.15.79:0/4022298037 conn(0x7f8d980fe0a0 msgr2=0x7f8d981004b0 unknown :-1 s=STATE_NONE l=0).mark_down
2024-03-22T04:31:41.608 INFO:teuthology.orchestra.run.smithi079.stdout:/usr/bin/ceph: stderr
2024-03-22T04:31:35.865+0000 7f8d9f09a700 1 -- 172.21.15.79:0/4022298037 shutdown_connections
2024-03-22T04:31:41.608 INFO:teuthology.orchestra.run.smithi079.stdout:/usr/bin/ceph: stderr
2024-03-22T04:31:35.866+0000 7f8d9f09a700 1 -- 172.21.15.79:0/4022298037 wait complete.
2024-03-22T04:31:41.608 INFO:teuthology.orchestra.run.smithi079.stdout:/usr/bin/ceph: stderr
2024-03-22T04:31:35.866+0000 7f8d9f09a700 1 Processor -- start
2024-03-22T04:31:41.608 INFO:teuthology.orchestra.run.smithi079.stdout:/usr/bin/ceph: stderr
2024-03-22T04:31:35.866+0000 7f8d9f09a700 1 -- start start
2024-03-22T04:31:41.608 INFO:teuthology.orchestra.run.smithi079.stdout:/usr/bin/ceph: stderr
2024-03-22T04:31:35.866+0000 7f8d9f09a700 1 --2- >> [v2:172.21.15.79:3300/0,v1:172.21.15.79:6789/0] conn(0x7f8d98078c80 0x7f8d98113920 unknown :-1 s=NONE pgs=0 cs=0 l=1 rev1=0 crypto rx=0 tx=0 comp rx=0 tx=0).connect
2024-03-22T04:31:41.608 INFO:teuthology.orchestra.run.smithi079.stdout:/usr/bin/ceph: stderr
2024-03-22T04:31:35.866+0000 7f8d9f09a700 1 -- --> [v2:172.21.15.79:3300/0,v1:172.21.15.79:6789/0] -- mon_getmap magic: 0 v1 -- 0x7f8d98113e60 con 0x7f8d98078c80
2024-03-22T04:31:41.608 INFO:teuthology.orchestra.run.smithi079.stdout:/usr/bin/ceph: stderr
2024-03-22T04:31:35.866+0000 7f8d9ce36700 1 --2- >> [v2:172.21.15.79:3300/0,v1:172.21.15.79:6789/0] conn(0x7f8d98078c80 0x7f8d98113920 unknown :-1 s=BANNER_CONNECTING pgs=0 cs=0 l=1 rev1=0 crypto rx=0 tx=0 comp rx=0 tx=0)._handle_peer_banner_payload supported=3 required=0
2024-03-22T04:31:41.608 INFO:teuthology.orchestra.run.smithi079.stdout:/usr/bin/ceph: stderr
2024-03-22T04:31:35.866+0000 7f8d9ce36700 1 --2- >> [v2:172.21.15.79:3300/0,v1:172.21.15.79:6789/0] conn(0x7f8d98078c80 0x7f8d98113920 unknown :-1 s=HELLO_CONNECTING pgs=0 cs=0 l=1 rev1=1 crypto rx=0 tx=0 comp rx=0 tx=0).handle_hello peer v2:172.21.15.79:3300/0 says I am v2:172.21.15.79:36302/0 (socket says 172.21.15.79:36302)
2024-03-22T04:31:41.608 INFO:teuthology.orchestra.run.smithi079.stdout:/usr/bin/ceph: stderr
2024-03-22T04:31:35.866+0000 7f8d9ce36700 1 -- 172.21.15.79:0/358612825 learned_addr learned my addr 172.21.15.79:0/358612825 (peer_addr_for_me v2:172.21.15.79:0/0)
2024-03-22T04:31:41.608 INFO:teuthology.orchestra.run.smithi079.stdout:/usr/bin/ceph: stderr
2024-03-22T04:31:35.867+0000 7f8d9ce36700 1 -- 172.21.15.79:0/358612825 --> [v2:172.21.15.79:3300/0,v1:172.21.15.79:6789/0] -- mon_subscribe({config=0+,monmap=0+}) v3 -- 0x7f8d8c0094f0 con 0x7f8d98078c80
2024-03-22T04:31:41.608 INFO:teuthology.orchestra.run.smithi079.stdout:/usr/bin/ceph: stderr
2024-03-22T04:31:35.867+0000 7f8d9ce36700 1 --2- 172.21.15.79:0/358612825 >> [v2:172.21.15.79:3300/0,v1:172.21.15.79:6789/0] conn(0x7f8d98078c80 0x7f8d98113920 secure :-1 s=READY pgs=29 cs=0 l=1 rev1=1 crypto rx=0x7f8d8c003050 tx=0x7f8d8c009250 comp rx=0 tx=0).ready entity=mon.0 client_cookie=0 server_cookie=0 in_seq=0 out_seq=0
2024-03-22T04:31:41.608 INFO:teuthology.orchestra.run.smithi079.stdout:/usr/bin/ceph: stderr
2024-03-22T04:31:35.867+0000 7f8d957fa700 1 -- 172.21.15.79:0/358612825 <== mon.0 v2:172.21.15.79:3300/0 1 ==== mon_map magic: 0 v1 ==== 229+0+0 (secure 0 0 0) 0x7f8d8c010760 con 0x7f8d98078c80
2024-03-22T04:31:41.608 INFO:teuthology.orchestra.run.smithi079.stdout:/usr/bin/ceph: stderr
2024-03-22T04:31:35.867+0000 7f8d957fa700 1 -- 172.21.15.79:0/358612825 <== mon.0 v2:172.21.15.79:3300/0 2 ==== config(27 keys) v1 ==== 1044+0+0 (secure 0 0 0) 0x7f8d8c010d50 con 0x7f8d98078c80
2024-03-22T04:31:41.609 INFO:teuthology.orchestra.run.smithi079.stdout:/usr/bin/ceph: stderr
2024-03-22T04:31:35.867+0000 7f8d9f09a700 1 -- 172.21.15.79:0/358612825 --> [v2:172.21.15.79:3300/0,v1:172.21.15.79:6789/0] -- mon_subscribe({mgrmap=0+}) v3 -- 0x7f8d98114060 con 0x7f8d98078c80
2024-03-22T04:31:41.609 INFO:teuthology.orchestra.run.smithi079.stdout:/usr/bin/ceph: stderr
2024-03-22T04:31:35.867+0000 7f8d957fa700 1 -- 172.21.15.79:0/358612825 <== mon.0 v2:172.21.15.79:3300/0 3 ==== mon_map magic: 0 v1 ==== 229+0+0 (secure 0 0 0) 0x7f8d8c01ae20 con 0x7f8d98078c80
2024-03-22T04:31:41.609 INFO:teuthology.orchestra.run.smithi079.stdout:/usr/bin/ceph: stderr
2024-03-22T04:31:35.867+0000 7f8d9f09a700 1 -- 172.21.15.79:0/358612825 --> [v2:172.21.15.79:3300/0,v1:172.21.15.79:6789/0] -- mon_subscribe({osdmap=0}) v3 -- 0x7f8d98114bd0 con 0x7f8d98078c80
2024-03-22T04:31:41.609 INFO:teuthology.orchestra.run.smithi079.stdout:/usr/bin/ceph: stderr
2024-03-22T04:31:35.868+0000 7f8d957fa700 1 -- 172.21.15.79:0/358612825 <== mon.0 v2:172.21.15.79:3300/0 4 ==== mgrmap(e 5) v1 ==== 43368+0+0 (secure 0 0 0) 0x7f8d8c0108c0 con 0x7f8d98078c80
2024-03-22T04:31:41.609 INFO:teuthology.orchestra.run.smithi079.stdout:/usr/bin/ceph: stderr
2024-03-22T04:31:35.868+0000 7f8d957fa700 1 --2- 172.21.15.79:0/358612825 >> [v2:172.21.15.79:6800/1763140176,v1:172.21.15.79:6801/1763140176] conn(0x7f8d880367e0 0x7f8d88038c90 unknown :-1 s=NONE pgs=0 cs=0 l=1 rev1=0 crypto rx=0 tx=0 comp rx=0 tx=0).connect
2024-03-22T04:31:41.609 INFO:teuthology.orchestra.run.smithi079.stdout:/usr/bin/ceph: stderr
2024-03-22T04:31:35.868+0000 7f8d957fa700 1 -- 172.21.15.79:0/358612825 --> [v2:172.21.15.79:6800/1763140176,v1:172.21.15.79:6801/1763140176] -- command(tid 0: {"prefix": "get_command_descriptions"}) v1 -- 0x7f8d880393a0 con 0x7f8d880367e0
2024-03-22T04:31:41.609 INFO:teuthology.orchestra.run.smithi079.stdout:/usr/bin/ceph: stderr
2024-03-22T04:31:35.868+0000 7f8d957fa700 1 -- 172.21.15.79:0/358612825 <== mon.0 v2:172.21.15.79:3300/0 5 ==== osd_map(1..1 src has 1..1) v4 ==== 721+0+0 (secure 0 0 0) 0x7f8d8c04a4c0 con 0x7f8d98078c80
2024-03-22T04:31:41.609 INFO:teuthology.orchestra.run.smithi079.stdout:/usr/bin/ceph: stderr
2024-03-22T04:31:35.868+0000 7f8d97fff700 1 -- 172.21.15.79:0/358612825 >> [v2:172.21.15.79:6800/1763140176,v1:172.21.15.79:6801/1763140176] conn(0x7f8d880367e0 msgr2=0x7f8d88038c90 unknown :-1 s=STATE_CONNECTING_RE l=1).process reconnect failed to v2:172.21.15.79:6800/1763140176
2024-03-22T04:31:41.609 INFO:teuthology.orchestra.run.smithi079.stdout:/usr/bin/ceph: stderr
2024-03-22T04:31:35.868+0000 7f8d97fff700 1 --2- 172.21.15.79:0/358612825 >> [v2:172.21.15.79:6800/1763140176,v1:172.21.15.79:6801/1763140176] conn(0x7f8d880367e0 0x7f8d88038c90 unknown :-1 s=START_CONNECT pgs=0 cs=0 l=1 rev1=0 crypto rx=0 tx=0 comp rx=0 tx=0)._fault waiting 0.200000
2024-03-22T04:31:41.609 INFO:teuthology.orchestra.run.smithi079.stdout:/usr/bin/ceph: stderr
2024-03-22T04:31:36.069+0000 7f8d97fff700 1 -- 172.21.15.79:0/358612825 >> [v2:172.21.15.79:6800/1763140176,v1:172.21.15.79:6801/1763140176] conn(0x7f8d880367e0 msgr2=0x7f8d88038c90 unknown :-1 s=STATE_CONNECTING_RE l=1).process reconnect failed to v2:172.21.15.79:6800/1763140176
2024-03-22T04:31:41.609 INFO:teuthology.orchestra.run.smithi079.stdout:/usr/bin/ceph: stderr
2024-03-22T04:31:36.069+0000 7f8d97fff700 1 --2- 172.21.15.79:0/358612825 >> [v2:172.21.15.79:6800/1763140176,v1:172.21.15.79:6801/1763140176] conn(0x7f8d880367e0 0x7f8d88038c90 unknown :-1 s=START_CONNECT pgs=0 cs=0 l=1 rev1=0 crypto rx=0 tx=0 comp rx=0 tx=0)._fault waiting 0.400000
2024-03-22T04:31:41.610 INFO:teuthology.orchestra.run.smithi079.stdout:/usr/bin/ceph: stderr
2024-03-22T04:31:36.470+0000 7f8d97fff700 1 -- 172.21.15.79:0/358612825 >> [v2:172.21.15.79:6800/1763140176,v1:172.21.15.79:6801/1763140176] conn(0x7f8d880367e0 msgr2=0x7f8d88038c90 unknown :-1 s=STATE_CONNECTING_RE l=1).process reconnect failed to v2:172.21.15.79:6800/1763140176
2024-03-22T04:31:41.610 INFO:teuthology.orchestra.run.smithi079.stdout:/usr/bin/ceph: stderr
2024-03-22T04:31:36.470+0000 7f8d97fff700 1 --2- 172.21.15.79:0/358612825 >> [v2:172.21.15.79:6800/1763140176,v1:172.21.15.79:6801/1763140176] conn(0x7f8d880367e0 0x7f8d88038c90 unknown :-1 s=START_CONNECT pgs=0 cs=0 l=1 rev1=0 crypto rx=0 tx=0 comp rx=0 tx=0)._fault waiting 0.800000
2024-03-22T04:31:41.610 INFO:teuthology.orchestra.run.smithi079.stdout:/usr/bin/ceph: stderr
2024-03-22T04:31:37.272+0000 7f8d97fff700 1 -- 172.21.15.79:0/358612825 >> [v2:172.21.15.79:6800/1763140176,v1:172.21.15.79:6801/1763140176] conn(0x7f8d880367e0 msgr2=0x7f8d88038c90 unknown :-1 s=STATE_CONNECTING_RE l=1).process reconnect failed to v2:172.21.15.79:6800/1763140176
2024-03-22T04:31:41.610 INFO:teuthology.orchestra.run.smithi079.stdout:/usr/bin/ceph: stderr
2024-03-22T04:31:37.272+0000 7f8d97fff700 1 --2- 172.21.15.79:0/358612825 >> [v2:172.21.15.79:6800/1763140176,v1:172.21.15.79:6801/1763140176] conn(0x7f8d880367e0 0x7f8d88038c90 unknown :-1 s=START_CONNECT pgs=0 cs=0 l=1 rev1=0 crypto rx=0 tx=0 comp rx=0 tx=0)._fault waiting 1.600000
2024-03-22T04:31:41.610 INFO:teuthology.orchestra.run.smithi079.stdout:/usr/bin/ceph: stderr
2024-03-22T04:31:38.873+0000 7f8d97fff700 1 -- 172.21.15.79:0/358612825 >> [v2:172.21.15.79:6800/1763140176,v1:172.21.15.79:6801/1763140176] conn(0x7f8d880367e0 msgr2=0x7f8d88038c90 unknown :-1 s=STATE_CONNECTING_RE l=1).process reconnect failed to v2:172.21.15.79:6800/1763140176
2024-03-22T04:31:41.610 INFO:teuthology.orchestra.run.smithi079.stdout:/usr/bin/ceph: stderr
2024-03-22T04:31:38.873+0000 7f8d97fff700 1 --2- 172.21.15.79:0/358612825 >> [v2:172.21.15.79:6800/1763140176,v1:172.21.15.79:6801/1763140176] conn(0x7f8d880367e0 0x7f8d88038c90 unknown :-1 s=START_CONNECT pgs=0 cs=0 l=1 rev1=0 crypto rx=0 tx=0 comp rx=0 tx=0)._fault waiting 3.200000
2024-03-22T04:31:41.610 INFO:teuthology.orchestra.run.smithi079.stdout:/usr/bin/ceph: stderr
2024-03-22T04:31:40.025+0000 7f8d957fa700 1 -- 172.21.15.79:0/358612825 <== mon.0 v2:172.21.15.79:3300/0 6 ==== mgrmap(e 6) v1 ==== 43135+0+0 (secure 0 0 0) 0x7f8d8c02e440 con 0x7f8d98078c80
2024-03-22T04:31:41.611 INFO:teuthology.orchestra.run.smithi079.stdout:/usr/bin/ceph: stderr
2024-03-22T04:31:40.025+0000 7f8d957fa700 1 -- 172.21.15.79:0/358612825 >> [v2:172.21.15.79:6800/1763140176,v1:172.21.15.79:6801/1763140176] conn(0x7f8d880367e0 msgr2=0x7f8d88038c90 unknown :-1 s=STATE_CONNECTING l=1).mark_down
2024-03-22T04:31:41.611 INFO:teuthology.orchestra.run.smithi079.stdout:/usr/bin/ceph: stderr
2024-03-22T04:31:40.025+0000 7f8d957fa700 1 --2- 172.21.15.79:0/358612825 >> [v2:172.21.15.79:6800/1763140176,v1:172.21.15.79:6801/1763140176] conn(0x7f8d880367e0 0x7f8d88038c90 unknown :-1 s=START_CONNECT pgs=0 cs=0 l=1 rev1=0 crypto rx=0 tx=0 comp rx=0 tx=0).stop
2024-03-22T04:31:41.611 INFO:teuthology.orchestra.run.smithi079.stdout:/usr/bin/ceph: stderr
