2024-03-22T04:32:05.153 INFO:teuthology.orchestra.run.smithi079.stdout:/usr/bin/ceph: stderr
2024-03-22T04:32:04.540+0000 7f22d3a20700 1 -- 172.21.15.79:0/3932107312 >> [v2:172.21.15.79:6800/2090539617,v1:172.21.15.79:6801/2090539617] conn(0x7f22b8036790 msgr2=0x7f22b8038c40 secure :-1 s=STATE_CONNECTION_ESTABLISHED l=1).mark_down
2024-03-22T04:32:05.153 INFO:teuthology.orchestra.run.smithi079.stdout:/usr/bin/ceph: stderr
2024-03-22T04:32:04.540+0000 7f22d3a20700 1 --2- 172.21.15.79:0/3932107312 >> [v2:172.21.15.79:6800/2090539617,v1:172.21.15.79:6801/2090539617] conn(0x7f22b8036790 0x7f22b8038c40 secure :-1 s=READY pgs=21 cs=0 l=1 rev1=1 crypto rx=0x7f22bc009990 tx=0x7f22bc006e40 comp rx=0 tx=0).stop
2024-03-22T04:32:05.153 INFO:teuthology.orchestra.run.smithi079.stdout:/usr/bin/ceph: stderr
2024-03-22T04:32:04.540+0000 7f22d3a20700 1 -- 172.21.15.79:0/3932107312 >> [v2:172.21.15.79:3300/0,v1:172.21.15.79:6789/0] conn(0x7f22cc100d00 msgr2=0x7f22cc103730 secure :-1 s=STATE_CONNECTION_ESTABLISHED l=1).mark_down
2024-03-22T04:32:05.153 INFO:teuthology.orchestra.run.smithi079.stdout:/usr/bin/ceph: stderr
2024-03-22T04:32:04.540+0000 7f22d3a20700 1 --2- 172.21.15.79:0/3932107312 >> [v2:172.21.15.79:3300/0,v1:172.21.15.79:6789/0] conn(0x7f22cc100d00 0x7f22cc103730 secure :-1 s=READY pgs=66 cs=0 l=1 rev1=1 crypto rx=0x7f22c8011680 tx=0x7f22c8009250 comp rx=0 tx=0).stop
2024-03-22T04:32:05.153 INFO:teuthology.orchestra.run.smithi079.stdout:/usr/bin/ceph: stderr
2024-03-22T04:32:04.540+0000 7f22d3a20700 1 -- 172.21.15.79:0/3932107312 shutdown_connections
2024-03-22T04:32:05.153 INFO:teuthology.orchestra.run.smithi079.stdout:/usr/bin/ceph: stderr
2024-03-22T04:32:04.540+0000 7f22d3a20700 1 --2- 172.21.15.79:0/3932107312 >> [v2:172.21.15.79:6800/2090539617,v1:172.21.15.79:6801/2090539617] conn(0x7f22b8036790 0x7f22b8038c40 unknown :-1 s=CLOSED pgs=21 cs=0 l=1 rev1=1 crypto rx=0 tx=0 comp rx=0 tx=0).stop
2024-03-22T04:32:05.154 INFO:teuthology.orchestra.run.smithi079.stdout:/usr/bin/ceph: stderr
2024-03-22T04:32:04.540+0000 7f22d3a20700 1 --2- 172.21.15.79:0/3932107312 >> [v2:172.21.15.79:3300/0,v1:172.21.15.79:6789/0] conn(0x7f22cc100d00 0x7f22cc103730 unknown :-1 s=CLOSED pgs=66 cs=0 l=1 rev1=1 crypto rx=0 tx=0 comp rx=0 tx=0).stop
2024-03-22T04:32:05.154 INFO:teuthology.orchestra.run.smithi079.stdout:/usr/bin/ceph: stderr
2024-03-22T04:32:04.540+0000 7f22d3a20700 1 -- 172.21.15.79:0/3932107312 >> 172.21.15.79:0/3932107312 conn(0x7f22cc0fc700 msgr2=0x7f22cc0fd260 unknown :-1 s=STATE_NONE l=0).mark_down
2024-03-22T04:32:05.154 INFO:teuthology.orchestra.run.smithi079.stdout:/usr/bin/ceph: stderr
2024-03-22T04:32:04.541+0000 7f22d3a20700 1 -- 172.21.15.79:0/3932107312 shutdown_connections
2024-03-22T04:32:05.154 INFO:teuthology.orchestra.run.smithi079.stdout:/usr/bin/ceph: stderr
2024-03-22T04:32:04.541+0000 7f22d3a20700 1 -- 172.21.15.79:0/3932107312 wait complete.
2024-03-22T04:32:05.761 INFO:journalctl@ceph.mon.smithi079.smithi079.stdout:Mar 22 04:32:05 smithi079 ceph-mon[29171]: from='client.? 172.21.15.79:0/3932107312' entity='client.admin' cmd='[{"prefix": "mgr module enable", "module": "dashboard"}]': finished
2024-03-22T04:32:05.762 INFO:journalctl@ceph.mon.smithi079.smithi079.stdout:Mar 22 04:32:05 smithi079 ceph-mon[29171]: mgrmap e9: smithi079.kngwhi(active, since 24s)
2024-03-22T04:32:06.416 INFO:teuthology.orchestra.run.smithi079.stdout:/usr/bin/ceph: stdout {
2024-03-22T04:32:06.416 INFO:teuthology.orchestra.run.smithi079.stdout:/usr/bin/ceph: stdout "epoch": 9,
2024-03-22T04:32:06.416 INFO:teuthology.orchestra.run.smithi079.stdout:/usr/bin/ceph: stdout "available": true,
2024-03-22T04:32:06.416 INFO:teuthology.orchestra.run.smithi079.stdout:/usr/bin/ceph: stdout "active_name": "smithi079.kngwhi",
2024-03-22T04:32:06.416 INFO:teuthology.orchestra.run.smithi079.stdout:/usr/bin/ceph: stdout "num_standby": 0
2024-03-22T04:32:06.416 INFO:teuthology.orchestra.run.smithi079.stdout:/usr/bin/ceph: stdout }
2024-03-22T04:32:06.416 INFO:teuthology.orchestra.run.smithi079.stdout:/usr/bin/ceph: stderr
2024-03-22T04:32:05.555+0000 7f1664761700 1 Processor -- start
2024-03-22T04:32:06.417 INFO:teuthology.orchestra.run.smithi079.stdout:/usr/bin/ceph: stderr
2024-03-22T04:32:05.555+0000 7f1664761700 1 -- start start
2024-03-22T04:32:06.417 INFO:teuthology.orchestra.run.smithi079.stdout:/usr/bin/ceph: stderr
2024-03-22T04:32:05.555+0000 7f1664761700 1 --2- >> [v2:172.21.15.79:3300/0,v1:172.21.15.79:6789/0] conn(0x7f165c102890 0x7f165c102ca0 unknown :-1 s=NONE pgs=0 cs=0 l=0 rev1=0 crypto rx=0 tx=0 comp rx=0 tx=0).connect
2024-03-22T04:32:06.417 INFO:teuthology.orchestra.run.smithi079.stdout:/usr/bin/ceph: stderr
2024-03-22T04:32:05.555+0000 7f1664761700 1 -- --> [v2:172.21.15.79:3300/0,v1:172.21.15.79:6789/0] -- mon_getmap magic: 0 v1 -- 0x7f165c1031e0 con 0x7f165c102890
2024-03-22T04:32:06.417 INFO:teuthology.orchestra.run.smithi079.stdout:/usr/bin/ceph: stderr
2024-03-22T04:32:05.556+0000 7f16624fd700 1 --2- >> [v2:172.21.15.79:3300/0,v1:172.21.15.79:6789/0] conn(0x7f165c102890 0x7f165c102ca0 unknown :-1 s=BANNER_CONNECTING pgs=0 cs=0 l=0 rev1=0 crypto rx=0 tx=0 comp rx=0 tx=0)._handle_peer_banner_payload supported=3 required=0
2024-03-22T04:32:06.417 INFO:teuthology.orchestra.run.smithi079.stdout:/usr/bin/ceph: stderr
2024-03-22T04:32:05.556+0000 7f16624fd700 1 --2- >> [v2:172.21.15.79:3300/0,v1:172.21.15.79:6789/0] conn(0x7f165c102890 0x7f165c102ca0 unknown :-1 s=HELLO_CONNECTING pgs=0 cs=0 l=0 rev1=1 crypto rx=0 tx=0 comp rx=0 tx=0).handle_hello peer v2:172.21.15.79:3300/0 says I am v2:172.21.15.79:57362/0 (socket says 172.21.15.79:57362)
2024-03-22T04:32:06.417 INFO:teuthology.orchestra.run.smithi079.stdout:/usr/bin/ceph: stderr
2024-03-22T04:32:05.556+0000 7f16624fd700 1 -- 172.21.15.79:0/2459906381 learned_addr learned my addr 172.21.15.79:0/2459906381 (peer_addr_for_me v2:172.21.15.79:0/0)
2024-03-22T04:32:06.417 INFO:teuthology.orchestra.run.smithi079.stdout:/usr/bin/ceph: stderr
2024-03-22T04:32:05.556+0000 7f16624fd700 1 -- 172.21.15.79:0/2459906381 --> [v2:172.21.15.79:3300/0,v1:172.21.15.79:6789/0] -- mon_subscribe({config=0+,monmap=0+}) v3 -- 0x7f165c103320 con 0x7f165c102890
2024-03-22T04:32:06.417 INFO:teuthology.orchestra.run.smithi079.stdout:/usr/bin/ceph: stderr
2024-03-22T04:32:05.556+0000 7f16624fd700 1 --2- 172.21.15.79:0/2459906381 >> [v2:172.21.15.79:3300/0,v1:172.21.15.79:6789/0] conn(0x7f165c102890 0x7f165c102ca0 secure :-1 s=READY pgs=69 cs=0 l=1 rev1=1 crypto rx=0x7f16580098e0 tx=0x7f1658009250 comp rx=0 tx=0).ready entity=mon.0 client_cookie=a3e8aa8c7089e76f server_cookie=0 in_seq=0 out_seq=0
2024-03-22T04:32:06.417 INFO:teuthology.orchestra.run.smithi079.stdout:/usr/bin/ceph: stderr
2024-03-22T04:32:05.556+0000 7f16614fb700 1 -- 172.21.15.79:0/2459906381 <== mon.0 v2:172.21.15.79:3300/0 1 ==== mon_map magic: 0 v1 ==== 229+0+0 (secure 0 0 0) 0x7f165800b860 con 0x7f165c102890
2024-03-22T04:32:06.417 INFO:teuthology.orchestra.run.smithi079.stdout:/usr/bin/ceph: stderr
2024-03-22T04:32:05.556+0000 7f16614fb700 1 -- 172.21.15.79:0/2459906381 <== mon.0 v2:172.21.15.79:3300/0 2 ==== config(27 keys) v1 ==== 1109+0+0 (secure 0 0 0) 0x7f165800be90 con 0x7f165c102890
2024-03-22T04:32:06.417 INFO:teuthology.orchestra.run.smithi079.stdout:/usr/bin/ceph: stderr
2024-03-22T04:32:05.556+0000 7f16614fb700 1 -- 172.21.15.79:0/2459906381 <== mon.0 v2:172.21.15.79:3300/0 3 ==== mon_map magic: 0 v1 ==== 229+0+0 (secure 0 0 0) 0x7f16580103c0 con 0x7f165c102890
2024-03-22T04:32:06.417 INFO:teuthology.orchestra.run.smithi079.stdout:/usr/bin/ceph: stderr
2024-03-22T04:32:05.557+0000 7f1664761700 1 -- 172.21.15.79:0/2459906381 >> [v2:172.21.15.79:3300/0,v1:172.21.15.79:6789/0] conn(0x7f165c102890 msgr2=0x7f165c102ca0 secure :-1 s=STATE_CONNECTION_ESTABLISHED l=1).mark_down
2024-03-22T04:32:06.417 INFO:teuthology.orchestra.run.smithi079.stdout:/usr/bin/ceph: stderr
2024-03-22T04:32:05.557+0000 7f1664761700 1 --2- 172.21.15.79:0/2459906381 >> [v2:172.21.15.79:3300/0,v1:172.21.15.79:6789/0] conn(0x7f165c102890 0x7f165c102ca0 secure :-1 s=READY pgs=69 cs=0 l=1 rev1=1 crypto rx=0x7f16580098e0 tx=0x7f1658009250 comp rx=0 tx=0).stop
2024-03-22T04:32:06.418 INFO:teuthology.orchestra.run.smithi079.stdout:/usr/bin/ceph: stderr
2024-03-22T04:32:05.557+0000 7f1664761700 1 -- 172.21.15.79:0/2459906381 shutdown_connections
2024-03-22T04:32:06.418 INFO:teuthology.orchestra.run.smithi079.stdout:/usr/bin/ceph: stderr
2024-03-22T04:32:05.557+0000 7f1664761700 1 --2- 172.21.15.79:0/2459906381 >> [v2:172.21.15.79:3300/0,v1:172.21.15.79:6789/0] conn(0x7f165c102890 0x7f165c102ca0 unknown :-1 s=CLOSED pgs=69 cs=0 l=1 rev1=1 crypto rx=0 tx=0 comp rx=0 tx=0).stop
2024-03-22T04:32:06.418 INFO:teuthology.orchestra.run.smithi079.stdout:/usr/bin/ceph: stderr
2024-03-22T04:32:05.557+0000 7f1664761700 1 -- 172.21.15.79:0/2459906381 >> 172.21.15.79:0/2459906381 conn(0x7f165c0fe0a0 msgr2=0x7f165c1004b0 unknown :-1 s=STATE_NONE l=0).mark_down
2024-03-22T04:32:06.418 INFO:teuthology.orchestra.run.smithi079.stdout:/usr/bin/ceph: stderr
2024-03-22T04:32:05.557+0000 7f1664761700 1 -- 172.21.15.79:0/2459906381 shutdown_connections
2024-03-22T04:32:06.418 INFO:teuthology.orchestra.run.smithi079.stdout:/usr/bin/ceph: stderr
2024-03-22T04:32:05.557+0000 7f1664761700 1 -- 172.21.15.79:0/2459906381 wait complete.
2024-03-22T04:32:06.418 INFO:teuthology.orchestra.run.smithi079.stdout:/usr/bin/ceph: stderr
2024-03-22T04:32:05.558+0000 7f1664761700 1 Processor -- start
2024-03-22T04:32:06.418 INFO:teuthology.orchestra.run.smithi079.stdout:/usr/bin/ceph: stderr
2024-03-22T04:32:05.558+0000 7f1664761700 1 -- start start
2024-03-22T04:32:06.418 INFO:teuthology.orchestra.run.smithi079.stdout:/usr/bin/ceph: stderr
2024-03-22T04:32:05.558+0000 7f1664761700 1 --2- >> [v2:172.21.15.79:3300/0,v1:172.21.15.79:6789/0] conn(0x7f165c102890 0x7f165c111710 unknown :-1 s=NONE pgs=0 cs=0 l=1 rev1=0 crypto rx=0 tx=0 comp rx=0 tx=0).connect
2024-03-22T04:32:06.418 INFO:teuthology.orchestra.run.smithi079.stdout:/usr/bin/ceph: stderr
2024-03-22T04:32:05.558+0000 7f1664761700 1 -- --> [v2:172.21.15.79:3300/0,v1:172.21.15.79:6789/0] -- mon_getmap magic: 0 v1 -- 0x7f165c111c50 con 0x7f165c102890
2024-03-22T04:32:06.418 INFO:teuthology.orchestra.run.smithi079.stdout:/usr/bin/ceph: stderr
2024-03-22T04:32:05.558+0000 7f16624fd700 1 --2- >> [v2:172.21.15.79:3300/0,v1:172.21.15.79:6789/0] conn(0x7f165c102890 0x7f165c111710 unknown :-1 s=BANNER_CONNECTING pgs=0 cs=0 l=1 rev1=0 crypto rx=0 tx=0 comp rx=0 tx=0)._handle_peer_banner_payload supported=3 required=0
2024-03-22T04:32:06.418 INFO:teuthology.orchestra.run.smithi079.stdout:/usr/bin/ceph: stderr
2024-03-22T04:32:05.558+0000 7f16624fd700 1 --2- >> [v2:172.21.15.79:3300/0,v1:172.21.15.79:6789/0] conn(0x7f165c102890 0x7f165c111710 unknown :-1 s=HELLO_CONNECTING pgs=0 cs=0 l=1 rev1=1 crypto rx=0 tx=0 comp rx=0 tx=0).handle_hello peer v2:172.21.15.79:3300/0 says I am v2:172.21.15.79:57372/0 (socket says 172.21.15.79:57372)
2024-03-22T04:32:06.418 INFO:teuthology.orchestra.run.smithi079.stdout:/usr/bin/ceph: stderr
2024-03-22T04:32:05.558+0000 7f16624fd700 1 -- 172.21.15.79:0/14277883 learned_addr learned my addr 172.21.15.79:0/14277883 (peer_addr_for_me v2:172.21.15.79:0/0)
2024-03-22T04:32:06.419 INFO:teuthology.orchestra.run.smithi079.stdout:/usr/bin/ceph: stderr
2024-03-22T04:32:05.558+0000 7f16624fd700 1 -- 172.21.15.79:0/14277883 --> [v2:172.21.15.79:3300/0,v1:172.21.15.79:6789/0] -- mon_subscribe({config=0+,monmap=0+}) v3 -- 0x7f16580094f0 con 0x7f165c102890
2024-03-22T04:32:06.419 INFO:teuthology.orchestra.run.smithi079.stdout:/usr/bin/ceph: stderr
2024-03-22T04:32:05.558+0000 7f16624fd700 1 --2- 172.21.15.79:0/14277883 >> [v2:172.21.15.79:3300/0,v1:172.21.15.79:6789/0] conn(0x7f165c102890 0x7f165c111710 secure :-1 s=READY pgs=70 cs=0 l=1 rev1=1 crypto rx=0x7f1658011680 tx=0x7f1658009250 comp rx=0 tx=0).ready entity=mon.0 client_cookie=0 server_cookie=0 in_seq=0 out_seq=0
2024-03-22T04:32:06.419 INFO:teuthology.orchestra.run.smithi079.stdout:/usr/bin/ceph: stderr
2024-03-22T04:32:05.558+0000 7f1652ffd700 1 -- 172.21.15.79:0/14277883 <== mon.0 v2:172.21.15.79:3300/0 1 ==== mon_map magic: 0 v1 ==== 229+0+0 (secure 0 0 0) 0x7f1658010890 con 0x7f165c102890
2024-03-22T04:32:06.419 INFO:teuthology.orchestra.run.smithi079.stdout:/usr/bin/ceph: stderr
2024-03-22T04:32:05.558+0000 7f1652ffd700 1 -- 172.21.15.79:0/14277883 <== mon.0 v2:172.21.15.79:3300/0 2 ==== config(27 keys) v1 ==== 1109+0+0 (secure 0 0 0) 0x7f1658010ec0 con 0x7f165c102890
2024-03-22T04:32:06.419 INFO:teuthology.orchestra.run.smithi079.stdout:/usr/bin/ceph: stderr
2024-03-22T04:32:05.558+0000 7f1664761700 1 -- 172.21.15.79:0/14277883 --> [v2:172.21.15.79:3300/0,v1:172.21.15.79:6789/0] -- mon_subscribe({mgrmap=0+}) v3 -- 0x7f165c111e50 con 0x7f165c102890
2024-03-22T04:32:06.419 INFO:teuthology.orchestra.run.smithi079.stdout:/usr/bin/ceph: stderr
2024-03-22T04:32:05.558+0000 7f1652ffd700 1 -- 172.21.15.79:0/14277883 <== mon.0 v2:172.21.15.79:3300/0 3 ==== mon_map magic: 0 v1 ==== 229+0+0 (secure 0 0 0) 0x7f16580243f0 con 0x7f165c102890
2024-03-22T04:32:06.419 INFO:teuthology.orchestra.run.smithi079.stdout:/usr/bin/ceph: stderr
2024-03-22T04:32:05.559+0000 7f1664761700 1 -- 172.21.15.79:0/14277883 --> [v2:172.21.15.79:3300/0,v1:172.21.15.79:6789/0] -- mon_subscribe({osdmap=0}) v3 -- 0x7f165c1129c0 con 0x7f165c102890
2024-03-22T04:32:06.419 INFO:teuthology.orchestra.run.smithi079.stdout:/usr/bin/ceph: stderr
2024-03-22T04:32:05.559+0000 7f1652ffd700 1 -- 172.21.15.79:0/14277883 <== mon.0 v2:172.21.15.79:3300/0 4 ==== mgrmap(e 9) v1 ==== 43381+0+0 (secure 0 0 0) 0x7f16580193c0 con 0x7f165c102890
2024-03-22T04:32:06.419 INFO:teuthology.orchestra.run.smithi079.stdout:/usr/bin/ceph: stderr
2024-03-22T04:32:05.559+0000 7f1652ffd700 1 --2- 172.21.15.79:0/14277883 >> [v2:172.21.15.79:6800/2090539617,v1:172.21.15.79:6801/2090539617] conn(0x7f16480367e0 0x7f1648038c90 unknown :-1 s=NONE pgs=0 cs=0 l=1 rev1=0 crypto rx=0 tx=0 comp rx=0 tx=0).connect
2024-03-22T04:32:06.419 INFO:teuthology.orchestra.run.smithi079.stdout:/usr/bin/ceph: stderr
2024-03-22T04:32:05.560+0000 7f1661cfc700 1 -- 172.21.15.79:0/14277883 >> [v2:172.21.15.79:6800/2090539617,v1:172.21.15.79:6801/2090539617] conn(0x7f16480367e0 msgr2=0x7f1648038c90 unknown :-1 s=STATE_CONNECTING_RE l=1).process reconnect failed to v2:172.21.15.79:6800/2090539617
2024-03-22T04:32:06.419 INFO:teuthology.orchestra.run.smithi079.stdout:/usr/bin/ceph: stderr
2024-03-22T04:32:05.560+0000 7f1652ffd700 1 -- 172.21.15.79:0/14277883 <== mon.0 v2:172.21.15.79:3300/0 5 ==== osd_map(2..2 src has 1..2) v4 ==== 936+0+0 (secure 0 0 0) 0x7f165804f590 con 0x7f165c102890
2024-03-22T04:32:06.419 INFO:teuthology.orchestra.run.smithi079.stdout:/usr/bin/ceph: stderr
2024-03-22T04:32:05.560+0000 7f1661cfc700 1 --2- 172.21.15.79:0/14277883 >> [v2:172.21.15.79:6800/2090539617,v1:172.21.15.79:6801/2090539617] conn(0x7f16480367e0 0x7f1648038c90 unknown :-1 s=START_CONNECT pgs=0 cs=0 l=1 rev1=0 crypto rx=0 tx=0 comp rx=0 tx=0)._fault waiting 0.200000
2024-03-22T04:32:06.420 INFO:teuthology.orchestra.run.smithi079.stdout:/usr/bin/ceph: stderr
2024-03-22T04:32:05.560+0000 7f1664761700 1 -- 172.21.15.79:0/14277883 --> [v2:172.21.15.79:3300/0,v1:172.21.15.79:6789/0] -- mon_command({"prefix": "get_command_descriptions"} v 0) v1 -- 0x7f165c05f5f0 con 0x7f165c102890
2024-03-22T04:32:06.420 INFO:teuthology.orchestra.run.smithi079.stdout:/usr/bin/ceph: stderr
2024-03-22T04:32:05.565+0000 7f1652ffd700 1 -- 172.21.15.79:0/14277883 <== mon.0 v2:172.21.15.79:3300/0 6 ==== mon_command_ack([{"prefix": "get_command_descriptions"}]=0 v0) v1 ==== 72+0+176504 (secure 0 0 0) 0x7f1658050060 con 0x7f165c102890
2024-03-22T04:32:06.420 INFO:teuthology.orchestra.run.smithi079.stdout:/usr/bin/ceph: stderr
2024-03-22T04:32:05.761+0000 7f1661cfc700 1 -- 172.21.15.79:0/14277883 >> [v2:172.21.15.79:6800/2090539617,v1:172.21.15.79:6801/2090539617] conn(0x7f16480367e0 msgr2=0x7f1648038c90 unknown :-1 s=STATE_CONNECTING_RE l=1).process reconnect failed to v2:172.21.15.79:6800/2090539617
2024-03-22T04:32:06.420 INFO:teuthology.orchestra.run.smithi079.stdout:/usr/bin/ceph: stderr
2024-03-22T04:32:05.761+0000 7f1661cfc700 1 --2- 172.21.15.79:0/14277883 >> [v2:172.21.15.79:6800/2090539617,v1:172.21.15.79:6801/2090539617] conn(0x7f16480367e0 0x7f1648038c90 unknown :-1 s=START_CONNECT pgs=0 cs=0 l=1 rev1=0 crypto rx=0 tx=0 comp rx=0 tx=0)._fault waiting 0.400000
2024-03-22T04:32:06.420 INFO:teuthology.orchestra.run.smithi079.stdout:/usr/bin/ceph: stderr
2024-03-22T04:32:05.806+0000 7f1664761700 1 -- 172.21.15.79:0/14277883 --> [v2:172.21.15.79:3300/0,v1:172.21.15.79:6789/0] -- mon_command({"prefix": "mgr stat"} v 0) v1 -- 0x7f165c104610 con 0x7f165c102890
2024-03-22T04:32:06.420 INFO:teuthology.orchestra.run.smithi079.stdout:/usr/bin/ceph: stderr
2024-03-22T04:32:05.807+0000 7f1652ffd700 1 -- 172.21.15.79:0/14277883 <== mon.0 v2:172.21.15.79:3300/0 7 ==== mon_command_ack([{"prefix": "mgr stat"}]=0 v9) v1 ==== 56+0+103 (secure 0 0 0) 0x7f165800f680 con 0x7f165c102890
2024-03-22T04:32:06.420 INFO:teuthology.orchestra.run.smithi079.stdout:/usr/bin/ceph: stderr
2024-03-22T04:32:05.809+0000 7f1664761700 1 -- 172.21.15.79:0/14277883 >> [v2:172.21.15.79:6800/2090539617,v1:172.21.15.79:6801/2090539617] conn(0x7f16480367e0 msgr2=0x7f1648038c90 unknown :-1 s=STATE_CONNECTING l=1).mark_down
2024-03-22T04:32:06.420 INFO:teuthology.orchestra.run.smithi079.stdout:/usr/bin/ceph: stderr
2024-03-22T04:32:05.809+0000 7f1664761700 1 --2- 172.21.15.79:0/14277883 >> [v2:172.21.15.79:6800/2090539617,v1:172.21.15.79:6801/2090539617] conn(0x7f16480367e0 0x7f1648038c90 unknown :-1 s=START_CONNECT pgs=0 cs=0 l=1 rev1=0 crypto rx=0 tx=0 comp rx=0 tx=0).stop
2024-03-22T04:32:06.420 INFO:teuthology.orchestra.run.smithi079.stdout:/usr/bin/ceph: stderr
2024-03-22T04:32:05.809+0000 7f1664761700 1 -- 172.21.15.79:0/14277883 >> [v2:172.21.15.79:3300/0,v1:172.21.15.79:6789/0] conn(0x7f165c102890 msgr2=0x7f165c111710 secure :-1 s=STATE_CONNECTION_ESTABLISHED l=1).mark_down
2024-03-22T04:32:06.420 INFO:teuthology.orchestra.run.smithi079.stdout:/usr/bin/ceph: stderr
2024-03-22T04:32:05.809+0000 7f1664761700 1 --2- 172.21.15.79:0/14277883 >> [v2:172.21.15.79:3300/0,v1:172.21.15.79:6789/0] conn(0x7f165c102890 0x7f165c111710 secure :-1 s=READY pgs=70 cs=0 l=1 rev1=1 crypto rx=0x7f1658011680 tx=0x7f1658009250 comp rx=0 tx=0).stop
2024-03-22T04:32:06.420 INFO:teuthology.orchestra.run.smithi079.stdout:/usr/bin/ceph: stderr
2024-03-22T04:32:05.809+0000 7f1664761700 1 -- 172.21.15.79:0/14277883 shutdown_connections
2024-03-22T04:32:06.420 INFO:teuthology.orchestra.run.smithi079.stdout:/usr/bin/ceph: stderr
2024-03-22T04:32:05.809+0000 7f1664761700 1 --2- 172.21.15.79:0/14277883 >> [v2:172.21.15.79:6800/2090539617,v1:172.21.15.79:6801/2090539617] conn(0x7f16480367e0 0x7f1648038c90 unknown :-1 s=CLOSED pgs=0 cs=0 l=1 rev1=0 crypto rx=0 tx=0 comp rx=0 tx=0).stop
2024-03-22T04:32:06.420 INFO:teuthology.orchestra.run.smithi079.stdout:/usr/bin/ceph: stderr
2024-03-22T04:32:05.809+0000 7f1664761700 1 --2- 172.21.15.79:0/14277883 >> [v2:172.21.15.79:3300/0,v1:172.21.15.79:6789/0] conn(0x7f165c102890 0x7f165c111710 unknown :-1 s=CLOSED pgs=70 cs=0 l=1 rev1=1 crypto rx=0 tx=0 comp rx=0 tx=0).stop
2024-03-22T04:32:06.420 INFO:teuthology.orchestra.run.smithi079.stdout:/usr/bin/ceph: stderr
2024-03-22T04:32:05.809+0000 7f1664761700 1 -- 172.21.15.79:0/14277883 >> 172.21.15.79:0/14277883 conn(0x7f165c0fe0a0 msgr2=0x7f165c0fec20 unknown :-1 s=STATE_NONE l=0).mark_down
2024-03-22T04:32:06.420 INFO:teuthology.orchestra.run.smithi079.stdout:/usr/bin/ceph: stderr
2024-03-22T04:32:05.809+0000 7f1664761700 1 -- 172.21.15.79:0/14277883 shutdown_connections
2024-03-22T04:32:06.420 INFO:teuthology.orchestra.run.smithi079.stdout:/usr/bin/ceph: stderr
2024-03-22T04:32:05.809+0000 7f1664761700 1 -- 172.21.15.79:0/14277883 wait complete.
2024-03-22T04:32:06.421 INFO:teuthology.orchestra.run.smithi079.stdout:Waiting for the mgr to restart...
2024-03-22T04:32:06.421 INFO:teuthology.orchestra.run.smithi079.stdout:Waiting for mgr epoch 9...
2024-03-22T04:32:06.653 INFO:journalctl@ceph.mon.smithi079.smithi079.stdout:Mar 22 04:32:06 smithi079 ceph-mon[29171]: from='client.? 172.21.15.79:0/14277883' entity='client.admin' cmd=[{"prefix": "mgr stat"}]: dispatch
2024-03-22T04:32:11.598 INFO:journalctl@ceph.mon.smithi079.smithi079.stdout:Mar 22 04:32:11 smithi079 ceph-mon[29171]: Active manager daemon smithi079.kngwhi restarted
2024-03-22T04:32:11.598 INFO:journalctl@ceph.mon.smithi079.smithi079.stdout:Mar 22 04:32:11 smithi079 ceph-mon[29171]: Activating manager daemon smithi079.kngwhi
2024-03-22T04:32:11.598 INFO:journalctl@ceph.mon.smithi079.smithi079.stdout:Mar 22 04:32:11 smithi079 ceph-mon[29171]: osdmap e3: 0 total, 0 up, 0 in
2024-03-22T04:32:11.599 INFO:journalctl@ceph.mon.smithi079.smithi079.stdout:Mar 22 04:32:11 smithi079 ceph-mon[29171]: mgrmap e10: smithi079.kngwhi(active, starting, since 0.00351132s)
2024-03-22T04:32:11.599 INFO:journalctl@ceph.mon.smithi079.smithi079.stdout:Mar 22 04:32:11 smithi079 ceph-mon[29171]: from='mgr.14162 172.21.15.79:0/3504202697' entity='mgr.smithi079.kngwhi' cmd=[{"prefix": "mon metadata", "id": "smithi079"}]: dispatch
2024-03-22T04:32:11.600 INFO:journalctl@ceph.mon.smithi079.smithi079.stdout:Mar 22 04:32:11 smithi079 ceph-mon[29171]: from='mgr.14162 172.21.15.79:0/3504202697' entity='mgr.smithi079.kngwhi' cmd=[{"prefix": "mgr metadata", "who": "smithi079.kngwhi", "id": "smithi079.kngwhi"}]: dispatch
2024-03-22T04:32:11.600 INFO:journalctl@ceph.mon.smithi079.smithi079.stdout:Mar 22 04:32:11 smithi079 ceph-mon[29171]: from='mgr.14162 172.21.15.79:0/3504202697' entity='mgr.smithi079.kngwhi' cmd=[{"prefix": "mds metadata"}]: dispatch
2024-03-22T04:32:11.600 INFO:journalctl@ceph.mon.smithi079.smithi079.stdout:Mar 22 04:32:11 smithi079 ceph-mon[29171]: from='mgr.14162 172.21.15.79:0/3504202697' entity='mgr.smithi079.kngwhi' cmd=[{"prefix": "osd metadata"}]: dispatch
2024-03-22T04:32:11.600 INFO:journalctl@ceph.mon.smithi079.smithi079.stdout:Mar 22 04:32:11 smithi079 ceph-mon[29171]: from='mgr.14162 172.21.15.79:0/3504202697' entity='mgr.smithi079.kngwhi' cmd=[{"prefix": "mon metadata"}]: dispatch
2024-03-22T04:32:11.600 INFO:journalctl@ceph.mon.smithi079.smithi079.stdout:Mar 22 04:32:11 smithi079 ceph-mon[29171]: Manager daemon smithi079.kngwhi is now available
2024-03-22T04:32:11.600 INFO:journalctl@ceph.mon.smithi079.smithi079.stdout:Mar 22 04:32:11 smithi079 ceph-mon[29171]: from='mgr.14162 172.21.15.79:0/3504202697' entity='mgr.smithi079.kngwhi' cmd=[{"prefix": "config dump", "format": "json"}]: dispatch
2024-03-22T04:32:11.600 INFO:journalctl@ceph.mon.smithi079.smithi079.stdout:Mar 22 04:32:11 smithi079 ceph-mon[29171]: from='mgr.14162 172.21.15.79:0/3504202697' entity='mgr.smithi079.kngwhi' cmd=[{"prefix": "config dump", "format": "json"}]: dispatch
2024-03-22T04:32:12.497 INFO:journalctl@ceph.mon.smithi079.smithi079.stdout:Mar 22 04:32:12 smithi079 ceph-mon[29171]: from='mgr.14162 172.21.15.79:0/3504202697' entity='mgr.smithi079.kngwhi' cmd=[{"prefix":"config rm","who":"mgr","name":"mgr/rbd_support/smithi079.kngwhi/mirror_snapshot_schedule"}]: dispatch
2024-03-22T04:32:12.497 INFO:journalctl@ceph.mon.smithi079.smithi079.stdout:Mar 22 04:32:12 smithi079 ceph-mon[29171]: from='mgr.14162 172.21.15.79:0/3504202697' entity='mgr.smithi079.kngwhi' cmd=[{"prefix":"config rm","who":"mgr","name":"mgr/rbd_support/smithi079.kngwhi/trash_purge_schedule"}]: dispatch
2024-03-22T04:32:12.497 INFO:journalctl@ceph.mon.smithi079.smithi079.stdout:Mar 22 04:32:12 smithi079 ceph-mon[29171]: from='mgr.14162 172.21.15.79:0/3504202697' entity='mgr.smithi079.kngwhi'
2024-03-22T04:32:12.497 INFO:journalctl@ceph.mon.smithi079.smithi079.stdout:Mar 22 04:32:12 smithi079 ceph-mon[29171]: mgrmap e11: smithi079.kngwhi(active, since 1.00623s)
2024-03-22T04:32:12.782 INFO:teuthology.orchestra.run.smithi079.stdout:/usr/bin/ceph: stdout {
2024-03-22T04:32:12.782 INFO:teuthology.orchestra.run.smithi079.stdout:/usr/bin/ceph: stdout "mgrmap_epoch": 11,
2024-03-22T04:32:12.783 INFO:teuthology.orchestra.run.smithi079.stdout:/usr/bin/ceph: stdout "initialized": true
2024-03-22T04:32:12.783 INFO:teuthology.orchestra.run.smithi079.stdout:/usr/bin/ceph: stdout }
2024-03-22T04:32:12.783 INFO:teuthology.orchestra.run.smithi079.stdout:/usr/bin/ceph: stderr
2024-03-22T04:32:06.863+0000 7f862a993700 1 Processor -- start
2024-03-22T04:32:12.783 INFO:teuthology.orchestra.run.smithi079.stdout:/usr/bin/ceph: stderr
2024-03-22T04:32:06.863+0000 7f862a993700 1 -- start start
2024-03-22T04:32:12.783 INFO:teuthology.orchestra.run.smithi079.stdout:/usr/bin/ceph: stderr
2024-03-22T04:32:06.863+0000 7f862a993700 1 --2- >> [v2:172.21.15.79:3300/0,v1:172.21.15.79:6789/0] conn(0x7f8624100ca0 0x7f86241010b0 unknown :-1 s=NONE pgs=0 cs=0 l=0 rev1=0 crypto rx=0 tx=0 comp rx=0 tx=0).connect
2024-03-22T04:32:12.783 INFO:teuthology.orchestra.run.smithi079.stdout:/usr/bin/ceph: stderr
2024-03-22T04:32:06.863+0000 7f862a993700 1 -- --> [v2:172.21.15.79:3300/0,v1:172.21.15.79:6789/0] -- mon_getmap magic: 0 v1 -- 0x7f86241015f0 con 0x7f8624100ca0
2024-03-22T04:32:12.783 INFO:teuthology.orchestra.run.smithi079.stdout:/usr/bin/ceph: stderr
2024-03-22T04:32:06.864+0000 7f8623fff700 1 --2- >> [v2:172.21.15.79:3300/0,v1:172.21.15.79:6789/0] conn(0x7f8624100ca0 0x7f86241010b0 unknown :-1 s=BANNER_CONNECTING pgs=0 cs=0 l=0 rev1=0 crypto rx=0 tx=0 comp rx=0 tx=0)._handle_peer_banner_payload supported=3 required=0
2024-03-22T04:32:12.783 INFO:teuthology.orchestra.run.smithi079.stdout:/usr/bin/ceph: stderr
2024-03-22T04:32:06.864+0000 7f8623fff700 1 --2- >> [v2:172.21.15.79:3300/0,v1:172.21.15.79:6789/0] conn(0x7f8624100ca0 0x7f86241010b0 unknown :-1 s=HELLO_CONNECTING pgs=0 cs=0 l=0 rev1=1 crypto rx=0 tx=0 comp rx=0 tx=0).handle_hello peer v2:172.21.15.79:3300/0 says I am v2:172.21.15.79:57388/0 (socket says 172.21.15.79:57388)
2024-03-22T04:32:12.783 INFO:teuthology.orchestra.run.smithi079.stdout:/usr/bin/ceph: stderr
2024-03-22T04:32:06.864+0000 7f8623fff700 1 -- 172.21.15.79:0/4218008558 learned_addr learned my addr 172.21.15.79:0/4218008558 (peer_addr_for_me v2:172.21.15.79:0/0)
2024-03-22T04:32:12.783 INFO:teuthology.orchestra.run.smithi079.stdout:/usr/bin/ceph: stderr
2024-03-22T04:32:06.864+0000 7f8623fff700 1 -- 172.21.15.79:0/4218008558 --> [v2:172.21.15.79:3300/0,v1:172.21.15.79:6789/0] -- mon_subscribe({config=0+,monmap=0+}) v3 -- 0x7f8624101730 con 0x7f8624100ca0
2024-03-22T04:32:12.783 INFO:teuthology.orchestra.run.smithi079.stdout:/usr/bin/ceph: stderr
2024-03-22T04:32:06.864+0000 7f8623fff700 1 --2- 172.21.15.79:0/4218008558 >> [v2:172.21.15.79:3300/0,v1:172.21.15.79:6789/0] conn(0x7f8624100ca0 0x7f86241010b0 secure :-1 s=READY pgs=71 cs=0 l=1 rev1=1 crypto rx=0x7f86180098e0 tx=0x7f8618009250 comp rx=0 tx=0).ready entity=mon.0 client_cookie=919150cdf05d2668 server_cookie=0 in_seq=0 out_seq=0
2024-03-22T04:32:12.783 INFO:teuthology.orchestra.run.smithi079.stdout:/usr/bin/ceph: stderr
2024-03-22T04:32:06.864+0000 7f8622ffd700 1 -- 172.21.15.79:0/4218008558 <== mon.0 v2:172.21.15.79:3300/0 1 ==== mon_map magic: 0 v1 ==== 229+0+0 (secure 0 0 0) 0x7f861800b860 con 0x7f8624100ca0
2024-03-22T04:32:12.783 INFO:teuthology.orchestra.run.smithi079.stdout:/usr/bin/ceph: stderr
2024-03-22T04:32:06.864+0000 7f8622ffd700 1 -- 172.21.15.79:0/4218008558 <== mon.0 v2:172.21.15.79:3300/0 2 ==== config(27 keys) v1 ==== 1109+0+0 (secure 0 0 0) 0x7f861800be90 con 0x7f8624100ca0
2024-03-22T04:32:12.784 INFO:teuthology.orchestra.run.smithi079.stdout:/usr/bin/ceph: stderr
2024-03-22T04:32:06.864+0000 7f8622ffd700 1 -- 172.21.15.79:0/4218008558 <== mon.0 v2:172.21.15.79:3300/0 3 ==== mon_map magic: 0 v1 ==== 229+0+0 (secure 0 0 0) 0x7f86180103c0 con 0x7f8624100ca0
2024-03-22T04:32:12.784 INFO:teuthology.orchestra.run.smithi079.stdout:/usr/bin/ceph: stderr
2024-03-22T04:32:06.865+0000 7f862a993700 1 -- 172.21.15.79:0/4218008558 >> [v2:172.21.15.79:3300/0,v1:172.21.15.79:6789/0] conn(0x7f8624100ca0 msgr2=0x7f86241010b0 secure :-1 s=STATE_CONNECTION_ESTABLISHED l=1).mark_down
2024-03-22T04:32:12.784 INFO:teuthology.orchestra.run.smithi079.stdout:/usr/bin/ceph: stderr
2024-03-22T04:32:06.865+0000 7f862a993700 1 --2- 172.21.15.79:0/4218008558 >> [v2:172.21.15.79:3300/0,v1:172.21.15.79:6789/0] conn(0x7f8624100ca0 0x7f86241010b0 secure :-1 s=READY pgs=71 cs=0 l=1 rev1=1 crypto rx=0x7f86180098e0 tx=0x7f8618009250 comp rx=0 tx=0).stop
2024-03-22T04:32:12.784 INFO:teuthology.orchestra.run.smithi079.stdout:/usr/bin/ceph: stderr
2024-03-22T04:32:06.865+0000 7f862a993700 1 -- 172.21.15.79:0/4218008558 shutdown_connections
2024-03-22T04:32:12.784 INFO:teuthology.orchestra.run.smithi079.stdout:/usr/bin/ceph: stderr
2024-03-22T04:32:06.865+0000 7f862a993700 1 --2- 172.21.15.79:0/4218008558 >> [v2:172.21.15.79:3300/0,v1:172.21.15.79:6789/0] conn(0x7f8624100ca0 0x7f86241010b0 unknown :-1 s=CLOSED pgs=71 cs=0 l=1 rev1=1 crypto rx=0 tx=0 comp rx=0 tx=0).stop
2024-03-22T04:32:12.784 INFO:teuthology.orchestra.run.smithi079.stdout:/usr/bin/ceph: stderr
2024-03-22T04:32:06.865+0000 7f862a993700 1 -- 172.21.15.79:0/4218008558 >> 172.21.15.79:0/4218008558 conn(0x7f86240fc700 msgr2=0x7f86240feb10 unknown :-1 s=STATE_NONE l=0).mark_down
2024-03-22T04:32:12.784 INFO:teuthology.orchestra.run.smithi079.stdout:/usr/bin/ceph: stderr
2024-03-22T04:32:06.865+0000 7f862a993700 1 -- 172.21.15.79:0/4218008558 shutdown_connections
2024-03-22T04:32:12.784 INFO:teuthology.orchestra.run.smithi079.stdout:/usr/bin/ceph: stderr
2024-03-22T04:32:06.865+0000 7f862a993700 1 -- 172.21.15.79:0/4218008558 wait complete.
2024-03-22T04:32:12.784 INFO:teuthology.orchestra.run.smithi079.stdout:/usr/bin/ceph: stderr
2024-03-22T04:32:06.865+0000 7f862a993700 1 Processor -- start
2024-03-22T04:32:12.784 INFO:teuthology.orchestra.run.smithi079.stdout:/usr/bin/ceph: stderr
2024-03-22T04:32:06.866+0000 7f862a993700 1 -- start start
2024-03-22T04:32:12.784 INFO:teuthology.orchestra.run.smithi079.stdout:/usr/bin/ceph: stderr
2024-03-22T04:32:06.866+0000 7f862a993700 1 --2- >> [v2:172.21.15.79:3300/0,v1:172.21.15.79:6789/0] conn(0x7f8624100ca0 0x7f86241116b0 unknown :-1 s=NONE pgs=0 cs=0 l=1 rev1=0 crypto rx=0 tx=0 comp rx=0 tx=0).connect
2024-03-22T04:32:12.784 INFO:teuthology.orchestra.run.smithi079.stdout:/usr/bin/ceph: stderr
2024-03-22T04:32:06.866+0000 7f862a993700 1 -- --> [v2:172.21.15.79:3300/0,v1:172.21.15.79:6789/0] -- mon_getmap magic: 0 v1 -- 0x7f8624111bf0 con 0x7f8624100ca0
2024-03-22T04:32:12.784 INFO:teuthology.orchestra.run.smithi079.stdout:/usr/bin/ceph: stderr
2024-03-22T04:32:06.866+0000 7f8623fff700 1 --2- >> [v2:172.21.15.79:3300/0,v1:172.21.15.79:6789/0] conn(0x7f8624100ca0 0x7f86241116b0 unknown :-1 s=BANNER_CONNECTING pgs=0 cs=0 l=1 rev1=0 crypto rx=0 tx=0 comp rx=0 tx=0)._handle_peer_banner_payload supported=3 required=0
2024-03-22T04:32:12.785 INFO:teuthology.orchestra.run.smithi079.stdout:/usr/bin/ceph: stderr
2024-03-22T04:32:06.866+0000 7f8623fff700 1 --2- >> [v2:172.21.15.79:3300/0,v1:172.21.15.79:6789/0] conn(0x7f8624100ca0 0x7f86241116b0 unknown :-1 s=HELLO_CONNECTING pgs=0 cs=0 l=1 rev1=1 crypto rx=0 tx=0 comp rx=0 tx=0).handle_hello peer v2:172.21.15.79:3300/0 says I am v2:172.21.15.79:57392/0 (socket says 172.21.15.79:57392)
2024-03-22T04:32:12.785 INFO:teuthology.orchestra.run.smithi079.stdout:/usr/bin/ceph: stderr
2024-03-22T04:32:06.866+0000 7f8623fff700 1 -- 172.21.15.79:0/857516734 learned_addr learned my addr 172.21.15.79:0/857516734 (peer_addr_for_me v2:172.21.15.79:0/0)
2024-03-22T04:32:12.785 INFO:teuthology.orchestra.run.smithi079.stdout:/usr/bin/ceph: stderr
2024-03-22T04:32:06.866+0000 7f8623fff700 1 -- 172.21.15.79:0/857516734 --> [v2:172.21.15.79:3300/0,v1:172.21.15.79:6789/0] -- mon_subscribe({config=0+,monmap=0+}) v3 -- 0x7f86180094f0 con 0x7f8624100ca0
2024-03-22T04:32:12.785 INFO:teuthology.orchestra.run.smithi079.stdout:/usr/bin/ceph: stderr
2024-03-22T04:32:06.866+0000 7f8623fff700 1 --2- 172.21.15.79:0/857516734 >> [v2:172.21.15.79:3300/0,v1:172.21.15.79:6789/0] conn(0x7f8624100ca0 0x7f86241116b0 secure :-1 s=READY pgs=72 cs=0 l=1 rev1=1 crypto rx=0x7f86180090b0 tx=0x7f8618009250 comp rx=0 tx=0).ready entity=mon.0 client_cookie=0 server_cookie=0 in_seq=0 out_seq=0
2024-03-22T04:32:12.785 INFO:teuthology.orchestra.run.smithi079.stdout:/usr/bin/ceph: stderr
2024-03-22T04:32:06.866+0000 7f8620ff9700 1 -- 172.21.15.79:0/857516734 <== mon.0 v2:172.21.15.79:3300/0 1 ==== mon_map magic: 0 v1 ==== 229+0+0 (secure 0 0 0) 0x7f8618010840 con 0x7f8624100ca0
2024-03-22T04:32:12.785 INFO:teuthology.orchestra.run.smithi079.stdout:/usr/bin/ceph: stderr
2024-03-22T04:32:06.866+0000 7f8620ff9700 1 -- 172.21.15.79:0/857516734 <== mon.0 v2:172.21.15.79:3300/0 2 ==== config(27 keys) v1 ==== 1109+0+0 (secure 0 0 0) 0x7f8618010e70 con 0x7f8624100ca0
2024-03-22T04:32:12.785 INFO:teuthology.orchestra.run.smithi079.stdout:/usr/bin/ceph: stderr
2024-03-22T04:32:06.866+0000 7f8620ff9700 1 -- 172.21.15.79:0/857516734 <== mon.0 v2:172.21.15.79:3300/0 3 ==== mon_map magic: 0 v1 ==== 229+0+0 (secure 0 0 0) 0x7f8618024e40 con 0x7f8624100ca0
2024-03-22T04:32:12.785 INFO:teuthology.orchestra.run.smithi079.stdout:/usr/bin/ceph: stderr
2024-03-22T04:32:06.866+0000 7f862a993700 1 -- 172.21.15.79:0/857516734 --> [v2:172.21.15.79:3300/0,v1:172.21.15.79:6789/0] -- mon_subscribe({mgrmap=0+}) v3 -- 0x7f8624111df0 con 0x7f8624100ca0
2024-03-22T04:32:12.785 INFO:teuthology.orchestra.run.smithi079.stdout:/usr/bin/ceph: stderr
2024-03-22T04:32:06.866+0000 7f862a993700 1 -- 172.21.15.79:0/857516734 --> [v2:172.21.15.79:3300/0,v1:172.21.15.79:6789/0] -- mon_subscribe({osdmap=0}) v3 -- 0x7f8624112960 con 0x7f8624100ca0
2024-03-22T04:32:12.785 INFO:teuthology.orchestra.run.smithi079.stdout:/usr/bin/ceph: stderr
2024-03-22T04:32:06.867+0000 7f8620ff9700 1 -- 172.21.15.79:0/857516734 <== mon.0 v2:172.21.15.79:3300/0 4 ==== mgrmap(e 9) v1 ==== 43381+0+0 (secure 0 0 0) 0x7f8618024430 con 0x7f8624100ca0
2024-03-22T04:32:12.785 INFO:teuthology.orchestra.run.smithi079.stdout:/usr/bin/ceph: stderr
2024-03-22T04:32:06.868+0000 7f8620ff9700 1 --2- 172.21.15.79:0/857516734 >> [v2:172.21.15.79:6800/2090539617,v1:172.21.15.79:6801/2090539617] conn(0x7f860c0367e0 0x7f860c038c90 unknown :-1 s=NONE pgs=0 cs=0 l=1 rev1=0 crypto rx=0 tx=0 comp rx=0 tx=0).connect
2024-03-22T04:32:12.785 INFO:teuthology.orchestra.run.smithi079.stdout:/usr/bin/ceph: stderr
2024-03-22T04:32:06.868+0000 7f8620ff9700 1 -- 172.21.15.79:0/857516734 --> [v2:172.21.15.79:6800/2090539617,v1:172.21.15.79:6801/2090539617] -- command(tid 0: {"prefix": "get_command_descriptions"}) v1 -- 0x7f860c0393a0 con 0x7f860c0367e0
2024-03-22T04:32:12.785 INFO:teuthology.orchestra.run.smithi079.stdout:/usr/bin/ceph: stderr
2024-03-22T04:32:06.868+0000 7f8620ff9700 1 -- 172.21.15.79:0/857516734 <== mon.0 v2:172.21.15.79:3300/0 5 ==== osd_map(2..2 src has 1..2) v4 ==== 936+0+0 (secure 0 0 0) 0x7f861804a800 con 0x7f8624100ca0
2024-03-22T04:32:12.786 INFO:teuthology.orchestra.run.smithi079.stdout:/usr/bin/ceph: stderr
2024-03-22T04:32:06.868+0000 7f86237fe700 1 -- 172.21.15.79:0/857516734 >> [v2:172.21.15.79:6800/2090539617,v1:172.21.15.79:6801/2090539617] conn(0x7f860c0367e0 msgr2=0x7f860c038c90 unknown :-1 s=STATE_CONNECTING_RE l=1).process reconnect failed to v2:172.21.15.79:6800/2090539617
2024-03-22T04:32:12.786 INFO:teuthology.orchestra.run.smithi079.stdout:/usr/bin/ceph: stderr
2024-03-22T04:32:06.868+0000 7f86237fe700 1 --2- 172.21.15.79:0/857516734 >> [v2:172.21.15.79:6800/2090539617,v1:172.21.15.79:6801/2090539617] conn(0x7f860c0367e0 0x7f860c038c90 unknown :-1 s=START_CONNECT pgs=0 cs=0 l=1 rev1=0 crypto rx=0 tx=0 comp rx=0 tx=0)._fault waiting 0.200000
2024-03-22T04:32:12.786 INFO:teuthology.orchestra.run.smithi079.stdout:/usr/bin/ceph: stderr
2024-03-22T04:32:07.069+0000 7f86237fe700 1 -- 172.21.15.79:0/857516734 >> [v2:172.21.15.79:6800/2090539617,v1:172.21.15.79:6801/2090539617] conn(0x7f860c0367e0 msgr2=0x7f860c038c90 unknown :-1 s=STATE_CONNECTING_RE l=1).process reconnect failed to v2:172.21.15.79:6800/2090539617
2024-03-22T04:32:12.786 INFO:teuthology.orchestra.run.smithi079.stdout:/usr/bin/ceph: stderr
2024-03-22T04:32:07.069+0000 7f86237fe700 1 --2- 172.21.15.79:0/857516734 >> [v2:172.21.15.79:6800/2090539617,v1:172.21.15.79:6801/2090539617] conn(0x7f860c0367e0 0x7f860c038c90 unknown :-1 s=START_CONNECT pgs=0 cs=0 l=1 rev1=0 crypto rx=0 tx=0 comp rx=0 tx=0)._fault waiting 0.400000
2024-03-22T04:32:12.786 INFO:teuthology.orchestra.run.smithi079.stdout:/usr/bin/ceph: stderr
2024-03-22T04:32:07.470+0000 7f86237fe700 1 -- 172.21.15.79:0/857516734 >> [v2:172.21.15.79:6800/2090539617,v1:172.21.15.79:6801/2090539617] conn(0x7f860c0367e0 msgr2=0x7f860c038c90 unknown :-1 s=STATE_CONNECTING_RE l=1).process reconnect failed to v2:172.21.15.79:6800/2090539617
2024-03-22T04:32:12.786 INFO:teuthology.orchestra.run.smithi079.stdout:/usr/bin/ceph: stderr
2024-03-22T04:32:07.470+0000 7f86237fe700 1 --2- 172.21.15.79:0/857516734 >> [v2:172.21.15.79:6800/2090539617,v1:172.21.15.79:6801/2090539617] conn(0x7f860c0367e0 0x7f860c038c90 unknown :-1 s=START_CONNECT pgs=0 cs=0 l=1 rev1=0 crypto rx=0 tx=0 comp rx=0 tx=0)._fault waiting 0.800000
2024-03-22T04:32:12.786 INFO:teuthology.orchestra.run.smithi079.stdout:/usr/bin/ceph: stderr
2024-03-22T04:32:08.271+0000 7f86237fe700 1 -- 172.21.15.79:0/857516734 >> [v2:172.21.15.79:6800/2090539617,v1:172.21.15.79:6801/2090539617] conn(0x7f860c0367e0 msgr2=0x7f860c038c90 unknown :-1 s=STATE_CONNECTING_RE l=1).process reconnect failed to v2:172.21.15.79:6800/2090539617
2024-03-22T04:32:12.786 INFO:teuthology.orchestra.run.smithi079.stdout:/usr/bin/ceph: stderr
2024-03-22T04:32:08.271+0000 7f86237fe700 1 --2- 172.21.15.79:0/857516734 >> [v2:172.21.15.79:6800/2090539617,v1:172.21.15.79:6801/2090539617] conn(0x7f860c0367e0 0x7f860c038c90 unknown :-1 s=START_CONNECT pgs=0 cs=0 l=1 rev1=0 crypto rx=0 tx=0 comp rx=0 tx=0)._fault waiting 1.600000
2024-03-22T04:32:12.786 INFO:teuthology.orchestra.run.smithi079.stdout:/usr/bin/ceph: stderr
2024-03-22T04:32:09.872+0000 7f86237fe700 1 -- 172.21.15.79:0/857516734 >> [v2:172.21.15.79:6800/2090539617,v1:172.21.15.79:6801/2090539617] conn(0x7f860c0367e0 msgr2=0x7f860c038c90 unknown :-1 s=STATE_CONNECTING_RE l=1).process reconnect failed to v2:172.21.15.79:6800/2090539617
2024-03-22T04:32:12.786 INFO:teuthology.orchestra.run.smithi079.stdout:/usr/bin/ceph: stderr
2024-03-22T04:32:09.872+0000 7f86237fe700 1 --2- 172.21.15.79:0/857516734 >> [v2:172.21.15.79:6800/2090539617,v1:172.21.15.79:6801/2090539617] conn(0x7f860c0367e0 0x7f860c038c90 unknown :-1 s=START_CONNECT pgs=0 cs=0 l=1 rev1=0 crypto rx=0 tx=0 comp rx=0 tx=0)._fault waiting 3.200000
2024-03-22T04:32:12.786 INFO:teuthology.orchestra.run.smithi079.stdout:/usr/bin/ceph: stderr
2024-03-22T04:32:11.109+0000 7f8620ff9700 1 -- 172.21.15.79:0/857516734 <== mon.0 v2:172.21.15.79:3300/0 6 ==== mgrmap(e 10) v1 ==== 43148+0+0 (secure 0 0 0) 0x7f8618024710 con 0x7f8624100ca0
2024-03-22T04:32:12.786 INFO:teuthology.orchestra.run.smithi079.stdout:/usr/bin/ceph: stderr
2024-03-22T04:32:11.109+0000 7f8620ff9700 1 -- 172.21.15.79:0/857516734 >> [v2:172.21.15.79:6800/2090539617,v1:172.21.15.79:6801/2090539617] conn(0x7f860c0367e0 msgr2=0x7f860c038c90 unknown :-1 s=STATE_CONNECTING l=1).mark_down
2024-03-22T04:32:12.786 INFO:teuthology.orchestra.run.smithi079.stdout:/usr/bin/ceph: stderr
2024-03-22T04:32:11.109+0000 7f8620ff9700 1 --2- 172.21.15.79:0/857516734 >> [v2:172.21.15.79:6800/2090539617,v1:172.21.15.79:6801/2090539617] conn(0x7f860c0367e0 0x7f860c038c90 unknown :-1 s=START_CONNECT pgs=0 cs=0 l=1 rev1=0 crypto rx=0 tx=0 comp rx=0 tx=0).stop
2024-03-22T04:32:12.787 INFO:teuthology.orchestra.run.smithi079.stdout:/usr/bin/ceph: stderr
2024-03-22T04:32:12.111+0000 7f8620ff9700 1 -- 172.21.15.79:0/857516734 <== mon.0 v2:172.21.15.79:3300/0 7 ==== mgrmap(e 11) v1 ==== 43275+0+0 (secure 0 0 0) 0x7f8618018350 con 0x7f8624100ca0
2024-03-22T04:32:12.787 INFO:teuthology.orchestra.run.smithi079.stdout:/usr/bin/ceph: stderr
2024-03-22T04:32:12.111+0000 7f8620ff9700 1 --2- 172.21.15.79:0/857516734 >> [v2:172.21.15.79:6800/2809680694,v1:172.21.15.79:6801/2809680694] conn(0x7f860c03a070 0x7f860c03c450 unknown :-1 s=NONE pgs=0 cs=0 l=1 rev1=0 crypto rx=0 tx=0 comp rx=0 tx=0).connect
2024-03-22T04:32:12.787 INFO:teuthology.orchestra.run.smithi079.stdout:/usr/bin/ceph: stderr
2024-03-22T04:32:12.111+0000 7f8620ff9700 1 -- 172.21.15.79:0/857516734 --> [v2:172.21.15.79:6800/2809680694,v1:172.21.15.79:6801/2809680694] -- command(tid 0: {"prefix": "get_command_descriptions"}) v1 -- 0x7f860c0393a0 con 0x7f860c03a070
2024-03-22T04:32:12.787 INFO:teuthology.orchestra.run.smithi079.stdout:/usr/bin/ceph: stderr
2024-03-22T04:32:12.111+0000 7f86237fe700 1 --2- 172.21.15.79:0/857516734 >> [v2:172.21.15.79:6800/2809680694,v1:172.21.15.79:6801/2809680694] conn(0x7f860c03a070 0x7f860c03c450 unknown :-1 s=BANNER_CONNECTING pgs=0 cs=0 l=1 rev1=0 crypto rx=0 tx=0 comp rx=0 tx=0)._handle_peer_banner_payload supported=3 required=0
2024-03-22T04:32:12.787 INFO:teuthology.orchestra.run.smithi079.stdout:/usr/bin/ceph: stderr
2024-03-22T04:32:12.112+0000 7f86237fe700 1 --2- 172.21.15.79:0/857516734 >> [v2:172.21.15.79:6800/2809680694,v1:172.21.15.79:6801/2809680694] conn(0x7f860c03a070 0x7f860c03c450 secure :-1 s=READY pgs=4 cs=0 l=1 rev1=1 crypto rx=0x7f86140039d0 tx=0x7f8614009350 comp rx=0 tx=0).ready entity=mgr.14162 client_cookie=0 server_cookie=0 in_seq=0 out_seq=0
2024-03-22T04:32:12.787 INFO:teuthology.orchestra.run.smithi079.stdout:/usr/bin/ceph: stderr
2024-03-22T04:32:12.113+0000 7f8620ff9700 1 -- 172.21.15.79:0/857516734 <== mgr.14162 v2:172.21.15.79:6800/2809680694 1 ==== command_reply(tid 0: 0 ) v1 ==== 8+0+6549 (secure 0 0 0) 0x7f860c0393a0 con 0x7f860c03a070
2024-03-22T04:32:12.787 INFO:teuthology.orchestra.run.smithi079.stdout:/usr/bin/ceph: stderr
2024-03-22T04:32:12.119+0000 7f862a993700 1 -- 172.21.15.79:0/857516734 --> [v2:172.21.15.79:6800/2809680694,v1:172.21.15.79:6801/2809680694] -- command(tid 1: {"prefix": "mgr_status"}) v1 -- 0x7f8624112280 con 0x7f860c03a070
2024-03-22T04:32:12.787 INFO:teuthology.orchestra.run.smithi079.stdout:/usr/bin/ceph: stderr
2024-03-22T04:32:12.119+0000 7f8620ff9700 1 -- 172.21.15.79:0/857516734 <== mgr.14162 v2:172.21.15.79:6800/2809680694 2 ==== command_reply(tid 1: 0 ) v1 ==== 8+0+52 (secure 0 0 0) 0x7f8624112280 con 0x7f860c03a070
2024-03-22T04:32:12.787 INFO:teuthology.orchestra.run.smithi079.stdout:/usr/bin/ceph: stderr
2024-03-22T04:32:12.119+0000 7f862a993700 1 -- 172.21.15.79:0/857516734 >> [v2:172.21.15.79:6800/2809680694,v1:172.21.15.79:6801/2809680694] conn(0x7f860c03a070 msgr2=0x7f860c03c450 secure :-1 s=STATE_CONNECTION_ESTABLISHED l=1).mark_down
2024-03-22T04:32:12.787 INFO:teuthology.orchestra.run.smithi079.stdout:/usr/bin/ceph: stderr
2024-03-22T04:32:12.119+0000 7f862a993700 1 --2- 172.21.15.79:0/857516734 >> [v2:172.21.15.79:6800/2809680694,v1:172.21.15.79:6801/2809680694] conn(0x7f860c03a070 0x7f860c03c450 secure :-1 s=READY pgs=4 cs=0 l=1 rev1=1 crypto rx=0x7f86140039d0 tx=0x7f8614009350 comp rx=0 tx=0).stop
2024-03-22T04:32:12.787 INFO:teuthology.orchestra.run.smithi079.stdout:/usr/bin/ceph: stderr
2024-03-22T04:32:12.119+0000 7f862a993700 1 -- 172.21.15.79:0/857516734 >> [v2:172.21.15.79:3300/0,v1:172.21.15.79:6789/0] conn(0x7f8624100ca0 msgr2=0x7f86241116b0 secure :-1 s=STATE_CONNECTION_ESTABLISHED l=1).mark_down
2024-03-22T04:32:12.787 INFO:teuthology.orchestra.run.smithi079.stdout:/usr/bin/ceph: stderr
2024-03-22T04:32:12.119+0000 7f862a993700 1 --2- 172.21.15.79:0/857516734 >> [v2:172.21.15.79:3300/0,v1:172.21.15.79:6789/0] conn(0x7f8624100ca0 0x7f86241116b0 secure :-1 s=READY pgs=72 cs=0 l=1 rev1=1 crypto rx=0x7f86180090b0 tx=0x7f8618009250 comp rx=0 tx=0).stop
2024-03-22T04:32:12.787 INFO:teuthology.orchestra.run.smithi079.stdout:/usr/bin/ceph: stderr
2024-03-22T04:32:12.119+0000 7f862a993700 1 -- 172.21.15.79:0/857516734 shutdown_connections
2024-03-22T04:32:12.787 INFO:teuthology.orchestra.run.smithi079.stdout:/usr/bin/ceph: stderr
2024-03-22T04:32:12.119+0000 7f862a993700 1 --2- 172.21.15.79:0/857516734 >> [v2:172.21.15.79:6800/2809680694,v1:172.21.15.79:6801/2809680694] conn(0x7f860c03a070 0x7f860c03c450 unknown :-1 s=CLOSED pgs=4 cs=0 l=1 rev1=1 crypto rx=0 tx=0 comp rx=0 tx=0).stop
2024-03-22T04:32:12.787 INFO:teuthology.orchestra.run.smithi079.stdout:/usr/bin/ceph: stderr
2024-03-22T04:32:12.119+0000 7f862a993700 1 --2- 172.21.15.79:0/857516734 >> [v2:172.21.15.79:3300/0,v1:172.21.15.79:6789/0] conn(0x7f8624100ca0 0x7f86241116b0 unknown :-1 s=CLOSED pgs=72 cs=0 l=1 rev1=1 crypto rx=0 tx=0 comp rx=0 tx=0).stop
2024-03-22T04:32:12.788 INFO:teuthology.orchestra.run.smithi079.stdout:/usr/bin/ceph: stderr
2024-03-22T04:32:12.119+0000 7f862a993700 1 --2- 172.21.15.79:0/857516734 >> [v2:172.21.15.79:6800/2090539617,v1:172.21.15.79:6801/2090539617] conn(0x7f860c0367e0 0x7f860c038c90 unknown :-1 s=CLOSED pgs=0 cs=0 l=1 rev1=0 crypto rx=0 tx=0 comp rx=0 tx=0).stop
2024-03-22T04:32:12.788 INFO:teuthology.orchestra.run.smithi079.stdout:/usr/bin/ceph: stderr
2024-03-22T04:32:12.119+0000 7f862a993700 1 -- 172.21.15.79:0/857516734 >> 172.21.15.79:0/857516734 conn(0x7f86240fc700 msgr2=0x7f86240fd280 unknown :-1 s=STATE_NONE l=0).mark_down
2024-03-22T04:32:12.788 INFO:teuthology.orchestra.run.smithi079.stdout:/usr/bin/ceph: stderr
2024-03-22T04:32:12.119+0000 7f862a993700 1 -- 172.21.15.79:0/857516734 shutdown_connections
2024-03-22T04:32:12.788 INFO:teuthology.orchestra.run.smithi079.stdout:/usr/bin/ceph: stderr
2024-03-22T04:32:12.119+0000 7f862a993700 1 -- 172.21.15.79:0/857516734 wait complete.
2024-03-22T04:32:12.788 INFO:teuthology.orchestra.run.smithi079.stdout:mgr epoch 9 is available
2024-03-22T04:32:12.788 INFO:teuthology.orchestra.run.smithi079.stdout:Generating a dashboard self-signed certificate...
2024-03-22T04:32:13.454 INFO:journalctl@ceph.mon.smithi079.smithi079.stdout:Mar 22 04:32:13 smithi079 ceph-mon[29171]: [22/Mar/2024:04:32:11] ENGINE Bus STARTING
2024-03-22T04:32:13.454 INFO:journalctl@ceph.mon.smithi079.smithi079.stdout:Mar 22 04:32:13 smithi079 ceph-mon[29171]: [22/Mar/2024:04:32:11] ENGINE Serving on https://172.21.15.79:7150
2024-03-22T04:32:13.454 INFO:journalctl@ceph.mon.smithi079.smithi079.stdout:Mar 22 04:32:13 smithi079 ceph-mon[29171]: [22/Mar/2024:04:32:11] ENGINE Bus STARTED
2024-03-22T04:32:13.455 INFO:journalctl@ceph.mon.smithi079.smithi079.stdout:Mar 22 04:32:13 smithi079 ceph-mon[29171]: from='client.14166 -' entity='client.admin' cmd=[{"prefix": "get_command_descriptions"}]: dispatch
2024-03-22T04:32:13.455 INFO:journalctl@ceph.mon.smithi079.smithi079.stdout:Mar 22 04:32:13 smithi079 ceph-mon[29171]: from='client.14166 -' entity='client.admin' cmd=[{"prefix": "mgr_status"}]: dispatch
2024-03-22T04:32:13.455 INFO:journalctl@ceph.mon.smithi079.smithi079.stdout:Mar 22 04:32:13 smithi079 ceph-mon[29171]: from='mgr.14162 172.21.15.79:0/3504202697' entity='mgr.smithi079.kngwhi'
2024-03-22T04:32:14.203 INFO:teuthology.orchestra.run.smithi079.stdout:/usr/bin/ceph: stdout Self-signed certificate created
2024-03-22T04:32:14.203 INFO:teuthology.orchestra.run.smithi079.stdout:/usr/bin/ceph: stderr
2024-03-22T04:32:13.223+0000 7f54b1494700 1 Processor -- start
2024-03-22T04:32:14.204 INFO:teuthology.orchestra.run.smithi079.stdout:/usr/bin/ceph: stderr
2024-03-22T04:32:13.223+0000 7f54b1494700 1 -- start start
2024-03-22T04:32:14.204 INFO:teuthology.orchestra.run.smithi079.stdout:/usr/bin/ceph: stderr
2024-03-22T04:32:13.223+0000 7f54b1494700 1 --2- >> [v2:172.21.15.79:3300/0,v1:172.21.15.79:6789/0] conn(0x7f54ac071250 0x7f54ac105540 unknown :-1 s=NONE pgs=0 cs=0 l=0 rev1=0 crypto rx=0 tx=0 comp rx=0 tx=0).connect
2024-03-22T04:32:14.204 INFO:teuthology.orchestra.run.smithi079.stdout:/usr/bin/ceph: stderr
2024-03-22T04:32:13.223+0000 7f54b1494700 1 -- --> [v2:172.21.15.79:3300/0,v1:172.21.15.79:6789/0] -- mon_getmap magic: 0 v1 -- 0x7f54ac071660 con 0x7f54ac071250
2024-03-22T04:32:14.204 INFO:teuthology.orchestra.run.smithi079.stdout:/usr/bin/ceph: stderr
2024-03-22T04:32:13.223+0000 7f54aaffd700 1 --2- >> [v2:172.21.15.79:3300/0,v1:172.21.15.79:6789/0] conn(0x7f54ac071250 0x7f54ac105540 unknown :-1 s=BANNER_CONNECTING pgs=0 cs=0 l=0 rev1=0 crypto rx=0 tx=0 comp rx=0 tx=0)._handle_peer_banner_payload supported=3 required=0
2024-03-22T04:32:14.204 INFO:teuthology.orchestra.run.smithi079.stdout:/usr/bin/ceph: stderr
2024-03-22T04:32:13.223+0000 7f54aaffd700 1 --2- >> [v2:172.21.15.79:3300/0,v1:172.21.15.79:6789/0] conn(0x7f54ac071250 0x7f54ac105540 unknown :-1 s=HELLO_CONNECTING pgs=0 cs=0 l=0 rev1=1 crypto rx=0 tx=0 comp rx=0 tx=0).handle_hello peer v2:172.21.15.79:3300/0 says I am v2:172.21.15.79:57474/0 (socket says 172.21.15.79:57474)
2024-03-22T04:32:14.204 INFO:teuthology.orchestra.run.smithi079.stdout:/usr/bin/ceph: stderr
2024-03-22T04:32:13.223+0000 7f54aaffd700 1 -- 172.21.15.79:0/4068588847 learned_addr learned my addr 172.21.15.79:0/4068588847 (peer_addr_for_me v2:172.21.15.79:0/0)
2024-03-22T04:32:14.204 INFO:teuthology.orchestra.run.smithi079.stdout:/usr/bin/ceph: stderr
2024-03-22T04:32:13.224+0000 7f54aaffd700 1 -- 172.21.15.79:0/4068588847 --> [v2:172.21.15.79:3300/0,v1:172.21.15.79:6789/0] -- mon_subscribe({config=0+,monmap=0+}) v3 -- 0x7f54ac105a80 con 0x7f54ac071250
2024-03-22T04:32:14.204 INFO:teuthology.orchestra.run.smithi079.stdout:/usr/bin/ceph: stderr
2024-03-22T04:32:13.224+0000 7f54aaffd700 1 --2- 172.21.15.79:0/4068588847 >> [v2:172.21.15.79:3300/0,v1:172.21.15.79:6789/0] conn(0x7f54ac071250 0x7f54ac105540 secure :-1 s=READY pgs=80 cs=0 l=1 rev1=1 crypto rx=0x7f54a00098e0 tx=0x7f54a0009250 comp rx=0 tx=0).ready entity=mon.0 client_cookie=11e409465caa15e2 server_cookie=0 in_seq=0 out_seq=0
