2024-03-22T04:45:27.500+0000 7fd08bfff700 1 -- 172.21.15.131:0/2429661024 >> [v2:172.21.15.131:6800/1144090080,v1:172.21.15.131:6801/1144090080] conn(0x7fd07c038720 msgr2=0x7fd07c03abe0 unknown :-1 s=STATE_CONNECTING_RE l=1).process reconnect failed to v2:172.21.15.131:6800/1144090080
2024-03-22T04:45:33.613 INFO:teuthology.orchestra.run.smithi131.stdout:/usr/bin/ceph: stderr
2024-03-22T04:45:27.500+0000 7fd08bfff700 1 --2- 172.21.15.131:0/2429661024 >> [v2:172.21.15.131:6800/1144090080,v1:172.21.15.131:6801/1144090080] conn(0x7fd07c038720 0x7fd07c03abe0 unknown :-1 s=START_CONNECT pgs=0 cs=0 l=1 rev1=0 crypto rx=0 tx=0 comp rx=0 tx=0)._fault waiting 0.200000
2024-03-22T04:45:33.613 INFO:teuthology.orchestra.run.smithi131.stdout:/usr/bin/ceph: stderr
2024-03-22T04:45:27.701+0000 7fd08bfff700 1 -- 172.21.15.131:0/2429661024 >> [v2:172.21.15.131:6800/1144090080,v1:172.21.15.131:6801/1144090080] conn(0x7fd07c038720 msgr2=0x7fd07c03abe0 unknown :-1 s=STATE_CONNECTING_RE l=1).process reconnect failed to v2:172.21.15.131:6800/1144090080
2024-03-22T04:45:33.613 INFO:teuthology.orchestra.run.smithi131.stdout:/usr/bin/ceph: stderr
2024-03-22T04:45:27.701+0000 7fd08bfff700 1 --2- 172.21.15.131:0/2429661024 >> [v2:172.21.15.131:6800/1144090080,v1:172.21.15.131:6801/1144090080] conn(0x7fd07c038720 0x7fd07c03abe0 unknown :-1 s=START_CONNECT pgs=0 cs=0 l=1 rev1=0 crypto rx=0 tx=0 comp rx=0 tx=0)._fault waiting 0.400000
2024-03-22T04:45:33.613 INFO:teuthology.orchestra.run.smithi131.stdout:/usr/bin/ceph: stderr
2024-03-22T04:45:28.102+0000 7fd08bfff700 1 -- 172.21.15.131:0/2429661024 >> [v2:172.21.15.131:6800/1144090080,v1:172.21.15.131:6801/1144090080] conn(0x7fd07c038720 msgr2=0x7fd07c03abe0 unknown :-1 s=STATE_CONNECTING_RE l=1).process reconnect failed to v2:172.21.15.131:6800/1144090080
2024-03-22T04:45:33.613 INFO:teuthology.orchestra.run.smithi131.stdout:/usr/bin/ceph: stderr
2024-03-22T04:45:28.102+0000 7fd08bfff700 1 --2- 172.21.15.131:0/2429661024 >> [v2:172.21.15.131:6800/1144090080,v1:172.21.15.131:6801/1144090080] conn(0x7fd07c038720 0x7fd07c03abe0 unknown :-1 s=START_CONNECT pgs=0 cs=0 l=1 rev1=0 crypto rx=0 tx=0 comp rx=0 tx=0)._fault waiting 0.800000
2024-03-22T04:45:33.613 INFO:teuthology.orchestra.run.smithi131.stdout:/usr/bin/ceph: stderr
2024-03-22T04:45:28.903+0000 7fd08bfff700 1 -- 172.21.15.131:0/2429661024 >> [v2:172.21.15.131:6800/1144090080,v1:172.21.15.131:6801/1144090080] conn(0x7fd07c038720 msgr2=0x7fd07c03abe0 unknown :-1 s=STATE_CONNECTING_RE l=1).process reconnect failed to v2:172.21.15.131:6800/1144090080
2024-03-22T04:45:33.613 INFO:teuthology.orchestra.run.smithi131.stdout:/usr/bin/ceph: stderr
2024-03-22T04:45:28.903+0000 7fd08bfff700 1 --2- 172.21.15.131:0/2429661024 >> [v2:172.21.15.131:6800/1144090080,v1:172.21.15.131:6801/1144090080] conn(0x7fd07c038720 0x7fd07c03abe0 unknown :-1 s=START_CONNECT pgs=0 cs=0 l=1 rev1=0 crypto rx=0 tx=0 comp rx=0 tx=0)._fault waiting 1.600000
2024-03-22T04:45:33.613 INFO:teuthology.orchestra.run.smithi131.stdout:/usr/bin/ceph: stderr
2024-03-22T04:45:30.504+0000 7fd08bfff700 1 -- 172.21.15.131:0/2429661024 >> [v2:172.21.15.131:6800/1144090080,v1:172.21.15.131:6801/1144090080] conn(0x7fd07c038720 msgr2=0x7fd07c03abe0 unknown :-1 s=STATE_CONNECTING_RE l=1).process reconnect failed to v2:172.21.15.131:6800/1144090080
2024-03-22T04:45:33.614 INFO:teuthology.orchestra.run.smithi131.stdout:/usr/bin/ceph: stderr
2024-03-22T04:45:30.504+0000 7fd08bfff700 1 --2- 172.21.15.131:0/2429661024 >> [v2:172.21.15.131:6800/1144090080,v1:172.21.15.131:6801/1144090080] conn(0x7fd07c038720 0x7fd07c03abe0 unknown :-1 s=START_CONNECT pgs=0 cs=0 l=1 rev1=0 crypto rx=0 tx=0 comp rx=0 tx=0)._fault waiting 3.200000
2024-03-22T04:45:33.614 INFO:teuthology.orchestra.run.smithi131.stdout:/usr/bin/ceph: stderr
2024-03-22T04:45:32.036+0000 7fd089ffb700 1 -- 172.21.15.131:0/2429661024 <== mon.0 v2:172.21.15.131:3300/0 6 ==== mgrmap(e 6) v1 ==== 45315+0+0 (secure 0 0 0) 0x7fd08000ed00 con 0x7fd08c106f70
2024-03-22T04:45:33.614 INFO:teuthology.orchestra.run.smithi131.stdout:/usr/bin/ceph: stderr
2024-03-22T04:45:32.037+0000 7fd089ffb700 1 -- 172.21.15.131:0/2429661024 >> [v2:172.21.15.131:6800/1144090080,v1:172.21.15.131:6801/1144090080] conn(0x7fd07c038720 msgr2=0x7fd07c03abe0 unknown :-1 s=STATE_CONNECTING l=1).mark_down
2024-03-22T04:45:33.614 INFO:teuthology.orchestra.run.smithi131.stdout:/usr/bin/ceph: stderr
2024-03-22T04:45:32.037+0000 7fd089ffb700 1 --2- 172.21.15.131:0/2429661024 >> [v2:172.21.15.131:6800/1144090080,v1:172.21.15.131:6801/1144090080] conn(0x7fd07c038720 0x7fd07c03abe0 unknown :-1 s=START_CONNECT pgs=0 cs=0 l=1 rev1=0 crypto rx=0 tx=0 comp rx=0 tx=0).stop
2024-03-22T04:45:33.614 INFO:teuthology.orchestra.run.smithi131.stdout:/usr/bin/ceph: stderr
2024-03-22T04:45:33.038+0000 7fd089ffb700 1 -- 172.21.15.131:0/2429661024 <== mon.0 v2:172.21.15.131:3300/0 7 ==== mgrmap(e 7) v1 ==== 45442+0+0 (secure 0 0 0) 0x7fd08002cc50 con 0x7fd08c106f70
2024-03-22T04:45:33.614 INFO:teuthology.orchestra.run.smithi131.stdout:/usr/bin/ceph: stderr
2024-03-22T04:45:33.038+0000 7fd089ffb700 1 --2- 172.21.15.131:0/2429661024 >> [v2:172.21.15.131:6800/463781078,v1:172.21.15.131:6801/463781078] conn(0x7fd07c03bfb0 0x7fd07c03e3a0 unknown :-1 s=NONE pgs=0 cs=0 l=1 rev1=0 crypto rx=0 tx=0 comp rx=0 tx=0).connect
2024-03-22T04:45:33.614 INFO:teuthology.orchestra.run.smithi131.stdout:/usr/bin/ceph: stderr
2024-03-22T04:45:33.038+0000 7fd089ffb700 1 -- 172.21.15.131:0/2429661024 --> [v2:172.21.15.131:6800/463781078,v1:172.21.15.131:6801/463781078] -- command(tid 0: {"prefix": "get_command_descriptions"}) v1 -- 0x7fd07c03b2f0 con 0x7fd07c03bfb0
2024-03-22T04:45:33.614 INFO:teuthology.orchestra.run.smithi131.stdout:/usr/bin/ceph: stderr
2024-03-22T04:45:33.038+0000 7fd08bfff700 1 --2- 172.21.15.131:0/2429661024 >> [v2:172.21.15.131:6800/463781078,v1:172.21.15.131:6801/463781078] conn(0x7fd07c03bfb0 0x7fd07c03e3a0 unknown :-1 s=BANNER_CONNECTING pgs=0 cs=0 l=1 rev1=0 crypto rx=0 tx=0 comp rx=0 tx=0)._handle_peer_banner_payload supported=3 required=0
2024-03-22T04:45:33.614 INFO:teuthology.orchestra.run.smithi131.stdout:/usr/bin/ceph: stderr
2024-03-22T04:45:33.039+0000 7fd08bfff700 1 --2- 172.21.15.131:0/2429661024 >> [v2:172.21.15.131:6800/463781078,v1:172.21.15.131:6801/463781078] conn(0x7fd07c03bfb0 0x7fd07c03e3a0 secure :-1 s=READY pgs=3 cs=0 l=1 rev1=1 crypto rx=0x7fd078003a10 tx=0x7fd078009290 comp rx=0 tx=0).ready entity=mgr.14120 client_cookie=0 server_cookie=0 in_seq=0 out_seq=0
2024-03-22T04:45:33.614 INFO:teuthology.orchestra.run.smithi131.stdout:/usr/bin/ceph: stderr
2024-03-22T04:45:33.040+0000 7fd089ffb700 1 -- 172.21.15.131:0/2429661024 <== mgr.14120 v2:172.21.15.131:6800/463781078 1 ==== command_reply(tid 0: 0 ) v1 ==== 8+0+6910 (secure 0 0 0) 0x7fd07c03b2f0 con 0x7fd07c03bfb0
2024-03-22T04:45:33.614 INFO:teuthology.orchestra.run.smithi131.stdout:/usr/bin/ceph: stderr
2024-03-22T04:45:33.046+0000 7fd093012700 1 -- 172.21.15.131:0/2429661024 --> [v2:172.21.15.131:6800/463781078,v1:172.21.15.131:6801/463781078] -- command(tid 1: {"prefix": "mgr_status"}) v1 -- 0x7fd08c0623e0 con 0x7fd07c03bfb0
2024-03-22T04:45:33.614 INFO:teuthology.orchestra.run.smithi131.stdout:/usr/bin/ceph: stderr
2024-03-22T04:45:33.046+0000 7fd089ffb700 1 -- 172.21.15.131:0/2429661024 <== mgr.14120 v2:172.21.15.131:6800/463781078 2 ==== command_reply(tid 1: 0 ) v1 ==== 8+0+51 (secure 0 0 0) 0x7fd08c0623e0 con 0x7fd07c03bfb0
2024-03-22T04:45:33.614 INFO:teuthology.orchestra.run.smithi131.stdout:/usr/bin/ceph: stderr
2024-03-22T04:45:33.046+0000 7fd093012700 1 -- 172.21.15.131:0/2429661024 >> [v2:172.21.15.131:6800/463781078,v1:172.21.15.131:6801/463781078] conn(0x7fd07c03bfb0 msgr2=0x7fd07c03e3a0 secure :-1 s=STATE_CONNECTION_ESTABLISHED l=1).mark_down
2024-03-22T04:45:33.615 INFO:teuthology.orchestra.run.smithi131.stdout:/usr/bin/ceph: stderr
2024-03-22T04:45:33.046+0000 7fd093012700 1 --2- 172.21.15.131:0/2429661024 >> [v2:172.21.15.131:6800/463781078,v1:172.21.15.131:6801/463781078] conn(0x7fd07c03bfb0 0x7fd07c03e3a0 secure :-1 s=READY pgs=3 cs=0 l=1 rev1=1 crypto rx=0x7fd078003a10 tx=0x7fd078009290 comp rx=0 tx=0).stop
2024-03-22T04:45:33.615 INFO:teuthology.orchestra.run.smithi131.stdout:/usr/bin/ceph: stderr
2024-03-22T04:45:33.046+0000 7fd093012700 1 -- 172.21.15.131:0/2429661024 >> [v2:172.21.15.131:3300/0,v1:172.21.15.131:6789/0] conn(0x7fd08c106f70 msgr2=0x7fd08c1067a0 secure :-1 s=STATE_CONNECTION_ESTABLISHED l=1).mark_down
2024-03-22T04:45:33.615 INFO:teuthology.orchestra.run.smithi131.stdout:/usr/bin/ceph: stderr
2024-03-22T04:45:33.046+0000 7fd093012700 1 --2- 172.21.15.131:0/2429661024 >> [v2:172.21.15.131:3300/0,v1:172.21.15.131:6789/0] conn(0x7fd08c106f70 0x7fd08c1067a0 secure :-1 s=READY pgs=29 cs=0 l=1 rev1=1 crypto rx=0x7fd080011710 tx=0x7fd0800047c0 comp rx=0 tx=0).stop
2024-03-22T04:45:33.615 INFO:teuthology.orchestra.run.smithi131.stdout:/usr/bin/ceph: stderr
2024-03-22T04:45:33.046+0000 7fd093012700 1 -- 172.21.15.131:0/2429661024 shutdown_connections
2024-03-22T04:45:33.615 INFO:teuthology.orchestra.run.smithi131.stdout:/usr/bin/ceph: stderr
2024-03-22T04:45:33.046+0000 7fd093012700 1 --2- 172.21.15.131:0/2429661024 >> [v2:172.21.15.131:6800/463781078,v1:172.21.15.131:6801/463781078] conn(0x7fd07c03bfb0 0x7fd07c03e3a0 unknown :-1 s=CLOSED pgs=3 cs=0 l=1 rev1=1 crypto rx=0 tx=0 comp rx=0 tx=0).stop
2024-03-22T04:45:33.615 INFO:teuthology.orchestra.run.smithi131.stdout:/usr/bin/ceph: stderr
2024-03-22T04:45:33.046+0000 7fd093012700 1 --2- 172.21.15.131:0/2429661024 >> [v2:172.21.15.131:3300/0,v1:172.21.15.131:6789/0] conn(0x7fd08c106f70 0x7fd08c1067a0 unknown :-1 s=CLOSED pgs=29 cs=0 l=1 rev1=1 crypto rx=0 tx=0 comp rx=0 tx=0).stop
2024-03-22T04:45:33.615 INFO:teuthology.orchestra.run.smithi131.stdout:/usr/bin/ceph: stderr
2024-03-22T04:45:33.046+0000 7fd093012700 1 --2- 172.21.15.131:0/2429661024 >> [v2:172.21.15.131:6800/1144090080,v1:172.21.15.131:6801/1144090080] conn(0x7fd07c038720 0x7fd07c03abe0 unknown :-1 s=CLOSED pgs=0 cs=0 l=1 rev1=0 crypto rx=0 tx=0 comp rx=0 tx=0).stop
2024-03-22T04:45:33.615 INFO:teuthology.orchestra.run.smithi131.stdout:/usr/bin/ceph: stderr
2024-03-22T04:45:33.046+0000 7fd093012700 1 -- 172.21.15.131:0/2429661024 >> 172.21.15.131:0/2429661024 conn(0x7fd08c1009c0 msgr2=0x7fd08c1014d0 unknown :-1 s=STATE_NONE l=0).mark_down
2024-03-22T04:45:33.615 INFO:teuthology.orchestra.run.smithi131.stdout:/usr/bin/ceph: stderr
2024-03-22T04:45:33.046+0000 7fd093012700 1 -- 172.21.15.131:0/2429661024 shutdown_connections
2024-03-22T04:45:33.615 INFO:teuthology.orchestra.run.smithi131.stdout:/usr/bin/ceph: stderr
2024-03-22T04:45:33.046+0000 7fd093012700 1 -- 172.21.15.131:0/2429661024 wait complete.
2024-03-22T04:45:33.615 INFO:teuthology.orchestra.run.smithi131.stdout:mgr epoch 5 is available
2024-03-22T04:45:33.615 INFO:teuthology.orchestra.run.smithi131.stdout:Setting orchestrator backend to cephadm...
2024-03-22T04:45:34.210 INFO:journalctl@ceph.mon.smithi131.smithi131.stdout:Mar 22 04:45:34 smithi131 ceph-mon[29229]: from='client.14124 -' entity='client.admin' cmd=[{"prefix": "get_command_descriptions"}]: dispatch
2024-03-22T04:45:34.210 INFO:journalctl@ceph.mon.smithi131.smithi131.stdout:Mar 22 04:45:34 smithi131 ceph-mon[29229]: from='client.14124 -' entity='client.admin' cmd=[{"prefix": "mgr_status"}]: dispatch
2024-03-22T04:45:34.210 INFO:journalctl@ceph.mon.smithi131.smithi131.stdout:Mar 22 04:45:34 smithi131 ceph-mon[29229]: from='mgr.14120 172.21.15.131:0/1179277543' entity='mgr.smithi131.fairyp'
2024-03-22T04:45:34.210 INFO:journalctl@ceph.mon.smithi131.smithi131.stdout:Mar 22 04:45:34 smithi131 ceph-mon[29229]: from='mgr.14120 172.21.15.131:0/1179277543' entity='mgr.smithi131.fairyp'
2024-03-22T04:45:34.781 INFO:teuthology.orchestra.run.smithi131.stdout:/usr/bin/ceph: stderr
2024-03-22T04:45:34.013+0000 7fb1ea55d700 1 Processor -- start
2024-03-22T04:45:34.781 INFO:teuthology.orchestra.run.smithi131.stdout:/usr/bin/ceph: stderr
2024-03-22T04:45:34.013+0000 7fb1ea55d700 1 -- start start
2024-03-22T04:45:34.781 INFO:teuthology.orchestra.run.smithi131.stdout:/usr/bin/ceph: stderr
2024-03-22T04:45:34.013+0000 7fb1ea55d700 1 --2- >> [v2:172.21.15.131:3300/0,v1:172.21.15.131:6789/0] conn(0x7fb1e4106980 0x7fb1e4106da0 unknown :-1 s=NONE pgs=0 cs=0 l=0 rev1=0 crypto rx=0 tx=0 comp rx=0 tx=0).connect
2024-03-22T04:45:34.781 INFO:teuthology.orchestra.run.smithi131.stdout:/usr/bin/ceph: stderr
2024-03-22T04:45:34.013+0000 7fb1ea55d700 1 -- --> [v2:172.21.15.131:3300/0,v1:172.21.15.131:6789/0] -- mon_getmap magic: 0 v1 -- 0x7fb1e4107370 con 0x7fb1e4106980
2024-03-22T04:45:34.781 INFO:teuthology.orchestra.run.smithi131.stdout:/usr/bin/ceph: stderr
2024-03-22T04:45:34.014+0000 7fb1e3fff700 1 --2- >> [v2:172.21.15.131:3300/0,v1:172.21.15.131:6789/0] conn(0x7fb1e4106980 0x7fb1e4106da0 unknown :-1 s=BANNER_CONNECTING pgs=0 cs=0 l=0 rev1=0 crypto rx=0 tx=0 comp rx=0 tx=0)._handle_peer_banner_payload supported=3 required=0
2024-03-22T04:45:34.781 INFO:teuthology.orchestra.run.smithi131.stdout:/usr/bin/ceph: stderr
2024-03-22T04:45:34.014+0000 7fb1e3fff700 1 --2- >> [v2:172.21.15.131:3300/0,v1:172.21.15.131:6789/0] conn(0x7fb1e4106980 0x7fb1e4106da0 unknown :-1 s=HELLO_CONNECTING pgs=0 cs=0 l=0 rev1=1 crypto rx=0 tx=0 comp rx=0 tx=0).handle_hello peer v2:172.21.15.131:3300/0 says I am v2:172.21.15.131:42790/0 (socket says 172.21.15.131:42790)
2024-03-22T04:45:34.781 INFO:teuthology.orchestra.run.smithi131.stdout:/usr/bin/ceph: stderr
2024-03-22T04:45:34.014+0000 7fb1e3fff700 1 -- 172.21.15.131:0/4011210595 learned_addr learned my addr 172.21.15.131:0/4011210595 (peer_addr_for_me v2:172.21.15.131:0/0)
2024-03-22T04:45:34.781 INFO:teuthology.orchestra.run.smithi131.stdout:/usr/bin/ceph: stderr
2024-03-22T04:45:34.014+0000 7fb1e3fff700 1 -- 172.21.15.131:0/4011210595 --> [v2:172.21.15.131:3300/0,v1:172.21.15.131:6789/0] -- mon_subscribe({config=0+,monmap=0+}) v3 -- 0x7fb1e41055e0 con 0x7fb1e4106980
2024-03-22T04:45:34.781 INFO:teuthology.orchestra.run.smithi131.stdout:/usr/bin/ceph: stderr
2024-03-22T04:45:34.014+0000 7fb1e3fff700 1 --2- 172.21.15.131:0/4011210595 >> [v2:172.21.15.131:3300/0,v1:172.21.15.131:6789/0] conn(0x7fb1e4106980 0x7fb1e4106da0 secure :-1 s=READY pgs=37 cs=0 l=1 rev1=1 crypto rx=0x7fb1d80098a0 tx=0x7fb1d8009bb0 comp rx=0 tx=0).ready entity=mon.0 client_cookie=a486928eebe7fea4 server_cookie=0 in_seq=0 out_seq=0
2024-03-22T04:45:34.782 INFO:teuthology.orchestra.run.smithi131.stdout:/usr/bin/ceph: stderr
2024-03-22T04:45:34.014+0000 7fb1e2ffd700 1 -- 172.21.15.131:0/4011210595 <== mon.0 v2:172.21.15.131:3300/0 1 ==== mon_map magic: 0 v1 ==== 229+0+0 (secure 0 0 0) 0x7fb1d8004180 con 0x7fb1e4106980
2024-03-22T04:45:34.782 INFO:teuthology.orchestra.run.smithi131.stdout:/usr/bin/ceph: stderr
2024-03-22T04:45:34.014+0000 7fb1e2ffd700 1 -- 172.21.15.131:0/4011210595 <== mon.0 v2:172.21.15.131:3300/0 2 ==== config(27 keys) v1 ==== 1042+0+0 (secure 0 0 0) 0x7fb1d80042e0 con 0x7fb1e4106980
2024-03-22T04:45:34.782 INFO:teuthology.orchestra.run.smithi131.stdout:/usr/bin/ceph: stderr
2024-03-22T04:45:34.014+0000 7fb1e2ffd700 1 -- 172.21.15.131:0/4011210595 <== mon.0 v2:172.21.15.131:3300/0 3 ==== mon_map magic: 0 v1 ==== 229+0+0 (secure 0 0 0) 0x7fb1d8011a70 con 0x7fb1e4106980
2024-03-22T04:45:34.782 INFO:teuthology.orchestra.run.smithi131.stdout:/usr/bin/ceph: stderr
2024-03-22T04:45:34.015+0000 7fb1ea55d700 1 -- 172.21.15.131:0/4011210595 >> [v2:172.21.15.131:3300/0,v1:172.21.15.131:6789/0] conn(0x7fb1e4106980 msgr2=0x7fb1e4106da0 secure :-1 s=STATE_CONNECTION_ESTABLISHED l=1).mark_down
2024-03-22T04:45:34.782 INFO:teuthology.orchestra.run.smithi131.stdout:/usr/bin/ceph: stderr
2024-03-22T04:45:34.015+0000 7fb1ea55d700 1 --2- 172.21.15.131:0/4011210595 >> [v2:172.21.15.131:3300/0,v1:172.21.15.131:6789/0] conn(0x7fb1e4106980 0x7fb1e4106da0 secure :-1 s=READY pgs=37 cs=0 l=1 rev1=1 crypto rx=0x7fb1d80098a0 tx=0x7fb1d8009bb0 comp rx=0 tx=0).stop
2024-03-22T04:45:34.782 INFO:teuthology.orchestra.run.smithi131.stdout:/usr/bin/ceph: stderr
2024-03-22T04:45:34.015+0000 7fb1ea55d700 1 -- 172.21.15.131:0/4011210595 shutdown_connections
2024-03-22T04:45:34.782 INFO:teuthology.orchestra.run.smithi131.stdout:/usr/bin/ceph: stderr
2024-03-22T04:45:34.015+0000 7fb1ea55d700 1 --2- 172.21.15.131:0/4011210595 >> [v2:172.21.15.131:3300/0,v1:172.21.15.131:6789/0] conn(0x7fb1e4106980 0x7fb1e4106da0 unknown :-1 s=CLOSED pgs=37 cs=0 l=1 rev1=1 crypto rx=0 tx=0 comp rx=0 tx=0).stop
2024-03-22T04:45:34.782 INFO:teuthology.orchestra.run.smithi131.stdout:/usr/bin/ceph: stderr
2024-03-22T04:45:34.015+0000 7fb1ea55d700 1 -- 172.21.15.131:0/4011210595 >> 172.21.15.131:0/4011210595 conn(0x7fb1e4100110 msgr2=0x7fb1e4102530 unknown :-1 s=STATE_NONE l=0).mark_down
2024-03-22T04:45:34.783 INFO:teuthology.orchestra.run.smithi131.stdout:/usr/bin/ceph: stderr
2024-03-22T04:45:34.015+0000 7fb1ea55d700 1 -- 172.21.15.131:0/4011210595 shutdown_connections
2024-03-22T04:45:34.783 INFO:teuthology.orchestra.run.smithi131.stdout:/usr/bin/ceph: stderr
2024-03-22T04:45:34.015+0000 7fb1ea55d700 1 -- 172.21.15.131:0/4011210595 wait complete.
2024-03-22T04:45:34.783 INFO:teuthology.orchestra.run.smithi131.stdout:/usr/bin/ceph: stderr
2024-03-22T04:45:34.015+0000 7fb1ea55d700 1 Processor -- start
2024-03-22T04:45:34.783 INFO:teuthology.orchestra.run.smithi131.stdout:/usr/bin/ceph: stderr
2024-03-22T04:45:34.015+0000 7fb1ea55d700 1 -- start start
2024-03-22T04:45:34.783 INFO:teuthology.orchestra.run.smithi131.stdout:/usr/bin/ceph: stderr
2024-03-22T04:45:34.016+0000 7fb1ea55d700 1 --2- >> [v2:172.21.15.131:3300/0,v1:172.21.15.131:6789/0] conn(0x7fb1e4106980 0x7fb1e4199130 unknown :-1 s=NONE pgs=0 cs=0 l=1 rev1=0 crypto rx=0 tx=0 comp rx=0 tx=0).connect
2024-03-22T04:45:34.783 INFO:teuthology.orchestra.run.smithi131.stdout:/usr/bin/ceph: stderr
2024-03-22T04:45:34.016+0000 7fb1ea55d700 1 -- --> [v2:172.21.15.131:3300/0,v1:172.21.15.131:6789/0] -- mon_getmap magic: 0 v1 -- 0x7fb1e4199670 con 0x7fb1e4106980
2024-03-22T04:45:34.783 INFO:teuthology.orchestra.run.smithi131.stdout:/usr/bin/ceph: stderr
2024-03-22T04:45:34.016+0000 7fb1e3fff700 1 --2- >> [v2:172.21.15.131:3300/0,v1:172.21.15.131:6789/0] conn(0x7fb1e4106980 0x7fb1e4199130 unknown :-1 s=BANNER_CONNECTING pgs=0 cs=0 l=1 rev1=0 crypto rx=0 tx=0 comp rx=0 tx=0)._handle_peer_banner_payload supported=3 required=0
2024-03-22T04:45:34.783 INFO:teuthology.orchestra.run.smithi131.stdout:/usr/bin/ceph: stderr
2024-03-22T04:45:34.016+0000 7fb1e3fff700 1 --2- >> [v2:172.21.15.131:3300/0,v1:172.21.15.131:6789/0] conn(0x7fb1e4106980 0x7fb1e4199130 unknown :-1 s=HELLO_CONNECTING pgs=0 cs=0 l=1 rev1=1 crypto rx=0 tx=0 comp rx=0 tx=0).handle_hello peer v2:172.21.15.131:3300/0 says I am v2:172.21.15.131:42794/0 (socket says 172.21.15.131:42794)
2024-03-22T04:45:34.783 INFO:teuthology.orchestra.run.smithi131.stdout:/usr/bin/ceph: stderr
2024-03-22T04:45:34.016+0000 7fb1e3fff700 1 -- 172.21.15.131:0/1584560930 learned_addr learned my addr 172.21.15.131:0/1584560930 (peer_addr_for_me v2:172.21.15.131:0/0)
2024-03-22T04:45:34.783 INFO:teuthology.orchestra.run.smithi131.stdout:/usr/bin/ceph: stderr
2024-03-22T04:45:34.016+0000 7fb1e3fff700 1 -- 172.21.15.131:0/1584560930 --> [v2:172.21.15.131:3300/0,v1:172.21.15.131:6789/0] -- mon_subscribe({config=0+,monmap=0+}) v3 -- 0x7fb1d8009550 con 0x7fb1e4106980
2024-03-22T04:45:34.783 INFO:teuthology.orchestra.run.smithi131.stdout:/usr/bin/ceph: stderr
2024-03-22T04:45:34.016+0000 7fb1e3fff700 1 --2- 172.21.15.131:0/1584560930 >> [v2:172.21.15.131:3300/0,v1:172.21.15.131:6789/0] conn(0x7fb1e4106980 0x7fb1e4199130 secure :-1 s=READY pgs=38 cs=0 l=1 rev1=1 crypto rx=0x7fb1d8011710 tx=0x7fb1d80047c0 comp rx=0 tx=0).ready entity=mon.0 client_cookie=0 server_cookie=0 in_seq=0 out_seq=0
2024-03-22T04:45:34.783 INFO:teuthology.orchestra.run.smithi131.stdout:/usr/bin/ceph: stderr
2024-03-22T04:45:34.016+0000 7fb1e17fa700 1 -- 172.21.15.131:0/1584560930 <== mon.0 v2:172.21.15.131:3300/0 1 ==== mon_map magic: 0 v1 ==== 229+0+0 (secure 0 0 0) 0x7fb1d8003b10 con 0x7fb1e4106980
2024-03-22T04:45:34.784 INFO:teuthology.orchestra.run.smithi131.stdout:/usr/bin/ceph: stderr
2024-03-22T04:45:34.016+0000 7fb1e17fa700 1 -- 172.21.15.131:0/1584560930 <== mon.0 v2:172.21.15.131:3300/0 2 ==== config(27 keys) v1 ==== 1042+0+0 (secure 0 0 0) 0x7fb1d801b8c0 con 0x7fb1e4106980
2024-03-22T04:45:34.784 INFO:teuthology.orchestra.run.smithi131.stdout:/usr/bin/ceph: stderr
2024-03-22T04:45:34.016+0000 7fb1e17fa700 1 -- 172.21.15.131:0/1584560930 <== mon.0 v2:172.21.15.131:3300/0 3 ==== mon_map magic: 0 v1 ==== 229+0+0 (secure 0 0 0) 0x7fb1d80197e0 con 0x7fb1e4106980
2024-03-22T04:45:34.784 INFO:teuthology.orchestra.run.smithi131.stdout:/usr/bin/ceph: stderr
2024-03-22T04:45:34.016+0000 7fb1ea55d700 1 -- 172.21.15.131:0/1584560930 --> [v2:172.21.15.131:3300/0,v1:172.21.15.131:6789/0] -- mon_subscribe({mgrmap=0+}) v3 -- 0x7fb1e4199870 con 0x7fb1e4106980
2024-03-22T04:45:34.784 INFO:teuthology.orchestra.run.smithi131.stdout:/usr/bin/ceph: stderr
2024-03-22T04:45:34.016+0000 7fb1ea55d700 1 -- 172.21.15.131:0/1584560930 --> [v2:172.21.15.131:3300/0,v1:172.21.15.131:6789/0] -- mon_subscribe({osdmap=0}) v3 -- 0x7fb1e4199d10 con 0x7fb1e4106980
2024-03-22T04:45:34.784 INFO:teuthology.orchestra.run.smithi131.stdout:/usr/bin/ceph: stderr
2024-03-22T04:45:34.017+0000 7fb1e17fa700 1 -- 172.21.15.131:0/1584560930 <== mon.0 v2:172.21.15.131:3300/0 4 ==== mgrmap(e 7) v1 ==== 45442+0+0 (secure 0 0 0) 0x7fb1d8019a20 con 0x7fb1e4106980
2024-03-22T04:45:34.784 INFO:teuthology.orchestra.run.smithi131.stdout:/usr/bin/ceph: stderr
2024-03-22T04:45:34.017+0000 7fb1e17fa700 1 --2- 172.21.15.131:0/1584560930 >> [v2:172.21.15.131:6800/463781078,v1:172.21.15.131:6801/463781078] conn(0x7fb1cc038600 0x7fb1cc03aac0 unknown :-1 s=NONE pgs=0 cs=0 l=1 rev1=0 crypto rx=0 tx=0 comp rx=0 tx=0).connect
2024-03-22T04:45:34.784 INFO:teuthology.orchestra.run.smithi131.stdout:/usr/bin/ceph: stderr
2024-03-22T04:45:34.017+0000 7fb1e17fa700 1 -- 172.21.15.131:0/1584560930 <== mon.0 v2:172.21.15.131:3300/0 5 ==== osd_map(2..2 src has 1..2) v4 ==== 940+0+0 (secure 0 0 0) 0x7fb1d804c7d0 con 0x7fb1e4106980
2024-03-22T04:45:34.784 INFO:teuthology.orchestra.run.smithi131.stdout:/usr/bin/ceph: stderr
2024-03-22T04:45:34.017+0000 7fb1e37fe700 1 --2- 172.21.15.131:0/1584560930 >> [v2:172.21.15.131:6800/463781078,v1:172.21.15.131:6801/463781078] conn(0x7fb1cc038600 0x7fb1cc03aac0 unknown :-1 s=BANNER_CONNECTING pgs=0 cs=0 l=1 rev1=0 crypto rx=0 tx=0 comp rx=0 tx=0)._handle_peer_banner_payload supported=3 required=0
2024-03-22T04:45:34.784 INFO:teuthology.orchestra.run.smithi131.stdout:/usr/bin/ceph: stderr
2024-03-22T04:45:34.018+0000 7fb1ea55d700 1 -- 172.21.15.131:0/1584560930 --> [v2:172.21.15.131:3300/0,v1:172.21.15.131:6789/0] -- mon_command({"prefix": "get_command_descriptions"} v 0) v1 -- 0x7fb1e40623e0 con 0x7fb1e4106980
2024-03-22T04:45:34.784 INFO:teuthology.orchestra.run.smithi131.stdout:/usr/bin/ceph: stderr
2024-03-22T04:45:34.018+0000 7fb1e37fe700 1 --2- 172.21.15.131:0/1584560930 >> [v2:172.21.15.131:6800/463781078,v1:172.21.15.131:6801/463781078] conn(0x7fb1cc038600 0x7fb1cc03aac0 secure :-1 s=READY pgs=7 cs=0 l=1 rev1=1 crypto rx=0x7fb1d4006fd0 tx=0x7fb1d4006e40 comp rx=0 tx=0).ready entity=mgr.14120 client_cookie=0 server_cookie=0 in_seq=0 out_seq=0
2024-03-22T04:45:34.784 INFO:teuthology.orchestra.run.smithi131.stdout:/usr/bin/ceph: stderr
2024-03-22T04:45:34.023+0000 7fb1e17fa700 1 -- 172.21.15.131:0/1584560930 <== mon.0 v2:172.21.15.131:3300/0 6 ==== mon_command_ack([{"prefix": "get_command_descriptions"}]=0 v0) v1 ==== 72+0+182738 (secure 0 0 0) 0x7fb1d801f080 con 0x7fb1e4106980
2024-03-22T04:45:34.784 INFO:teuthology.orchestra.run.smithi131.stdout:/usr/bin/ceph: stderr
2024-03-22T04:45:34.241+0000 7fb1ea55d700 1 -- 172.21.15.131:0/1584560930 --> [v2:172.21.15.131:6800/463781078,v1:172.21.15.131:6801/463781078] -- mgr_command(tid 0: {"prefix": "orch set backend", "module_name": "cephadm", "target": ["mon-mgr", ""]}) v1 -- 0x7fb1e41013d0 con 0x7fb1cc038600
2024-03-22T04:45:34.785 INFO:teuthology.orchestra.run.smithi131.stdout:/usr/bin/ceph: stderr
2024-03-22T04:45:34.251+0000 7fb1e17fa700 1 -- 172.21.15.131:0/1584560930 <== mgr.14120 v2:172.21.15.131:6800/463781078 1 ==== mgr_command_reply(tid 0: 0 ) v1 ==== 8+0+0 (secure 0 0 0) 0x7fb1e41013d0 con 0x7fb1cc038600
2024-03-22T04:45:34.785 INFO:teuthology.orchestra.run.smithi131.stdout:/usr/bin/ceph: stderr
2024-03-22T04:45:34.254+0000 7fb1ea55d700 1 -- 172.21.15.131:0/1584560930 >> [v2:172.21.15.131:6800/463781078,v1:172.21.15.131:6801/463781078] conn(0x7fb1cc038600 msgr2=0x7fb1cc03aac0 secure :-1 s=STATE_CONNECTION_ESTABLISHED l=1).mark_down
2024-03-22T04:45:34.785 INFO:teuthology.orchestra.run.smithi131.stdout:/usr/bin/ceph: stderr
2024-03-22T04:45:34.254+0000 7fb1ea55d700 1 --2- 172.21.15.131:0/1584560930 >> [v2:172.21.15.131:6800/463781078,v1:172.21.15.131:6801/463781078] conn(0x7fb1cc038600 0x7fb1cc03aac0 secure :-1 s=READY pgs=7 cs=0 l=1 rev1=1 crypto rx=0x7fb1d4006fd0 tx=0x7fb1d4006e40 comp rx=0 tx=0).stop
2024-03-22T04:45:34.785 INFO:teuthology.orchestra.run.smithi131.stdout:/usr/bin/ceph: stderr
2024-03-22T04:45:34.254+0000 7fb1ea55d700 1 -- 172.21.15.131:0/1584560930 >> [v2:172.21.15.131:3300/0,v1:172.21.15.131:6789/0] conn(0x7fb1e4106980 msgr2=0x7fb1e4199130 secure :-1 s=STATE_CONNECTION_ESTABLISHED l=1).mark_down
2024-03-22T04:45:34.785 INFO:teuthology.orchestra.run.smithi131.stdout:/usr/bin/ceph: stderr
2024-03-22T04:45:34.254+0000 7fb1ea55d700 1 --2- 172.21.15.131:0/1584560930 >> [v2:172.21.15.131:3300/0,v1:172.21.15.131:6789/0] conn(0x7fb1e4106980 0x7fb1e4199130 secure :-1 s=READY pgs=38 cs=0 l=1 rev1=1 crypto rx=0x7fb1d8011710 tx=0x7fb1d80047c0 comp rx=0 tx=0).stop
2024-03-22T04:45:34.785 INFO:teuthology.orchestra.run.smithi131.stdout:/usr/bin/ceph: stderr
2024-03-22T04:45:34.254+0000 7fb1ea55d700 1 -- 172.21.15.131:0/1584560930 shutdown_connections
2024-03-22T04:45:34.785 INFO:teuthology.orchestra.run.smithi131.stdout:/usr/bin/ceph: stderr
2024-03-22T04:45:34.254+0000 7fb1ea55d700 1 --2- 172.21.15.131:0/1584560930 >> [v2:172.21.15.131:6800/463781078,v1:172.21.15.131:6801/463781078] conn(0x7fb1cc038600 0x7fb1cc03aac0 unknown :-1 s=CLOSED pgs=7 cs=0 l=1 rev1=1 crypto rx=0 tx=0 comp rx=0 tx=0).stop
2024-03-22T04:45:34.785 INFO:teuthology.orchestra.run.smithi131.stdout:/usr/bin/ceph: stderr
2024-03-22T04:45:34.254+0000 7fb1ea55d700 1 --2- 172.21.15.131:0/1584560930 >> [v2:172.21.15.131:3300/0,v1:172.21.15.131:6789/0] conn(0x7fb1e4106980 0x7fb1e4199130 unknown :-1 s=CLOSED pgs=38 cs=0 l=1 rev1=1 crypto rx=0 tx=0 comp rx=0 tx=0).stop
2024-03-22T04:45:34.785 INFO:teuthology.orchestra.run.smithi131.stdout:/usr/bin/ceph: stderr
2024-03-22T04:45:34.254+0000 7fb1ea55d700 1 -- 172.21.15.131:0/1584560930 >> 172.21.15.131:0/1584560930 conn(0x7fb1e4100110 msgr2=0x7fb1e4100cc0 unknown :-1 s=STATE_NONE l=0).mark_down
2024-03-22T04:45:34.785 INFO:teuthology.orchestra.run.smithi131.stdout:/usr/bin/ceph: stderr
2024-03-22T04:45:34.254+0000 7fb1ea55d700 1 -- 172.21.15.131:0/1584560930 shutdown_connections
2024-03-22T04:45:34.785 INFO:teuthology.orchestra.run.smithi131.stdout:/usr/bin/ceph: stderr
2024-03-22T04:45:34.254+0000 7fb1ea55d700 1 -- 172.21.15.131:0/1584560930 wait complete.
2024-03-22T04:45:35.421 INFO:journalctl@ceph.mon.smithi131.smithi131.stdout:Mar 22 04:45:35 smithi131 ceph-mon[29229]: [22/Mar/2024:04:45:34] ENGINE Bus STARTING
2024-03-22T04:45:35.421 INFO:journalctl@ceph.mon.smithi131.smithi131.stdout:Mar 22 04:45:35 smithi131 ceph-mon[29229]: from='client.14132 -' entity='client.admin' cmd=[{"prefix": "orch set backend", "module_name": "cephadm", "target": ["mon-mgr", ""]}]: dispatch
2024-03-22T04:45:35.421 INFO:journalctl@ceph.mon.smithi131.smithi131.stdout:Mar 22 04:45:35 smithi131 ceph-mon[29229]: from='mgr.14120 172.21.15.131:0/1179277543' entity='mgr.smithi131.fairyp'
2024-03-22T04:45:35.421 INFO:journalctl@ceph.mon.smithi131.smithi131.stdout:Mar 22 04:45:35 smithi131 ceph-mon[29229]: [22/Mar/2024:04:45:34] ENGINE Serving on https://172.21.15.131:7150
2024-03-22T04:45:35.421 INFO:journalctl@ceph.mon.smithi131.smithi131.stdout:Mar 22 04:45:35 smithi131 ceph-mon[29229]: from='mgr.14120 172.21.15.131:0/1179277543' entity='mgr.smithi131.fairyp' cmd=[{"prefix": "config dump", "format": "json"}]: dispatch
2024-03-22T04:45:35.421 INFO:journalctl@ceph.mon.smithi131.smithi131.stdout:Mar 22 04:45:35 smithi131 ceph-mon[29229]: from='mgr.14120 172.21.15.131:0/1179277543' entity='mgr.smithi131.fairyp' cmd=[{"prefix": "config dump", "format": "json"}]: dispatch
2024-03-22T04:45:35.421 INFO:journalctl@ceph.mon.smithi131.smithi131.stdout:Mar 22 04:45:35 smithi131 ceph-mon[29229]: mgrmap e8: smithi131.fairyp(active, since 2s)
2024-03-22T04:45:35.995 INFO:teuthology.orchestra.run.smithi131.stdout:/usr/bin/ceph: stdout value unchanged
2024-03-22T04:45:35.995 INFO:teuthology.orchestra.run.smithi131.stdout:/usr/bin/ceph: stderr
2024-03-22T04:45:35.191+0000 7ffb222f5700 1 Processor -- start
2024-03-22T04:45:35.995 INFO:teuthology.orchestra.run.smithi131.stdout:/usr/bin/ceph: stderr
2024-03-22T04:45:35.191+0000 7ffb222f5700 1 -- start start
2024-03-22T04:45:35.996 INFO:teuthology.orchestra.run.smithi131.stdout:/usr/bin/ceph: stderr
2024-03-22T04:45:35.191+0000 7ffb222f5700 1 --2- >> [v2:172.21.15.131:3300/0,v1:172.21.15.131:6789/0] conn(0x7ffb1c1053c0 0x7ffb1c1057e0 unknown :-1 s=NONE pgs=0 cs=0 l=0 rev1=0 crypto rx=0 tx=0 comp rx=0 tx=0).connect
2024-03-22T04:45:35.996 INFO:teuthology.orchestra.run.smithi131.stdout:/usr/bin/ceph: stderr
2024-03-22T04:45:35.191+0000 7ffb222f5700 1 -- --> [v2:172.21.15.131:3300/0,v1:172.21.15.131:6789/0] -- mon_getmap magic: 0 v1 -- 0x7ffb1c105db0 con 0x7ffb1c1053c0
2024-03-22T04:45:35.996 INFO:teuthology.orchestra.run.smithi131.stdout:/usr/bin/ceph: stderr
2024-03-22T04:45:35.191+0000 7ffb1bfff700 1 --2- >> [v2:172.21.15.131:3300/0,v1:172.21.15.131:6789/0] conn(0x7ffb1c1053c0 0x7ffb1c1057e0 unknown :-1 s=BANNER_CONNECTING pgs=0 cs=0 l=0 rev1=0 crypto rx=0 tx=0 comp rx=0 tx=0)._handle_peer_banner_payload supported=3 required=0
2024-03-22T04:45:35.996 INFO:teuthology.orchestra.run.smithi131.stdout:/usr/bin/ceph: stderr
2024-03-22T04:45:35.191+0000 7ffb1bfff700 1 --2- >> [v2:172.21.15.131:3300/0,v1:172.21.15.131:6789/0] conn(0x7ffb1c1053c0 0x7ffb1c1057e0 unknown :-1 s=HELLO_CONNECTING pgs=0 cs=0 l=0 rev1=1 crypto rx=0 tx=0 comp rx=0 tx=0).handle_hello peer v2:172.21.15.131:3300/0 says I am v2:172.21.15.131:42800/0 (socket says 172.21.15.131:42800)
2024-03-22T04:45:35.996 INFO:teuthology.orchestra.run.smithi131.stdout:/usr/bin/ceph: stderr
2024-03-22T04:45:35.191+0000 7ffb1bfff700 1 -- 172.21.15.131:0/1971781423 learned_addr learned my addr 172.21.15.131:0/1971781423 (peer_addr_for_me v2:172.21.15.131:0/0)
2024-03-22T04:45:35.996 INFO:teuthology.orchestra.run.smithi131.stdout:/usr/bin/ceph: stderr
2024-03-22T04:45:35.192+0000 7ffb1bfff700 1 -- 172.21.15.131:0/1971781423 --> [v2:172.21.15.131:3300/0,v1:172.21.15.131:6789/0] -- mon_subscribe({config=0+,monmap=0+}) v3 -- 0x7ffb1c1065c0 con 0x7ffb1c1053c0
2024-03-22T04:45:35.996 INFO:teuthology.orchestra.run.smithi131.stdout:/usr/bin/ceph: stderr
2024-03-22T04:45:35.192+0000 7ffb1bfff700 1 --2- 172.21.15.131:0/1971781423 >> [v2:172.21.15.131:3300/0,v1:172.21.15.131:6789/0] conn(0x7ffb1c1053c0 0x7ffb1c1057e0 secure :-1 s=READY pgs=39 cs=0 l=1 rev1=1 crypto rx=0x7ffb100098a0 tx=0x7ffb10009bb0 comp rx=0 tx=0).ready entity=mon.0 client_cookie=fbbef25b7b3a321 server_cookie=0 in_seq=0 out_seq=0
2024-03-22T04:45:35.996 INFO:teuthology.orchestra.run.smithi131.stdout:/usr/bin/ceph: stderr
2024-03-22T04:45:35.192+0000 7ffb1affd700 1 -- 172.21.15.131:0/1971781423 <== mon.0 v2:172.21.15.131:3300/0 1 ==== mon_map magic: 0 v1 ==== 229+0+0 (secure 0 0 0) 0x7ffb10004180 con 0x7ffb1c1053c0
2024-03-22T04:45:35.996 INFO:teuthology.orchestra.run.smithi131.stdout:/usr/bin/ceph: stderr
2024-03-22T04:45:35.192+0000 7ffb1affd700 1 -- 172.21.15.131:0/1971781423 <== mon.0 v2:172.21.15.131:3300/0 2 ==== config(27 keys) v1 ==== 1042+0+0 (secure 0 0 0) 0x7ffb100042e0 con 0x7ffb1c1053c0
2024-03-22T04:45:35.996 INFO:teuthology.orchestra.run.smithi131.stdout:/usr/bin/ceph: stderr
2024-03-22T04:45:35.192+0000 7ffb1affd700 1 -- 172.21.15.131:0/1971781423 <== mon.0 v2:172.21.15.131:3300/0 3 ==== mon_map magic: 0 v1 ==== 229+0+0 (secure 0 0 0) 0x7ffb10011a70 con 0x7ffb1c1053c0
2024-03-22T04:45:35.996 INFO:teuthology.orchestra.run.smithi131.stdout:/usr/bin/ceph: stderr
2024-03-22T04:45:35.193+0000 7ffb222f5700 1 -- 172.21.15.131:0/1971781423 >> [v2:172.21.15.131:3300/0,v1:172.21.15.131:6789/0] conn(0x7ffb1c1053c0 msgr2=0x7ffb1c1057e0 secure :-1 s=STATE_CONNECTION_ESTABLISHED l=1).mark_down
2024-03-22T04:45:35.996 INFO:teuthology.orchestra.run.smithi131.stdout:/usr/bin/ceph: stderr
2024-03-22T04:45:35.193+0000 7ffb222f5700 1 --2- 172.21.15.131:0/1971781423 >> [v2:172.21.15.131:3300/0,v1:172.21.15.131:6789/0] conn(0x7ffb1c1053c0 0x7ffb1c1057e0 secure :-1 s=READY pgs=39 cs=0 l=1 rev1=1 crypto rx=0x7ffb100098a0 tx=0x7ffb10009bb0 comp rx=0 tx=0).stop
2024-03-22T04:45:35.996 INFO:teuthology.orchestra.run.smithi131.stdout:/usr/bin/ceph: stderr
2024-03-22T04:45:35.193+0000 7ffb222f5700 1 -- 172.21.15.131:0/1971781423 shutdown_connections
2024-03-22T04:45:35.996 INFO:teuthology.orchestra.run.smithi131.stdout:/usr/bin/ceph: stderr
2024-03-22T04:45:35.193+0000 7ffb222f5700 1 --2- 172.21.15.131:0/1971781423 >> [v2:172.21.15.131:3300/0,v1:172.21.15.131:6789/0] conn(0x7ffb1c1053c0 0x7ffb1c1057e0 unknown :-1 s=CLOSED pgs=39 cs=0 l=1 rev1=1 crypto rx=0 tx=0 comp rx=0 tx=0).stop
2024-03-22T04:45:35.997 INFO:teuthology.orchestra.run.smithi131.stdout:/usr/bin/ceph: stderr
2024-03-22T04:45:35.193+0000 7ffb222f5700 1 -- 172.21.15.131:0/1971781423 >> 172.21.15.131:0/1971781423 conn(0x7ffb1c1009c0 msgr2=0x7ffb1c102de0 unknown :-1 s=STATE_NONE l=0).mark_down
2024-03-22T04:45:35.997 INFO:teuthology.orchestra.run.smithi131.stdout:/usr/bin/ceph: stderr
2024-03-22T04:45:35.193+0000 7ffb222f5700 1 -- 172.21.15.131:0/1971781423 shutdown_connections
2024-03-22T04:45:35.997 INFO:teuthology.orchestra.run.smithi131.stdout:/usr/bin/ceph: stderr
2024-03-22T04:45:35.193+0000 7ffb222f5700 1 -- 172.21.15.131:0/1971781423 wait complete.
2024-03-22T04:45:35.997 INFO:teuthology.orchestra.run.smithi131.stdout:/usr/bin/ceph: stderr
2024-03-22T04:45:35.194+0000 7ffb222f5700 1 Processor -- start
2024-03-22T04:45:35.997 INFO:teuthology.orchestra.run.smithi131.stdout:/usr/bin/ceph: stderr
2024-03-22T04:45:35.194+0000 7ffb222f5700 1 -- start start
2024-03-22T04:45:35.997 INFO:teuthology.orchestra.run.smithi131.stdout:/usr/bin/ceph: stderr
2024-03-22T04:45:35.194+0000 7ffb222f5700 1 --2- >> [v2:172.21.15.131:3300/0,v1:172.21.15.131:6789/0] conn(0x7ffb1c1053c0 0x7ffb1c074140 unknown :-1 s=NONE pgs=0 cs=0 l=1 rev1=0 crypto rx=0 tx=0 comp rx=0 tx=0).connect
2024-03-22T04:45:35.997 INFO:teuthology.orchestra.run.smithi131.stdout:/usr/bin/ceph: stderr
2024-03-22T04:45:35.194+0000 7ffb222f5700 1 -- --> [v2:172.21.15.131:3300/0,v1:172.21.15.131:6789/0] -- mon_getmap magic: 0 v1 -- 0x7ffb1c074680 con 0x7ffb1c1053c0
2024-03-22T04:45:35.997 INFO:teuthology.orchestra.run.smithi131.stdout:/usr/bin/ceph: stderr
2024-03-22T04:45:35.194+0000 7ffb1bfff700 1 --2- >> [v2:172.21.15.131:3300/0,v1:172.21.15.131:6789/0] conn(0x7ffb1c1053c0 0x7ffb1c074140 unknown :-1 s=BANNER_CONNECTING pgs=0 cs=0 l=1 rev1=0 crypto rx=0 tx=0 comp rx=0 tx=0)._handle_peer_banner_payload supported=3 required=0
2024-03-22T04:45:35.997 INFO:teuthology.orchestra.run.smithi131.stdout:/usr/bin/ceph: stderr
2024-03-22T04:45:35.194+0000 7ffb1bfff700 1 --2- >> [v2:172.21.15.131:3300/0,v1:172.21.15.131:6789/0] conn(0x7ffb1c1053c0 0x7ffb1c074140 unknown :-1 s=HELLO_CONNECTING pgs=0 cs=0 l=1 rev1=1 crypto rx=0 tx=0 comp rx=0 tx=0).handle_hello peer v2:172.21.15.131:3300/0 says I am v2:172.21.15.131:42802/0 (socket says 172.21.15.131:42802)
2024-03-22T04:45:35.997 INFO:teuthology.orchestra.run.smithi131.stdout:/usr/bin/ceph: stderr
2024-03-22T04:45:35.194+0000 7ffb1bfff700 1 -- 172.21.15.131:0/289607170 learned_addr learned my addr 172.21.15.131:0/289607170 (peer_addr_for_me v2:172.21.15.131:0/0)
2024-03-22T04:45:35.997 INFO:teuthology.orchestra.run.smithi131.stdout:/usr/bin/ceph: stderr
2024-03-22T04:45:35.194+0000 7ffb1bfff700 1 -- 172.21.15.131:0/289607170 --> [v2:172.21.15.131:3300/0,v1:172.21.15.131:6789/0] -- mon_subscribe({config=0+,monmap=0+}) v3 -- 0x7ffb10009550 con 0x7ffb1c1053c0
2024-03-22T04:45:35.997 INFO:teuthology.orchestra.run.smithi131.stdout:/usr/bin/ceph: stderr
2024-03-22T04:45:35.195+0000 7ffb1bfff700 1 --2- 172.21.15.131:0/289607170 >> [v2:172.21.15.131:3300/0,v1:172.21.15.131:6789/0] conn(0x7ffb1c1053c0 0x7ffb1c074140 secure :-1 s=READY pgs=40 cs=0 l=1 rev1=1 crypto rx=0x7ffb10011710 tx=0x7ffb100047c0 comp rx=0 tx=0).ready entity=mon.0 client_cookie=0 server_cookie=0 in_seq=0 out_seq=0
2024-03-22T04:45:35.997 INFO:teuthology.orchestra.run.smithi131.stdout:/usr/bin/ceph: stderr
2024-03-22T04:45:35.195+0000 7ffb197fa700 1 -- 172.21.15.131:0/289607170 <== mon.0 v2:172.21.15.131:3300/0 1 ==== mon_map magic: 0 v1 ==== 229+0+0 (secure 0 0 0) 0x7ffb10003b10 con 0x7ffb1c1053c0
2024-03-22T04:45:35.998 INFO:teuthology.orchestra.run.smithi131.stdout:/usr/bin/ceph: stderr
2024-03-22T04:45:35.195+0000 7ffb222f5700 1 -- 172.21.15.131:0/289607170 --> [v2:172.21.15.131:3300/0,v1:172.21.15.131:6789/0] -- mon_subscribe({mgrmap=0+}) v3 -- 0x7ffb1c19cf60 con 0x7ffb1c1053c0
2024-03-22T04:45:35.998 INFO:teuthology.orchestra.run.smithi131.stdout:/usr/bin/ceph: stderr
2024-03-22T04:45:35.195+0000 7ffb197fa700 1 -- 172.21.15.131:0/289607170 <== mon.0 v2:172.21.15.131:3300/0 2 ==== config(27 keys) v1 ==== 1042+0+0 (secure 0 0 0) 0x7ffb1001b8c0 con 0x7ffb1c1053c0
2024-03-22T04:45:35.998 INFO:teuthology.orchestra.run.smithi131.stdout:/usr/bin/ceph: stderr
2024-03-22T04:45:35.195+0000 7ffb197fa700 1 -- 172.21.15.131:0/289607170 <== mon.0 v2:172.21.15.131:3300/0 3 ==== mon_map magic: 0 v1 ==== 229+0+0 (secure 0 0 0) 0x7ffb10019710 con 0x7ffb1c1053c0
2024-03-22T04:45:35.998 INFO:teuthology.orchestra.run.smithi131.stdout:/usr/bin/ceph: stderr
2024-03-22T04:45:35.195+0000 7ffb222f5700 1 -- 172.21.15.131:0/289607170 --> [v2:172.21.15.131:3300/0,v1:172.21.15.131:6789/0] -- mon_subscribe({osdmap=0}) v3 -- 0x7ffb1c19d3a0 con 0x7ffb1c1053c0
2024-03-22T04:45:35.998 INFO:teuthology.orchestra.run.smithi131.stdout:/usr/bin/ceph: stderr
2024-03-22T04:45:35.196+0000 7ffb197fa700 1 -- 172.21.15.131:0/289607170 <== mon.0 v2:172.21.15.131:3300/0 4 ==== mgrmap(e 8) v1 ==== 45548+0+0 (secure 0 0 0) 0x7ffb10019910 con 0x7ffb1c1053c0
2024-03-22T04:45:35.998 INFO:teuthology.orchestra.run.smithi131.stdout:/usr/bin/ceph: stderr
2024-03-22T04:45:35.196+0000 7ffb197fa700 1 --2- 172.21.15.131:0/289607170 >> [v2:172.21.15.131:6800/463781078,v1:172.21.15.131:6801/463781078] conn(0x7ffb040386e0 0x7ffb0403aba0 unknown :-1 s=NONE pgs=0 cs=0 l=1 rev1=0 crypto rx=0 tx=0 comp rx=0 tx=0).connect
2024-03-22T04:45:35.998 INFO:teuthology.orchestra.run.smithi131.stdout:/usr/bin/ceph: stderr
2024-03-22T04:45:35.196+0000 7ffb197fa700 1 -- 172.21.15.131:0/289607170 <== mon.0 v2:172.21.15.131:3300/0 5 ==== osd_map(2..2 src has 1..2) v4 ==== 940+0+0 (secure 0 0 0) 0x7ffb1004cac0 con 0x7ffb1c1053c0
2024-03-22T04:45:35.998 INFO:teuthology.orchestra.run.smithi131.stdout:/usr/bin/ceph: stderr
2024-03-22T04:45:35.196+0000 7ffb1b7fe700 1 --2- 172.21.15.131:0/289607170 >> [v2:172.21.15.131:6800/463781078,v1:172.21.15.131:6801/463781078] conn(0x7ffb040386e0 0x7ffb0403aba0 unknown :-1 s=BANNER_CONNECTING pgs=0 cs=0 l=1 rev1=0 crypto rx=0 tx=0 comp rx=0 tx=0)._handle_peer_banner_payload supported=3 required=0
2024-03-22T04:45:35.998 INFO:teuthology.orchestra.run.smithi131.stdout:/usr/bin/ceph: stderr
2024-03-22T04:45:35.196+0000 7ffb222f5700 1 -- 172.21.15.131:0/289607170 --> [v2:172.21.15.131:3300/0,v1:172.21.15.131:6789/0] -- mon_command({"prefix": "get_command_descriptions"} v 0) v1 -- 0x7ffb1c1097f0 con 0x7ffb1c1053c0
2024-03-22T04:45:35.998 INFO:teuthology.orchestra.run.smithi131.stdout:/usr/bin/ceph: stderr
2024-03-22T04:45:35.196+0000 7ffb1b7fe700 1 --2- 172.21.15.131:0/289607170 >> [v2:172.21.15.131:6800/463781078,v1:172.21.15.131:6801/463781078] conn(0x7ffb040386e0 0x7ffb0403aba0 secure :-1 s=READY pgs=8 cs=0 l=1 rev1=1 crypto rx=0x7ffb0c006fd0 tx=0x7ffb0c006e40 comp rx=0 tx=0).ready entity=mgr.14120 client_cookie=0 server_cookie=0 in_seq=0 out_seq=0
2024-03-22T04:45:35.998 INFO:teuthology.orchestra.run.smithi131.stdout:/usr/bin/ceph: stderr
2024-03-22T04:45:35.201+0000 7ffb197fa700 1 -- 172.21.15.131:0/289607170 <== mon.0 v2:172.21.15.131:3300/0 6 ==== mon_command_ack([{"prefix": "get_command_descriptions"}]=0 v0) v1 ==== 72+0+182738 (secure 0 0 0) 0x7ffb10018db0 con 0x7ffb1c1053c0
2024-03-22T04:45:35.999 INFO:teuthology.orchestra.run.smithi131.stdout:/usr/bin/ceph: stderr
2024-03-22T04:45:35.419+0000 7ffb222f5700 1 -- 172.21.15.131:0/289607170 --> [v2:172.21.15.131:6800/463781078,v1:172.21.15.131:6801/463781078] -- mgr_command(tid 0: {"prefix": "cephadm set-user", "user": "root", "target": ["mon-mgr", ""]}) v1 -- 0x7ffb1c19da00 con 0x7ffb040386e0
2024-03-22T04:45:35.999 INFO:teuthology.orchestra.run.smithi131.stdout:/usr/bin/ceph: stderr
2024-03-22T04:45:35.420+0000 7ffb197fa700 1 -- 172.21.15.131:0/289607170 <== mgr.14120 v2:172.21.15.131:6800/463781078 1 ==== mgr_command_reply(tid 0: 0 ) v1 ==== 8+0+16 (secure 0 0 0) 0x7ffb1c19da00 con 0x7ffb040386e0
2024-03-22T04:45:35.999 INFO:teuthology.orchestra.run.smithi131.stdout:/usr/bin/ceph: stderr
2024-03-22T04:45:35.423+0000 7ffb222f5700 1 -- 172.21.15.131:0/289607170 >> [v2:172.21.15.131:6800/463781078,v1:172.21.15.131:6801/463781078] conn(0x7ffb040386e0 msgr2=0x7ffb0403aba0 secure :-1 s=STATE_CONNECTION_ESTABLISHED l=1).mark_down
2024-03-22T04:45:35.999 INFO:teuthology.orchestra.run.smithi131.stdout:/usr/bin/ceph: stderr
2024-03-22T04:45:35.423+0000 7ffb222f5700 1 --2- 172.21.15.131:0/289607170 >> [v2:172.21.15.131:6800/463781078,v1:172.21.15.131:6801/463781078] conn(0x7ffb040386e0 0x7ffb0403aba0 secure :-1 s=READY pgs=8 cs=0 l=1 rev1=1 crypto rx=0x7ffb0c006fd0 tx=0x7ffb0c006e40 comp rx=0 tx=0).stop
2024-03-22T04:45:35.999 INFO:teuthology.orchestra.run.smithi131.stdout:/usr/bin/ceph: stderr
2024-03-22T04:45:35.423+0000 7ffb222f5700 1 -- 172.21.15.131:0/289607170 >> [v2:172.21.15.131:3300/0,v1:172.21.15.131:6789/0] conn(0x7ffb1c1053c0 msgr2=0x7ffb1c074140 secure :-1 s=STATE_CONNECTION_ESTABLISHED l=1).mark_down
2024-03-22T04:45:35.999 INFO:teuthology.orchestra.run.smithi131.stdout:/usr/bin/ceph: stderr
2024-03-22T04:45:35.423+0000 7ffb222f5700 1 --2- 172.21.15.131:0/289607170 >> [v2:172.21.15.131:3300/0,v1:172.21.15.131:6789/0] conn(0x7ffb1c1053c0 0x7ffb1c074140 secure :-1 s=READY pgs=40 cs=0 l=1 rev1=1 crypto rx=0x7ffb10011710 tx=0x7ffb100047c0 comp rx=0 tx=0).stop
2024-03-22T04:45:35.999 INFO:teuthology.orchestra.run.smithi131.stdout:/usr/bin/ceph: stderr
2024-03-22T04:45:35.423+0000 7ffb222f5700 1 -- 172.21.15.131:0/289607170 shutdown_connections
2024-03-22T04:45:35.999 INFO:teuthology.orchestra.run.smithi131.stdout:/usr/bin/ceph: stderr
2024-03-22T04:45:35.423+0000 7ffb222f5700 1 --2- 172.21.15.131:0/289607170 >> [v2:172.21.15.131:6800/463781078,v1:172.21.15.131:6801/463781078] conn(0x7ffb040386e0 0x7ffb0403aba0 unknown :-1 s=CLOSED pgs=8 cs=0 l=1 rev1=1 crypto rx=0 tx=0 comp rx=0 tx=0).stop
2024-03-22T04:45:35.999 INFO:teuthology.orchestra.run.smithi131.stdout:/usr/bin/ceph: stderr
2024-03-22T04:45:35.423+0000 7ffb222f5700 1 --2- 172.21.15.131:0/289607170 >> [v2:172.21.15.131:3300/0,v1:172.21.15.131:6789/0] conn(0x7ffb1c1053c0 0x7ffb1c074140 unknown :-1 s=CLOSED pgs=40 cs=0 l=1 rev1=1 crypto rx=0 tx=0 comp rx=0 tx=0).stop
2024-03-22T04:45:35.999 INFO:teuthology.orchestra.run.smithi131.stdout:/usr/bin/ceph: stderr
2024-03-22T04:45:35.423+0000 7ffb222f5700 1 -- 172.21.15.131:0/289607170 >> 172.21.15.131:0/289607170 conn(0x7ffb1c1009c0 msgr2=0x7ffb1c101530 unknown :-1 s=STATE_NONE l=0).mark_down
2024-03-22T04:45:35.999 INFO:teuthology.orchestra.run.smithi131.stdout:/usr/bin/ceph: stderr
2024-03-22T04:45:35.423+0000 7ffb222f5700 1 -- 172.21.15.131:0/289607170 shutdown_connections
2024-03-22T04:45:35.999 INFO:teuthology.orchestra.run.smithi131.stdout:/usr/bin/ceph: stderr
2024-03-22T04:45:35.423+0000 7ffb222f5700 1 -- 172.21.15.131:0/289607170 wait complete.
2024-03-22T04:45:35.999 INFO:teuthology.orchestra.run.smithi131.stdout:Generating ssh key...
2024-03-22T04:45:36.398 INFO:journalctl@ceph.mon.smithi131.smithi131.stdout:Mar 22 04:45:36 smithi131 ceph-mon[29229]: [22/Mar/2024:04:45:34] ENGINE Serving on http://172.21.15.131:8765
2024-03-22T04:45:36.399 INFO:journalctl@ceph.mon.smithi131.smithi131.stdout:Mar 22 04:45:36 smithi131 ceph-mon[29229]: [22/Mar/2024:04:45:34] ENGINE Bus STARTED
2024-03-22T04:45:37.335 INFO:journalctl@ceph.mon.smithi131.smithi131.stdout:Mar 22 04:45:37 smithi131 ceph-mon[29229]: from='client.14134 -' entity='client.admin' cmd=[{"prefix": "cephadm set-user", "user": "root", "target": ["mon-mgr", ""]}]: dispatch
2024-03-22T04:45:37.336 INFO:journalctl@ceph.mon.smithi131.smithi131.stdout:Mar 22 04:45:37 smithi131 ceph-mon[29229]: from='mgr.14120 172.21.15.131:0/1179277543' entity='mgr.smithi131.fairyp'
2024-03-22T04:45:37.336 INFO:journalctl@ceph.mon.smithi131.smithi131.stdout:Mar 22 04:45:37 smithi131 ceph-mon[29229]: from='mgr.14120 172.21.15.131:0/1179277543' entity='mgr.smithi131.fairyp'
2024-03-22T04:45:37.344 INFO:teuthology.orchestra.run.smithi131.stdout:/usr/bin/ceph: stderr
2024-03-22T04:45:36.437+0000 7fe11af95700 1 Processor -- start
2024-03-22T04:45:37.344 INFO:teuthology.orchestra.run.smithi131.stdout:/usr/bin/ceph: stderr
2024-03-22T04:45:36.437+0000 7fe11af95700 1 -- start start
2024-03-22T04:45:37.344 INFO:teuthology.orchestra.run.smithi131.stdout:/usr/bin/ceph: stderr
2024-03-22T04:45:36.437+0000 7fe11af95700 1 --2- >> [v2:172.21.15.131:3300/0,v1:172.21.15.131:6789/0] conn(0x7fe114106510 0x7fe114106930 unknown :-1 s=NONE pgs=0 cs=0 l=0 rev1=0 crypto rx=0 tx=0 comp rx=0 tx=0).connect
2024-03-22T04:45:37.344 INFO:teuthology.orchestra.run.smithi131.stdout:/usr/bin/ceph: stderr
2024-03-22T04:45:36.437+0000 7fe11af95700 1 -- --> [v2:172.21.15.131:3300/0,v1:172.21.15.131:6789/0] -- mon_getmap magic: 0 v1 -- 0x7fe114106f00 con 0x7fe114106510
2024-03-22T04:45:37.344 INFO:teuthology.orchestra.run.smithi131.stdout:/usr/bin/ceph: stderr
2024-03-22T04:45:36.437+0000 7fe118d31700 1 --2- >> [v2:172.21.15.131:3300/0,v1:172.21.15.131:6789/0] conn(0x7fe114106510 0x7fe114106930 unknown :-1 s=BANNER_CONNECTING pgs=0 cs=0 l=0 rev1=0 crypto rx=0 tx=0 comp rx=0 tx=0)._handle_peer_banner_payload supported=3 required=0
2024-03-22T04:45:37.344 INFO:teuthology.orchestra.run.smithi131.stdout:/usr/bin/ceph: stderr
2024-03-22T04:45:36.437+0000 7fe118d31700 1 --2- >> [v2:172.21.15.131:3300/0,v1:172.21.15.131:6789/0] conn(0x7fe114106510 0x7fe114106930 unknown :-1 s=HELLO_CONNECTING pgs=0 cs=0 l=0 rev1=1 crypto rx=0 tx=0 comp rx=0 tx=0).handle_hello peer v2:172.21.15.131:3300/0 says I am v2:172.21.15.131:34592/0 (socket says 172.21.15.131:34592)
2024-03-22T04:45:37.344 INFO:teuthology.orchestra.run.smithi131.stdout:/usr/bin/ceph: stderr
2024-03-22T04:45:36.437+0000 7fe118d31700 1 -- 172.21.15.131:0/1206690560 learned_addr learned my addr 172.21.15.131:0/1206690560 (peer_addr_for_me v2:172.21.15.131:0/0)
2024-03-22T04:45:37.345 INFO:teuthology.orchestra.run.smithi131.stdout:/usr/bin/ceph: stderr
2024-03-22T04:45:36.437+0000 7fe118d31700 1 -- 172.21.15.131:0/1206690560 --> [v2:172.21.15.131:3300/0,v1:172.21.15.131:6789/0] -- mon_subscribe({config=0+,monmap=0+}) v3 -- 0x7fe1141076c0 con 0x7fe114106510
2024-03-22T04:45:37.345 INFO:teuthology.orchestra.run.smithi131.stdout:/usr/bin/ceph: stderr
2024-03-22T04:45:36.438+0000 7fe118d31700 1 --2- 172.21.15.131:0/1206690560 >> [v2:172.21.15.131:3300/0,v1:172.21.15.131:6789/0] conn(0x7fe114106510 0x7fe114106930 secure :-1 s=READY pgs=41 cs=0 l=1 rev1=1 crypto rx=0x7fe1080098a0 tx=0x7fe108009bb0 comp rx=0 tx=0).ready entity=mon.0 client_cookie=ff172aad978d3818 server_cookie=0 in_seq=0 out_seq=0
2024-03-22T04:45:37.345 INFO:teuthology.orchestra.run.smithi131.stdout:/usr/bin/ceph: stderr
2024-03-22T04:45:36.438+0000 7fe1137fe700 1 -- 172.21.15.131:0/1206690560 <== mon.0 v2:172.21.15.131:3300/0 1 ==== mon_map magic: 0 v1 ==== 229+0+0 (secure 0 0 0) 0x7fe108004180 con 0x7fe114106510
2024-03-22T04:45:37.345 INFO:teuthology.orchestra.run.smithi131.stdout:/usr/bin/ceph: stderr
2024-03-22T04:45:36.438+0000 7fe1137fe700 1 -- 172.21.15.131:0/1206690560 <== mon.0 v2:172.21.15.131:3300/0 2 ==== config(27 keys) v1 ==== 1042+0+0 (secure 0 0 0) 0x7fe1080042e0 con 0x7fe114106510
2024-03-22T04:45:37.345 INFO:teuthology.orchestra.run.smithi131.stdout:/usr/bin/ceph: stderr
2024-03-22T04:45:36.438+0000 7fe1137fe700 1 -- 172.21.15.131:0/1206690560 <== mon.0 v2:172.21.15.131:3300/0 3 ==== mon_map magic: 0 v1 ==== 229+0+0 (secure 0 0 0) 0x7fe108011a70 con 0x7fe114106510
2024-03-22T04:45:37.345 INFO:teuthology.orchestra.run.smithi131.stdout:/usr/bin/ceph: stderr
2024-03-22T04:45:36.438+0000 7fe11af95700 1 -- 172.21.15.131:0/1206690560 >> [v2:172.21.15.131:3300/0,v1:172.21.15.131:6789/0] conn(0x7fe114106510 msgr2=0x7fe114106930 secure :-1 s=STATE_CONNECTION_ESTABLISHED l=1).mark_down
2024-03-22T04:45:37.345 INFO:teuthology.orchestra.run.smithi131.stdout:/usr/bin/ceph: stderr
2024-03-22T04:45:36.438+0000 7fe11af95700 1 --2- 172.21.15.131:0/1206690560 >> [v2:172.21.15.131:3300/0,v1:172.21.15.131:6789/0] conn(0x7fe114106510 0x7fe114106930 secure :-1 s=READY pgs=41 cs=0 l=1 rev1=1 crypto rx=0x7fe1080098a0 tx=0x7fe108009bb0 comp rx=0 tx=0).stop
2024-03-22T04:45:37.345 INFO:teuthology.orchestra.run.smithi131.stdout:/usr/bin/ceph: stderr
2024-03-22T04:45:36.438+0000 7fe11af95700 1 -- 172.21.15.131:0/1206690560 shutdown_connections
