2024-03-22T04:45:24.153 INFO:teuthology.orchestra.run.smithi131.stdout:/usr/bin/ceph: stderr
2024-03-22T04:45:23.569+0000 7f6dc14ac700 1 -- 172.21.15.131:0/1750313766 wait complete.
2024-03-22T04:45:24.153 INFO:teuthology.orchestra.run.smithi131.stdout:Enabling cephadm module...
2024-03-22T04:45:24.535 INFO:journalctl@ceph.mon.smithi131.smithi131.stdout:Mar 22 04:45:24 smithi131 ceph-mon[29229]: from='client.? 172.21.15.131:0/1750313766' entity='client.admin' cmd=[{"prefix": "config assimilate-conf"}]: dispatch
2024-03-22T04:45:25.554 INFO:journalctl@ceph.mon.smithi131.smithi131.stdout:Mar 22 04:45:25 smithi131 ceph-mon[29229]: from='client.? 172.21.15.131:0/3673368604' entity='client.admin' cmd=[{"prefix": "mgr module enable", "module": "cephadm"}]: dispatch
2024-03-22T04:45:25.819 INFO:teuthology.orchestra.run.smithi131.stdout:/usr/bin/ceph: stderr
2024-03-22T04:45:24.579+0000 7fc847f82700 1 Processor -- start
2024-03-22T04:45:25.819 INFO:teuthology.orchestra.run.smithi131.stdout:/usr/bin/ceph: stderr
2024-03-22T04:45:24.580+0000 7fc847f82700 1 -- start start
2024-03-22T04:45:25.820 INFO:teuthology.orchestra.run.smithi131.stdout:/usr/bin/ceph: stderr
2024-03-22T04:45:24.580+0000 7fc847f82700 1 --2- >> [v2:172.21.15.131:3300/0,v1:172.21.15.131:6789/0] conn(0x7fc8401053f0 0x7fc840105810 unknown :-1 s=NONE pgs=0 cs=0 l=0 rev1=0 crypto rx=0 tx=0 comp rx=0 tx=0).connect
2024-03-22T04:45:25.820 INFO:teuthology.orchestra.run.smithi131.stdout:/usr/bin/ceph: stderr
2024-03-22T04:45:24.580+0000 7fc847f82700 1 -- --> [v2:172.21.15.131:3300/0,v1:172.21.15.131:6789/0] -- mon_getmap magic: 0 v1 -- 0x7fc840105de0 con 0x7fc8401053f0
2024-03-22T04:45:25.820 INFO:teuthology.orchestra.run.smithi131.stdout:/usr/bin/ceph: stderr
2024-03-22T04:45:24.580+0000 7fc845d1e700 1 --2- >> [v2:172.21.15.131:3300/0,v1:172.21.15.131:6789/0] conn(0x7fc8401053f0 0x7fc840105810 unknown :-1 s=BANNER_CONNECTING pgs=0 cs=0 l=0 rev1=0 crypto rx=0 tx=0 comp rx=0 tx=0)._handle_peer_banner_payload supported=3 required=0
2024-03-22T04:45:25.820 INFO:teuthology.orchestra.run.smithi131.stdout:/usr/bin/ceph: stderr
2024-03-22T04:45:24.580+0000 7fc845d1e700 1 --2- >> [v2:172.21.15.131:3300/0,v1:172.21.15.131:6789/0] conn(0x7fc8401053f0 0x7fc840105810 unknown :-1 s=HELLO_CONNECTING pgs=0 cs=0 l=0 rev1=1 crypto rx=0 tx=0 comp rx=0 tx=0).handle_hello peer v2:172.21.15.131:3300/0 says I am v2:172.21.15.131:56974/0 (socket says 172.21.15.131:56974)
2024-03-22T04:45:25.820 INFO:teuthology.orchestra.run.smithi131.stdout:/usr/bin/ceph: stderr
2024-03-22T04:45:24.580+0000 7fc845d1e700 1 -- 172.21.15.131:0/42747108 learned_addr learned my addr 172.21.15.131:0/42747108 (peer_addr_for_me v2:172.21.15.131:0/0)
2024-03-22T04:45:25.820 INFO:teuthology.orchestra.run.smithi131.stdout:/usr/bin/ceph: stderr
2024-03-22T04:45:24.580+0000 7fc845d1e700 1 -- 172.21.15.131:0/42747108 --> [v2:172.21.15.131:3300/0,v1:172.21.15.131:6789/0] -- mon_subscribe({config=0+,monmap=0+}) v3 -- 0x7fc8401065f0 con 0x7fc8401053f0
2024-03-22T04:45:25.820 INFO:teuthology.orchestra.run.smithi131.stdout:/usr/bin/ceph: stderr
2024-03-22T04:45:24.581+0000 7fc845d1e700 1 --2- 172.21.15.131:0/42747108 >> [v2:172.21.15.131:3300/0,v1:172.21.15.131:6789/0] conn(0x7fc8401053f0 0x7fc840105810 secure :-1 s=READY pgs=22 cs=0 l=1 rev1=1 crypto rx=0x7fc8300098a0 tx=0x7fc830009bb0 comp rx=0 tx=0).ready entity=mon.0 client_cookie=f76fffb4563d179f server_cookie=0 in_seq=0 out_seq=0
2024-03-22T04:45:25.820 INFO:teuthology.orchestra.run.smithi131.stdout:/usr/bin/ceph: stderr
2024-03-22T04:45:24.581+0000 7fc844d1c700 1 -- 172.21.15.131:0/42747108 <== mon.0 v2:172.21.15.131:3300/0 1 ==== mon_map magic: 0 v1 ==== 229+0+0 (secure 0 0 0) 0x7fc830004180 con 0x7fc8401053f0
2024-03-22T04:45:25.820 INFO:teuthology.orchestra.run.smithi131.stdout:/usr/bin/ceph: stderr
2024-03-22T04:45:24.581+0000 7fc844d1c700 1 -- 172.21.15.131:0/42747108 <== mon.0 v2:172.21.15.131:3300/0 2 ==== config(27 keys) v1 ==== 1042+0+0 (secure 0 0 0) 0x7fc8300042e0 con 0x7fc8401053f0
2024-03-22T04:45:25.820 INFO:teuthology.orchestra.run.smithi131.stdout:/usr/bin/ceph: stderr
2024-03-22T04:45:24.581+0000 7fc844d1c700 1 -- 172.21.15.131:0/42747108 <== mon.0 v2:172.21.15.131:3300/0 3 ==== mon_map magic: 0 v1 ==== 229+0+0 (secure 0 0 0) 0x7fc830011a70 con 0x7fc8401053f0
2024-03-22T04:45:25.820 INFO:teuthology.orchestra.run.smithi131.stdout:/usr/bin/ceph: stderr
2024-03-22T04:45:24.581+0000 7fc847f82700 1 -- 172.21.15.131:0/42747108 >> [v2:172.21.15.131:3300/0,v1:172.21.15.131:6789/0] conn(0x7fc8401053f0 msgr2=0x7fc840105810 secure :-1 s=STATE_CONNECTION_ESTABLISHED l=1).mark_down
2024-03-22T04:45:25.820 INFO:teuthology.orchestra.run.smithi131.stdout:/usr/bin/ceph: stderr
2024-03-22T04:45:24.581+0000 7fc847f82700 1 --2- 172.21.15.131:0/42747108 >> [v2:172.21.15.131:3300/0,v1:172.21.15.131:6789/0] conn(0x7fc8401053f0 0x7fc840105810 secure :-1 s=READY pgs=22 cs=0 l=1 rev1=1 crypto rx=0x7fc8300098a0 tx=0x7fc830009bb0 comp rx=0 tx=0).stop
2024-03-22T04:45:25.820 INFO:teuthology.orchestra.run.smithi131.stdout:/usr/bin/ceph: stderr
2024-03-22T04:45:24.581+0000 7fc847f82700 1 -- 172.21.15.131:0/42747108 shutdown_connections
2024-03-22T04:45:25.820 INFO:teuthology.orchestra.run.smithi131.stdout:/usr/bin/ceph: stderr
2024-03-22T04:45:24.581+0000 7fc847f82700 1 --2- 172.21.15.131:0/42747108 >> [v2:172.21.15.131:3300/0,v1:172.21.15.131:6789/0] conn(0x7fc8401053f0 0x7fc840105810 unknown :-1 s=CLOSED pgs=22 cs=0 l=1 rev1=1 crypto rx=0 tx=0 comp rx=0 tx=0).stop
2024-03-22T04:45:25.821 INFO:teuthology.orchestra.run.smithi131.stdout:/usr/bin/ceph: stderr
2024-03-22T04:45:24.581+0000 7fc847f82700 1 -- 172.21.15.131:0/42747108 >> 172.21.15.131:0/42747108 conn(0x7fc8401009d0 msgr2=0x7fc840102df0 unknown :-1 s=STATE_NONE l=0).mark_down
2024-03-22T04:45:25.821 INFO:teuthology.orchestra.run.smithi131.stdout:/usr/bin/ceph: stderr
2024-03-22T04:45:24.581+0000 7fc847f82700 1 -- 172.21.15.131:0/42747108 shutdown_connections
2024-03-22T04:45:25.821 INFO:teuthology.orchestra.run.smithi131.stdout:/usr/bin/ceph: stderr
2024-03-22T04:45:24.581+0000 7fc847f82700 1 -- 172.21.15.131:0/42747108 wait complete.
2024-03-22T04:45:25.821 INFO:teuthology.orchestra.run.smithi131.stdout:/usr/bin/ceph: stderr
2024-03-22T04:45:24.582+0000 7fc847f82700 1 Processor -- start
2024-03-22T04:45:25.821 INFO:teuthology.orchestra.run.smithi131.stdout:/usr/bin/ceph: stderr
2024-03-22T04:45:24.582+0000 7fc847f82700 1 -- start start
2024-03-22T04:45:25.821 INFO:teuthology.orchestra.run.smithi131.stdout:/usr/bin/ceph: stderr
2024-03-22T04:45:24.582+0000 7fc847f82700 1 --2- >> [v2:172.21.15.131:3300/0,v1:172.21.15.131:6789/0] conn(0x7fc8401053f0 0x7fc84019a280 unknown :-1 s=NONE pgs=0 cs=0 l=1 rev1=0 crypto rx=0 tx=0 comp rx=0 tx=0).connect
2024-03-22T04:45:25.821 INFO:teuthology.orchestra.run.smithi131.stdout:/usr/bin/ceph: stderr
2024-03-22T04:45:24.582+0000 7fc847f82700 1 -- --> [v2:172.21.15.131:3300/0,v1:172.21.15.131:6789/0] -- mon_getmap magic: 0 v1 -- 0x7fc84019a7c0 con 0x7fc8401053f0
2024-03-22T04:45:25.821 INFO:teuthology.orchestra.run.smithi131.stdout:/usr/bin/ceph: stderr
2024-03-22T04:45:24.582+0000 7fc845d1e700 1 --2- >> [v2:172.21.15.131:3300/0,v1:172.21.15.131:6789/0] conn(0x7fc8401053f0 0x7fc84019a280 unknown :-1 s=BANNER_CONNECTING pgs=0 cs=0 l=1 rev1=0 crypto rx=0 tx=0 comp rx=0 tx=0)._handle_peer_banner_payload supported=3 required=0
2024-03-22T04:45:25.821 INFO:teuthology.orchestra.run.smithi131.stdout:/usr/bin/ceph: stderr
2024-03-22T04:45:24.582+0000 7fc845d1e700 1 --2- >> [v2:172.21.15.131:3300/0,v1:172.21.15.131:6789/0] conn(0x7fc8401053f0 0x7fc84019a280 unknown :-1 s=HELLO_CONNECTING pgs=0 cs=0 l=1 rev1=1 crypto rx=0 tx=0 comp rx=0 tx=0).handle_hello peer v2:172.21.15.131:3300/0 says I am v2:172.21.15.131:56982/0 (socket says 172.21.15.131:56982)
2024-03-22T04:45:25.821 INFO:teuthology.orchestra.run.smithi131.stdout:/usr/bin/ceph: stderr
2024-03-22T04:45:24.582+0000 7fc845d1e700 1 -- 172.21.15.131:0/3673368604 learned_addr learned my addr 172.21.15.131:0/3673368604 (peer_addr_for_me v2:172.21.15.131:0/0)
2024-03-22T04:45:25.821 INFO:teuthology.orchestra.run.smithi131.stdout:/usr/bin/ceph: stderr
2024-03-22T04:45:24.583+0000 7fc845d1e700 1 -- 172.21.15.131:0/3673368604 --> [v2:172.21.15.131:3300/0,v1:172.21.15.131:6789/0] -- mon_subscribe({config=0+,monmap=0+}) v3 -- 0x7fc830009550 con 0x7fc8401053f0
2024-03-22T04:45:25.821 INFO:teuthology.orchestra.run.smithi131.stdout:/usr/bin/ceph: stderr
2024-03-22T04:45:24.583+0000 7fc845d1e700 1 --2- 172.21.15.131:0/3673368604 >> [v2:172.21.15.131:3300/0,v1:172.21.15.131:6789/0] conn(0x7fc8401053f0 0x7fc84019a280 secure :-1 s=READY pgs=23 cs=0 l=1 rev1=1 crypto rx=0x7fc830011710 tx=0x7fc8300047c0 comp rx=0 tx=0).ready entity=mon.0 client_cookie=0 server_cookie=0 in_seq=0 out_seq=0
2024-03-22T04:45:25.821 INFO:teuthology.orchestra.run.smithi131.stdout:/usr/bin/ceph: stderr
2024-03-22T04:45:24.583+0000 7fc836ffd700 1 -- 172.21.15.131:0/3673368604 <== mon.0 v2:172.21.15.131:3300/0 1 ==== mon_map magic: 0 v1 ==== 229+0+0 (secure 0 0 0) 0x7fc830003b10 con 0x7fc8401053f0
2024-03-22T04:45:25.821 INFO:teuthology.orchestra.run.smithi131.stdout:/usr/bin/ceph: stderr
2024-03-22T04:45:24.583+0000 7fc836ffd700 1 -- 172.21.15.131:0/3673368604 <== mon.0 v2:172.21.15.131:3300/0 2 ==== config(27 keys) v1 ==== 1042+0+0 (secure 0 0 0) 0x7fc83001b8c0 con 0x7fc8401053f0
2024-03-22T04:45:25.822 INFO:teuthology.orchestra.run.smithi131.stdout:/usr/bin/ceph: stderr
2024-03-22T04:45:24.583+0000 7fc847f82700 1 -- 172.21.15.131:0/3673368604 --> [v2:172.21.15.131:3300/0,v1:172.21.15.131:6789/0] -- mon_subscribe({mgrmap=0+}) v3 -- 0x7fc84019a9c0 con 0x7fc8401053f0
2024-03-22T04:45:25.822 INFO:teuthology.orchestra.run.smithi131.stdout:/usr/bin/ceph: stderr
2024-03-22T04:45:24.583+0000 7fc836ffd700 1 -- 172.21.15.131:0/3673368604 <== mon.0 v2:172.21.15.131:3300/0 3 ==== mon_map magic: 0 v1 ==== 229+0+0 (secure 0 0 0) 0x7fc830019710 con 0x7fc8401053f0
2024-03-22T04:45:25.822 INFO:teuthology.orchestra.run.smithi131.stdout:/usr/bin/ceph: stderr
2024-03-22T04:45:24.583+0000 7fc847f82700 1 -- 172.21.15.131:0/3673368604 --> [v2:172.21.15.131:3300/0,v1:172.21.15.131:6789/0] -- mon_subscribe({osdmap=0}) v3 -- 0x7fc84019ae60 con 0x7fc8401053f0
2024-03-22T04:45:25.822 INFO:teuthology.orchestra.run.smithi131.stdout:/usr/bin/ceph: stderr
2024-03-22T04:45:24.584+0000 7fc836ffd700 1 -- 172.21.15.131:0/3673368604 <== mon.0 v2:172.21.15.131:3300/0 4 ==== mgrmap(e 4) v1 ==== 45537+0+0 (secure 0 0 0) 0x7fc83001ba30 con 0x7fc8401053f0
2024-03-22T04:45:25.822 INFO:teuthology.orchestra.run.smithi131.stdout:/usr/bin/ceph: stderr
2024-03-22T04:45:24.584+0000 7fc847f82700 1 -- 172.21.15.131:0/3673368604 --> [v2:172.21.15.131:3300/0,v1:172.21.15.131:6789/0] -- mon_command({"prefix": "get_command_descriptions"} v 0) v1 -- 0x7fc840194410 con 0x7fc8401053f0
2024-03-22T04:45:25.822 INFO:teuthology.orchestra.run.smithi131.stdout:/usr/bin/ceph: stderr
2024-03-22T04:45:24.584+0000 7fc836ffd700 1 --2- 172.21.15.131:0/3673368604 >> [v2:172.21.15.131:6800/1144090080,v1:172.21.15.131:6801/1144090080] conn(0x7fc82c0386e0 0x7fc82c03aba0 unknown :-1 s=NONE pgs=0 cs=0 l=1 rev1=0 crypto rx=0 tx=0 comp rx=0 tx=0).connect
2024-03-22T04:45:25.822 INFO:teuthology.orchestra.run.smithi131.stdout:/usr/bin/ceph: stderr
2024-03-22T04:45:24.584+0000 7fc836ffd700 1 -- 172.21.15.131:0/3673368604 <== mon.0 v2:172.21.15.131:3300/0 5 ==== osd_map(1..1 src has 1..1) v4 ==== 725+0+0 (secure 0 0 0) 0x7fc83004ca60 con 0x7fc8401053f0
2024-03-22T04:45:25.822 INFO:teuthology.orchestra.run.smithi131.stdout:/usr/bin/ceph: stderr
2024-03-22T04:45:24.584+0000 7fc84551d700 1 --2- 172.21.15.131:0/3673368604 >> [v2:172.21.15.131:6800/1144090080,v1:172.21.15.131:6801/1144090080] conn(0x7fc82c0386e0 0x7fc82c03aba0 unknown :-1 s=BANNER_CONNECTING pgs=0 cs=0 l=1 rev1=0 crypto rx=0 tx=0 comp rx=0 tx=0)._handle_peer_banner_payload supported=3 required=0
2024-03-22T04:45:25.822 INFO:teuthology.orchestra.run.smithi131.stdout:/usr/bin/ceph: stderr
2024-03-22T04:45:24.584+0000 7fc84551d700 1 --2- 172.21.15.131:0/3673368604 >> [v2:172.21.15.131:6800/1144090080,v1:172.21.15.131:6801/1144090080] conn(0x7fc82c0386e0 0x7fc82c03aba0 secure :-1 s=READY pgs=8 cs=0 l=1 rev1=1 crypto rx=0x7fc83c006fd0 tx=0x7fc83c006e40 comp rx=0 tx=0).ready entity=mgr.14100 client_cookie=0 server_cookie=0 in_seq=0 out_seq=0
2024-03-22T04:45:25.822 INFO:teuthology.orchestra.run.smithi131.stdout:/usr/bin/ceph: stderr
2024-03-22T04:45:24.589+0000 7fc836ffd700 1 -- 172.21.15.131:0/3673368604 <== mon.0 v2:172.21.15.131:3300/0 6 ==== mon_command_ack([{"prefix": "get_command_descriptions"}]=0 v0) v1 ==== 72+0+182738 (secure 0 0 0) 0x7fc83001b440 con 0x7fc8401053f0
2024-03-22T04:45:25.822 INFO:teuthology.orchestra.run.smithi131.stdout:/usr/bin/ceph: stderr
2024-03-22T04:45:24.830+0000 7fc847f82700 1 -- 172.21.15.131:0/3673368604 --> [v2:172.21.15.131:3300/0,v1:172.21.15.131:6789/0] -- mon_command({"prefix": "mgr module enable", "module": "cephadm"} v 0) v1 -- 0x7fc84002d0d0 con 0x7fc8401053f0
2024-03-22T04:45:25.822 INFO:teuthology.orchestra.run.smithi131.stdout:/usr/bin/ceph: stderr
2024-03-22T04:45:25.251+0000 7fc836ffd700 1 -- 172.21.15.131:0/3673368604 <== mon.0 v2:172.21.15.131:3300/0 7 ==== mgrmap(e 5) v1 ==== 45548+0+0 (secure 0 0 0) 0x7fc830019870 con 0x7fc8401053f0
2024-03-22T04:45:25.822 INFO:teuthology.orchestra.run.smithi131.stdout:/usr/bin/ceph: stderr
2024-03-22T04:45:25.252+0000 7fc836ffd700 1 -- 172.21.15.131:0/3673368604 <== mon.0 v2:172.21.15.131:3300/0 8 ==== mon_command_ack([{"prefix": "mgr module enable", "module": "cephadm"}]=0 v5) v1 ==== 86+0+0 (secure 0 0 0) 0x7fc830019d90 con 0x7fc8401053f0
2024-03-22T04:45:25.823 INFO:teuthology.orchestra.run.smithi131.stdout:/usr/bin/ceph: stderr
2024-03-22T04:45:25.255+0000 7fc847f82700 1 -- 172.21.15.131:0/3673368604 >> [v2:172.21.15.131:6800/1144090080,v1:172.21.15.131:6801/1144090080] conn(0x7fc82c0386e0 msgr2=0x7fc82c03aba0 secure :-1 s=STATE_CONNECTION_ESTABLISHED l=1).mark_down
2024-03-22T04:45:25.823 INFO:teuthology.orchestra.run.smithi131.stdout:/usr/bin/ceph: stderr
2024-03-22T04:45:25.255+0000 7fc847f82700 1 --2- 172.21.15.131:0/3673368604 >> [v2:172.21.15.131:6800/1144090080,v1:172.21.15.131:6801/1144090080] conn(0x7fc82c0386e0 0x7fc82c03aba0 secure :-1 s=READY pgs=8 cs=0 l=1 rev1=1 crypto rx=0x7fc83c006fd0 tx=0x7fc83c006e40 comp rx=0 tx=0).stop
2024-03-22T04:45:25.823 INFO:teuthology.orchestra.run.smithi131.stdout:/usr/bin/ceph: stderr
2024-03-22T04:45:25.255+0000 7fc847f82700 1 -- 172.21.15.131:0/3673368604 >> [v2:172.21.15.131:3300/0,v1:172.21.15.131:6789/0] conn(0x7fc8401053f0 msgr2=0x7fc84019a280 secure :-1 s=STATE_CONNECTION_ESTABLISHED l=1).mark_down
2024-03-22T04:45:25.823 INFO:teuthology.orchestra.run.smithi131.stdout:/usr/bin/ceph: stderr
2024-03-22T04:45:25.255+0000 7fc847f82700 1 --2- 172.21.15.131:0/3673368604 >> [v2:172.21.15.131:3300/0,v1:172.21.15.131:6789/0] conn(0x7fc8401053f0 0x7fc84019a280 secure :-1 s=READY pgs=23 cs=0 l=1 rev1=1 crypto rx=0x7fc830011710 tx=0x7fc8300047c0 comp rx=0 tx=0).stop
2024-03-22T04:45:25.823 INFO:teuthology.orchestra.run.smithi131.stdout:/usr/bin/ceph: stderr
2024-03-22T04:45:25.255+0000 7fc847f82700 1 -- 172.21.15.131:0/3673368604 shutdown_connections
2024-03-22T04:45:25.823 INFO:teuthology.orchestra.run.smithi131.stdout:/usr/bin/ceph: stderr
2024-03-22T04:45:25.255+0000 7fc847f82700 1 --2- 172.21.15.131:0/3673368604 >> [v2:172.21.15.131:6800/1144090080,v1:172.21.15.131:6801/1144090080] conn(0x7fc82c0386e0 0x7fc82c03aba0 unknown :-1 s=CLOSED pgs=8 cs=0 l=1 rev1=1 crypto rx=0 tx=0 comp rx=0 tx=0).stop
2024-03-22T04:45:25.823 INFO:teuthology.orchestra.run.smithi131.stdout:/usr/bin/ceph: stderr
2024-03-22T04:45:25.255+0000 7fc847f82700 1 --2- 172.21.15.131:0/3673368604 >> [v2:172.21.15.131:3300/0,v1:172.21.15.131:6789/0] conn(0x7fc8401053f0 0x7fc84019a280 unknown :-1 s=CLOSED pgs=23 cs=0 l=1 rev1=1 crypto rx=0 tx=0 comp rx=0 tx=0).stop
2024-03-22T04:45:25.823 INFO:teuthology.orchestra.run.smithi131.stdout:/usr/bin/ceph: stderr
2024-03-22T04:45:25.255+0000 7fc847f82700 1 -- 172.21.15.131:0/3673368604 >> 172.21.15.131:0/3673368604 conn(0x7fc8401009d0 msgr2=0x7fc840101890 unknown :-1 s=STATE_NONE l=0).mark_down
2024-03-22T04:45:25.823 INFO:teuthology.orchestra.run.smithi131.stdout:/usr/bin/ceph: stderr
2024-03-22T04:45:25.255+0000 7fc847f82700 1 -- 172.21.15.131:0/3673368604 shutdown_connections
2024-03-22T04:45:25.823 INFO:teuthology.orchestra.run.smithi131.stdout:/usr/bin/ceph: stderr
2024-03-22T04:45:25.255+0000 7fc847f82700 1 -- 172.21.15.131:0/3673368604 wait complete.
2024-03-22T04:45:26.452 INFO:journalctl@ceph.mon.smithi131.smithi131.stdout:Mar 22 04:45:26 smithi131 ceph-mon[29229]: from='client.? 172.21.15.131:0/3673368604' entity='client.admin' cmd='[{"prefix": "mgr module enable", "module": "cephadm"}]': finished
2024-03-22T04:45:26.452 INFO:journalctl@ceph.mon.smithi131.smithi131.stdout:Mar 22 04:45:26 smithi131 ceph-mon[29229]: mgrmap e5: smithi131.fairyp(active, since 6s)
2024-03-22T04:45:27.077 INFO:teuthology.orchestra.run.smithi131.stdout:/usr/bin/ceph: stdout {
2024-03-22T04:45:27.077 INFO:teuthology.orchestra.run.smithi131.stdout:/usr/bin/ceph: stdout "epoch": 5,
2024-03-22T04:45:27.077 INFO:teuthology.orchestra.run.smithi131.stdout:/usr/bin/ceph: stdout "available": true,
2024-03-22T04:45:27.077 INFO:teuthology.orchestra.run.smithi131.stdout:/usr/bin/ceph: stdout "active_name": "smithi131.fairyp",
2024-03-22T04:45:27.077 INFO:teuthology.orchestra.run.smithi131.stdout:/usr/bin/ceph: stdout "num_standby": 0
2024-03-22T04:45:27.077 INFO:teuthology.orchestra.run.smithi131.stdout:/usr/bin/ceph: stdout }
2024-03-22T04:45:27.077 INFO:teuthology.orchestra.run.smithi131.stdout:/usr/bin/ceph: stderr
2024-03-22T04:45:26.246+0000 7f73b5020700 1 Processor -- start
2024-03-22T04:45:27.077 INFO:teuthology.orchestra.run.smithi131.stdout:/usr/bin/ceph: stderr
2024-03-22T04:45:26.246+0000 7f73b5020700 1 -- start start
2024-03-22T04:45:27.077 INFO:teuthology.orchestra.run.smithi131.stdout:/usr/bin/ceph: stderr
2024-03-22T04:45:26.246+0000 7f73b5020700 1 --2- >> [v2:172.21.15.131:3300/0,v1:172.21.15.131:6789/0] conn(0x7f73b01053c0 0x7f73b01057e0 unknown :-1 s=NONE pgs=0 cs=0 l=0 rev1=0 crypto rx=0 tx=0 comp rx=0 tx=0).connect
2024-03-22T04:45:27.077 INFO:teuthology.orchestra.run.smithi131.stdout:/usr/bin/ceph: stderr
2024-03-22T04:45:26.246+0000 7f73b5020700 1 -- --> [v2:172.21.15.131:3300/0,v1:172.21.15.131:6789/0] -- mon_getmap magic: 0 v1 -- 0x7f73b0105db0 con 0x7f73b01053c0
2024-03-22T04:45:27.078 INFO:teuthology.orchestra.run.smithi131.stdout:/usr/bin/ceph: stderr
2024-03-22T04:45:26.246+0000 7f73aed9d700 1 --2- >> [v2:172.21.15.131:3300/0,v1:172.21.15.131:6789/0] conn(0x7f73b01053c0 0x7f73b01057e0 unknown :-1 s=BANNER_CONNECTING pgs=0 cs=0 l=0 rev1=0 crypto rx=0 tx=0 comp rx=0 tx=0)._handle_peer_banner_payload supported=3 required=0
2024-03-22T04:45:27.078 INFO:teuthology.orchestra.run.smithi131.stdout:/usr/bin/ceph: stderr
2024-03-22T04:45:26.246+0000 7f73aed9d700 1 --2- >> [v2:172.21.15.131:3300/0,v1:172.21.15.131:6789/0] conn(0x7f73b01053c0 0x7f73b01057e0 unknown :-1 s=HELLO_CONNECTING pgs=0 cs=0 l=0 rev1=1 crypto rx=0 tx=0 comp rx=0 tx=0).handle_hello peer v2:172.21.15.131:3300/0 says I am v2:172.21.15.131:42674/0 (socket says 172.21.15.131:42674)
2024-03-22T04:45:27.078 INFO:teuthology.orchestra.run.smithi131.stdout:/usr/bin/ceph: stderr
2024-03-22T04:45:26.246+0000 7f73aed9d700 1 -- 172.21.15.131:0/1837013972 learned_addr learned my addr 172.21.15.131:0/1837013972 (peer_addr_for_me v2:172.21.15.131:0/0)
2024-03-22T04:45:27.078 INFO:teuthology.orchestra.run.smithi131.stdout:/usr/bin/ceph: stderr
2024-03-22T04:45:26.246+0000 7f73aed9d700 1 -- 172.21.15.131:0/1837013972 --> [v2:172.21.15.131:3300/0,v1:172.21.15.131:6789/0] -- mon_subscribe({config=0+,monmap=0+}) v3 -- 0x7f73b01065c0 con 0x7f73b01053c0
2024-03-22T04:45:27.078 INFO:teuthology.orchestra.run.smithi131.stdout:/usr/bin/ceph: stderr
2024-03-22T04:45:26.246+0000 7f73aed9d700 1 --2- 172.21.15.131:0/1837013972 >> [v2:172.21.15.131:3300/0,v1:172.21.15.131:6789/0] conn(0x7f73b01053c0 0x7f73b01057e0 secure :-1 s=READY pgs=26 cs=0 l=1 rev1=1 crypto rx=0x7f73a000bb40 tx=0x7f73a000be50 comp rx=0 tx=0).ready entity=mon.0 client_cookie=d53b2c45eac60972 server_cookie=0 in_seq=0 out_seq=0
2024-03-22T04:45:27.078 INFO:teuthology.orchestra.run.smithi131.stdout:/usr/bin/ceph: stderr
2024-03-22T04:45:26.247+0000 7f73add9b700 1 -- 172.21.15.131:0/1837013972 <== mon.0 v2:172.21.15.131:3300/0 1 ==== mon_map magic: 0 v1 ==== 229+0+0 (secure 0 0 0) 0x7f73a000dc00 con 0x7f73b01053c0
2024-03-22T04:45:27.078 INFO:teuthology.orchestra.run.smithi131.stdout:/usr/bin/ceph: stderr
2024-03-22T04:45:26.247+0000 7f73add9b700 1 -- 172.21.15.131:0/1837013972 <== mon.0 v2:172.21.15.131:3300/0 2 ==== config(27 keys) v1 ==== 1042+0+0 (secure 0 0 0) 0x7f73a00044b0 con 0x7f73b01053c0
2024-03-22T04:45:27.078 INFO:teuthology.orchestra.run.smithi131.stdout:/usr/bin/ceph: stderr
2024-03-22T04:45:26.247+0000 7f73add9b700 1 -- 172.21.15.131:0/1837013972 <== mon.0 v2:172.21.15.131:3300/0 3 ==== mon_map magic: 0 v1 ==== 229+0+0 (secure 0 0 0) 0x7f73a0010470 con 0x7f73b01053c0
2024-03-22T04:45:27.078 INFO:teuthology.orchestra.run.smithi131.stdout:/usr/bin/ceph: stderr
2024-03-22T04:45:26.247+0000 7f73b5020700 1 -- 172.21.15.131:0/1837013972 >> [v2:172.21.15.131:3300/0,v1:172.21.15.131:6789/0] conn(0x7f73b01053c0 msgr2=0x7f73b01057e0 secure :-1 s=STATE_CONNECTION_ESTABLISHED l=1).mark_down
2024-03-22T04:45:27.078 INFO:teuthology.orchestra.run.smithi131.stdout:/usr/bin/ceph: stderr
2024-03-22T04:45:26.247+0000 7f73b5020700 1 --2- 172.21.15.131:0/1837013972 >> [v2:172.21.15.131:3300/0,v1:172.21.15.131:6789/0] conn(0x7f73b01053c0 0x7f73b01057e0 secure :-1 s=READY pgs=26 cs=0 l=1 rev1=1 crypto rx=0x7f73a000bb40 tx=0x7f73a000be50 comp rx=0 tx=0).stop
2024-03-22T04:45:27.078 INFO:teuthology.orchestra.run.smithi131.stdout:/usr/bin/ceph: stderr
2024-03-22T04:45:26.247+0000 7f73b5020700 1 -- 172.21.15.131:0/1837013972 shutdown_connections
2024-03-22T04:45:27.078 INFO:teuthology.orchestra.run.smithi131.stdout:/usr/bin/ceph: stderr
2024-03-22T04:45:26.247+0000 7f73b5020700 1 --2- 172.21.15.131:0/1837013972 >> [v2:172.21.15.131:3300/0,v1:172.21.15.131:6789/0] conn(0x7f73b01053c0 0x7f73b01057e0 unknown :-1 s=CLOSED pgs=26 cs=0 l=1 rev1=1 crypto rx=0 tx=0 comp rx=0 tx=0).stop
2024-03-22T04:45:27.078 INFO:teuthology.orchestra.run.smithi131.stdout:/usr/bin/ceph: stderr
2024-03-22T04:45:26.247+0000 7f73b5020700 1 -- 172.21.15.131:0/1837013972 >> 172.21.15.131:0/1837013972 conn(0x7f73b01009c0 msgr2=0x7f73b0102de0 unknown :-1 s=STATE_NONE l=0).mark_down
2024-03-22T04:45:27.079 INFO:teuthology.orchestra.run.smithi131.stdout:/usr/bin/ceph: stderr
2024-03-22T04:45:26.247+0000 7f73b5020700 1 -- 172.21.15.131:0/1837013972 shutdown_connections
2024-03-22T04:45:27.079 INFO:teuthology.orchestra.run.smithi131.stdout:/usr/bin/ceph: stderr
2024-03-22T04:45:26.247+0000 7f73b5020700 1 -- 172.21.15.131:0/1837013972 wait complete.
2024-03-22T04:45:27.079 INFO:teuthology.orchestra.run.smithi131.stdout:/usr/bin/ceph: stderr
2024-03-22T04:45:26.248+0000 7f73b5020700 1 Processor -- start
2024-03-22T04:45:27.079 INFO:teuthology.orchestra.run.smithi131.stdout:/usr/bin/ceph: stderr
2024-03-22T04:45:26.248+0000 7f73b5020700 1 -- start start
2024-03-22T04:45:27.079 INFO:teuthology.orchestra.run.smithi131.stdout:/usr/bin/ceph: stderr
2024-03-22T04:45:26.248+0000 7f73b5020700 1 --2- >> [v2:172.21.15.131:3300/0,v1:172.21.15.131:6789/0] conn(0x7f73b01053c0 0x7f73b0197f60 unknown :-1 s=NONE pgs=0 cs=0 l=1 rev1=0 crypto rx=0 tx=0 comp rx=0 tx=0).connect
2024-03-22T04:45:27.079 INFO:teuthology.orchestra.run.smithi131.stdout:/usr/bin/ceph: stderr
2024-03-22T04:45:26.248+0000 7f73b5020700 1 -- --> [v2:172.21.15.131:3300/0,v1:172.21.15.131:6789/0] -- mon_getmap magic: 0 v1 -- 0x7f73b01984a0 con 0x7f73b01053c0
2024-03-22T04:45:27.079 INFO:teuthology.orchestra.run.smithi131.stdout:/usr/bin/ceph: stderr
2024-03-22T04:45:26.248+0000 7f73aed9d700 1 --2- >> [v2:172.21.15.131:3300/0,v1:172.21.15.131:6789/0] conn(0x7f73b01053c0 0x7f73b0197f60 unknown :-1 s=BANNER_CONNECTING pgs=0 cs=0 l=1 rev1=0 crypto rx=0 tx=0 comp rx=0 tx=0)._handle_peer_banner_payload supported=3 required=0
2024-03-22T04:45:27.079 INFO:teuthology.orchestra.run.smithi131.stdout:/usr/bin/ceph: stderr
2024-03-22T04:45:26.249+0000 7f73aed9d700 1 --2- >> [v2:172.21.15.131:3300/0,v1:172.21.15.131:6789/0] conn(0x7f73b01053c0 0x7f73b0197f60 unknown :-1 s=HELLO_CONNECTING pgs=0 cs=0 l=1 rev1=1 crypto rx=0 tx=0 comp rx=0 tx=0).handle_hello peer v2:172.21.15.131:3300/0 says I am v2:172.21.15.131:42688/0 (socket says 172.21.15.131:42688)
2024-03-22T04:45:27.079 INFO:teuthology.orchestra.run.smithi131.stdout:/usr/bin/ceph: stderr
2024-03-22T04:45:26.249+0000 7f73aed9d700 1 -- 172.21.15.131:0/1457340621 learned_addr learned my addr 172.21.15.131:0/1457340621 (peer_addr_for_me v2:172.21.15.131:0/0)
2024-03-22T04:45:27.079 INFO:teuthology.orchestra.run.smithi131.stdout:/usr/bin/ceph: stderr
2024-03-22T04:45:26.249+0000 7f73aed9d700 1 -- 172.21.15.131:0/1457340621 --> [v2:172.21.15.131:3300/0,v1:172.21.15.131:6789/0] -- mon_subscribe({config=0+,monmap=0+}) v3 -- 0x7f73a000b7f0 con 0x7f73b01053c0
2024-03-22T04:45:27.079 INFO:teuthology.orchestra.run.smithi131.stdout:/usr/bin/ceph: stderr
2024-03-22T04:45:26.249+0000 7f73aed9d700 1 --2- 172.21.15.131:0/1457340621 >> [v2:172.21.15.131:3300/0,v1:172.21.15.131:6789/0] conn(0x7f73b01053c0 0x7f73b0197f60 secure :-1 s=READY pgs=27 cs=0 l=1 rev1=1 crypto rx=0x7f73a000b340 tx=0x7f73a0003fd0 comp rx=0 tx=0).ready entity=mon.0 client_cookie=0 server_cookie=0 in_seq=0 out_seq=0
2024-03-22T04:45:27.079 INFO:teuthology.orchestra.run.smithi131.stdout:/usr/bin/ceph: stderr
2024-03-22T04:45:26.249+0000 7f7397fff700 1 -- 172.21.15.131:0/1457340621 <== mon.0 v2:172.21.15.131:3300/0 1 ==== mon_map magic: 0 v1 ==== 229+0+0 (secure 0 0 0) 0x7f73a001e070 con 0x7f73b01053c0
2024-03-22T04:45:27.079 INFO:teuthology.orchestra.run.smithi131.stdout:/usr/bin/ceph: stderr
2024-03-22T04:45:26.249+0000 7f73b5020700 1 -- 172.21.15.131:0/1457340621 --> [v2:172.21.15.131:3300/0,v1:172.21.15.131:6789/0] -- mon_subscribe({mgrmap=0+}) v3 -- 0x7f73b01986a0 con 0x7f73b01053c0
2024-03-22T04:45:27.079 INFO:teuthology.orchestra.run.smithi131.stdout:/usr/bin/ceph: stderr
2024-03-22T04:45:26.249+0000 7f7397fff700 1 -- 172.21.15.131:0/1457340621 <== mon.0 v2:172.21.15.131:3300/0 2 ==== config(27 keys) v1 ==== 1042+0+0 (secure 0 0 0) 0x7f73a0010b60 con 0x7f73b01053c0
2024-03-22T04:45:27.079 INFO:teuthology.orchestra.run.smithi131.stdout:/usr/bin/ceph: stderr
2024-03-22T04:45:26.249+0000 7f7397fff700 1 -- 172.21.15.131:0/1457340621 <== mon.0 v2:172.21.15.131:3300/0 3 ==== mon_map magic: 0 v1 ==== 229+0+0 (secure 0 0 0) 0x7f73a0022ab0 con 0x7f73b01053c0
2024-03-22T04:45:27.080 INFO:teuthology.orchestra.run.smithi131.stdout:/usr/bin/ceph: stderr
2024-03-22T04:45:26.249+0000 7f73b5020700 1 -- 172.21.15.131:0/1457340621 --> [v2:172.21.15.131:3300/0,v1:172.21.15.131:6789/0] -- mon_subscribe({osdmap=0}) v3 -- 0x7f73b0198ac0 con 0x7f73b01053c0
2024-03-22T04:45:27.080 INFO:teuthology.orchestra.run.smithi131.stdout:/usr/bin/ceph: stderr
2024-03-22T04:45:26.250+0000 7f7397fff700 1 -- 172.21.15.131:0/1457340621 <== mon.0 v2:172.21.15.131:3300/0 4 ==== mgrmap(e 5) v1 ==== 45548+0+0 (secure 0 0 0) 0x7f73a002c440 con 0x7f73b01053c0
2024-03-22T04:45:27.080 INFO:teuthology.orchestra.run.smithi131.stdout:/usr/bin/ceph: stderr
2024-03-22T04:45:26.250+0000 7f73b5020700 1 -- 172.21.15.131:0/1457340621 --> [v2:172.21.15.131:3300/0,v1:172.21.15.131:6789/0] -- mon_command({"prefix": "get_command_descriptions"} v 0) v1 -- 0x7f73b00623e0 con 0x7f73b01053c0
2024-03-22T04:45:27.080 INFO:teuthology.orchestra.run.smithi131.stdout:/usr/bin/ceph: stderr
2024-03-22T04:45:26.250+0000 7f7397fff700 1 --2- 172.21.15.131:0/1457340621 >> [v2:172.21.15.131:6800/1144090080,v1:172.21.15.131:6801/1144090080] conn(0x7f7398038720 0x7f739803abe0 unknown :-1 s=NONE pgs=0 cs=0 l=1 rev1=0 crypto rx=0 tx=0 comp rx=0 tx=0).connect
2024-03-22T04:45:27.080 INFO:teuthology.orchestra.run.smithi131.stdout:/usr/bin/ceph: stderr
2024-03-22T04:45:26.250+0000 7f7397fff700 1 -- 172.21.15.131:0/1457340621 <== mon.0 v2:172.21.15.131:3300/0 5 ==== osd_map(1..1 src has 1..1) v4 ==== 725+0+0 (secure 0 0 0) 0x7f73a004eb10 con 0x7f73b01053c0
2024-03-22T04:45:27.080 INFO:teuthology.orchestra.run.smithi131.stdout:/usr/bin/ceph: stderr
2024-03-22T04:45:26.250+0000 7f73ae59c700 1 -- 172.21.15.131:0/1457340621 >> [v2:172.21.15.131:6800/1144090080,v1:172.21.15.131:6801/1144090080] conn(0x7f7398038720 msgr2=0x7f739803abe0 unknown :-1 s=STATE_CONNECTING_RE l=1).process reconnect failed to v2:172.21.15.131:6800/1144090080
2024-03-22T04:45:27.080 INFO:teuthology.orchestra.run.smithi131.stdout:/usr/bin/ceph: stderr
2024-03-22T04:45:26.250+0000 7f73ae59c700 1 --2- 172.21.15.131:0/1457340621 >> [v2:172.21.15.131:6800/1144090080,v1:172.21.15.131:6801/1144090080] conn(0x7f7398038720 0x7f739803abe0 unknown :-1 s=START_CONNECT pgs=0 cs=0 l=1 rev1=0 crypto rx=0 tx=0 comp rx=0 tx=0)._fault waiting 0.200000
2024-03-22T04:45:27.080 INFO:teuthology.orchestra.run.smithi131.stdout:/usr/bin/ceph: stderr
2024-03-22T04:45:26.255+0000 7f7397fff700 1 -- 172.21.15.131:0/1457340621 <== mon.0 v2:172.21.15.131:3300/0 6 ==== mon_command_ack([{"prefix": "get_command_descriptions"}]=0 v0) v1 ==== 72+0+182738 (secure 0 0 0) 0x7f73a002a950 con 0x7f73b01053c0
2024-03-22T04:45:27.080 INFO:teuthology.orchestra.run.smithi131.stdout:/usr/bin/ceph: stderr
2024-03-22T04:45:26.451+0000 7f73ae59c700 1 -- 172.21.15.131:0/1457340621 >> [v2:172.21.15.131:6800/1144090080,v1:172.21.15.131:6801/1144090080] conn(0x7f7398038720 msgr2=0x7f739803abe0 unknown :-1 s=STATE_CONNECTING_RE l=1).process reconnect failed to v2:172.21.15.131:6800/1144090080
2024-03-22T04:45:27.080 INFO:teuthology.orchestra.run.smithi131.stdout:/usr/bin/ceph: stderr
2024-03-22T04:45:26.451+0000 7f73ae59c700 1 --2- 172.21.15.131:0/1457340621 >> [v2:172.21.15.131:6800/1144090080,v1:172.21.15.131:6801/1144090080] conn(0x7f7398038720 0x7f739803abe0 unknown :-1 s=START_CONNECT pgs=0 cs=0 l=1 rev1=0 crypto rx=0 tx=0 comp rx=0 tx=0)._fault waiting 0.400000
2024-03-22T04:45:27.080 INFO:teuthology.orchestra.run.smithi131.stdout:/usr/bin/ceph: stderr
2024-03-22T04:45:26.503+0000 7f73b5020700 1 -- 172.21.15.131:0/1457340621 --> [v2:172.21.15.131:3300/0,v1:172.21.15.131:6789/0] -- mon_command({"prefix": "mgr stat"} v 0) v1 -- 0x7f73b01916a0 con 0x7f73b01053c0
2024-03-22T04:45:27.080 INFO:teuthology.orchestra.run.smithi131.stdout:/usr/bin/ceph: stderr
2024-03-22T04:45:26.504+0000 7f7397fff700 1 -- 172.21.15.131:0/1457340621 <== mon.0 v2:172.21.15.131:3300/0 7 ==== mon_command_ack([{"prefix": "mgr stat"}]=0 v5) v1 ==== 56+0+103 (secure 0 0 0) 0x7f73a0027030 con 0x7f73b01053c0
2024-03-22T04:45:27.080 INFO:teuthology.orchestra.run.smithi131.stdout:/usr/bin/ceph: stderr
2024-03-22T04:45:26.506+0000 7f73b5020700 1 -- 172.21.15.131:0/1457340621 >> [v2:172.21.15.131:6800/1144090080,v1:172.21.15.131:6801/1144090080] conn(0x7f7398038720 msgr2=0x7f739803abe0 unknown :-1 s=STATE_CONNECTING l=1).mark_down
2024-03-22T04:45:27.080 INFO:teuthology.orchestra.run.smithi131.stdout:/usr/bin/ceph: stderr
2024-03-22T04:45:26.506+0000 7f73b5020700 1 --2- 172.21.15.131:0/1457340621 >> [v2:172.21.15.131:6800/1144090080,v1:172.21.15.131:6801/1144090080] conn(0x7f7398038720 0x7f739803abe0 unknown :-1 s=START_CONNECT pgs=0 cs=0 l=1 rev1=0 crypto rx=0 tx=0 comp rx=0 tx=0).stop
2024-03-22T04:45:27.081 INFO:teuthology.orchestra.run.smithi131.stdout:/usr/bin/ceph: stderr
2024-03-22T04:45:26.506+0000 7f73b5020700 1 -- 172.21.15.131:0/1457340621 >> [v2:172.21.15.131:3300/0,v1:172.21.15.131:6789/0] conn(0x7f73b01053c0 msgr2=0x7f73b0197f60 secure :-1 s=STATE_CONNECTION_ESTABLISHED l=1).mark_down
2024-03-22T04:45:27.081 INFO:teuthology.orchestra.run.smithi131.stdout:/usr/bin/ceph: stderr
2024-03-22T04:45:26.506+0000 7f73b5020700 1 --2- 172.21.15.131:0/1457340621 >> [v2:172.21.15.131:3300/0,v1:172.21.15.131:6789/0] conn(0x7f73b01053c0 0x7f73b0197f60 secure :-1 s=READY pgs=27 cs=0 l=1 rev1=1 crypto rx=0x7f73a000b340 tx=0x7f73a0003fd0 comp rx=0 tx=0).stop
2024-03-22T04:45:27.081 INFO:teuthology.orchestra.run.smithi131.stdout:/usr/bin/ceph: stderr
2024-03-22T04:45:26.506+0000 7f73b5020700 1 -- 172.21.15.131:0/1457340621 shutdown_connections
2024-03-22T04:45:27.081 INFO:teuthology.orchestra.run.smithi131.stdout:/usr/bin/ceph: stderr
2024-03-22T04:45:26.506+0000 7f73b5020700 1 --2- 172.21.15.131:0/1457340621 >> [v2:172.21.15.131:6800/1144090080,v1:172.21.15.131:6801/1144090080] conn(0x7f7398038720 0x7f739803abe0 unknown :-1 s=CLOSED pgs=0 cs=0 l=1 rev1=0 crypto rx=0 tx=0 comp rx=0 tx=0).stop
2024-03-22T04:45:27.081 INFO:teuthology.orchestra.run.smithi131.stdout:/usr/bin/ceph: stderr
2024-03-22T04:45:26.506+0000 7f73b5020700 1 --2- 172.21.15.131:0/1457340621 >> [v2:172.21.15.131:3300/0,v1:172.21.15.131:6789/0] conn(0x7f73b01053c0 0x7f73b0197f60 unknown :-1 s=CLOSED pgs=27 cs=0 l=1 rev1=1 crypto rx=0 tx=0 comp rx=0 tx=0).stop
2024-03-22T04:45:27.081 INFO:teuthology.orchestra.run.smithi131.stdout:/usr/bin/ceph: stderr
2024-03-22T04:45:26.506+0000 7f73b5020700 1 -- 172.21.15.131:0/1457340621 >> 172.21.15.131:0/1457340621 conn(0x7f73b01009c0 msgr2=0x7f73b018e780 unknown :-1 s=STATE_NONE l=0).mark_down
2024-03-22T04:45:27.081 INFO:teuthology.orchestra.run.smithi131.stdout:/usr/bin/ceph: stderr
2024-03-22T04:45:26.506+0000 7f73b5020700 1 -- 172.21.15.131:0/1457340621 shutdown_connections
2024-03-22T04:45:27.081 INFO:teuthology.orchestra.run.smithi131.stdout:/usr/bin/ceph: stderr
2024-03-22T04:45:26.506+0000 7f73b5020700 1 -- 172.21.15.131:0/1457340621 wait complete.
2024-03-22T04:45:27.081 INFO:teuthology.orchestra.run.smithi131.stdout:Waiting for the mgr to restart...
2024-03-22T04:45:27.081 INFO:teuthology.orchestra.run.smithi131.stdout:Waiting for mgr epoch 5...
2024-03-22T04:45:27.363 INFO:journalctl@ceph.mon.smithi131.smithi131.stdout:Mar 22 04:45:27 smithi131 ceph-mon[29229]: from='client.? 172.21.15.131:0/1457340621' entity='client.admin' cmd=[{"prefix": "mgr stat"}]: dispatch
2024-03-22T04:45:32.460 INFO:journalctl@ceph.mon.smithi131.smithi131.stdout:Mar 22 04:45:32 smithi131 ceph-mon[29229]: Active manager daemon smithi131.fairyp restarted
2024-03-22T04:45:32.460 INFO:journalctl@ceph.mon.smithi131.smithi131.stdout:Mar 22 04:45:32 smithi131 ceph-mon[29229]: Activating manager daemon smithi131.fairyp
2024-03-22T04:45:32.460 INFO:journalctl@ceph.mon.smithi131.smithi131.stdout:Mar 22 04:45:32 smithi131 ceph-mon[29229]: osdmap e2: 0 total, 0 up, 0 in
2024-03-22T04:45:32.460 INFO:journalctl@ceph.mon.smithi131.smithi131.stdout:Mar 22 04:45:32 smithi131 ceph-mon[29229]: mgrmap e6: smithi131.fairyp(active, starting, since 0.00323141s)
2024-03-22T04:45:32.460 INFO:journalctl@ceph.mon.smithi131.smithi131.stdout:Mar 22 04:45:32 smithi131 ceph-mon[29229]: from='mgr.14120 172.21.15.131:0/1179277543' entity='mgr.smithi131.fairyp' cmd=[{"prefix": "mon metadata", "id": "smithi131"}]: dispatch
2024-03-22T04:45:32.460 INFO:journalctl@ceph.mon.smithi131.smithi131.stdout:Mar 22 04:45:32 smithi131 ceph-mon[29229]: from='mgr.14120 172.21.15.131:0/1179277543' entity='mgr.smithi131.fairyp' cmd=[{"prefix": "mgr metadata", "who": "smithi131.fairyp", "id": "smithi131.fairyp"}]: dispatch
2024-03-22T04:45:32.460 INFO:journalctl@ceph.mon.smithi131.smithi131.stdout:Mar 22 04:45:32 smithi131 ceph-mon[29229]: from='mgr.14120 172.21.15.131:0/1179277543' entity='mgr.smithi131.fairyp' cmd=[{"prefix": "mds metadata"}]: dispatch
2024-03-22T04:45:32.460 INFO:journalctl@ceph.mon.smithi131.smithi131.stdout:Mar 22 04:45:32 smithi131 ceph-mon[29229]: from='mgr.14120 172.21.15.131:0/1179277543' entity='mgr.smithi131.fairyp' cmd=[{"prefix": "osd metadata"}]: dispatch
2024-03-22T04:45:32.460 INFO:journalctl@ceph.mon.smithi131.smithi131.stdout:Mar 22 04:45:32 smithi131 ceph-mon[29229]: from='mgr.14120 172.21.15.131:0/1179277543' entity='mgr.smithi131.fairyp' cmd=[{"prefix": "mon metadata"}]: dispatch
2024-03-22T04:45:32.461 INFO:journalctl@ceph.mon.smithi131.smithi131.stdout:Mar 22 04:45:32 smithi131 ceph-mon[29229]: Manager daemon smithi131.fairyp is now available
2024-03-22T04:45:32.461 INFO:journalctl@ceph.mon.smithi131.smithi131.stdout:Mar 22 04:45:32 smithi131 ceph-mon[29229]: from='mgr.14120 172.21.15.131:0/1179277543' entity='mgr.smithi131.fairyp'
2024-03-22T04:45:32.461 INFO:journalctl@ceph.mon.smithi131.smithi131.stdout:Mar 22 04:45:32 smithi131 ceph-mon[29229]: from='mgr.14120 172.21.15.131:0/1179277543' entity='mgr.smithi131.fairyp'
2024-03-22T04:45:32.461 INFO:journalctl@ceph.mon.smithi131.smithi131.stdout:Mar 22 04:45:32 smithi131 ceph-mon[29229]: from='mgr.14120 172.21.15.131:0/1179277543' entity='mgr.smithi131.fairyp' cmd=[{"prefix": "config dump", "format": "json"}]: dispatch
2024-03-22T04:45:32.461 INFO:journalctl@ceph.mon.smithi131.smithi131.stdout:Mar 22 04:45:32 smithi131 ceph-mon[29229]: from='mgr.14120 172.21.15.131:0/1179277543' entity='mgr.smithi131.fairyp' cmd=[{"prefix": "config dump", "format": "json"}]: dispatch
2024-03-22T04:45:32.461 INFO:journalctl@ceph.mon.smithi131.smithi131.stdout:Mar 22 04:45:32 smithi131 ceph-mon[29229]: from='mgr.14120 172.21.15.131:0/1179277543' entity='mgr.smithi131.fairyp' cmd=[{"prefix": "config dump", "format": "json"}]: dispatch
2024-03-22T04:45:33.341 INFO:journalctl@ceph.mon.smithi131.smithi131.stdout:Mar 22 04:45:33 smithi131 ceph-mon[29229]: Found migration_current of "None". Setting to last migration.
2024-03-22T04:45:33.341 INFO:journalctl@ceph.mon.smithi131.smithi131.stdout:Mar 22 04:45:33 smithi131 ceph-mon[29229]: from='mgr.14120 172.21.15.131:0/1179277543' entity='mgr.smithi131.fairyp' cmd=[{"prefix":"config rm","who":"mgr","name":"mgr/rbd_support/smithi131.fairyp/mirror_snapshot_schedule"}]: dispatch
2024-03-22T04:45:33.341 INFO:journalctl@ceph.mon.smithi131.smithi131.stdout:Mar 22 04:45:33 smithi131 ceph-mon[29229]: from='mgr.14120 172.21.15.131:0/1179277543' entity='mgr.smithi131.fairyp' cmd=[{"prefix":"config rm","who":"mgr","name":"mgr/rbd_support/smithi131.fairyp/trash_purge_schedule"}]: dispatch
2024-03-22T04:45:33.341 INFO:journalctl@ceph.mon.smithi131.smithi131.stdout:Mar 22 04:45:33 smithi131 ceph-mon[29229]: mgrmap e7: smithi131.fairyp(active, since 1.00536s)
2024-03-22T04:45:33.610 INFO:teuthology.orchestra.run.smithi131.stdout:/usr/bin/ceph: stdout {
2024-03-22T04:45:33.610 INFO:teuthology.orchestra.run.smithi131.stdout:/usr/bin/ceph: stdout "mgrmap_epoch": 7,
2024-03-22T04:45:33.610 INFO:teuthology.orchestra.run.smithi131.stdout:/usr/bin/ceph: stdout "initialized": true
2024-03-22T04:45:33.610 INFO:teuthology.orchestra.run.smithi131.stdout:/usr/bin/ceph: stdout }
2024-03-22T04:45:33.610 INFO:teuthology.orchestra.run.smithi131.stdout:/usr/bin/ceph: stderr
2024-03-22T04:45:27.495+0000 7fd093012700 1 Processor -- start
2024-03-22T04:45:33.610 INFO:teuthology.orchestra.run.smithi131.stdout:/usr/bin/ceph: stderr
2024-03-22T04:45:27.495+0000 7fd093012700 1 -- start start
2024-03-22T04:45:33.610 INFO:teuthology.orchestra.run.smithi131.stdout:/usr/bin/ceph: stderr
2024-03-22T04:45:27.495+0000 7fd093012700 1 --2- >> [v2:172.21.15.131:3300/0,v1:172.21.15.131:6789/0] conn(0x7fd08c106f70 0x7fd08c109360 unknown :-1 s=NONE pgs=0 cs=0 l=0 rev1=0 crypto rx=0 tx=0 comp rx=0 tx=0).connect
2024-03-22T04:45:33.610 INFO:teuthology.orchestra.run.smithi131.stdout:/usr/bin/ceph: stderr
2024-03-22T04:45:27.495+0000 7fd093012700 1 -- --> [v2:172.21.15.131:3300/0,v1:172.21.15.131:6789/0] -- mon_getmap magic: 0 v1 -- 0x7fd08c0745b0 con 0x7fd08c106f70
2024-03-22T04:45:33.611 INFO:teuthology.orchestra.run.smithi131.stdout:/usr/bin/ceph: stderr
2024-03-22T04:45:27.495+0000 7fd090dae700 1 --2- >> [v2:172.21.15.131:3300/0,v1:172.21.15.131:6789/0] conn(0x7fd08c106f70 0x7fd08c109360 unknown :-1 s=BANNER_CONNECTING pgs=0 cs=0 l=0 rev1=0 crypto rx=0 tx=0 comp rx=0 tx=0)._handle_peer_banner_payload supported=3 required=0
2024-03-22T04:45:33.611 INFO:teuthology.orchestra.run.smithi131.stdout:/usr/bin/ceph: stderr
2024-03-22T04:45:27.495+0000 7fd090dae700 1 --2- >> [v2:172.21.15.131:3300/0,v1:172.21.15.131:6789/0] conn(0x7fd08c106f70 0x7fd08c109360 unknown :-1 s=HELLO_CONNECTING pgs=0 cs=0 l=0 rev1=1 crypto rx=0 tx=0 comp rx=0 tx=0).handle_hello peer v2:172.21.15.131:3300/0 says I am v2:172.21.15.131:42704/0 (socket says 172.21.15.131:42704)
2024-03-22T04:45:33.611 INFO:teuthology.orchestra.run.smithi131.stdout:/usr/bin/ceph: stderr
2024-03-22T04:45:27.496+0000 7fd090dae700 1 -- 172.21.15.131:0/4113050213 learned_addr learned my addr 172.21.15.131:0/4113050213 (peer_addr_for_me v2:172.21.15.131:0/0)
2024-03-22T04:45:33.611 INFO:teuthology.orchestra.run.smithi131.stdout:/usr/bin/ceph: stderr
2024-03-22T04:45:27.496+0000 7fd090dae700 1 -- 172.21.15.131:0/4113050213 --> [v2:172.21.15.131:3300/0,v1:172.21.15.131:6789/0] -- mon_subscribe({config=0+,monmap=0+}) v3 -- 0x7fd08c1098a0 con 0x7fd08c106f70
2024-03-22T04:45:33.611 INFO:teuthology.orchestra.run.smithi131.stdout:/usr/bin/ceph: stderr
2024-03-22T04:45:27.496+0000 7fd090dae700 1 --2- 172.21.15.131:0/4113050213 >> [v2:172.21.15.131:3300/0,v1:172.21.15.131:6789/0] conn(0x7fd08c106f70 0x7fd08c109360 secure :-1 s=READY pgs=28 cs=0 l=1 rev1=1 crypto rx=0x7fd0800098a0 tx=0x7fd080009bb0 comp rx=0 tx=0).ready entity=mon.0 client_cookie=991105ccf4e5fccf server_cookie=0 in_seq=0 out_seq=0
2024-03-22T04:45:33.611 INFO:teuthology.orchestra.run.smithi131.stdout:/usr/bin/ceph: stderr
2024-03-22T04:45:27.496+0000 7fd08b7fe700 1 -- 172.21.15.131:0/4113050213 <== mon.0 v2:172.21.15.131:3300/0 1 ==== mon_map magic: 0 v1 ==== 229+0+0 (secure 0 0 0) 0x7fd080004180 con 0x7fd08c106f70
2024-03-22T04:45:33.611 INFO:teuthology.orchestra.run.smithi131.stdout:/usr/bin/ceph: stderr
2024-03-22T04:45:27.496+0000 7fd08b7fe700 1 -- 172.21.15.131:0/4113050213 <== mon.0 v2:172.21.15.131:3300/0 2 ==== config(27 keys) v1 ==== 1042+0+0 (secure 0 0 0) 0x7fd0800042e0 con 0x7fd08c106f70
2024-03-22T04:45:33.611 INFO:teuthology.orchestra.run.smithi131.stdout:/usr/bin/ceph: stderr
2024-03-22T04:45:27.496+0000 7fd08b7fe700 1 -- 172.21.15.131:0/4113050213 <== mon.0 v2:172.21.15.131:3300/0 3 ==== mon_map magic: 0 v1 ==== 229+0+0 (secure 0 0 0) 0x7fd080011a70 con 0x7fd08c106f70
2024-03-22T04:45:33.611 INFO:teuthology.orchestra.run.smithi131.stdout:/usr/bin/ceph: stderr
2024-03-22T04:45:27.497+0000 7fd093012700 1 -- 172.21.15.131:0/4113050213 >> [v2:172.21.15.131:3300/0,v1:172.21.15.131:6789/0] conn(0x7fd08c106f70 msgr2=0x7fd08c109360 secure :-1 s=STATE_CONNECTION_ESTABLISHED l=1).mark_down
2024-03-22T04:45:33.611 INFO:teuthology.orchestra.run.smithi131.stdout:/usr/bin/ceph: stderr
2024-03-22T04:45:27.497+0000 7fd093012700 1 --2- 172.21.15.131:0/4113050213 >> [v2:172.21.15.131:3300/0,v1:172.21.15.131:6789/0] conn(0x7fd08c106f70 0x7fd08c109360 secure :-1 s=READY pgs=28 cs=0 l=1 rev1=1 crypto rx=0x7fd0800098a0 tx=0x7fd080009bb0 comp rx=0 tx=0).stop
2024-03-22T04:45:33.611 INFO:teuthology.orchestra.run.smithi131.stdout:/usr/bin/ceph: stderr
2024-03-22T04:45:27.497+0000 7fd093012700 1 -- 172.21.15.131:0/4113050213 shutdown_connections
2024-03-22T04:45:33.611 INFO:teuthology.orchestra.run.smithi131.stdout:/usr/bin/ceph: stderr
2024-03-22T04:45:27.497+0000 7fd093012700 1 --2- 172.21.15.131:0/4113050213 >> [v2:172.21.15.131:3300/0,v1:172.21.15.131:6789/0] conn(0x7fd08c106f70 0x7fd08c109360 unknown :-1 s=CLOSED pgs=28 cs=0 l=1 rev1=1 crypto rx=0 tx=0 comp rx=0 tx=0).stop
2024-03-22T04:45:33.611 INFO:teuthology.orchestra.run.smithi131.stdout:/usr/bin/ceph: stderr
2024-03-22T04:45:27.497+0000 7fd093012700 1 -- 172.21.15.131:0/4113050213 >> 172.21.15.131:0/4113050213 conn(0x7fd08c1009c0 msgr2=0x7fd08c102de0 unknown :-1 s=STATE_NONE l=0).mark_down
2024-03-22T04:45:33.612 INFO:teuthology.orchestra.run.smithi131.stdout:/usr/bin/ceph: stderr
2024-03-22T04:45:27.497+0000 7fd093012700 1 -- 172.21.15.131:0/4113050213 shutdown_connections
2024-03-22T04:45:33.612 INFO:teuthology.orchestra.run.smithi131.stdout:/usr/bin/ceph: stderr
2024-03-22T04:45:27.497+0000 7fd093012700 1 -- 172.21.15.131:0/4113050213 wait complete.
2024-03-22T04:45:33.612 INFO:teuthology.orchestra.run.smithi131.stdout:/usr/bin/ceph: stderr
2024-03-22T04:45:27.497+0000 7fd093012700 1 Processor -- start
2024-03-22T04:45:33.612 INFO:teuthology.orchestra.run.smithi131.stdout:/usr/bin/ceph: stderr
2024-03-22T04:45:27.497+0000 7fd093012700 1 -- start start
2024-03-22T04:45:33.612 INFO:teuthology.orchestra.run.smithi131.stdout:/usr/bin/ceph: stderr
2024-03-22T04:45:27.498+0000 7fd093012700 1 --2- >> [v2:172.21.15.131:3300/0,v1:172.21.15.131:6789/0] conn(0x7fd08c106f70 0x7fd08c1067a0 unknown :-1 s=NONE pgs=0 cs=0 l=1 rev1=0 crypto rx=0 tx=0 comp rx=0 tx=0).connect
2024-03-22T04:45:33.612 INFO:teuthology.orchestra.run.smithi131.stdout:/usr/bin/ceph: stderr
2024-03-22T04:45:27.498+0000 7fd093012700 1 -- --> [v2:172.21.15.131:3300/0,v1:172.21.15.131:6789/0] -- mon_getmap magic: 0 v1 -- 0x7fd08c106ce0 con 0x7fd08c106f70
2024-03-22T04:45:33.612 INFO:teuthology.orchestra.run.smithi131.stdout:/usr/bin/ceph: stderr
2024-03-22T04:45:27.498+0000 7fd090dae700 1 --2- >> [v2:172.21.15.131:3300/0,v1:172.21.15.131:6789/0] conn(0x7fd08c106f70 0x7fd08c1067a0 unknown :-1 s=BANNER_CONNECTING pgs=0 cs=0 l=1 rev1=0 crypto rx=0 tx=0 comp rx=0 tx=0)._handle_peer_banner_payload supported=3 required=0
2024-03-22T04:45:33.612 INFO:teuthology.orchestra.run.smithi131.stdout:/usr/bin/ceph: stderr
2024-03-22T04:45:27.498+0000 7fd090dae700 1 --2- >> [v2:172.21.15.131:3300/0,v1:172.21.15.131:6789/0] conn(0x7fd08c106f70 0x7fd08c1067a0 unknown :-1 s=HELLO_CONNECTING pgs=0 cs=0 l=1 rev1=1 crypto rx=0 tx=0 comp rx=0 tx=0).handle_hello peer v2:172.21.15.131:3300/0 says I am v2:172.21.15.131:42714/0 (socket says 172.21.15.131:42714)
2024-03-22T04:45:33.612 INFO:teuthology.orchestra.run.smithi131.stdout:/usr/bin/ceph: stderr
2024-03-22T04:45:27.498+0000 7fd090dae700 1 -- 172.21.15.131:0/2429661024 learned_addr learned my addr 172.21.15.131:0/2429661024 (peer_addr_for_me v2:172.21.15.131:0/0)
2024-03-22T04:45:33.612 INFO:teuthology.orchestra.run.smithi131.stdout:/usr/bin/ceph: stderr
2024-03-22T04:45:27.498+0000 7fd090dae700 1 -- 172.21.15.131:0/2429661024 --> [v2:172.21.15.131:3300/0,v1:172.21.15.131:6789/0] -- mon_subscribe({config=0+,monmap=0+}) v3 -- 0x7fd080009550 con 0x7fd08c106f70
2024-03-22T04:45:33.612 INFO:teuthology.orchestra.run.smithi131.stdout:/usr/bin/ceph: stderr
2024-03-22T04:45:27.498+0000 7fd090dae700 1 --2- 172.21.15.131:0/2429661024 >> [v2:172.21.15.131:3300/0,v1:172.21.15.131:6789/0] conn(0x7fd08c106f70 0x7fd08c1067a0 secure :-1 s=READY pgs=29 cs=0 l=1 rev1=1 crypto rx=0x7fd080011710 tx=0x7fd0800047c0 comp rx=0 tx=0).ready entity=mon.0 client_cookie=0 server_cookie=0 in_seq=0 out_seq=0
2024-03-22T04:45:33.612 INFO:teuthology.orchestra.run.smithi131.stdout:/usr/bin/ceph: stderr
2024-03-22T04:45:27.498+0000 7fd089ffb700 1 -- 172.21.15.131:0/2429661024 <== mon.0 v2:172.21.15.131:3300/0 1 ==== mon_map magic: 0 v1 ==== 229+0+0 (secure 0 0 0) 0x7fd080003b10 con 0x7fd08c106f70
2024-03-22T04:45:33.612 INFO:teuthology.orchestra.run.smithi131.stdout:/usr/bin/ceph: stderr
2024-03-22T04:45:27.498+0000 7fd089ffb700 1 -- 172.21.15.131:0/2429661024 <== mon.0 v2:172.21.15.131:3300/0 2 ==== config(27 keys) v1 ==== 1042+0+0 (secure 0 0 0) 0x7fd08001b8c0 con 0x7fd08c106f70
2024-03-22T04:45:33.612 INFO:teuthology.orchestra.run.smithi131.stdout:/usr/bin/ceph: stderr
2024-03-22T04:45:27.498+0000 7fd093012700 1 -- 172.21.15.131:0/2429661024 --> [v2:172.21.15.131:3300/0,v1:172.21.15.131:6789/0] -- mon_subscribe({mgrmap=0+}) v3 -- 0x7fd08c104f20 con 0x7fd08c106f70
2024-03-22T04:45:33.613 INFO:teuthology.orchestra.run.smithi131.stdout:/usr/bin/ceph: stderr
2024-03-22T04:45:27.498+0000 7fd089ffb700 1 -- 172.21.15.131:0/2429661024 <== mon.0 v2:172.21.15.131:3300/0 3 ==== mon_map magic: 0 v1 ==== 229+0+0 (secure 0 0 0) 0x7fd0800197e0 con 0x7fd08c106f70
2024-03-22T04:45:33.613 INFO:teuthology.orchestra.run.smithi131.stdout:/usr/bin/ceph: stderr
2024-03-22T04:45:27.499+0000 7fd093012700 1 -- 172.21.15.131:0/2429661024 --> [v2:172.21.15.131:3300/0,v1:172.21.15.131:6789/0] -- mon_subscribe({osdmap=0}) v3 -- 0x7fd08c1053c0 con 0x7fd08c106f70
2024-03-22T04:45:33.613 INFO:teuthology.orchestra.run.smithi131.stdout:/usr/bin/ceph: stderr
2024-03-22T04:45:27.499+0000 7fd089ffb700 1 -- 172.21.15.131:0/2429661024 <== mon.0 v2:172.21.15.131:3300/0 4 ==== mgrmap(e 5) v1 ==== 45548+0+0 (secure 0 0 0) 0x7fd080019a20 con 0x7fd08c106f70
2024-03-22T04:45:33.613 INFO:teuthology.orchestra.run.smithi131.stdout:/usr/bin/ceph: stderr
2024-03-22T04:45:27.500+0000 7fd089ffb700 1 --2- 172.21.15.131:0/2429661024 >> [v2:172.21.15.131:6800/1144090080,v1:172.21.15.131:6801/1144090080] conn(0x7fd07c038720 0x7fd07c03abe0 unknown :-1 s=NONE pgs=0 cs=0 l=1 rev1=0 crypto rx=0 tx=0 comp rx=0 tx=0).connect
2024-03-22T04:45:33.613 INFO:teuthology.orchestra.run.smithi131.stdout:/usr/bin/ceph: stderr
2024-03-22T04:45:27.500+0000 7fd089ffb700 1 -- 172.21.15.131:0/2429661024 --> [v2:172.21.15.131:6800/1144090080,v1:172.21.15.131:6801/1144090080] -- command(tid 0: {"prefix": "get_command_descriptions"}) v1 -- 0x7fd07c03b2f0 con 0x7fd07c038720
2024-03-22T04:45:33.613 INFO:teuthology.orchestra.run.smithi131.stdout:/usr/bin/ceph: stderr
2024-03-22T04:45:27.500+0000 7fd089ffb700 1 -- 172.21.15.131:0/2429661024 <== mon.0 v2:172.21.15.131:3300/0 5 ==== osd_map(1..1 src has 1..1) v4 ==== 725+0+0 (secure 0 0 0) 0x7fd08004c960 con 0x7fd08c106f70
2024-03-22T04:45:33.613 INFO:teuthology.orchestra.run.smithi131.stdout:/usr/bin/ceph: stderr
