2024-03-22T04:45:19.796 INFO:teuthology.orchestra.run.smithi131.stdout:/usr/bin/ceph: stderr
2024-03-22T04:45:19.023+0000 7f3a2e59c700 1 -- 172.21.15.131:0/2781936568 learned_addr learned my addr 172.21.15.131:0/2781936568 (peer_addr_for_me v2:172.21.15.131:0/0)
2024-03-22T04:45:19.797 INFO:teuthology.orchestra.run.smithi131.stdout:/usr/bin/ceph: stderr
2024-03-22T04:45:19.023+0000 7f3a2e59c700 1 -- 172.21.15.131:0/2781936568 --> [v2:172.21.15.131:3300/0,v1:172.21.15.131:6789/0] -- mon_subscribe({config=0+,monmap=0+}) v3 -- 0x7f3a20009550 con 0x7f3a30106530
2024-03-22T04:45:19.797 INFO:teuthology.orchestra.run.smithi131.stdout:/usr/bin/ceph: stderr
2024-03-22T04:45:19.023+0000 7f3a2e59c700 1 --2- 172.21.15.131:0/2781936568 >> [v2:172.21.15.131:3300/0,v1:172.21.15.131:6789/0] conn(0x7f3a30106530 0x7f3a3007bab0 secure :-1 s=READY pgs=10 cs=0 l=1 rev1=1 crypto rx=0x7f3a20011710 tx=0x7f3a200047c0 comp rx=0 tx=0).ready entity=mon.0 client_cookie=0 server_cookie=0 in_seq=0 out_seq=0
2024-03-22T04:45:19.797 INFO:teuthology.orchestra.run.smithi131.stdout:/usr/bin/ceph: stderr
2024-03-22T04:45:19.023+0000 7f3a1f7fe700 1 -- 172.21.15.131:0/2781936568 <== mon.0 v2:172.21.15.131:3300/0 1 ==== mon_map magic: 0 v1 ==== 229+0+0 (secure 0 0 0) 0x7f3a20003b10 con 0x7f3a30106530
2024-03-22T04:45:19.797 INFO:teuthology.orchestra.run.smithi131.stdout:/usr/bin/ceph: stderr
2024-03-22T04:45:19.023+0000 7f3a1f7fe700 1 -- 172.21.15.131:0/2781936568 <== mon.0 v2:172.21.15.131:3300/0 2 ==== config(27 keys) v1 ==== 1042+0+0 (secure 0 0 0) 0x7f3a2001b8c0 con 0x7f3a30106530
2024-03-22T04:45:19.797 INFO:teuthology.orchestra.run.smithi131.stdout:/usr/bin/ceph: stderr
2024-03-22T04:45:19.024+0000 7f3a1f7fe700 1 -- 172.21.15.131:0/2781936568 <== mon.0 v2:172.21.15.131:3300/0 3 ==== mon_map magic: 0 v1 ==== 229+0+0 (secure 0 0 0) 0x7f3a20019710 con 0x7f3a30106530
2024-03-22T04:45:19.797 INFO:teuthology.orchestra.run.smithi131.stdout:/usr/bin/ceph: stderr
2024-03-22T04:45:19.024+0000 7f3a34b58700 1 -- 172.21.15.131:0/2781936568 --> [v2:172.21.15.131:3300/0,v1:172.21.15.131:6789/0] -- mon_subscribe({mgrmap=0+}) v3 -- 0x7f3a3007a280 con 0x7f3a30106530
2024-03-22T04:45:19.797 INFO:teuthology.orchestra.run.smithi131.stdout:/usr/bin/ceph: stderr
2024-03-22T04:45:19.024+0000 7f3a34b58700 1 -- 172.21.15.131:0/2781936568 --> [v2:172.21.15.131:3300/0,v1:172.21.15.131:6789/0] -- mon_subscribe({osdmap=0}) v3 -- 0x7f3a3007a720 con 0x7f3a30106530
2024-03-22T04:45:19.797 INFO:teuthology.orchestra.run.smithi131.stdout:/usr/bin/ceph: stderr
2024-03-22T04:45:19.024+0000 7f3a1f7fe700 1 -- 172.21.15.131:0/2781936568 <== mon.0 v2:172.21.15.131:3300/0 4 ==== mgrmap(e 1) v1 ==== 660+0+0 (secure 0 0 0) 0x7f3a20019c10 con 0x7f3a30106530
2024-03-22T04:45:19.797 INFO:teuthology.orchestra.run.smithi131.stdout:/usr/bin/ceph: stderr
2024-03-22T04:45:19.024+0000 7f3a1f7fe700 1 -- 172.21.15.131:0/2781936568 <== mon.0 v2:172.21.15.131:3300/0 5 ==== osd_map(1..1 src has 1..1) v4 ==== 725+0+0 (secure 0 0 0) 0x7f3a2001a710 con 0x7f3a30106530
2024-03-22T04:45:19.797 INFO:teuthology.orchestra.run.smithi131.stdout:/usr/bin/ceph: stderr
2024-03-22T04:45:19.025+0000 7f3a34b58700 1 -- 172.21.15.131:0/2781936568 --> [v2:172.21.15.131:3300/0,v1:172.21.15.131:6789/0] -- mon_command({"prefix": "get_command_descriptions"} v 0) v1 -- 0x7f3a300623e0 con 0x7f3a30106530
2024-03-22T04:45:19.797 INFO:teuthology.orchestra.run.smithi131.stdout:/usr/bin/ceph: stderr
2024-03-22T04:45:19.028+0000 7f3a1f7fe700 1 -- 172.21.15.131:0/2781936568 <== mon.0 v2:172.21.15.131:3300/0 6 ==== mon_command_ack([{"prefix": "get_command_descriptions"}]=0 v0) v1 ==== 72+0+72508 (secure 0 0 0) 0x7f3a2001ba30 con 0x7f3a30106530
2024-03-22T04:45:19.797 INFO:teuthology.orchestra.run.smithi131.stdout:/usr/bin/ceph: stderr
2024-03-22T04:45:19.099+0000 7f3a34b58700 1 -- 172.21.15.131:0/2781936568 --> [v2:172.21.15.131:3300/0,v1:172.21.15.131:6789/0] -- mon_command({"prefix": "status", "format": "json-pretty"} v 0) v1 -- 0x7f3a3010a940 con 0x7f3a30106530
2024-03-22T04:45:19.797 INFO:teuthology.orchestra.run.smithi131.stdout:/usr/bin/ceph: stderr
2024-03-22T04:45:19.100+0000 7f3a1f7fe700 1 -- 172.21.15.131:0/2781936568 <== mon.0 v2:172.21.15.131:3300/0 7 ==== mon_command_ack([{"prefix": "status", "format": "json-pretty"}]=0 v0) v1 ==== 79+0+1247 (secure 0 0 0) 0x7f3a2001bbd0 con 0x7f3a30106530
2024-03-22T04:45:19.798 INFO:teuthology.orchestra.run.smithi131.stdout:/usr/bin/ceph: stderr
2024-03-22T04:45:19.101+0000 7f3a34b58700 1 -- 172.21.15.131:0/2781936568 >> [v2:172.21.15.131:3300/0,v1:172.21.15.131:6789/0] conn(0x7f3a30106530 msgr2=0x7f3a3007bab0 secure :-1 s=STATE_CONNECTION_ESTABLISHED l=1).mark_down
2024-03-22T04:45:19.798 INFO:teuthology.orchestra.run.smithi131.stdout:/usr/bin/ceph: stderr
2024-03-22T04:45:19.101+0000 7f3a34b58700 1 --2- 172.21.15.131:0/2781936568 >> [v2:172.21.15.131:3300/0,v1:172.21.15.131:6789/0] conn(0x7f3a30106530 0x7f3a3007bab0 secure :-1 s=READY pgs=10 cs=0 l=1 rev1=1 crypto rx=0x7f3a20011710 tx=0x7f3a200047c0 comp rx=0 tx=0).stop
2024-03-22T04:45:19.798 INFO:teuthology.orchestra.run.smithi131.stdout:/usr/bin/ceph: stderr
2024-03-22T04:45:19.101+0000 7f3a34b58700 1 -- 172.21.15.131:0/2781936568 shutdown_connections
2024-03-22T04:45:19.798 INFO:teuthology.orchestra.run.smithi131.stdout:/usr/bin/ceph: stderr
2024-03-22T04:45:19.101+0000 7f3a34b58700 1 --2- 172.21.15.131:0/2781936568 >> [v2:172.21.15.131:3300/0,v1:172.21.15.131:6789/0] conn(0x7f3a30106530 0x7f3a3007bab0 unknown :-1 s=CLOSED pgs=10 cs=0 l=1 rev1=1 crypto rx=0 tx=0 comp rx=0 tx=0).stop
2024-03-22T04:45:19.798 INFO:teuthology.orchestra.run.smithi131.stdout:/usr/bin/ceph: stderr
2024-03-22T04:45:19.101+0000 7f3a34b58700 1 -- 172.21.15.131:0/2781936568 >> 172.21.15.131:0/2781936568 conn(0x7f3a30101b10 msgr2=0x7f3a301026c0 unknown :-1 s=STATE_NONE l=0).mark_down
2024-03-22T04:45:19.798 INFO:teuthology.orchestra.run.smithi131.stdout:/usr/bin/ceph: stderr
2024-03-22T04:45:19.101+0000 7f3a34b58700 1 -- 172.21.15.131:0/2781936568 shutdown_connections
2024-03-22T04:45:19.798 INFO:teuthology.orchestra.run.smithi131.stdout:/usr/bin/ceph: stderr
2024-03-22T04:45:19.101+0000 7f3a34b58700 1 -- 172.21.15.131:0/2781936568 wait complete.
2024-03-22T04:45:19.798 INFO:teuthology.orchestra.run.smithi131.stdout:mgr not available, waiting (3/15)...
2024-03-22T04:45:20.210 INFO:journalctl@ceph.mon.smithi131.smithi131.stdout:Mar 22 04:45:19 smithi131 ceph-mon[29229]: from='client.? 172.21.15.131:0/2781936568' entity='client.admin' cmd=[{"prefix": "status", "format": "json-pretty"}]: dispatch
2024-03-22T04:45:20.210 INFO:journalctl@ceph.mon.smithi131.smithi131.stdout:Mar 22 04:45:19 smithi131 ceph-mon[29229]: Activating manager daemon smithi131.fairyp
2024-03-22T04:45:20.210 INFO:journalctl@ceph.mon.smithi131.smithi131.stdout:Mar 22 04:45:19 smithi131 ceph-mon[29229]: mgrmap e2: smithi131.fairyp(active, starting, since 0.00307624s)
2024-03-22T04:45:20.210 INFO:journalctl@ceph.mon.smithi131.smithi131.stdout:Mar 22 04:45:19 smithi131 ceph-mon[29229]: from='mgr.14100 172.21.15.131:0/87592958' entity='mgr.smithi131.fairyp' cmd=[{"prefix": "mds metadata"}]: dispatch
2024-03-22T04:45:20.210 INFO:journalctl@ceph.mon.smithi131.smithi131.stdout:Mar 22 04:45:19 smithi131 ceph-mon[29229]: from='mgr.14100 172.21.15.131:0/87592958' entity='mgr.smithi131.fairyp' cmd=[{"prefix": "osd metadata"}]: dispatch
2024-03-22T04:45:20.210 INFO:journalctl@ceph.mon.smithi131.smithi131.stdout:Mar 22 04:45:19 smithi131 ceph-mon[29229]: from='mgr.14100 172.21.15.131:0/87592958' entity='mgr.smithi131.fairyp' cmd=[{"prefix": "mon metadata"}]: dispatch
2024-03-22T04:45:20.210 INFO:journalctl@ceph.mon.smithi131.smithi131.stdout:Mar 22 04:45:19 smithi131 ceph-mon[29229]: from='mgr.14100 172.21.15.131:0/87592958' entity='mgr.smithi131.fairyp' cmd=[{"prefix": "mon metadata", "id": "smithi131"}]: dispatch
2024-03-22T04:45:20.210 INFO:journalctl@ceph.mon.smithi131.smithi131.stdout:Mar 22 04:45:19 smithi131 ceph-mon[29229]: from='mgr.14100 172.21.15.131:0/87592958' entity='mgr.smithi131.fairyp' cmd=[{"prefix": "mgr metadata", "who": "smithi131.fairyp", "id": "smithi131.fairyp"}]: dispatch
2024-03-22T04:45:20.211 INFO:journalctl@ceph.mon.smithi131.smithi131.stdout:Mar 22 04:45:19 smithi131 ceph-mon[29229]: Manager daemon smithi131.fairyp is now available
2024-03-22T04:45:20.211 INFO:journalctl@ceph.mon.smithi131.smithi131.stdout:Mar 22 04:45:19 smithi131 ceph-mon[29229]: from='mgr.14100 172.21.15.131:0/87592958' entity='mgr.smithi131.fairyp' cmd=[{"prefix":"config rm","who":"mgr","name":"mgr/rbd_support/smithi131.fairyp/mirror_snapshot_schedule"}]: dispatch
2024-03-22T04:45:20.211 INFO:journalctl@ceph.mon.smithi131.smithi131.stdout:Mar 22 04:45:19 smithi131 ceph-mon[29229]: from='mgr.14100 172.21.15.131:0/87592958' entity='mgr.smithi131.fairyp' cmd=[{"prefix":"config rm","who":"mgr","name":"mgr/rbd_support/smithi131.fairyp/trash_purge_schedule"}]: dispatch
2024-03-22T04:45:20.211 INFO:journalctl@ceph.mon.smithi131.smithi131.stdout:Mar 22 04:45:19 smithi131 ceph-mon[29229]: from='mgr.14100 172.21.15.131:0/87592958' entity='mgr.smithi131.fairyp'
2024-03-22T04:45:20.211 INFO:journalctl@ceph.mon.smithi131.smithi131.stdout:Mar 22 04:45:19 smithi131 ceph-mon[29229]: from='mgr.14100 172.21.15.131:0/87592958' entity='mgr.smithi131.fairyp'
2024-03-22T04:45:20.211 INFO:journalctl@ceph.mon.smithi131.smithi131.stdout:Mar 22 04:45:19 smithi131 ceph-mon[29229]: from='mgr.14100 172.21.15.131:0/87592958' entity='mgr.smithi131.fairyp'
2024-03-22T04:45:21.710 INFO:journalctl@ceph.mon.smithi131.smithi131.stdout:Mar 22 04:45:21 smithi131 ceph-mon[29229]: mgrmap e3: smithi131.fairyp(active, since 1.00691s)
2024-03-22T04:45:22.988 INFO:teuthology.orchestra.run.smithi131.stdout:/usr/bin/ceph: stdout
2024-03-22T04:45:22.988 INFO:teuthology.orchestra.run.smithi131.stdout:/usr/bin/ceph: stdout {
2024-03-22T04:45:22.988 INFO:teuthology.orchestra.run.smithi131.stdout:/usr/bin/ceph: stdout "fsid": "cc49146a-e806-11ee-95cd-87774f69a715",
2024-03-22T04:45:22.988 INFO:teuthology.orchestra.run.smithi131.stdout:/usr/bin/ceph: stdout "health": {
2024-03-22T04:45:22.988 INFO:teuthology.orchestra.run.smithi131.stdout:/usr/bin/ceph: stdout "status": "HEALTH_OK",
2024-03-22T04:45:22.988 INFO:teuthology.orchestra.run.smithi131.stdout:/usr/bin/ceph: stdout "checks": {},
2024-03-22T04:45:22.988 INFO:teuthology.orchestra.run.smithi131.stdout:/usr/bin/ceph: stdout "mutes": []
2024-03-22T04:45:22.988 INFO:teuthology.orchestra.run.smithi131.stdout:/usr/bin/ceph: stdout },
2024-03-22T04:45:22.988 INFO:teuthology.orchestra.run.smithi131.stdout:/usr/bin/ceph: stdout "election_epoch": 5,
2024-03-22T04:45:22.988 INFO:teuthology.orchestra.run.smithi131.stdout:/usr/bin/ceph: stdout "quorum": [
2024-03-22T04:45:22.988 INFO:teuthology.orchestra.run.smithi131.stdout:/usr/bin/ceph: stdout 0
2024-03-22T04:45:22.988 INFO:teuthology.orchestra.run.smithi131.stdout:/usr/bin/ceph: stdout ],
2024-03-22T04:45:22.988 INFO:teuthology.orchestra.run.smithi131.stdout:/usr/bin/ceph: stdout "quorum_names": [
2024-03-22T04:45:22.989 INFO:teuthology.orchestra.run.smithi131.stdout:/usr/bin/ceph: stdout "smithi131"
2024-03-22T04:45:22.989 INFO:teuthology.orchestra.run.smithi131.stdout:/usr/bin/ceph: stdout ],
2024-03-22T04:45:22.989 INFO:teuthology.orchestra.run.smithi131.stdout:/usr/bin/ceph: stdout "quorum_age": 13,
2024-03-22T04:45:22.989 INFO:teuthology.orchestra.run.smithi131.stdout:/usr/bin/ceph: stdout "monmap": {
2024-03-22T04:45:22.989 INFO:teuthology.orchestra.run.smithi131.stdout:/usr/bin/ceph: stdout "epoch": 1,
2024-03-22T04:45:22.989 INFO:teuthology.orchestra.run.smithi131.stdout:/usr/bin/ceph: stdout "min_mon_release_name": "reef",
2024-03-22T04:45:22.989 INFO:teuthology.orchestra.run.smithi131.stdout:/usr/bin/ceph: stdout "num_mons": 1
2024-03-22T04:45:22.989 INFO:teuthology.orchestra.run.smithi131.stdout:/usr/bin/ceph: stdout },
2024-03-22T04:45:22.989 INFO:teuthology.orchestra.run.smithi131.stdout:/usr/bin/ceph: stdout "osdmap": {
2024-03-22T04:45:22.989 INFO:teuthology.orchestra.run.smithi131.stdout:/usr/bin/ceph: stdout "epoch": 1,
2024-03-22T04:45:22.989 INFO:teuthology.orchestra.run.smithi131.stdout:/usr/bin/ceph: stdout "num_osds": 0,
2024-03-22T04:45:22.989 INFO:teuthology.orchestra.run.smithi131.stdout:/usr/bin/ceph: stdout "num_up_osds": 0,
2024-03-22T04:45:22.989 INFO:teuthology.orchestra.run.smithi131.stdout:/usr/bin/ceph: stdout "osd_up_since": 0,
2024-03-22T04:45:22.998 INFO:teuthology.orchestra.run.smithi131.stdout:/usr/bin/ceph: stdout "num_in_osds": 0,
2024-03-22T04:45:22.998 INFO:teuthology.orchestra.run.smithi131.stdout:/usr/bin/ceph: stdout "osd_in_since": 0,
2024-03-22T04:45:22.998 INFO:teuthology.orchestra.run.smithi131.stdout:/usr/bin/ceph: stdout "num_remapped_pgs": 0
2024-03-22T04:45:22.998 INFO:teuthology.orchestra.run.smithi131.stdout:/usr/bin/ceph: stdout },
2024-03-22T04:45:22.998 INFO:teuthology.orchestra.run.smithi131.stdout:/usr/bin/ceph: stdout "pgmap": {
2024-03-22T04:45:22.998 INFO:teuthology.orchestra.run.smithi131.stdout:/usr/bin/ceph: stdout "pgs_by_state": [],
2024-03-22T04:45:22.998 INFO:teuthology.orchestra.run.smithi131.stdout:/usr/bin/ceph: stdout "num_pgs": 0,
2024-03-22T04:45:22.999 INFO:teuthology.orchestra.run.smithi131.stdout:/usr/bin/ceph: stdout "num_pools": 0,
2024-03-22T04:45:22.999 INFO:teuthology.orchestra.run.smithi131.stdout:/usr/bin/ceph: stdout "num_objects": 0,
2024-03-22T04:45:22.999 INFO:teuthology.orchestra.run.smithi131.stdout:/usr/bin/ceph: stdout "data_bytes": 0,
2024-03-22T04:45:22.999 INFO:teuthology.orchestra.run.smithi131.stdout:/usr/bin/ceph: stdout "bytes_used": 0,
2024-03-22T04:45:22.999 INFO:teuthology.orchestra.run.smithi131.stdout:/usr/bin/ceph: stdout "bytes_avail": 0,
2024-03-22T04:45:22.999 INFO:teuthology.orchestra.run.smithi131.stdout:/usr/bin/ceph: stdout "bytes_total": 0
2024-03-22T04:45:22.999 INFO:teuthology.orchestra.run.smithi131.stdout:/usr/bin/ceph: stdout },
2024-03-22T04:45:22.999 INFO:teuthology.orchestra.run.smithi131.stdout:/usr/bin/ceph: stdout "fsmap": {
2024-03-22T04:45:22.999 INFO:teuthology.orchestra.run.smithi131.stdout:/usr/bin/ceph: stdout "epoch": 1,
2024-03-22T04:45:22.999 INFO:teuthology.orchestra.run.smithi131.stdout:/usr/bin/ceph: stdout "by_rank": [],
2024-03-22T04:45:22.999 INFO:teuthology.orchestra.run.smithi131.stdout:/usr/bin/ceph: stdout "up:standby": 0
2024-03-22T04:45:22.999 INFO:teuthology.orchestra.run.smithi131.stdout:/usr/bin/ceph: stdout },
2024-03-22T04:45:22.999 INFO:teuthology.orchestra.run.smithi131.stdout:/usr/bin/ceph: stdout "mgrmap": {
2024-03-22T04:45:23.000 INFO:teuthology.orchestra.run.smithi131.stdout:/usr/bin/ceph: stdout "available": true,
2024-03-22T04:45:23.000 INFO:teuthology.orchestra.run.smithi131.stdout:/usr/bin/ceph: stdout "num_standbys": 0,
2024-03-22T04:45:23.000 INFO:teuthology.orchestra.run.smithi131.stdout:/usr/bin/ceph: stdout "modules": [
2024-03-22T04:45:23.000 INFO:teuthology.orchestra.run.smithi131.stdout:/usr/bin/ceph: stdout "iostat",
2024-03-22T04:45:23.000 INFO:teuthology.orchestra.run.smithi131.stdout:/usr/bin/ceph: stdout "nfs",
2024-03-22T04:45:23.000 INFO:teuthology.orchestra.run.smithi131.stdout:/usr/bin/ceph: stdout "restful"
2024-03-22T04:45:23.000 INFO:teuthology.orchestra.run.smithi131.stdout:/usr/bin/ceph: stdout ],
2024-03-22T04:45:23.000 INFO:teuthology.orchestra.run.smithi131.stdout:/usr/bin/ceph: stdout "services": {}
2024-03-22T04:45:23.000 INFO:teuthology.orchestra.run.smithi131.stdout:/usr/bin/ceph: stdout },
2024-03-22T04:45:23.000 INFO:teuthology.orchestra.run.smithi131.stdout:/usr/bin/ceph: stdout "servicemap": {
2024-03-22T04:45:23.000 INFO:teuthology.orchestra.run.smithi131.stdout:/usr/bin/ceph: stdout "epoch": 1,
2024-03-22T04:45:23.000 INFO:teuthology.orchestra.run.smithi131.stdout:/usr/bin/ceph: stdout "modified": "2024-03-22T04:44:54.360936+0000",
2024-03-22T04:45:23.000 INFO:teuthology.orchestra.run.smithi131.stdout:/usr/bin/ceph: stdout "services": {}
2024-03-22T04:45:23.001 INFO:teuthology.orchestra.run.smithi131.stdout:/usr/bin/ceph: stdout },
2024-03-22T04:45:23.001 INFO:teuthology.orchestra.run.smithi131.stdout:/usr/bin/ceph: stdout "progress_events": {}
2024-03-22T04:45:23.001 INFO:teuthology.orchestra.run.smithi131.stdout:/usr/bin/ceph: stdout }
2024-03-22T04:45:23.001 INFO:teuthology.orchestra.run.smithi131.stdout:/usr/bin/ceph: stderr
2024-03-22T04:45:22.166+0000 7f7ebaf03700 1 Processor -- start
2024-03-22T04:45:23.001 INFO:teuthology.orchestra.run.smithi131.stdout:/usr/bin/ceph: stderr
2024-03-22T04:45:22.166+0000 7f7ebaf03700 1 -- start start
2024-03-22T04:45:23.001 INFO:teuthology.orchestra.run.smithi131.stdout:/usr/bin/ceph: stderr
2024-03-22T04:45:22.166+0000 7f7ebaf03700 1 --2- >> [v2:172.21.15.131:3300/0,v1:172.21.15.131:6789/0] conn(0x7f7eb41053f0 0x7f7eb4105810 unknown :-1 s=NONE pgs=0 cs=0 l=0 rev1=0 crypto rx=0 tx=0 comp rx=0 tx=0).connect
2024-03-22T04:45:23.001 INFO:teuthology.orchestra.run.smithi131.stdout:/usr/bin/ceph: stderr
2024-03-22T04:45:22.166+0000 7f7ebaf03700 1 -- --> [v2:172.21.15.131:3300/0,v1:172.21.15.131:6789/0] -- mon_getmap magic: 0 v1 -- 0x7f7eb4105de0 con 0x7f7eb41053f0
2024-03-22T04:45:23.001 INFO:teuthology.orchestra.run.smithi131.stdout:/usr/bin/ceph: stderr
2024-03-22T04:45:22.166+0000 7f7eb8c9f700 1 --2- >> [v2:172.21.15.131:3300/0,v1:172.21.15.131:6789/0] conn(0x7f7eb41053f0 0x7f7eb4105810 unknown :-1 s=BANNER_CONNECTING pgs=0 cs=0 l=0 rev1=0 crypto rx=0 tx=0 comp rx=0 tx=0)._handle_peer_banner_payload supported=3 required=0
2024-03-22T04:45:23.001 INFO:teuthology.orchestra.run.smithi131.stdout:/usr/bin/ceph: stderr
2024-03-22T04:45:22.166+0000 7f7eb8c9f700 1 --2- >> [v2:172.21.15.131:3300/0,v1:172.21.15.131:6789/0] conn(0x7f7eb41053f0 0x7f7eb4105810 unknown :-1 s=HELLO_CONNECTING pgs=0 cs=0 l=0 rev1=1 crypto rx=0 tx=0 comp rx=0 tx=0).handle_hello peer v2:172.21.15.131:3300/0 says I am v2:172.21.15.131:56942/0 (socket says 172.21.15.131:56942)
2024-03-22T04:45:23.001 INFO:teuthology.orchestra.run.smithi131.stdout:/usr/bin/ceph: stderr
2024-03-22T04:45:22.166+0000 7f7eb8c9f700 1 -- 172.21.15.131:0/2015281023 learned_addr learned my addr 172.21.15.131:0/2015281023 (peer_addr_for_me v2:172.21.15.131:0/0)
2024-03-22T04:45:23.002 INFO:teuthology.orchestra.run.smithi131.stdout:/usr/bin/ceph: stderr
2024-03-22T04:45:22.167+0000 7f7eb8c9f700 1 -- 172.21.15.131:0/2015281023 --> [v2:172.21.15.131:3300/0,v1:172.21.15.131:6789/0] -- mon_subscribe({config=0+,monmap=0+}) v3 -- 0x7f7eb41065f0 con 0x7f7eb41053f0
2024-03-22T04:45:23.002 INFO:teuthology.orchestra.run.smithi131.stdout:/usr/bin/ceph: stderr
2024-03-22T04:45:22.167+0000 7f7eb8c9f700 1 --2- 172.21.15.131:0/2015281023 >> [v2:172.21.15.131:3300/0,v1:172.21.15.131:6789/0] conn(0x7f7eb41053f0 0x7f7eb4105810 secure :-1 s=READY pgs=18 cs=0 l=1 rev1=1 crypto rx=0x7f7ea80098a0 tx=0x7f7ea8009bb0 comp rx=0 tx=0).ready entity=mon.0 client_cookie=1ad96917839fc47c server_cookie=0 in_seq=0 out_seq=0
2024-03-22T04:45:23.002 INFO:teuthology.orchestra.run.smithi131.stdout:/usr/bin/ceph: stderr
2024-03-22T04:45:22.167+0000 7f7eb37fe700 1 -- 172.21.15.131:0/2015281023 <== mon.0 v2:172.21.15.131:3300/0 1 ==== mon_map magic: 0 v1 ==== 229+0+0 (secure 0 0 0) 0x7f7ea8004180 con 0x7f7eb41053f0
2024-03-22T04:45:23.002 INFO:teuthology.orchestra.run.smithi131.stdout:/usr/bin/ceph: stderr
2024-03-22T04:45:22.167+0000 7f7eb37fe700 1 -- 172.21.15.131:0/2015281023 <== mon.0 v2:172.21.15.131:3300/0 2 ==== config(27 keys) v1 ==== 1042+0+0 (secure 0 0 0) 0x7f7ea80042e0 con 0x7f7eb41053f0
2024-03-22T04:45:23.002 INFO:teuthology.orchestra.run.smithi131.stdout:/usr/bin/ceph: stderr
2024-03-22T04:45:22.167+0000 7f7eb37fe700 1 -- 172.21.15.131:0/2015281023 <== mon.0 v2:172.21.15.131:3300/0 3 ==== mon_map magic: 0 v1 ==== 229+0+0 (secure 0 0 0) 0x7f7ea8011a70 con 0x7f7eb41053f0
2024-03-22T04:45:23.002 INFO:teuthology.orchestra.run.smithi131.stdout:/usr/bin/ceph: stderr
2024-03-22T04:45:22.167+0000 7f7ebaf03700 1 -- 172.21.15.131:0/2015281023 >> [v2:172.21.15.131:3300/0,v1:172.21.15.131:6789/0] conn(0x7f7eb41053f0 msgr2=0x7f7eb4105810 secure :-1 s=STATE_CONNECTION_ESTABLISHED l=1).mark_down
2024-03-22T04:45:23.002 INFO:teuthology.orchestra.run.smithi131.stdout:/usr/bin/ceph: stderr
2024-03-22T04:45:22.167+0000 7f7ebaf03700 1 --2- 172.21.15.131:0/2015281023 >> [v2:172.21.15.131:3300/0,v1:172.21.15.131:6789/0] conn(0x7f7eb41053f0 0x7f7eb4105810 secure :-1 s=READY pgs=18 cs=0 l=1 rev1=1 crypto rx=0x7f7ea80098a0 tx=0x7f7ea8009bb0 comp rx=0 tx=0).stop
2024-03-22T04:45:23.002 INFO:teuthology.orchestra.run.smithi131.stdout:/usr/bin/ceph: stderr
2024-03-22T04:45:22.168+0000 7f7ebaf03700 1 -- 172.21.15.131:0/2015281023 shutdown_connections
2024-03-22T04:45:23.002 INFO:teuthology.orchestra.run.smithi131.stdout:/usr/bin/ceph: stderr
2024-03-22T04:45:22.168+0000 7f7ebaf03700 1 --2- 172.21.15.131:0/2015281023 >> [v2:172.21.15.131:3300/0,v1:172.21.15.131:6789/0] conn(0x7f7eb41053f0 0x7f7eb4105810 unknown :-1 s=CLOSED pgs=18 cs=0 l=1 rev1=1 crypto rx=0 tx=0 comp rx=0 tx=0).stop
2024-03-22T04:45:23.002 INFO:teuthology.orchestra.run.smithi131.stdout:/usr/bin/ceph: stderr
2024-03-22T04:45:22.168+0000 7f7ebaf03700 1 -- 172.21.15.131:0/2015281023 >> 172.21.15.131:0/2015281023 conn(0x7f7eb41009b0 msgr2=0x7f7eb4102dd0 unknown :-1 s=STATE_NONE l=0).mark_down
2024-03-22T04:45:23.002 INFO:teuthology.orchestra.run.smithi131.stdout:/usr/bin/ceph: stderr
2024-03-22T04:45:22.168+0000 7f7ebaf03700 1 -- 172.21.15.131:0/2015281023 shutdown_connections
2024-03-22T04:45:23.003 INFO:teuthology.orchestra.run.smithi131.stdout:/usr/bin/ceph: stderr
2024-03-22T04:45:22.168+0000 7f7ebaf03700 1 -- 172.21.15.131:0/2015281023 wait complete.
2024-03-22T04:45:23.003 INFO:teuthology.orchestra.run.smithi131.stdout:/usr/bin/ceph: stderr
2024-03-22T04:45:22.168+0000 7f7ebaf03700 1 Processor -- start
2024-03-22T04:45:23.003 INFO:teuthology.orchestra.run.smithi131.stdout:/usr/bin/ceph: stderr
2024-03-22T04:45:22.168+0000 7f7ebaf03700 1 -- start start
2024-03-22T04:45:23.003 INFO:teuthology.orchestra.run.smithi131.stdout:/usr/bin/ceph: stderr
2024-03-22T04:45:22.168+0000 7f7ebaf03700 1 --2- >> [v2:172.21.15.131:3300/0,v1:172.21.15.131:6789/0] conn(0x7f7eb41053f0 0x7f7eb419a240 unknown :-1 s=NONE pgs=0 cs=0 l=1 rev1=0 crypto rx=0 tx=0 comp rx=0 tx=0).connect
2024-03-22T04:45:23.003 INFO:teuthology.orchestra.run.smithi131.stdout:/usr/bin/ceph: stderr
2024-03-22T04:45:22.168+0000 7f7ebaf03700 1 -- --> [v2:172.21.15.131:3300/0,v1:172.21.15.131:6789/0] -- mon_getmap magic: 0 v1 -- 0x7f7eb419a780 con 0x7f7eb41053f0
2024-03-22T04:45:23.003 INFO:teuthology.orchestra.run.smithi131.stdout:/usr/bin/ceph: stderr
2024-03-22T04:45:22.168+0000 7f7eb8c9f700 1 --2- >> [v2:172.21.15.131:3300/0,v1:172.21.15.131:6789/0] conn(0x7f7eb41053f0 0x7f7eb419a240 unknown :-1 s=BANNER_CONNECTING pgs=0 cs=0 l=1 rev1=0 crypto rx=0 tx=0 comp rx=0 tx=0)._handle_peer_banner_payload supported=3 required=0
2024-03-22T04:45:23.003 INFO:teuthology.orchestra.run.smithi131.stdout:/usr/bin/ceph: stderr
2024-03-22T04:45:22.168+0000 7f7eb8c9f700 1 --2- >> [v2:172.21.15.131:3300/0,v1:172.21.15.131:6789/0] conn(0x7f7eb41053f0 0x7f7eb419a240 unknown :-1 s=HELLO_CONNECTING pgs=0 cs=0 l=1 rev1=1 crypto rx=0 tx=0 comp rx=0 tx=0).handle_hello peer v2:172.21.15.131:3300/0 says I am v2:172.21.15.131:56956/0 (socket says 172.21.15.131:56956)
2024-03-22T04:45:23.003 INFO:teuthology.orchestra.run.smithi131.stdout:/usr/bin/ceph: stderr
2024-03-22T04:45:22.168+0000 7f7eb8c9f700 1 -- 172.21.15.131:0/924782055 learned_addr learned my addr 172.21.15.131:0/924782055 (peer_addr_for_me v2:172.21.15.131:0/0)
2024-03-22T04:45:23.003 INFO:teuthology.orchestra.run.smithi131.stdout:/usr/bin/ceph: stderr
2024-03-22T04:45:22.169+0000 7f7eb8c9f700 1 -- 172.21.15.131:0/924782055 --> [v2:172.21.15.131:3300/0,v1:172.21.15.131:6789/0] -- mon_subscribe({config=0+,monmap=0+}) v3 -- 0x7f7ea8009550 con 0x7f7eb41053f0
2024-03-22T04:45:23.003 INFO:teuthology.orchestra.run.smithi131.stdout:/usr/bin/ceph: stderr
2024-03-22T04:45:22.169+0000 7f7eb8c9f700 1 --2- 172.21.15.131:0/924782055 >> [v2:172.21.15.131:3300/0,v1:172.21.15.131:6789/0] conn(0x7f7eb41053f0 0x7f7eb419a240 secure :-1 s=READY pgs=19 cs=0 l=1 rev1=1 crypto rx=0x7f7ea8011710 tx=0x7f7ea80047c0 comp rx=0 tx=0).ready entity=mon.0 client_cookie=0 server_cookie=0 in_seq=0 out_seq=0
2024-03-22T04:45:23.003 INFO:teuthology.orchestra.run.smithi131.stdout:/usr/bin/ceph: stderr
2024-03-22T04:45:22.169+0000 7f7eb1ffb700 1 -- 172.21.15.131:0/924782055 <== mon.0 v2:172.21.15.131:3300/0 1 ==== mon_map magic: 0 v1 ==== 229+0+0 (secure 0 0 0) 0x7f7ea8003b10 con 0x7f7eb41053f0
2024-03-22T04:45:23.003 INFO:teuthology.orchestra.run.smithi131.stdout:/usr/bin/ceph: stderr
2024-03-22T04:45:22.169+0000 7f7eb1ffb700 1 -- 172.21.15.131:0/924782055 <== mon.0 v2:172.21.15.131:3300/0 2 ==== config(27 keys) v1 ==== 1042+0+0 (secure 0 0 0) 0x7f7ea801b8c0 con 0x7f7eb41053f0
2024-03-22T04:45:23.003 INFO:teuthology.orchestra.run.smithi131.stdout:/usr/bin/ceph: stderr
2024-03-22T04:45:22.169+0000 7f7eb1ffb700 1 -- 172.21.15.131:0/924782055 <== mon.0 v2:172.21.15.131:3300/0 3 ==== mon_map magic: 0 v1 ==== 229+0+0 (secure 0 0 0) 0x7f7ea8019710 con 0x7f7eb41053f0
2024-03-22T04:45:23.003 INFO:teuthology.orchestra.run.smithi131.stdout:/usr/bin/ceph: stderr
2024-03-22T04:45:22.169+0000 7f7ebaf03700 1 -- 172.21.15.131:0/924782055 --> [v2:172.21.15.131:3300/0,v1:172.21.15.131:6789/0] -- mon_subscribe({mgrmap=0+}) v3 -- 0x7f7eb419a980 con 0x7f7eb41053f0
2024-03-22T04:45:23.004 INFO:teuthology.orchestra.run.smithi131.stdout:/usr/bin/ceph: stderr
2024-03-22T04:45:22.169+0000 7f7ebaf03700 1 -- 172.21.15.131:0/924782055 --> [v2:172.21.15.131:3300/0,v1:172.21.15.131:6789/0] -- mon_subscribe({osdmap=0}) v3 -- 0x7f7eb419ae20 con 0x7f7eb41053f0
2024-03-22T04:45:23.004 INFO:teuthology.orchestra.run.smithi131.stdout:/usr/bin/ceph: stderr
2024-03-22T04:45:22.170+0000 7f7eb1ffb700 1 -- 172.21.15.131:0/924782055 <== mon.0 v2:172.21.15.131:3300/0 4 ==== mgrmap(e 3) v1 ==== 45431+0+0 (secure 0 0 0) 0x7f7ea80198c0 con 0x7f7eb41053f0
2024-03-22T04:45:23.004 INFO:teuthology.orchestra.run.smithi131.stdout:/usr/bin/ceph: stderr
2024-03-22T04:45:22.170+0000 7f7eb1ffb700 1 --2- 172.21.15.131:0/924782055 >> [v2:172.21.15.131:6800/1144090080,v1:172.21.15.131:6801/1144090080] conn(0x7f7ea40385c0 0x7f7ea403aa80 unknown :-1 s=NONE pgs=0 cs=0 l=1 rev1=0 crypto rx=0 tx=0 comp rx=0 tx=0).connect
2024-03-22T04:45:23.004 INFO:teuthology.orchestra.run.smithi131.stdout:/usr/bin/ceph: stderr
2024-03-22T04:45:22.170+0000 7f7eb1ffb700 1 -- 172.21.15.131:0/924782055 <== mon.0 v2:172.21.15.131:3300/0 5 ==== osd_map(1..1 src has 1..1) v4 ==== 725+0+0 (secure 0 0 0) 0x7f7ea804c9b0 con 0x7f7eb41053f0
2024-03-22T04:45:23.004 INFO:teuthology.orchestra.run.smithi131.stdout:/usr/bin/ceph: stderr
2024-03-22T04:45:22.170+0000 7f7eb3fff700 1 --2- 172.21.15.131:0/924782055 >> [v2:172.21.15.131:6800/1144090080,v1:172.21.15.131:6801/1144090080] conn(0x7f7ea40385c0 0x7f7ea403aa80 unknown :-1 s=BANNER_CONNECTING pgs=0 cs=0 l=1 rev1=0 crypto rx=0 tx=0 comp rx=0 tx=0)._handle_peer_banner_payload supported=3 required=0
2024-03-22T04:45:23.004 INFO:teuthology.orchestra.run.smithi131.stdout:/usr/bin/ceph: stderr
2024-03-22T04:45:22.170+0000 7f7ebaf03700 1 -- 172.21.15.131:0/924782055 --> [v2:172.21.15.131:3300/0,v1:172.21.15.131:6789/0] -- mon_command({"prefix": "get_command_descriptions"} v 0) v1 -- 0x7f7eb4194410 con 0x7f7eb41053f0
2024-03-22T04:45:23.004 INFO:teuthology.orchestra.run.smithi131.stdout:/usr/bin/ceph: stderr
2024-03-22T04:45:22.171+0000 7f7eb3fff700 1 --2- 172.21.15.131:0/924782055 >> [v2:172.21.15.131:6800/1144090080,v1:172.21.15.131:6801/1144090080] conn(0x7f7ea40385c0 0x7f7ea403aa80 secure :-1 s=READY pgs=6 cs=0 l=1 rev1=1 crypto rx=0x7f7ea0006fd0 tx=0x7f7ea0006e40 comp rx=0 tx=0).ready entity=mgr.14100 client_cookie=0 server_cookie=0 in_seq=0 out_seq=0
2024-03-22T04:45:23.004 INFO:teuthology.orchestra.run.smithi131.stdout:/usr/bin/ceph: stderr
2024-03-22T04:45:22.176+0000 7f7eb1ffb700 1 -- 172.21.15.131:0/924782055 <== mon.0 v2:172.21.15.131:3300/0 6 ==== mon_command_ack([{"prefix": "get_command_descriptions"}]=0 v0) v1 ==== 72+0+182738 (secure 0 0 0) 0x7f7ea8018db0 con 0x7f7eb41053f0
2024-03-22T04:45:23.004 INFO:teuthology.orchestra.run.smithi131.stdout:/usr/bin/ceph: stderr
2024-03-22T04:45:22.247+0000 7f7eb1ffb700 1 -- 172.21.15.131:0/924782055 <== mon.0 v2:172.21.15.131:3300/0 7 ==== mgrmap(e 4) v1 ==== 45537+0+0 (secure 0 0 0) 0x7f7ea801a8f0 con 0x7f7eb41053f0
2024-03-22T04:45:23.004 INFO:teuthology.orchestra.run.smithi131.stdout:/usr/bin/ceph: stderr
2024-03-22T04:45:22.444+0000 7f7ebaf03700 1 -- 172.21.15.131:0/924782055 --> [v2:172.21.15.131:3300/0,v1:172.21.15.131:6789/0] -- mon_command({"prefix": "status", "format": "json-pretty"} v 0) v1 -- 0x7f7eb4109a00 con 0x7f7eb41053f0
2024-03-22T04:45:23.004 INFO:teuthology.orchestra.run.smithi131.stdout:/usr/bin/ceph: stderr
2024-03-22T04:45:22.445+0000 7f7eb1ffb700 1 -- 172.21.15.131:0/924782055 <== mon.0 v2:172.21.15.131:3300/0 8 ==== mon_command_ack([{"prefix": "status", "format": "json-pretty"}]=0 v0) v1 ==== 79+0+1246 (secure 0 0 0) 0x7f7ea80304f0 con 0x7f7eb41053f0
2024-03-22T04:45:23.004 INFO:teuthology.orchestra.run.smithi131.stdout:/usr/bin/ceph: stderr
2024-03-22T04:45:22.447+0000 7f7ebaf03700 1 -- 172.21.15.131:0/924782055 >> [v2:172.21.15.131:6800/1144090080,v1:172.21.15.131:6801/1144090080] conn(0x7f7ea40385c0 msgr2=0x7f7ea403aa80 secure :-1 s=STATE_CONNECTION_ESTABLISHED l=1).mark_down
2024-03-22T04:45:23.004 INFO:teuthology.orchestra.run.smithi131.stdout:/usr/bin/ceph: stderr
2024-03-22T04:45:22.448+0000 7f7ebaf03700 1 --2- 172.21.15.131:0/924782055 >> [v2:172.21.15.131:6800/1144090080,v1:172.21.15.131:6801/1144090080] conn(0x7f7ea40385c0 0x7f7ea403aa80 secure :-1 s=READY pgs=6 cs=0 l=1 rev1=1 crypto rx=0x7f7ea0006fd0 tx=0x7f7ea0006e40 comp rx=0 tx=0).stop
2024-03-22T04:45:23.005 INFO:teuthology.orchestra.run.smithi131.stdout:/usr/bin/ceph: stderr
2024-03-22T04:45:22.448+0000 7f7ebaf03700 1 -- 172.21.15.131:0/924782055 >> [v2:172.21.15.131:3300/0,v1:172.21.15.131:6789/0] conn(0x7f7eb41053f0 msgr2=0x7f7eb419a240 secure :-1 s=STATE_CONNECTION_ESTABLISHED l=1).mark_down
2024-03-22T04:45:23.005 INFO:teuthology.orchestra.run.smithi131.stdout:/usr/bin/ceph: stderr
2024-03-22T04:45:22.448+0000 7f7ebaf03700 1 --2- 172.21.15.131:0/924782055 >> [v2:172.21.15.131:3300/0,v1:172.21.15.131:6789/0] conn(0x7f7eb41053f0 0x7f7eb419a240 secure :-1 s=READY pgs=19 cs=0 l=1 rev1=1 crypto rx=0x7f7ea8011710 tx=0x7f7ea80047c0 comp rx=0 tx=0).stop
2024-03-22T04:45:23.005 INFO:teuthology.orchestra.run.smithi131.stdout:/usr/bin/ceph: stderr
2024-03-22T04:45:22.448+0000 7f7ebaf03700 1 -- 172.21.15.131:0/924782055 shutdown_connections
2024-03-22T04:45:23.005 INFO:teuthology.orchestra.run.smithi131.stdout:/usr/bin/ceph: stderr
2024-03-22T04:45:22.448+0000 7f7ebaf03700 1 --2- 172.21.15.131:0/924782055 >> [v2:172.21.15.131:6800/1144090080,v1:172.21.15.131:6801/1144090080] conn(0x7f7ea40385c0 0x7f7ea403aa80 unknown :-1 s=CLOSED pgs=6 cs=0 l=1 rev1=1 crypto rx=0 tx=0 comp rx=0 tx=0).stop
2024-03-22T04:45:23.005 INFO:teuthology.orchestra.run.smithi131.stdout:/usr/bin/ceph: stderr
2024-03-22T04:45:22.448+0000 7f7ebaf03700 1 --2- 172.21.15.131:0/924782055 >> [v2:172.21.15.131:3300/0,v1:172.21.15.131:6789/0] conn(0x7f7eb41053f0 0x7f7eb419a240 unknown :-1 s=CLOSED pgs=19 cs=0 l=1 rev1=1 crypto rx=0 tx=0 comp rx=0 tx=0).stop
2024-03-22T04:45:23.005 INFO:teuthology.orchestra.run.smithi131.stdout:/usr/bin/ceph: stderr
2024-03-22T04:45:22.448+0000 7f7ebaf03700 1 -- 172.21.15.131:0/924782055 >> 172.21.15.131:0/924782055 conn(0x7f7eb41009b0 msgr2=0x7f7eb4101860 unknown :-1 s=STATE_NONE l=0).mark_down
2024-03-22T04:45:23.005 INFO:teuthology.orchestra.run.smithi131.stdout:/usr/bin/ceph: stderr
2024-03-22T04:45:22.448+0000 7f7ebaf03700 1 -- 172.21.15.131:0/924782055 shutdown_connections
2024-03-22T04:45:23.005 INFO:teuthology.orchestra.run.smithi131.stdout:/usr/bin/ceph: stderr
2024-03-22T04:45:22.448+0000 7f7ebaf03700 1 -- 172.21.15.131:0/924782055 wait complete.
2024-03-22T04:45:23.005 INFO:teuthology.orchestra.run.smithi131.stdout:mgr is available
2024-03-22T04:45:23.460 INFO:journalctl@ceph.mon.smithi131.smithi131.stdout:Mar 22 04:45:23 smithi131 ceph-mon[29229]: mgrmap e4: smithi131.fairyp(active, since 3s)
2024-03-22T04:45:23.460 INFO:journalctl@ceph.mon.smithi131.smithi131.stdout:Mar 22 04:45:23 smithi131 ceph-mon[29229]: from='client.? 172.21.15.131:0/924782055' entity='client.admin' cmd=[{"prefix": "status", "format": "json-pretty"}]: dispatch
2024-03-22T04:45:24.148 INFO:teuthology.orchestra.run.smithi131.stdout:/usr/bin/ceph: stdout
2024-03-22T04:45:24.148 INFO:teuthology.orchestra.run.smithi131.stdout:/usr/bin/ceph: stdout [global]
2024-03-22T04:45:24.148 INFO:teuthology.orchestra.run.smithi131.stdout:/usr/bin/ceph: stdout fsid = cc49146a-e806-11ee-95cd-87774f69a715
2024-03-22T04:45:24.149 INFO:teuthology.orchestra.run.smithi131.stdout:/usr/bin/ceph: stdout mon_osd_allow_pg_remap = true
2024-03-22T04:45:24.149 INFO:teuthology.orchestra.run.smithi131.stdout:/usr/bin/ceph: stdout mon_osd_allow_primary_affinity = true
2024-03-22T04:45:24.149 INFO:teuthology.orchestra.run.smithi131.stdout:/usr/bin/ceph: stdout mon_warn_on_no_sortbitwise = false
2024-03-22T04:45:24.149 INFO:teuthology.orchestra.run.smithi131.stdout:/usr/bin/ceph: stdout osd_crush_chooseleaf_type = 0
2024-03-22T04:45:24.149 INFO:teuthology.orchestra.run.smithi131.stdout:/usr/bin/ceph: stdout
2024-03-22T04:45:24.149 INFO:teuthology.orchestra.run.smithi131.stdout:/usr/bin/ceph: stdout [mgr]
2024-03-22T04:45:24.149 INFO:teuthology.orchestra.run.smithi131.stdout:/usr/bin/ceph: stdout mgr/telemetry/nag = false
2024-03-22T04:45:24.149 INFO:teuthology.orchestra.run.smithi131.stdout:/usr/bin/ceph: stdout
2024-03-22T04:45:24.149 INFO:teuthology.orchestra.run.smithi131.stdout:/usr/bin/ceph: stdout [osd]
2024-03-22T04:45:24.149 INFO:teuthology.orchestra.run.smithi131.stdout:/usr/bin/ceph: stdout mon_osd_backfillfull_ratio = 0.85
2024-03-22T04:45:24.149 INFO:teuthology.orchestra.run.smithi131.stdout:/usr/bin/ceph: stdout mon_osd_full_ratio = 0.9
2024-03-22T04:45:24.149 INFO:teuthology.orchestra.run.smithi131.stdout:/usr/bin/ceph: stdout mon_osd_nearfull_ratio = 0.8
2024-03-22T04:45:24.149 INFO:teuthology.orchestra.run.smithi131.stdout:/usr/bin/ceph: stdout osd_map_max_advance = 10
2024-03-22T04:45:24.149 INFO:teuthology.orchestra.run.smithi131.stdout:/usr/bin/ceph: stdout osd_sloppy_crc = true
2024-03-22T04:45:24.149 INFO:teuthology.orchestra.run.smithi131.stdout:/usr/bin/ceph: stderr
2024-03-22T04:45:23.366+0000 7f6dc14ac700 1 Processor -- start
2024-03-22T04:45:24.150 INFO:teuthology.orchestra.run.smithi131.stdout:/usr/bin/ceph: stderr
2024-03-22T04:45:23.366+0000 7f6dc14ac700 1 -- start start
2024-03-22T04:45:24.150 INFO:teuthology.orchestra.run.smithi131.stdout:/usr/bin/ceph: stderr
2024-03-22T04:45:23.366+0000 7f6dc14ac700 1 --2- >> [v2:172.21.15.131:3300/0,v1:172.21.15.131:6789/0] conn(0x7f6dbc105400 0x7f6dbc105820 unknown :-1 s=NONE pgs=0 cs=0 l=0 rev1=0 crypto rx=0 tx=0 comp rx=0 tx=0).connect
2024-03-22T04:45:24.150 INFO:teuthology.orchestra.run.smithi131.stdout:/usr/bin/ceph: stderr
2024-03-22T04:45:23.366+0000 7f6dc14ac700 1 -- --> [v2:172.21.15.131:3300/0,v1:172.21.15.131:6789/0] -- mon_getmap magic: 0 v1 -- 0x7f6dbc105df0 con 0x7f6dbc105400
2024-03-22T04:45:24.150 INFO:teuthology.orchestra.run.smithi131.stdout:/usr/bin/ceph: stderr
2024-03-22T04:45:23.366+0000 7f6dbaffd700 1 --2- >> [v2:172.21.15.131:3300/0,v1:172.21.15.131:6789/0] conn(0x7f6dbc105400 0x7f6dbc105820 unknown :-1 s=BANNER_CONNECTING pgs=0 cs=0 l=0 rev1=0 crypto rx=0 tx=0 comp rx=0 tx=0)._handle_peer_banner_payload supported=3 required=0
2024-03-22T04:45:24.150 INFO:teuthology.orchestra.run.smithi131.stdout:/usr/bin/ceph: stderr
2024-03-22T04:45:23.366+0000 7f6dbaffd700 1 --2- >> [v2:172.21.15.131:3300/0,v1:172.21.15.131:6789/0] conn(0x7f6dbc105400 0x7f6dbc105820 unknown :-1 s=HELLO_CONNECTING pgs=0 cs=0 l=0 rev1=1 crypto rx=0 tx=0 comp rx=0 tx=0).handle_hello peer v2:172.21.15.131:3300/0 says I am v2:172.21.15.131:56962/0 (socket says 172.21.15.131:56962)
2024-03-22T04:45:24.150 INFO:teuthology.orchestra.run.smithi131.stdout:/usr/bin/ceph: stderr
2024-03-22T04:45:23.366+0000 7f6dbaffd700 1 -- 172.21.15.131:0/2465018409 learned_addr learned my addr 172.21.15.131:0/2465018409 (peer_addr_for_me v2:172.21.15.131:0/0)
2024-03-22T04:45:24.150 INFO:teuthology.orchestra.run.smithi131.stdout:/usr/bin/ceph: stderr
2024-03-22T04:45:23.366+0000 7f6dbaffd700 1 -- 172.21.15.131:0/2465018409 --> [v2:172.21.15.131:3300/0,v1:172.21.15.131:6789/0] -- mon_subscribe({config=0+,monmap=0+}) v3 -- 0x7f6dbc106600 con 0x7f6dbc105400
2024-03-22T04:45:24.150 INFO:teuthology.orchestra.run.smithi131.stdout:/usr/bin/ceph: stderr
2024-03-22T04:45:23.367+0000 7f6dbaffd700 1 --2- 172.21.15.131:0/2465018409 >> [v2:172.21.15.131:3300/0,v1:172.21.15.131:6789/0] conn(0x7f6dbc105400 0x7f6dbc105820 secure :-1 s=READY pgs=20 cs=0 l=1 rev1=1 crypto rx=0x7f6dac0098a0 tx=0x7f6dac009bb0 comp rx=0 tx=0).ready entity=mon.0 client_cookie=1289c7ae5d02589c server_cookie=0 in_seq=0 out_seq=0
2024-03-22T04:45:24.150 INFO:teuthology.orchestra.run.smithi131.stdout:/usr/bin/ceph: stderr
2024-03-22T04:45:23.367+0000 7f6db9ffb700 1 -- 172.21.15.131:0/2465018409 <== mon.0 v2:172.21.15.131:3300/0 1 ==== mon_map magic: 0 v1 ==== 229+0+0 (secure 0 0 0) 0x7f6dac004180 con 0x7f6dbc105400
2024-03-22T04:45:24.150 INFO:teuthology.orchestra.run.smithi131.stdout:/usr/bin/ceph: stderr
2024-03-22T04:45:23.367+0000 7f6db9ffb700 1 -- 172.21.15.131:0/2465018409 <== mon.0 v2:172.21.15.131:3300/0 2 ==== config(27 keys) v1 ==== 1042+0+0 (secure 0 0 0) 0x7f6dac0042e0 con 0x7f6dbc105400
2024-03-22T04:45:24.150 INFO:teuthology.orchestra.run.smithi131.stdout:/usr/bin/ceph: stderr
2024-03-22T04:45:23.367+0000 7f6db9ffb700 1 -- 172.21.15.131:0/2465018409 <== mon.0 v2:172.21.15.131:3300/0 3 ==== mon_map magic: 0 v1 ==== 229+0+0 (secure 0 0 0) 0x7f6dac011a70 con 0x7f6dbc105400
2024-03-22T04:45:24.150 INFO:teuthology.orchestra.run.smithi131.stdout:/usr/bin/ceph: stderr
2024-03-22T04:45:23.367+0000 7f6dc14ac700 1 -- 172.21.15.131:0/2465018409 >> [v2:172.21.15.131:3300/0,v1:172.21.15.131:6789/0] conn(0x7f6dbc105400 msgr2=0x7f6dbc105820 secure :-1 s=STATE_CONNECTION_ESTABLISHED l=1).mark_down
2024-03-22T04:45:24.150 INFO:teuthology.orchestra.run.smithi131.stdout:/usr/bin/ceph: stderr
2024-03-22T04:45:23.367+0000 7f6dc14ac700 1 --2- 172.21.15.131:0/2465018409 >> [v2:172.21.15.131:3300/0,v1:172.21.15.131:6789/0] conn(0x7f6dbc105400 0x7f6dbc105820 secure :-1 s=READY pgs=20 cs=0 l=1 rev1=1 crypto rx=0x7f6dac0098a0 tx=0x7f6dac009bb0 comp rx=0 tx=0).stop
2024-03-22T04:45:24.150 INFO:teuthology.orchestra.run.smithi131.stdout:/usr/bin/ceph: stderr
2024-03-22T04:45:23.367+0000 7f6dc14ac700 1 -- 172.21.15.131:0/2465018409 shutdown_connections
2024-03-22T04:45:24.151 INFO:teuthology.orchestra.run.smithi131.stdout:/usr/bin/ceph: stderr
2024-03-22T04:45:23.367+0000 7f6dc14ac700 1 --2- 172.21.15.131:0/2465018409 >> [v2:172.21.15.131:3300/0,v1:172.21.15.131:6789/0] conn(0x7f6dbc105400 0x7f6dbc105820 unknown :-1 s=CLOSED pgs=20 cs=0 l=1 rev1=1 crypto rx=0 tx=0 comp rx=0 tx=0).stop
2024-03-22T04:45:24.151 INFO:teuthology.orchestra.run.smithi131.stdout:/usr/bin/ceph: stderr
2024-03-22T04:45:23.367+0000 7f6dc14ac700 1 -- 172.21.15.131:0/2465018409 >> 172.21.15.131:0/2465018409 conn(0x7f6dbc100a00 msgr2=0x7f6dbc102e20 unknown :-1 s=STATE_NONE l=0).mark_down
2024-03-22T04:45:24.151 INFO:teuthology.orchestra.run.smithi131.stdout:/usr/bin/ceph: stderr
2024-03-22T04:45:23.367+0000 7f6dc14ac700 1 -- 172.21.15.131:0/2465018409 shutdown_connections
2024-03-22T04:45:24.151 INFO:teuthology.orchestra.run.smithi131.stdout:/usr/bin/ceph: stderr
2024-03-22T04:45:23.367+0000 7f6dc14ac700 1 -- 172.21.15.131:0/2465018409 wait complete.
2024-03-22T04:45:24.151 INFO:teuthology.orchestra.run.smithi131.stdout:/usr/bin/ceph: stderr
2024-03-22T04:45:23.368+0000 7f6dc14ac700 1 Processor -- start
2024-03-22T04:45:24.151 INFO:teuthology.orchestra.run.smithi131.stdout:/usr/bin/ceph: stderr
2024-03-22T04:45:23.368+0000 7f6dc14ac700 1 -- start start
2024-03-22T04:45:24.151 INFO:teuthology.orchestra.run.smithi131.stdout:/usr/bin/ceph: stderr
2024-03-22T04:45:23.368+0000 7f6dc14ac700 1 --2- >> [v2:172.21.15.131:3300/0,v1:172.21.15.131:6789/0] conn(0x7f6dbc105400 0x7f6dbc0799b0 unknown :-1 s=NONE pgs=0 cs=0 l=1 rev1=0 crypto rx=0 tx=0 comp rx=0 tx=0).connect
2024-03-22T04:45:24.151 INFO:teuthology.orchestra.run.smithi131.stdout:/usr/bin/ceph: stderr
2024-03-22T04:45:23.368+0000 7f6dc14ac700 1 -- --> [v2:172.21.15.131:3300/0,v1:172.21.15.131:6789/0] -- mon_getmap magic: 0 v1 -- 0x7f6dbc079ef0 con 0x7f6dbc105400
2024-03-22T04:45:24.151 INFO:teuthology.orchestra.run.smithi131.stdout:/usr/bin/ceph: stderr
2024-03-22T04:45:23.368+0000 7f6dbaffd700 1 --2- >> [v2:172.21.15.131:3300/0,v1:172.21.15.131:6789/0] conn(0x7f6dbc105400 0x7f6dbc0799b0 unknown :-1 s=BANNER_CONNECTING pgs=0 cs=0 l=1 rev1=0 crypto rx=0 tx=0 comp rx=0 tx=0)._handle_peer_banner_payload supported=3 required=0
2024-03-22T04:45:24.151 INFO:teuthology.orchestra.run.smithi131.stdout:/usr/bin/ceph: stderr
2024-03-22T04:45:23.368+0000 7f6dbaffd700 1 --2- >> [v2:172.21.15.131:3300/0,v1:172.21.15.131:6789/0] conn(0x7f6dbc105400 0x7f6dbc0799b0 unknown :-1 s=HELLO_CONNECTING pgs=0 cs=0 l=1 rev1=1 crypto rx=0 tx=0 comp rx=0 tx=0).handle_hello peer v2:172.21.15.131:3300/0 says I am v2:172.21.15.131:56968/0 (socket says 172.21.15.131:56968)
2024-03-22T04:45:24.151 INFO:teuthology.orchestra.run.smithi131.stdout:/usr/bin/ceph: stderr
2024-03-22T04:45:23.368+0000 7f6dbaffd700 1 -- 172.21.15.131:0/1750313766 learned_addr learned my addr 172.21.15.131:0/1750313766 (peer_addr_for_me v2:172.21.15.131:0/0)
2024-03-22T04:45:24.151 INFO:teuthology.orchestra.run.smithi131.stdout:/usr/bin/ceph: stderr
2024-03-22T04:45:23.369+0000 7f6dbaffd700 1 -- 172.21.15.131:0/1750313766 --> [v2:172.21.15.131:3300/0,v1:172.21.15.131:6789/0] -- mon_subscribe({config=0+,monmap=0+}) v3 -- 0x7f6dac009550 con 0x7f6dbc105400
2024-03-22T04:45:24.151 INFO:teuthology.orchestra.run.smithi131.stdout:/usr/bin/ceph: stderr
2024-03-22T04:45:23.369+0000 7f6dbaffd700 1 --2- 172.21.15.131:0/1750313766 >> [v2:172.21.15.131:3300/0,v1:172.21.15.131:6789/0] conn(0x7f6dbc105400 0x7f6dbc0799b0 secure :-1 s=READY pgs=21 cs=0 l=1 rev1=1 crypto rx=0x7f6dac011710 tx=0x7f6dac0047c0 comp rx=0 tx=0).ready entity=mon.0 client_cookie=0 server_cookie=0 in_seq=0 out_seq=0
2024-03-22T04:45:24.151 INFO:teuthology.orchestra.run.smithi131.stdout:/usr/bin/ceph: stderr
2024-03-22T04:45:23.369+0000 7f6da3fff700 1 -- 172.21.15.131:0/1750313766 <== mon.0 v2:172.21.15.131:3300/0 1 ==== mon_map magic: 0 v1 ==== 229+0+0 (secure 0 0 0) 0x7f6dac003b10 con 0x7f6dbc105400
2024-03-22T04:45:24.151 INFO:teuthology.orchestra.run.smithi131.stdout:/usr/bin/ceph: stderr
2024-03-22T04:45:23.369+0000 7f6da3fff700 1 -- 172.21.15.131:0/1750313766 <== mon.0 v2:172.21.15.131:3300/0 2 ==== config(27 keys) v1 ==== 1042+0+0 (secure 0 0 0) 0x7f6dac01b8c0 con 0x7f6dbc105400
2024-03-22T04:45:24.151 INFO:teuthology.orchestra.run.smithi131.stdout:/usr/bin/ceph: stderr
2024-03-22T04:45:23.369+0000 7f6dc14ac700 1 -- 172.21.15.131:0/1750313766 --> [v2:172.21.15.131:3300/0,v1:172.21.15.131:6789/0] -- mon_subscribe({mgrmap=0+}) v3 -- 0x7f6dbc19cfc0 con 0x7f6dbc105400
2024-03-22T04:45:24.152 INFO:teuthology.orchestra.run.smithi131.stdout:/usr/bin/ceph: stderr
2024-03-22T04:45:23.369+0000 7f6da3fff700 1 -- 172.21.15.131:0/1750313766 <== mon.0 v2:172.21.15.131:3300/0 3 ==== mon_map magic: 0 v1 ==== 229+0+0 (secure 0 0 0) 0x7f6dac019770 con 0x7f6dbc105400
2024-03-22T04:45:24.152 INFO:teuthology.orchestra.run.smithi131.stdout:/usr/bin/ceph: stderr
2024-03-22T04:45:23.369+0000 7f6dc14ac700 1 -- 172.21.15.131:0/1750313766 --> [v2:172.21.15.131:3300/0,v1:172.21.15.131:6789/0] -- mon_subscribe({osdmap=0}) v3 -- 0x7f6dbc19d400 con 0x7f6dbc105400
2024-03-22T04:45:24.152 INFO:teuthology.orchestra.run.smithi131.stdout:/usr/bin/ceph: stderr
2024-03-22T04:45:23.370+0000 7f6da3fff700 1 -- 172.21.15.131:0/1750313766 <== mon.0 v2:172.21.15.131:3300/0 4 ==== mgrmap(e 4) v1 ==== 45537+0+0 (secure 0 0 0) 0x7f6dac0199f0 con 0x7f6dbc105400
2024-03-22T04:45:24.152 INFO:teuthology.orchestra.run.smithi131.stdout:/usr/bin/ceph: stderr
2024-03-22T04:45:23.370+0000 7f6da3fff700 1 --2- 172.21.15.131:0/1750313766 >> [v2:172.21.15.131:6800/1144090080,v1:172.21.15.131:6801/1144090080] conn(0x7f6da40386d0 0x7f6da403ab90 unknown :-1 s=NONE pgs=0 cs=0 l=1 rev1=0 crypto rx=0 tx=0 comp rx=0 tx=0).connect
2024-03-22T04:45:24.152 INFO:teuthology.orchestra.run.smithi131.stdout:/usr/bin/ceph: stderr
2024-03-22T04:45:23.370+0000 7f6da3fff700 1 -- 172.21.15.131:0/1750313766 <== mon.0 v2:172.21.15.131:3300/0 5 ==== osd_map(1..1 src has 1..1) v4 ==== 725+0+0 (secure 0 0 0) 0x7f6dac04c9f0 con 0x7f6dbc105400
2024-03-22T04:45:24.152 INFO:teuthology.orchestra.run.smithi131.stdout:/usr/bin/ceph: stderr
2024-03-22T04:45:23.370+0000 7f6dba7fc700 1 --2- 172.21.15.131:0/1750313766 >> [v2:172.21.15.131:6800/1144090080,v1:172.21.15.131:6801/1144090080] conn(0x7f6da40386d0 0x7f6da403ab90 unknown :-1 s=BANNER_CONNECTING pgs=0 cs=0 l=1 rev1=0 crypto rx=0 tx=0 comp rx=0 tx=0)._handle_peer_banner_payload supported=3 required=0
2024-03-22T04:45:24.152 INFO:teuthology.orchestra.run.smithi131.stdout:/usr/bin/ceph: stderr
2024-03-22T04:45:23.370+0000 7f6dc14ac700 1 -- 172.21.15.131:0/1750313766 --> [v2:172.21.15.131:3300/0,v1:172.21.15.131:6789/0] -- mon_command({"prefix": "get_command_descriptions"} v 0) v1 -- 0x7f6dbc0623e0 con 0x7f6dbc105400
2024-03-22T04:45:24.152 INFO:teuthology.orchestra.run.smithi131.stdout:/usr/bin/ceph: stderr
2024-03-22T04:45:23.370+0000 7f6dba7fc700 1 --2- 172.21.15.131:0/1750313766 >> [v2:172.21.15.131:6800/1144090080,v1:172.21.15.131:6801/1144090080] conn(0x7f6da40386d0 0x7f6da403ab90 secure :-1 s=READY pgs=7 cs=0 l=1 rev1=1 crypto rx=0x7f6db0006fd0 tx=0x7f6db0006e40 comp rx=0 tx=0).ready entity=mgr.14100 client_cookie=0 server_cookie=0 in_seq=0 out_seq=0
2024-03-22T04:45:24.152 INFO:teuthology.orchestra.run.smithi131.stdout:/usr/bin/ceph: stderr
2024-03-22T04:45:23.375+0000 7f6da3fff700 1 -- 172.21.15.131:0/1750313766 <== mon.0 v2:172.21.15.131:3300/0 6 ==== mon_command_ack([{"prefix": "get_command_descriptions"}]=0 v0) v1 ==== 72+0+182738 (secure 0 0 0) 0x7f6dac01a3d0 con 0x7f6dbc105400
2024-03-22T04:45:24.152 INFO:teuthology.orchestra.run.smithi131.stdout:/usr/bin/ceph: stderr
2024-03-22T04:45:23.565+0000 7f6dc14ac700 1 -- 172.21.15.131:0/1750313766 --> [v2:172.21.15.131:3300/0,v1:172.21.15.131:6789/0] -- mon_command({"prefix": "config assimilate-conf"} v 0) v1 -- 0x7f6dbc19da60 con 0x7f6dbc105400
2024-03-22T04:45:24.152 INFO:teuthology.orchestra.run.smithi131.stdout:/usr/bin/ceph: stderr
2024-03-22T04:45:23.566+0000 7f6da3fff700 1 -- 172.21.15.131:0/1750313766 <== mon.0 v2:172.21.15.131:3300/0 7 ==== mon_command_ack([{"prefix": "config assimilate-conf"}]=0 v3) v1 ==== 70+0+373 (secure 0 0 0) 0x7f6dac041190 con 0x7f6dbc105400
2024-03-22T04:45:24.152 INFO:teuthology.orchestra.run.smithi131.stdout:/usr/bin/ceph: stderr
2024-03-22T04:45:23.568+0000 7f6dc14ac700 1 -- 172.21.15.131:0/1750313766 >> [v2:172.21.15.131:6800/1144090080,v1:172.21.15.131:6801/1144090080] conn(0x7f6da40386d0 msgr2=0x7f6da403ab90 secure :-1 s=STATE_CONNECTION_ESTABLISHED l=1).mark_down
2024-03-22T04:45:24.152 INFO:teuthology.orchestra.run.smithi131.stdout:/usr/bin/ceph: stderr
2024-03-22T04:45:23.568+0000 7f6dc14ac700 1 --2- 172.21.15.131:0/1750313766 >> [v2:172.21.15.131:6800/1144090080,v1:172.21.15.131:6801/1144090080] conn(0x7f6da40386d0 0x7f6da403ab90 secure :-1 s=READY pgs=7 cs=0 l=1 rev1=1 crypto rx=0x7f6db0006fd0 tx=0x7f6db0006e40 comp rx=0 tx=0).stop
2024-03-22T04:45:24.152 INFO:teuthology.orchestra.run.smithi131.stdout:/usr/bin/ceph: stderr
2024-03-22T04:45:23.568+0000 7f6dc14ac700 1 -- 172.21.15.131:0/1750313766 >> [v2:172.21.15.131:3300/0,v1:172.21.15.131:6789/0] conn(0x7f6dbc105400 msgr2=0x7f6dbc0799b0 secure :-1 s=STATE_CONNECTION_ESTABLISHED l=1).mark_down
2024-03-22T04:45:24.152 INFO:teuthology.orchestra.run.smithi131.stdout:/usr/bin/ceph: stderr
2024-03-22T04:45:23.568+0000 7f6dc14ac700 1 --2- 172.21.15.131:0/1750313766 >> [v2:172.21.15.131:3300/0,v1:172.21.15.131:6789/0] conn(0x7f6dbc105400 0x7f6dbc0799b0 secure :-1 s=READY pgs=21 cs=0 l=1 rev1=1 crypto rx=0x7f6dac011710 tx=0x7f6dac0047c0 comp rx=0 tx=0).stop
2024-03-22T04:45:24.153 INFO:teuthology.orchestra.run.smithi131.stdout:/usr/bin/ceph: stderr
2024-03-22T04:45:23.568+0000 7f6dc14ac700 1 -- 172.21.15.131:0/1750313766 shutdown_connections
2024-03-22T04:45:24.153 INFO:teuthology.orchestra.run.smithi131.stdout:/usr/bin/ceph: stderr
2024-03-22T04:45:23.568+0000 7f6dc14ac700 1 --2- 172.21.15.131:0/1750313766 >> [v2:172.21.15.131:6800/1144090080,v1:172.21.15.131:6801/1144090080] conn(0x7f6da40386d0 0x7f6da403ab90 unknown :-1 s=CLOSED pgs=7 cs=0 l=1 rev1=1 crypto rx=0 tx=0 comp rx=0 tx=0).stop
2024-03-22T04:45:24.153 INFO:teuthology.orchestra.run.smithi131.stdout:/usr/bin/ceph: stderr
2024-03-22T04:45:23.568+0000 7f6dc14ac700 1 --2- 172.21.15.131:0/1750313766 >> [v2:172.21.15.131:3300/0,v1:172.21.15.131:6789/0] conn(0x7f6dbc105400 0x7f6dbc0799b0 unknown :-1 s=CLOSED pgs=21 cs=0 l=1 rev1=1 crypto rx=0 tx=0 comp rx=0 tx=0).stop
2024-03-22T04:45:24.153 INFO:teuthology.orchestra.run.smithi131.stdout:/usr/bin/ceph: stderr
2024-03-22T04:45:23.568+0000 7f6dc14ac700 1 -- 172.21.15.131:0/1750313766 >> 172.21.15.131:0/1750313766 conn(0x7f6dbc100a00 msgr2=0x7f6dbc101590 unknown :-1 s=STATE_NONE l=0).mark_down
2024-03-22T04:45:24.153 INFO:teuthology.orchestra.run.smithi131.stdout:/usr/bin/ceph: stderr
2024-03-22T04:45:23.569+0000 7f6dc14ac700 1 -- 172.21.15.131:0/1750313766 shutdown_connections
