2024-03-23T13:10:44.231+0000 7fde1da86700 1 --2- 172.21.15.7:0/3848202570 >> [v2:172.21.15.7:6800/1535208045,v1:172.21.15.7:6801/1535208045] conn(0x7fde04038e80 0x7fde0403b340 unknown :-1 s=BANNER_CONNECTING pgs=0 cs=0 l=1 rev1=0 crypto rx=0 tx=0 comp rx=0 tx=0)._handle_peer_banner_payload supported=3 required=0
2024-03-23T13:10:45.108 INFO:teuthology.orchestra.run.smithi007.stdout:/usr/bin/ceph: stderr
2024-03-23T13:10:44.231+0000 7fde204eb700 1 -- 172.21.15.7:0/3848202570 --> [v2:172.21.15.7:3300/0,v1:172.21.15.7:6789/0] -- mon_command({"prefix": "get_command_descriptions"} v 0) -- 0x7fde1810bdb0 con 0x7fde181085e0
2024-03-23T13:10:45.108 INFO:teuthology.orchestra.run.smithi007.stdout:/usr/bin/ceph: stderr
2024-03-23T13:10:44.231+0000 7fde1da86700 1 --2- 172.21.15.7:0/3848202570 >> [v2:172.21.15.7:6800/1535208045,v1:172.21.15.7:6801/1535208045] conn(0x7fde04038e80 0x7fde0403b340 secure :-1 s=READY pgs=7 cs=0 l=1 rev1=1 crypto rx=0x7fde08006fd0 tx=0x7fde08006e40 comp rx=0 tx=0).ready entity=mgr.14152 client_cookie=0 server_cookie=0 in_seq=0 out_seq=0
2024-03-23T13:10:45.109 INFO:teuthology.orchestra.run.smithi007.stdout:/usr/bin/ceph: stderr
2024-03-23T13:10:44.236+0000 7fde0f7fe700 1 -- 172.21.15.7:0/3848202570 <== mon.0 v2:172.21.15.7:3300/0 6 ==== mon_command_ack([{"prefix": "get_command_descriptions"}]=0 v0) ==== 72+0+184932 (secure 0 0 0) 0x7fde1402d740 con 0x7fde181085e0
2024-03-23T13:10:45.109 INFO:teuthology.orchestra.run.smithi007.stdout:/usr/bin/ceph: stderr
2024-03-23T13:10:44.449+0000 7fde204eb700 1 -- 172.21.15.7:0/3848202570 --> [v2:172.21.15.7:6800/1535208045,v1:172.21.15.7:6801/1535208045] -- mgr_command(tid 0: {"prefix": "dashboard create-self-signed-cert", "target": ["mon-mgr", ""]}) -- 0x7fde18103200 con 0x7fde04038e80
2024-03-23T13:10:45.109 INFO:teuthology.orchestra.run.smithi007.stdout:/usr/bin/ceph: stderr
2024-03-23T13:10:44.461+0000 7fde0f7fe700 1 -- 172.21.15.7:0/3848202570 <== mon.0 v2:172.21.15.7:3300/0 7 ==== mgrmap(e 12) ==== 45941+0+0 (secure 0 0 0) 0x7fde14021d60 con 0x7fde181085e0
2024-03-23T13:10:45.109 INFO:teuthology.orchestra.run.smithi007.stdout:/usr/bin/ceph: stderr
2024-03-23T13:10:44.545+0000 7fde0f7fe700 1 -- 172.21.15.7:0/3848202570 <== mgr.14152 v2:172.21.15.7:6800/1535208045 1 ==== mgr_command_reply(tid 0: 0 ) ==== 8+0+32 (secure 0 0 0) 0x7fde18103200 con 0x7fde04038e80
2024-03-23T13:10:45.109 INFO:teuthology.orchestra.run.smithi007.stdout:/usr/bin/ceph: stderr
2024-03-23T13:10:44.547+0000 7fde204eb700 1 -- 172.21.15.7:0/3848202570 >> [v2:172.21.15.7:6800/1535208045,v1:172.21.15.7:6801/1535208045] conn(0x7fde04038e80 msgr2=0x7fde0403b340 secure :-1 s=STATE_CONNECTION_ESTABLISHED l=1).mark_down
2024-03-23T13:10:45.109 INFO:teuthology.orchestra.run.smithi007.stdout:/usr/bin/ceph: stderr
2024-03-23T13:10:44.547+0000 7fde204eb700 1 --2- 172.21.15.7:0/3848202570 >> [v2:172.21.15.7:6800/1535208045,v1:172.21.15.7:6801/1535208045] conn(0x7fde04038e80 0x7fde0403b340 secure :-1 s=READY pgs=7 cs=0 l=1 rev1=1 crypto rx=0x7fde08006fd0 tx=0x7fde08006e40 comp rx=0 tx=0).stop
2024-03-23T13:10:45.109 INFO:teuthology.orchestra.run.smithi007.stdout:/usr/bin/ceph: stderr
2024-03-23T13:10:44.547+0000 7fde204eb700 1 -- 172.21.15.7:0/3848202570 >> [v2:172.21.15.7:3300/0,v1:172.21.15.7:6789/0] conn(0x7fde181085e0 msgr2=0x7fde1819b8c0 secure :-1 s=STATE_CONNECTION_ESTABLISHED l=1).mark_down
2024-03-23T13:10:45.109 INFO:teuthology.orchestra.run.smithi007.stdout:/usr/bin/ceph: stderr
2024-03-23T13:10:44.547+0000 7fde204eb700 1 --2- 172.21.15.7:0/3848202570 >> [v2:172.21.15.7:3300/0,v1:172.21.15.7:6789/0] conn(0x7fde181085e0 0x7fde1819b8c0 secure :-1 s=READY pgs=71 cs=0 l=1 rev1=1 crypto rx=0x7fde14011740 tx=0x7fde14011b00 comp rx=0 tx=0).stop
2024-03-23T13:10:45.109 INFO:teuthology.orchestra.run.smithi007.stdout:/usr/bin/ceph: stderr
2024-03-23T13:10:44.547+0000 7fde204eb700 1 -- 172.21.15.7:0/3848202570 shutdown_connections
2024-03-23T13:10:45.109 INFO:teuthology.orchestra.run.smithi007.stdout:/usr/bin/ceph: stderr
2024-03-23T13:10:44.547+0000 7fde204eb700 1 --2- 172.21.15.7:0/3848202570 >> [v2:172.21.15.7:6800/1535208045,v1:172.21.15.7:6801/1535208045] conn(0x7fde04038e80 0x7fde0403b340 unknown :-1 s=CLOSED pgs=7 cs=0 l=1 rev1=1 crypto rx=0 tx=0 comp rx=0 tx=0).stop
2024-03-23T13:10:45.109 INFO:teuthology.orchestra.run.smithi007.stdout:/usr/bin/ceph: stderr
2024-03-23T13:10:44.547+0000 7fde204eb700 1 --2- 172.21.15.7:0/3848202570 >> [v2:172.21.15.7:3300/0,v1:172.21.15.7:6789/0] conn(0x7fde181085e0 0x7fde1819b8c0 unknown :-1 s=CLOSED pgs=71 cs=0 l=1 rev1=1 crypto rx=0 tx=0 comp rx=0 tx=0).stop
2024-03-23T13:10:45.109 INFO:teuthology.orchestra.run.smithi007.stdout:/usr/bin/ceph: stderr
2024-03-23T13:10:44.548+0000 7fde204eb700 1 -- 172.21.15.7:0/3848202570 >> 172.21.15.7:0/3848202570 conn(0x7fde18102030 msgr2=0x7fde18102af0 unknown :-1 s=STATE_NONE l=0).mark_down
2024-03-23T13:10:45.109 INFO:teuthology.orchestra.run.smithi007.stdout:/usr/bin/ceph: stderr
2024-03-23T13:10:44.548+0000 7fde204eb700 1 -- 172.21.15.7:0/3848202570 shutdown_connections
2024-03-23T13:10:45.109 INFO:teuthology.orchestra.run.smithi007.stdout:/usr/bin/ceph: stderr
2024-03-23T13:10:44.548+0000 7fde204eb700 1 -- 172.21.15.7:0/3848202570 wait complete.
2024-03-23T13:10:45.110 INFO:teuthology.orchestra.run.smithi007.stdout:Creating initial admin user...
2024-03-23T13:10:45.493 INFO:journalctl@ceph.mon.a.smithi007.stdout:Mar 23 13:10:45 smithi007 ceph-mon[32184]: from='client.14164 -' entity='client.admin' cmd=[{"prefix": "dashboard create-self-signed-cert", "target": ["mon-mgr", ""]}]: dispatch
2024-03-23T13:10:45.493 INFO:journalctl@ceph.mon.a.smithi007.stdout:Mar 23 13:10:45 smithi007 ceph-mon[32184]: mgrmap e12: x(active, since 2s)
2024-03-23T13:10:45.493 INFO:journalctl@ceph.mon.a.smithi007.stdout:Mar 23 13:10:45 smithi007 ceph-mon[32184]: from='mgr.14152 172.21.15.7:0/2532482165' entity='mgr.x'
2024-03-23T13:10:45.493 INFO:journalctl@ceph.mon.a.smithi007.stdout:Mar 23 13:10:45 smithi007 ceph-mon[32184]: from='mgr.14152 172.21.15.7:0/2532482165' entity='mgr.x'
2024-03-23T13:10:45.493 INFO:journalctl@ceph.mon.a.smithi007.stdout:Mar 23 13:10:45 smithi007 ceph-mon[32184]: from='mgr.14152 172.21.15.7:0/2532482165' entity='mgr.x'
2024-03-23T13:10:46.567 INFO:teuthology.orchestra.run.smithi007.stdout:/usr/bin/ceph: stdout {"username": "admin", "password": "$2b$12$JuObnnFYrq0Du8o.4PiFcOWTup.lXyyMwvvrsNK0d4TWHCRliO4cu", "roles": ["administrator"], "name": null, "email": null, "lastUpdate": 1711199446, "enabled": true, "pwdExpirationDate": null, "pwdUpdateRequired": true}
2024-03-23T13:10:46.567 INFO:teuthology.orchestra.run.smithi007.stdout:/usr/bin/ceph: stderr
2024-03-23T13:10:45.531+0000 7f35ed131700 1 Processor -- start
2024-03-23T13:10:46.567 INFO:teuthology.orchestra.run.smithi007.stdout:/usr/bin/ceph: stderr
2024-03-23T13:10:45.531+0000 7f35ed131700 1 -- start start
2024-03-23T13:10:46.567 INFO:teuthology.orchestra.run.smithi007.stdout:/usr/bin/ceph: stderr
2024-03-23T13:10:45.531+0000 7f35ed131700 1 --2- >> [v2:172.21.15.7:3300/0,v1:172.21.15.7:6789/0] conn(0x7f35e807ddd0 0x7f35e807c2d0 unknown :-1 s=NONE pgs=0 cs=0 l=0 rev1=0 crypto rx=0 tx=0 comp rx=0 tx=0).connect
2024-03-23T13:10:46.567 INFO:teuthology.orchestra.run.smithi007.stdout:/usr/bin/ceph: stderr
2024-03-23T13:10:45.531+0000 7f35ed131700 1 -- --> [v2:172.21.15.7:3300/0,v1:172.21.15.7:6789/0] -- mon_getmap magic: 0 -- 0x7f35e807c810 con 0x7f35e807ddd0
2024-03-23T13:10:46.567 INFO:teuthology.orchestra.run.smithi007.stdout:/usr/bin/ceph: stderr
2024-03-23T13:10:45.531+0000 7f35e6d9d700 1 --2- >> [v2:172.21.15.7:3300/0,v1:172.21.15.7:6789/0] conn(0x7f35e807ddd0 0x7f35e807c2d0 unknown :-1 s=BANNER_CONNECTING pgs=0 cs=0 l=0 rev1=0 crypto rx=0 tx=0 comp rx=0 tx=0)._handle_peer_banner_payload supported=3 required=0
2024-03-23T13:10:46.567 INFO:teuthology.orchestra.run.smithi007.stdout:/usr/bin/ceph: stderr
2024-03-23T13:10:45.531+0000 7f35e6d9d700 1 --2- >> [v2:172.21.15.7:3300/0,v1:172.21.15.7:6789/0] conn(0x7f35e807ddd0 0x7f35e807c2d0 unknown :-1 s=HELLO_CONNECTING pgs=0 cs=0 l=0 rev1=1 crypto rx=0 tx=0 comp rx=0 tx=0).handle_hello peer v2:172.21.15.7:3300/0 says I am v2:172.21.15.7:36522/0 (socket says 172.21.15.7:36522)
2024-03-23T13:10:46.568 INFO:teuthology.orchestra.run.smithi007.stdout:/usr/bin/ceph: stderr
2024-03-23T13:10:45.531+0000 7f35e6d9d700 1 -- 172.21.15.7:0/3952822827 learned_addr learned my addr 172.21.15.7:0/3952822827 (peer_addr_for_me v2:172.21.15.7:0/0)
2024-03-23T13:10:46.568 INFO:teuthology.orchestra.run.smithi007.stdout:/usr/bin/ceph: stderr
2024-03-23T13:10:45.532+0000 7f35e6d9d700 1 -- 172.21.15.7:0/3952822827 --> [v2:172.21.15.7:3300/0,v1:172.21.15.7:6789/0] -- mon_subscribe({config=0+,monmap=0+}) -- 0x7f35e807c950 con 0x7f35e807ddd0
2024-03-23T13:10:46.568 INFO:teuthology.orchestra.run.smithi007.stdout:/usr/bin/ceph: stderr
2024-03-23T13:10:45.532+0000 7f35e6d9d700 1 --2- 172.21.15.7:0/3952822827 >> [v2:172.21.15.7:3300/0,v1:172.21.15.7:6789/0] conn(0x7f35e807ddd0 0x7f35e807c2d0 secure :-1 s=READY pgs=72 cs=0 l=1 rev1=1 crypto rx=0x7f35d80098a0 tx=0x7f35d8009bb0 comp rx=0 tx=0).ready entity=mon.0 client_cookie=f49eb8016e0dc1fd server_cookie=0 in_seq=0 out_seq=0
2024-03-23T13:10:46.568 INFO:teuthology.orchestra.run.smithi007.stdout:/usr/bin/ceph: stderr
2024-03-23T13:10:45.532+0000 7f35e5d9b700 1 -- 172.21.15.7:0/3952822827 <== mon.0 v2:172.21.15.7:3300/0 1 ==== mon_map magic: 0 ==== 205+0+0 (secure 0 0 0) 0x7f35d8004160 con 0x7f35e807ddd0
2024-03-23T13:10:46.568 INFO:teuthology.orchestra.run.smithi007.stdout:/usr/bin/ceph: stderr
2024-03-23T13:10:45.532+0000 7f35e5d9b700 1 -- 172.21.15.7:0/3952822827 <== mon.0 v2:172.21.15.7:3300/0 2 ==== config(27 keys) ==== 1140+0+0 (secure 0 0 0) 0x7f35d80042c0 con 0x7f35e807ddd0
2024-03-23T13:10:46.568 INFO:teuthology.orchestra.run.smithi007.stdout:/usr/bin/ceph: stderr
2024-03-23T13:10:45.532+0000 7f35e5d9b700 1 -- 172.21.15.7:0/3952822827 <== mon.0 v2:172.21.15.7:3300/0 3 ==== mon_map magic: 0 ==== 205+0+0 (secure 0 0 0) 0x7f35d8011a80 con 0x7f35e807ddd0
2024-03-23T13:10:46.568 INFO:teuthology.orchestra.run.smithi007.stdout:/usr/bin/ceph: stderr
2024-03-23T13:10:45.533+0000 7f35ed131700 1 -- 172.21.15.7:0/3952822827 >> [v2:172.21.15.7:3300/0,v1:172.21.15.7:6789/0] conn(0x7f35e807ddd0 msgr2=0x7f35e807c2d0 secure :-1 s=STATE_CONNECTION_ESTABLISHED l=1).mark_down
2024-03-23T13:10:46.568 INFO:teuthology.orchestra.run.smithi007.stdout:/usr/bin/ceph: stderr
2024-03-23T13:10:45.533+0000 7f35ed131700 1 --2- 172.21.15.7:0/3952822827 >> [v2:172.21.15.7:3300/0,v1:172.21.15.7:6789/0] conn(0x7f35e807ddd0 0x7f35e807c2d0 secure :-1 s=READY pgs=72 cs=0 l=1 rev1=1 crypto rx=0x7f35d80098a0 tx=0x7f35d8009bb0 comp rx=0 tx=0).stop
2024-03-23T13:10:46.568 INFO:teuthology.orchestra.run.smithi007.stdout:/usr/bin/ceph: stderr
2024-03-23T13:10:45.533+0000 7f35ed131700 1 -- 172.21.15.7:0/3952822827 shutdown_connections
2024-03-23T13:10:46.568 INFO:teuthology.orchestra.run.smithi007.stdout:/usr/bin/ceph: stderr
2024-03-23T13:10:45.533+0000 7f35ed131700 1 --2- 172.21.15.7:0/3952822827 >> [v2:172.21.15.7:3300/0,v1:172.21.15.7:6789/0] conn(0x7f35e807ddd0 0x7f35e807c2d0 unknown :-1 s=CLOSED pgs=72 cs=0 l=1 rev1=1 crypto rx=0 tx=0 comp rx=0 tx=0).stop
2024-03-23T13:10:46.568 INFO:teuthology.orchestra.run.smithi007.stdout:/usr/bin/ceph: stderr
2024-03-23T13:10:45.533+0000 7f35ed131700 1 -- 172.21.15.7:0/3952822827 >> 172.21.15.7:0/3952822827 conn(0x7f35e8103200 msgr2=0x7f35e8105620 unknown :-1 s=STATE_NONE l=0).mark_down
2024-03-23T13:10:46.568 INFO:teuthology.orchestra.run.smithi007.stdout:/usr/bin/ceph: stderr
2024-03-23T13:10:45.533+0000 7f35ed131700 1 -- 172.21.15.7:0/3952822827 shutdown_connections
2024-03-23T13:10:46.568 INFO:teuthology.orchestra.run.smithi007.stdout:/usr/bin/ceph: stderr
2024-03-23T13:10:45.533+0000 7f35ed131700 1 -- 172.21.15.7:0/3952822827 wait complete.
2024-03-23T13:10:46.568 INFO:teuthology.orchestra.run.smithi007.stdout:/usr/bin/ceph: stderr
2024-03-23T13:10:45.533+0000 7f35ed131700 1 Processor -- start
2024-03-23T13:10:46.568 INFO:teuthology.orchestra.run.smithi007.stdout:/usr/bin/ceph: stderr
2024-03-23T13:10:45.534+0000 7f35ed131700 1 -- start start
2024-03-23T13:10:46.569 INFO:teuthology.orchestra.run.smithi007.stdout:/usr/bin/ceph: stderr
2024-03-23T13:10:45.534+0000 7f35ed131700 1 --2- >> [v2:172.21.15.7:3300/0,v1:172.21.15.7:6789/0] conn(0x7f35e807ddd0 0x7f35e819da70 unknown :-1 s=NONE pgs=0 cs=0 l=1 rev1=0 crypto rx=0 tx=0 comp rx=0 tx=0).connect
2024-03-23T13:10:46.569 INFO:teuthology.orchestra.run.smithi007.stdout:/usr/bin/ceph: stderr
2024-03-23T13:10:45.534+0000 7f35ed131700 1 -- --> [v2:172.21.15.7:3300/0,v1:172.21.15.7:6789/0] -- mon_getmap magic: 0 -- 0x7f35e819dfb0 con 0x7f35e807ddd0
2024-03-23T13:10:46.569 INFO:teuthology.orchestra.run.smithi007.stdout:/usr/bin/ceph: stderr
2024-03-23T13:10:45.534+0000 7f35e6d9d700 1 --2- >> [v2:172.21.15.7:3300/0,v1:172.21.15.7:6789/0] conn(0x7f35e807ddd0 0x7f35e819da70 unknown :-1 s=BANNER_CONNECTING pgs=0 cs=0 l=1 rev1=0 crypto rx=0 tx=0 comp rx=0 tx=0)._handle_peer_banner_payload supported=3 required=0
2024-03-23T13:10:46.569 INFO:teuthology.orchestra.run.smithi007.stdout:/usr/bin/ceph: stderr
2024-03-23T13:10:45.534+0000 7f35e6d9d700 1 --2- >> [v2:172.21.15.7:3300/0,v1:172.21.15.7:6789/0] conn(0x7f35e807ddd0 0x7f35e819da70 unknown :-1 s=HELLO_CONNECTING pgs=0 cs=0 l=1 rev1=1 crypto rx=0 tx=0 comp rx=0 tx=0).handle_hello peer v2:172.21.15.7:3300/0 says I am v2:172.21.15.7:36528/0 (socket says 172.21.15.7:36528)
2024-03-23T13:10:46.569 INFO:teuthology.orchestra.run.smithi007.stdout:/usr/bin/ceph: stderr
2024-03-23T13:10:45.534+0000 7f35e6d9d700 1 -- 172.21.15.7:0/3142968051 learned_addr learned my addr 172.21.15.7:0/3142968051 (peer_addr_for_me v2:172.21.15.7:0/0)
2024-03-23T13:10:46.569 INFO:teuthology.orchestra.run.smithi007.stdout:/usr/bin/ceph: stderr
2024-03-23T13:10:45.534+0000 7f35e6d9d700 1 -- 172.21.15.7:0/3142968051 --> [v2:172.21.15.7:3300/0,v1:172.21.15.7:6789/0] -- mon_subscribe({config=0+,monmap=0+}) -- 0x7f35d8009550 con 0x7f35e807ddd0
2024-03-23T13:10:46.569 INFO:teuthology.orchestra.run.smithi007.stdout:/usr/bin/ceph: stderr
2024-03-23T13:10:45.534+0000 7f35e6d9d700 1 --2- 172.21.15.7:0/3142968051 >> [v2:172.21.15.7:3300/0,v1:172.21.15.7:6789/0] conn(0x7f35e807ddd0 0x7f35e819da70 secure :-1 s=READY pgs=73 cs=0 l=1 rev1=1 crypto rx=0x7f35d8011740 tx=0x7f35d8011a50 comp rx=0 tx=0).ready entity=mon.0 client_cookie=0 server_cookie=0 in_seq=0 out_seq=0
2024-03-23T13:10:46.569 INFO:teuthology.orchestra.run.smithi007.stdout:/usr/bin/ceph: stderr
2024-03-23T13:10:45.535+0000 7f35dffff700 1 -- 172.21.15.7:0/3142968051 <== mon.0 v2:172.21.15.7:3300/0 1 ==== mon_map magic: 0 ==== 205+0+0 (secure 0 0 0) 0x7f35d8003b20 con 0x7f35e807ddd0
2024-03-23T13:10:46.569 INFO:teuthology.orchestra.run.smithi007.stdout:/usr/bin/ceph: stderr
2024-03-23T13:10:45.535+0000 7f35dffff700 1 -- 172.21.15.7:0/3142968051 <== mon.0 v2:172.21.15.7:3300/0 2 ==== config(27 keys) ==== 1140+0+0 (secure 0 0 0) 0x7f35d801a910 con 0x7f35e807ddd0
2024-03-23T13:10:46.569 INFO:teuthology.orchestra.run.smithi007.stdout:/usr/bin/ceph: stderr
2024-03-23T13:10:45.535+0000 7f35ed131700 1 -- 172.21.15.7:0/3142968051 --> [v2:172.21.15.7:3300/0,v1:172.21.15.7:6789/0] -- mon_subscribe({mgrmap=0+}) -- 0x7f35e819e1b0 con 0x7f35e807ddd0
2024-03-23T13:10:46.569 INFO:teuthology.orchestra.run.smithi007.stdout:/usr/bin/ceph: stderr
2024-03-23T13:10:45.535+0000 7f35ed131700 1 -- 172.21.15.7:0/3142968051 --> [v2:172.21.15.7:3300/0,v1:172.21.15.7:6789/0] -- mon_subscribe({osdmap=0}) -- 0x7f35e819e650 con 0x7f35e807ddd0
2024-03-23T13:10:46.569 INFO:teuthology.orchestra.run.smithi007.stdout:/usr/bin/ceph: stderr
2024-03-23T13:10:45.535+0000 7f35dffff700 1 -- 172.21.15.7:0/3142968051 <== mon.0 v2:172.21.15.7:3300/0 3 ==== mon_map magic: 0 ==== 205+0+0 (secure 0 0 0) 0x7f35d8024900 con 0x7f35e807ddd0
2024-03-23T13:10:46.569 INFO:teuthology.orchestra.run.smithi007.stdout:/usr/bin/ceph: stderr
2024-03-23T13:10:45.536+0000 7f35dffff700 1 -- 172.21.15.7:0/3142968051 <== mon.0 v2:172.21.15.7:3300/0 4 ==== mgrmap(e 12) ==== 45941+0+0 (secure 0 0 0) 0x7f35d8024b90 con 0x7f35e807ddd0
2024-03-23T13:10:46.569 INFO:teuthology.orchestra.run.smithi007.stdout:/usr/bin/ceph: stderr
2024-03-23T13:10:45.536+0000 7f35dffff700 1 --2- 172.21.15.7:0/3142968051 >> [v2:172.21.15.7:6800/1535208045,v1:172.21.15.7:6801/1535208045] conn(0x7f35d4038ee0 0x7f35d403b3a0 unknown :-1 s=NONE pgs=0 cs=0 l=1 rev1=0 crypto rx=0 tx=0 comp rx=0 tx=0).connect
2024-03-23T13:10:46.570 INFO:teuthology.orchestra.run.smithi007.stdout:/usr/bin/ceph: stderr
2024-03-23T13:10:45.536+0000 7f35ed131700 1 -- 172.21.15.7:0/3142968051 --> [v2:172.21.15.7:3300/0,v1:172.21.15.7:6789/0] -- mon_command({"prefix": "get_command_descriptions"} v 0) -- 0x7f35c8005360 con 0x7f35e807ddd0
2024-03-23T13:10:46.570 INFO:teuthology.orchestra.run.smithi007.stdout:/usr/bin/ceph: stderr
2024-03-23T13:10:45.536+0000 7f35dffff700 1 -- 172.21.15.7:0/3142968051 <== mon.0 v2:172.21.15.7:3300/0 5 ==== osd_map(3..3 src has 1..3) ==== 1155+0+0 (secure 0 0 0) 0x7f35d804d4d0 con 0x7f35e807ddd0
2024-03-23T13:10:46.570 INFO:teuthology.orchestra.run.smithi007.stdout:/usr/bin/ceph: stderr
2024-03-23T13:10:45.536+0000 7f35e659c700 1 --2- 172.21.15.7:0/3142968051 >> [v2:172.21.15.7:6800/1535208045,v1:172.21.15.7:6801/1535208045] conn(0x7f35d4038ee0 0x7f35d403b3a0 unknown :-1 s=BANNER_CONNECTING pgs=0 cs=0 l=1 rev1=0 crypto rx=0 tx=0 comp rx=0 tx=0)._handle_peer_banner_payload supported=3 required=0
2024-03-23T13:10:46.570 INFO:teuthology.orchestra.run.smithi007.stdout:/usr/bin/ceph: stderr
2024-03-23T13:10:45.536+0000 7f35e659c700 1 --2- 172.21.15.7:0/3142968051 >> [v2:172.21.15.7:6800/1535208045,v1:172.21.15.7:6801/1535208045] conn(0x7f35d4038ee0 0x7f35d403b3a0 secure :-1 s=READY pgs=8 cs=0 l=1 rev1=1 crypto rx=0x7f35d0006fd0 tx=0x7f35d0006e40 comp rx=0 tx=0).ready entity=mgr.14152 client_cookie=0 server_cookie=0 in_seq=0 out_seq=0
2024-03-23T13:10:46.570 INFO:teuthology.orchestra.run.smithi007.stdout:/usr/bin/ceph: stderr
2024-03-23T13:10:45.542+0000 7f35dffff700 1 -- 172.21.15.7:0/3142968051 <== mon.0 v2:172.21.15.7:3300/0 6 ==== mon_command_ack([{"prefix": "get_command_descriptions"}]=0 v0) ==== 72+0+184932 (secure 0 0 0) 0x7f35d802d3f0 con 0x7f35e807ddd0
2024-03-23T13:10:46.570 INFO:teuthology.orchestra.run.smithi007.stdout:/usr/bin/ceph: stderr
2024-03-23T13:10:45.785+0000 7f35ed131700 1 -- 172.21.15.7:0/3142968051 --> [v2:172.21.15.7:6800/1535208045,v1:172.21.15.7:6801/1535208045] -- mgr_command(tid 0: {"prefix": "dashboard ac-user-create", "username": "admin", "rolename": "administrator", "force_password": true, "pwd_update_required": true, "target": ["mon-mgr", ""]}) -- 0x7f35c8002430 con 0x7f35d4038ee0
2024-03-23T13:10:46.570 INFO:teuthology.orchestra.run.smithi007.stdout:/usr/bin/ceph: stderr
2024-03-23T13:10:46.031+0000 7f35dffff700 1 -- 172.21.15.7:0/3142968051 <== mgr.14152 v2:172.21.15.7:6800/1535208045 1 ==== mgr_command_reply(tid 0: 0 ) ==== 8+0+252 (secure 0 0 0) 0x7f35c8002430 con 0x7f35d4038ee0
2024-03-23T13:10:46.570 INFO:teuthology.orchestra.run.smithi007.stdout:/usr/bin/ceph: stderr
2024-03-23T13:10:46.033+0000 7f35ed131700 1 -- 172.21.15.7:0/3142968051 >> [v2:172.21.15.7:6800/1535208045,v1:172.21.15.7:6801/1535208045] conn(0x7f35d4038ee0 msgr2=0x7f35d403b3a0 secure :-1 s=STATE_CONNECTION_ESTABLISHED l=1).mark_down
2024-03-23T13:10:46.570 INFO:teuthology.orchestra.run.smithi007.stdout:/usr/bin/ceph: stderr
2024-03-23T13:10:46.033+0000 7f35ed131700 1 --2- 172.21.15.7:0/3142968051 >> [v2:172.21.15.7:6800/1535208045,v1:172.21.15.7:6801/1535208045] conn(0x7f35d4038ee0 0x7f35d403b3a0 secure :-1 s=READY pgs=8 cs=0 l=1 rev1=1 crypto rx=0x7f35d0006fd0 tx=0x7f35d0006e40 comp rx=0 tx=0).stop
2024-03-23T13:10:46.570 INFO:teuthology.orchestra.run.smithi007.stdout:/usr/bin/ceph: stderr
2024-03-23T13:10:46.033+0000 7f35ed131700 1 -- 172.21.15.7:0/3142968051 >> [v2:172.21.15.7:3300/0,v1:172.21.15.7:6789/0] conn(0x7f35e807ddd0 msgr2=0x7f35e819da70 secure :-1 s=STATE_CONNECTION_ESTABLISHED l=1).mark_down
2024-03-23T13:10:46.570 INFO:teuthology.orchestra.run.smithi007.stdout:/usr/bin/ceph: stderr
2024-03-23T13:10:46.033+0000 7f35ed131700 1 --2- 172.21.15.7:0/3142968051 >> [v2:172.21.15.7:3300/0,v1:172.21.15.7:6789/0] conn(0x7f35e807ddd0 0x7f35e819da70 secure :-1 s=READY pgs=73 cs=0 l=1 rev1=1 crypto rx=0x7f35d8011740 tx=0x7f35d8011a50 comp rx=0 tx=0).stop
2024-03-23T13:10:46.570 INFO:teuthology.orchestra.run.smithi007.stdout:/usr/bin/ceph: stderr
2024-03-23T13:10:46.033+0000 7f35ed131700 1 -- 172.21.15.7:0/3142968051 shutdown_connections
2024-03-23T13:10:46.570 INFO:teuthology.orchestra.run.smithi007.stdout:/usr/bin/ceph: stderr
2024-03-23T13:10:46.033+0000 7f35ed131700 1 --2- 172.21.15.7:0/3142968051 >> [v2:172.21.15.7:6800/1535208045,v1:172.21.15.7:6801/1535208045] conn(0x7f35d4038ee0 0x7f35d403b3a0 unknown :-1 s=CLOSED pgs=8 cs=0 l=1 rev1=1 crypto rx=0 tx=0 comp rx=0 tx=0).stop
2024-03-23T13:10:46.570 INFO:teuthology.orchestra.run.smithi007.stdout:/usr/bin/ceph: stderr
2024-03-23T13:10:46.033+0000 7f35ed131700 1 --2- 172.21.15.7:0/3142968051 >> [v2:172.21.15.7:3300/0,v1:172.21.15.7:6789/0] conn(0x7f35e807ddd0 0x7f35e819da70 unknown :-1 s=CLOSED pgs=73 cs=0 l=1 rev1=1 crypto rx=0 tx=0 comp rx=0 tx=0).stop
2024-03-23T13:10:46.571 INFO:teuthology.orchestra.run.smithi007.stdout:/usr/bin/ceph: stderr
2024-03-23T13:10:46.033+0000 7f35ed131700 1 -- 172.21.15.7:0/3142968051 >> 172.21.15.7:0/3142968051 conn(0x7f35e8103200 msgr2=0x7f35e8103c70 unknown :-1 s=STATE_NONE l=0).mark_down
2024-03-23T13:10:46.571 INFO:teuthology.orchestra.run.smithi007.stdout:/usr/bin/ceph: stderr
2024-03-23T13:10:46.033+0000 7f35ed131700 1 -- 172.21.15.7:0/3142968051 shutdown_connections
2024-03-23T13:10:46.571 INFO:teuthology.orchestra.run.smithi007.stdout:/usr/bin/ceph: stderr
2024-03-23T13:10:46.033+0000 7f35ed131700 1 -- 172.21.15.7:0/3142968051 wait complete.
2024-03-23T13:10:46.571 INFO:teuthology.orchestra.run.smithi007.stdout:Fetching dashboard port number...
2024-03-23T13:10:46.687 INFO:journalctl@ceph.mon.a.smithi007.stdout:Mar 23 13:10:46 smithi007 ceph-mon[32184]: from='client.14166 -' entity='client.admin' cmd=[{"prefix": "dashboard ac-user-create", "username": "admin", "rolename": "administrator", "force_password": true, "pwd_update_required": true, "target": ["mon-mgr", ""]}]: dispatch
2024-03-23T13:10:46.687 INFO:journalctl@ceph.mon.a.smithi007.stdout:Mar 23 13:10:46 smithi007 ceph-mon[32184]: from='mgr.14152 172.21.15.7:0/2532482165' entity='mgr.x'
2024-03-23T13:10:47.759 INFO:journalctl@ceph.mon.a.smithi007.stdout:Mar 23 13:10:47 smithi007 ceph-mon[32184]: from='client.? 172.21.15.7:0/1351786000' entity='client.admin' cmd=[{"prefix": "config get", "who": "mgr", "key": "mgr/dashboard/ssl_server_port"}]: dispatch
2024-03-23T13:10:48.010 INFO:teuthology.orchestra.run.smithi007.stdout:/usr/bin/ceph: stdout 8443
2024-03-23T13:10:48.010 INFO:teuthology.orchestra.run.smithi007.stdout:/usr/bin/ceph: stderr
2024-03-23T13:10:46.996+0000 7f0461591700 1 Processor -- start
2024-03-23T13:10:48.010 INFO:teuthology.orchestra.run.smithi007.stdout:/usr/bin/ceph: stderr
2024-03-23T13:10:46.996+0000 7f0461591700 1 -- start start
2024-03-23T13:10:48.010 INFO:teuthology.orchestra.run.smithi007.stdout:/usr/bin/ceph: stderr
2024-03-23T13:10:46.996+0000 7f0461591700 1 --2- >> [v2:172.21.15.7:3300/0,v1:172.21.15.7:6789/0] conn(0x7f045c108640 0x7f045c10aa30 unknown :-1 s=NONE pgs=0 cs=0 l=0 rev1=0 crypto rx=0 tx=0 comp rx=0 tx=0).connect
2024-03-23T13:10:48.010 INFO:teuthology.orchestra.run.smithi007.stdout:/usr/bin/ceph: stderr
2024-03-23T13:10:46.996+0000 7f0461591700 1 -- --> [v2:172.21.15.7:3300/0,v1:172.21.15.7:6789/0] -- mon_getmap magic: 0 -- 0x7f045c07be40 con 0x7f045c108640
2024-03-23T13:10:48.011 INFO:teuthology.orchestra.run.smithi007.stdout:/usr/bin/ceph: stderr
2024-03-23T13:10:46.997+0000 7f045affd700 1 --2- >> [v2:172.21.15.7:3300/0,v1:172.21.15.7:6789/0] conn(0x7f045c108640 0x7f045c10aa30 unknown :-1 s=BANNER_CONNECTING pgs=0 cs=0 l=0 rev1=0 crypto rx=0 tx=0 comp rx=0 tx=0)._handle_peer_banner_payload supported=3 required=0
2024-03-23T13:10:48.011 INFO:teuthology.orchestra.run.smithi007.stdout:/usr/bin/ceph: stderr
2024-03-23T13:10:46.997+0000 7f045affd700 1 --2- >> [v2:172.21.15.7:3300/0,v1:172.21.15.7:6789/0] conn(0x7f045c108640 0x7f045c10aa30 unknown :-1 s=HELLO_CONNECTING pgs=0 cs=0 l=0 rev1=1 crypto rx=0 tx=0 comp rx=0 tx=0).handle_hello peer v2:172.21.15.7:3300/0 says I am v2:172.21.15.7:36536/0 (socket says 172.21.15.7:36536)
2024-03-23T13:10:48.011 INFO:teuthology.orchestra.run.smithi007.stdout:/usr/bin/ceph: stderr
2024-03-23T13:10:46.997+0000 7f045affd700 1 -- 172.21.15.7:0/235323798 learned_addr learned my addr 172.21.15.7:0/235323798 (peer_addr_for_me v2:172.21.15.7:0/0)
2024-03-23T13:10:48.011 INFO:teuthology.orchestra.run.smithi007.stdout:/usr/bin/ceph: stderr
2024-03-23T13:10:46.997+0000 7f045affd700 1 -- 172.21.15.7:0/235323798 --> [v2:172.21.15.7:3300/0,v1:172.21.15.7:6789/0] -- mon_subscribe({config=0+,monmap=0+}) -- 0x7f045c10af70 con 0x7f045c108640
2024-03-23T13:10:48.011 INFO:teuthology.orchestra.run.smithi007.stdout:/usr/bin/ceph: stderr
2024-03-23T13:10:46.997+0000 7f045affd700 1 --2- 172.21.15.7:0/235323798 >> [v2:172.21.15.7:3300/0,v1:172.21.15.7:6789/0] conn(0x7f045c108640 0x7f045c10aa30 secure :-1 s=READY pgs=74 cs=0 l=1 rev1=1 crypto rx=0x7f044c0098a0 tx=0x7f044c009bb0 comp rx=0 tx=0).ready entity=mon.0 client_cookie=303d3c0c476e75e5 server_cookie=0 in_seq=0 out_seq=0
2024-03-23T13:10:48.011 INFO:teuthology.orchestra.run.smithi007.stdout:/usr/bin/ceph: stderr
2024-03-23T13:10:46.997+0000 7f0459ffb700 1 -- 172.21.15.7:0/235323798 <== mon.0 v2:172.21.15.7:3300/0 1 ==== mon_map magic: 0 ==== 205+0+0 (secure 0 0 0) 0x7f044c004160 con 0x7f045c108640
2024-03-23T13:10:48.011 INFO:teuthology.orchestra.run.smithi007.stdout:/usr/bin/ceph: stderr
2024-03-23T13:10:46.997+0000 7f0459ffb700 1 -- 172.21.15.7:0/235323798 <== mon.0 v2:172.21.15.7:3300/0 2 ==== config(27 keys) ==== 1140+0+0 (secure 0 0 0) 0x7f044c0042c0 con 0x7f045c108640
2024-03-23T13:10:48.011 INFO:teuthology.orchestra.run.smithi007.stdout:/usr/bin/ceph: stderr
2024-03-23T13:10:46.997+0000 7f0459ffb700 1 -- 172.21.15.7:0/235323798 <== mon.0 v2:172.21.15.7:3300/0 3 ==== mon_map magic: 0 ==== 205+0+0 (secure 0 0 0) 0x7f044c011a80 con 0x7f045c108640
2024-03-23T13:10:48.011 INFO:teuthology.orchestra.run.smithi007.stdout:/usr/bin/ceph: stderr
2024-03-23T13:10:46.998+0000 7f0461591700 1 -- 172.21.15.7:0/235323798 >> [v2:172.21.15.7:3300/0,v1:172.21.15.7:6789/0] conn(0x7f045c108640 msgr2=0x7f045c10aa30 secure :-1 s=STATE_CONNECTION_ESTABLISHED l=1).mark_down
2024-03-23T13:10:48.011 INFO:teuthology.orchestra.run.smithi007.stdout:/usr/bin/ceph: stderr
2024-03-23T13:10:46.998+0000 7f0461591700 1 --2- 172.21.15.7:0/235323798 >> [v2:172.21.15.7:3300/0,v1:172.21.15.7:6789/0] conn(0x7f045c108640 0x7f045c10aa30 secure :-1 s=READY pgs=74 cs=0 l=1 rev1=1 crypto rx=0x7f044c0098a0 tx=0x7f044c009bb0 comp rx=0 tx=0).stop
2024-03-23T13:10:48.011 INFO:teuthology.orchestra.run.smithi007.stdout:/usr/bin/ceph: stderr
2024-03-23T13:10:46.998+0000 7f0461591700 1 -- 172.21.15.7:0/235323798 shutdown_connections
2024-03-23T13:10:48.011 INFO:teuthology.orchestra.run.smithi007.stdout:/usr/bin/ceph: stderr
2024-03-23T13:10:46.998+0000 7f0461591700 1 --2- 172.21.15.7:0/235323798 >> [v2:172.21.15.7:3300/0,v1:172.21.15.7:6789/0] conn(0x7f045c108640 0x7f045c10aa30 unknown :-1 s=CLOSED pgs=74 cs=0 l=1 rev1=1 crypto rx=0 tx=0 comp rx=0 tx=0).stop
2024-03-23T13:10:48.011 INFO:teuthology.orchestra.run.smithi007.stdout:/usr/bin/ceph: stderr
2024-03-23T13:10:46.998+0000 7f0461591700 1 -- 172.21.15.7:0/235323798 >> 172.21.15.7:0/235323798 conn(0x7f045c102030 msgr2=0x7f045c104450 unknown :-1 s=STATE_NONE l=0).mark_down
2024-03-23T13:10:48.011 INFO:teuthology.orchestra.run.smithi007.stdout:/usr/bin/ceph: stderr
2024-03-23T13:10:46.998+0000 7f0461591700 1 -- 172.21.15.7:0/235323798 shutdown_connections
2024-03-23T13:10:48.012 INFO:teuthology.orchestra.run.smithi007.stdout:/usr/bin/ceph: stderr
2024-03-23T13:10:46.998+0000 7f0461591700 1 -- 172.21.15.7:0/235323798 wait complete.
2024-03-23T13:10:48.012 INFO:teuthology.orchestra.run.smithi007.stdout:/usr/bin/ceph: stderr
2024-03-23T13:10:46.999+0000 7f0461591700 1 Processor -- start
2024-03-23T13:10:48.012 INFO:teuthology.orchestra.run.smithi007.stdout:/usr/bin/ceph: stderr
2024-03-23T13:10:46.999+0000 7f0461591700 1 -- start start
2024-03-23T13:10:48.012 INFO:teuthology.orchestra.run.smithi007.stdout:/usr/bin/ceph: stderr
2024-03-23T13:10:46.999+0000 7f0461591700 1 --2- >> [v2:172.21.15.7:3300/0,v1:172.21.15.7:6789/0] conn(0x7f045c108640 0x7f045c107ec0 unknown :-1 s=NONE pgs=0 cs=0 l=1 rev1=0 crypto rx=0 tx=0 comp rx=0 tx=0).connect
2024-03-23T13:10:48.012 INFO:teuthology.orchestra.run.smithi007.stdout:/usr/bin/ceph: stderr
2024-03-23T13:10:46.999+0000 7f0461591700 1 -- --> [v2:172.21.15.7:3300/0,v1:172.21.15.7:6789/0] -- mon_getmap magic: 0 -- 0x7f045c108400 con 0x7f045c108640
2024-03-23T13:10:48.012 INFO:teuthology.orchestra.run.smithi007.stdout:/usr/bin/ceph: stderr
2024-03-23T13:10:46.999+0000 7f045affd700 1 --2- >> [v2:172.21.15.7:3300/0,v1:172.21.15.7:6789/0] conn(0x7f045c108640 0x7f045c107ec0 unknown :-1 s=BANNER_CONNECTING pgs=0 cs=0 l=1 rev1=0 crypto rx=0 tx=0 comp rx=0 tx=0)._handle_peer_banner_payload supported=3 required=0
2024-03-23T13:10:48.012 INFO:teuthology.orchestra.run.smithi007.stdout:/usr/bin/ceph: stderr
2024-03-23T13:10:46.999+0000 7f045affd700 1 --2- >> [v2:172.21.15.7:3300/0,v1:172.21.15.7:6789/0] conn(0x7f045c108640 0x7f045c107ec0 unknown :-1 s=HELLO_CONNECTING pgs=0 cs=0 l=1 rev1=1 crypto rx=0 tx=0 comp rx=0 tx=0).handle_hello peer v2:172.21.15.7:3300/0 says I am v2:172.21.15.7:36544/0 (socket says 172.21.15.7:36544)
2024-03-23T13:10:48.012 INFO:teuthology.orchestra.run.smithi007.stdout:/usr/bin/ceph: stderr
2024-03-23T13:10:46.999+0000 7f045affd700 1 -- 172.21.15.7:0/1351786000 learned_addr learned my addr 172.21.15.7:0/1351786000 (peer_addr_for_me v2:172.21.15.7:0/0)
2024-03-23T13:10:48.012 INFO:teuthology.orchestra.run.smithi007.stdout:/usr/bin/ceph: stderr
2024-03-23T13:10:47.000+0000 7f045affd700 1 -- 172.21.15.7:0/1351786000 --> [v2:172.21.15.7:3300/0,v1:172.21.15.7:6789/0] -- mon_subscribe({config=0+,monmap=0+}) -- 0x7f044c009550 con 0x7f045c108640
2024-03-23T13:10:48.012 INFO:teuthology.orchestra.run.smithi007.stdout:/usr/bin/ceph: stderr
2024-03-23T13:10:47.000+0000 7f045affd700 1 --2- 172.21.15.7:0/1351786000 >> [v2:172.21.15.7:3300/0,v1:172.21.15.7:6789/0] conn(0x7f045c108640 0x7f045c107ec0 secure :-1 s=READY pgs=75 cs=0 l=1 rev1=1 crypto rx=0x7f044c011740 tx=0x7f044c011a50 comp rx=0 tx=0).ready entity=mon.0 client_cookie=0 server_cookie=0 in_seq=0 out_seq=0
2024-03-23T13:10:48.012 INFO:teuthology.orchestra.run.smithi007.stdout:/usr/bin/ceph: stderr
2024-03-23T13:10:47.000+0000 7f0443fff700 1 -- 172.21.15.7:0/1351786000 <== mon.0 v2:172.21.15.7:3300/0 1 ==== mon_map magic: 0 ==== 205+0+0 (secure 0 0 0) 0x7f044c003b20 con 0x7f045c108640
2024-03-23T13:10:48.012 INFO:teuthology.orchestra.run.smithi007.stdout:/usr/bin/ceph: stderr
2024-03-23T13:10:47.000+0000 7f0443fff700 1 -- 172.21.15.7:0/1351786000 <== mon.0 v2:172.21.15.7:3300/0 2 ==== config(27 keys) ==== 1140+0+0 (secure 0 0 0) 0x7f044c01a910 con 0x7f045c108640
2024-03-23T13:10:48.012 INFO:teuthology.orchestra.run.smithi007.stdout:/usr/bin/ceph: stderr
2024-03-23T13:10:47.000+0000 7f0443fff700 1 -- 172.21.15.7:0/1351786000 <== mon.0 v2:172.21.15.7:3300/0 3 ==== mon_map magic: 0 ==== 205+0+0 (secure 0 0 0) 0x7f044c024900 con 0x7f045c108640
2024-03-23T13:10:48.012 INFO:teuthology.orchestra.run.smithi007.stdout:/usr/bin/ceph: stderr
2024-03-23T13:10:47.000+0000 7f0461591700 1 -- 172.21.15.7:0/1351786000 --> [v2:172.21.15.7:3300/0,v1:172.21.15.7:6789/0] -- mon_subscribe({mgrmap=0+}) -- 0x7f045c1065f0 con 0x7f045c108640
2024-03-23T13:10:48.012 INFO:teuthology.orchestra.run.smithi007.stdout:/usr/bin/ceph: stderr
2024-03-23T13:10:47.000+0000 7f0461591700 1 -- 172.21.15.7:0/1351786000 --> [v2:172.21.15.7:3300/0,v1:172.21.15.7:6789/0] -- mon_subscribe({osdmap=0}) -- 0x7f045c106a90 con 0x7f045c108640
2024-03-23T13:10:48.013 INFO:teuthology.orchestra.run.smithi007.stdout:/usr/bin/ceph: stderr
2024-03-23T13:10:47.001+0000 7f0461591700 1 -- 172.21.15.7:0/1351786000 --> [v2:172.21.15.7:3300/0,v1:172.21.15.7:6789/0] -- mon_command({"prefix": "get_command_descriptions"} v 0) -- 0x7f045c10bdb0 con 0x7f045c108640
2024-03-23T13:10:48.013 INFO:teuthology.orchestra.run.smithi007.stdout:/usr/bin/ceph: stderr
2024-03-23T13:10:47.001+0000 7f0443fff700 1 -- 172.21.15.7:0/1351786000 <== mon.0 v2:172.21.15.7:3300/0 4 ==== mgrmap(e 12) ==== 45941+0+0 (secure 0 0 0) 0x7f044c01aa80 con 0x7f045c108640
2024-03-23T13:10:48.013 INFO:teuthology.orchestra.run.smithi007.stdout:/usr/bin/ceph: stderr
2024-03-23T13:10:47.001+0000 7f0443fff700 1 --2- 172.21.15.7:0/1351786000 >> [v2:172.21.15.7:6800/1535208045,v1:172.21.15.7:6801/1535208045] conn(0x7f0444038f40 0x7f044403b400 unknown :-1 s=NONE pgs=0 cs=0 l=1 rev1=0 crypto rx=0 tx=0 comp rx=0 tx=0).connect
2024-03-23T13:10:48.013 INFO:teuthology.orchestra.run.smithi007.stdout:/usr/bin/ceph: stderr
2024-03-23T13:10:47.001+0000 7f0443fff700 1 -- 172.21.15.7:0/1351786000 <== mon.0 v2:172.21.15.7:3300/0 5 ==== osd_map(3..3 src has 1..3) ==== 1155+0+0 (secure 0 0 0) 0x7f044c04d3d0 con 0x7f045c108640
2024-03-23T13:10:48.013 INFO:teuthology.orchestra.run.smithi007.stdout:/usr/bin/ceph: stderr
2024-03-23T13:10:47.002+0000 7f045a7fc700 1 --2- 172.21.15.7:0/1351786000 >> [v2:172.21.15.7:6800/1535208045,v1:172.21.15.7:6801/1535208045] conn(0x7f0444038f40 0x7f044403b400 unknown :-1 s=BANNER_CONNECTING pgs=0 cs=0 l=1 rev1=0 crypto rx=0 tx=0 comp rx=0 tx=0)._handle_peer_banner_payload supported=3 required=0
2024-03-23T13:10:48.013 INFO:teuthology.orchestra.run.smithi007.stdout:/usr/bin/ceph: stderr
2024-03-23T13:10:47.002+0000 7f045a7fc700 1 --2- 172.21.15.7:0/1351786000 >> [v2:172.21.15.7:6800/1535208045,v1:172.21.15.7:6801/1535208045] conn(0x7f0444038f40 0x7f044403b400 secure :-1 s=READY pgs=9 cs=0 l=1 rev1=1 crypto rx=0x7f0450006fd0 tx=0x7f0450006e40 comp rx=0 tx=0).ready entity=mgr.14152 client_cookie=0 server_cookie=0 in_seq=0 out_seq=0
2024-03-23T13:10:48.013 INFO:teuthology.orchestra.run.smithi007.stdout:/usr/bin/ceph: stderr
2024-03-23T13:10:47.006+0000 7f0443fff700 1 -- 172.21.15.7:0/1351786000 <== mon.0 v2:172.21.15.7:3300/0 6 ==== mon_command_ack([{"prefix": "get_command_descriptions"}]=0 v0) ==== 72+0+184932 (secure 0 0 0) 0x7f044c01ae10 con 0x7f045c108640
2024-03-23T13:10:48.013 INFO:teuthology.orchestra.run.smithi007.stdout:/usr/bin/ceph: stderr
2024-03-23T13:10:47.213+0000 7f0461591700 1 -- 172.21.15.7:0/1351786000 --> [v2:172.21.15.7:3300/0,v1:172.21.15.7:6789/0] -- mon_command({"prefix": "config get", "who": "mgr", "key": "mgr/dashboard/ssl_server_port"} v 0) -- 0x7f045c10bfc0 con 0x7f045c108640
2024-03-23T13:10:48.013 INFO:teuthology.orchestra.run.smithi007.stdout:/usr/bin/ceph: stderr
2024-03-23T13:10:47.214+0000 7f0443fff700 1 -- 172.21.15.7:0/1351786000 <== mon.0 v2:172.21.15.7:3300/0 7 ==== mon_command_ack([{"prefix": "config get", "who": "mgr", "key": "mgr/dashboard/ssl_server_port"}]=0 v8) ==== 112+0+5 (secure 0 0 0) 0x7f044c018350 con 0x7f045c108640
2024-03-23T13:10:48.013 INFO:teuthology.orchestra.run.smithi007.stdout:/usr/bin/ceph: stderr
2024-03-23T13:10:47.216+0000 7f0461591700 1 -- 172.21.15.7:0/1351786000 >> [v2:172.21.15.7:6800/1535208045,v1:172.21.15.7:6801/1535208045] conn(0x7f0444038f40 msgr2=0x7f044403b400 secure :-1 s=STATE_CONNECTION_ESTABLISHED l=1).mark_down
2024-03-23T13:10:48.013 INFO:teuthology.orchestra.run.smithi007.stdout:/usr/bin/ceph: stderr
2024-03-23T13:10:47.216+0000 7f0461591700 1 --2- 172.21.15.7:0/1351786000 >> [v2:172.21.15.7:6800/1535208045,v1:172.21.15.7:6801/1535208045] conn(0x7f0444038f40 0x7f044403b400 secure :-1 s=READY pgs=9 cs=0 l=1 rev1=1 crypto rx=0x7f0450006fd0 tx=0x7f0450006e40 comp rx=0 tx=0).stop
2024-03-23T13:10:48.013 INFO:teuthology.orchestra.run.smithi007.stdout:/usr/bin/ceph: stderr
2024-03-23T13:10:47.216+0000 7f0461591700 1 -- 172.21.15.7:0/1351786000 >> [v2:172.21.15.7:3300/0,v1:172.21.15.7:6789/0] conn(0x7f045c108640 msgr2=0x7f045c107ec0 secure :-1 s=STATE_CONNECTION_ESTABLISHED l=1).mark_down
2024-03-23T13:10:48.013 INFO:teuthology.orchestra.run.smithi007.stdout:/usr/bin/ceph: stderr
2024-03-23T13:10:47.216+0000 7f0461591700 1 --2- 172.21.15.7:0/1351786000 >> [v2:172.21.15.7:3300/0,v1:172.21.15.7:6789/0] conn(0x7f045c108640 0x7f045c107ec0 secure :-1 s=READY pgs=75 cs=0 l=1 rev1=1 crypto rx=0x7f044c011740 tx=0x7f044c011a50 comp rx=0 tx=0).stop
2024-03-23T13:10:48.013 INFO:teuthology.orchestra.run.smithi007.stdout:/usr/bin/ceph: stderr
2024-03-23T13:10:47.216+0000 7f0461591700 1 -- 172.21.15.7:0/1351786000 shutdown_connections
2024-03-23T13:10:48.014 INFO:teuthology.orchestra.run.smithi007.stdout:/usr/bin/ceph: stderr
2024-03-23T13:10:47.216+0000 7f0461591700 1 --2- 172.21.15.7:0/1351786000 >> [v2:172.21.15.7:6800/1535208045,v1:172.21.15.7:6801/1535208045] conn(0x7f0444038f40 0x7f044403b400 unknown :-1 s=CLOSED pgs=9 cs=0 l=1 rev1=1 crypto rx=0 tx=0 comp rx=0 tx=0).stop
2024-03-23T13:10:48.014 INFO:teuthology.orchestra.run.smithi007.stdout:/usr/bin/ceph: stderr
2024-03-23T13:10:47.216+0000 7f0461591700 1 --2- 172.21.15.7:0/1351786000 >> [v2:172.21.15.7:3300/0,v1:172.21.15.7:6789/0] conn(0x7f045c108640 0x7f045c107ec0 unknown :-1 s=CLOSED pgs=75 cs=0 l=1 rev1=1 crypto rx=0 tx=0 comp rx=0 tx=0).stop
2024-03-23T13:10:48.014 INFO:teuthology.orchestra.run.smithi007.stdout:/usr/bin/ceph: stderr
2024-03-23T13:10:47.216+0000 7f0461591700 1 -- 172.21.15.7:0/1351786000 >> 172.21.15.7:0/1351786000 conn(0x7f045c102030 msgr2=0x7f045c102b20 unknown :-1 s=STATE_NONE l=0).mark_down
2024-03-23T13:10:48.014 INFO:teuthology.orchestra.run.smithi007.stdout:/usr/bin/ceph: stderr
2024-03-23T13:10:47.216+0000 7f0461591700 1 -- 172.21.15.7:0/1351786000 shutdown_connections
2024-03-23T13:10:48.014 INFO:teuthology.orchestra.run.smithi007.stdout:/usr/bin/ceph: stderr
2024-03-23T13:10:47.216+0000 7f0461591700 1 -- 172.21.15.7:0/1351786000 wait complete.
2024-03-23T13:10:48.018 INFO:teuthology.orchestra.run.smithi007.stdout:Non-zero exit code 1 from systemctl is-enabled firewalld.service
2024-03-23T13:10:48.019 INFO:teuthology.orchestra.run.smithi007.stdout:systemctl: stdout disabled
2024-03-23T13:10:48.026 INFO:teuthology.orchestra.run.smithi007.stdout:Non-zero exit code 3 from systemctl is-active firewalld.service
2024-03-23T13:10:48.027 INFO:teuthology.orchestra.run.smithi007.stdout:systemctl: stdout inactive
2024-03-23T13:10:48.027 INFO:teuthology.orchestra.run.smithi007.stdout:firewalld.service is not enabled
2024-03-23T13:10:48.027 INFO:teuthology.orchestra.run.smithi007.stdout:Not possible to open ports <[8443]>. firewalld.service is not available
2024-03-23T13:10:48.029 INFO:teuthology.orchestra.run.smithi007.stdout:Ceph Dashboard is now available at:
2024-03-23T13:10:48.029 INFO:teuthology.orchestra.run.smithi007.stdout:
2024-03-23T13:10:48.029 INFO:teuthology.orchestra.run.smithi007.stdout: URL: https://smithi007.front.sepia.ceph.com:8443/
2024-03-23T13:10:48.029 INFO:teuthology.orchestra.run.smithi007.stdout: User: admin
2024-03-23T13:10:48.029 INFO:teuthology.orchestra.run.smithi007.stdout: Password: lmyykqlmpz
2024-03-23T13:10:48.029 INFO:teuthology.orchestra.run.smithi007.stdout:
2024-03-23T13:10:48.030 INFO:teuthology.orchestra.run.smithi007.stdout:Saving cluster configuration to /var/lib/ceph/745f591a-e916-11ee-95cd-87774f69a715/config directory
2024-03-23T13:10:48.030 INFO:teuthology.orchestra.run.smithi007.stdout:Enabling autotune for osd_memory_target
2024-03-23T13:10:49.266 INFO:teuthology.orchestra.run.smithi007.stdout:/usr/bin/ceph: stderr
2024-03-23T13:10:48.481+0000 7fee37fa1700 1 Processor -- start
2024-03-23T13:10:49.266 INFO:teuthology.orchestra.run.smithi007.stdout:/usr/bin/ceph: stderr
2024-03-23T13:10:48.482+0000 7fee37fa1700 1 -- start start
2024-03-23T13:10:49.267 INFO:teuthology.orchestra.run.smithi007.stdout:/usr/bin/ceph: stderr
2024-03-23T13:10:48.482+0000 7fee37fa1700 1 --2- >> [v2:172.21.15.7:3300/0,v1:172.21.15.7:6789/0] conn(0x7fee30108000 0x7fee30108420 unknown :-1 s=NONE pgs=0 cs=0 l=0 rev1=0 crypto rx=0 tx=0 comp rx=0 tx=0).connect
2024-03-23T13:10:49.267 INFO:teuthology.orchestra.run.smithi007.stdout:/usr/bin/ceph: stderr
2024-03-23T13:10:48.482+0000 7fee37fa1700 1 -- --> [v2:172.21.15.7:3300/0,v1:172.21.15.7:6789/0] -- mon_getmap magic: 0 -- 0x7fee301089f0 con 0x7fee30108000
2024-03-23T13:10:49.267 INFO:teuthology.orchestra.run.smithi007.stdout:/usr/bin/ceph: stderr
2024-03-23T13:10:48.482+0000 7fee35d3d700 1 --2- >> [v2:172.21.15.7:3300/0,v1:172.21.15.7:6789/0] conn(0x7fee30108000 0x7fee30108420 unknown :-1 s=BANNER_CONNECTING pgs=0 cs=0 l=0 rev1=0 crypto rx=0 tx=0 comp rx=0 tx=0)._handle_peer_banner_payload supported=3 required=0
2024-03-23T13:10:49.267 INFO:teuthology.orchestra.run.smithi007.stdout:/usr/bin/ceph: stderr
2024-03-23T13:10:48.482+0000 7fee35d3d700 1 --2- >> [v2:172.21.15.7:3300/0,v1:172.21.15.7:6789/0] conn(0x7fee30108000 0x7fee30108420 unknown :-1 s=HELLO_CONNECTING pgs=0 cs=0 l=0 rev1=1 crypto rx=0 tx=0 comp rx=0 tx=0).handle_hello peer v2:172.21.15.7:3300/0 says I am v2:172.21.15.7:36556/0 (socket says 172.21.15.7:36556)
2024-03-23T13:10:49.267 INFO:teuthology.orchestra.run.smithi007.stdout:/usr/bin/ceph: stderr
2024-03-23T13:10:48.482+0000 7fee35d3d700 1 -- 172.21.15.7:0/3200378169 learned_addr learned my addr 172.21.15.7:0/3200378169 (peer_addr_for_me v2:172.21.15.7:0/0)
2024-03-23T13:10:49.267 INFO:teuthology.orchestra.run.smithi007.stdout:/usr/bin/ceph: stderr
2024-03-23T13:10:48.482+0000 7fee35d3d700 1 -- 172.21.15.7:0/3200378169 --> [v2:172.21.15.7:3300/0,v1:172.21.15.7:6789/0] -- mon_subscribe({config=0+,monmap=0+}) -- 0x7fee30106c60 con 0x7fee30108000
2024-03-23T13:10:49.267 INFO:teuthology.orchestra.run.smithi007.stdout:/usr/bin/ceph: stderr
2024-03-23T13:10:48.483+0000 7fee35d3d700 1 --2- 172.21.15.7:0/3200378169 >> [v2:172.21.15.7:3300/0,v1:172.21.15.7:6789/0] conn(0x7fee30108000 0x7fee30108420 secure :-1 s=READY pgs=76 cs=0 l=1 rev1=1 crypto rx=0x7fee2c00bb40 tx=0x7fee2c00be50 comp rx=0 tx=0).ready entity=mon.0 client_cookie=edbe366e8eda0d71 server_cookie=0 in_seq=0 out_seq=0
2024-03-23T13:10:49.267 INFO:teuthology.orchestra.run.smithi007.stdout:/usr/bin/ceph: stderr
2024-03-23T13:10:48.483+0000 7fee34d3b700 1 -- 172.21.15.7:0/3200378169 <== mon.0 v2:172.21.15.7:3300/0 1 ==== mon_map magic: 0 ==== 205+0+0 (secure 0 0 0) 0x7fee2c00dbe0 con 0x7fee30108000
2024-03-23T13:10:49.267 INFO:teuthology.orchestra.run.smithi007.stdout:/usr/bin/ceph: stderr
2024-03-23T13:10:48.483+0000 7fee34d3b700 1 -- 172.21.15.7:0/3200378169 <== mon.0 v2:172.21.15.7:3300/0 2 ==== config(27 keys) ==== 1140+0+0 (secure 0 0 0) 0x7fee2c004510 con 0x7fee30108000
2024-03-23T13:10:49.267 INFO:teuthology.orchestra.run.smithi007.stdout:/usr/bin/ceph: stderr
2024-03-23T13:10:48.483+0000 7fee34d3b700 1 -- 172.21.15.7:0/3200378169 <== mon.0 v2:172.21.15.7:3300/0 3 ==== mon_map magic: 0 ==== 205+0+0 (secure 0 0 0) 0x7fee2c010470 con 0x7fee30108000
2024-03-23T13:10:49.267 INFO:teuthology.orchestra.run.smithi007.stdout:/usr/bin/ceph: stderr
2024-03-23T13:10:48.483+0000 7fee37fa1700 1 -- 172.21.15.7:0/3200378169 >> [v2:172.21.15.7:3300/0,v1:172.21.15.7:6789/0] conn(0x7fee30108000 msgr2=0x7fee30108420 secure :-1 s=STATE_CONNECTION_ESTABLISHED l=1).mark_down
2024-03-23T13:10:49.267 INFO:teuthology.orchestra.run.smithi007.stdout:/usr/bin/ceph: stderr
2024-03-23T13:10:48.483+0000 7fee37fa1700 1 --2- 172.21.15.7:0/3200378169 >> [v2:172.21.15.7:3300/0,v1:172.21.15.7:6789/0] conn(0x7fee30108000 0x7fee30108420 secure :-1 s=READY pgs=76 cs=0 l=1 rev1=1 crypto rx=0x7fee2c00bb40 tx=0x7fee2c00be50 comp rx=0 tx=0).stop
2024-03-23T13:10:49.267 INFO:teuthology.orchestra.run.smithi007.stdout:/usr/bin/ceph: stderr
2024-03-23T13:10:48.483+0000 7fee37fa1700 1 -- 172.21.15.7:0/3200378169 shutdown_connections
2024-03-23T13:10:49.268 INFO:teuthology.orchestra.run.smithi007.stdout:/usr/bin/ceph: stderr
2024-03-23T13:10:48.483+0000 7fee37fa1700 1 --2- 172.21.15.7:0/3200378169 >> [v2:172.21.15.7:3300/0,v1:172.21.15.7:6789/0] conn(0x7fee30108000 0x7fee30108420 unknown :-1 s=CLOSED pgs=76 cs=0 l=1 rev1=1 crypto rx=0 tx=0 comp rx=0 tx=0).stop
2024-03-23T13:10:49.268 INFO:teuthology.orchestra.run.smithi007.stdout:/usr/bin/ceph: stderr
2024-03-23T13:10:48.483+0000 7fee37fa1700 1 -- 172.21.15.7:0/3200378169 >> 172.21.15.7:0/3200378169 conn(0x7fee301017d0 msgr2=0x7fee30103bf0 unknown :-1 s=STATE_NONE l=0).mark_down
2024-03-23T13:10:49.268 INFO:teuthology.orchestra.run.smithi007.stdout:/usr/bin/ceph: stderr
2024-03-23T13:10:48.483+0000 7fee37fa1700 1 -- 172.21.15.7:0/3200378169 shutdown_connections
2024-03-23T13:10:49.268 INFO:teuthology.orchestra.run.smithi007.stdout:/usr/bin/ceph: stderr
2024-03-23T13:10:48.483+0000 7fee37fa1700 1 -- 172.21.15.7:0/3200378169 wait complete.
2024-03-23T13:10:49.268 INFO:teuthology.orchestra.run.smithi007.stdout:/usr/bin/ceph: stderr
2024-03-23T13:10:48.484+0000 7fee37fa1700 1 Processor -- start
2024-03-23T13:10:49.268 INFO:teuthology.orchestra.run.smithi007.stdout:/usr/bin/ceph: stderr
2024-03-23T13:10:48.484+0000 7fee37fa1700 1 -- start start
2024-03-23T13:10:49.268 INFO:teuthology.orchestra.run.smithi007.stdout:/usr/bin/ceph: stderr
2024-03-23T13:10:48.484+0000 7fee37fa1700 1 --2- >> [v2:172.21.15.7:3300/0,v1:172.21.15.7:6789/0] conn(0x7fee30108000 0x7fee301996e0 unknown :-1 s=NONE pgs=0 cs=0 l=1 rev1=0 crypto rx=0 tx=0 comp rx=0 tx=0).connect
2024-03-23T13:10:49.268 INFO:teuthology.orchestra.run.smithi007.stdout:/usr/bin/ceph: stderr
2024-03-23T13:10:48.484+0000 7fee37fa1700 1 -- --> [v2:172.21.15.7:3300/0,v1:172.21.15.7:6789/0] -- mon_getmap magic: 0 -- 0x7fee30199c20 con 0x7fee30108000
2024-03-23T13:10:49.268 INFO:teuthology.orchestra.run.smithi007.stdout:/usr/bin/ceph: stderr
2024-03-23T13:10:48.484+0000 7fee35d3d700 1 --2- >> [v2:172.21.15.7:3300/0,v1:172.21.15.7:6789/0] conn(0x7fee30108000 0x7fee301996e0 unknown :-1 s=BANNER_CONNECTING pgs=0 cs=0 l=1 rev1=0 crypto rx=0 tx=0 comp rx=0 tx=0)._handle_peer_banner_payload supported=3 required=0
2024-03-23T13:10:49.268 INFO:teuthology.orchestra.run.smithi007.stdout:/usr/bin/ceph: stderr
2024-03-23T13:10:48.484+0000 7fee35d3d700 1 --2- >> [v2:172.21.15.7:3300/0,v1:172.21.15.7:6789/0] conn(0x7fee30108000 0x7fee301996e0 unknown :-1 s=HELLO_CONNECTING pgs=0 cs=0 l=1 rev1=1 crypto rx=0 tx=0 comp rx=0 tx=0).handle_hello peer v2:172.21.15.7:3300/0 says I am v2:172.21.15.7:36562/0 (socket says 172.21.15.7:36562)
2024-03-23T13:10:49.268 INFO:teuthology.orchestra.run.smithi007.stdout:/usr/bin/ceph: stderr
2024-03-23T13:10:48.484+0000 7fee35d3d700 1 -- 172.21.15.7:0/2671379993 learned_addr learned my addr 172.21.15.7:0/2671379993 (peer_addr_for_me v2:172.21.15.7:0/0)
2024-03-23T13:10:49.268 INFO:teuthology.orchestra.run.smithi007.stdout:/usr/bin/ceph: stderr
2024-03-23T13:10:48.484+0000 7fee35d3d700 1 -- 172.21.15.7:0/2671379993 --> [v2:172.21.15.7:3300/0,v1:172.21.15.7:6789/0] -- mon_subscribe({config=0+,monmap=0+}) -- 0x7fee2c00b7f0 con 0x7fee30108000
2024-03-23T13:10:49.268 INFO:teuthology.orchestra.run.smithi007.stdout:/usr/bin/ceph: stderr
2024-03-23T13:10:48.485+0000 7fee35d3d700 1 --2- 172.21.15.7:0/2671379993 >> [v2:172.21.15.7:3300/0,v1:172.21.15.7:6789/0] conn(0x7fee30108000 0x7fee301996e0 secure :-1 s=READY pgs=77 cs=0 l=1 rev1=1 crypto rx=0x7fee2c00b340 tx=0x7fee2c004020 comp rx=0 tx=0).ready entity=mon.0 client_cookie=0 server_cookie=0 in_seq=0 out_seq=0
2024-03-23T13:10:49.268 INFO:teuthology.orchestra.run.smithi007.stdout:/usr/bin/ceph: stderr
2024-03-23T13:10:48.485+0000 7fee26ffd700 1 -- 172.21.15.7:0/2671379993 <== mon.0 v2:172.21.15.7:3300/0 1 ==== mon_map magic: 0 ==== 205+0+0 (secure 0 0 0) 0x7fee2c01e070 con 0x7fee30108000
2024-03-23T13:10:49.268 INFO:teuthology.orchestra.run.smithi007.stdout:/usr/bin/ceph: stderr
2024-03-23T13:10:48.485+0000 7fee26ffd700 1 -- 172.21.15.7:0/2671379993 <== mon.0 v2:172.21.15.7:3300/0 2 ==== config(27 keys) ==== 1140+0+0 (secure 0 0 0) 0x7fee2c010d40 con 0x7fee30108000
2024-03-23T13:10:49.269 INFO:teuthology.orchestra.run.smithi007.stdout:/usr/bin/ceph: stderr
2024-03-23T13:10:48.485+0000 7fee37fa1700 1 -- 172.21.15.7:0/2671379993 --> [v2:172.21.15.7:3300/0,v1:172.21.15.7:6789/0] -- mon_subscribe({mgrmap=0+}) -- 0x7fee30199e20 con 0x7fee30108000
2024-03-23T13:10:49.269 INFO:teuthology.orchestra.run.smithi007.stdout:/usr/bin/ceph: stderr
2024-03-23T13:10:48.485+0000 7fee26ffd700 1 -- 172.21.15.7:0/2671379993 <== mon.0 v2:172.21.15.7:3300/0 3 ==== mon_map magic: 0 ==== 205+0+0 (secure 0 0 0) 0x7fee2c022b30 con 0x7fee30108000
2024-03-23T13:10:49.269 INFO:teuthology.orchestra.run.smithi007.stdout:/usr/bin/ceph: stderr
2024-03-23T13:10:48.485+0000 7fee37fa1700 1 -- 172.21.15.7:0/2671379993 --> [v2:172.21.15.7:3300/0,v1:172.21.15.7:6789/0] -- mon_subscribe({osdmap=0}) -- 0x7fee3019a2c0 con 0x7fee30108000
2024-03-23T13:10:49.269 INFO:teuthology.orchestra.run.smithi007.stdout:/usr/bin/ceph: stderr
2024-03-23T13:10:48.486+0000 7fee26ffd700 1 -- 172.21.15.7:0/2671379993 <== mon.0 v2:172.21.15.7:3300/0 4 ==== mgrmap(e 13) ==== 45983+0+0 (secure 0 0 0) 0x7fee2c010860 con 0x7fee30108000
2024-03-23T13:10:49.269 INFO:teuthology.orchestra.run.smithi007.stdout:/usr/bin/ceph: stderr
2024-03-23T13:10:48.486+0000 7fee37fa1700 1 -- 172.21.15.7:0/2671379993 --> [v2:172.21.15.7:3300/0,v1:172.21.15.7:6789/0] -- mon_command({"prefix": "get_command_descriptions"} v 0) -- 0x7fee30105b50 con 0x7fee30108000
2024-03-23T13:10:49.269 INFO:teuthology.orchestra.run.smithi007.stdout:/usr/bin/ceph: stderr
