2024-03-23T15:09:52.303+0000 7f623bfff700 1 --2- 172.21.15.117:0/2253948814 >> [v2:172.21.15.117:6800/2372359015,v1:172.21.15.117:6801/2372359015] conn(0x7f622c03c9f0 0x7f622c03ede0 unknown :-1 s=BANNER_CONNECTING pgs=0 cs=0 l=1 rev1=0 crypto rx=0 tx=0 comp rx=0 tx=0)._handle_peer_banner_payload supported=3 required=0
2024-03-23T15:09:53.280 INFO:teuthology.orchestra.run.smithi117.stdout:/usr/bin/ceph: stderr
2024-03-23T15:09:52.303+0000 7f623bfff700 1 --2- 172.21.15.117:0/2253948814 >> [v2:172.21.15.117:6800/2372359015,v1:172.21.15.117:6801/2372359015] conn(0x7f622c03c9f0 0x7f622c03ede0 secure :-1 s=READY pgs=3 cs=0 l=1 rev1=1 crypto rx=0x7f6228003a10 tx=0x7f6228009270 comp rx=0 tx=0).ready entity=mgr.14150 client_cookie=0 server_cookie=0 in_seq=0 out_seq=0
2024-03-23T15:09:53.280 INFO:teuthology.orchestra.run.smithi117.stdout:/usr/bin/ceph: stderr
2024-03-23T15:09:52.304+0000 7f6239ffb700 1 -- 172.21.15.117:0/2253948814 <== mgr.14150 v2:172.21.15.117:6800/2372359015 1 ==== command_reply(tid 0: 0 ) ==== 8+0+7774 (secure 0 0 0) 0x7f622c03bb10 con 0x7f622c03c9f0
2024-03-23T15:09:53.280 INFO:teuthology.orchestra.run.smithi117.stdout:/usr/bin/ceph: stderr
2024-03-23T15:09:52.316+0000 7f6242fa1700 1 -- 172.21.15.117:0/2253948814 --> [v2:172.21.15.117:6800/2372359015,v1:172.21.15.117:6801/2372359015] -- command(tid 1: {"prefix": "mgr_status"}) -- 0x7f623c10bff0 con 0x7f622c03c9f0
2024-03-23T15:09:53.280 INFO:teuthology.orchestra.run.smithi117.stdout:/usr/bin/ceph: stderr
2024-03-23T15:09:52.316+0000 7f6239ffb700 1 -- 172.21.15.117:0/2253948814 <== mgr.14150 v2:172.21.15.117:6800/2372359015 2 ==== command_reply(tid 1: 0 ) ==== 8+0+52 (secure 0 0 0) 0x7f623c10bff0 con 0x7f622c03c9f0
2024-03-23T15:09:53.280 INFO:teuthology.orchestra.run.smithi117.stdout:/usr/bin/ceph: stderr
2024-03-23T15:09:52.317+0000 7f6242fa1700 1 -- 172.21.15.117:0/2253948814 >> [v2:172.21.15.117:6800/2372359015,v1:172.21.15.117:6801/2372359015] conn(0x7f622c03c9f0 msgr2=0x7f622c03ede0 secure :-1 s=STATE_CONNECTION_ESTABLISHED l=1).mark_down
2024-03-23T15:09:53.281 INFO:teuthology.orchestra.run.smithi117.stdout:/usr/bin/ceph: stderr
2024-03-23T15:09:52.317+0000 7f6242fa1700 1 --2- 172.21.15.117:0/2253948814 >> [v2:172.21.15.117:6800/2372359015,v1:172.21.15.117:6801/2372359015] conn(0x7f622c03c9f0 0x7f622c03ede0 secure :-1 s=READY pgs=3 cs=0 l=1 rev1=1 crypto rx=0x7f6228003a10 tx=0x7f6228009270 comp rx=0 tx=0).stop
2024-03-23T15:09:53.281 INFO:teuthology.orchestra.run.smithi117.stdout:/usr/bin/ceph: stderr
2024-03-23T15:09:52.317+0000 7f6242fa1700 1 -- 172.21.15.117:0/2253948814 >> [v2:172.21.15.117:3300/0,v1:172.21.15.117:6789/0] conn(0x7f623c108820 msgr2=0x7f623c19bc30 secure :-1 s=STATE_CONNECTION_ESTABLISHED l=1).mark_down
2024-03-23T15:09:53.281 INFO:teuthology.orchestra.run.smithi117.stdout:/usr/bin/ceph: stderr
2024-03-23T15:09:52.317+0000 7f6242fa1700 1 --2- 172.21.15.117:0/2253948814 >> [v2:172.21.15.117:3300/0,v1:172.21.15.117:6789/0] conn(0x7f623c108820 0x7f623c19bc30 secure :-1 s=READY pgs=60 cs=0 l=1 rev1=1 crypto rx=0x7f6230009fb0 tx=0x7f6230011be0 comp rx=0 tx=0).stop
2024-03-23T15:09:53.281 INFO:teuthology.orchestra.run.smithi117.stdout:/usr/bin/ceph: stderr
2024-03-23T15:09:52.317+0000 7f6242fa1700 1 -- 172.21.15.117:0/2253948814 shutdown_connections
2024-03-23T15:09:53.281 INFO:teuthology.orchestra.run.smithi117.stdout:/usr/bin/ceph: stderr
2024-03-23T15:09:52.317+0000 7f6242fa1700 1 --2- 172.21.15.117:0/2253948814 >> [v2:172.21.15.117:6800/2372359015,v1:172.21.15.117:6801/2372359015] conn(0x7f622c03c9f0 0x7f622c03ede0 unknown :-1 s=CLOSED pgs=3 cs=0 l=1 rev1=1 crypto rx=0 tx=0 comp rx=0 tx=0).stop
2024-03-23T15:09:53.281 INFO:teuthology.orchestra.run.smithi117.stdout:/usr/bin/ceph: stderr
2024-03-23T15:09:52.317+0000 7f6242fa1700 1 --2- 172.21.15.117:0/2253948814 >> [v2:172.21.15.117:3300/0,v1:172.21.15.117:6789/0] conn(0x7f623c108820 0x7f623c19bc30 unknown :-1 s=CLOSED pgs=60 cs=0 l=1 rev1=1 crypto rx=0 tx=0 comp rx=0 tx=0).stop
2024-03-23T15:09:53.281 INFO:teuthology.orchestra.run.smithi117.stdout:/usr/bin/ceph: stderr
2024-03-23T15:09:52.317+0000 7f6242fa1700 1 --2- 172.21.15.117:0/2253948814 >> [v2:172.21.15.117:6800/161634099,v1:172.21.15.117:6801/161634099] conn(0x7f622c038f40 0x7f622c03b400 unknown :-1 s=CLOSED pgs=0 cs=0 l=1 rev1=0 crypto rx=0 tx=0 comp rx=0 tx=0).stop
2024-03-23T15:09:53.281 INFO:teuthology.orchestra.run.smithi117.stdout:/usr/bin/ceph: stderr
2024-03-23T15:09:52.317+0000 7f6242fa1700 1 -- 172.21.15.117:0/2253948814 >> 172.21.15.117:0/2253948814 conn(0x7f623c102210 msgr2=0x7f623c102da0 unknown :-1 s=STATE_NONE l=0).mark_down
2024-03-23T15:09:53.281 INFO:teuthology.orchestra.run.smithi117.stdout:/usr/bin/ceph: stderr
2024-03-23T15:09:52.317+0000 7f6242fa1700 1 -- 172.21.15.117:0/2253948814 shutdown_connections
2024-03-23T15:09:53.281 INFO:teuthology.orchestra.run.smithi117.stdout:/usr/bin/ceph: stderr
2024-03-23T15:09:52.317+0000 7f6242fa1700 1 -- 172.21.15.117:0/2253948814 wait complete.
2024-03-23T15:09:53.281 INFO:teuthology.orchestra.run.smithi117.stdout:mgr epoch 9 is available
2024-03-23T15:09:53.281 INFO:teuthology.orchestra.run.smithi117.stdout:Generating a dashboard self-signed certificate...
2024-03-23T15:09:53.586 INFO:journalctl@ceph.mon.a.smithi117.stdout:Mar 23 15:09:53 smithi117 ceph-mon[32023]: [23/Mar/2024:15:09:51] ENGINE Bus STARTING
2024-03-23T15:09:53.586 INFO:journalctl@ceph.mon.a.smithi117.stdout:Mar 23 15:09:53 smithi117 ceph-mon[32023]: [23/Mar/2024:15:09:51] ENGINE Serving on http://172.21.15.117:8765
2024-03-23T15:09:53.586 INFO:journalctl@ceph.mon.a.smithi117.stdout:Mar 23 15:09:53 smithi117 ceph-mon[32023]: [23/Mar/2024:15:09:51] ENGINE Serving on https://172.21.15.117:7150
2024-03-23T15:09:53.587 INFO:journalctl@ceph.mon.a.smithi117.stdout:Mar 23 15:09:53 smithi117 ceph-mon[32023]: [23/Mar/2024:15:09:51] ENGINE Bus STARTED
2024-03-23T15:09:53.587 INFO:journalctl@ceph.mon.a.smithi117.stdout:Mar 23 15:09:53 smithi117 ceph-mon[32023]: from='client.14154 -' entity='client.admin' cmd=[{"prefix": "get_command_descriptions"}]: dispatch
2024-03-23T15:09:53.587 INFO:journalctl@ceph.mon.a.smithi117.stdout:Mar 23 15:09:53 smithi117 ceph-mon[32023]: from='client.14154 -' entity='client.admin' cmd=[{"prefix": "mgr_status"}]: dispatch
2024-03-23T15:09:53.587 INFO:journalctl@ceph.mon.a.smithi117.stdout:Mar 23 15:09:53 smithi117 ceph-mon[32023]: from='mgr.14150 172.21.15.117:0/333243118' entity='mgr.x'
2024-03-23T15:09:54.539 INFO:teuthology.orchestra.run.smithi117.stdout:/usr/bin/ceph: stdout Self-signed certificate created
2024-03-23T15:09:54.539 INFO:teuthology.orchestra.run.smithi117.stdout:/usr/bin/ceph: stderr
2024-03-23T15:09:53.684+0000 7fe7c4d6d700 1 Processor -- start
2024-03-23T15:09:54.539 INFO:teuthology.orchestra.run.smithi117.stdout:/usr/bin/ceph: stderr
2024-03-23T15:09:53.684+0000 7fe7c4d6d700 1 -- start start
2024-03-23T15:09:54.539 INFO:teuthology.orchestra.run.smithi117.stdout:/usr/bin/ceph: stderr
2024-03-23T15:09:53.684+0000 7fe7c4d6d700 1 --2- >> [v2:172.21.15.117:3300/0,v1:172.21.15.117:6789/0] conn(0x7fe7c0107d60 0x7fe7c0108180 unknown :-1 s=NONE pgs=0 cs=0 l=0 rev1=0 crypto rx=0 tx=0 comp rx=0 tx=0).connect
2024-03-23T15:09:54.539 INFO:teuthology.orchestra.run.smithi117.stdout:/usr/bin/ceph: stderr
2024-03-23T15:09:53.684+0000 7fe7c4d6d700 1 -- --> [v2:172.21.15.117:3300/0,v1:172.21.15.117:6789/0] -- mon_getmap magic: 0 -- 0x7fe7c0108750 con 0x7fe7c0107d60
2024-03-23T15:09:54.539 INFO:teuthology.orchestra.run.smithi117.stdout:/usr/bin/ceph: stderr
2024-03-23T15:09:53.684+0000 7fe7be59c700 1 --2- >> [v2:172.21.15.117:3300/0,v1:172.21.15.117:6789/0] conn(0x7fe7c0107d60 0x7fe7c0108180 unknown :-1 s=BANNER_CONNECTING pgs=0 cs=0 l=0 rev1=0 crypto rx=0 tx=0 comp rx=0 tx=0)._handle_peer_banner_payload supported=3 required=0
2024-03-23T15:09:54.540 INFO:teuthology.orchestra.run.smithi117.stdout:/usr/bin/ceph: stderr
2024-03-23T15:09:53.684+0000 7fe7be59c700 1 --2- >> [v2:172.21.15.117:3300/0,v1:172.21.15.117:6789/0] conn(0x7fe7c0107d60 0x7fe7c0108180 unknown :-1 s=HELLO_CONNECTING pgs=0 cs=0 l=0 rev1=1 crypto rx=0 tx=0 comp rx=0 tx=0).handle_hello peer v2:172.21.15.117:3300/0 says I am v2:172.21.15.117:54092/0 (socket says 172.21.15.117:54092)
2024-03-23T15:09:54.540 INFO:teuthology.orchestra.run.smithi117.stdout:/usr/bin/ceph: stderr
2024-03-23T15:09:53.684+0000 7fe7be59c700 1 -- 172.21.15.117:0/1051465252 learned_addr learned my addr 172.21.15.117:0/1051465252 (peer_addr_for_me v2:172.21.15.117:0/0)
2024-03-23T15:09:54.540 INFO:teuthology.orchestra.run.smithi117.stdout:/usr/bin/ceph: stderr
2024-03-23T15:09:53.685+0000 7fe7be59c700 1 -- 172.21.15.117:0/1051465252 --> [v2:172.21.15.117:3300/0,v1:172.21.15.117:6789/0] -- mon_subscribe({config=0+,monmap=0+}) -- 0x7fe7c0108f10 con 0x7fe7c0107d60
2024-03-23T15:09:54.540 INFO:teuthology.orchestra.run.smithi117.stdout:/usr/bin/ceph: stderr
2024-03-23T15:09:53.685+0000 7fe7be59c700 1 --2- 172.21.15.117:0/1051465252 >> [v2:172.21.15.117:3300/0,v1:172.21.15.117:6789/0] conn(0x7fe7c0107d60 0x7fe7c0108180 secure :-1 s=READY pgs=68 cs=0 l=1 rev1=1 crypto rx=0x7fe7b00098a0 tx=0x7fe7b0009bb0 comp rx=0 tx=0).ready entity=mon.0 client_cookie=f31fb0d6feaaeeab server_cookie=0 in_seq=0 out_seq=0
2024-03-23T15:09:54.540 INFO:teuthology.orchestra.run.smithi117.stdout:/usr/bin/ceph: stderr
2024-03-23T15:09:53.685+0000 7fe7bd59a700 1 -- 172.21.15.117:0/1051465252 <== mon.0 v2:172.21.15.117:3300/0 1 ==== mon_map magic: 0 ==== 205+0+0 (secure 0 0 0) 0x7fe7b0004160 con 0x7fe7c0107d60
2024-03-23T15:09:54.540 INFO:teuthology.orchestra.run.smithi117.stdout:/usr/bin/ceph: stderr
2024-03-23T15:09:53.685+0000 7fe7bd59a700 1 -- 172.21.15.117:0/1051465252 <== mon.0 v2:172.21.15.117:3300/0 2 ==== config(28 keys) ==== 1171+0+0 (secure 0 0 0) 0x7fe7b00042c0 con 0x7fe7c0107d60
2024-03-23T15:09:54.540 INFO:teuthology.orchestra.run.smithi117.stdout:/usr/bin/ceph: stderr
2024-03-23T15:09:53.685+0000 7fe7bd59a700 1 -- 172.21.15.117:0/1051465252 <== mon.0 v2:172.21.15.117:3300/0 3 ==== mon_map magic: 0 ==== 205+0+0 (secure 0 0 0) 0x7fe7b0011b80 con 0x7fe7c0107d60
2024-03-23T15:09:54.540 INFO:teuthology.orchestra.run.smithi117.stdout:/usr/bin/ceph: stderr
2024-03-23T15:09:53.686+0000 7fe7c4d6d700 1 -- 172.21.15.117:0/1051465252 >> [v2:172.21.15.117:3300/0,v1:172.21.15.117:6789/0] conn(0x7fe7c0107d60 msgr2=0x7fe7c0108180 secure :-1 s=STATE_CONNECTION_ESTABLISHED l=1).mark_down
2024-03-23T15:09:54.540 INFO:teuthology.orchestra.run.smithi117.stdout:/usr/bin/ceph: stderr
2024-03-23T15:09:53.686+0000 7fe7c4d6d700 1 --2- 172.21.15.117:0/1051465252 >> [v2:172.21.15.117:3300/0,v1:172.21.15.117:6789/0] conn(0x7fe7c0107d60 0x7fe7c0108180 secure :-1 s=READY pgs=68 cs=0 l=1 rev1=1 crypto rx=0x7fe7b00098a0 tx=0x7fe7b0009bb0 comp rx=0 tx=0).stop
2024-03-23T15:09:54.540 INFO:teuthology.orchestra.run.smithi117.stdout:/usr/bin/ceph: stderr
2024-03-23T15:09:53.686+0000 7fe7c4d6d700 1 -- 172.21.15.117:0/1051465252 shutdown_connections
2024-03-23T15:09:54.540 INFO:teuthology.orchestra.run.smithi117.stdout:/usr/bin/ceph: stderr
2024-03-23T15:09:53.686+0000 7fe7c4d6d700 1 --2- 172.21.15.117:0/1051465252 >> [v2:172.21.15.117:3300/0,v1:172.21.15.117:6789/0] conn(0x7fe7c0107d60 0x7fe7c0108180 unknown :-1 s=CLOSED pgs=68 cs=0 l=1 rev1=1 crypto rx=0 tx=0 comp rx=0 tx=0).stop
2024-03-23T15:09:54.540 INFO:teuthology.orchestra.run.smithi117.stdout:/usr/bin/ceph: stderr
2024-03-23T15:09:53.686+0000 7fe7c4d6d700 1 -- 172.21.15.117:0/1051465252 >> 172.21.15.117:0/1051465252 conn(0x7fe7c0103340 msgr2=0x7fe7c0105760 unknown :-1 s=STATE_NONE l=0).mark_down
2024-03-23T15:09:54.540 INFO:teuthology.orchestra.run.smithi117.stdout:/usr/bin/ceph: stderr
2024-03-23T15:09:53.686+0000 7fe7c4d6d700 1 -- 172.21.15.117:0/1051465252 shutdown_connections
2024-03-23T15:09:54.540 INFO:teuthology.orchestra.run.smithi117.stdout:/usr/bin/ceph: stderr
2024-03-23T15:09:53.686+0000 7fe7c4d6d700 1 -- 172.21.15.117:0/1051465252 wait complete.
2024-03-23T15:09:54.541 INFO:teuthology.orchestra.run.smithi117.stdout:/usr/bin/ceph: stderr
2024-03-23T15:09:53.687+0000 7fe7c4d6d700 1 Processor -- start
2024-03-23T15:09:54.541 INFO:teuthology.orchestra.run.smithi117.stdout:/usr/bin/ceph: stderr
2024-03-23T15:09:53.687+0000 7fe7c4d6d700 1 -- start start
2024-03-23T15:09:54.541 INFO:teuthology.orchestra.run.smithi117.stdout:/usr/bin/ceph: stderr
2024-03-23T15:09:53.687+0000 7fe7c4d6d700 1 --2- >> [v2:172.21.15.117:3300/0,v1:172.21.15.117:6789/0] conn(0x7fe7c0107d60 0x7fe7c019bb50 unknown :-1 s=NONE pgs=0 cs=0 l=1 rev1=0 crypto rx=0 tx=0 comp rx=0 tx=0).connect
2024-03-23T15:09:54.541 INFO:teuthology.orchestra.run.smithi117.stdout:/usr/bin/ceph: stderr
2024-03-23T15:09:53.687+0000 7fe7c4d6d700 1 -- --> [v2:172.21.15.117:3300/0,v1:172.21.15.117:6789/0] -- mon_getmap magic: 0 -- 0x7fe7c019c090 con 0x7fe7c0107d60
2024-03-23T15:09:54.541 INFO:teuthology.orchestra.run.smithi117.stdout:/usr/bin/ceph: stderr
2024-03-23T15:09:53.687+0000 7fe7be59c700 1 --2- >> [v2:172.21.15.117:3300/0,v1:172.21.15.117:6789/0] conn(0x7fe7c0107d60 0x7fe7c019bb50 unknown :-1 s=BANNER_CONNECTING pgs=0 cs=0 l=1 rev1=0 crypto rx=0 tx=0 comp rx=0 tx=0)._handle_peer_banner_payload supported=3 required=0
2024-03-23T15:09:54.541 INFO:teuthology.orchestra.run.smithi117.stdout:/usr/bin/ceph: stderr
2024-03-23T15:09:53.687+0000 7fe7be59c700 1 --2- >> [v2:172.21.15.117:3300/0,v1:172.21.15.117:6789/0] conn(0x7fe7c0107d60 0x7fe7c019bb50 unknown :-1 s=HELLO_CONNECTING pgs=0 cs=0 l=1 rev1=1 crypto rx=0 tx=0 comp rx=0 tx=0).handle_hello peer v2:172.21.15.117:3300/0 says I am v2:172.21.15.117:54106/0 (socket says 172.21.15.117:54106)
2024-03-23T15:09:54.541 INFO:teuthology.orchestra.run.smithi117.stdout:/usr/bin/ceph: stderr
2024-03-23T15:09:53.687+0000 7fe7be59c700 1 -- 172.21.15.117:0/1484926148 learned_addr learned my addr 172.21.15.117:0/1484926148 (peer_addr_for_me v2:172.21.15.117:0/0)
2024-03-23T15:09:54.541 INFO:teuthology.orchestra.run.smithi117.stdout:/usr/bin/ceph: stderr
2024-03-23T15:09:53.687+0000 7fe7be59c700 1 -- 172.21.15.117:0/1484926148 --> [v2:172.21.15.117:3300/0,v1:172.21.15.117:6789/0] -- mon_subscribe({config=0+,monmap=0+}) -- 0x7fe7b0009550 con 0x7fe7c0107d60
2024-03-23T15:09:54.541 INFO:teuthology.orchestra.run.smithi117.stdout:/usr/bin/ceph: stderr
2024-03-23T15:09:53.687+0000 7fe7be59c700 1 --2- 172.21.15.117:0/1484926148 >> [v2:172.21.15.117:3300/0,v1:172.21.15.117:6789/0] conn(0x7fe7c0107d60 0x7fe7c019bb50 secure :-1 s=READY pgs=69 cs=0 l=1 rev1=1 crypto rx=0x7fe7b0011670 tx=0x7fe7b0011be0 comp rx=0 tx=0).ready entity=mon.0 client_cookie=0 server_cookie=0 in_seq=0 out_seq=0
2024-03-23T15:09:54.541 INFO:teuthology.orchestra.run.smithi117.stdout:/usr/bin/ceph: stderr
2024-03-23T15:09:53.688+0000 7fe7af7fe700 1 -- 172.21.15.117:0/1484926148 <== mon.0 v2:172.21.15.117:3300/0 1 ==== mon_map magic: 0 ==== 205+0+0 (secure 0 0 0) 0x7fe7b00039c0 con 0x7fe7c0107d60
2024-03-23T15:09:54.541 INFO:teuthology.orchestra.run.smithi117.stdout:/usr/bin/ceph: stderr
2024-03-23T15:09:53.688+0000 7fe7c4d6d700 1 -- 172.21.15.117:0/1484926148 --> [v2:172.21.15.117:3300/0,v1:172.21.15.117:6789/0] -- mon_subscribe({mgrmap=0+}) -- 0x7fe7c019c290 con 0x7fe7c0107d60
2024-03-23T15:09:54.541 INFO:teuthology.orchestra.run.smithi117.stdout:/usr/bin/ceph: stderr
2024-03-23T15:09:53.688+0000 7fe7af7fe700 1 -- 172.21.15.117:0/1484926148 <== mon.0 v2:172.21.15.117:3300/0 2 ==== config(28 keys) ==== 1171+0+0 (secure 0 0 0) 0x7fe7b0003b20 con 0x7fe7c0107d60
2024-03-23T15:09:54.541 INFO:teuthology.orchestra.run.smithi117.stdout:/usr/bin/ceph: stderr
2024-03-23T15:09:53.688+0000 7fe7af7fe700 1 -- 172.21.15.117:0/1484926148 <== mon.0 v2:172.21.15.117:3300/0 3 ==== mon_map magic: 0 ==== 205+0+0 (secure 0 0 0) 0x7fe7b001a640 con 0x7fe7c0107d60
2024-03-23T15:09:54.541 INFO:teuthology.orchestra.run.smithi117.stdout:/usr/bin/ceph: stderr
2024-03-23T15:09:53.688+0000 7fe7c4d6d700 1 -- 172.21.15.117:0/1484926148 --> [v2:172.21.15.117:3300/0,v1:172.21.15.117:6789/0] -- mon_subscribe({osdmap=0}) -- 0x7fe7c019c730 con 0x7fe7c0107d60
2024-03-23T15:09:54.541 INFO:teuthology.orchestra.run.smithi117.stdout:/usr/bin/ceph: stderr
2024-03-23T15:09:53.689+0000 7fe7af7fe700 1 -- 172.21.15.117:0/1484926148 <== mon.0 v2:172.21.15.117:3300/0 4 ==== mgrmap(e 11) ==== 45835+0+0 (secure 0 0 0) 0x7fe7b001a900 con 0x7fe7c0107d60
2024-03-23T15:09:54.541 INFO:teuthology.orchestra.run.smithi117.stdout:/usr/bin/ceph: stderr
2024-03-23T15:09:53.689+0000 7fe7c4d6d700 1 -- 172.21.15.117:0/1484926148 --> [v2:172.21.15.117:3300/0,v1:172.21.15.117:6789/0] -- mon_command({"prefix": "get_command_descriptions"} v 0) -- 0x7fe7c010c140 con 0x7fe7c0107d60
2024-03-23T15:09:54.542 INFO:teuthology.orchestra.run.smithi117.stdout:/usr/bin/ceph: stderr
2024-03-23T15:09:53.689+0000 7fe7af7fe700 1 --2- 172.21.15.117:0/1484926148 >> [v2:172.21.15.117:6800/2372359015,v1:172.21.15.117:6801/2372359015] conn(0x7fe7a8038dd0 0x7fe7a803b290 unknown :-1 s=NONE pgs=0 cs=0 l=1 rev1=0 crypto rx=0 tx=0 comp rx=0 tx=0).connect
2024-03-23T15:09:54.542 INFO:teuthology.orchestra.run.smithi117.stdout:/usr/bin/ceph: stderr
2024-03-23T15:09:53.689+0000 7fe7af7fe700 1 -- 172.21.15.117:0/1484926148 <== mon.0 v2:172.21.15.117:3300/0 5 ==== osd_map(3..3 src has 1..3) ==== 1155+0+0 (secure 0 0 0) 0x7fe7b0011e40 con 0x7fe7c0107d60
2024-03-23T15:09:54.542 INFO:teuthology.orchestra.run.smithi117.stdout:/usr/bin/ceph: stderr
2024-03-23T15:09:53.689+0000 7fe7bdd9b700 1 --2- 172.21.15.117:0/1484926148 >> [v2:172.21.15.117:6800/2372359015,v1:172.21.15.117:6801/2372359015] conn(0x7fe7a8038dd0 0x7fe7a803b290 unknown :-1 s=BANNER_CONNECTING pgs=0 cs=0 l=1 rev1=0 crypto rx=0 tx=0 comp rx=0 tx=0)._handle_peer_banner_payload supported=3 required=0
2024-03-23T15:09:54.542 INFO:teuthology.orchestra.run.smithi117.stdout:/usr/bin/ceph: stderr
2024-03-23T15:09:53.690+0000 7fe7bdd9b700 1 --2- 172.21.15.117:0/1484926148 >> [v2:172.21.15.117:6800/2372359015,v1:172.21.15.117:6801/2372359015] conn(0x7fe7a8038dd0 0x7fe7a803b290 secure :-1 s=READY pgs=7 cs=0 l=1 rev1=1 crypto rx=0x7fe7b4006fd0 tx=0x7fe7b4006e40 comp rx=0 tx=0).ready entity=mgr.14150 client_cookie=0 server_cookie=0 in_seq=0 out_seq=0
2024-03-23T15:09:54.542 INFO:teuthology.orchestra.run.smithi117.stdout:/usr/bin/ceph: stderr
2024-03-23T15:09:53.694+0000 7fe7af7fe700 1 -- 172.21.15.117:0/1484926148 <== mon.0 v2:172.21.15.117:3300/0 6 ==== mon_command_ack([{"prefix": "get_command_descriptions"}]=0 v0) ==== 72+0+184932 (secure 0 0 0) 0x7fe7b0018be0 con 0x7fe7c0107d60
2024-03-23T15:09:54.542 INFO:teuthology.orchestra.run.smithi117.stdout:/usr/bin/ceph: stderr
2024-03-23T15:09:53.903+0000 7fe7c4d6d700 1 -- 172.21.15.117:0/1484926148 --> [v2:172.21.15.117:6800/2372359015,v1:172.21.15.117:6801/2372359015] -- mgr_command(tid 0: {"prefix": "dashboard create-self-signed-cert", "target": ["mon-mgr", ""]}) -- 0x7fe7c019f070 con 0x7fe7a8038dd0
2024-03-23T15:09:54.542 INFO:teuthology.orchestra.run.smithi117.stdout:/usr/bin/ceph: stderr
2024-03-23T15:09:53.921+0000 7fe7af7fe700 1 -- 172.21.15.117:0/1484926148 <== mon.0 v2:172.21.15.117:3300/0 7 ==== mgrmap(e 12) ==== 45941+0+0 (secure 0 0 0) 0x7fe7b002d9b0 con 0x7fe7c0107d60
2024-03-23T15:09:54.542 INFO:teuthology.orchestra.run.smithi117.stdout:/usr/bin/ceph: stderr
2024-03-23T15:09:53.942+0000 7fe7af7fe700 1 -- 172.21.15.117:0/1484926148 <== mgr.14150 v2:172.21.15.117:6800/2372359015 1 ==== mgr_command_reply(tid 0: 0 ) ==== 8+0+32 (secure 0 0 0) 0x7fe7c019f070 con 0x7fe7a8038dd0
2024-03-23T15:09:54.542 INFO:teuthology.orchestra.run.smithi117.stdout:/usr/bin/ceph: stderr
2024-03-23T15:09:53.944+0000 7fe7c4d6d700 1 -- 172.21.15.117:0/1484926148 >> [v2:172.21.15.117:6800/2372359015,v1:172.21.15.117:6801/2372359015] conn(0x7fe7a8038dd0 msgr2=0x7fe7a803b290 secure :-1 s=STATE_CONNECTION_ESTABLISHED l=1).mark_down
2024-03-23T15:09:54.542 INFO:teuthology.orchestra.run.smithi117.stdout:/usr/bin/ceph: stderr
2024-03-23T15:09:53.944+0000 7fe7c4d6d700 1 --2- 172.21.15.117:0/1484926148 >> [v2:172.21.15.117:6800/2372359015,v1:172.21.15.117:6801/2372359015] conn(0x7fe7a8038dd0 0x7fe7a803b290 secure :-1 s=READY pgs=7 cs=0 l=1 rev1=1 crypto rx=0x7fe7b4006fd0 tx=0x7fe7b4006e40 comp rx=0 tx=0).stop
2024-03-23T15:09:54.542 INFO:teuthology.orchestra.run.smithi117.stdout:/usr/bin/ceph: stderr
2024-03-23T15:09:53.944+0000 7fe7c4d6d700 1 -- 172.21.15.117:0/1484926148 >> [v2:172.21.15.117:3300/0,v1:172.21.15.117:6789/0] conn(0x7fe7c0107d60 msgr2=0x7fe7c019bb50 secure :-1 s=STATE_CONNECTION_ESTABLISHED l=1).mark_down
2024-03-23T15:09:54.542 INFO:teuthology.orchestra.run.smithi117.stdout:/usr/bin/ceph: stderr
2024-03-23T15:09:53.944+0000 7fe7c4d6d700 1 --2- 172.21.15.117:0/1484926148 >> [v2:172.21.15.117:3300/0,v1:172.21.15.117:6789/0] conn(0x7fe7c0107d60 0x7fe7c019bb50 secure :-1 s=READY pgs=69 cs=0 l=1 rev1=1 crypto rx=0x7fe7b0011670 tx=0x7fe7b0011be0 comp rx=0 tx=0).stop
2024-03-23T15:09:54.543 INFO:teuthology.orchestra.run.smithi117.stdout:/usr/bin/ceph: stderr
2024-03-23T15:09:53.945+0000 7fe7c4d6d700 1 -- 172.21.15.117:0/1484926148 shutdown_connections
2024-03-23T15:09:54.543 INFO:teuthology.orchestra.run.smithi117.stdout:/usr/bin/ceph: stderr
2024-03-23T15:09:53.945+0000 7fe7c4d6d700 1 --2- 172.21.15.117:0/1484926148 >> [v2:172.21.15.117:6800/2372359015,v1:172.21.15.117:6801/2372359015] conn(0x7fe7a8038dd0 0x7fe7a803b290 unknown :-1 s=CLOSED pgs=7 cs=0 l=1 rev1=1 crypto rx=0 tx=0 comp rx=0 tx=0).stop
2024-03-23T15:09:54.543 INFO:teuthology.orchestra.run.smithi117.stdout:/usr/bin/ceph: stderr
2024-03-23T15:09:53.945+0000 7fe7c4d6d700 1 --2- 172.21.15.117:0/1484926148 >> [v2:172.21.15.117:3300/0,v1:172.21.15.117:6789/0] conn(0x7fe7c0107d60 0x7fe7c019bb50 unknown :-1 s=CLOSED pgs=69 cs=0 l=1 rev1=1 crypto rx=0 tx=0 comp rx=0 tx=0).stop
2024-03-23T15:09:54.543 INFO:teuthology.orchestra.run.smithi117.stdout:/usr/bin/ceph: stderr
2024-03-23T15:09:53.945+0000 7fe7c4d6d700 1 -- 172.21.15.117:0/1484926148 >> 172.21.15.117:0/1484926148 conn(0x7fe7c0103340 msgr2=0x7fe7c0103e90 unknown :-1 s=STATE_NONE l=0).mark_down
2024-03-23T15:09:54.543 INFO:teuthology.orchestra.run.smithi117.stdout:/usr/bin/ceph: stderr
2024-03-23T15:09:53.945+0000 7fe7c4d6d700 1 -- 172.21.15.117:0/1484926148 shutdown_connections
2024-03-23T15:09:54.543 INFO:teuthology.orchestra.run.smithi117.stdout:/usr/bin/ceph: stderr
2024-03-23T15:09:53.945+0000 7fe7c4d6d700 1 -- 172.21.15.117:0/1484926148 wait complete.
2024-03-23T15:09:54.543 INFO:teuthology.orchestra.run.smithi117.stdout:Creating initial admin user...
2024-03-23T15:09:55.153 INFO:journalctl@ceph.mon.a.smithi117.stdout:Mar 23 15:09:54 smithi117 ceph-mon[32023]: from='client.14162 -' entity='client.admin' cmd=[{"prefix": "dashboard create-self-signed-cert", "target": ["mon-mgr", ""]}]: dispatch
2024-03-23T15:09:55.153 INFO:journalctl@ceph.mon.a.smithi117.stdout:Mar 23 15:09:54 smithi117 ceph-mon[32023]: mgrmap e12: x(active, since 2s)
2024-03-23T15:09:55.153 INFO:journalctl@ceph.mon.a.smithi117.stdout:Mar 23 15:09:54 smithi117 ceph-mon[32023]: from='mgr.14150 172.21.15.117:0/333243118' entity='mgr.x'
2024-03-23T15:09:55.153 INFO:journalctl@ceph.mon.a.smithi117.stdout:Mar 23 15:09:54 smithi117 ceph-mon[32023]: from='mgr.14150 172.21.15.117:0/333243118' entity='mgr.x'
2024-03-23T15:09:56.045 INFO:teuthology.orchestra.run.smithi117.stdout:/usr/bin/ceph: stdout {"username": "admin", "password": "$2b$12$9BfwR2AQpp04v30tmsVIKObHT8WAx7.PKvU0rnKbWsXVDlSM4LMee", "roles": ["administrator"], "name": null, "email": null, "lastUpdate": 1711206595, "enabled": true, "pwdExpirationDate": null, "pwdUpdateRequired": true}
2024-03-23T15:09:56.045 INFO:teuthology.orchestra.run.smithi117.stdout:/usr/bin/ceph: stderr
2024-03-23T15:09:54.973+0000 7f1c80ffd700 1 Processor -- start
2024-03-23T15:09:56.045 INFO:teuthology.orchestra.run.smithi117.stdout:/usr/bin/ceph: stderr
2024-03-23T15:09:54.973+0000 7f1c80ffd700 1 -- start start
2024-03-23T15:09:56.045 INFO:teuthology.orchestra.run.smithi117.stdout:/usr/bin/ceph: stderr
2024-03-23T15:09:54.973+0000 7f1c80ffd700 1 --2- >> [v2:172.21.15.117:3300/0,v1:172.21.15.117:6789/0] conn(0x7f1c7c108820 0x7f1c7c10ac10 unknown :-1 s=NONE pgs=0 cs=0 l=0 rev1=0 crypto rx=0 tx=0 comp rx=0 tx=0).connect
2024-03-23T15:09:56.045 INFO:teuthology.orchestra.run.smithi117.stdout:/usr/bin/ceph: stderr
2024-03-23T15:09:54.973+0000 7f1c80ffd700 1 -- --> [v2:172.21.15.117:3300/0,v1:172.21.15.117:6789/0] -- mon_getmap magic: 0 -- 0x7f1c7c07be90 con 0x7f1c7c108820
2024-03-23T15:09:56.045 INFO:teuthology.orchestra.run.smithi117.stdout:/usr/bin/ceph: stderr
2024-03-23T15:09:54.974+0000 7f1c7a59c700 1 --2- >> [v2:172.21.15.117:3300/0,v1:172.21.15.117:6789/0] conn(0x7f1c7c108820 0x7f1c7c10ac10 unknown :-1 s=BANNER_CONNECTING pgs=0 cs=0 l=0 rev1=0 crypto rx=0 tx=0 comp rx=0 tx=0)._handle_peer_banner_payload supported=3 required=0
2024-03-23T15:09:56.045 INFO:teuthology.orchestra.run.smithi117.stdout:/usr/bin/ceph: stderr
2024-03-23T15:09:54.974+0000 7f1c7a59c700 1 --2- >> [v2:172.21.15.117:3300/0,v1:172.21.15.117:6789/0] conn(0x7f1c7c108820 0x7f1c7c10ac10 unknown :-1 s=HELLO_CONNECTING pgs=0 cs=0 l=0 rev1=1 crypto rx=0 tx=0 comp rx=0 tx=0).handle_hello peer v2:172.21.15.117:3300/0 says I am v2:172.21.15.117:54116/0 (socket says 172.21.15.117:54116)
2024-03-23T15:09:56.046 INFO:teuthology.orchestra.run.smithi117.stdout:/usr/bin/ceph: stderr
2024-03-23T15:09:54.974+0000 7f1c7a59c700 1 -- 172.21.15.117:0/2349210582 learned_addr learned my addr 172.21.15.117:0/2349210582 (peer_addr_for_me v2:172.21.15.117:0/0)
2024-03-23T15:09:56.046 INFO:teuthology.orchestra.run.smithi117.stdout:/usr/bin/ceph: stderr
2024-03-23T15:09:54.974+0000 7f1c7a59c700 1 -- 172.21.15.117:0/2349210582 --> [v2:172.21.15.117:3300/0,v1:172.21.15.117:6789/0] -- mon_subscribe({config=0+,monmap=0+}) -- 0x7f1c7c10b150 con 0x7f1c7c108820
2024-03-23T15:09:56.046 INFO:teuthology.orchestra.run.smithi117.stdout:/usr/bin/ceph: stderr
2024-03-23T15:09:54.974+0000 7f1c7a59c700 1 --2- 172.21.15.117:0/2349210582 >> [v2:172.21.15.117:3300/0,v1:172.21.15.117:6789/0] conn(0x7f1c7c108820 0x7f1c7c10ac10 secure :-1 s=READY pgs=70 cs=0 l=1 rev1=1 crypto rx=0x7f1c6c0098a0 tx=0x7f1c6c009bb0 comp rx=0 tx=0).ready entity=mon.0 client_cookie=de01642ee2ae76cc server_cookie=0 in_seq=0 out_seq=0
2024-03-23T15:09:56.046 INFO:teuthology.orchestra.run.smithi117.stdout:/usr/bin/ceph: stderr
2024-03-23T15:09:54.974+0000 7f1c7959a700 1 -- 172.21.15.117:0/2349210582 <== mon.0 v2:172.21.15.117:3300/0 1 ==== mon_map magic: 0 ==== 205+0+0 (secure 0 0 0) 0x7f1c6c004160 con 0x7f1c7c108820
2024-03-23T15:09:56.046 INFO:teuthology.orchestra.run.smithi117.stdout:/usr/bin/ceph: stderr
2024-03-23T15:09:54.974+0000 7f1c7959a700 1 -- 172.21.15.117:0/2349210582 <== mon.0 v2:172.21.15.117:3300/0 2 ==== config(28 keys) ==== 1171+0+0 (secure 0 0 0) 0x7f1c6c0042c0 con 0x7f1c7c108820
2024-03-23T15:09:56.046 INFO:teuthology.orchestra.run.smithi117.stdout:/usr/bin/ceph: stderr
2024-03-23T15:09:54.974+0000 7f1c7959a700 1 -- 172.21.15.117:0/2349210582 <== mon.0 v2:172.21.15.117:3300/0 3 ==== mon_map magic: 0 ==== 205+0+0 (secure 0 0 0) 0x7f1c6c011b80 con 0x7f1c7c108820
2024-03-23T15:09:56.046 INFO:teuthology.orchestra.run.smithi117.stdout:/usr/bin/ceph: stderr
2024-03-23T15:09:54.975+0000 7f1c80ffd700 1 -- 172.21.15.117:0/2349210582 >> [v2:172.21.15.117:3300/0,v1:172.21.15.117:6789/0] conn(0x7f1c7c108820 msgr2=0x7f1c7c10ac10 secure :-1 s=STATE_CONNECTION_ESTABLISHED l=1).mark_down
2024-03-23T15:09:56.046 INFO:teuthology.orchestra.run.smithi117.stdout:/usr/bin/ceph: stderr
2024-03-23T15:09:54.975+0000 7f1c80ffd700 1 --2- 172.21.15.117:0/2349210582 >> [v2:172.21.15.117:3300/0,v1:172.21.15.117:6789/0] conn(0x7f1c7c108820 0x7f1c7c10ac10 secure :-1 s=READY pgs=70 cs=0 l=1 rev1=1 crypto rx=0x7f1c6c0098a0 tx=0x7f1c6c009bb0 comp rx=0 tx=0).stop
2024-03-23T15:09:56.046 INFO:teuthology.orchestra.run.smithi117.stdout:/usr/bin/ceph: stderr
2024-03-23T15:09:54.975+0000 7f1c80ffd700 1 -- 172.21.15.117:0/2349210582 shutdown_connections
2024-03-23T15:09:56.046 INFO:teuthology.orchestra.run.smithi117.stdout:/usr/bin/ceph: stderr
2024-03-23T15:09:54.975+0000 7f1c80ffd700 1 --2- 172.21.15.117:0/2349210582 >> [v2:172.21.15.117:3300/0,v1:172.21.15.117:6789/0] conn(0x7f1c7c108820 0x7f1c7c10ac10 unknown :-1 s=CLOSED pgs=70 cs=0 l=1 rev1=1 crypto rx=0 tx=0 comp rx=0 tx=0).stop
2024-03-23T15:09:56.046 INFO:teuthology.orchestra.run.smithi117.stdout:/usr/bin/ceph: stderr
2024-03-23T15:09:54.975+0000 7f1c80ffd700 1 -- 172.21.15.117:0/2349210582 >> 172.21.15.117:0/2349210582 conn(0x7f1c7c102210 msgr2=0x7f1c7c104650 unknown :-1 s=STATE_NONE l=0).mark_down
2024-03-23T15:09:56.046 INFO:teuthology.orchestra.run.smithi117.stdout:/usr/bin/ceph: stderr
2024-03-23T15:09:54.975+0000 7f1c80ffd700 1 -- 172.21.15.117:0/2349210582 shutdown_connections
2024-03-23T15:09:56.046 INFO:teuthology.orchestra.run.smithi117.stdout:/usr/bin/ceph: stderr
2024-03-23T15:09:54.975+0000 7f1c80ffd700 1 -- 172.21.15.117:0/2349210582 wait complete.
2024-03-23T15:09:56.047 INFO:teuthology.orchestra.run.smithi117.stdout:/usr/bin/ceph: stderr
2024-03-23T15:09:54.976+0000 7f1c80ffd700 1 Processor -- start
2024-03-23T15:09:56.047 INFO:teuthology.orchestra.run.smithi117.stdout:/usr/bin/ceph: stderr
2024-03-23T15:09:54.976+0000 7f1c80ffd700 1 -- start start
2024-03-23T15:09:56.047 INFO:teuthology.orchestra.run.smithi117.stdout:/usr/bin/ceph: stderr
2024-03-23T15:09:54.976+0000 7f1c80ffd700 1 --2- >> [v2:172.21.15.117:3300/0,v1:172.21.15.117:6789/0] conn(0x7f1c7c108820 0x7f1c7c19bc10 unknown :-1 s=NONE pgs=0 cs=0 l=1 rev1=0 crypto rx=0 tx=0 comp rx=0 tx=0).connect
2024-03-23T15:09:56.047 INFO:teuthology.orchestra.run.smithi117.stdout:/usr/bin/ceph: stderr
2024-03-23T15:09:54.976+0000 7f1c80ffd700 1 -- --> [v2:172.21.15.117:3300/0,v1:172.21.15.117:6789/0] -- mon_getmap magic: 0 -- 0x7f1c7c19c150 con 0x7f1c7c108820
2024-03-23T15:09:56.047 INFO:teuthology.orchestra.run.smithi117.stdout:/usr/bin/ceph: stderr
2024-03-23T15:09:54.976+0000 7f1c7a59c700 1 --2- >> [v2:172.21.15.117:3300/0,v1:172.21.15.117:6789/0] conn(0x7f1c7c108820 0x7f1c7c19bc10 unknown :-1 s=BANNER_CONNECTING pgs=0 cs=0 l=1 rev1=0 crypto rx=0 tx=0 comp rx=0 tx=0)._handle_peer_banner_payload supported=3 required=0
2024-03-23T15:09:56.047 INFO:teuthology.orchestra.run.smithi117.stdout:/usr/bin/ceph: stderr
2024-03-23T15:09:54.976+0000 7f1c7a59c700 1 --2- >> [v2:172.21.15.117:3300/0,v1:172.21.15.117:6789/0] conn(0x7f1c7c108820 0x7f1c7c19bc10 unknown :-1 s=HELLO_CONNECTING pgs=0 cs=0 l=1 rev1=1 crypto rx=0 tx=0 comp rx=0 tx=0).handle_hello peer v2:172.21.15.117:3300/0 says I am v2:172.21.15.117:54128/0 (socket says 172.21.15.117:54128)
2024-03-23T15:09:56.047 INFO:teuthology.orchestra.run.smithi117.stdout:/usr/bin/ceph: stderr
2024-03-23T15:09:54.976+0000 7f1c7a59c700 1 -- 172.21.15.117:0/2443013937 learned_addr learned my addr 172.21.15.117:0/2443013937 (peer_addr_for_me v2:172.21.15.117:0/0)
2024-03-23T15:09:56.047 INFO:teuthology.orchestra.run.smithi117.stdout:/usr/bin/ceph: stderr
2024-03-23T15:09:54.976+0000 7f1c7a59c700 1 -- 172.21.15.117:0/2443013937 --> [v2:172.21.15.117:3300/0,v1:172.21.15.117:6789/0] -- mon_subscribe({config=0+,monmap=0+}) -- 0x7f1c6c009550 con 0x7f1c7c108820
2024-03-23T15:09:56.047 INFO:teuthology.orchestra.run.smithi117.stdout:/usr/bin/ceph: stderr
2024-03-23T15:09:54.976+0000 7f1c7a59c700 1 --2- 172.21.15.117:0/2443013937 >> [v2:172.21.15.117:3300/0,v1:172.21.15.117:6789/0] conn(0x7f1c7c108820 0x7f1c7c19bc10 secure :-1 s=READY pgs=71 cs=0 l=1 rev1=1 crypto rx=0x7f1c6c004160 tx=0x7f1c6c004240 comp rx=0 tx=0).ready entity=mon.0 client_cookie=0 server_cookie=0 in_seq=0 out_seq=0
2024-03-23T15:09:56.047 INFO:teuthology.orchestra.run.smithi117.stdout:/usr/bin/ceph: stderr
2024-03-23T15:09:54.976+0000 7f1c6b7fe700 1 -- 172.21.15.117:0/2443013937 <== mon.0 v2:172.21.15.117:3300/0 1 ==== mon_map magic: 0 ==== 205+0+0 (secure 0 0 0) 0x7f1c6c011bd0 con 0x7f1c7c108820
2024-03-23T15:09:56.047 INFO:teuthology.orchestra.run.smithi117.stdout:/usr/bin/ceph: stderr
2024-03-23T15:09:54.977+0000 7f1c80ffd700 1 -- 172.21.15.117:0/2443013937 --> [v2:172.21.15.117:3300/0,v1:172.21.15.117:6789/0] -- mon_subscribe({mgrmap=0+}) -- 0x7f1c7c19c350 con 0x7f1c7c108820
2024-03-23T15:09:56.047 INFO:teuthology.orchestra.run.smithi117.stdout:/usr/bin/ceph: stderr
2024-03-23T15:09:54.977+0000 7f1c6b7fe700 1 -- 172.21.15.117:0/2443013937 <== mon.0 v2:172.21.15.117:3300/0 2 ==== config(28 keys) ==== 1171+0+0 (secure 0 0 0) 0x7f1c6c01a430 con 0x7f1c7c108820
2024-03-23T15:09:56.047 INFO:teuthology.orchestra.run.smithi117.stdout:/usr/bin/ceph: stderr
2024-03-23T15:09:54.977+0000 7f1c6b7fe700 1 -- 172.21.15.117:0/2443013937 <== mon.0 v2:172.21.15.117:3300/0 3 ==== mon_map magic: 0 ==== 205+0+0 (secure 0 0 0) 0x7f1c6c024580 con 0x7f1c7c108820
2024-03-23T15:09:56.047 INFO:teuthology.orchestra.run.smithi117.stdout:/usr/bin/ceph: stderr
2024-03-23T15:09:54.977+0000 7f1c80ffd700 1 -- 172.21.15.117:0/2443013937 --> [v2:172.21.15.117:3300/0,v1:172.21.15.117:6789/0] -- mon_subscribe({osdmap=0}) -- 0x7f1c7c19c7f0 con 0x7f1c7c108820
2024-03-23T15:09:56.048 INFO:teuthology.orchestra.run.smithi117.stdout:/usr/bin/ceph: stderr
2024-03-23T15:09:54.977+0000 7f1c6b7fe700 1 -- 172.21.15.117:0/2443013937 <== mon.0 v2:172.21.15.117:3300/0 4 ==== mgrmap(e 12) ==== 45941+0+0 (secure 0 0 0) 0x7f1c6c02d3f0 con 0x7f1c7c108820
2024-03-23T15:09:56.048 INFO:teuthology.orchestra.run.smithi117.stdout:/usr/bin/ceph: stderr
2024-03-23T15:09:54.978+0000 7f1c80ffd700 1 -- 172.21.15.117:0/2443013937 --> [v2:172.21.15.117:3300/0,v1:172.21.15.117:6789/0] -- mon_command({"prefix": "get_command_descriptions"} v 0) -- 0x7f1c7c10bff0 con 0x7f1c7c108820
2024-03-23T15:09:56.048 INFO:teuthology.orchestra.run.smithi117.stdout:/usr/bin/ceph: stderr
2024-03-23T15:09:54.978+0000 7f1c6b7fe700 1 --2- 172.21.15.117:0/2443013937 >> [v2:172.21.15.117:6800/2372359015,v1:172.21.15.117:6801/2372359015] conn(0x7f1c64038f30 0x7f1c6403b3f0 unknown :-1 s=NONE pgs=0 cs=0 l=1 rev1=0 crypto rx=0 tx=0 comp rx=0 tx=0).connect
2024-03-23T15:09:56.048 INFO:teuthology.orchestra.run.smithi117.stdout:/usr/bin/ceph: stderr
2024-03-23T15:09:54.978+0000 7f1c6b7fe700 1 -- 172.21.15.117:0/2443013937 <== mon.0 v2:172.21.15.117:3300/0 5 ==== osd_map(3..3 src has 1..3) ==== 1155+0+0 (secure 0 0 0) 0x7f1c6c04cd00 con 0x7f1c7c108820
2024-03-23T15:09:56.048 INFO:teuthology.orchestra.run.smithi117.stdout:/usr/bin/ceph: stderr
2024-03-23T15:09:54.978+0000 7f1c79d9b700 1 --2- 172.21.15.117:0/2443013937 >> [v2:172.21.15.117:6800/2372359015,v1:172.21.15.117:6801/2372359015] conn(0x7f1c64038f30 0x7f1c6403b3f0 unknown :-1 s=BANNER_CONNECTING pgs=0 cs=0 l=1 rev1=0 crypto rx=0 tx=0 comp rx=0 tx=0)._handle_peer_banner_payload supported=3 required=0
2024-03-23T15:09:56.048 INFO:teuthology.orchestra.run.smithi117.stdout:/usr/bin/ceph: stderr
2024-03-23T15:09:54.978+0000 7f1c79d9b700 1 --2- 172.21.15.117:0/2443013937 >> [v2:172.21.15.117:6800/2372359015,v1:172.21.15.117:6801/2372359015] conn(0x7f1c64038f30 0x7f1c6403b3f0 secure :-1 s=READY pgs=8 cs=0 l=1 rev1=1 crypto rx=0x7f1c70006fd0 tx=0x7f1c70006e40 comp rx=0 tx=0).ready entity=mgr.14150 client_cookie=0 server_cookie=0 in_seq=0 out_seq=0
2024-03-23T15:09:56.048 INFO:teuthology.orchestra.run.smithi117.stdout:/usr/bin/ceph: stderr
2024-03-23T15:09:54.983+0000 7f1c6b7fe700 1 -- 172.21.15.117:0/2443013937 <== mon.0 v2:172.21.15.117:3300/0 6 ==== mon_command_ack([{"prefix": "get_command_descriptions"}]=0 v0) ==== 72+0+184932 (secure 0 0 0) 0x7f1c6c010740 con 0x7f1c7c108820
2024-03-23T15:09:56.048 INFO:teuthology.orchestra.run.smithi117.stdout:/usr/bin/ceph: stderr
2024-03-23T15:09:55.208+0000 7f1c80ffd700 1 -- 172.21.15.117:0/2443013937 --> [v2:172.21.15.117:6800/2372359015,v1:172.21.15.117:6801/2372359015] -- mgr_command(tid 0: {"prefix": "dashboard ac-user-create", "username": "admin", "rolename": "administrator", "force_password": true, "pwd_update_required": true, "target": ["mon-mgr", ""]}) -- 0x7f1c7c063650 con 0x7f1c64038f30
2024-03-23T15:09:56.048 INFO:teuthology.orchestra.run.smithi117.stdout:/usr/bin/ceph: stderr
2024-03-23T15:09:55.437+0000 7f1c6b7fe700 1 -- 172.21.15.117:0/2443013937 <== mgr.14150 v2:172.21.15.117:6800/2372359015 1 ==== mgr_command_reply(tid 0: 0 ) ==== 8+0+252 (secure 0 0 0) 0x7f1c7c063650 con 0x7f1c64038f30
2024-03-23T15:09:56.048 INFO:teuthology.orchestra.run.smithi117.stdout:/usr/bin/ceph: stderr
2024-03-23T15:09:55.439+0000 7f1c80ffd700 1 -- 172.21.15.117:0/2443013937 >> [v2:172.21.15.117:6800/2372359015,v1:172.21.15.117:6801/2372359015] conn(0x7f1c64038f30 msgr2=0x7f1c6403b3f0 secure :-1 s=STATE_CONNECTION_ESTABLISHED l=1).mark_down
2024-03-23T15:09:56.048 INFO:teuthology.orchestra.run.smithi117.stdout:/usr/bin/ceph: stderr
2024-03-23T15:09:55.439+0000 7f1c80ffd700 1 --2- 172.21.15.117:0/2443013937 >> [v2:172.21.15.117:6800/2372359015,v1:172.21.15.117:6801/2372359015] conn(0x7f1c64038f30 0x7f1c6403b3f0 secure :-1 s=READY pgs=8 cs=0 l=1 rev1=1 crypto rx=0x7f1c70006fd0 tx=0x7f1c70006e40 comp rx=0 tx=0).stop
2024-03-23T15:09:56.048 INFO:teuthology.orchestra.run.smithi117.stdout:/usr/bin/ceph: stderr
2024-03-23T15:09:55.439+0000 7f1c80ffd700 1 -- 172.21.15.117:0/2443013937 >> [v2:172.21.15.117:3300/0,v1:172.21.15.117:6789/0] conn(0x7f1c7c108820 msgr2=0x7f1c7c19bc10 secure :-1 s=STATE_CONNECTION_ESTABLISHED l=1).mark_down
2024-03-23T15:09:56.048 INFO:teuthology.orchestra.run.smithi117.stdout:/usr/bin/ceph: stderr
2024-03-23T15:09:55.439+0000 7f1c80ffd700 1 --2- 172.21.15.117:0/2443013937 >> [v2:172.21.15.117:3300/0,v1:172.21.15.117:6789/0] conn(0x7f1c7c108820 0x7f1c7c19bc10 secure :-1 s=READY pgs=71 cs=0 l=1 rev1=1 crypto rx=0x7f1c6c004160 tx=0x7f1c6c004240 comp rx=0 tx=0).stop
2024-03-23T15:09:56.048 INFO:teuthology.orchestra.run.smithi117.stdout:/usr/bin/ceph: stderr
2024-03-23T15:09:55.439+0000 7f1c80ffd700 1 -- 172.21.15.117:0/2443013937 shutdown_connections
2024-03-23T15:09:56.048 INFO:teuthology.orchestra.run.smithi117.stdout:/usr/bin/ceph: stderr
2024-03-23T15:09:55.439+0000 7f1c80ffd700 1 --2- 172.21.15.117:0/2443013937 >> [v2:172.21.15.117:6800/2372359015,v1:172.21.15.117:6801/2372359015] conn(0x7f1c64038f30 0x7f1c6403b3f0 unknown :-1 s=CLOSED pgs=8 cs=0 l=1 rev1=1 crypto rx=0 tx=0 comp rx=0 tx=0).stop
2024-03-23T15:09:56.049 INFO:teuthology.orchestra.run.smithi117.stdout:/usr/bin/ceph: stderr
2024-03-23T15:09:55.439+0000 7f1c80ffd700 1 --2- 172.21.15.117:0/2443013937 >> [v2:172.21.15.117:3300/0,v1:172.21.15.117:6789/0] conn(0x7f1c7c108820 0x7f1c7c19bc10 unknown :-1 s=CLOSED pgs=71 cs=0 l=1 rev1=1 crypto rx=0 tx=0 comp rx=0 tx=0).stop
2024-03-23T15:09:56.049 INFO:teuthology.orchestra.run.smithi117.stdout:/usr/bin/ceph: stderr
2024-03-23T15:09:55.439+0000 7f1c80ffd700 1 -- 172.21.15.117:0/2443013937 >> 172.21.15.117:0/2443013937 conn(0x7f1c7c102210 msgr2=0x7f1c7c102e10 unknown :-1 s=STATE_NONE l=0).mark_down
2024-03-23T15:09:56.049 INFO:teuthology.orchestra.run.smithi117.stdout:/usr/bin/ceph: stderr
2024-03-23T15:09:55.439+0000 7f1c80ffd700 1 -- 172.21.15.117:0/2443013937 shutdown_connections
2024-03-23T15:09:56.049 INFO:teuthology.orchestra.run.smithi117.stdout:/usr/bin/ceph: stderr
2024-03-23T15:09:55.439+0000 7f1c80ffd700 1 -- 172.21.15.117:0/2443013937 wait complete.
2024-03-23T15:09:56.049 INFO:teuthology.orchestra.run.smithi117.stdout:Fetching dashboard port number...
2024-03-23T15:09:56.356 INFO:journalctl@ceph.mon.a.smithi117.stdout:Mar 23 15:09:56 smithi117 ceph-mon[32023]: from='mgr.14150 172.21.15.117:0/333243118' entity='mgr.x'
2024-03-23T15:09:56.357 INFO:journalctl@ceph.mon.a.smithi117.stdout:Mar 23 15:09:56 smithi117 ceph-mon[32023]: from='client.14164 -' entity='client.admin' cmd=[{"prefix": "dashboard ac-user-create", "username": "admin", "rolename": "administrator", "force_password": true, "pwd_update_required": true, "target": ["mon-mgr", ""]}]: dispatch
2024-03-23T15:09:56.357 INFO:journalctl@ceph.mon.a.smithi117.stdout:Mar 23 15:09:56 smithi117 ceph-mon[32023]: from='mgr.14150 172.21.15.117:0/333243118' entity='mgr.x'
2024-03-23T15:09:57.403 INFO:journalctl@ceph.mon.a.smithi117.stdout:Mar 23 15:09:57 smithi117 ceph-mon[32023]: from='client.? 172.21.15.117:0/2635506301' entity='client.admin' cmd=[{"prefix": "config get", "who": "mgr", "key": "mgr/dashboard/ssl_server_port"}]: dispatch
2024-03-23T15:09:58.116 INFO:teuthology.orchestra.run.smithi117.stdout:/usr/bin/ceph: stdout 8443
2024-03-23T15:09:58.116 INFO:teuthology.orchestra.run.smithi117.stdout:/usr/bin/ceph: stderr
2024-03-23T15:09:56.457+0000 7f73321ba700 1 Processor -- start
2024-03-23T15:09:58.116 INFO:teuthology.orchestra.run.smithi117.stdout:/usr/bin/ceph: stderr
2024-03-23T15:09:56.457+0000 7f73321ba700 1 -- start start
2024-03-23T15:09:58.116 INFO:teuthology.orchestra.run.smithi117.stdout:/usr/bin/ceph: stderr
2024-03-23T15:09:56.457+0000 7f73321ba700 1 --2- >> [v2:172.21.15.117:3300/0,v1:172.21.15.117:6789/0] conn(0x7f732c107d60 0x7f732c108180 unknown :-1 s=NONE pgs=0 cs=0 l=0 rev1=0 crypto rx=0 tx=0 comp rx=0 tx=0).connect
2024-03-23T15:09:58.116 INFO:teuthology.orchestra.run.smithi117.stdout:/usr/bin/ceph: stderr
2024-03-23T15:09:56.457+0000 7f73321ba700 1 -- --> [v2:172.21.15.117:3300/0,v1:172.21.15.117:6789/0] -- mon_getmap magic: 0 -- 0x7f732c108750 con 0x7f732c107d60
2024-03-23T15:09:58.117 INFO:teuthology.orchestra.run.smithi117.stdout:/usr/bin/ceph: stderr
2024-03-23T15:09:56.457+0000 7f732b7fe700 1 --2- >> [v2:172.21.15.117:3300/0,v1:172.21.15.117:6789/0] conn(0x7f732c107d60 0x7f732c108180 unknown :-1 s=BANNER_CONNECTING pgs=0 cs=0 l=0 rev1=0 crypto rx=0 tx=0 comp rx=0 tx=0)._handle_peer_banner_payload supported=3 required=0
2024-03-23T15:09:58.117 INFO:teuthology.orchestra.run.smithi117.stdout:/usr/bin/ceph: stderr
2024-03-23T15:09:56.457+0000 7f732b7fe700 1 --2- >> [v2:172.21.15.117:3300/0,v1:172.21.15.117:6789/0] conn(0x7f732c107d60 0x7f732c108180 unknown :-1 s=HELLO_CONNECTING pgs=0 cs=0 l=0 rev1=1 crypto rx=0 tx=0 comp rx=0 tx=0).handle_hello peer v2:172.21.15.117:3300/0 says I am v2:172.21.15.117:54132/0 (socket says 172.21.15.117:54132)
2024-03-23T15:09:58.117 INFO:teuthology.orchestra.run.smithi117.stdout:/usr/bin/ceph: stderr
2024-03-23T15:09:56.457+0000 7f732b7fe700 1 -- 172.21.15.117:0/2891357793 learned_addr learned my addr 172.21.15.117:0/2891357793 (peer_addr_for_me v2:172.21.15.117:0/0)
2024-03-23T15:09:58.117 INFO:teuthology.orchestra.run.smithi117.stdout:/usr/bin/ceph: stderr
2024-03-23T15:09:56.457+0000 7f732b7fe700 1 -- 172.21.15.117:0/2891357793 --> [v2:172.21.15.117:3300/0,v1:172.21.15.117:6789/0] -- mon_subscribe({config=0+,monmap=0+}) -- 0x7f732c108f10 con 0x7f732c107d60
2024-03-23T15:09:58.117 INFO:teuthology.orchestra.run.smithi117.stdout:/usr/bin/ceph: stderr
2024-03-23T15:09:56.458+0000 7f732b7fe700 1 --2- 172.21.15.117:0/2891357793 >> [v2:172.21.15.117:3300/0,v1:172.21.15.117:6789/0] conn(0x7f732c107d60 0x7f732c108180 secure :-1 s=READY pgs=72 cs=0 l=1 rev1=1 crypto rx=0x7f731c0098a0 tx=0x7f731c009bb0 comp rx=0 tx=0).ready entity=mon.0 client_cookie=ee77445e7679e58f server_cookie=0 in_seq=0 out_seq=0
2024-03-23T15:09:58.117 INFO:teuthology.orchestra.run.smithi117.stdout:/usr/bin/ceph: stderr
2024-03-23T15:09:56.458+0000 7f732a7fc700 1 -- 172.21.15.117:0/2891357793 <== mon.0 v2:172.21.15.117:3300/0 1 ==== mon_map magic: 0 ==== 205+0+0 (secure 0 0 0) 0x7f731c004160 con 0x7f732c107d60
2024-03-23T15:09:58.117 INFO:teuthology.orchestra.run.smithi117.stdout:/usr/bin/ceph: stderr
2024-03-23T15:09:56.458+0000 7f732a7fc700 1 -- 172.21.15.117:0/2891357793 <== mon.0 v2:172.21.15.117:3300/0 2 ==== config(28 keys) ==== 1171+0+0 (secure 0 0 0) 0x7f731c0042c0 con 0x7f732c107d60
2024-03-23T15:09:58.117 INFO:teuthology.orchestra.run.smithi117.stdout:/usr/bin/ceph: stderr
2024-03-23T15:09:56.458+0000 7f732a7fc700 1 -- 172.21.15.117:0/2891357793 <== mon.0 v2:172.21.15.117:3300/0 3 ==== mon_map magic: 0 ==== 205+0+0 (secure 0 0 0) 0x7f731c011b80 con 0x7f732c107d60
2024-03-23T15:09:58.117 INFO:teuthology.orchestra.run.smithi117.stdout:/usr/bin/ceph: stderr
2024-03-23T15:09:56.458+0000 7f73321ba700 1 -- 172.21.15.117:0/2891357793 >> [v2:172.21.15.117:3300/0,v1:172.21.15.117:6789/0] conn(0x7f732c107d60 msgr2=0x7f732c108180 secure :-1 s=STATE_CONNECTION_ESTABLISHED l=1).mark_down
2024-03-23T15:09:58.117 INFO:teuthology.orchestra.run.smithi117.stdout:/usr/bin/ceph: stderr
2024-03-23T15:09:56.458+0000 7f73321ba700 1 --2- 172.21.15.117:0/2891357793 >> [v2:172.21.15.117:3300/0,v1:172.21.15.117:6789/0] conn(0x7f732c107d60 0x7f732c108180 secure :-1 s=READY pgs=72 cs=0 l=1 rev1=1 crypto rx=0x7f731c0098a0 tx=0x7f731c009bb0 comp rx=0 tx=0).stop
2024-03-23T15:09:58.117 INFO:teuthology.orchestra.run.smithi117.stdout:/usr/bin/ceph: stderr
2024-03-23T15:09:56.458+0000 7f73321ba700 1 -- 172.21.15.117:0/2891357793 shutdown_connections
2024-03-23T15:09:58.117 INFO:teuthology.orchestra.run.smithi117.stdout:/usr/bin/ceph: stderr
2024-03-23T15:09:56.458+0000 7f73321ba700 1 --2- 172.21.15.117:0/2891357793 >> [v2:172.21.15.117:3300/0,v1:172.21.15.117:6789/0] conn(0x7f732c107d60 0x7f732c108180 unknown :-1 s=CLOSED pgs=72 cs=0 l=1 rev1=1 crypto rx=0 tx=0 comp rx=0 tx=0).stop
2024-03-23T15:09:58.117 INFO:teuthology.orchestra.run.smithi117.stdout:/usr/bin/ceph: stderr
2024-03-23T15:09:56.458+0000 7f73321ba700 1 -- 172.21.15.117:0/2891357793 >> 172.21.15.117:0/2891357793 conn(0x7f732c103340 msgr2=0x7f732c105760 unknown :-1 s=STATE_NONE l=0).mark_down
2024-03-23T15:09:58.117 INFO:teuthology.orchestra.run.smithi117.stdout:/usr/bin/ceph: stderr
2024-03-23T15:09:56.458+0000 7f73321ba700 1 -- 172.21.15.117:0/2891357793 shutdown_connections
2024-03-23T15:09:58.117 INFO:teuthology.orchestra.run.smithi117.stdout:/usr/bin/ceph: stderr
2024-03-23T15:09:56.458+0000 7f73321ba700 1 -- 172.21.15.117:0/2891357793 wait complete.
2024-03-23T15:09:58.118 INFO:teuthology.orchestra.run.smithi117.stdout:/usr/bin/ceph: stderr
2024-03-23T15:09:56.459+0000 7f73321ba700 1 Processor -- start
2024-03-23T15:09:58.118 INFO:teuthology.orchestra.run.smithi117.stdout:/usr/bin/ceph: stderr
2024-03-23T15:09:56.459+0000 7f73321ba700 1 -- start start
2024-03-23T15:09:58.118 INFO:teuthology.orchestra.run.smithi117.stdout:/usr/bin/ceph: stderr
2024-03-23T15:09:56.460+0000 7f73321ba700 1 --2- >> [v2:172.21.15.117:3300/0,v1:172.21.15.117:6789/0] conn(0x7f732c107d60 0x7f732c19bb50 unknown :-1 s=NONE pgs=0 cs=0 l=1 rev1=0 crypto rx=0 tx=0 comp rx=0 tx=0).connect
2024-03-23T15:09:58.118 INFO:teuthology.orchestra.run.smithi117.stdout:/usr/bin/ceph: stderr
2024-03-23T15:09:56.460+0000 7f73321ba700 1 -- --> [v2:172.21.15.117:3300/0,v1:172.21.15.117:6789/0] -- mon_getmap magic: 0 -- 0x7f732c19c090 con 0x7f732c107d60
2024-03-23T15:09:58.118 INFO:teuthology.orchestra.run.smithi117.stdout:/usr/bin/ceph: stderr
2024-03-23T15:09:56.460+0000 7f732b7fe700 1 --2- >> [v2:172.21.15.117:3300/0,v1:172.21.15.117:6789/0] conn(0x7f732c107d60 0x7f732c19bb50 unknown :-1 s=BANNER_CONNECTING pgs=0 cs=0 l=1 rev1=0 crypto rx=0 tx=0 comp rx=0 tx=0)._handle_peer_banner_payload supported=3 required=0
2024-03-23T15:09:58.118 INFO:teuthology.orchestra.run.smithi117.stdout:/usr/bin/ceph: stderr
2024-03-23T15:09:56.460+0000 7f732b7fe700 1 --2- >> [v2:172.21.15.117:3300/0,v1:172.21.15.117:6789/0] conn(0x7f732c107d60 0x7f732c19bb50 unknown :-1 s=HELLO_CONNECTING pgs=0 cs=0 l=1 rev1=1 crypto rx=0 tx=0 comp rx=0 tx=0).handle_hello peer v2:172.21.15.117:3300/0 says I am v2:172.21.15.117:54138/0 (socket says 172.21.15.117:54138)
2024-03-23T15:09:58.118 INFO:teuthology.orchestra.run.smithi117.stdout:/usr/bin/ceph: stderr
2024-03-23T15:09:56.460+0000 7f732b7fe700 1 -- 172.21.15.117:0/2635506301 learned_addr learned my addr 172.21.15.117:0/2635506301 (peer_addr_for_me v2:172.21.15.117:0/0)
2024-03-23T15:09:58.118 INFO:teuthology.orchestra.run.smithi117.stdout:/usr/bin/ceph: stderr
2024-03-23T15:09:56.460+0000 7f732b7fe700 1 -- 172.21.15.117:0/2635506301 --> [v2:172.21.15.117:3300/0,v1:172.21.15.117:6789/0] -- mon_subscribe({config=0+,monmap=0+}) -- 0x7f731c009550 con 0x7f732c107d60
2024-03-23T15:09:58.118 INFO:teuthology.orchestra.run.smithi117.stdout:/usr/bin/ceph: stderr
2024-03-23T15:09:56.460+0000 7f732b7fe700 1 --2- 172.21.15.117:0/2635506301 >> [v2:172.21.15.117:3300/0,v1:172.21.15.117:6789/0] conn(0x7f732c107d60 0x7f732c19bb50 secure :-1 s=READY pgs=73 cs=0 l=1 rev1=1 crypto rx=0x7f731c011670 tx=0x7f731c011be0 comp rx=0 tx=0).ready entity=mon.0 client_cookie=0 server_cookie=0 in_seq=0 out_seq=0
2024-03-23T15:09:58.118 INFO:teuthology.orchestra.run.smithi117.stdout:/usr/bin/ceph: stderr
2024-03-23T15:09:56.460+0000 7f7328ff9700 1 -- 172.21.15.117:0/2635506301 <== mon.0 v2:172.21.15.117:3300/0 1 ==== mon_map magic: 0 ==== 205+0+0 (secure 0 0 0) 0x7f731c0039c0 con 0x7f732c107d60
2024-03-23T15:09:58.118 INFO:teuthology.orchestra.run.smithi117.stdout:/usr/bin/ceph: stderr
2024-03-23T15:09:56.460+0000 7f7328ff9700 1 -- 172.21.15.117:0/2635506301 <== mon.0 v2:172.21.15.117:3300/0 2 ==== config(28 keys) ==== 1171+0+0 (secure 0 0 0) 0x7f731c003b20 con 0x7f732c107d60
2024-03-23T15:09:58.118 INFO:teuthology.orchestra.run.smithi117.stdout:/usr/bin/ceph: stderr
2024-03-23T15:09:56.460+0000 7f73321ba700 1 -- 172.21.15.117:0/2635506301 --> [v2:172.21.15.117:3300/0,v1:172.21.15.117:6789/0] -- mon_subscribe({mgrmap=0+}) -- 0x7f732c19c290 con 0x7f732c107d60
2024-03-23T15:09:58.118 INFO:teuthology.orchestra.run.smithi117.stdout:/usr/bin/ceph: stderr
2024-03-23T15:09:56.461+0000 7f7328ff9700 1 -- 172.21.15.117:0/2635506301 <== mon.0 v2:172.21.15.117:3300/0 3 ==== mon_map magic: 0 ==== 205+0+0 (secure 0 0 0) 0x7f731c01a640 con 0x7f732c107d60
2024-03-23T15:09:58.118 INFO:teuthology.orchestra.run.smithi117.stdout:/usr/bin/ceph: stderr
2024-03-23T15:09:56.461+0000 7f73321ba700 1 -- 172.21.15.117:0/2635506301 --> [v2:172.21.15.117:3300/0,v1:172.21.15.117:6789/0] -- mon_subscribe({osdmap=0}) -- 0x7f732c19c730 con 0x7f732c107d60
2024-03-23T15:09:58.119 INFO:teuthology.orchestra.run.smithi117.stdout:/usr/bin/ceph: stderr
