2024-03-23T15:09:00.789+0000 7ff68d005700 1 -- 172.21.15.117:0/2496355386 >> [v2:172.21.15.117:3300/0,v1:172.21.15.117:6789/0] conn(0x7ff6881088a0 msgr2=0x7ff68819bbe0 secure :-1 s=STATE_CONNECTION_ESTABLISHED l=1).mark_down
2024-03-23T15:09:01.286 INFO:teuthology.orchestra.run.smithi117.stdout:/usr/bin/ceph: stderr
2024-03-23T15:09:00.789+0000 7ff68d005700 1 --2- 172.21.15.117:0/2496355386 >> [v2:172.21.15.117:3300/0,v1:172.21.15.117:6789/0] conn(0x7ff6881088a0 0x7ff68819bbe0 secure :-1 s=READY pgs=6 cs=0 l=1 rev1=1 crypto rx=0x7ff678011820 tx=0x7ff678011be0 comp rx=0 tx=0).stop
2024-03-23T15:09:01.286 INFO:teuthology.orchestra.run.smithi117.stdout:/usr/bin/ceph: stderr
2024-03-23T15:09:00.789+0000 7ff68d005700 1 -- 172.21.15.117:0/2496355386 shutdown_connections
2024-03-23T15:09:01.286 INFO:teuthology.orchestra.run.smithi117.stdout:/usr/bin/ceph: stderr
2024-03-23T15:09:00.789+0000 7ff68d005700 1 --2- 172.21.15.117:0/2496355386 >> [v2:172.21.15.117:3300/0,v1:172.21.15.117:6789/0] conn(0x7ff6881088a0 0x7ff68819bbe0 unknown :-1 s=CLOSED pgs=6 cs=0 l=1 rev1=1 crypto rx=0 tx=0 comp rx=0 tx=0).stop
2024-03-23T15:09:01.287 INFO:teuthology.orchestra.run.smithi117.stdout:/usr/bin/ceph: stderr
2024-03-23T15:09:00.789+0000 7ff68d005700 1 -- 172.21.15.117:0/2496355386 >> 172.21.15.117:0/2496355386 conn(0x7ff688102210 msgr2=0x7ff688102dc0 unknown :-1 s=STATE_NONE l=0).mark_down
2024-03-23T15:09:01.287 INFO:teuthology.orchestra.run.smithi117.stdout:/usr/bin/ceph: stderr
2024-03-23T15:09:00.789+0000 7ff68d005700 1 -- 172.21.15.117:0/2496355386 shutdown_connections
2024-03-23T15:09:01.287 INFO:teuthology.orchestra.run.smithi117.stdout:/usr/bin/ceph: stderr
2024-03-23T15:09:00.789+0000 7ff68d005700 1 -- 172.21.15.117:0/2496355386 wait complete.
2024-03-23T15:09:01.287 INFO:teuthology.orchestra.run.smithi117.stdout:mgr not available, waiting (1/15)...
2024-03-23T15:09:01.589 INFO:journalctl@ceph.mgr.x.smithi117.stdout:Mar 23 15:09:01 smithi117 ceph-21614f8c-e927-11ee-95cd-87774f69a715-mgr-x[32254]:
2024-03-23T15:09:01.494+0000 7fa68a1b0200 -1 mgr[py] Module zabbix has missing NOTIFY_TYPES member
2024-03-23T15:09:01.903 INFO:journalctl@ceph.mgr.x.smithi117.stdout:Mar 23 15:09:01 smithi117 ceph-21614f8c-e927-11ee-95cd-87774f69a715-mgr-x[32254]:
2024-03-23T15:09:01.586+0000 7fa68a1b0200 -1 mgr[py] Module balancer has missing NOTIFY_TYPES member
2024-03-23T15:09:01.903 INFO:journalctl@ceph.mgr.x.smithi117.stdout:Mar 23 15:09:01 smithi117 ceph-21614f8c-e927-11ee-95cd-87774f69a715-mgr-x[32254]:
2024-03-23T15:09:01.726+0000 7fa68a1b0200 -1 mgr[py] Module influx has missing NOTIFY_TYPES member
2024-03-23T15:09:01.903 INFO:journalctl@ceph.mgr.x.smithi117.stdout:Mar 23 15:09:01 smithi117 ceph-21614f8c-e927-11ee-95cd-87774f69a715-mgr-x[32254]:
2024-03-23T15:09:01.821+0000 7fa68a1b0200 -1 mgr[py] Module alerts has missing NOTIFY_TYPES member
2024-03-23T15:09:02.164 INFO:journalctl@ceph.mgr.x.smithi117.stdout:Mar 23 15:09:01 smithi117 ceph-21614f8c-e927-11ee-95cd-87774f69a715-mgr-x[32254]:
2024-03-23T15:09:01.904+0000 7fa68a1b0200 -1 mgr[py] Module iostat has missing NOTIFY_TYPES member
2024-03-23T15:09:02.452 INFO:journalctl@ceph.mgr.x.smithi117.stdout:Mar 23 15:09:02 smithi117 ceph-21614f8c-e927-11ee-95cd-87774f69a715-mgr-x[32254]:
2024-03-23T15:09:02.161+0000 7fa68a1b0200 -1 mgr[py] Module rgw has missing NOTIFY_TYPES member
2024-03-23T15:09:02.452 INFO:journalctl@ceph.mgr.x.smithi117.stdout:Mar 23 15:09:02 smithi117 ceph-21614f8c-e927-11ee-95cd-87774f69a715-mgr-x[32254]:
2024-03-23T15:09:02.269+0000 7fa68a1b0200 -1 mgr[py] Module rbd_support has missing NOTIFY_TYPES member
2024-03-23T15:09:02.452 INFO:journalctl@ceph.mgr.x.smithi117.stdout:Mar 23 15:09:02 smithi117 ceph-21614f8c-e927-11ee-95cd-87774f69a715-mgr-x[32254]:
2024-03-23T15:09:02.356+0000 7fa68a1b0200 -1 mgr[py] Module progress has missing NOTIFY_TYPES member
2024-03-23T15:09:02.453 INFO:journalctl@ceph.mgr.x.smithi117.stdout:Mar 23 15:09:02 smithi117 ceph-21614f8c-e927-11ee-95cd-87774f69a715-mgr-x[32254]:
2024-03-23T15:09:02.449+0000 7fa68a1b0200 -1 mgr[py] Module pg_autoscaler has missing NOTIFY_TYPES member
2024-03-23T15:09:02.903 INFO:journalctl@ceph.mgr.x.smithi117.stdout:Mar 23 15:09:02 smithi117 ceph-21614f8c-e927-11ee-95cd-87774f69a715-mgr-x[32254]:
2024-03-23T15:09:02.623+0000 7fa68a1b0200 -1 mgr[py] Module devicehealth has missing NOTIFY_TYPES member
2024-03-23T15:09:03.653 INFO:journalctl@ceph.mgr.x.smithi117.stdout:Mar 23 15:09:03 smithi117 ceph-21614f8c-e927-11ee-95cd-87774f69a715-mgr-x[32254]:
2024-03-23T15:09:03.603+0000 7fa68a1b0200 -1 mgr[py] Module rook has missing NOTIFY_TYPES member
2024-03-23T15:09:04.010 INFO:journalctl@ceph.mgr.x.smithi117.stdout:Mar 23 15:09:03 smithi117 ceph-21614f8c-e927-11ee-95cd-87774f69a715-mgr-x[32254]:
2024-03-23T15:09:03.733+0000 7fa68a1b0200 -1 mgr[py] Module diskprediction_local has missing NOTIFY_TYPES member
2024-03-23T15:09:04.352 INFO:journalctl@ceph.mgr.x.smithi117.stdout:Mar 23 15:09:04 smithi117 ceph-21614f8c-e927-11ee-95cd-87774f69a715-mgr-x[32254]:
2024-03-23T15:09:04.067+0000 7fa68a1b0200 -1 mgr[py] Module selftest has missing NOTIFY_TYPES member
2024-03-23T15:09:04.353 INFO:journalctl@ceph.mgr.x.smithi117.stdout:Mar 23 15:09:04 smithi117 ceph-21614f8c-e927-11ee-95cd-87774f69a715-mgr-x[32254]:
2024-03-23T15:09:04.155+0000 7fa68a1b0200 -1 mgr[py] Module telegraf has missing NOTIFY_TYPES member
2024-03-23T15:09:04.353 INFO:journalctl@ceph.mgr.x.smithi117.stdout:Mar 23 15:09:04 smithi117 ceph-21614f8c-e927-11ee-95cd-87774f69a715-mgr-x[32254]:
2024-03-23T15:09:04.349+0000 7fa68a1b0200 -1 mgr[py] Module test_orchestrator has missing NOTIFY_TYPES member
2024-03-23T15:09:04.630 INFO:journalctl@ceph.mgr.x.smithi117.stdout:Mar 23 15:09:04 smithi117 ceph-21614f8c-e927-11ee-95cd-87774f69a715-mgr-x[32254]:
2024-03-23T15:09:04.534+0000 7fa68a1b0200 -1 mgr[py] Module crash has missing NOTIFY_TYPES member
2024-03-23T15:09:04.903 INFO:journalctl@ceph.mgr.x.smithi117.stdout:Mar 23 15:09:04 smithi117 ceph-21614f8c-e927-11ee-95cd-87774f69a715-mgr-x[32254]:
2024-03-23T15:09:04.823+0000 7fa68a1b0200 -1 mgr[py] Module orchestrator has missing NOTIFY_TYPES member
2024-03-23T15:09:05.403 INFO:journalctl@ceph.mgr.x.smithi117.stdout:Mar 23 15:09:05 smithi117 ceph-21614f8c-e927-11ee-95cd-87774f69a715-mgr-x[32254]:
2024-03-23T15:09:05.080+0000 7fa68a1b0200 -1 mgr[py] Module osd_support has missing NOTIFY_TYPES member
2024-03-23T15:09:05.403 INFO:journalctl@ceph.mgr.x.smithi117.stdout:Mar 23 15:09:05 smithi117 ceph-21614f8c-e927-11ee-95cd-87774f69a715-mgr-x[32254]:
2024-03-23T15:09:05.315+0000 7fa68a1b0200 -1 mgr[py] Module volumes has missing NOTIFY_TYPES member
2024-03-23T15:09:06.403 INFO:journalctl@ceph.mgr.x.smithi117.stdout:Mar 23 15:09:06 smithi117 ceph-21614f8c-e927-11ee-95cd-87774f69a715-mgr-x[32254]:
2024-03-23T15:09:06.128+0000 7fa68a1b0200 -1 mgr[py] Module telemetry has missing NOTIFY_TYPES member
2024-03-23T15:09:06.717 INFO:journalctl@ceph.mon.a.smithi117.stdout:Mar 23 15:09:06 smithi117 ceph-mon[32023]: from='client.? 172.21.15.117:0/1227191704' entity='client.admin' cmd=[{"prefix": "status", "format": "json-pretty"}]: dispatch
2024-03-23T15:09:07.028 INFO:journalctl@ceph.mgr.x.smithi117.stdout:Mar 23 15:09:06 smithi117 ceph-21614f8c-e927-11ee-95cd-87774f69a715-mgr-x[32254]:
2024-03-23T15:09:06.713+0000 7fa68a1b0200 -1 mgr[py] Module prometheus has missing NOTIFY_TYPES member
2024-03-23T15:09:07.029 INFO:journalctl@ceph.mgr.x.smithi117.stdout:Mar 23 15:09:06 smithi117 ceph-21614f8c-e927-11ee-95cd-87774f69a715-mgr-x[32254]:
2024-03-23T15:09:06.810+0000 7fa68a1b0200 -1 mgr[py] Module status has missing NOTIFY_TYPES member
2024-03-23T15:09:07.029 INFO:journalctl@ceph.mgr.x.smithi117.stdout:Mar 23 15:09:07 smithi117 ceph-21614f8c-e927-11ee-95cd-87774f69a715-mgr-x[32254]:
2024-03-23T15:09:07.025+0000 7fa68a1b0200 -1 mgr[py] Module nfs has missing NOTIFY_TYPES member
2024-03-23T15:09:08.153 INFO:journalctl@ceph.mon.a.smithi117.stdout:Mar 23 15:09:07 smithi117 ceph-mon[32023]: Activating manager daemon x
2024-03-23T15:09:08.153 INFO:journalctl@ceph.mon.a.smithi117.stdout:Mar 23 15:09:07 smithi117 ceph-mon[32023]: mgrmap e2: x(active, starting, since 0.00308132s)
2024-03-23T15:09:08.154 INFO:journalctl@ceph.mon.a.smithi117.stdout:Mar 23 15:09:07 smithi117 ceph-mon[32023]: from='mgr.14100 172.21.15.117:0/1696359327' entity='mgr.x' cmd=[{"prefix": "mds metadata"}]: dispatch
2024-03-23T15:09:08.154 INFO:journalctl@ceph.mon.a.smithi117.stdout:Mar 23 15:09:07 smithi117 ceph-mon[32023]: from='mgr.14100 172.21.15.117:0/1696359327' entity='mgr.x' cmd=[{"prefix": "osd metadata"}]: dispatch
2024-03-23T15:09:08.154 INFO:journalctl@ceph.mon.a.smithi117.stdout:Mar 23 15:09:07 smithi117 ceph-mon[32023]: from='mgr.14100 172.21.15.117:0/1696359327' entity='mgr.x' cmd=[{"prefix": "mon metadata"}]: dispatch
2024-03-23T15:09:08.154 INFO:journalctl@ceph.mon.a.smithi117.stdout:Mar 23 15:09:07 smithi117 ceph-mon[32023]: from='mgr.14100 172.21.15.117:0/1696359327' entity='mgr.x' cmd=[{"prefix": "mon metadata", "id": "a"}]: dispatch
2024-03-23T15:09:08.154 INFO:journalctl@ceph.mon.a.smithi117.stdout:Mar 23 15:09:07 smithi117 ceph-mon[32023]: from='mgr.14100 172.21.15.117:0/1696359327' entity='mgr.x' cmd=[{"prefix": "mgr metadata", "who": "x", "id": "x"}]: dispatch
2024-03-23T15:09:08.154 INFO:journalctl@ceph.mon.a.smithi117.stdout:Mar 23 15:09:07 smithi117 ceph-mon[32023]: Manager daemon x is now available
2024-03-23T15:09:08.154 INFO:journalctl@ceph.mon.a.smithi117.stdout:Mar 23 15:09:07 smithi117 ceph-mon[32023]: from='mgr.14100 172.21.15.117:0/1696359327' entity='mgr.x' cmd=[{"prefix":"config rm","who":"mgr","name":"mgr/rbd_support/x/mirror_snapshot_schedule"}]: dispatch
2024-03-23T15:09:08.154 INFO:journalctl@ceph.mon.a.smithi117.stdout:Mar 23 15:09:07 smithi117 ceph-mon[32023]: from='mgr.14100 172.21.15.117:0/1696359327' entity='mgr.x' cmd=[{"prefix":"config rm","who":"mgr","name":"mgr/rbd_support/x/trash_purge_schedule"}]: dispatch
2024-03-23T15:09:08.154 INFO:journalctl@ceph.mon.a.smithi117.stdout:Mar 23 15:09:07 smithi117 ceph-mon[32023]: from='mgr.14100 172.21.15.117:0/1696359327' entity='mgr.x'
2024-03-23T15:09:08.154 INFO:journalctl@ceph.mon.a.smithi117.stdout:Mar 23 15:09:07 smithi117 ceph-mon[32023]: from='mgr.14100 172.21.15.117:0/1696359327' entity='mgr.x'
2024-03-23T15:09:08.154 INFO:journalctl@ceph.mon.a.smithi117.stdout:Mar 23 15:09:07 smithi117 ceph-mon[32023]: from='mgr.14100 172.21.15.117:0/1696359327' entity='mgr.x'
2024-03-23T15:09:09.403 INFO:journalctl@ceph.mon.a.smithi117.stdout:Mar 23 15:09:09 smithi117 ceph-mon[32023]: mgrmap e3: x(active, since 1.00676s)
2024-03-23T15:09:11.403 INFO:journalctl@ceph.mon.a.smithi117.stdout:Mar 23 15:09:11 smithi117 ceph-mon[32023]: mgrmap e4: x(active, since 3s)
2024-03-23T15:09:12.557 INFO:teuthology.orchestra.run.smithi117.stdout:/usr/bin/ceph: stdout
2024-03-23T15:09:12.568 INFO:teuthology.orchestra.run.smithi117.stdout:/usr/bin/ceph: stdout {
2024-03-23T15:09:12.568 INFO:teuthology.orchestra.run.smithi117.stdout:/usr/bin/ceph: stdout "fsid": "21614f8c-e927-11ee-95cd-87774f69a715",
2024-03-23T15:09:12.568 INFO:teuthology.orchestra.run.smithi117.stdout:/usr/bin/ceph: stdout "health": {
2024-03-23T15:09:12.568 INFO:teuthology.orchestra.run.smithi117.stdout:/usr/bin/ceph: stdout "status": "HEALTH_OK",
2024-03-23T15:09:12.568 INFO:teuthology.orchestra.run.smithi117.stdout:/usr/bin/ceph: stdout "checks": {},
2024-03-23T15:09:12.568 INFO:teuthology.orchestra.run.smithi117.stdout:/usr/bin/ceph: stdout "mutes": []
2024-03-23T15:09:12.568 INFO:teuthology.orchestra.run.smithi117.stdout:/usr/bin/ceph: stdout },
2024-03-23T15:09:12.569 INFO:teuthology.orchestra.run.smithi117.stdout:/usr/bin/ceph: stdout "election_epoch": 5,
2024-03-23T15:09:12.569 INFO:teuthology.orchestra.run.smithi117.stdout:/usr/bin/ceph: stdout "quorum": [
2024-03-23T15:09:12.569 INFO:teuthology.orchestra.run.smithi117.stdout:/usr/bin/ceph: stdout 0
2024-03-23T15:09:12.569 INFO:teuthology.orchestra.run.smithi117.stdout:/usr/bin/ceph: stdout ],
2024-03-23T15:09:12.569 INFO:teuthology.orchestra.run.smithi117.stdout:/usr/bin/ceph: stdout "quorum_names": [
2024-03-23T15:09:12.569 INFO:teuthology.orchestra.run.smithi117.stdout:/usr/bin/ceph: stdout "a"
2024-03-23T15:09:12.569 INFO:teuthology.orchestra.run.smithi117.stdout:/usr/bin/ceph: stdout ],
2024-03-23T15:09:12.569 INFO:teuthology.orchestra.run.smithi117.stdout:/usr/bin/ceph: stdout "quorum_age": 8,
2024-03-23T15:09:12.569 INFO:teuthology.orchestra.run.smithi117.stdout:/usr/bin/ceph: stdout "monmap": {
2024-03-23T15:09:12.569 INFO:teuthology.orchestra.run.smithi117.stdout:/usr/bin/ceph: stdout "epoch": 1,
2024-03-23T15:09:12.569 INFO:teuthology.orchestra.run.smithi117.stdout:/usr/bin/ceph: stdout "min_mon_release_name": "squid",
2024-03-23T15:09:12.569 INFO:teuthology.orchestra.run.smithi117.stdout:/usr/bin/ceph: stdout "num_mons": 1
2024-03-23T15:09:12.569 INFO:teuthology.orchestra.run.smithi117.stdout:/usr/bin/ceph: stdout },
2024-03-23T15:09:12.569 INFO:teuthology.orchestra.run.smithi117.stdout:/usr/bin/ceph: stdout "osdmap": {
2024-03-23T15:09:12.569 INFO:teuthology.orchestra.run.smithi117.stdout:/usr/bin/ceph: stdout "epoch": 1,
2024-03-23T15:09:12.570 INFO:teuthology.orchestra.run.smithi117.stdout:/usr/bin/ceph: stdout "num_osds": 0,
2024-03-23T15:09:12.570 INFO:teuthology.orchestra.run.smithi117.stdout:/usr/bin/ceph: stdout "num_up_osds": 0,
2024-03-23T15:09:12.570 INFO:teuthology.orchestra.run.smithi117.stdout:/usr/bin/ceph: stdout "osd_up_since": 0,
2024-03-23T15:09:12.570 INFO:teuthology.orchestra.run.smithi117.stdout:/usr/bin/ceph: stdout "num_in_osds": 0,
2024-03-23T15:09:12.570 INFO:teuthology.orchestra.run.smithi117.stdout:/usr/bin/ceph: stdout "osd_in_since": 0,
2024-03-23T15:09:12.570 INFO:teuthology.orchestra.run.smithi117.stdout:/usr/bin/ceph: stdout "num_remapped_pgs": 0
2024-03-23T15:09:12.570 INFO:teuthology.orchestra.run.smithi117.stdout:/usr/bin/ceph: stdout },
2024-03-23T15:09:12.570 INFO:teuthology.orchestra.run.smithi117.stdout:/usr/bin/ceph: stdout "pgmap": {
2024-03-23T15:09:12.570 INFO:teuthology.orchestra.run.smithi117.stdout:/usr/bin/ceph: stdout "pgs_by_state": [],
2024-03-23T15:09:12.570 INFO:teuthology.orchestra.run.smithi117.stdout:/usr/bin/ceph: stdout "num_pgs": 0,
2024-03-23T15:09:12.570 INFO:teuthology.orchestra.run.smithi117.stdout:/usr/bin/ceph: stdout "num_pools": 0,
2024-03-23T15:09:12.570 INFO:teuthology.orchestra.run.smithi117.stdout:/usr/bin/ceph: stdout "num_objects": 0,
2024-03-23T15:09:12.570 INFO:teuthology.orchestra.run.smithi117.stdout:/usr/bin/ceph: stdout "data_bytes": 0,
2024-03-23T15:09:12.570 INFO:teuthology.orchestra.run.smithi117.stdout:/usr/bin/ceph: stdout "bytes_used": 0,
2024-03-23T15:09:12.571 INFO:teuthology.orchestra.run.smithi117.stdout:/usr/bin/ceph: stdout "bytes_avail": 0,
2024-03-23T15:09:12.571 INFO:teuthology.orchestra.run.smithi117.stdout:/usr/bin/ceph: stdout "bytes_total": 0
2024-03-23T15:09:12.571 INFO:teuthology.orchestra.run.smithi117.stdout:/usr/bin/ceph: stdout },
2024-03-23T15:09:12.571 INFO:teuthology.orchestra.run.smithi117.stdout:/usr/bin/ceph: stdout "fsmap": {
2024-03-23T15:09:12.571 INFO:teuthology.orchestra.run.smithi117.stdout:/usr/bin/ceph: stdout "epoch": 1,
2024-03-23T15:09:12.571 INFO:teuthology.orchestra.run.smithi117.stdout:/usr/bin/ceph: stdout "by_rank": [],
2024-03-23T15:09:12.571 INFO:teuthology.orchestra.run.smithi117.stdout:/usr/bin/ceph: stdout "up:standby": 0
2024-03-23T15:09:12.571 INFO:teuthology.orchestra.run.smithi117.stdout:/usr/bin/ceph: stdout },
2024-03-23T15:09:12.571 INFO:teuthology.orchestra.run.smithi117.stdout:/usr/bin/ceph: stdout "mgrmap": {
2024-03-23T15:09:12.571 INFO:teuthology.orchestra.run.smithi117.stdout:/usr/bin/ceph: stdout "available": false,
2024-03-23T15:09:12.571 INFO:teuthology.orchestra.run.smithi117.stdout:/usr/bin/ceph: stdout "num_standbys": 0,
2024-03-23T15:09:12.571 INFO:teuthology.orchestra.run.smithi117.stdout:/usr/bin/ceph: stdout "modules": [
2024-03-23T15:09:12.571 INFO:teuthology.orchestra.run.smithi117.stdout:/usr/bin/ceph: stdout "iostat",
2024-03-23T15:09:12.571 INFO:teuthology.orchestra.run.smithi117.stdout:/usr/bin/ceph: stdout "nfs",
2024-03-23T15:09:12.571 INFO:teuthology.orchestra.run.smithi117.stdout:/usr/bin/ceph: stdout "restful"
2024-03-23T15:09:12.571 INFO:teuthology.orchestra.run.smithi117.stdout:/usr/bin/ceph: stdout ],
2024-03-23T15:09:12.572 INFO:teuthology.orchestra.run.smithi117.stdout:/usr/bin/ceph: stdout "services": {}
2024-03-23T15:09:12.572 INFO:teuthology.orchestra.run.smithi117.stdout:/usr/bin/ceph: stdout },
2024-03-23T15:09:12.572 INFO:teuthology.orchestra.run.smithi117.stdout:/usr/bin/ceph: stdout "servicemap": {
2024-03-23T15:09:12.572 INFO:teuthology.orchestra.run.smithi117.stdout:/usr/bin/ceph: stdout "epoch": 1,
2024-03-23T15:09:12.572 INFO:teuthology.orchestra.run.smithi117.stdout:/usr/bin/ceph: stdout "modified": "2024-03-23T15:08:53.452429+0000",
2024-03-23T15:09:12.572 INFO:teuthology.orchestra.run.smithi117.stdout:/usr/bin/ceph: stdout "services": {}
2024-03-23T15:09:12.572 INFO:teuthology.orchestra.run.smithi117.stdout:/usr/bin/ceph: stdout },
2024-03-23T15:09:12.572 INFO:teuthology.orchestra.run.smithi117.stdout:/usr/bin/ceph: stdout "progress_events": {}
2024-03-23T15:09:12.572 INFO:teuthology.orchestra.run.smithi117.stdout:/usr/bin/ceph: stdout }
2024-03-23T15:09:12.572 INFO:teuthology.orchestra.run.smithi117.stdout:/usr/bin/ceph: stderr
2024-03-23T15:09:06.553+0000 7f0e5d920700 1 Processor -- start
2024-03-23T15:09:12.572 INFO:teuthology.orchestra.run.smithi117.stdout:/usr/bin/ceph: stderr
2024-03-23T15:09:06.553+0000 7f0e5d920700 1 -- start start
2024-03-23T15:09:12.572 INFO:teuthology.orchestra.run.smithi117.stdout:/usr/bin/ceph: stderr
2024-03-23T15:09:06.553+0000 7f0e5d920700 1 --2- >> [v2:172.21.15.117:3300/0,v1:172.21.15.117:6789/0] conn(0x7f0e58106650 0x7f0e58106a70 unknown :-1 s=NONE pgs=0 cs=0 l=0 rev1=0 crypto rx=0 tx=0 comp rx=0 tx=0).connect
2024-03-23T15:09:12.572 INFO:teuthology.orchestra.run.smithi117.stdout:/usr/bin/ceph: stderr
2024-03-23T15:09:06.553+0000 7f0e5d920700 1 -- --> [v2:172.21.15.117:3300/0,v1:172.21.15.117:6789/0] -- mon_getmap magic: 0 -- 0x7f0e5807be50 con 0x7f0e58106650
2024-03-23T15:09:12.572 INFO:teuthology.orchestra.run.smithi117.stdout:/usr/bin/ceph: stderr
2024-03-23T15:09:06.553+0000 7f0e56ffd700 1 --2- >> [v2:172.21.15.117:3300/0,v1:172.21.15.117:6789/0] conn(0x7f0e58106650 0x7f0e58106a70 unknown :-1 s=BANNER_CONNECTING pgs=0 cs=0 l=0 rev1=0 crypto rx=0 tx=0 comp rx=0 tx=0)._handle_peer_banner_payload supported=3 required=0
2024-03-23T15:09:12.573 INFO:teuthology.orchestra.run.smithi117.stdout:/usr/bin/ceph: stderr
2024-03-23T15:09:06.553+0000 7f0e56ffd700 1 --2- >> [v2:172.21.15.117:3300/0,v1:172.21.15.117:6789/0] conn(0x7f0e58106650 0x7f0e58106a70 unknown :-1 s=HELLO_CONNECTING pgs=0 cs=0 l=0 rev1=1 crypto rx=0 tx=0 comp rx=0 tx=0).handle_hello peer v2:172.21.15.117:3300/0 says I am v2:172.21.15.117:60530/0 (socket says 172.21.15.117:60530)
2024-03-23T15:09:12.573 INFO:teuthology.orchestra.run.smithi117.stdout:/usr/bin/ceph: stderr
2024-03-23T15:09:06.553+0000 7f0e56ffd700 1 -- 172.21.15.117:0/3458312554 learned_addr learned my addr 172.21.15.117:0/3458312554 (peer_addr_for_me v2:172.21.15.117:0/0)
2024-03-23T15:09:12.573 INFO:teuthology.orchestra.run.smithi117.stdout:/usr/bin/ceph: stderr
2024-03-23T15:09:06.553+0000 7f0e56ffd700 1 -- 172.21.15.117:0/3458312554 --> [v2:172.21.15.117:3300/0,v1:172.21.15.117:6789/0] -- mon_subscribe({config=0+,monmap=0+}) -- 0x7f0e58106fb0 con 0x7f0e58106650
2024-03-23T15:09:12.573 INFO:teuthology.orchestra.run.smithi117.stdout:/usr/bin/ceph: stderr
2024-03-23T15:09:06.553+0000 7f0e56ffd700 1 --2- 172.21.15.117:0/3458312554 >> [v2:172.21.15.117:3300/0,v1:172.21.15.117:6789/0] conn(0x7f0e58106650 0x7f0e58106a70 secure :-1 s=READY pgs=7 cs=0 l=1 rev1=1 crypto rx=0x7f0e480098a0 tx=0x7f0e48009bb0 comp rx=0 tx=0).ready entity=mon.0 client_cookie=7b57d3ec18d70ea1 server_cookie=0 in_seq=0 out_seq=0
2024-03-23T15:09:12.573 INFO:teuthology.orchestra.run.smithi117.stdout:/usr/bin/ceph: stderr
2024-03-23T15:09:06.554+0000 7f0e55ffb700 1 -- 172.21.15.117:0/3458312554 <== mon.0 v2:172.21.15.117:3300/0 1 ==== mon_map magic: 0 ==== 205+0+0 (secure 0 0 0) 0x7f0e48004160 con 0x7f0e58106650
2024-03-23T15:09:12.573 INFO:teuthology.orchestra.run.smithi117.stdout:/usr/bin/ceph: stderr
2024-03-23T15:09:06.554+0000 7f0e55ffb700 1 -- 172.21.15.117:0/3458312554 <== mon.0 v2:172.21.15.117:3300/0 2 ==== config(28 keys) ==== 1140+0+0 (secure 0 0 0) 0x7f0e480042c0 con 0x7f0e58106650
2024-03-23T15:09:12.573 INFO:teuthology.orchestra.run.smithi117.stdout:/usr/bin/ceph: stderr
2024-03-23T15:09:06.554+0000 7f0e55ffb700 1 -- 172.21.15.117:0/3458312554 <== mon.0 v2:172.21.15.117:3300/0 3 ==== mon_map magic: 0 ==== 205+0+0 (secure 0 0 0) 0x7f0e48011b60 con 0x7f0e58106650
2024-03-23T15:09:12.573 INFO:teuthology.orchestra.run.smithi117.stdout:/usr/bin/ceph: stderr
2024-03-23T15:09:06.554+0000 7f0e5d920700 1 -- 172.21.15.117:0/3458312554 >> [v2:172.21.15.117:3300/0,v1:172.21.15.117:6789/0] conn(0x7f0e58106650 msgr2=0x7f0e58106a70 secure :-1 s=STATE_CONNECTION_ESTABLISHED l=1).mark_down
2024-03-23T15:09:12.573 INFO:teuthology.orchestra.run.smithi117.stdout:/usr/bin/ceph: stderr
2024-03-23T15:09:06.554+0000 7f0e5d920700 1 --2- 172.21.15.117:0/3458312554 >> [v2:172.21.15.117:3300/0,v1:172.21.15.117:6789/0] conn(0x7f0e58106650 0x7f0e58106a70 secure :-1 s=READY pgs=7 cs=0 l=1 rev1=1 crypto rx=0x7f0e480098a0 tx=0x7f0e48009bb0 comp rx=0 tx=0).stop
2024-03-23T15:09:12.573 INFO:teuthology.orchestra.run.smithi117.stdout:/usr/bin/ceph: stderr
2024-03-23T15:09:06.554+0000 7f0e5d920700 1 -- 172.21.15.117:0/3458312554 shutdown_connections
2024-03-23T15:09:12.573 INFO:teuthology.orchestra.run.smithi117.stdout:/usr/bin/ceph: stderr
2024-03-23T15:09:06.554+0000 7f0e5d920700 1 --2- 172.21.15.117:0/3458312554 >> [v2:172.21.15.117:3300/0,v1:172.21.15.117:6789/0] conn(0x7f0e58106650 0x7f0e58106a70 unknown :-1 s=CLOSED pgs=7 cs=0 l=1 rev1=1 crypto rx=0 tx=0 comp rx=0 tx=0).stop
2024-03-23T15:09:12.573 INFO:teuthology.orchestra.run.smithi117.stdout:/usr/bin/ceph: stderr
2024-03-23T15:09:06.554+0000 7f0e5d920700 1 -- 172.21.15.117:0/3458312554 >> 172.21.15.117:0/3458312554 conn(0x7f0e58102210 msgr2=0x7f0e58104650 unknown :-1 s=STATE_NONE l=0).mark_down
2024-03-23T15:09:12.573 INFO:teuthology.orchestra.run.smithi117.stdout:/usr/bin/ceph: stderr
2024-03-23T15:09:06.554+0000 7f0e5d920700 1 -- 172.21.15.117:0/3458312554 shutdown_connections
2024-03-23T15:09:12.573 INFO:teuthology.orchestra.run.smithi117.stdout:/usr/bin/ceph: stderr
2024-03-23T15:09:06.554+0000 7f0e5d920700 1 -- 172.21.15.117:0/3458312554 wait complete.
2024-03-23T15:09:12.574 INFO:teuthology.orchestra.run.smithi117.stdout:/usr/bin/ceph: stderr
2024-03-23T15:09:06.555+0000 7f0e5d920700 1 Processor -- start
2024-03-23T15:09:12.574 INFO:teuthology.orchestra.run.smithi117.stdout:/usr/bin/ceph: stderr
2024-03-23T15:09:06.555+0000 7f0e5d920700 1 -- start start
2024-03-23T15:09:12.574 INFO:teuthology.orchestra.run.smithi117.stdout:/usr/bin/ceph: stderr
2024-03-23T15:09:06.555+0000 7f0e5d920700 1 --2- >> [v2:172.21.15.117:3300/0,v1:172.21.15.117:6789/0] conn(0x7f0e58106650 0x7f0e5819ddf0 unknown :-1 s=NONE pgs=0 cs=0 l=1 rev1=0 crypto rx=0 tx=0 comp rx=0 tx=0).connect
2024-03-23T15:09:12.574 INFO:teuthology.orchestra.run.smithi117.stdout:/usr/bin/ceph: stderr
2024-03-23T15:09:06.555+0000 7f0e5d920700 1 -- --> [v2:172.21.15.117:3300/0,v1:172.21.15.117:6789/0] -- mon_getmap magic: 0 -- 0x7f0e5819e330 con 0x7f0e58106650
2024-03-23T15:09:12.574 INFO:teuthology.orchestra.run.smithi117.stdout:/usr/bin/ceph: stderr
2024-03-23T15:09:06.555+0000 7f0e56ffd700 1 --2- >> [v2:172.21.15.117:3300/0,v1:172.21.15.117:6789/0] conn(0x7f0e58106650 0x7f0e5819ddf0 unknown :-1 s=BANNER_CONNECTING pgs=0 cs=0 l=1 rev1=0 crypto rx=0 tx=0 comp rx=0 tx=0)._handle_peer_banner_payload supported=3 required=0
2024-03-23T15:09:12.574 INFO:teuthology.orchestra.run.smithi117.stdout:/usr/bin/ceph: stderr
2024-03-23T15:09:06.555+0000 7f0e56ffd700 1 --2- >> [v2:172.21.15.117:3300/0,v1:172.21.15.117:6789/0] conn(0x7f0e58106650 0x7f0e5819ddf0 unknown :-1 s=HELLO_CONNECTING pgs=0 cs=0 l=1 rev1=1 crypto rx=0 tx=0 comp rx=0 tx=0).handle_hello peer v2:172.21.15.117:3300/0 says I am v2:172.21.15.117:60538/0 (socket says 172.21.15.117:60538)
2024-03-23T15:09:12.574 INFO:teuthology.orchestra.run.smithi117.stdout:/usr/bin/ceph: stderr
2024-03-23T15:09:06.555+0000 7f0e56ffd700 1 -- 172.21.15.117:0/1227191704 learned_addr learned my addr 172.21.15.117:0/1227191704 (peer_addr_for_me v2:172.21.15.117:0/0)
2024-03-23T15:09:12.574 INFO:teuthology.orchestra.run.smithi117.stdout:/usr/bin/ceph: stderr
2024-03-23T15:09:06.556+0000 7f0e56ffd700 1 -- 172.21.15.117:0/1227191704 --> [v2:172.21.15.117:3300/0,v1:172.21.15.117:6789/0] -- mon_subscribe({config=0+,monmap=0+}) -- 0x7f0e48009550 con 0x7f0e58106650
2024-03-23T15:09:12.574 INFO:teuthology.orchestra.run.smithi117.stdout:/usr/bin/ceph: stderr
2024-03-23T15:09:06.556+0000 7f0e56ffd700 1 --2- 172.21.15.117:0/1227191704 >> [v2:172.21.15.117:3300/0,v1:172.21.15.117:6789/0] conn(0x7f0e58106650 0x7f0e5819ddf0 secure :-1 s=READY pgs=8 cs=0 l=1 rev1=1 crypto rx=0x7f0e48011820 tx=0x7f0e48011be0 comp rx=0 tx=0).ready entity=mon.0 client_cookie=0 server_cookie=0 in_seq=0 out_seq=0
2024-03-23T15:09:12.574 INFO:teuthology.orchestra.run.smithi117.stdout:/usr/bin/ceph: stderr
2024-03-23T15:09:06.556+0000 7f0e5c91e700 1 -- 172.21.15.117:0/1227191704 <== mon.0 v2:172.21.15.117:3300/0 1 ==== mon_map magic: 0 ==== 205+0+0 (secure 0 0 0) 0x7f0e480039f0 con 0x7f0e58106650
2024-03-23T15:09:12.574 INFO:teuthology.orchestra.run.smithi117.stdout:/usr/bin/ceph: stderr
2024-03-23T15:09:06.556+0000 7f0e5d920700 1 -- 172.21.15.117:0/1227191704 --> [v2:172.21.15.117:3300/0,v1:172.21.15.117:6789/0] -- mon_subscribe({mgrmap=0+}) -- 0x7f0e5819e530 con 0x7f0e58106650
2024-03-23T15:09:12.574 INFO:teuthology.orchestra.run.smithi117.stdout:/usr/bin/ceph: stderr
2024-03-23T15:09:06.556+0000 7f0e5c91e700 1 -- 172.21.15.117:0/1227191704 <== mon.0 v2:172.21.15.117:3300/0 2 ==== config(28 keys) ==== 1140+0+0 (secure 0 0 0) 0x7f0e48003b50 con 0x7f0e58106650
2024-03-23T15:09:12.574 INFO:teuthology.orchestra.run.smithi117.stdout:/usr/bin/ceph: stderr
2024-03-23T15:09:06.556+0000 7f0e5c91e700 1 -- 172.21.15.117:0/1227191704 <== mon.0 v2:172.21.15.117:3300/0 3 ==== mon_map magic: 0 ==== 205+0+0 (secure 0 0 0) 0x7f0e48019760 con 0x7f0e58106650
2024-03-23T15:09:12.574 INFO:teuthology.orchestra.run.smithi117.stdout:/usr/bin/ceph: stderr
2024-03-23T15:09:06.556+0000 7f0e5d920700 1 -- 172.21.15.117:0/1227191704 --> [v2:172.21.15.117:3300/0,v1:172.21.15.117:6789/0] -- mon_subscribe({osdmap=0}) -- 0x7f0e5819e9d0 con 0x7f0e58106650
2024-03-23T15:09:12.575 INFO:teuthology.orchestra.run.smithi117.stdout:/usr/bin/ceph: stderr
2024-03-23T15:09:06.556+0000 7f0e5c91e700 1 -- 172.21.15.117:0/1227191704 <== mon.0 v2:172.21.15.117:3300/0 4 ==== mgrmap(e 1) ==== 807+0+0 (secure 0 0 0) 0x7f0e4802d440 con 0x7f0e58106650
2024-03-23T15:09:12.575 INFO:teuthology.orchestra.run.smithi117.stdout:/usr/bin/ceph: stderr
2024-03-23T15:09:06.556+0000 7f0e5c91e700 1 -- 172.21.15.117:0/1227191704 <== mon.0 v2:172.21.15.117:3300/0 5 ==== osd_map(1..1 src has 1..1) ==== 725+0+0 (secure 0 0 0) 0x7f0e48024a80 con 0x7f0e58106650
2024-03-23T15:09:12.575 INFO:teuthology.orchestra.run.smithi117.stdout:/usr/bin/ceph: stderr
2024-03-23T15:09:06.557+0000 7f0e5d920700 1 -- 172.21.15.117:0/1227191704 --> [v2:172.21.15.117:3300/0,v1:172.21.15.117:6789/0] -- mon_command({"prefix": "get_command_descriptions"} v 0) -- 0x7f0e58197a60 con 0x7f0e58106650
2024-03-23T15:09:12.575 INFO:teuthology.orchestra.run.smithi117.stdout:/usr/bin/ceph: stderr
2024-03-23T15:09:06.561+0000 7f0e5c91e700 1 -- 172.21.15.117:0/1227191704 <== mon.0 v2:172.21.15.117:3300/0 6 ==== mon_command_ack([{"prefix": "get_command_descriptions"}]=0 v0) ==== 72+0+73141 (secure 0 0 0) 0x7f0e48003cc0 con 0x7f0e58106650
2024-03-23T15:09:12.575 INFO:teuthology.orchestra.run.smithi117.stdout:/usr/bin/ceph: stderr
2024-03-23T15:09:06.634+0000 7f0e5d920700 1 -- 172.21.15.117:0/1227191704 --> [v2:172.21.15.117:3300/0,v1:172.21.15.117:6789/0] -- mon_command({"prefix": "status", "format": "json-pretty"} v 0) -- 0x7f0e58108150 con 0x7f0e58106650
2024-03-23T15:09:12.575 INFO:teuthology.orchestra.run.smithi117.stdout:/usr/bin/ceph: stderr
2024-03-23T15:09:06.634+0000 7f0e5c91e700 1 -- 172.21.15.117:0/1227191704 <== mon.0 v2:172.21.15.117:3300/0 7 ==== mon_command_ack([{"prefix": "status", "format": "json-pretty"}]=0 v0) ==== 79+0+1239 (secure 0 0 0) 0x7f0e48019db0 con 0x7f0e58106650
2024-03-23T15:09:12.575 INFO:teuthology.orchestra.run.smithi117.stdout:/usr/bin/ceph: stderr
2024-03-23T15:09:06.635+0000 7f0e5d920700 1 -- 172.21.15.117:0/1227191704 >> [v2:172.21.15.117:3300/0,v1:172.21.15.117:6789/0] conn(0x7f0e58106650 msgr2=0x7f0e5819ddf0 secure :-1 s=STATE_CONNECTION_ESTABLISHED l=1).mark_down
2024-03-23T15:09:12.575 INFO:teuthology.orchestra.run.smithi117.stdout:/usr/bin/ceph: stderr
2024-03-23T15:09:06.635+0000 7f0e5d920700 1 --2- 172.21.15.117:0/1227191704 >> [v2:172.21.15.117:3300/0,v1:172.21.15.117:6789/0] conn(0x7f0e58106650 0x7f0e5819ddf0 secure :-1 s=READY pgs=8 cs=0 l=1 rev1=1 crypto rx=0x7f0e48011820 tx=0x7f0e48011be0 comp rx=0 tx=0).stop
2024-03-23T15:09:12.575 INFO:teuthology.orchestra.run.smithi117.stdout:/usr/bin/ceph: stderr
2024-03-23T15:09:06.635+0000 7f0e5d920700 1 -- 172.21.15.117:0/1227191704 shutdown_connections
2024-03-23T15:09:12.575 INFO:teuthology.orchestra.run.smithi117.stdout:/usr/bin/ceph: stderr
2024-03-23T15:09:06.635+0000 7f0e5d920700 1 --2- 172.21.15.117:0/1227191704 >> [v2:172.21.15.117:3300/0,v1:172.21.15.117:6789/0] conn(0x7f0e58106650 0x7f0e5819ddf0 unknown :-1 s=CLOSED pgs=8 cs=0 l=1 rev1=1 crypto rx=0 tx=0 comp rx=0 tx=0).stop
2024-03-23T15:09:12.575 INFO:teuthology.orchestra.run.smithi117.stdout:/usr/bin/ceph: stderr
2024-03-23T15:09:06.635+0000 7f0e5d920700 1 -- 172.21.15.117:0/1227191704 >> 172.21.15.117:0/1227191704 conn(0x7f0e58102210 msgr2=0x7f0e58194ba0 unknown :-1 s=STATE_NONE l=0).mark_down
2024-03-23T15:09:12.575 INFO:teuthology.orchestra.run.smithi117.stdout:/usr/bin/ceph: stderr
2024-03-23T15:09:06.635+0000 7f0e5d920700 1 -- 172.21.15.117:0/1227191704 shutdown_connections
2024-03-23T15:09:12.575 INFO:teuthology.orchestra.run.smithi117.stdout:/usr/bin/ceph: stderr
2024-03-23T15:09:06.635+0000 7f0e5d920700 1 -- 172.21.15.117:0/1227191704 wait complete.
2024-03-23T15:09:12.575 INFO:teuthology.orchestra.run.smithi117.stdout:mgr not available, waiting (2/15)...
2024-03-23T15:09:15.634 INFO:journalctl@ceph.mon.a.smithi117.stdout:Mar 23 15:09:15 smithi117 ceph-mon[32023]: from='client.? 172.21.15.117:0/1944231121' entity='client.admin' cmd=[{"prefix": "status", "format": "json-pretty"}]: dispatch
2024-03-23T15:09:15.921 INFO:teuthology.orchestra.run.smithi117.stdout:/usr/bin/ceph: stdout
2024-03-23T15:09:15.921 INFO:teuthology.orchestra.run.smithi117.stdout:/usr/bin/ceph: stdout {
2024-03-23T15:09:15.923 INFO:teuthology.orchestra.run.smithi117.stdout:/usr/bin/ceph: stdout "fsid": "21614f8c-e927-11ee-95cd-87774f69a715",
2024-03-23T15:09:15.923 INFO:teuthology.orchestra.run.smithi117.stdout:/usr/bin/ceph: stdout "health": {
2024-03-23T15:09:15.923 INFO:teuthology.orchestra.run.smithi117.stdout:/usr/bin/ceph: stdout "status": "HEALTH_OK",
2024-03-23T15:09:15.923 INFO:teuthology.orchestra.run.smithi117.stdout:/usr/bin/ceph: stdout "checks": {},
2024-03-23T15:09:15.923 INFO:teuthology.orchestra.run.smithi117.stdout:/usr/bin/ceph: stdout "mutes": []
2024-03-23T15:09:15.923 INFO:teuthology.orchestra.run.smithi117.stdout:/usr/bin/ceph: stdout },
2024-03-23T15:09:15.923 INFO:teuthology.orchestra.run.smithi117.stdout:/usr/bin/ceph: stdout "election_epoch": 5,
2024-03-23T15:09:15.923 INFO:teuthology.orchestra.run.smithi117.stdout:/usr/bin/ceph: stdout "quorum": [
2024-03-23T15:09:15.923 INFO:teuthology.orchestra.run.smithi117.stdout:/usr/bin/ceph: stdout 0
2024-03-23T15:09:15.924 INFO:teuthology.orchestra.run.smithi117.stdout:/usr/bin/ceph: stdout ],
2024-03-23T15:09:15.924 INFO:teuthology.orchestra.run.smithi117.stdout:/usr/bin/ceph: stdout "quorum_names": [
2024-03-23T15:09:15.924 INFO:teuthology.orchestra.run.smithi117.stdout:/usr/bin/ceph: stdout "a"
2024-03-23T15:09:15.936 INFO:teuthology.orchestra.run.smithi117.stdout:/usr/bin/ceph: stdout ],
2024-03-23T15:09:15.936 INFO:teuthology.orchestra.run.smithi117.stdout:/usr/bin/ceph: stdout "quorum_age": 17,
2024-03-23T15:09:15.936 INFO:teuthology.orchestra.run.smithi117.stdout:/usr/bin/ceph: stdout "monmap": {
2024-03-23T15:09:15.936 INFO:teuthology.orchestra.run.smithi117.stdout:/usr/bin/ceph: stdout "epoch": 1,
2024-03-23T15:09:15.937 INFO:teuthology.orchestra.run.smithi117.stdout:/usr/bin/ceph: stdout "min_mon_release_name": "squid",
2024-03-23T15:09:15.937 INFO:teuthology.orchestra.run.smithi117.stdout:/usr/bin/ceph: stdout "num_mons": 1
2024-03-23T15:09:15.937 INFO:teuthology.orchestra.run.smithi117.stdout:/usr/bin/ceph: stdout },
2024-03-23T15:09:15.937 INFO:teuthology.orchestra.run.smithi117.stdout:/usr/bin/ceph: stdout "osdmap": {
2024-03-23T15:09:15.937 INFO:teuthology.orchestra.run.smithi117.stdout:/usr/bin/ceph: stdout "epoch": 1,
2024-03-23T15:09:15.937 INFO:teuthology.orchestra.run.smithi117.stdout:/usr/bin/ceph: stdout "num_osds": 0,
2024-03-23T15:09:15.937 INFO:teuthology.orchestra.run.smithi117.stdout:/usr/bin/ceph: stdout "num_up_osds": 0,
2024-03-23T15:09:15.937 INFO:teuthology.orchestra.run.smithi117.stdout:/usr/bin/ceph: stdout "osd_up_since": 0,
2024-03-23T15:09:15.937 INFO:teuthology.orchestra.run.smithi117.stdout:/usr/bin/ceph: stdout "num_in_osds": 0,
2024-03-23T15:09:15.937 INFO:teuthology.orchestra.run.smithi117.stdout:/usr/bin/ceph: stdout "osd_in_since": 0,
2024-03-23T15:09:15.937 INFO:teuthology.orchestra.run.smithi117.stdout:/usr/bin/ceph: stdout "num_remapped_pgs": 0
2024-03-23T15:09:15.937 INFO:teuthology.orchestra.run.smithi117.stdout:/usr/bin/ceph: stdout },
2024-03-23T15:09:15.937 INFO:teuthology.orchestra.run.smithi117.stdout:/usr/bin/ceph: stdout "pgmap": {
2024-03-23T15:09:15.937 INFO:teuthology.orchestra.run.smithi117.stdout:/usr/bin/ceph: stdout "pgs_by_state": [],
2024-03-23T15:09:15.938 INFO:teuthology.orchestra.run.smithi117.stdout:/usr/bin/ceph: stdout "num_pgs": 0,
2024-03-23T15:09:15.938 INFO:teuthology.orchestra.run.smithi117.stdout:/usr/bin/ceph: stdout "num_pools": 0,
2024-03-23T15:09:15.938 INFO:teuthology.orchestra.run.smithi117.stdout:/usr/bin/ceph: stdout "num_objects": 0,
2024-03-23T15:09:15.938 INFO:teuthology.orchestra.run.smithi117.stdout:/usr/bin/ceph: stdout "data_bytes": 0,
2024-03-23T15:09:15.938 INFO:teuthology.orchestra.run.smithi117.stdout:/usr/bin/ceph: stdout "bytes_used": 0,
2024-03-23T15:09:15.938 INFO:teuthology.orchestra.run.smithi117.stdout:/usr/bin/ceph: stdout "bytes_avail": 0,
2024-03-23T15:09:15.938 INFO:teuthology.orchestra.run.smithi117.stdout:/usr/bin/ceph: stdout "bytes_total": 0
2024-03-23T15:09:15.938 INFO:teuthology.orchestra.run.smithi117.stdout:/usr/bin/ceph: stdout },
2024-03-23T15:09:15.938 INFO:teuthology.orchestra.run.smithi117.stdout:/usr/bin/ceph: stdout "fsmap": {
2024-03-23T15:09:15.938 INFO:teuthology.orchestra.run.smithi117.stdout:/usr/bin/ceph: stdout "epoch": 1,
2024-03-23T15:09:15.938 INFO:teuthology.orchestra.run.smithi117.stdout:/usr/bin/ceph: stdout "by_rank": [],
2024-03-23T15:09:15.938 INFO:teuthology.orchestra.run.smithi117.stdout:/usr/bin/ceph: stdout "up:standby": 0
2024-03-23T15:09:15.938 INFO:teuthology.orchestra.run.smithi117.stdout:/usr/bin/ceph: stdout },
2024-03-23T15:09:15.938 INFO:teuthology.orchestra.run.smithi117.stdout:/usr/bin/ceph: stdout "mgrmap": {
2024-03-23T15:09:15.938 INFO:teuthology.orchestra.run.smithi117.stdout:/usr/bin/ceph: stdout "available": true,
2024-03-23T15:09:15.939 INFO:teuthology.orchestra.run.smithi117.stdout:/usr/bin/ceph: stdout "num_standbys": 0,
2024-03-23T15:09:15.939 INFO:teuthology.orchestra.run.smithi117.stdout:/usr/bin/ceph: stdout "modules": [
2024-03-23T15:09:15.939 INFO:teuthology.orchestra.run.smithi117.stdout:/usr/bin/ceph: stdout "iostat",
2024-03-23T15:09:15.939 INFO:teuthology.orchestra.run.smithi117.stdout:/usr/bin/ceph: stdout "nfs",
2024-03-23T15:09:15.939 INFO:teuthology.orchestra.run.smithi117.stdout:/usr/bin/ceph: stdout "restful"
2024-03-23T15:09:15.939 INFO:teuthology.orchestra.run.smithi117.stdout:/usr/bin/ceph: stdout ],
2024-03-23T15:09:15.939 INFO:teuthology.orchestra.run.smithi117.stdout:/usr/bin/ceph: stdout "services": {}
2024-03-23T15:09:15.939 INFO:teuthology.orchestra.run.smithi117.stdout:/usr/bin/ceph: stdout },
2024-03-23T15:09:15.939 INFO:teuthology.orchestra.run.smithi117.stdout:/usr/bin/ceph: stdout "servicemap": {
2024-03-23T15:09:15.939 INFO:teuthology.orchestra.run.smithi117.stdout:/usr/bin/ceph: stdout "epoch": 1,
2024-03-23T15:09:15.939 INFO:teuthology.orchestra.run.smithi117.stdout:/usr/bin/ceph: stdout "modified": "2024-03-23T15:08:53.452429+0000",
2024-03-23T15:09:15.939 INFO:teuthology.orchestra.run.smithi117.stdout:/usr/bin/ceph: stdout "services": {}
2024-03-23T15:09:15.939 INFO:teuthology.orchestra.run.smithi117.stdout:/usr/bin/ceph: stdout },
2024-03-23T15:09:15.939 INFO:teuthology.orchestra.run.smithi117.stdout:/usr/bin/ceph: stdout "progress_events": {}
2024-03-23T15:09:15.940 INFO:teuthology.orchestra.run.smithi117.stdout:/usr/bin/ceph: stdout }
2024-03-23T15:09:15.940 INFO:teuthology.orchestra.run.smithi117.stdout:/usr/bin/ceph: stderr
2024-03-23T15:09:15.002+0000 7f29be7ec700 1 Processor -- start
2024-03-23T15:09:15.940 INFO:teuthology.orchestra.run.smithi117.stdout:/usr/bin/ceph: stderr
2024-03-23T15:09:15.002+0000 7f29be7ec700 1 -- start start
2024-03-23T15:09:15.940 INFO:teuthology.orchestra.run.smithi117.stdout:/usr/bin/ceph: stderr
2024-03-23T15:09:15.002+0000 7f29be7ec700 1 --2- >> [v2:172.21.15.117:3300/0,v1:172.21.15.117:6789/0] conn(0x7f29b8106cd0 0x7f29b81070f0 unknown :-1 s=NONE pgs=0 cs=0 l=0 rev1=0 crypto rx=0 tx=0 comp rx=0 tx=0).connect
2024-03-23T15:09:15.940 INFO:teuthology.orchestra.run.smithi117.stdout:/usr/bin/ceph: stderr
2024-03-23T15:09:15.002+0000 7f29be7ec700 1 -- --> [v2:172.21.15.117:3300/0,v1:172.21.15.117:6789/0] -- mon_getmap magic: 0 -- 0x7f29b81076c0 con 0x7f29b8106cd0
2024-03-23T15:09:15.940 INFO:teuthology.orchestra.run.smithi117.stdout:/usr/bin/ceph: stderr
2024-03-23T15:09:15.002+0000 7f29b7fff700 1 --2- >> [v2:172.21.15.117:3300/0,v1:172.21.15.117:6789/0] conn(0x7f29b8106cd0 0x7f29b81070f0 unknown :-1 s=BANNER_CONNECTING pgs=0 cs=0 l=0 rev1=0 crypto rx=0 tx=0 comp rx=0 tx=0)._handle_peer_banner_payload supported=3 required=0
2024-03-23T15:09:15.940 INFO:teuthology.orchestra.run.smithi117.stdout:/usr/bin/ceph: stderr
2024-03-23T15:09:15.002+0000 7f29b7fff700 1 --2- >> [v2:172.21.15.117:3300/0,v1:172.21.15.117:6789/0] conn(0x7f29b8106cd0 0x7f29b81070f0 unknown :-1 s=HELLO_CONNECTING pgs=0 cs=0 l=0 rev1=1 crypto rx=0 tx=0 comp rx=0 tx=0).handle_hello peer v2:172.21.15.117:3300/0 says I am v2:172.21.15.117:45238/0 (socket says 172.21.15.117:45238)
2024-03-23T15:09:15.940 INFO:teuthology.orchestra.run.smithi117.stdout:/usr/bin/ceph: stderr
2024-03-23T15:09:15.002+0000 7f29b7fff700 1 -- 172.21.15.117:0/2367977522 learned_addr learned my addr 172.21.15.117:0/2367977522 (peer_addr_for_me v2:172.21.15.117:0/0)
2024-03-23T15:09:15.940 INFO:teuthology.orchestra.run.smithi117.stdout:/usr/bin/ceph: stderr
2024-03-23T15:09:15.003+0000 7f29b7fff700 1 -- 172.21.15.117:0/2367977522 --> [v2:172.21.15.117:3300/0,v1:172.21.15.117:6789/0] -- mon_subscribe({config=0+,monmap=0+}) -- 0x7f29b8107ed0 con 0x7f29b8106cd0
2024-03-23T15:09:15.940 INFO:teuthology.orchestra.run.smithi117.stdout:/usr/bin/ceph: stderr
2024-03-23T15:09:15.003+0000 7f29b7fff700 1 --2- 172.21.15.117:0/2367977522 >> [v2:172.21.15.117:3300/0,v1:172.21.15.117:6789/0] conn(0x7f29b8106cd0 0x7f29b81070f0 secure :-1 s=READY pgs=16 cs=0 l=1 rev1=1 crypto rx=0x7f29a80098a0 tx=0x7f29a8009bb0 comp rx=0 tx=0).ready entity=mon.0 client_cookie=510bd5affbc62e9b server_cookie=0 in_seq=0 out_seq=0
2024-03-23T15:09:15.940 INFO:teuthology.orchestra.run.smithi117.stdout:/usr/bin/ceph: stderr
2024-03-23T15:09:15.003+0000 7f29b6ffd700 1 -- 172.21.15.117:0/2367977522 <== mon.0 v2:172.21.15.117:3300/0 1 ==== mon_map magic: 0 ==== 205+0+0 (secure 0 0 0) 0x7f29a8004160 con 0x7f29b8106cd0
2024-03-23T15:09:15.940 INFO:teuthology.orchestra.run.smithi117.stdout:/usr/bin/ceph: stderr
2024-03-23T15:09:15.003+0000 7f29b6ffd700 1 -- 172.21.15.117:0/2367977522 <== mon.0 v2:172.21.15.117:3300/0 2 ==== config(28 keys) ==== 1140+0+0 (secure 0 0 0) 0x7f29a80042c0 con 0x7f29b8106cd0
2024-03-23T15:09:15.940 INFO:teuthology.orchestra.run.smithi117.stdout:/usr/bin/ceph: stderr
2024-03-23T15:09:15.003+0000 7f29b6ffd700 1 -- 172.21.15.117:0/2367977522 <== mon.0 v2:172.21.15.117:3300/0 3 ==== mon_map magic: 0 ==== 205+0+0 (secure 0 0 0) 0x7f29a8011b60 con 0x7f29b8106cd0
2024-03-23T15:09:15.940 INFO:teuthology.orchestra.run.smithi117.stdout:/usr/bin/ceph: stderr
2024-03-23T15:09:15.004+0000 7f29be7ec700 1 -- 172.21.15.117:0/2367977522 >> [v2:172.21.15.117:3300/0,v1:172.21.15.117:6789/0] conn(0x7f29b8106cd0 msgr2=0x7f29b81070f0 secure :-1 s=STATE_CONNECTION_ESTABLISHED l=1).mark_down
2024-03-23T15:09:15.941 INFO:teuthology.orchestra.run.smithi117.stdout:/usr/bin/ceph: stderr
2024-03-23T15:09:15.004+0000 7f29be7ec700 1 --2- 172.21.15.117:0/2367977522 >> [v2:172.21.15.117:3300/0,v1:172.21.15.117:6789/0] conn(0x7f29b8106cd0 0x7f29b81070f0 secure :-1 s=READY pgs=16 cs=0 l=1 rev1=1 crypto rx=0x7f29a80098a0 tx=0x7f29a8009bb0 comp rx=0 tx=0).stop
2024-03-23T15:09:15.941 INFO:teuthology.orchestra.run.smithi117.stdout:/usr/bin/ceph: stderr
2024-03-23T15:09:15.004+0000 7f29be7ec700 1 -- 172.21.15.117:0/2367977522 shutdown_connections
2024-03-23T15:09:15.941 INFO:teuthology.orchestra.run.smithi117.stdout:/usr/bin/ceph: stderr
2024-03-23T15:09:15.004+0000 7f29be7ec700 1 --2- 172.21.15.117:0/2367977522 >> [v2:172.21.15.117:3300/0,v1:172.21.15.117:6789/0] conn(0x7f29b8106cd0 0x7f29b81070f0 unknown :-1 s=CLOSED pgs=16 cs=0 l=1 rev1=1 crypto rx=0 tx=0 comp rx=0 tx=0).stop
2024-03-23T15:09:15.941 INFO:teuthology.orchestra.run.smithi117.stdout:/usr/bin/ceph: stderr
2024-03-23T15:09:15.004+0000 7f29be7ec700 1 -- 172.21.15.117:0/2367977522 >> 172.21.15.117:0/2367977522 conn(0x7f29b8102270 msgr2=0x7f29b81046b0 unknown :-1 s=STATE_NONE l=0).mark_down
2024-03-23T15:09:15.941 INFO:teuthology.orchestra.run.smithi117.stdout:/usr/bin/ceph: stderr
2024-03-23T15:09:15.004+0000 7f29be7ec700 1 -- 172.21.15.117:0/2367977522 shutdown_connections
2024-03-23T15:09:15.941 INFO:teuthology.orchestra.run.smithi117.stdout:/usr/bin/ceph: stderr
2024-03-23T15:09:15.004+0000 7f29be7ec700 1 -- 172.21.15.117:0/2367977522 wait complete.
2024-03-23T15:09:15.941 INFO:teuthology.orchestra.run.smithi117.stdout:/usr/bin/ceph: stderr
2024-03-23T15:09:15.004+0000 7f29be7ec700 1 Processor -- start
2024-03-23T15:09:15.941 INFO:teuthology.orchestra.run.smithi117.stdout:/usr/bin/ceph: stderr
2024-03-23T15:09:15.004+0000 7f29be7ec700 1 -- start start
2024-03-23T15:09:15.941 INFO:teuthology.orchestra.run.smithi117.stdout:/usr/bin/ceph: stderr
2024-03-23T15:09:15.005+0000 7f29be7ec700 1 --2- >> [v2:172.21.15.117:3300/0,v1:172.21.15.117:6789/0] conn(0x7f29b8106cd0 0x7f29b807ba90 unknown :-1 s=NONE pgs=0 cs=0 l=1 rev1=0 crypto rx=0 tx=0 comp rx=0 tx=0).connect
2024-03-23T15:09:15.941 INFO:teuthology.orchestra.run.smithi117.stdout:/usr/bin/ceph: stderr
2024-03-23T15:09:15.005+0000 7f29be7ec700 1 -- --> [v2:172.21.15.117:3300/0,v1:172.21.15.117:6789/0] -- mon_getmap magic: 0 -- 0x7f29b819e890 con 0x7f29b8106cd0
2024-03-23T15:09:15.941 INFO:teuthology.orchestra.run.smithi117.stdout:/usr/bin/ceph: stderr
2024-03-23T15:09:15.005+0000 7f29b7fff700 1 --2- >> [v2:172.21.15.117:3300/0,v1:172.21.15.117:6789/0] conn(0x7f29b8106cd0 0x7f29b807ba90 unknown :-1 s=BANNER_CONNECTING pgs=0 cs=0 l=1 rev1=0 crypto rx=0 tx=0 comp rx=0 tx=0)._handle_peer_banner_payload supported=3 required=0
2024-03-23T15:09:15.941 INFO:teuthology.orchestra.run.smithi117.stdout:/usr/bin/ceph: stderr
2024-03-23T15:09:15.005+0000 7f29b7fff700 1 --2- >> [v2:172.21.15.117:3300/0,v1:172.21.15.117:6789/0] conn(0x7f29b8106cd0 0x7f29b807ba90 unknown :-1 s=HELLO_CONNECTING pgs=0 cs=0 l=1 rev1=1 crypto rx=0 tx=0 comp rx=0 tx=0).handle_hello peer v2:172.21.15.117:3300/0 says I am v2:172.21.15.117:45244/0 (socket says 172.21.15.117:45244)
2024-03-23T15:09:15.941 INFO:teuthology.orchestra.run.smithi117.stdout:/usr/bin/ceph: stderr
2024-03-23T15:09:15.005+0000 7f29b7fff700 1 -- 172.21.15.117:0/1944231121 learned_addr learned my addr 172.21.15.117:0/1944231121 (peer_addr_for_me v2:172.21.15.117:0/0)
2024-03-23T15:09:15.941 INFO:teuthology.orchestra.run.smithi117.stdout:/usr/bin/ceph: stderr
2024-03-23T15:09:15.005+0000 7f29b7fff700 1 -- 172.21.15.117:0/1944231121 --> [v2:172.21.15.117:3300/0,v1:172.21.15.117:6789/0] -- mon_subscribe({config=0+,monmap=0+}) -- 0x7f29a8009550 con 0x7f29b8106cd0
2024-03-23T15:09:15.942 INFO:teuthology.orchestra.run.smithi117.stdout:/usr/bin/ceph: stderr
2024-03-23T15:09:15.005+0000 7f29b7fff700 1 --2- 172.21.15.117:0/1944231121 >> [v2:172.21.15.117:3300/0,v1:172.21.15.117:6789/0] conn(0x7f29b8106cd0 0x7f29b807ba90 secure :-1 s=READY pgs=17 cs=0 l=1 rev1=1 crypto rx=0x7f29a8003fb0 tx=0x7f29a8011bc0 comp rx=0 tx=0).ready entity=mon.0 client_cookie=0 server_cookie=0 in_seq=0 out_seq=0
2024-03-23T15:09:15.942 INFO:teuthology.orchestra.run.smithi117.stdout:/usr/bin/ceph: stderr
2024-03-23T15:09:15.005+0000 7f29b57fa700 1 -- 172.21.15.117:0/1944231121 <== mon.0 v2:172.21.15.117:3300/0 1 ==== mon_map magic: 0 ==== 205+0+0 (secure 0 0 0) 0x7f29a8003af0 con 0x7f29b8106cd0
2024-03-23T15:09:15.942 INFO:teuthology.orchestra.run.smithi117.stdout:/usr/bin/ceph: stderr
2024-03-23T15:09:15.005+0000 7f29b57fa700 1 -- 172.21.15.117:0/1944231121 <== mon.0 v2:172.21.15.117:3300/0 2 ==== config(28 keys) ==== 1140+0+0 (secure 0 0 0) 0x7f29a8003c50 con 0x7f29b8106cd0
2024-03-23T15:09:15.942 INFO:teuthology.orchestra.run.smithi117.stdout:/usr/bin/ceph: stderr
2024-03-23T15:09:15.005+0000 7f29be7ec700 1 -- 172.21.15.117:0/1944231121 --> [v2:172.21.15.117:3300/0,v1:172.21.15.117:6789/0] -- mon_subscribe({mgrmap=0+}) -- 0x7f29b819e9d0 con 0x7f29b8106cd0
2024-03-23T15:09:15.942 INFO:teuthology.orchestra.run.smithi117.stdout:/usr/bin/ceph: stderr
2024-03-23T15:09:15.005+0000 7f29b57fa700 1 -- 172.21.15.117:0/1944231121 <== mon.0 v2:172.21.15.117:3300/0 3 ==== mon_map magic: 0 ==== 205+0+0 (secure 0 0 0) 0x7f29a8024760 con 0x7f29b8106cd0
2024-03-23T15:09:15.942 INFO:teuthology.orchestra.run.smithi117.stdout:/usr/bin/ceph: stderr
2024-03-23T15:09:15.005+0000 7f29be7ec700 1 -- 172.21.15.117:0/1944231121 --> [v2:172.21.15.117:3300/0,v1:172.21.15.117:6789/0] -- mon_subscribe({osdmap=0}) -- 0x7f29b819edb0 con 0x7f29b8106cd0
2024-03-23T15:09:15.942 INFO:teuthology.orchestra.run.smithi117.stdout:/usr/bin/ceph: stderr
2024-03-23T15:09:15.006+0000 7f29b57fa700 1 -- 172.21.15.117:0/1944231121 <== mon.0 v2:172.21.15.117:3300/0 4 ==== mgrmap(e 4) ==== 45917+0+0 (secure 0 0 0) 0x7f29a802d3f0 con 0x7f29b8106cd0
2024-03-23T15:09:15.942 INFO:teuthology.orchestra.run.smithi117.stdout:/usr/bin/ceph: stderr
2024-03-23T15:09:15.006+0000 7f29b57fa700 1 --2- 172.21.15.117:0/1944231121 >> [v2:172.21.15.117:6800/3221984872,v1:172.21.15.117:6801/3221984872] conn(0x7f29a0038e40 0x7f29a003b300 unknown :-1 s=NONE pgs=0 cs=0 l=1 rev1=0 crypto rx=0 tx=0 comp rx=0 tx=0).connect
2024-03-23T15:09:15.942 INFO:teuthology.orchestra.run.smithi117.stdout:/usr/bin/ceph: stderr
2024-03-23T15:09:15.006+0000 7f29b57fa700 1 -- 172.21.15.117:0/1944231121 <== mon.0 v2:172.21.15.117:3300/0 5 ==== osd_map(1..1 src has 1..1) ==== 725+0+0 (secure 0 0 0) 0x7f29a804dd30 con 0x7f29b8106cd0
2024-03-23T15:09:15.942 INFO:teuthology.orchestra.run.smithi117.stdout:/usr/bin/ceph: stderr
2024-03-23T15:09:15.006+0000 7f29b77fe700 1 --2- 172.21.15.117:0/1944231121 >> [v2:172.21.15.117:6800/3221984872,v1:172.21.15.117:6801/3221984872] conn(0x7f29a0038e40 0x7f29a003b300 unknown :-1 s=BANNER_CONNECTING pgs=0 cs=0 l=1 rev1=0 crypto rx=0 tx=0 comp rx=0 tx=0)._handle_peer_banner_payload supported=3 required=0
2024-03-23T15:09:15.942 INFO:teuthology.orchestra.run.smithi117.stdout:/usr/bin/ceph: stderr
2024-03-23T15:09:15.007+0000 7f29be7ec700 1 -- 172.21.15.117:0/1944231121 --> [v2:172.21.15.117:3300/0,v1:172.21.15.117:6789/0] -- mon_command({"prefix": "get_command_descriptions"} v 0) -- 0x7f29b810b100 con 0x7f29b8106cd0
2024-03-23T15:09:15.942 INFO:teuthology.orchestra.run.smithi117.stdout:/usr/bin/ceph: stderr
2024-03-23T15:09:15.007+0000 7f29b77fe700 1 --2- 172.21.15.117:0/1944231121 >> [v2:172.21.15.117:6800/3221984872,v1:172.21.15.117:6801/3221984872] conn(0x7f29a0038e40 0x7f29a003b300 secure :-1 s=READY pgs=6 cs=0 l=1 rev1=1 crypto rx=0x7f29ac006fd0 tx=0x7f29ac006e40 comp rx=0 tx=0).ready entity=mgr.14100 client_cookie=0 server_cookie=0 in_seq=0 out_seq=0
2024-03-23T15:09:15.942 INFO:teuthology.orchestra.run.smithi117.stdout:/usr/bin/ceph: stderr
2024-03-23T15:09:15.012+0000 7f29b57fa700 1 -- 172.21.15.117:0/1944231121 <== mon.0 v2:172.21.15.117:3300/0 6 ==== mon_command_ack([{"prefix": "get_command_descriptions"}]=0 v0) ==== 72+0+184932 (secure 0 0 0) 0x7f29a802d6a0 con 0x7f29b8106cd0
2024-03-23T15:09:15.943 INFO:teuthology.orchestra.run.smithi117.stdout:/usr/bin/ceph: stderr
2024-03-23T15:09:15.283+0000 7f29be7ec700 1 -- 172.21.15.117:0/1944231121 --> [v2:172.21.15.117:3300/0,v1:172.21.15.117:6789/0] -- mon_command({"prefix": "status", "format": "json-pretty"} v 0) -- 0x7f29b810b2e0 con 0x7f29b8106cd0
2024-03-23T15:09:15.943 INFO:teuthology.orchestra.run.smithi117.stdout:/usr/bin/ceph: stderr
