2024-03-23T15:09:45.237 INFO:teuthology.orchestra.run.smithi117.stdout:/usr/bin/ceph: stderr
2024-03-23T15:09:43.454+0000 7f0236816700 1 -- 172.21.15.117:0/3094636443 --> [v2:172.21.15.117:3300/0,v1:172.21.15.117:6789/0] -- mon_subscribe({osdmap=0}) -- 0x7f023019e990 con 0x7f023007dec0
2024-03-23T15:09:45.237 INFO:teuthology.orchestra.run.smithi117.stdout:/usr/bin/ceph: stderr
2024-03-23T15:09:43.455+0000 7f022d7fa700 1 -- 172.21.15.117:0/3094636443 <== mon.0 v2:172.21.15.117:3300/0 4 ==== mgrmap(e 8) ==== 45928+0+0 (secure 0 0 0) 0x7f022401a900 con 0x7f023007dec0
2024-03-23T15:09:45.238 INFO:teuthology.orchestra.run.smithi117.stdout:/usr/bin/ceph: stderr
2024-03-23T15:09:43.455+0000 7f0236816700 1 -- 172.21.15.117:0/3094636443 --> [v2:172.21.15.117:3300/0,v1:172.21.15.117:6789/0] -- mon_command({"prefix": "get_command_descriptions"} v 0) -- 0x7f023010e1e0 con 0x7f023007dec0
2024-03-23T15:09:45.238 INFO:teuthology.orchestra.run.smithi117.stdout:/usr/bin/ceph: stderr
2024-03-23T15:09:43.455+0000 7f022d7fa700 1 --2- 172.21.15.117:0/3094636443 >> [v2:172.21.15.117:6800/161634099,v1:172.21.15.117:6801/161634099] conn(0x7f0218038e90 0x7f021803b350 unknown :-1 s=NONE pgs=0 cs=0 l=1 rev1=0 crypto rx=0 tx=0 comp rx=0 tx=0).connect
2024-03-23T15:09:45.238 INFO:teuthology.orchestra.run.smithi117.stdout:/usr/bin/ceph: stderr
2024-03-23T15:09:43.455+0000 7f022d7fa700 1 -- 172.21.15.117:0/3094636443 <== mon.0 v2:172.21.15.117:3300/0 5 ==== osd_map(2..2 src has 1..2) ==== 940+0+0 (secure 0 0 0) 0x7f0224011e40 con 0x7f023007dec0
2024-03-23T15:09:45.238 INFO:teuthology.orchestra.run.smithi117.stdout:/usr/bin/ceph: stderr
2024-03-23T15:09:43.455+0000 7f022f7fe700 1 --2- 172.21.15.117:0/3094636443 >> [v2:172.21.15.117:6800/161634099,v1:172.21.15.117:6801/161634099] conn(0x7f0218038e90 0x7f021803b350 unknown :-1 s=BANNER_CONNECTING pgs=0 cs=0 l=1 rev1=0 crypto rx=0 tx=0 comp rx=0 tx=0)._handle_peer_banner_payload supported=3 required=0
2024-03-23T15:09:45.238 INFO:teuthology.orchestra.run.smithi117.stdout:/usr/bin/ceph: stderr
2024-03-23T15:09:43.456+0000 7f022f7fe700 1 --2- 172.21.15.117:0/3094636443 >> [v2:172.21.15.117:6800/161634099,v1:172.21.15.117:6801/161634099] conn(0x7f0218038e90 0x7f021803b350 secure :-1 s=READY pgs=16 cs=0 l=1 rev1=1 crypto rx=0x7f0220006fd0 tx=0x7f0220006e40 comp rx=0 tx=0).ready entity=mgr.14118 client_cookie=0 server_cookie=0 in_seq=0 out_seq=0
2024-03-23T15:09:45.238 INFO:teuthology.orchestra.run.smithi117.stdout:/usr/bin/ceph: stderr
2024-03-23T15:09:43.465+0000 7f022d7fa700 1 -- 172.21.15.117:0/3094636443 <== mon.0 v2:172.21.15.117:3300/0 6 ==== mon_command_ack([{"prefix": "get_command_descriptions"}]=0 v0) ==== 72+0+184932 (secure 0 0 0) 0x7f0224018a40 con 0x7f023007dec0
2024-03-23T15:09:45.238 INFO:teuthology.orchestra.run.smithi117.stdout:/usr/bin/ceph: stderr
2024-03-23T15:09:43.732+0000 7f0236816700 1 -- 172.21.15.117:0/3094636443 --> [v2:172.21.15.117:3300/0,v1:172.21.15.117:6789/0] -- mon_command({"prefix": "mgr module enable", "module": "dashboard"} v 0) -- 0x7f02301a1230 con 0x7f023007dec0
2024-03-23T15:09:45.238 INFO:teuthology.orchestra.run.smithi117.stdout:/usr/bin/ceph: stderr
2024-03-23T15:09:44.475+0000 7f022d7fa700 1 -- 172.21.15.117:0/3094636443 <== mon.0 v2:172.21.15.117:3300/0 7 ==== mon_command_ack([{"prefix": "mgr module enable", "module": "dashboard"}]=0 v9) ==== 88+0+0 (secure 0 0 0) 0x7f0224018350 con 0x7f023007dec0
2024-03-23T15:09:45.238 INFO:teuthology.orchestra.run.smithi117.stdout:/usr/bin/ceph: stderr
2024-03-23T15:09:44.476+0000 7f022d7fa700 1 -- 172.21.15.117:0/3094636443 <== mon.0 v2:172.21.15.117:3300/0 8 ==== mgrmap(e 9) ==== 45941+0+0 (secure 0 0 0) 0x7f022402d960 con 0x7f023007dec0
2024-03-23T15:09:45.238 INFO:teuthology.orchestra.run.smithi117.stdout:/usr/bin/ceph: stderr
2024-03-23T15:09:44.478+0000 7f0236816700 1 -- 172.21.15.117:0/3094636443 >> [v2:172.21.15.117:6800/161634099,v1:172.21.15.117:6801/161634099] conn(0x7f0218038e90 msgr2=0x7f021803b350 secure :-1 s=STATE_CONNECTION_ESTABLISHED l=1).mark_down
2024-03-23T15:09:45.238 INFO:teuthology.orchestra.run.smithi117.stdout:/usr/bin/ceph: stderr
2024-03-23T15:09:44.478+0000 7f0236816700 1 --2- 172.21.15.117:0/3094636443 >> [v2:172.21.15.117:6800/161634099,v1:172.21.15.117:6801/161634099] conn(0x7f0218038e90 0x7f021803b350 secure :-1 s=READY pgs=16 cs=0 l=1 rev1=1 crypto rx=0x7f0220006fd0 tx=0x7f0220006e40 comp rx=0 tx=0).stop
2024-03-23T15:09:45.238 INFO:teuthology.orchestra.run.smithi117.stdout:/usr/bin/ceph: stderr
2024-03-23T15:09:44.478+0000 7f0236816700 1 -- 172.21.15.117:0/3094636443 >> [v2:172.21.15.117:3300/0,v1:172.21.15.117:6789/0] conn(0x7f023007dec0 msgr2=0x7f023019ddb0 secure :-1 s=STATE_CONNECTION_ESTABLISHED l=1).mark_down
2024-03-23T15:09:45.238 INFO:teuthology.orchestra.run.smithi117.stdout:/usr/bin/ceph: stderr
2024-03-23T15:09:44.478+0000 7f0236816700 1 --2- 172.21.15.117:0/3094636443 >> [v2:172.21.15.117:3300/0,v1:172.21.15.117:6789/0] conn(0x7f023007dec0 0x7f023019ddb0 secure :-1 s=READY pgs=54 cs=0 l=1 rev1=1 crypto rx=0x7f0224011670 tx=0x7f0224011be0 comp rx=0 tx=0).stop
2024-03-23T15:09:45.239 INFO:teuthology.orchestra.run.smithi117.stdout:/usr/bin/ceph: stderr
2024-03-23T15:09:44.478+0000 7f0236816700 1 -- 172.21.15.117:0/3094636443 shutdown_connections
2024-03-23T15:09:45.239 INFO:teuthology.orchestra.run.smithi117.stdout:/usr/bin/ceph: stderr
2024-03-23T15:09:44.478+0000 7f0236816700 1 --2- 172.21.15.117:0/3094636443 >> [v2:172.21.15.117:6800/161634099,v1:172.21.15.117:6801/161634099] conn(0x7f0218038e90 0x7f021803b350 unknown :-1 s=CLOSED pgs=16 cs=0 l=1 rev1=1 crypto rx=0 tx=0 comp rx=0 tx=0).stop
2024-03-23T15:09:45.239 INFO:teuthology.orchestra.run.smithi117.stdout:/usr/bin/ceph: stderr
2024-03-23T15:09:44.478+0000 7f0236816700 1 --2- 172.21.15.117:0/3094636443 >> [v2:172.21.15.117:3300/0,v1:172.21.15.117:6789/0] conn(0x7f023007dec0 0x7f023019ddb0 unknown :-1 s=CLOSED pgs=54 cs=0 l=1 rev1=1 crypto rx=0 tx=0 comp rx=0 tx=0).stop
2024-03-23T15:09:45.239 INFO:teuthology.orchestra.run.smithi117.stdout:/usr/bin/ceph: stderr
2024-03-23T15:09:44.478+0000 7f0236816700 1 -- 172.21.15.117:0/3094636443 >> 172.21.15.117:0/3094636443 conn(0x7f02301032a0 msgr2=0x7f0230103e60 unknown :-1 s=STATE_NONE l=0).mark_down
2024-03-23T15:09:45.239 INFO:teuthology.orchestra.run.smithi117.stdout:/usr/bin/ceph: stderr
2024-03-23T15:09:44.478+0000 7f0236816700 1 -- 172.21.15.117:0/3094636443 shutdown_connections
2024-03-23T15:09:45.239 INFO:teuthology.orchestra.run.smithi117.stdout:/usr/bin/ceph: stderr
2024-03-23T15:09:44.478+0000 7f0236816700 1 -- 172.21.15.117:0/3094636443 wait complete.
2024-03-23T15:09:45.797 INFO:journalctl@ceph.mon.a.smithi117.stdout:Mar 23 15:09:45 smithi117 ceph-mon[32023]: from='client.? 172.21.15.117:0/3094636443' entity='client.admin' cmd='[{"prefix": "mgr module enable", "module": "dashboard"}]': finished
2024-03-23T15:09:45.797 INFO:journalctl@ceph.mon.a.smithi117.stdout:Mar 23 15:09:45 smithi117 ceph-mon[32023]: mgrmap e9: x(active, since 19s)
2024-03-23T15:09:46.134 INFO:journalctl@ceph.mgr.x.smithi117.stdout:Mar 23 15:09:45 smithi117 ceph-21614f8c-e927-11ee-95cd-87774f69a715-mgr-x[32254]:
2024-03-23T15:09:45.794+0000 7fd6860eb200 -1 mgr[py] Module zabbix has missing NOTIFY_TYPES member
2024-03-23T15:09:46.134 INFO:journalctl@ceph.mgr.x.smithi117.stdout:Mar 23 15:09:45 smithi117 ceph-21614f8c-e927-11ee-95cd-87774f69a715-mgr-x[32254]:
2024-03-23T15:09:45.889+0000 7fd6860eb200 -1 mgr[py] Module balancer has missing NOTIFY_TYPES member
2024-03-23T15:09:46.134 INFO:journalctl@ceph.mgr.x.smithi117.stdout:Mar 23 15:09:46 smithi117 ceph-21614f8c-e927-11ee-95cd-87774f69a715-mgr-x[32254]:
2024-03-23T15:09:46.035+0000 7fd6860eb200 -1 mgr[py] Module influx has missing NOTIFY_TYPES member
2024-03-23T15:09:46.134 INFO:journalctl@ceph.mgr.x.smithi117.stdout:Mar 23 15:09:46 smithi117 ceph-21614f8c-e927-11ee-95cd-87774f69a715-mgr-x[32254]:
2024-03-23T15:09:46.131+0000 7fd6860eb200 -1 mgr[py] Module alerts has missing NOTIFY_TYPES member
2024-03-23T15:09:46.403 INFO:journalctl@ceph.mgr.x.smithi117.stdout:Mar 23 15:09:46 smithi117 ceph-21614f8c-e927-11ee-95cd-87774f69a715-mgr-x[32254]:
2024-03-23T15:09:46.215+0000 7fd6860eb200 -1 mgr[py] Module iostat has missing NOTIFY_TYPES member
2024-03-23T15:09:46.500 INFO:teuthology.orchestra.run.smithi117.stdout:/usr/bin/ceph: stdout {
2024-03-23T15:09:46.501 INFO:teuthology.orchestra.run.smithi117.stdout:/usr/bin/ceph: stdout "epoch": 9,
2024-03-23T15:09:46.501 INFO:teuthology.orchestra.run.smithi117.stdout:/usr/bin/ceph: stdout "available": true,
2024-03-23T15:09:46.501 INFO:teuthology.orchestra.run.smithi117.stdout:/usr/bin/ceph: stdout "active_name": "x",
2024-03-23T15:09:46.501 INFO:teuthology.orchestra.run.smithi117.stdout:/usr/bin/ceph: stdout "num_standby": 0
2024-03-23T15:09:46.501 INFO:teuthology.orchestra.run.smithi117.stdout:/usr/bin/ceph: stdout }
2024-03-23T15:09:46.501 INFO:teuthology.orchestra.run.smithi117.stdout:/usr/bin/ceph: stderr
2024-03-23T15:09:45.652+0000 7f583555d700 1 Processor -- start
2024-03-23T15:09:46.501 INFO:teuthology.orchestra.run.smithi117.stdout:/usr/bin/ceph: stderr
2024-03-23T15:09:45.652+0000 7f583555d700 1 -- start start
2024-03-23T15:09:46.501 INFO:teuthology.orchestra.run.smithi117.stdout:/usr/bin/ceph: stderr
2024-03-23T15:09:45.652+0000 7f583555d700 1 --2- >> [v2:172.21.15.117:3300/0,v1:172.21.15.117:6789/0] conn(0x7f583007de30 0x7f583007c2e0 unknown :-1 s=NONE pgs=0 cs=0 l=0 rev1=0 crypto rx=0 tx=0 comp rx=0 tx=0).connect
2024-03-23T15:09:46.501 INFO:teuthology.orchestra.run.smithi117.stdout:/usr/bin/ceph: stderr
2024-03-23T15:09:45.652+0000 7f583555d700 1 -- --> [v2:172.21.15.117:3300/0,v1:172.21.15.117:6789/0] -- mon_getmap magic: 0 -- 0x7f583007c820 con 0x7f583007de30
2024-03-23T15:09:46.501 INFO:teuthology.orchestra.run.smithi117.stdout:/usr/bin/ceph: stderr
2024-03-23T15:09:45.652+0000 7f582effd700 1 --2- >> [v2:172.21.15.117:3300/0,v1:172.21.15.117:6789/0] conn(0x7f583007de30 0x7f583007c2e0 unknown :-1 s=BANNER_CONNECTING pgs=0 cs=0 l=0 rev1=0 crypto rx=0 tx=0 comp rx=0 tx=0)._handle_peer_banner_payload supported=3 required=0
2024-03-23T15:09:46.501 INFO:teuthology.orchestra.run.smithi117.stdout:/usr/bin/ceph: stderr
2024-03-23T15:09:45.652+0000 7f582effd700 1 --2- >> [v2:172.21.15.117:3300/0,v1:172.21.15.117:6789/0] conn(0x7f583007de30 0x7f583007c2e0 unknown :-1 s=HELLO_CONNECTING pgs=0 cs=0 l=0 rev1=1 crypto rx=0 tx=0 comp rx=0 tx=0).handle_hello peer v2:172.21.15.117:3300/0 says I am v2:172.21.15.117:45696/0 (socket says 172.21.15.117:45696)
2024-03-23T15:09:46.501 INFO:teuthology.orchestra.run.smithi117.stdout:/usr/bin/ceph: stderr
2024-03-23T15:09:45.652+0000 7f582effd700 1 -- 172.21.15.117:0/3628199578 learned_addr learned my addr 172.21.15.117:0/3628199578 (peer_addr_for_me v2:172.21.15.117:0/0)
2024-03-23T15:09:46.501 INFO:teuthology.orchestra.run.smithi117.stdout:/usr/bin/ceph: stderr
2024-03-23T15:09:45.653+0000 7f582effd700 1 -- 172.21.15.117:0/3628199578 --> [v2:172.21.15.117:3300/0,v1:172.21.15.117:6789/0] -- mon_subscribe({config=0+,monmap=0+}) -- 0x7f583007c960 con 0x7f583007de30
2024-03-23T15:09:46.501 INFO:teuthology.orchestra.run.smithi117.stdout:/usr/bin/ceph: stderr
2024-03-23T15:09:45.653+0000 7f582effd700 1 --2- 172.21.15.117:0/3628199578 >> [v2:172.21.15.117:3300/0,v1:172.21.15.117:6789/0] conn(0x7f583007de30 0x7f583007c2e0 secure :-1 s=READY pgs=57 cs=0 l=1 rev1=1 crypto rx=0x7f58240098a0 tx=0x7f5824009bb0 comp rx=0 tx=0).ready entity=mon.0 client_cookie=8156b55541dd39c8 server_cookie=0 in_seq=0 out_seq=0
2024-03-23T15:09:46.502 INFO:teuthology.orchestra.run.smithi117.stdout:/usr/bin/ceph: stderr
2024-03-23T15:09:45.653+0000 7f582dffb700 1 -- 172.21.15.117:0/3628199578 <== mon.0 v2:172.21.15.117:3300/0 1 ==== mon_map magic: 0 ==== 205+0+0 (secure 0 0 0) 0x7f5824004160 con 0x7f583007de30
2024-03-23T15:09:46.502 INFO:teuthology.orchestra.run.smithi117.stdout:/usr/bin/ceph: stderr
2024-03-23T15:09:45.653+0000 7f582dffb700 1 -- 172.21.15.117:0/3628199578 <== mon.0 v2:172.21.15.117:3300/0 2 ==== config(28 keys) ==== 1171+0+0 (secure 0 0 0) 0x7f58240042c0 con 0x7f583007de30
2024-03-23T15:09:46.502 INFO:teuthology.orchestra.run.smithi117.stdout:/usr/bin/ceph: stderr
2024-03-23T15:09:45.653+0000 7f582dffb700 1 -- 172.21.15.117:0/3628199578 <== mon.0 v2:172.21.15.117:3300/0 3 ==== mon_map magic: 0 ==== 205+0+0 (secure 0 0 0) 0x7f5824011b80 con 0x7f583007de30
2024-03-23T15:09:46.502 INFO:teuthology.orchestra.run.smithi117.stdout:/usr/bin/ceph: stderr
2024-03-23T15:09:45.654+0000 7f583555d700 1 -- 172.21.15.117:0/3628199578 >> [v2:172.21.15.117:3300/0,v1:172.21.15.117:6789/0] conn(0x7f583007de30 msgr2=0x7f583007c2e0 secure :-1 s=STATE_CONNECTION_ESTABLISHED l=1).mark_down
2024-03-23T15:09:46.502 INFO:teuthology.orchestra.run.smithi117.stdout:/usr/bin/ceph: stderr
2024-03-23T15:09:45.654+0000 7f583555d700 1 --2- 172.21.15.117:0/3628199578 >> [v2:172.21.15.117:3300/0,v1:172.21.15.117:6789/0] conn(0x7f583007de30 0x7f583007c2e0 secure :-1 s=READY pgs=57 cs=0 l=1 rev1=1 crypto rx=0x7f58240098a0 tx=0x7f5824009bb0 comp rx=0 tx=0).stop
2024-03-23T15:09:46.502 INFO:teuthology.orchestra.run.smithi117.stdout:/usr/bin/ceph: stderr
2024-03-23T15:09:45.654+0000 7f583555d700 1 -- 172.21.15.117:0/3628199578 shutdown_connections
2024-03-23T15:09:46.502 INFO:teuthology.orchestra.run.smithi117.stdout:/usr/bin/ceph: stderr
2024-03-23T15:09:45.654+0000 7f583555d700 1 --2- 172.21.15.117:0/3628199578 >> [v2:172.21.15.117:3300/0,v1:172.21.15.117:6789/0] conn(0x7f583007de30 0x7f583007c2e0 unknown :-1 s=CLOSED pgs=57 cs=0 l=1 rev1=1 crypto rx=0 tx=0 comp rx=0 tx=0).stop
2024-03-23T15:09:46.502 INFO:teuthology.orchestra.run.smithi117.stdout:/usr/bin/ceph: stderr
2024-03-23T15:09:45.654+0000 7f583555d700 1 -- 172.21.15.117:0/3628199578 >> 172.21.15.117:0/3628199578 conn(0x7f5830103340 msgr2=0x7f5830105760 unknown :-1 s=STATE_NONE l=0).mark_down
2024-03-23T15:09:46.502 INFO:teuthology.orchestra.run.smithi117.stdout:/usr/bin/ceph: stderr
2024-03-23T15:09:45.654+0000 7f583555d700 1 -- 172.21.15.117:0/3628199578 shutdown_connections
2024-03-23T15:09:46.502 INFO:teuthology.orchestra.run.smithi117.stdout:/usr/bin/ceph: stderr
2024-03-23T15:09:45.654+0000 7f583555d700 1 -- 172.21.15.117:0/3628199578 wait complete.
2024-03-23T15:09:46.502 INFO:teuthology.orchestra.run.smithi117.stdout:/usr/bin/ceph: stderr
2024-03-23T15:09:45.654+0000 7f583555d700 1 Processor -- start
2024-03-23T15:09:46.502 INFO:teuthology.orchestra.run.smithi117.stdout:/usr/bin/ceph: stderr
2024-03-23T15:09:45.655+0000 7f583555d700 1 -- start start
2024-03-23T15:09:46.502 INFO:teuthology.orchestra.run.smithi117.stdout:/usr/bin/ceph: stderr
2024-03-23T15:09:45.655+0000 7f583555d700 1 --2- >> [v2:172.21.15.117:3300/0,v1:172.21.15.117:6789/0] conn(0x7f583007de30 0x7f583019dd00 unknown :-1 s=NONE pgs=0 cs=0 l=1 rev1=0 crypto rx=0 tx=0 comp rx=0 tx=0).connect
2024-03-23T15:09:46.503 INFO:teuthology.orchestra.run.smithi117.stdout:/usr/bin/ceph: stderr
2024-03-23T15:09:45.655+0000 7f583555d700 1 -- --> [v2:172.21.15.117:3300/0,v1:172.21.15.117:6789/0] -- mon_getmap magic: 0 -- 0x7f583019e240 con 0x7f583007de30
2024-03-23T15:09:46.503 INFO:teuthology.orchestra.run.smithi117.stdout:/usr/bin/ceph: stderr
2024-03-23T15:09:45.655+0000 7f582effd700 1 --2- >> [v2:172.21.15.117:3300/0,v1:172.21.15.117:6789/0] conn(0x7f583007de30 0x7f583019dd00 unknown :-1 s=BANNER_CONNECTING pgs=0 cs=0 l=1 rev1=0 crypto rx=0 tx=0 comp rx=0 tx=0)._handle_peer_banner_payload supported=3 required=0
2024-03-23T15:09:46.503 INFO:teuthology.orchestra.run.smithi117.stdout:/usr/bin/ceph: stderr
2024-03-23T15:09:45.655+0000 7f582effd700 1 --2- >> [v2:172.21.15.117:3300/0,v1:172.21.15.117:6789/0] conn(0x7f583007de30 0x7f583019dd00 unknown :-1 s=HELLO_CONNECTING pgs=0 cs=0 l=1 rev1=1 crypto rx=0 tx=0 comp rx=0 tx=0).handle_hello peer v2:172.21.15.117:3300/0 says I am v2:172.21.15.117:45698/0 (socket says 172.21.15.117:45698)
2024-03-23T15:09:46.503 INFO:teuthology.orchestra.run.smithi117.stdout:/usr/bin/ceph: stderr
2024-03-23T15:09:45.655+0000 7f582effd700 1 -- 172.21.15.117:0/2218111023 learned_addr learned my addr 172.21.15.117:0/2218111023 (peer_addr_for_me v2:172.21.15.117:0/0)
2024-03-23T15:09:46.503 INFO:teuthology.orchestra.run.smithi117.stdout:/usr/bin/ceph: stderr
2024-03-23T15:09:45.655+0000 7f582effd700 1 -- 172.21.15.117:0/2218111023 --> [v2:172.21.15.117:3300/0,v1:172.21.15.117:6789/0] -- mon_subscribe({config=0+,monmap=0+}) -- 0x7f5824009550 con 0x7f583007de30
2024-03-23T15:09:46.503 INFO:teuthology.orchestra.run.smithi117.stdout:/usr/bin/ceph: stderr
2024-03-23T15:09:45.655+0000 7f582effd700 1 --2- 172.21.15.117:0/2218111023 >> [v2:172.21.15.117:3300/0,v1:172.21.15.117:6789/0] conn(0x7f583007de30 0x7f583019dd00 secure :-1 s=READY pgs=58 cs=0 l=1 rev1=1 crypto rx=0x7f5824011670 tx=0x7f5824011be0 comp rx=0 tx=0).ready entity=mon.0 client_cookie=0 server_cookie=0 in_seq=0 out_seq=0
2024-03-23T15:09:46.503 INFO:teuthology.orchestra.run.smithi117.stdout:/usr/bin/ceph: stderr
2024-03-23T15:09:45.655+0000 7f5817fff700 1 -- 172.21.15.117:0/2218111023 <== mon.0 v2:172.21.15.117:3300/0 1 ==== mon_map magic: 0 ==== 205+0+0 (secure 0 0 0) 0x7f58240039c0 con 0x7f583007de30
2024-03-23T15:09:46.503 INFO:teuthology.orchestra.run.smithi117.stdout:/usr/bin/ceph: stderr
2024-03-23T15:09:45.656+0000 7f5817fff700 1 -- 172.21.15.117:0/2218111023 <== mon.0 v2:172.21.15.117:3300/0 2 ==== config(28 keys) ==== 1171+0+0 (secure 0 0 0) 0x7f5824003b20 con 0x7f583007de30
2024-03-23T15:09:46.503 INFO:teuthology.orchestra.run.smithi117.stdout:/usr/bin/ceph: stderr
2024-03-23T15:09:45.656+0000 7f583555d700 1 -- 172.21.15.117:0/2218111023 --> [v2:172.21.15.117:3300/0,v1:172.21.15.117:6789/0] -- mon_subscribe({mgrmap=0+}) -- 0x7f583019e440 con 0x7f583007de30
2024-03-23T15:09:46.503 INFO:teuthology.orchestra.run.smithi117.stdout:/usr/bin/ceph: stderr
2024-03-23T15:09:45.656+0000 7f5817fff700 1 -- 172.21.15.117:0/2218111023 <== mon.0 v2:172.21.15.117:3300/0 3 ==== mon_map magic: 0 ==== 205+0+0 (secure 0 0 0) 0x7f582401a6d0 con 0x7f583007de30
2024-03-23T15:09:46.503 INFO:teuthology.orchestra.run.smithi117.stdout:/usr/bin/ceph: stderr
2024-03-23T15:09:45.656+0000 7f583555d700 1 -- 172.21.15.117:0/2218111023 --> [v2:172.21.15.117:3300/0,v1:172.21.15.117:6789/0] -- mon_subscribe({osdmap=0}) -- 0x7f583019e8e0 con 0x7f583007de30
2024-03-23T15:09:46.503 INFO:teuthology.orchestra.run.smithi117.stdout:/usr/bin/ceph: stderr
2024-03-23T15:09:45.656+0000 7f5817fff700 1 -- 172.21.15.117:0/2218111023 <== mon.0 v2:172.21.15.117:3300/0 4 ==== mgrmap(e 9) ==== 45941+0+0 (secure 0 0 0) 0x7f582401a990 con 0x7f583007de30
2024-03-23T15:09:46.503 INFO:teuthology.orchestra.run.smithi117.stdout:/usr/bin/ceph: stderr
2024-03-23T15:09:45.657+0000 7f583555d700 1 -- 172.21.15.117:0/2218111023 --> [v2:172.21.15.117:3300/0,v1:172.21.15.117:6789/0] -- mon_command({"prefix": "get_command_descriptions"} v 0) -- 0x7f583010e1c0 con 0x7f583007de30
2024-03-23T15:09:46.503 INFO:teuthology.orchestra.run.smithi117.stdout:/usr/bin/ceph: stderr
2024-03-23T15:09:45.657+0000 7f5817fff700 1 --2- 172.21.15.117:0/2218111023 >> [v2:172.21.15.117:6800/161634099,v1:172.21.15.117:6801/161634099] conn(0x7f5818038ee0 0x7f581803b3a0 unknown :-1 s=NONE pgs=0 cs=0 l=1 rev1=0 crypto rx=0 tx=0 comp rx=0 tx=0).connect
2024-03-23T15:09:46.504 INFO:teuthology.orchestra.run.smithi117.stdout:/usr/bin/ceph: stderr
2024-03-23T15:09:45.657+0000 7f5817fff700 1 -- 172.21.15.117:0/2218111023 <== mon.0 v2:172.21.15.117:3300/0 5 ==== osd_map(2..2 src has 1..2) ==== 940+0+0 (secure 0 0 0) 0x7f5824011e40 con 0x7f583007de30
2024-03-23T15:09:46.504 INFO:teuthology.orchestra.run.smithi117.stdout:/usr/bin/ceph: stderr
2024-03-23T15:09:45.657+0000 7f582e7fc700 1 -- 172.21.15.117:0/2218111023 >> [v2:172.21.15.117:6800/161634099,v1:172.21.15.117:6801/161634099] conn(0x7f5818038ee0 msgr2=0x7f581803b3a0 unknown :-1 s=STATE_CONNECTING_RE l=1).process reconnect failed to v2:172.21.15.117:6800/161634099
2024-03-23T15:09:46.504 INFO:teuthology.orchestra.run.smithi117.stdout:/usr/bin/ceph: stderr
2024-03-23T15:09:45.657+0000 7f582e7fc700 1 --2- 172.21.15.117:0/2218111023 >> [v2:172.21.15.117:6800/161634099,v1:172.21.15.117:6801/161634099] conn(0x7f5818038ee0 0x7f581803b3a0 unknown :-1 s=START_CONNECT pgs=0 cs=0 l=1 rev1=0 crypto rx=0 tx=0 comp rx=0 tx=0)._fault waiting 0.200000
2024-03-23T15:09:46.504 INFO:teuthology.orchestra.run.smithi117.stdout:/usr/bin/ceph: stderr
2024-03-23T15:09:45.661+0000 7f5817fff700 1 -- 172.21.15.117:0/2218111023 <== mon.0 v2:172.21.15.117:3300/0 6 ==== mon_command_ack([{"prefix": "get_command_descriptions"}]=0 v0) ==== 72+0+184932 (secure 0 0 0) 0x7f5824022740 con 0x7f583007de30
2024-03-23T15:09:46.504 INFO:teuthology.orchestra.run.smithi117.stdout:/usr/bin/ceph: stderr
2024-03-23T15:09:45.858+0000 7f582e7fc700 1 -- 172.21.15.117:0/2218111023 >> [v2:172.21.15.117:6800/161634099,v1:172.21.15.117:6801/161634099] conn(0x7f5818038ee0 msgr2=0x7f581803b3a0 unknown :-1 s=STATE_CONNECTING_RE l=1).process reconnect failed to v2:172.21.15.117:6800/161634099
2024-03-23T15:09:46.504 INFO:teuthology.orchestra.run.smithi117.stdout:/usr/bin/ceph: stderr
2024-03-23T15:09:45.858+0000 7f582e7fc700 1 --2- 172.21.15.117:0/2218111023 >> [v2:172.21.15.117:6800/161634099,v1:172.21.15.117:6801/161634099] conn(0x7f5818038ee0 0x7f581803b3a0 unknown :-1 s=START_CONNECT pgs=0 cs=0 l=1 rev1=0 crypto rx=0 tx=0 comp rx=0 tx=0)._fault waiting 0.400000
2024-03-23T15:09:46.504 INFO:teuthology.orchestra.run.smithi117.stdout:/usr/bin/ceph: stderr
2024-03-23T15:09:45.918+0000 7f583555d700 1 -- 172.21.15.117:0/2218111023 --> [v2:172.21.15.117:3300/0,v1:172.21.15.117:6789/0] -- mon_command({"prefix": "mgr stat"} v 0) -- 0x7f58301a11b0 con 0x7f583007de30
2024-03-23T15:09:46.504 INFO:teuthology.orchestra.run.smithi117.stdout:/usr/bin/ceph: stderr
2024-03-23T15:09:45.919+0000 7f5817fff700 1 -- 172.21.15.117:0/2218111023 <== mon.0 v2:172.21.15.117:3300/0 7 ==== mon_command_ack([{"prefix": "mgr stat"}]=0 v9) ==== 56+0+88 (secure 0 0 0) 0x7f582402c350 con 0x7f583007de30
2024-03-23T15:09:46.504 INFO:teuthology.orchestra.run.smithi117.stdout:/usr/bin/ceph: stderr
2024-03-23T15:09:45.921+0000 7f583555d700 1 -- 172.21.15.117:0/2218111023 >> [v2:172.21.15.117:6800/161634099,v1:172.21.15.117:6801/161634099] conn(0x7f5818038ee0 msgr2=0x7f581803b3a0 unknown :-1 s=STATE_CONNECTING l=1).mark_down
2024-03-23T15:09:46.504 INFO:teuthology.orchestra.run.smithi117.stdout:/usr/bin/ceph: stderr
2024-03-23T15:09:45.921+0000 7f583555d700 1 --2- 172.21.15.117:0/2218111023 >> [v2:172.21.15.117:6800/161634099,v1:172.21.15.117:6801/161634099] conn(0x7f5818038ee0 0x7f581803b3a0 unknown :-1 s=START_CONNECT pgs=0 cs=0 l=1 rev1=0 crypto rx=0 tx=0 comp rx=0 tx=0).stop
2024-03-23T15:09:46.504 INFO:teuthology.orchestra.run.smithi117.stdout:/usr/bin/ceph: stderr
2024-03-23T15:09:45.921+0000 7f583555d700 1 -- 172.21.15.117:0/2218111023 >> [v2:172.21.15.117:3300/0,v1:172.21.15.117:6789/0] conn(0x7f583007de30 msgr2=0x7f583019dd00 secure :-1 s=STATE_CONNECTION_ESTABLISHED l=1).mark_down
2024-03-23T15:09:46.504 INFO:teuthology.orchestra.run.smithi117.stdout:/usr/bin/ceph: stderr
2024-03-23T15:09:45.921+0000 7f583555d700 1 --2- 172.21.15.117:0/2218111023 >> [v2:172.21.15.117:3300/0,v1:172.21.15.117:6789/0] conn(0x7f583007de30 0x7f583019dd00 secure :-1 s=READY pgs=58 cs=0 l=1 rev1=1 crypto rx=0x7f5824011670 tx=0x7f5824011be0 comp rx=0 tx=0).stop
2024-03-23T15:09:46.505 INFO:teuthology.orchestra.run.smithi117.stdout:/usr/bin/ceph: stderr
2024-03-23T15:09:45.921+0000 7f583555d700 1 -- 172.21.15.117:0/2218111023 shutdown_connections
2024-03-23T15:09:46.505 INFO:teuthology.orchestra.run.smithi117.stdout:/usr/bin/ceph: stderr
2024-03-23T15:09:45.921+0000 7f583555d700 1 --2- 172.21.15.117:0/2218111023 >> [v2:172.21.15.117:6800/161634099,v1:172.21.15.117:6801/161634099] conn(0x7f5818038ee0 0x7f581803b3a0 unknown :-1 s=CLOSED pgs=0 cs=0 l=1 rev1=0 crypto rx=0 tx=0 comp rx=0 tx=0).stop
2024-03-23T15:09:46.505 INFO:teuthology.orchestra.run.smithi117.stdout:/usr/bin/ceph: stderr
2024-03-23T15:09:45.921+0000 7f583555d700 1 --2- 172.21.15.117:0/2218111023 >> [v2:172.21.15.117:3300/0,v1:172.21.15.117:6789/0] conn(0x7f583007de30 0x7f583019dd00 unknown :-1 s=CLOSED pgs=58 cs=0 l=1 rev1=1 crypto rx=0 tx=0 comp rx=0 tx=0).stop
2024-03-23T15:09:46.505 INFO:teuthology.orchestra.run.smithi117.stdout:/usr/bin/ceph: stderr
2024-03-23T15:09:45.921+0000 7f583555d700 1 -- 172.21.15.117:0/2218111023 >> 172.21.15.117:0/2218111023 conn(0x7f5830103340 msgr2=0x7f5830103eb0 unknown :-1 s=STATE_NONE l=0).mark_down
2024-03-23T15:09:46.505 INFO:teuthology.orchestra.run.smithi117.stdout:/usr/bin/ceph: stderr
2024-03-23T15:09:45.921+0000 7f583555d700 1 -- 172.21.15.117:0/2218111023 shutdown_connections
2024-03-23T15:09:46.505 INFO:teuthology.orchestra.run.smithi117.stdout:/usr/bin/ceph: stderr
2024-03-23T15:09:45.921+0000 7f583555d700 1 -- 172.21.15.117:0/2218111023 wait complete.
2024-03-23T15:09:46.505 INFO:teuthology.orchestra.run.smithi117.stdout:Waiting for the mgr to restart...
2024-03-23T15:09:46.505 INFO:teuthology.orchestra.run.smithi117.stdout:Waiting for mgr epoch 9...
2024-03-23T15:09:46.730 INFO:journalctl@ceph.mon.a.smithi117.stdout:Mar 23 15:09:46 smithi117 ceph-mon[32023]: from='client.? 172.21.15.117:0/2218111023' entity='client.admin' cmd=[{"prefix": "mgr stat"}]: dispatch
2024-03-23T15:09:46.730 INFO:journalctl@ceph.mgr.x.smithi117.stdout:Mar 23 15:09:46 smithi117 ceph-21614f8c-e927-11ee-95cd-87774f69a715-mgr-x[32254]:
2024-03-23T15:09:46.483+0000 7fd6860eb200 -1 mgr[py] Module rgw has missing NOTIFY_TYPES member
2024-03-23T15:09:46.731 INFO:journalctl@ceph.mgr.x.smithi117.stdout:Mar 23 15:09:46 smithi117 ceph-21614f8c-e927-11ee-95cd-87774f69a715-mgr-x[32254]:
2024-03-23T15:09:46.598+0000 7fd6860eb200 -1 mgr[py] Module rbd_support has missing NOTIFY_TYPES member
2024-03-23T15:09:46.731 INFO:journalctl@ceph.mgr.x.smithi117.stdout:Mar 23 15:09:46 smithi117 ceph-21614f8c-e927-11ee-95cd-87774f69a715-mgr-x[32254]:
2024-03-23T15:09:46.684+0000 7fd6860eb200 -1 mgr[py] Module progress has missing NOTIFY_TYPES member
2024-03-23T15:09:47.136 INFO:journalctl@ceph.mgr.x.smithi117.stdout:Mar 23 15:09:46 smithi117 ceph-21614f8c-e927-11ee-95cd-87774f69a715-mgr-x[32254]:
2024-03-23T15:09:46.782+0000 7fd6860eb200 -1 mgr[py] Module pg_autoscaler has missing NOTIFY_TYPES member
2024-03-23T15:09:47.136 INFO:journalctl@ceph.mgr.x.smithi117.stdout:Mar 23 15:09:46 smithi117 ceph-21614f8c-e927-11ee-95cd-87774f69a715-mgr-x[32254]:
2024-03-23T15:09:46.962+0000 7fd6860eb200 -1 mgr[py] Module devicehealth has missing NOTIFY_TYPES member
2024-03-23T15:09:48.338 INFO:journalctl@ceph.mgr.x.smithi117.stdout:Mar 23 15:09:47 smithi117 ceph-21614f8c-e927-11ee-95cd-87774f69a715-mgr-x[32254]:
2024-03-23T15:09:47.909+0000 7fd6860eb200 -1 mgr[py] Module rook has missing NOTIFY_TYPES member
2024-03-23T15:09:48.338 INFO:journalctl@ceph.mgr.x.smithi117.stdout:Mar 23 15:09:48 smithi117 ceph-21614f8c-e927-11ee-95cd-87774f69a715-mgr-x[32254]:
2024-03-23T15:09:48.038+0000 7fd6860eb200 -1 mgr[py] Module diskprediction_local has missing NOTIFY_TYPES member
2024-03-23T15:09:48.653 INFO:journalctl@ceph.mgr.x.smithi117.stdout:Mar 23 15:09:48 smithi117 ceph-21614f8c-e927-11ee-95cd-87774f69a715-mgr-x[32254]:
2024-03-23T15:09:48.366+0000 7fd6860eb200 -1 mgr[py] Module selftest has missing NOTIFY_TYPES member
2024-03-23T15:09:48.653 INFO:journalctl@ceph.mgr.x.smithi117.stdout:Mar 23 15:09:48 smithi117 ceph-21614f8c-e927-11ee-95cd-87774f69a715-mgr-x[32254]:
2024-03-23T15:09:48.456+0000 7fd6860eb200 -1 mgr[py] Module telegraf has missing NOTIFY_TYPES member
2024-03-23T15:09:48.653 INFO:journalctl@ceph.mgr.x.smithi117.stdout:Mar 23 15:09:48 smithi117 ceph-21614f8c-e927-11ee-95cd-87774f69a715-mgr-x[32254]:
2024-03-23T15:09:48.650+0000 7fd6860eb200 -1 mgr[py] Module test_orchestrator has missing NOTIFY_TYPES member
2024-03-23T15:09:48.903 INFO:journalctl@ceph.mgr.x.smithi117.stdout:Mar 23 15:09:48 smithi117 ceph-21614f8c-e927-11ee-95cd-87774f69a715-mgr-x[32254]:
2024-03-23T15:09:48.835+0000 7fd6860eb200 -1 mgr[py] Module crash has missing NOTIFY_TYPES member
2024-03-23T15:09:49.374 INFO:journalctl@ceph.mgr.x.smithi117.stdout:Mar 23 15:09:49 smithi117 ceph-21614f8c-e927-11ee-95cd-87774f69a715-mgr-x[32254]:
2024-03-23T15:09:49.117+0000 7fd6860eb200 -1 mgr[py] Module orchestrator has missing NOTIFY_TYPES member
2024-03-23T15:09:49.653 INFO:journalctl@ceph.mgr.x.smithi117.stdout:Mar 23 15:09:49 smithi117 ceph-21614f8c-e927-11ee-95cd-87774f69a715-mgr-x[32254]:
2024-03-23T15:09:49.371+0000 7fd6860eb200 -1 mgr[py] Module osd_support has missing NOTIFY_TYPES member
2024-03-23T15:09:49.653 INFO:journalctl@ceph.mgr.x.smithi117.stdout:Mar 23 15:09:49 smithi117 ceph-21614f8c-e927-11ee-95cd-87774f69a715-mgr-x[32254]:
2024-03-23T15:09:49.607+0000 7fd6860eb200 -1 mgr[py] Module volumes has missing NOTIFY_TYPES member
2024-03-23T15:09:50.830 INFO:journalctl@ceph.mgr.x.smithi117.stdout:Mar 23 15:09:50 smithi117 ceph-21614f8c-e927-11ee-95cd-87774f69a715-mgr-x[32254]:
2024-03-23T15:09:50.405+0000 7fd6860eb200 -1 mgr[py] Module telemetry has missing NOTIFY_TYPES member
2024-03-23T15:09:51.153 INFO:journalctl@ceph.mgr.x.smithi117.stdout:Mar 23 15:09:50 smithi117 ceph-21614f8c-e927-11ee-95cd-87774f69a715-mgr-x[32254]:
2024-03-23T15:09:50.972+0000 7fd6860eb200 -1 mgr[py] Module prometheus has missing NOTIFY_TYPES member
2024-03-23T15:09:51.153 INFO:journalctl@ceph.mgr.x.smithi117.stdout:Mar 23 15:09:51 smithi117 ceph-21614f8c-e927-11ee-95cd-87774f69a715-mgr-x[32254]:
2024-03-23T15:09:51.070+0000 7fd6860eb200 -1 mgr[py] Module status has missing NOTIFY_TYPES member
2024-03-23T15:09:51.653 INFO:journalctl@ceph.mgr.x.smithi117.stdout:Mar 23 15:09:51 smithi117 ceph-21614f8c-e927-11ee-95cd-87774f69a715-mgr-x[32254]:
2024-03-23T15:09:51.285+0000 7fd6860eb200 -1 mgr[py] Module nfs has missing NOTIFY_TYPES member
2024-03-23T15:09:51.654 INFO:journalctl@ceph.mon.a.smithi117.stdout:Mar 23 15:09:51 smithi117 ceph-mon[32023]: Active manager daemon x restarted
2024-03-23T15:09:51.654 INFO:journalctl@ceph.mon.a.smithi117.stdout:Mar 23 15:09:51 smithi117 ceph-mon[32023]: Activating manager daemon x
2024-03-23T15:09:51.654 INFO:journalctl@ceph.mon.a.smithi117.stdout:Mar 23 15:09:51 smithi117 ceph-mon[32023]: osdmap e3: 0 total, 0 up, 0 in
2024-03-23T15:09:51.654 INFO:journalctl@ceph.mon.a.smithi117.stdout:Mar 23 15:09:51 smithi117 ceph-mon[32023]: mgrmap e10: x(active, starting, since 0.00317292s)
2024-03-23T15:09:51.654 INFO:journalctl@ceph.mon.a.smithi117.stdout:Mar 23 15:09:51 smithi117 ceph-mon[32023]: from='mgr.14150 172.21.15.117:0/333243118' entity='mgr.x' cmd=[{"prefix": "mon metadata", "id": "a"}]: dispatch
2024-03-23T15:09:51.654 INFO:journalctl@ceph.mon.a.smithi117.stdout:Mar 23 15:09:51 smithi117 ceph-mon[32023]: from='mgr.14150 172.21.15.117:0/333243118' entity='mgr.x' cmd=[{"prefix": "mgr metadata", "who": "x", "id": "x"}]: dispatch
2024-03-23T15:09:51.654 INFO:journalctl@ceph.mon.a.smithi117.stdout:Mar 23 15:09:51 smithi117 ceph-mon[32023]: from='mgr.14150 172.21.15.117:0/333243118' entity='mgr.x' cmd=[{"prefix": "mds metadata"}]: dispatch
2024-03-23T15:09:51.654 INFO:journalctl@ceph.mon.a.smithi117.stdout:Mar 23 15:09:51 smithi117 ceph-mon[32023]: from='mgr.14150 172.21.15.117:0/333243118' entity='mgr.x' cmd=[{"prefix": "osd metadata"}]: dispatch
2024-03-23T15:09:51.654 INFO:journalctl@ceph.mon.a.smithi117.stdout:Mar 23 15:09:51 smithi117 ceph-mon[32023]: from='mgr.14150 172.21.15.117:0/333243118' entity='mgr.x' cmd=[{"prefix": "mon metadata"}]: dispatch
2024-03-23T15:09:51.654 INFO:journalctl@ceph.mon.a.smithi117.stdout:Mar 23 15:09:51 smithi117 ceph-mon[32023]: Manager daemon x is now available
2024-03-23T15:09:51.655 INFO:journalctl@ceph.mon.a.smithi117.stdout:Mar 23 15:09:51 smithi117 ceph-mon[32023]: from='mgr.14150 172.21.15.117:0/333243118' entity='mgr.x' cmd=[{"prefix": "config dump", "format": "json"}]: dispatch
2024-03-23T15:09:51.655 INFO:journalctl@ceph.mon.a.smithi117.stdout:Mar 23 15:09:51 smithi117 ceph-mon[32023]: from='mgr.14150 172.21.15.117:0/333243118' entity='mgr.x' cmd=[{"prefix": "config dump", "format": "json"}]: dispatch
2024-03-23T15:09:52.653 INFO:journalctl@ceph.mon.a.smithi117.stdout:Mar 23 15:09:52 smithi117 ceph-mon[32023]: from='mgr.14150 172.21.15.117:0/333243118' entity='mgr.x' cmd=[{"prefix":"config rm","who":"mgr","name":"mgr/rbd_support/x/mirror_snapshot_schedule"}]: dispatch
2024-03-23T15:09:52.653 INFO:journalctl@ceph.mon.a.smithi117.stdout:Mar 23 15:09:52 smithi117 ceph-mon[32023]: from='mgr.14150 172.21.15.117:0/333243118' entity='mgr.x' cmd=[{"prefix":"config rm","who":"mgr","name":"mgr/rbd_support/x/trash_purge_schedule"}]: dispatch
2024-03-23T15:09:52.653 INFO:journalctl@ceph.mon.a.smithi117.stdout:Mar 23 15:09:52 smithi117 ceph-mon[32023]: mgrmap e11: x(active, since 1.00562s)
2024-03-23T15:09:53.276 INFO:teuthology.orchestra.run.smithi117.stdout:/usr/bin/ceph: stdout {
2024-03-23T15:09:53.276 INFO:teuthology.orchestra.run.smithi117.stdout:/usr/bin/ceph: stdout "mgrmap_epoch": 11,
2024-03-23T15:09:53.276 INFO:teuthology.orchestra.run.smithi117.stdout:/usr/bin/ceph: stdout "initialized": true
2024-03-23T15:09:53.276 INFO:teuthology.orchestra.run.smithi117.stdout:/usr/bin/ceph: stdout }
2024-03-23T15:09:53.276 INFO:teuthology.orchestra.run.smithi117.stdout:/usr/bin/ceph: stderr
2024-03-23T15:09:46.928+0000 7f6242fa1700 1 Processor -- start
2024-03-23T15:09:53.276 INFO:teuthology.orchestra.run.smithi117.stdout:/usr/bin/ceph: stderr
2024-03-23T15:09:46.928+0000 7f6242fa1700 1 -- start start
2024-03-23T15:09:53.277 INFO:teuthology.orchestra.run.smithi117.stdout:/usr/bin/ceph: stderr
2024-03-23T15:09:46.928+0000 7f6242fa1700 1 --2- >> [v2:172.21.15.117:3300/0,v1:172.21.15.117:6789/0] conn(0x7f623c108820 0x7f623c10ac10 unknown :-1 s=NONE pgs=0 cs=0 l=0 rev1=0 crypto rx=0 tx=0 comp rx=0 tx=0).connect
2024-03-23T15:09:53.277 INFO:teuthology.orchestra.run.smithi117.stdout:/usr/bin/ceph: stderr
2024-03-23T15:09:46.928+0000 7f6242fa1700 1 -- --> [v2:172.21.15.117:3300/0,v1:172.21.15.117:6789/0] -- mon_getmap magic: 0 -- 0x7f623c07be90 con 0x7f623c108820
2024-03-23T15:09:53.277 INFO:teuthology.orchestra.run.smithi117.stdout:/usr/bin/ceph: stderr
2024-03-23T15:09:46.928+0000 7f6240d3d700 1 --2- >> [v2:172.21.15.117:3300/0,v1:172.21.15.117:6789/0] conn(0x7f623c108820 0x7f623c10ac10 unknown :-1 s=BANNER_CONNECTING pgs=0 cs=0 l=0 rev1=0 crypto rx=0 tx=0 comp rx=0 tx=0)._handle_peer_banner_payload supported=3 required=0
2024-03-23T15:09:53.277 INFO:teuthology.orchestra.run.smithi117.stdout:/usr/bin/ceph: stderr
2024-03-23T15:09:46.928+0000 7f6240d3d700 1 --2- >> [v2:172.21.15.117:3300/0,v1:172.21.15.117:6789/0] conn(0x7f623c108820 0x7f623c10ac10 unknown :-1 s=HELLO_CONNECTING pgs=0 cs=0 l=0 rev1=1 crypto rx=0 tx=0 comp rx=0 tx=0).handle_hello peer v2:172.21.15.117:3300/0 says I am v2:172.21.15.117:45704/0 (socket says 172.21.15.117:45704)
2024-03-23T15:09:53.277 INFO:teuthology.orchestra.run.smithi117.stdout:/usr/bin/ceph: stderr
2024-03-23T15:09:46.928+0000 7f6240d3d700 1 -- 172.21.15.117:0/4195461206 learned_addr learned my addr 172.21.15.117:0/4195461206 (peer_addr_for_me v2:172.21.15.117:0/0)
2024-03-23T15:09:53.277 INFO:teuthology.orchestra.run.smithi117.stdout:/usr/bin/ceph: stderr
2024-03-23T15:09:46.928+0000 7f6240d3d700 1 -- 172.21.15.117:0/4195461206 --> [v2:172.21.15.117:3300/0,v1:172.21.15.117:6789/0] -- mon_subscribe({config=0+,monmap=0+}) -- 0x7f623c10b150 con 0x7f623c108820
2024-03-23T15:09:53.277 INFO:teuthology.orchestra.run.smithi117.stdout:/usr/bin/ceph: stderr
2024-03-23T15:09:46.928+0000 7f6240d3d700 1 --2- 172.21.15.117:0/4195461206 >> [v2:172.21.15.117:3300/0,v1:172.21.15.117:6789/0] conn(0x7f623c108820 0x7f623c10ac10 secure :-1 s=READY pgs=59 cs=0 l=1 rev1=1 crypto rx=0x7f62300098a0 tx=0x7f6230009bb0 comp rx=0 tx=0).ready entity=mon.0 client_cookie=2756bab8409eccd6 server_cookie=0 in_seq=0 out_seq=0
2024-03-23T15:09:53.277 INFO:teuthology.orchestra.run.smithi117.stdout:/usr/bin/ceph: stderr
2024-03-23T15:09:46.929+0000 7f623b7fe700 1 -- 172.21.15.117:0/4195461206 <== mon.0 v2:172.21.15.117:3300/0 1 ==== mon_map magic: 0 ==== 205+0+0 (secure 0 0 0) 0x7f6230004160 con 0x7f623c108820
2024-03-23T15:09:53.277 INFO:teuthology.orchestra.run.smithi117.stdout:/usr/bin/ceph: stderr
2024-03-23T15:09:46.929+0000 7f623b7fe700 1 -- 172.21.15.117:0/4195461206 <== mon.0 v2:172.21.15.117:3300/0 2 ==== config(28 keys) ==== 1171+0+0 (secure 0 0 0) 0x7f62300042c0 con 0x7f623c108820
2024-03-23T15:09:53.277 INFO:teuthology.orchestra.run.smithi117.stdout:/usr/bin/ceph: stderr
2024-03-23T15:09:46.929+0000 7f623b7fe700 1 -- 172.21.15.117:0/4195461206 <== mon.0 v2:172.21.15.117:3300/0 3 ==== mon_map magic: 0 ==== 205+0+0 (secure 0 0 0) 0x7f6230011b80 con 0x7f623c108820
2024-03-23T15:09:53.277 INFO:teuthology.orchestra.run.smithi117.stdout:/usr/bin/ceph: stderr
2024-03-23T15:09:46.929+0000 7f6242fa1700 1 -- 172.21.15.117:0/4195461206 >> [v2:172.21.15.117:3300/0,v1:172.21.15.117:6789/0] conn(0x7f623c108820 msgr2=0x7f623c10ac10 secure :-1 s=STATE_CONNECTION_ESTABLISHED l=1).mark_down
2024-03-23T15:09:53.277 INFO:teuthology.orchestra.run.smithi117.stdout:/usr/bin/ceph: stderr
2024-03-23T15:09:46.929+0000 7f6242fa1700 1 --2- 172.21.15.117:0/4195461206 >> [v2:172.21.15.117:3300/0,v1:172.21.15.117:6789/0] conn(0x7f623c108820 0x7f623c10ac10 secure :-1 s=READY pgs=59 cs=0 l=1 rev1=1 crypto rx=0x7f62300098a0 tx=0x7f6230009bb0 comp rx=0 tx=0).stop
2024-03-23T15:09:53.277 INFO:teuthology.orchestra.run.smithi117.stdout:/usr/bin/ceph: stderr
2024-03-23T15:09:46.929+0000 7f6242fa1700 1 -- 172.21.15.117:0/4195461206 shutdown_connections
2024-03-23T15:09:53.277 INFO:teuthology.orchestra.run.smithi117.stdout:/usr/bin/ceph: stderr
2024-03-23T15:09:46.929+0000 7f6242fa1700 1 --2- 172.21.15.117:0/4195461206 >> [v2:172.21.15.117:3300/0,v1:172.21.15.117:6789/0] conn(0x7f623c108820 0x7f623c10ac10 unknown :-1 s=CLOSED pgs=59 cs=0 l=1 rev1=1 crypto rx=0 tx=0 comp rx=0 tx=0).stop
2024-03-23T15:09:53.278 INFO:teuthology.orchestra.run.smithi117.stdout:/usr/bin/ceph: stderr
2024-03-23T15:09:46.929+0000 7f6242fa1700 1 -- 172.21.15.117:0/4195461206 >> 172.21.15.117:0/4195461206 conn(0x7f623c102210 msgr2=0x7f623c104650 unknown :-1 s=STATE_NONE l=0).mark_down
2024-03-23T15:09:53.278 INFO:teuthology.orchestra.run.smithi117.stdout:/usr/bin/ceph: stderr
2024-03-23T15:09:46.929+0000 7f6242fa1700 1 -- 172.21.15.117:0/4195461206 shutdown_connections
2024-03-23T15:09:53.278 INFO:teuthology.orchestra.run.smithi117.stdout:/usr/bin/ceph: stderr
2024-03-23T15:09:46.929+0000 7f6242fa1700 1 -- 172.21.15.117:0/4195461206 wait complete.
2024-03-23T15:09:53.278 INFO:teuthology.orchestra.run.smithi117.stdout:/usr/bin/ceph: stderr
2024-03-23T15:09:46.930+0000 7f6242fa1700 1 Processor -- start
2024-03-23T15:09:53.278 INFO:teuthology.orchestra.run.smithi117.stdout:/usr/bin/ceph: stderr
2024-03-23T15:09:46.930+0000 7f6242fa1700 1 -- start start
2024-03-23T15:09:53.278 INFO:teuthology.orchestra.run.smithi117.stdout:/usr/bin/ceph: stderr
2024-03-23T15:09:46.930+0000 7f6242fa1700 1 --2- >> [v2:172.21.15.117:3300/0,v1:172.21.15.117:6789/0] conn(0x7f623c108820 0x7f623c19bc30 unknown :-1 s=NONE pgs=0 cs=0 l=1 rev1=0 crypto rx=0 tx=0 comp rx=0 tx=0).connect
2024-03-23T15:09:53.278 INFO:teuthology.orchestra.run.smithi117.stdout:/usr/bin/ceph: stderr
2024-03-23T15:09:46.930+0000 7f6242fa1700 1 -- --> [v2:172.21.15.117:3300/0,v1:172.21.15.117:6789/0] -- mon_getmap magic: 0 -- 0x7f623c19c170 con 0x7f623c108820
2024-03-23T15:09:53.278 INFO:teuthology.orchestra.run.smithi117.stdout:/usr/bin/ceph: stderr
2024-03-23T15:09:46.931+0000 7f6240d3d700 1 --2- >> [v2:172.21.15.117:3300/0,v1:172.21.15.117:6789/0] conn(0x7f623c108820 0x7f623c19bc30 unknown :-1 s=BANNER_CONNECTING pgs=0 cs=0 l=1 rev1=0 crypto rx=0 tx=0 comp rx=0 tx=0)._handle_peer_banner_payload supported=3 required=0
2024-03-23T15:09:53.278 INFO:teuthology.orchestra.run.smithi117.stdout:/usr/bin/ceph: stderr
2024-03-23T15:09:46.931+0000 7f6240d3d700 1 --2- >> [v2:172.21.15.117:3300/0,v1:172.21.15.117:6789/0] conn(0x7f623c108820 0x7f623c19bc30 unknown :-1 s=HELLO_CONNECTING pgs=0 cs=0 l=1 rev1=1 crypto rx=0 tx=0 comp rx=0 tx=0).handle_hello peer v2:172.21.15.117:3300/0 says I am v2:172.21.15.117:45708/0 (socket says 172.21.15.117:45708)
2024-03-23T15:09:53.278 INFO:teuthology.orchestra.run.smithi117.stdout:/usr/bin/ceph: stderr
2024-03-23T15:09:46.931+0000 7f6240d3d700 1 -- 172.21.15.117:0/2253948814 learned_addr learned my addr 172.21.15.117:0/2253948814 (peer_addr_for_me v2:172.21.15.117:0/0)
2024-03-23T15:09:53.278 INFO:teuthology.orchestra.run.smithi117.stdout:/usr/bin/ceph: stderr
2024-03-23T15:09:46.931+0000 7f6240d3d700 1 -- 172.21.15.117:0/2253948814 --> [v2:172.21.15.117:3300/0,v1:172.21.15.117:6789/0] -- mon_subscribe({config=0+,monmap=0+}) -- 0x7f6230009550 con 0x7f623c108820
2024-03-23T15:09:53.278 INFO:teuthology.orchestra.run.smithi117.stdout:/usr/bin/ceph: stderr
2024-03-23T15:09:46.931+0000 7f6240d3d700 1 --2- 172.21.15.117:0/2253948814 >> [v2:172.21.15.117:3300/0,v1:172.21.15.117:6789/0] conn(0x7f623c108820 0x7f623c19bc30 secure :-1 s=READY pgs=60 cs=0 l=1 rev1=1 crypto rx=0x7f6230009fb0 tx=0x7f6230011be0 comp rx=0 tx=0).ready entity=mon.0 client_cookie=0 server_cookie=0 in_seq=0 out_seq=0
2024-03-23T15:09:53.278 INFO:teuthology.orchestra.run.smithi117.stdout:/usr/bin/ceph: stderr
2024-03-23T15:09:46.931+0000 7f6239ffb700 1 -- 172.21.15.117:0/2253948814 <== mon.0 v2:172.21.15.117:3300/0 1 ==== mon_map magic: 0 ==== 205+0+0 (secure 0 0 0) 0x7f62300038b0 con 0x7f623c108820
2024-03-23T15:09:53.278 INFO:teuthology.orchestra.run.smithi117.stdout:/usr/bin/ceph: stderr
2024-03-23T15:09:46.931+0000 7f6239ffb700 1 -- 172.21.15.117:0/2253948814 <== mon.0 v2:172.21.15.117:3300/0 2 ==== config(28 keys) ==== 1171+0+0 (secure 0 0 0) 0x7f6230003a10 con 0x7f623c108820
2024-03-23T15:09:53.279 INFO:teuthology.orchestra.run.smithi117.stdout:/usr/bin/ceph: stderr
2024-03-23T15:09:46.931+0000 7f6239ffb700 1 -- 172.21.15.117:0/2253948814 <== mon.0 v2:172.21.15.117:3300/0 3 ==== mon_map magic: 0 ==== 205+0+0 (secure 0 0 0) 0x7f6230019630 con 0x7f623c108820
2024-03-23T15:09:53.279 INFO:teuthology.orchestra.run.smithi117.stdout:/usr/bin/ceph: stderr
2024-03-23T15:09:46.931+0000 7f6242fa1700 1 -- 172.21.15.117:0/2253948814 --> [v2:172.21.15.117:3300/0,v1:172.21.15.117:6789/0] -- mon_subscribe({mgrmap=0+}) -- 0x7f623c19c370 con 0x7f623c108820
2024-03-23T15:09:53.279 INFO:teuthology.orchestra.run.smithi117.stdout:/usr/bin/ceph: stderr
2024-03-23T15:09:46.931+0000 7f6242fa1700 1 -- 172.21.15.117:0/2253948814 --> [v2:172.21.15.117:3300/0,v1:172.21.15.117:6789/0] -- mon_subscribe({osdmap=0}) -- 0x7f623c19c810 con 0x7f623c108820
2024-03-23T15:09:53.279 INFO:teuthology.orchestra.run.smithi117.stdout:/usr/bin/ceph: stderr
2024-03-23T15:09:46.932+0000 7f6239ffb700 1 -- 172.21.15.117:0/2253948814 <== mon.0 v2:172.21.15.117:3300/0 4 ==== mgrmap(e 9) ==== 45941+0+0 (secure 0 0 0) 0x7f623001a430 con 0x7f623c108820
2024-03-23T15:09:53.279 INFO:teuthology.orchestra.run.smithi117.stdout:/usr/bin/ceph: stderr
2024-03-23T15:09:46.932+0000 7f6239ffb700 1 --2- 172.21.15.117:0/2253948814 >> [v2:172.21.15.117:6800/161634099,v1:172.21.15.117:6801/161634099] conn(0x7f622c038f40 0x7f622c03b400 unknown :-1 s=NONE pgs=0 cs=0 l=1 rev1=0 crypto rx=0 tx=0 comp rx=0 tx=0).connect
2024-03-23T15:09:53.279 INFO:teuthology.orchestra.run.smithi117.stdout:/usr/bin/ceph: stderr
2024-03-23T15:09:46.932+0000 7f6239ffb700 1 -- 172.21.15.117:0/2253948814 --> [v2:172.21.15.117:6800/161634099,v1:172.21.15.117:6801/161634099] -- command(tid 0: {"prefix": "get_command_descriptions"}) -- 0x7f622c03bb10 con 0x7f622c038f40
2024-03-23T15:09:53.279 INFO:teuthology.orchestra.run.smithi117.stdout:/usr/bin/ceph: stderr
2024-03-23T15:09:46.932+0000 7f6239ffb700 1 -- 172.21.15.117:0/2253948814 <== mon.0 v2:172.21.15.117:3300/0 5 ==== osd_map(2..2 src has 1..2) ==== 940+0+0 (secure 0 0 0) 0x7f6230011e40 con 0x7f623c108820
2024-03-23T15:09:53.279 INFO:teuthology.orchestra.run.smithi117.stdout:/usr/bin/ceph: stderr
2024-03-23T15:09:46.932+0000 7f623bfff700 1 -- 172.21.15.117:0/2253948814 >> [v2:172.21.15.117:6800/161634099,v1:172.21.15.117:6801/161634099] conn(0x7f622c038f40 msgr2=0x7f622c03b400 unknown :-1 s=STATE_CONNECTING_RE l=1).process reconnect failed to v2:172.21.15.117:6800/161634099
2024-03-23T15:09:53.279 INFO:teuthology.orchestra.run.smithi117.stdout:/usr/bin/ceph: stderr
2024-03-23T15:09:46.932+0000 7f623bfff700 1 --2- 172.21.15.117:0/2253948814 >> [v2:172.21.15.117:6800/161634099,v1:172.21.15.117:6801/161634099] conn(0x7f622c038f40 0x7f622c03b400 unknown :-1 s=START_CONNECT pgs=0 cs=0 l=1 rev1=0 crypto rx=0 tx=0 comp rx=0 tx=0)._fault waiting 0.200000
2024-03-23T15:09:53.279 INFO:teuthology.orchestra.run.smithi117.stdout:/usr/bin/ceph: stderr
2024-03-23T15:09:47.133+0000 7f623bfff700 1 -- 172.21.15.117:0/2253948814 >> [v2:172.21.15.117:6800/161634099,v1:172.21.15.117:6801/161634099] conn(0x7f622c038f40 msgr2=0x7f622c03b400 unknown :-1 s=STATE_CONNECTING_RE l=1).process reconnect failed to v2:172.21.15.117:6800/161634099
2024-03-23T15:09:53.279 INFO:teuthology.orchestra.run.smithi117.stdout:/usr/bin/ceph: stderr
2024-03-23T15:09:47.133+0000 7f623bfff700 1 --2- 172.21.15.117:0/2253948814 >> [v2:172.21.15.117:6800/161634099,v1:172.21.15.117:6801/161634099] conn(0x7f622c038f40 0x7f622c03b400 unknown :-1 s=START_CONNECT pgs=0 cs=0 l=1 rev1=0 crypto rx=0 tx=0 comp rx=0 tx=0)._fault waiting 0.400000
2024-03-23T15:09:53.279 INFO:teuthology.orchestra.run.smithi117.stdout:/usr/bin/ceph: stderr
2024-03-23T15:09:47.534+0000 7f623bfff700 1 -- 172.21.15.117:0/2253948814 >> [v2:172.21.15.117:6800/161634099,v1:172.21.15.117:6801/161634099] conn(0x7f622c038f40 msgr2=0x7f622c03b400 unknown :-1 s=STATE_CONNECTING_RE l=1).process reconnect failed to v2:172.21.15.117:6800/161634099
2024-03-23T15:09:53.279 INFO:teuthology.orchestra.run.smithi117.stdout:/usr/bin/ceph: stderr
2024-03-23T15:09:47.534+0000 7f623bfff700 1 --2- 172.21.15.117:0/2253948814 >> [v2:172.21.15.117:6800/161634099,v1:172.21.15.117:6801/161634099] conn(0x7f622c038f40 0x7f622c03b400 unknown :-1 s=START_CONNECT pgs=0 cs=0 l=1 rev1=0 crypto rx=0 tx=0 comp rx=0 tx=0)._fault waiting 0.800000
2024-03-23T15:09:53.279 INFO:teuthology.orchestra.run.smithi117.stdout:/usr/bin/ceph: stderr
2024-03-23T15:09:48.335+0000 7f623bfff700 1 -- 172.21.15.117:0/2253948814 >> [v2:172.21.15.117:6800/161634099,v1:172.21.15.117:6801/161634099] conn(0x7f622c038f40 msgr2=0x7f622c03b400 unknown :-1 s=STATE_CONNECTING_RE l=1).process reconnect failed to v2:172.21.15.117:6800/161634099
2024-03-23T15:09:53.280 INFO:teuthology.orchestra.run.smithi117.stdout:/usr/bin/ceph: stderr
2024-03-23T15:09:48.335+0000 7f623bfff700 1 --2- 172.21.15.117:0/2253948814 >> [v2:172.21.15.117:6800/161634099,v1:172.21.15.117:6801/161634099] conn(0x7f622c038f40 0x7f622c03b400 unknown :-1 s=START_CONNECT pgs=0 cs=0 l=1 rev1=0 crypto rx=0 tx=0 comp rx=0 tx=0)._fault waiting 1.600000
2024-03-23T15:09:53.280 INFO:teuthology.orchestra.run.smithi117.stdout:/usr/bin/ceph: stderr
2024-03-23T15:09:49.936+0000 7f623bfff700 1 -- 172.21.15.117:0/2253948814 >> [v2:172.21.15.117:6800/161634099,v1:172.21.15.117:6801/161634099] conn(0x7f622c038f40 msgr2=0x7f622c03b400 unknown :-1 s=STATE_CONNECTING_RE l=1).process reconnect failed to v2:172.21.15.117:6800/161634099
2024-03-23T15:09:53.280 INFO:teuthology.orchestra.run.smithi117.stdout:/usr/bin/ceph: stderr
2024-03-23T15:09:49.936+0000 7f623bfff700 1 --2- 172.21.15.117:0/2253948814 >> [v2:172.21.15.117:6800/161634099,v1:172.21.15.117:6801/161634099] conn(0x7f622c038f40 0x7f622c03b400 unknown :-1 s=START_CONNECT pgs=0 cs=0 l=1 rev1=0 crypto rx=0 tx=0 comp rx=0 tx=0)._fault waiting 3.200000
2024-03-23T15:09:53.280 INFO:teuthology.orchestra.run.smithi117.stdout:/usr/bin/ceph: stderr
2024-03-23T15:09:51.301+0000 7f6239ffb700 1 -- 172.21.15.117:0/2253948814 <== mon.0 v2:172.21.15.117:3300/0 6 ==== mgrmap(e 10) ==== 45708+0+0 (secure 0 0 0) 0x7f6230019960 con 0x7f623c108820
2024-03-23T15:09:53.280 INFO:teuthology.orchestra.run.smithi117.stdout:/usr/bin/ceph: stderr
2024-03-23T15:09:51.301+0000 7f6239ffb700 1 -- 172.21.15.117:0/2253948814 >> [v2:172.21.15.117:6800/161634099,v1:172.21.15.117:6801/161634099] conn(0x7f622c038f40 msgr2=0x7f622c03b400 unknown :-1 s=STATE_CONNECTING l=1).mark_down
2024-03-23T15:09:53.280 INFO:teuthology.orchestra.run.smithi117.stdout:/usr/bin/ceph: stderr
2024-03-23T15:09:51.301+0000 7f6239ffb700 1 --2- 172.21.15.117:0/2253948814 >> [v2:172.21.15.117:6800/161634099,v1:172.21.15.117:6801/161634099] conn(0x7f622c038f40 0x7f622c03b400 unknown :-1 s=START_CONNECT pgs=0 cs=0 l=1 rev1=0 crypto rx=0 tx=0 comp rx=0 tx=0).stop
2024-03-23T15:09:53.280 INFO:teuthology.orchestra.run.smithi117.stdout:/usr/bin/ceph: stderr
2024-03-23T15:09:52.302+0000 7f6239ffb700 1 -- 172.21.15.117:0/2253948814 <== mon.0 v2:172.21.15.117:3300/0 7 ==== mgrmap(e 11) ==== 45835+0+0 (secure 0 0 0) 0x7f623004e460 con 0x7f623c108820
2024-03-23T15:09:53.280 INFO:teuthology.orchestra.run.smithi117.stdout:/usr/bin/ceph: stderr
2024-03-23T15:09:52.302+0000 7f6239ffb700 1 --2- 172.21.15.117:0/2253948814 >> [v2:172.21.15.117:6800/2372359015,v1:172.21.15.117:6801/2372359015] conn(0x7f622c03c9f0 0x7f622c03ede0 unknown :-1 s=NONE pgs=0 cs=0 l=1 rev1=0 crypto rx=0 tx=0 comp rx=0 tx=0).connect
2024-03-23T15:09:53.280 INFO:teuthology.orchestra.run.smithi117.stdout:/usr/bin/ceph: stderr
2024-03-23T15:09:52.303+0000 7f6239ffb700 1 -- 172.21.15.117:0/2253948814 --> [v2:172.21.15.117:6800/2372359015,v1:172.21.15.117:6801/2372359015] -- command(tid 0: {"prefix": "get_command_descriptions"}) -- 0x7f622c03bb10 con 0x7f622c03c9f0
2024-03-23T15:09:53.280 INFO:teuthology.orchestra.run.smithi117.stdout:/usr/bin/ceph: stderr
