2024-03-23T15:34:06.280+0000 7f15ce7fc700 1 -- 172.21.15.76:0/1996194337 <== mon.0 v2:172.21.15.76:3300/0 4 ==== mgrmap(e 8) ==== 45928+0+0 (secure 0 0 0) 0x7f15d402d3f0 con 0x7f15d81087a0
2024-03-23T15:34:07.288 INFO:teuthology.orchestra.run.smithi076.stdout:/usr/bin/ceph: stderr
2024-03-23T15:34:06.280+0000 7f15df917700 1 -- 172.21.15.76:0/1996194337 --> [v2:172.21.15.76:3300/0,v1:172.21.15.76:6789/0] -- mon_command({"prefix": "get_command_descriptions"} v 0) -- 0x7f15d810bed0 con 0x7f15d81087a0
2024-03-23T15:34:07.288 INFO:teuthology.orchestra.run.smithi076.stdout:/usr/bin/ceph: stderr
2024-03-23T15:34:06.280+0000 7f15ce7fc700 1 --2- 172.21.15.76:0/1996194337 >> [v2:172.21.15.76:6800/36977200,v1:172.21.15.76:6801/36977200] conn(0x7f15c4038ff0 0x7f15c403b4b0 unknown :-1 s=NONE pgs=0 cs=0 l=1 rev1=0 crypto rx=0 tx=0 comp rx=0 tx=0).connect
2024-03-23T15:34:07.288 INFO:teuthology.orchestra.run.smithi076.stdout:/usr/bin/ceph: stderr
2024-03-23T15:34:06.281+0000 7f15ce7fc700 1 -- 172.21.15.76:0/1996194337 <== mon.0 v2:172.21.15.76:3300/0 5 ==== osd_map(2..2 src has 1..2) ==== 940+0+0 (secure 0 0 0) 0x7f15d404d040 con 0x7f15d81087a0
2024-03-23T15:34:07.288 INFO:teuthology.orchestra.run.smithi076.stdout:/usr/bin/ceph: stderr
2024-03-23T15:34:06.281+0000 7f15dceb2700 1 --2- 172.21.15.76:0/1996194337 >> [v2:172.21.15.76:6800/36977200,v1:172.21.15.76:6801/36977200] conn(0x7f15c4038ff0 0x7f15c403b4b0 unknown :-1 s=BANNER_CONNECTING pgs=0 cs=0 l=1 rev1=0 crypto rx=0 tx=0 comp rx=0 tx=0)._handle_peer_banner_payload supported=3 required=0
2024-03-23T15:34:07.289 INFO:teuthology.orchestra.run.smithi076.stdout:/usr/bin/ceph: stderr
2024-03-23T15:34:06.281+0000 7f15dceb2700 1 --2- 172.21.15.76:0/1996194337 >> [v2:172.21.15.76:6800/36977200,v1:172.21.15.76:6801/36977200] conn(0x7f15c4038ff0 0x7f15c403b4b0 secure :-1 s=READY pgs=15 cs=0 l=1 rev1=1 crypto rx=0x7f15c8006fd0 tx=0x7f15c8006e40 comp rx=0 tx=0).ready entity=mgr.14118 client_cookie=0 server_cookie=0 in_seq=0 out_seq=0
2024-03-23T15:34:07.289 INFO:teuthology.orchestra.run.smithi076.stdout:/usr/bin/ceph: stderr
2024-03-23T15:34:06.285+0000 7f15ce7fc700 1 -- 172.21.15.76:0/1996194337 <== mon.0 v2:172.21.15.76:3300/0 6 ==== mon_command_ack([{"prefix": "get_command_descriptions"}]=0 v0) ==== 72+0+184932 (secure 0 0 0) 0x7f15d4081280 con 0x7f15d81087a0
2024-03-23T15:34:07.289 INFO:teuthology.orchestra.run.smithi076.stdout:/usr/bin/ceph: stderr
2024-03-23T15:34:06.484+0000 7f15df917700 1 -- 172.21.15.76:0/1996194337 --> [v2:172.21.15.76:3300/0,v1:172.21.15.76:6789/0] -- mon_command([{prefix=config set, name=mgr/dashboard/ssl_server_port}] v 0) -- 0x7f15d810c0e0 con 0x7f15d81087a0
2024-03-23T15:34:07.289 INFO:teuthology.orchestra.run.smithi076.stdout:/usr/bin/ceph: stderr
2024-03-23T15:34:06.486+0000 7f15ce7fc700 1 -- 172.21.15.76:0/1996194337 <== mon.0 v2:172.21.15.76:3300/0 7 ==== mon_command_ack([{prefix=config set, name=mgr/dashboard/ssl_server_port}]=0 v7)=0 v7) ==== 130+0+0 (secure 0 0 0) 0x7f15d4010c70 con 0x7f15d81087a0
2024-03-23T15:34:07.289 INFO:teuthology.orchestra.run.smithi076.stdout:/usr/bin/ceph: stderr
2024-03-23T15:34:06.488+0000 7f15df917700 1 -- 172.21.15.76:0/1996194337 >> [v2:172.21.15.76:6800/36977200,v1:172.21.15.76:6801/36977200] conn(0x7f15c4038ff0 msgr2=0x7f15c403b4b0 secure :-1 s=STATE_CONNECTION_ESTABLISHED l=1).mark_down
2024-03-23T15:34:07.289 INFO:teuthology.orchestra.run.smithi076.stdout:/usr/bin/ceph: stderr
2024-03-23T15:34:06.488+0000 7f15df917700 1 --2- 172.21.15.76:0/1996194337 >> [v2:172.21.15.76:6800/36977200,v1:172.21.15.76:6801/36977200] conn(0x7f15c4038ff0 0x7f15c403b4b0 secure :-1 s=READY pgs=15 cs=0 l=1 rev1=1 crypto rx=0x7f15c8006fd0 tx=0x7f15c8006e40 comp rx=0 tx=0).stop
2024-03-23T15:34:07.289 INFO:teuthology.orchestra.run.smithi076.stdout:/usr/bin/ceph: stderr
2024-03-23T15:34:06.488+0000 7f15df917700 1 -- 172.21.15.76:0/1996194337 >> [v2:172.21.15.76:3300/0,v1:172.21.15.76:6789/0] conn(0x7f15d81087a0 msgr2=0x7f15d819dbc0 secure :-1 s=STATE_CONNECTION_ESTABLISHED l=1).mark_down
2024-03-23T15:34:07.289 INFO:teuthology.orchestra.run.smithi076.stdout:/usr/bin/ceph: stderr
2024-03-23T15:34:06.488+0000 7f15df917700 1 --2- 172.21.15.76:0/1996194337 >> [v2:172.21.15.76:3300/0,v1:172.21.15.76:6789/0] conn(0x7f15d81087a0 0x7f15d819dbc0 secure :-1 s=READY pgs=52 cs=0 l=1 rev1=1 crypto rx=0x7f15d4011a70 tx=0x7f15d4011b50 comp rx=0 tx=0).stop
2024-03-23T15:34:07.289 INFO:teuthology.orchestra.run.smithi076.stdout:/usr/bin/ceph: stderr
2024-03-23T15:34:06.488+0000 7f15df917700 1 -- 172.21.15.76:0/1996194337 shutdown_connections
2024-03-23T15:34:07.289 INFO:teuthology.orchestra.run.smithi076.stdout:/usr/bin/ceph: stderr
2024-03-23T15:34:06.488+0000 7f15df917700 1 --2- 172.21.15.76:0/1996194337 >> [v2:172.21.15.76:6800/36977200,v1:172.21.15.76:6801/36977200] conn(0x7f15c4038ff0 0x7f15c403b4b0 unknown :-1 s=CLOSED pgs=15 cs=0 l=1 rev1=1 crypto rx=0 tx=0 comp rx=0 tx=0).stop
2024-03-23T15:34:07.289 INFO:teuthology.orchestra.run.smithi076.stdout:/usr/bin/ceph: stderr
2024-03-23T15:34:06.488+0000 7f15df917700 1 --2- 172.21.15.76:0/1996194337 >> [v2:172.21.15.76:3300/0,v1:172.21.15.76:6789/0] conn(0x7f15d81087a0 0x7f15d819dbc0 unknown :-1 s=CLOSED pgs=52 cs=0 l=1 rev1=1 crypto rx=0 tx=0 comp rx=0 tx=0).stop
2024-03-23T15:34:07.289 INFO:teuthology.orchestra.run.smithi076.stdout:/usr/bin/ceph: stderr
2024-03-23T15:34:06.488+0000 7f15df917700 1 -- 172.21.15.76:0/1996194337 >> 172.21.15.76:0/1996194337 conn(0x7f15d8102190 msgr2=0x7f15d8102b90 unknown :-1 s=STATE_NONE l=0).mark_down
2024-03-23T15:34:07.290 INFO:teuthology.orchestra.run.smithi076.stdout:/usr/bin/ceph: stderr
2024-03-23T15:34:06.488+0000 7f15df917700 1 -- 172.21.15.76:0/1996194337 shutdown_connections
2024-03-23T15:34:07.290 INFO:teuthology.orchestra.run.smithi076.stdout:/usr/bin/ceph: stderr
2024-03-23T15:34:06.488+0000 7f15df917700 1 -- 172.21.15.76:0/1996194337 wait complete.
2024-03-23T15:34:07.290 INFO:teuthology.orchestra.run.smithi076.stdout:Enabling the dashboard module...
2024-03-23T15:34:07.563 INFO:journalctl@ceph.mon.a.smithi076.stdout:Mar 23 15:34:07 smithi076 ceph-mon[32176]: from='client.? 172.21.15.76:0/1996194337' entity='client.admin'
2024-03-23T15:34:07.563 INFO:journalctl@ceph.mon.a.smithi076.stdout:Mar 23 15:34:07 smithi076 ceph-mon[32176]: from='mgr.14118 172.21.15.76:0/2012406986' entity='mgr.x'
2024-03-23T15:34:07.563 INFO:journalctl@ceph.mon.a.smithi076.stdout:Mar 23 15:34:07 smithi076 ceph-mon[32176]: from='mgr.14118 172.21.15.76:0/2012406986' entity='mgr.x'
2024-03-23T15:34:08.796 INFO:journalctl@ceph.mon.a.smithi076.stdout:Mar 23 15:34:08 smithi076 ceph-mon[32176]: from='client.? 172.21.15.76:0/2584881002' entity='client.admin' cmd=[{"prefix": "mgr module enable", "module": "dashboard"}]: dispatch
2024-03-23T15:34:08.796 INFO:journalctl@ceph.mgr.x.smithi076.stdout:Mar 23 15:34:08 smithi076 ceph-89c3e582-e92a-11ee-95cd-87774f69a715-mgr-x[32411]: ignoring --setuser ceph since I am not root
2024-03-23T15:34:08.796 INFO:journalctl@ceph.mgr.x.smithi076.stdout:Mar 23 15:34:08 smithi076 ceph-89c3e582-e92a-11ee-95cd-87774f69a715-mgr-x[32411]: ignoring --setgroup ceph since I am not root
2024-03-23T15:34:09.111 INFO:teuthology.orchestra.run.smithi076.stdout:/usr/bin/ceph: stderr
2024-03-23T15:34:07.663+0000 7ff6615c9700 1 Processor -- start
2024-03-23T15:34:09.111 INFO:teuthology.orchestra.run.smithi076.stdout:/usr/bin/ceph: stderr
2024-03-23T15:34:07.663+0000 7ff6615c9700 1 -- start start
2024-03-23T15:34:09.111 INFO:teuthology.orchestra.run.smithi076.stdout:/usr/bin/ceph: stderr
2024-03-23T15:34:07.663+0000 7ff6615c9700 1 --2- >> [v2:172.21.15.76:3300/0,v1:172.21.15.76:6789/0] conn(0x7ff65c1070b0 0x7ff65c1074d0 unknown :-1 s=NONE pgs=0 cs=0 l=0 rev1=0 crypto rx=0 tx=0 comp rx=0 tx=0).connect
2024-03-23T15:34:09.111 INFO:teuthology.orchestra.run.smithi076.stdout:/usr/bin/ceph: stderr
2024-03-23T15:34:07.663+0000 7ff6615c9700 1 -- --> [v2:172.21.15.76:3300/0,v1:172.21.15.76:6789/0] -- mon_getmap magic: 0 -- 0x7ff65c107aa0 con 0x7ff65c1070b0
2024-03-23T15:34:09.111 INFO:teuthology.orchestra.run.smithi076.stdout:/usr/bin/ceph: stderr
2024-03-23T15:34:07.663+0000 7ff65affd700 1 --2- >> [v2:172.21.15.76:3300/0,v1:172.21.15.76:6789/0] conn(0x7ff65c1070b0 0x7ff65c1074d0 unknown :-1 s=BANNER_CONNECTING pgs=0 cs=0 l=0 rev1=0 crypto rx=0 tx=0 comp rx=0 tx=0)._handle_peer_banner_payload supported=3 required=0
2024-03-23T15:34:09.111 INFO:teuthology.orchestra.run.smithi076.stdout:/usr/bin/ceph: stderr
2024-03-23T15:34:07.663+0000 7ff65affd700 1 --2- >> [v2:172.21.15.76:3300/0,v1:172.21.15.76:6789/0] conn(0x7ff65c1070b0 0x7ff65c1074d0 unknown :-1 s=HELLO_CONNECTING pgs=0 cs=0 l=0 rev1=1 crypto rx=0 tx=0 comp rx=0 tx=0).handle_hello peer v2:172.21.15.76:3300/0 says I am v2:172.21.15.76:47776/0 (socket says 172.21.15.76:47776)
2024-03-23T15:34:09.112 INFO:teuthology.orchestra.run.smithi076.stdout:/usr/bin/ceph: stderr
2024-03-23T15:34:07.663+0000 7ff65affd700 1 -- 172.21.15.76:0/1804287752 learned_addr learned my addr 172.21.15.76:0/1804287752 (peer_addr_for_me v2:172.21.15.76:0/0)
2024-03-23T15:34:09.112 INFO:teuthology.orchestra.run.smithi076.stdout:/usr/bin/ceph: stderr
2024-03-23T15:34:07.664+0000 7ff65affd700 1 -- 172.21.15.76:0/1804287752 --> [v2:172.21.15.76:3300/0,v1:172.21.15.76:6789/0] -- mon_subscribe({config=0+,monmap=0+}) -- 0x7ff65c107dd0 con 0x7ff65c1070b0
2024-03-23T15:34:09.112 INFO:teuthology.orchestra.run.smithi076.stdout:/usr/bin/ceph: stderr
2024-03-23T15:34:07.664+0000 7ff65affd700 1 --2- 172.21.15.76:0/1804287752 >> [v2:172.21.15.76:3300/0,v1:172.21.15.76:6789/0] conn(0x7ff65c1070b0 0x7ff65c1074d0 secure :-1 s=READY pgs=53 cs=0 l=1 rev1=1 crypto rx=0x7ff6500098a0 tx=0x7ff650009bb0 comp rx=0 tx=0).ready entity=mon.0 client_cookie=5eb906c98ff6bc27 server_cookie=0 in_seq=0 out_seq=0
2024-03-23T15:34:09.112 INFO:teuthology.orchestra.run.smithi076.stdout:/usr/bin/ceph: stderr
2024-03-23T15:34:07.664+0000 7ff659ffb700 1 -- 172.21.15.76:0/1804287752 <== mon.0 v2:172.21.15.76:3300/0 1 ==== mon_map magic: 0 ==== 205+0+0 (secure 0 0 0) 0x7ff650004160 con 0x7ff65c1070b0
2024-03-23T15:34:09.112 INFO:teuthology.orchestra.run.smithi076.stdout:/usr/bin/ceph: stderr
2024-03-23T15:34:07.664+0000 7ff659ffb700 1 -- 172.21.15.76:0/1804287752 <== mon.0 v2:172.21.15.76:3300/0 2 ==== config(27 keys) ==== 1140+0+0 (secure 0 0 0) 0x7ff6500042c0 con 0x7ff65c1070b0
2024-03-23T15:34:09.112 INFO:teuthology.orchestra.run.smithi076.stdout:/usr/bin/ceph: stderr
2024-03-23T15:34:07.664+0000 7ff659ffb700 1 -- 172.21.15.76:0/1804287752 <== mon.0 v2:172.21.15.76:3300/0 3 ==== mon_map magic: 0 ==== 205+0+0 (secure 0 0 0) 0x7ff650011a80 con 0x7ff65c1070b0
2024-03-23T15:34:09.112 INFO:teuthology.orchestra.run.smithi076.stdout:/usr/bin/ceph: stderr
2024-03-23T15:34:07.665+0000 7ff6615c9700 1 -- 172.21.15.76:0/1804287752 >> [v2:172.21.15.76:3300/0,v1:172.21.15.76:6789/0] conn(0x7ff65c1070b0 msgr2=0x7ff65c1074d0 secure :-1 s=STATE_CONNECTION_ESTABLISHED l=1).mark_down
2024-03-23T15:34:09.112 INFO:teuthology.orchestra.run.smithi076.stdout:/usr/bin/ceph: stderr
2024-03-23T15:34:07.665+0000 7ff6615c9700 1 --2- 172.21.15.76:0/1804287752 >> [v2:172.21.15.76:3300/0,v1:172.21.15.76:6789/0] conn(0x7ff65c1070b0 0x7ff65c1074d0 secure :-1 s=READY pgs=53 cs=0 l=1 rev1=1 crypto rx=0x7ff6500098a0 tx=0x7ff650009bb0 comp rx=0 tx=0).stop
2024-03-23T15:34:09.112 INFO:teuthology.orchestra.run.smithi076.stdout:/usr/bin/ceph: stderr
2024-03-23T15:34:07.665+0000 7ff6615c9700 1 -- 172.21.15.76:0/1804287752 shutdown_connections
2024-03-23T15:34:09.112 INFO:teuthology.orchestra.run.smithi076.stdout:/usr/bin/ceph: stderr
2024-03-23T15:34:07.665+0000 7ff6615c9700 1 --2- 172.21.15.76:0/1804287752 >> [v2:172.21.15.76:3300/0,v1:172.21.15.76:6789/0] conn(0x7ff65c1070b0 0x7ff65c1074d0 unknown :-1 s=CLOSED pgs=53 cs=0 l=1 rev1=1 crypto rx=0 tx=0 comp rx=0 tx=0).stop
2024-03-23T15:34:09.112 INFO:teuthology.orchestra.run.smithi076.stdout:/usr/bin/ceph: stderr
2024-03-23T15:34:07.665+0000 7ff6615c9700 1 -- 172.21.15.76:0/1804287752 >> 172.21.15.76:0/1804287752 conn(0x7ff65c101910 msgr2=0x7ff65c103d30 unknown :-1 s=STATE_NONE l=0).mark_down
2024-03-23T15:34:09.112 INFO:teuthology.orchestra.run.smithi076.stdout:/usr/bin/ceph: stderr
2024-03-23T15:34:07.665+0000 7ff6615c9700 1 -- 172.21.15.76:0/1804287752 shutdown_connections
2024-03-23T15:34:09.112 INFO:teuthology.orchestra.run.smithi076.stdout:/usr/bin/ceph: stderr
2024-03-23T15:34:07.665+0000 7ff6615c9700 1 -- 172.21.15.76:0/1804287752 wait complete.
2024-03-23T15:34:09.112 INFO:teuthology.orchestra.run.smithi076.stdout:/usr/bin/ceph: stderr
2024-03-23T15:34:07.665+0000 7ff6615c9700 1 Processor -- start
2024-03-23T15:34:09.113 INFO:teuthology.orchestra.run.smithi076.stdout:/usr/bin/ceph: stderr
2024-03-23T15:34:07.666+0000 7ff6615c9700 1 -- start start
2024-03-23T15:34:09.113 INFO:teuthology.orchestra.run.smithi076.stdout:/usr/bin/ceph: stderr
2024-03-23T15:34:07.666+0000 7ff6615c9700 1 --2- >> [v2:172.21.15.76:3300/0,v1:172.21.15.76:6789/0] conn(0x7ff65c1070b0 0x7ff65c19b930 unknown :-1 s=NONE pgs=0 cs=0 l=1 rev1=0 crypto rx=0 tx=0 comp rx=0 tx=0).connect
2024-03-23T15:34:09.113 INFO:teuthology.orchestra.run.smithi076.stdout:/usr/bin/ceph: stderr
2024-03-23T15:34:07.666+0000 7ff6615c9700 1 -- --> [v2:172.21.15.76:3300/0,v1:172.21.15.76:6789/0] -- mon_getmap magic: 0 -- 0x7ff65c19be70 con 0x7ff65c1070b0
2024-03-23T15:34:09.113 INFO:teuthology.orchestra.run.smithi076.stdout:/usr/bin/ceph: stderr
2024-03-23T15:34:07.666+0000 7ff65affd700 1 --2- >> [v2:172.21.15.76:3300/0,v1:172.21.15.76:6789/0] conn(0x7ff65c1070b0 0x7ff65c19b930 unknown :-1 s=BANNER_CONNECTING pgs=0 cs=0 l=1 rev1=0 crypto rx=0 tx=0 comp rx=0 tx=0)._handle_peer_banner_payload supported=3 required=0
2024-03-23T15:34:09.113 INFO:teuthology.orchestra.run.smithi076.stdout:/usr/bin/ceph: stderr
2024-03-23T15:34:07.666+0000 7ff65affd700 1 --2- >> [v2:172.21.15.76:3300/0,v1:172.21.15.76:6789/0] conn(0x7ff65c1070b0 0x7ff65c19b930 unknown :-1 s=HELLO_CONNECTING pgs=0 cs=0 l=1 rev1=1 crypto rx=0 tx=0 comp rx=0 tx=0).handle_hello peer v2:172.21.15.76:3300/0 says I am v2:172.21.15.76:47790/0 (socket says 172.21.15.76:47790)
2024-03-23T15:34:09.113 INFO:teuthology.orchestra.run.smithi076.stdout:/usr/bin/ceph: stderr
2024-03-23T15:34:07.666+0000 7ff65affd700 1 -- 172.21.15.76:0/2584881002 learned_addr learned my addr 172.21.15.76:0/2584881002 (peer_addr_for_me v2:172.21.15.76:0/0)
2024-03-23T15:34:09.113 INFO:teuthology.orchestra.run.smithi076.stdout:/usr/bin/ceph: stderr
2024-03-23T15:34:07.666+0000 7ff65affd700 1 -- 172.21.15.76:0/2584881002 --> [v2:172.21.15.76:3300/0,v1:172.21.15.76:6789/0] -- mon_subscribe({config=0+,monmap=0+}) -- 0x7ff650009550 con 0x7ff65c1070b0
2024-03-23T15:34:09.113 INFO:teuthology.orchestra.run.smithi076.stdout:/usr/bin/ceph: stderr
2024-03-23T15:34:07.666+0000 7ff65affd700 1 --2- 172.21.15.76:0/2584881002 >> [v2:172.21.15.76:3300/0,v1:172.21.15.76:6789/0] conn(0x7ff65c1070b0 0x7ff65c19b930 secure :-1 s=READY pgs=54 cs=0 l=1 rev1=1 crypto rx=0x7ff650003f20 tx=0x7ff650011b00 comp rx=0 tx=0).ready entity=mon.0 client_cookie=0 server_cookie=0 in_seq=0 out_seq=0
2024-03-23T15:34:09.113 INFO:teuthology.orchestra.run.smithi076.stdout:/usr/bin/ceph: stderr
2024-03-23T15:34:07.666+0000 7ff643fff700 1 -- 172.21.15.76:0/2584881002 <== mon.0 v2:172.21.15.76:3300/0 1 ==== mon_map magic: 0 ==== 205+0+0 (secure 0 0 0) 0x7ff6500039f0 con 0x7ff65c1070b0
2024-03-23T15:34:09.113 INFO:teuthology.orchestra.run.smithi076.stdout:/usr/bin/ceph: stderr
2024-03-23T15:34:07.666+0000 7ff643fff700 1 -- 172.21.15.76:0/2584881002 <== mon.0 v2:172.21.15.76:3300/0 2 ==== config(27 keys) ==== 1140+0+0 (secure 0 0 0) 0x7ff650003b50 con 0x7ff65c1070b0
2024-03-23T15:34:09.113 INFO:teuthology.orchestra.run.smithi076.stdout:/usr/bin/ceph: stderr
2024-03-23T15:34:07.666+0000 7ff6615c9700 1 -- 172.21.15.76:0/2584881002 --> [v2:172.21.15.76:3300/0,v1:172.21.15.76:6789/0] -- mon_subscribe({mgrmap=0+}) -- 0x7ff65c19c070 con 0x7ff65c1070b0
2024-03-23T15:34:09.113 INFO:teuthology.orchestra.run.smithi076.stdout:/usr/bin/ceph: stderr
2024-03-23T15:34:07.666+0000 7ff643fff700 1 -- 172.21.15.76:0/2584881002 <== mon.0 v2:172.21.15.76:3300/0 3 ==== mon_map magic: 0 ==== 205+0+0 (secure 0 0 0) 0x7ff65001a6d0 con 0x7ff65c1070b0
2024-03-23T15:34:09.113 INFO:teuthology.orchestra.run.smithi076.stdout:/usr/bin/ceph: stderr
2024-03-23T15:34:07.667+0000 7ff6615c9700 1 -- 172.21.15.76:0/2584881002 --> [v2:172.21.15.76:3300/0,v1:172.21.15.76:6789/0] -- mon_subscribe({osdmap=0}) -- 0x7ff65c19c510 con 0x7ff65c1070b0
2024-03-23T15:34:09.113 INFO:teuthology.orchestra.run.smithi076.stdout:/usr/bin/ceph: stderr
2024-03-23T15:34:07.667+0000 7ff643fff700 1 -- 172.21.15.76:0/2584881002 <== mon.0 v2:172.21.15.76:3300/0 4 ==== mgrmap(e 8) ==== 45928+0+0 (secure 0 0 0) 0x7ff65001a980 con 0x7ff65c1070b0
2024-03-23T15:34:09.114 INFO:teuthology.orchestra.run.smithi076.stdout:/usr/bin/ceph: stderr
2024-03-23T15:34:07.667+0000 7ff6615c9700 1 -- 172.21.15.76:0/2584881002 --> [v2:172.21.15.76:3300/0,v1:172.21.15.76:6789/0] -- mon_command({"prefix": "get_command_descriptions"} v 0) -- 0x7ff65c195550 con 0x7ff65c1070b0
2024-03-23T15:34:09.114 INFO:teuthology.orchestra.run.smithi076.stdout:/usr/bin/ceph: stderr
2024-03-23T15:34:07.667+0000 7ff643fff700 1 --2- 172.21.15.76:0/2584881002 >> [v2:172.21.15.76:6800/36977200,v1:172.21.15.76:6801/36977200] conn(0x7ff644038fa0 0x7ff64403b460 unknown :-1 s=NONE pgs=0 cs=0 l=1 rev1=0 crypto rx=0 tx=0 comp rx=0 tx=0).connect
2024-03-23T15:34:09.114 INFO:teuthology.orchestra.run.smithi076.stdout:/usr/bin/ceph: stderr
2024-03-23T15:34:07.668+0000 7ff643fff700 1 -- 172.21.15.76:0/2584881002 <== mon.0 v2:172.21.15.76:3300/0 5 ==== osd_map(2..2 src has 1..2) ==== 940+0+0 (secure 0 0 0) 0x7ff65004e100 con 0x7ff65c1070b0
2024-03-23T15:34:09.114 INFO:teuthology.orchestra.run.smithi076.stdout:/usr/bin/ceph: stderr
2024-03-23T15:34:07.668+0000 7ff65a7fc700 1 --2- 172.21.15.76:0/2584881002 >> [v2:172.21.15.76:6800/36977200,v1:172.21.15.76:6801/36977200] conn(0x7ff644038fa0 0x7ff64403b460 unknown :-1 s=BANNER_CONNECTING pgs=0 cs=0 l=1 rev1=0 crypto rx=0 tx=0 comp rx=0 tx=0)._handle_peer_banner_payload supported=3 required=0
2024-03-23T15:34:09.114 INFO:teuthology.orchestra.run.smithi076.stdout:/usr/bin/ceph: stderr
2024-03-23T15:34:07.668+0000 7ff65a7fc700 1 --2- 172.21.15.76:0/2584881002 >> [v2:172.21.15.76:6800/36977200,v1:172.21.15.76:6801/36977200] conn(0x7ff644038fa0 0x7ff64403b460 secure :-1 s=READY pgs=16 cs=0 l=1 rev1=1 crypto rx=0x7ff64c006fd0 tx=0x7ff64c006e40 comp rx=0 tx=0).ready entity=mgr.14118 client_cookie=0 server_cookie=0 in_seq=0 out_seq=0
2024-03-23T15:34:09.114 INFO:teuthology.orchestra.run.smithi076.stdout:/usr/bin/ceph: stderr
2024-03-23T15:34:07.672+0000 7ff643fff700 1 -- 172.21.15.76:0/2584881002 <== mon.0 v2:172.21.15.76:3300/0 6 ==== mon_command_ack([{"prefix": "get_command_descriptions"}]=0 v0) ==== 72+0+184932 (secure 0 0 0) 0x7ff65001ac30 con 0x7ff65c1070b0
2024-03-23T15:34:09.114 INFO:teuthology.orchestra.run.smithi076.stdout:/usr/bin/ceph: stderr
2024-03-23T15:34:07.946+0000 7ff6615c9700 1 -- 172.21.15.76:0/2584881002 --> [v2:172.21.15.76:3300/0,v1:172.21.15.76:6789/0] -- mon_command({"prefix": "mgr module enable", "module": "dashboard"} v 0) -- 0x7ff65c10b000 con 0x7ff65c1070b0
2024-03-23T15:34:09.114 INFO:teuthology.orchestra.run.smithi076.stdout:/usr/bin/ceph: stderr
2024-03-23T15:34:08.489+0000 7ff643fff700 1 -- 172.21.15.76:0/2584881002 <== mon.0 v2:172.21.15.76:3300/0 7 ==== mon_command_ack([{"prefix": "mgr module enable", "module": "dashboard"}]=0 v9) ==== 88+0+0 (secure 0 0 0) 0x7ff650018be0 con 0x7ff65c1070b0
2024-03-23T15:34:09.114 INFO:teuthology.orchestra.run.smithi076.stdout:/usr/bin/ceph: stderr
2024-03-23T15:34:08.491+0000 7ff643fff700 1 -- 172.21.15.76:0/2584881002 <== mon.0 v2:172.21.15.76:3300/0 8 ==== mgrmap(e 9) ==== 45941+0+0 (secure 0 0 0) 0x7ff65002d9b0 con 0x7ff65c1070b0
2024-03-23T15:34:09.114 INFO:teuthology.orchestra.run.smithi076.stdout:/usr/bin/ceph: stderr
2024-03-23T15:34:08.492+0000 7ff6615c9700 1 -- 172.21.15.76:0/2584881002 >> [v2:172.21.15.76:6800/36977200,v1:172.21.15.76:6801/36977200] conn(0x7ff644038fa0 msgr2=0x7ff64403b460 secure :-1 s=STATE_CONNECTION_ESTABLISHED l=1).mark_down
2024-03-23T15:34:09.114 INFO:teuthology.orchestra.run.smithi076.stdout:/usr/bin/ceph: stderr
2024-03-23T15:34:08.492+0000 7ff6615c9700 1 --2- 172.21.15.76:0/2584881002 >> [v2:172.21.15.76:6800/36977200,v1:172.21.15.76:6801/36977200] conn(0x7ff644038fa0 0x7ff64403b460 secure :-1 s=READY pgs=16 cs=0 l=1 rev1=1 crypto rx=0x7ff64c006fd0 tx=0x7ff64c006e40 comp rx=0 tx=0).stop
2024-03-23T15:34:09.114 INFO:teuthology.orchestra.run.smithi076.stdout:/usr/bin/ceph: stderr
2024-03-23T15:34:08.492+0000 7ff6615c9700 1 -- 172.21.15.76:0/2584881002 >> [v2:172.21.15.76:3300/0,v1:172.21.15.76:6789/0] conn(0x7ff65c1070b0 msgr2=0x7ff65c19b930 secure :-1 s=STATE_CONNECTION_ESTABLISHED l=1).mark_down
2024-03-23T15:34:09.114 INFO:teuthology.orchestra.run.smithi076.stdout:/usr/bin/ceph: stderr
2024-03-23T15:34:08.492+0000 7ff6615c9700 1 --2- 172.21.15.76:0/2584881002 >> [v2:172.21.15.76:3300/0,v1:172.21.15.76:6789/0] conn(0x7ff65c1070b0 0x7ff65c19b930 secure :-1 s=READY pgs=54 cs=0 l=1 rev1=1 crypto rx=0x7ff650003f20 tx=0x7ff650011b00 comp rx=0 tx=0).stop
2024-03-23T15:34:09.115 INFO:teuthology.orchestra.run.smithi076.stdout:/usr/bin/ceph: stderr
2024-03-23T15:34:08.492+0000 7ff6615c9700 1 -- 172.21.15.76:0/2584881002 shutdown_connections
2024-03-23T15:34:09.115 INFO:teuthology.orchestra.run.smithi076.stdout:/usr/bin/ceph: stderr
2024-03-23T15:34:08.492+0000 7ff6615c9700 1 --2- 172.21.15.76:0/2584881002 >> [v2:172.21.15.76:6800/36977200,v1:172.21.15.76:6801/36977200] conn(0x7ff644038fa0 0x7ff64403b460 unknown :-1 s=CLOSED pgs=16 cs=0 l=1 rev1=1 crypto rx=0 tx=0 comp rx=0 tx=0).stop
2024-03-23T15:34:09.115 INFO:teuthology.orchestra.run.smithi076.stdout:/usr/bin/ceph: stderr
2024-03-23T15:34:08.492+0000 7ff6615c9700 1 --2- 172.21.15.76:0/2584881002 >> [v2:172.21.15.76:3300/0,v1:172.21.15.76:6789/0] conn(0x7ff65c1070b0 0x7ff65c19b930 unknown :-1 s=CLOSED pgs=54 cs=0 l=1 rev1=1 crypto rx=0 tx=0 comp rx=0 tx=0).stop
2024-03-23T15:34:09.115 INFO:teuthology.orchestra.run.smithi076.stdout:/usr/bin/ceph: stderr
2024-03-23T15:34:08.492+0000 7ff6615c9700 1 -- 172.21.15.76:0/2584881002 >> 172.21.15.76:0/2584881002 conn(0x7ff65c101910 msgr2=0x7ff65c192690 unknown :-1 s=STATE_NONE l=0).mark_down
2024-03-23T15:34:09.115 INFO:teuthology.orchestra.run.smithi076.stdout:/usr/bin/ceph: stderr
2024-03-23T15:34:08.493+0000 7ff6615c9700 1 -- 172.21.15.76:0/2584881002 shutdown_connections
2024-03-23T15:34:09.115 INFO:teuthology.orchestra.run.smithi076.stdout:/usr/bin/ceph: stderr
2024-03-23T15:34:08.493+0000 7ff6615c9700 1 -- 172.21.15.76:0/2584881002 wait complete.
2024-03-23T15:34:09.445 INFO:journalctl@ceph.mgr.x.smithi076.stdout:Mar 23 15:34:09 smithi076 ceph-89c3e582-e92a-11ee-95cd-87774f69a715-mgr-x[32411]:
2024-03-23T15:34:09.084+0000 7f62de792200 -1 mgr[py] Module osd_perf_query has missing NOTIFY_TYPES member
2024-03-23T15:34:09.446 INFO:journalctl@ceph.mgr.x.smithi076.stdout:Mar 23 15:34:09 smithi076 ceph-89c3e582-e92a-11ee-95cd-87774f69a715-mgr-x[32411]:
2024-03-23T15:34:09.188+0000 7f62de792200 -1 mgr[py] Module snap_schedule has missing NOTIFY_TYPES member
2024-03-23T15:34:09.753 INFO:journalctl@ceph.mon.a.smithi076.stdout:Mar 23 15:34:09 smithi076 ceph-mon[32176]: from='client.? 172.21.15.76:0/2584881002' entity='client.admin' cmd='[{"prefix": "mgr module enable", "module": "dashboard"}]': finished
2024-03-23T15:34:09.753 INFO:journalctl@ceph.mon.a.smithi076.stdout:Mar 23 15:34:09 smithi076 ceph-mon[32176]: mgrmap e9: x(active, since 18s)
2024-03-23T15:34:10.075 INFO:journalctl@ceph.mgr.x.smithi076.stdout:Mar 23 15:34:09 smithi076 ceph-89c3e582-e92a-11ee-95cd-87774f69a715-mgr-x[32411]:
2024-03-23T15:34:09.875+0000 7f62de792200 -1 mgr[py] Module zabbix has missing NOTIFY_TYPES member
2024-03-23T15:34:10.075 INFO:journalctl@ceph.mgr.x.smithi076.stdout:Mar 23 15:34:09 smithi076 ceph-89c3e582-e92a-11ee-95cd-87774f69a715-mgr-x[32411]:
2024-03-23T15:34:09.968+0000 7f62de792200 -1 mgr[py] Module balancer has missing NOTIFY_TYPES member
2024-03-23T15:34:10.417 INFO:journalctl@ceph.mgr.x.smithi076.stdout:Mar 23 15:34:10 smithi076 ceph-89c3e582-e92a-11ee-95cd-87774f69a715-mgr-x[32411]:
2024-03-23T15:34:10.111+0000 7f62de792200 -1 mgr[py] Module influx has missing NOTIFY_TYPES member
2024-03-23T15:34:10.418 INFO:journalctl@ceph.mgr.x.smithi076.stdout:Mar 23 15:34:10 smithi076 ceph-89c3e582-e92a-11ee-95cd-87774f69a715-mgr-x[32411]:
2024-03-23T15:34:10.207+0000 7f62de792200 -1 mgr[py] Module alerts has missing NOTIFY_TYPES member
2024-03-23T15:34:10.418 INFO:journalctl@ceph.mgr.x.smithi076.stdout:Mar 23 15:34:10 smithi076 ceph-89c3e582-e92a-11ee-95cd-87774f69a715-mgr-x[32411]:
2024-03-23T15:34:10.292+0000 7f62de792200 -1 mgr[py] Module iostat has missing NOTIFY_TYPES member
2024-03-23T15:34:10.427 INFO:teuthology.orchestra.run.smithi076.stdout:/usr/bin/ceph: stdout {
2024-03-23T15:34:10.427 INFO:teuthology.orchestra.run.smithi076.stdout:/usr/bin/ceph: stdout "epoch": 9,
2024-03-23T15:34:10.427 INFO:teuthology.orchestra.run.smithi076.stdout:/usr/bin/ceph: stdout "available": true,
2024-03-23T15:34:10.427 INFO:teuthology.orchestra.run.smithi076.stdout:/usr/bin/ceph: stdout "active_name": "x",
2024-03-23T15:34:10.427 INFO:teuthology.orchestra.run.smithi076.stdout:/usr/bin/ceph: stdout "num_standby": 0
2024-03-23T15:34:10.427 INFO:teuthology.orchestra.run.smithi076.stdout:/usr/bin/ceph: stdout }
2024-03-23T15:34:10.427 INFO:teuthology.orchestra.run.smithi076.stdout:/usr/bin/ceph: stderr
2024-03-23T15:34:09.544+0000 7f1b03579700 1 Processor -- start
2024-03-23T15:34:10.427 INFO:teuthology.orchestra.run.smithi076.stdout:/usr/bin/ceph: stderr
2024-03-23T15:34:09.544+0000 7f1b03579700 1 -- start start
2024-03-23T15:34:10.427 INFO:teuthology.orchestra.run.smithi076.stdout:/usr/bin/ceph: stderr
2024-03-23T15:34:09.544+0000 7f1b03579700 1 --2- >> [v2:172.21.15.76:3300/0,v1:172.21.15.76:6789/0] conn(0x7f1afc1065a0 0x7f1afc1069c0 unknown :-1 s=NONE pgs=0 cs=0 l=0 rev1=0 crypto rx=0 tx=0 comp rx=0 tx=0).connect
2024-03-23T15:34:10.427 INFO:teuthology.orchestra.run.smithi076.stdout:/usr/bin/ceph: stderr
2024-03-23T15:34:09.544+0000 7f1b03579700 1 -- --> [v2:172.21.15.76:3300/0,v1:172.21.15.76:6789/0] -- mon_getmap magic: 0 -- 0x7f1afc07be20 con 0x7f1afc1065a0
2024-03-23T15:34:10.428 INFO:teuthology.orchestra.run.smithi076.stdout:/usr/bin/ceph: stderr
2024-03-23T15:34:09.545+0000 7f1b01315700 1 --2- >> [v2:172.21.15.76:3300/0,v1:172.21.15.76:6789/0] conn(0x7f1afc1065a0 0x7f1afc1069c0 unknown :-1 s=BANNER_CONNECTING pgs=0 cs=0 l=0 rev1=0 crypto rx=0 tx=0 comp rx=0 tx=0)._handle_peer_banner_payload supported=3 required=0
2024-03-23T15:34:10.428 INFO:teuthology.orchestra.run.smithi076.stdout:/usr/bin/ceph: stderr
2024-03-23T15:34:09.545+0000 7f1b01315700 1 --2- >> [v2:172.21.15.76:3300/0,v1:172.21.15.76:6789/0] conn(0x7f1afc1065a0 0x7f1afc1069c0 unknown :-1 s=HELLO_CONNECTING pgs=0 cs=0 l=0 rev1=1 crypto rx=0 tx=0 comp rx=0 tx=0).handle_hello peer v2:172.21.15.76:3300/0 says I am v2:172.21.15.76:47804/0 (socket says 172.21.15.76:47804)
2024-03-23T15:34:10.428 INFO:teuthology.orchestra.run.smithi076.stdout:/usr/bin/ceph: stderr
2024-03-23T15:34:09.545+0000 7f1b01315700 1 -- 172.21.15.76:0/1269690525 learned_addr learned my addr 172.21.15.76:0/1269690525 (peer_addr_for_me v2:172.21.15.76:0/0)
2024-03-23T15:34:10.428 INFO:teuthology.orchestra.run.smithi076.stdout:/usr/bin/ceph: stderr
2024-03-23T15:34:09.545+0000 7f1b01315700 1 -- 172.21.15.76:0/1269690525 --> [v2:172.21.15.76:3300/0,v1:172.21.15.76:6789/0] -- mon_subscribe({config=0+,monmap=0+}) -- 0x7f1afc106f00 con 0x7f1afc1065a0
2024-03-23T15:34:10.428 INFO:teuthology.orchestra.run.smithi076.stdout:/usr/bin/ceph: stderr
2024-03-23T15:34:09.545+0000 7f1b01315700 1 --2- 172.21.15.76:0/1269690525 >> [v2:172.21.15.76:3300/0,v1:172.21.15.76:6789/0] conn(0x7f1afc1065a0 0x7f1afc1069c0 secure :-1 s=READY pgs=57 cs=0 l=1 rev1=1 crypto rx=0x7f1af80098a0 tx=0x7f1af8009bb0 comp rx=0 tx=0).ready entity=mon.0 client_cookie=33f2bfcf3c535911 server_cookie=0 in_seq=0 out_seq=0
2024-03-23T15:34:10.428 INFO:teuthology.orchestra.run.smithi076.stdout:/usr/bin/ceph: stderr
2024-03-23T15:34:09.545+0000 7f1af3fff700 1 -- 172.21.15.76:0/1269690525 <== mon.0 v2:172.21.15.76:3300/0 1 ==== mon_map magic: 0 ==== 205+0+0 (secure 0 0 0) 0x7f1af8004160 con 0x7f1afc1065a0
2024-03-23T15:34:10.428 INFO:teuthology.orchestra.run.smithi076.stdout:/usr/bin/ceph: stderr
2024-03-23T15:34:09.545+0000 7f1af3fff700 1 -- 172.21.15.76:0/1269690525 <== mon.0 v2:172.21.15.76:3300/0 2 ==== config(27 keys) ==== 1140+0+0 (secure 0 0 0) 0x7f1af80042c0 con 0x7f1afc1065a0
2024-03-23T15:34:10.428 INFO:teuthology.orchestra.run.smithi076.stdout:/usr/bin/ceph: stderr
2024-03-23T15:34:09.545+0000 7f1af3fff700 1 -- 172.21.15.76:0/1269690525 <== mon.0 v2:172.21.15.76:3300/0 3 ==== mon_map magic: 0 ==== 205+0+0 (secure 0 0 0) 0x7f1af8011a80 con 0x7f1afc1065a0
2024-03-23T15:34:10.428 INFO:teuthology.orchestra.run.smithi076.stdout:/usr/bin/ceph: stderr
2024-03-23T15:34:09.546+0000 7f1b03579700 1 -- 172.21.15.76:0/1269690525 >> [v2:172.21.15.76:3300/0,v1:172.21.15.76:6789/0] conn(0x7f1afc1065a0 msgr2=0x7f1afc1069c0 secure :-1 s=STATE_CONNECTION_ESTABLISHED l=1).mark_down
2024-03-23T15:34:10.428 INFO:teuthology.orchestra.run.smithi076.stdout:/usr/bin/ceph: stderr
2024-03-23T15:34:09.546+0000 7f1b03579700 1 --2- 172.21.15.76:0/1269690525 >> [v2:172.21.15.76:3300/0,v1:172.21.15.76:6789/0] conn(0x7f1afc1065a0 0x7f1afc1069c0 secure :-1 s=READY pgs=57 cs=0 l=1 rev1=1 crypto rx=0x7f1af80098a0 tx=0x7f1af8009bb0 comp rx=0 tx=0).stop
2024-03-23T15:34:10.428 INFO:teuthology.orchestra.run.smithi076.stdout:/usr/bin/ceph: stderr
2024-03-23T15:34:09.546+0000 7f1b03579700 1 -- 172.21.15.76:0/1269690525 shutdown_connections
2024-03-23T15:34:10.428 INFO:teuthology.orchestra.run.smithi076.stdout:/usr/bin/ceph: stderr
2024-03-23T15:34:09.546+0000 7f1b03579700 1 --2- 172.21.15.76:0/1269690525 >> [v2:172.21.15.76:3300/0,v1:172.21.15.76:6789/0] conn(0x7f1afc1065a0 0x7f1afc1069c0 unknown :-1 s=CLOSED pgs=57 cs=0 l=1 rev1=1 crypto rx=0 tx=0 comp rx=0 tx=0).stop
2024-03-23T15:34:10.428 INFO:teuthology.orchestra.run.smithi076.stdout:/usr/bin/ceph: stderr
2024-03-23T15:34:09.546+0000 7f1b03579700 1 -- 172.21.15.76:0/1269690525 >> 172.21.15.76:0/1269690525 conn(0x7f1afc102160 msgr2=0x7f1afc1045a0 unknown :-1 s=STATE_NONE l=0).mark_down
2024-03-23T15:34:10.428 INFO:teuthology.orchestra.run.smithi076.stdout:/usr/bin/ceph: stderr
2024-03-23T15:34:09.546+0000 7f1b03579700 1 -- 172.21.15.76:0/1269690525 shutdown_connections
2024-03-23T15:34:10.429 INFO:teuthology.orchestra.run.smithi076.stdout:/usr/bin/ceph: stderr
2024-03-23T15:34:09.546+0000 7f1b03579700 1 -- 172.21.15.76:0/1269690525 wait complete.
2024-03-23T15:34:10.429 INFO:teuthology.orchestra.run.smithi076.stdout:/usr/bin/ceph: stderr
2024-03-23T15:34:09.547+0000 7f1b03579700 1 Processor -- start
2024-03-23T15:34:10.429 INFO:teuthology.orchestra.run.smithi076.stdout:/usr/bin/ceph: stderr
2024-03-23T15:34:09.547+0000 7f1b03579700 1 -- start start
2024-03-23T15:34:10.429 INFO:teuthology.orchestra.run.smithi076.stdout:/usr/bin/ceph: stderr
2024-03-23T15:34:09.547+0000 7f1b03579700 1 --2- >> [v2:172.21.15.76:3300/0,v1:172.21.15.76:6789/0] conn(0x7f1afc1065a0 0x7f1afc19dc60 unknown :-1 s=NONE pgs=0 cs=0 l=1 rev1=0 crypto rx=0 tx=0 comp rx=0 tx=0).connect
2024-03-23T15:34:10.429 INFO:teuthology.orchestra.run.smithi076.stdout:/usr/bin/ceph: stderr
2024-03-23T15:34:09.547+0000 7f1b03579700 1 -- --> [v2:172.21.15.76:3300/0,v1:172.21.15.76:6789/0] -- mon_getmap magic: 0 -- 0x7f1afc19e1a0 con 0x7f1afc1065a0
2024-03-23T15:34:10.429 INFO:teuthology.orchestra.run.smithi076.stdout:/usr/bin/ceph: stderr
2024-03-23T15:34:09.547+0000 7f1b01315700 1 --2- >> [v2:172.21.15.76:3300/0,v1:172.21.15.76:6789/0] conn(0x7f1afc1065a0 0x7f1afc19dc60 unknown :-1 s=BANNER_CONNECTING pgs=0 cs=0 l=1 rev1=0 crypto rx=0 tx=0 comp rx=0 tx=0)._handle_peer_banner_payload supported=3 required=0
2024-03-23T15:34:10.429 INFO:teuthology.orchestra.run.smithi076.stdout:/usr/bin/ceph: stderr
2024-03-23T15:34:09.547+0000 7f1b01315700 1 --2- >> [v2:172.21.15.76:3300/0,v1:172.21.15.76:6789/0] conn(0x7f1afc1065a0 0x7f1afc19dc60 unknown :-1 s=HELLO_CONNECTING pgs=0 cs=0 l=1 rev1=1 crypto rx=0 tx=0 comp rx=0 tx=0).handle_hello peer v2:172.21.15.76:3300/0 says I am v2:172.21.15.76:47814/0 (socket says 172.21.15.76:47814)
2024-03-23T15:34:10.429 INFO:teuthology.orchestra.run.smithi076.stdout:/usr/bin/ceph: stderr
2024-03-23T15:34:09.547+0000 7f1b01315700 1 -- 172.21.15.76:0/3071240913 learned_addr learned my addr 172.21.15.76:0/3071240913 (peer_addr_for_me v2:172.21.15.76:0/0)
2024-03-23T15:34:10.429 INFO:teuthology.orchestra.run.smithi076.stdout:/usr/bin/ceph: stderr
2024-03-23T15:34:09.548+0000 7f1b01315700 1 -- 172.21.15.76:0/3071240913 --> [v2:172.21.15.76:3300/0,v1:172.21.15.76:6789/0] -- mon_subscribe({config=0+,monmap=0+}) -- 0x7f1af8009550 con 0x7f1afc1065a0
2024-03-23T15:34:10.429 INFO:teuthology.orchestra.run.smithi076.stdout:/usr/bin/ceph: stderr
2024-03-23T15:34:09.548+0000 7f1b01315700 1 --2- 172.21.15.76:0/3071240913 >> [v2:172.21.15.76:3300/0,v1:172.21.15.76:6789/0] conn(0x7f1afc1065a0 0x7f1afc19dc60 secure :-1 s=READY pgs=58 cs=0 l=1 rev1=1 crypto rx=0x7f1af8003f20 tx=0x7f1af8011b00 comp rx=0 tx=0).ready entity=mon.0 client_cookie=0 server_cookie=0 in_seq=0 out_seq=0
2024-03-23T15:34:10.429 INFO:teuthology.orchestra.run.smithi076.stdout:/usr/bin/ceph: stderr
2024-03-23T15:34:09.548+0000 7f1af27fc700 1 -- 172.21.15.76:0/3071240913 <== mon.0 v2:172.21.15.76:3300/0 1 ==== mon_map magic: 0 ==== 205+0+0 (secure 0 0 0) 0x7f1af80039f0 con 0x7f1afc1065a0
2024-03-23T15:34:10.429 INFO:teuthology.orchestra.run.smithi076.stdout:/usr/bin/ceph: stderr
2024-03-23T15:34:09.548+0000 7f1af27fc700 1 -- 172.21.15.76:0/3071240913 <== mon.0 v2:172.21.15.76:3300/0 2 ==== config(27 keys) ==== 1140+0+0 (secure 0 0 0) 0x7f1af8003b50 con 0x7f1afc1065a0
2024-03-23T15:34:10.429 INFO:teuthology.orchestra.run.smithi076.stdout:/usr/bin/ceph: stderr
2024-03-23T15:34:09.548+0000 7f1b03579700 1 -- 172.21.15.76:0/3071240913 --> [v2:172.21.15.76:3300/0,v1:172.21.15.76:6789/0] -- mon_subscribe({mgrmap=0+}) -- 0x7f1afc19e3a0 con 0x7f1afc1065a0
2024-03-23T15:34:10.430 INFO:teuthology.orchestra.run.smithi076.stdout:/usr/bin/ceph: stderr
2024-03-23T15:34:09.549+0000 7f1af27fc700 1 -- 172.21.15.76:0/3071240913 <== mon.0 v2:172.21.15.76:3300/0 3 ==== mon_map magic: 0 ==== 205+0+0 (secure 0 0 0) 0x7f1af801a6d0 con 0x7f1afc1065a0
2024-03-23T15:34:10.430 INFO:teuthology.orchestra.run.smithi076.stdout:/usr/bin/ceph: stderr
2024-03-23T15:34:09.549+0000 7f1b03579700 1 -- 172.21.15.76:0/3071240913 --> [v2:172.21.15.76:3300/0,v1:172.21.15.76:6789/0] -- mon_subscribe({osdmap=0}) -- 0x7f1afc19ef50 con 0x7f1afc1065a0
2024-03-23T15:34:10.430 INFO:teuthology.orchestra.run.smithi076.stdout:/usr/bin/ceph: stderr
2024-03-23T15:34:09.549+0000 7f1af27fc700 1 -- 172.21.15.76:0/3071240913 <== mon.0 v2:172.21.15.76:3300/0 4 ==== mgrmap(e 9) ==== 45941+0+0 (secure 0 0 0) 0x7f1af801aa30 con 0x7f1afc1065a0
2024-03-23T15:34:10.430 INFO:teuthology.orchestra.run.smithi076.stdout:/usr/bin/ceph: stderr
2024-03-23T15:34:09.549+0000 7f1af27fc700 1 --2- 172.21.15.76:0/3071240913 >> [v2:172.21.15.76:6800/36977200,v1:172.21.15.76:6801/36977200] conn(0x7f1ae8038fa0 0x7f1ae803b460 unknown :-1 s=NONE pgs=0 cs=0 l=1 rev1=0 crypto rx=0 tx=0 comp rx=0 tx=0).connect
2024-03-23T15:34:10.430 INFO:teuthology.orchestra.run.smithi076.stdout:/usr/bin/ceph: stderr
2024-03-23T15:34:09.549+0000 7f1b00b14700 1 -- 172.21.15.76:0/3071240913 >> [v2:172.21.15.76:6800/36977200,v1:172.21.15.76:6801/36977200] conn(0x7f1ae8038fa0 msgr2=0x7f1ae803b460 unknown :-1 s=STATE_CONNECTING_RE l=1).process reconnect failed to v2:172.21.15.76:6800/36977200
2024-03-23T15:34:10.430 INFO:teuthology.orchestra.run.smithi076.stdout:/usr/bin/ceph: stderr
2024-03-23T15:34:09.549+0000 7f1af27fc700 1 -- 172.21.15.76:0/3071240913 <== mon.0 v2:172.21.15.76:3300/0 5 ==== osd_map(2..2 src has 1..2) ==== 940+0+0 (secure 0 0 0) 0x7f1af8052580 con 0x7f1afc1065a0
2024-03-23T15:34:10.430 INFO:teuthology.orchestra.run.smithi076.stdout:/usr/bin/ceph: stderr
2024-03-23T15:34:09.549+0000 7f1b00b14700 1 --2- 172.21.15.76:0/3071240913 >> [v2:172.21.15.76:6800/36977200,v1:172.21.15.76:6801/36977200] conn(0x7f1ae8038fa0 0x7f1ae803b460 unknown :-1 s=START_CONNECT pgs=0 cs=0 l=1 rev1=0 crypto rx=0 tx=0 comp rx=0 tx=0)._fault waiting 0.200000
2024-03-23T15:34:10.430 INFO:teuthology.orchestra.run.smithi076.stdout:/usr/bin/ceph: stderr
2024-03-23T15:34:09.550+0000 7f1b03579700 1 -- 172.21.15.76:0/3071240913 --> [v2:172.21.15.76:3300/0,v1:172.21.15.76:6789/0] -- mon_command({"prefix": "get_command_descriptions"} v 0) -- 0x7f1afc069300 con 0x7f1afc1065a0
2024-03-23T15:34:10.430 INFO:teuthology.orchestra.run.smithi076.stdout:/usr/bin/ceph: stderr
2024-03-23T15:34:09.555+0000 7f1af27fc700 1 -- 172.21.15.76:0/3071240913 <== mon.0 v2:172.21.15.76:3300/0 6 ==== mon_command_ack([{"prefix": "get_command_descriptions"}]=0 v0) ==== 72+0+184932 (secure 0 0 0) 0x7f1af8053060 con 0x7f1afc1065a0
2024-03-23T15:34:10.430 INFO:teuthology.orchestra.run.smithi076.stdout:/usr/bin/ceph: stderr
2024-03-23T15:34:09.750+0000 7f1b00b14700 1 -- 172.21.15.76:0/3071240913 >> [v2:172.21.15.76:6800/36977200,v1:172.21.15.76:6801/36977200] conn(0x7f1ae8038fa0 msgr2=0x7f1ae803b460 unknown :-1 s=STATE_CONNECTING_RE l=1).process reconnect failed to v2:172.21.15.76:6800/36977200
2024-03-23T15:34:10.430 INFO:teuthology.orchestra.run.smithi076.stdout:/usr/bin/ceph: stderr
2024-03-23T15:34:09.750+0000 7f1b00b14700 1 --2- 172.21.15.76:0/3071240913 >> [v2:172.21.15.76:6800/36977200,v1:172.21.15.76:6801/36977200] conn(0x7f1ae8038fa0 0x7f1ae803b460 unknown :-1 s=START_CONNECT pgs=0 cs=0 l=1 rev1=0 crypto rx=0 tx=0 comp rx=0 tx=0)._fault waiting 0.400000
2024-03-23T15:34:10.430 INFO:teuthology.orchestra.run.smithi076.stdout:/usr/bin/ceph: stderr
2024-03-23T15:34:09.817+0000 7f1b03579700 1 -- 172.21.15.76:0/3071240913 --> [v2:172.21.15.76:3300/0,v1:172.21.15.76:6789/0] -- mon_command({"prefix": "mgr stat"} v 0) -- 0x7f1afc19f960 con 0x7f1afc1065a0
2024-03-23T15:34:10.430 INFO:teuthology.orchestra.run.smithi076.stdout:/usr/bin/ceph: stderr
2024-03-23T15:34:09.817+0000 7f1af27fc700 1 -- 172.21.15.76:0/3071240913 <== mon.0 v2:172.21.15.76:3300/0 7 ==== mon_command_ack([{"prefix": "mgr stat"}]=0 v9) ==== 56+0+88 (secure 0 0 0) 0x7f1af80103c0 con 0x7f1afc1065a0
2024-03-23T15:34:10.431 INFO:teuthology.orchestra.run.smithi076.stdout:/usr/bin/ceph: stderr
2024-03-23T15:34:09.819+0000 7f1b03579700 1 -- 172.21.15.76:0/3071240913 >> [v2:172.21.15.76:6800/36977200,v1:172.21.15.76:6801/36977200] conn(0x7f1ae8038fa0 msgr2=0x7f1ae803b460 unknown :-1 s=STATE_CONNECTING l=1).mark_down
2024-03-23T15:34:10.431 INFO:teuthology.orchestra.run.smithi076.stdout:/usr/bin/ceph: stderr
2024-03-23T15:34:09.819+0000 7f1b03579700 1 --2- 172.21.15.76:0/3071240913 >> [v2:172.21.15.76:6800/36977200,v1:172.21.15.76:6801/36977200] conn(0x7f1ae8038fa0 0x7f1ae803b460 unknown :-1 s=START_CONNECT pgs=0 cs=0 l=1 rev1=0 crypto rx=0 tx=0 comp rx=0 tx=0).stop
2024-03-23T15:34:10.431 INFO:teuthology.orchestra.run.smithi076.stdout:/usr/bin/ceph: stderr
2024-03-23T15:34:09.819+0000 7f1b03579700 1 -- 172.21.15.76:0/3071240913 >> [v2:172.21.15.76:3300/0,v1:172.21.15.76:6789/0] conn(0x7f1afc1065a0 msgr2=0x7f1afc19dc60 secure :-1 s=STATE_CONNECTION_ESTABLISHED l=1).mark_down
2024-03-23T15:34:10.431 INFO:teuthology.orchestra.run.smithi076.stdout:/usr/bin/ceph: stderr
2024-03-23T15:34:09.819+0000 7f1b03579700 1 --2- 172.21.15.76:0/3071240913 >> [v2:172.21.15.76:3300/0,v1:172.21.15.76:6789/0] conn(0x7f1afc1065a0 0x7f1afc19dc60 secure :-1 s=READY pgs=58 cs=0 l=1 rev1=1 crypto rx=0x7f1af8003f20 tx=0x7f1af8011b00 comp rx=0 tx=0).stop
2024-03-23T15:34:10.431 INFO:teuthology.orchestra.run.smithi076.stdout:/usr/bin/ceph: stderr
2024-03-23T15:34:09.819+0000 7f1b03579700 1 -- 172.21.15.76:0/3071240913 shutdown_connections
2024-03-23T15:34:10.431 INFO:teuthology.orchestra.run.smithi076.stdout:/usr/bin/ceph: stderr
2024-03-23T15:34:09.819+0000 7f1b03579700 1 --2- 172.21.15.76:0/3071240913 >> [v2:172.21.15.76:6800/36977200,v1:172.21.15.76:6801/36977200] conn(0x7f1ae8038fa0 0x7f1ae803b460 unknown :-1 s=CLOSED pgs=0 cs=0 l=1 rev1=0 crypto rx=0 tx=0 comp rx=0 tx=0).stop
2024-03-23T15:34:10.431 INFO:teuthology.orchestra.run.smithi076.stdout:/usr/bin/ceph: stderr
2024-03-23T15:34:09.819+0000 7f1b03579700 1 --2- 172.21.15.76:0/3071240913 >> [v2:172.21.15.76:3300/0,v1:172.21.15.76:6789/0] conn(0x7f1afc1065a0 0x7f1afc19dc60 unknown :-1 s=CLOSED pgs=58 cs=0 l=1 rev1=1 crypto rx=0 tx=0 comp rx=0 tx=0).stop
2024-03-23T15:34:10.431 INFO:teuthology.orchestra.run.smithi076.stdout:/usr/bin/ceph: stderr
2024-03-23T15:34:09.819+0000 7f1b03579700 1 -- 172.21.15.76:0/3071240913 >> 172.21.15.76:0/3071240913 conn(0x7f1afc102160 msgr2=0x7f1afc194960 unknown :-1 s=STATE_NONE l=0).mark_down
2024-03-23T15:34:10.431 INFO:teuthology.orchestra.run.smithi076.stdout:/usr/bin/ceph: stderr
2024-03-23T15:34:09.820+0000 7f1b03579700 1 -- 172.21.15.76:0/3071240913 shutdown_connections
2024-03-23T15:34:10.431 INFO:teuthology.orchestra.run.smithi076.stdout:/usr/bin/ceph: stderr
2024-03-23T15:34:09.820+0000 7f1b03579700 1 -- 172.21.15.76:0/3071240913 wait complete.
2024-03-23T15:34:10.431 INFO:teuthology.orchestra.run.smithi076.stdout:Waiting for the mgr to restart...
2024-03-23T15:34:10.431 INFO:teuthology.orchestra.run.smithi076.stdout:Waiting for mgr epoch 9...
2024-03-23T15:34:10.668 INFO:journalctl@ceph.mon.a.smithi076.stdout:Mar 23 15:34:10 smithi076 ceph-mon[32176]: from='client.? 172.21.15.76:0/3071240913' entity='client.admin' cmd=[{"prefix": "mgr stat"}]: dispatch
2024-03-23T15:34:10.669 INFO:journalctl@ceph.mgr.x.smithi076.stdout:Mar 23 15:34:10 smithi076 ceph-89c3e582-e92a-11ee-95cd-87774f69a715-mgr-x[32411]:
2024-03-23T15:34:10.562+0000 7f62de792200 -1 mgr[py] Module rgw has missing NOTIFY_TYPES member
2024-03-23T15:34:11.042 INFO:journalctl@ceph.mgr.x.smithi076.stdout:Mar 23 15:34:10 smithi076 ceph-89c3e582-e92a-11ee-95cd-87774f69a715-mgr-x[32411]:
2024-03-23T15:34:10.675+0000 7f62de792200 -1 mgr[py] Module rbd_support has missing NOTIFY_TYPES member
2024-03-23T15:34:11.042 INFO:journalctl@ceph.mgr.x.smithi076.stdout:Mar 23 15:34:10 smithi076 ceph-89c3e582-e92a-11ee-95cd-87774f69a715-mgr-x[32411]:
2024-03-23T15:34:10.763+0000 7f62de792200 -1 mgr[py] Module progress has missing NOTIFY_TYPES member
2024-03-23T15:34:11.042 INFO:journalctl@ceph.mgr.x.smithi076.stdout:Mar 23 15:34:10 smithi076 ceph-89c3e582-e92a-11ee-95cd-87774f69a715-mgr-x[32411]:
2024-03-23T15:34:10.861+0000 7f62de792200 -1 mgr[py] Module pg_autoscaler has missing NOTIFY_TYPES member
2024-03-23T15:34:11.325 INFO:journalctl@ceph.mgr.x.smithi076.stdout:Mar 23 15:34:11 smithi076 ceph-89c3e582-e92a-11ee-95cd-87774f69a715-mgr-x[32411]:
2024-03-23T15:34:11.039+0000 7f62de792200 -1 mgr[py] Module devicehealth has missing NOTIFY_TYPES member
2024-03-23T15:34:12.296 INFO:journalctl@ceph.mgr.x.smithi076.stdout:Mar 23 15:34:11 smithi076 ceph-89c3e582-e92a-11ee-95cd-87774f69a715-mgr-x[32411]:
2024-03-23T15:34:11.992+0000 7f62de792200 -1 mgr[py] Module rook has missing NOTIFY_TYPES member
2024-03-23T15:34:12.296 INFO:journalctl@ceph.mgr.x.smithi076.stdout:Mar 23 15:34:12 smithi076 ceph-89c3e582-e92a-11ee-95cd-87774f69a715-mgr-x[32411]:
2024-03-23T15:34:12.122+0000 7f62de792200 -1 mgr[py] Module diskprediction_local has missing NOTIFY_TYPES member
2024-03-23T15:34:12.549 INFO:journalctl@ceph.mgr.x.smithi076.stdout:Mar 23 15:34:12 smithi076 ceph-89c3e582-e92a-11ee-95cd-87774f69a715-mgr-x[32411]:
2024-03-23T15:34:12.457+0000 7f62de792200 -1 mgr[py] Module selftest has missing NOTIFY_TYPES member
2024-03-23T15:34:12.550 INFO:journalctl@ceph.mgr.x.smithi076.stdout:Mar 23 15:34:12 smithi076 ceph-89c3e582-e92a-11ee-95cd-87774f69a715-mgr-x[32411]:
2024-03-23T15:34:12.547+0000 7f62de792200 -1 mgr[py] Module telegraf has missing NOTIFY_TYPES member
2024-03-23T15:34:12.825 INFO:journalctl@ceph.mgr.x.smithi076.stdout:Mar 23 15:34:12 smithi076 ceph-89c3e582-e92a-11ee-95cd-87774f69a715-mgr-x[32411]:
2024-03-23T15:34:12.741+0000 7f62de792200 -1 mgr[py] Module test_orchestrator has missing NOTIFY_TYPES member
2024-03-23T15:34:13.213 INFO:journalctl@ceph.mgr.x.smithi076.stdout:Mar 23 15:34:12 smithi076 ceph-89c3e582-e92a-11ee-95cd-87774f69a715-mgr-x[32411]:
2024-03-23T15:34:12.925+0000 7f62de792200 -1 mgr[py] Module crash has missing NOTIFY_TYPES member
2024-03-23T15:34:13.469 INFO:journalctl@ceph.mgr.x.smithi076.stdout:Mar 23 15:34:13 smithi076 ceph-89c3e582-e92a-11ee-95cd-87774f69a715-mgr-x[32411]:
2024-03-23T15:34:13.210+0000 7f62de792200 -1 mgr[py] Module orchestrator has missing NOTIFY_TYPES member
2024-03-23T15:34:13.469 INFO:journalctl@ceph.mgr.x.smithi076.stdout:Mar 23 15:34:13 smithi076 ceph-89c3e582-e92a-11ee-95cd-87774f69a715-mgr-x[32411]:
2024-03-23T15:34:13.466+0000 7f62de792200 -1 mgr[py] Module osd_support has missing NOTIFY_TYPES member
2024-03-23T15:34:13.825 INFO:journalctl@ceph.mgr.x.smithi076.stdout:Mar 23 15:34:13 smithi076 ceph-89c3e582-e92a-11ee-95cd-87774f69a715-mgr-x[32411]:
2024-03-23T15:34:13.702+0000 7f62de792200 -1 mgr[py] Module volumes has missing NOTIFY_TYPES member
2024-03-23T15:34:14.825 INFO:journalctl@ceph.mgr.x.smithi076.stdout:Mar 23 15:34:14 smithi076 ceph-89c3e582-e92a-11ee-95cd-87774f69a715-mgr-x[32411]:
2024-03-23T15:34:14.505+0000 7f62de792200 -1 mgr[py] Module telemetry has missing NOTIFY_TYPES member
2024-03-23T15:34:15.325 INFO:journalctl@ceph.mgr.x.smithi076.stdout:Mar 23 15:34:15 smithi076 ceph-89c3e582-e92a-11ee-95cd-87774f69a715-mgr-x[32411]:
2024-03-23T15:34:15.069+0000 7f62de792200 -1 mgr[py] Module prometheus has missing NOTIFY_TYPES member
2024-03-23T15:34:15.325 INFO:journalctl@ceph.mgr.x.smithi076.stdout:Mar 23 15:34:15 smithi076 ceph-89c3e582-e92a-11ee-95cd-87774f69a715-mgr-x[32411]:
2024-03-23T15:34:15.165+0000 7f62de792200 -1 mgr[py] Module status has missing NOTIFY_TYPES member
2024-03-23T15:34:15.825 INFO:journalctl@ceph.mgr.x.smithi076.stdout:Mar 23 15:34:15 smithi076 ceph-89c3e582-e92a-11ee-95cd-87774f69a715-mgr-x[32411]:
2024-03-23T15:34:15.381+0000 7f62de792200 -1 mgr[py] Module nfs has missing NOTIFY_TYPES member
2024-03-23T15:34:15.826 INFO:journalctl@ceph.mon.a.smithi076.stdout:Mar 23 15:34:15 smithi076 ceph-mon[32176]: Active manager daemon x restarted
2024-03-23T15:34:15.826 INFO:journalctl@ceph.mon.a.smithi076.stdout:Mar 23 15:34:15 smithi076 ceph-mon[32176]: Activating manager daemon x
2024-03-23T15:34:15.826 INFO:journalctl@ceph.mon.a.smithi076.stdout:Mar 23 15:34:15 smithi076 ceph-mon[32176]: osdmap e3: 0 total, 0 up, 0 in
2024-03-23T15:34:15.826 INFO:journalctl@ceph.mon.a.smithi076.stdout:Mar 23 15:34:15 smithi076 ceph-mon[32176]: mgrmap e10: x(active, starting, since 0.00323461s)
2024-03-23T15:34:15.826 INFO:journalctl@ceph.mon.a.smithi076.stdout:Mar 23 15:34:15 smithi076 ceph-mon[32176]: from='mgr.14150 172.21.15.76:0/1532181894' entity='mgr.x' cmd=[{"prefix": "mon metadata", "id": "a"}]: dispatch
2024-03-23T15:34:15.826 INFO:journalctl@ceph.mon.a.smithi076.stdout:Mar 23 15:34:15 smithi076 ceph-mon[32176]: from='mgr.14150 172.21.15.76:0/1532181894' entity='mgr.x' cmd=[{"prefix": "mgr metadata", "who": "x", "id": "x"}]: dispatch
2024-03-23T15:34:15.826 INFO:journalctl@ceph.mon.a.smithi076.stdout:Mar 23 15:34:15 smithi076 ceph-mon[32176]: from='mgr.14150 172.21.15.76:0/1532181894' entity='mgr.x' cmd=[{"prefix": "mds metadata"}]: dispatch
2024-03-23T15:34:15.826 INFO:journalctl@ceph.mon.a.smithi076.stdout:Mar 23 15:34:15 smithi076 ceph-mon[32176]: from='mgr.14150 172.21.15.76:0/1532181894' entity='mgr.x' cmd=[{"prefix": "osd metadata"}]: dispatch
2024-03-23T15:34:15.826 INFO:journalctl@ceph.mon.a.smithi076.stdout:Mar 23 15:34:15 smithi076 ceph-mon[32176]: from='mgr.14150 172.21.15.76:0/1532181894' entity='mgr.x' cmd=[{"prefix": "mon metadata"}]: dispatch
2024-03-23T15:34:15.826 INFO:journalctl@ceph.mon.a.smithi076.stdout:Mar 23 15:34:15 smithi076 ceph-mon[32176]: Manager daemon x is now available
2024-03-23T15:34:15.827 INFO:journalctl@ceph.mon.a.smithi076.stdout:Mar 23 15:34:15 smithi076 ceph-mon[32176]: from='mgr.14150 172.21.15.76:0/1532181894' entity='mgr.x' cmd=[{"prefix": "config dump", "format": "json"}]: dispatch
2024-03-23T15:34:15.827 INFO:journalctl@ceph.mon.a.smithi076.stdout:Mar 23 15:34:15 smithi076 ceph-mon[32176]: from='mgr.14150 172.21.15.76:0/1532181894' entity='mgr.x' cmd=[{"prefix": "config dump", "format": "json"}]: dispatch
2024-03-23T15:34:16.658 INFO:journalctl@ceph.mon.a.smithi076.stdout:Mar 23 15:34:16 smithi076 ceph-mon[32176]: from='mgr.14150 172.21.15.76:0/1532181894' entity='mgr.x' cmd=[{"prefix":"config rm","who":"mgr","name":"mgr/rbd_support/x/mirror_snapshot_schedule"}]: dispatch
2024-03-23T15:34:16.658 INFO:journalctl@ceph.mon.a.smithi076.stdout:Mar 23 15:34:16 smithi076 ceph-mon[32176]: from='mgr.14150 172.21.15.76:0/1532181894' entity='mgr.x' cmd=[{"prefix":"config rm","who":"mgr","name":"mgr/rbd_support/x/trash_purge_schedule"}]: dispatch
2024-03-23T15:34:16.658 INFO:journalctl@ceph.mon.a.smithi076.stdout:Mar 23 15:34:16 smithi076 ceph-mon[32176]: mgrmap e11: x(active, since 1.0056s)
2024-03-23T15:34:17.320 INFO:teuthology.orchestra.run.smithi076.stdout:/usr/bin/ceph: stdout {
2024-03-23T15:34:17.320 INFO:teuthology.orchestra.run.smithi076.stdout:/usr/bin/ceph: stdout "mgrmap_epoch": 11,
2024-03-23T15:34:17.320 INFO:teuthology.orchestra.run.smithi076.stdout:/usr/bin/ceph: stdout "initialized": true
2024-03-23T15:34:17.320 INFO:teuthology.orchestra.run.smithi076.stdout:/usr/bin/ceph: stdout }
