2024-03-23T15:34:19.095+0000 7fd04effd700 1 -- 172.21.15.76:0/485487893 <== mon.0 v2:172.21.15.76:3300/0 4 ==== mgrmap(e 12) ==== 45941+0+0 (secure 0 0 0) 0x7fd054024980 con 0x7fd058107ca0
2024-03-23T15:34:20.448 INFO:teuthology.orchestra.run.smithi076.stdout:/usr/bin/ceph: stderr
2024-03-23T15:34:19.095+0000 7fd04effd700 1 --2- 172.21.15.76:0/485487893 >> [v2:172.21.15.76:6800/2479514030,v1:172.21.15.76:6801/2479514030] conn(0x7fd044038ff0 0x7fd04403b4b0 unknown :-1 s=NONE pgs=0 cs=0 l=1 rev1=0 crypto rx=0 tx=0 comp rx=0 tx=0).connect
2024-03-23T15:34:20.448 INFO:teuthology.orchestra.run.smithi076.stdout:/usr/bin/ceph: stderr
2024-03-23T15:34:19.095+0000 7fd04effd700 1 -- 172.21.15.76:0/485487893 <== mon.0 v2:172.21.15.76:3300/0 5 ==== osd_map(3..3 src has 1..3) ==== 1155+0+0 (secure 0 0 0) 0x7fd05404d250 con 0x7fd058107ca0
2024-03-23T15:34:20.449 INFO:teuthology.orchestra.run.smithi076.stdout:/usr/bin/ceph: stderr
2024-03-23T15:34:19.096+0000 7fd05d21a700 1 --2- 172.21.15.76:0/485487893 >> [v2:172.21.15.76:6800/2479514030,v1:172.21.15.76:6801/2479514030] conn(0x7fd044038ff0 0x7fd04403b4b0 unknown :-1 s=BANNER_CONNECTING pgs=0 cs=0 l=1 rev1=0 crypto rx=0 tx=0 comp rx=0 tx=0)._handle_peer_banner_payload supported=3 required=0
2024-03-23T15:34:20.449 INFO:teuthology.orchestra.run.smithi076.stdout:/usr/bin/ceph: stderr
2024-03-23T15:34:19.096+0000 7fd05fc7f700 1 -- 172.21.15.76:0/485487893 --> [v2:172.21.15.76:3300/0,v1:172.21.15.76:6789/0] -- mon_command({"prefix": "get_command_descriptions"} v 0) -- 0x7fd058069300 con 0x7fd058107ca0
2024-03-23T15:34:20.449 INFO:teuthology.orchestra.run.smithi076.stdout:/usr/bin/ceph: stderr
2024-03-23T15:34:19.096+0000 7fd05d21a700 1 --2- 172.21.15.76:0/485487893 >> [v2:172.21.15.76:6800/2479514030,v1:172.21.15.76:6801/2479514030] conn(0x7fd044038ff0 0x7fd04403b4b0 secure :-1 s=READY pgs=8 cs=0 l=1 rev1=1 crypto rx=0x7fd048006fd0 tx=0x7fd048006e40 comp rx=0 tx=0).ready entity=mgr.14150 client_cookie=0 server_cookie=0 in_seq=0 out_seq=0
2024-03-23T15:34:20.449 INFO:teuthology.orchestra.run.smithi076.stdout:/usr/bin/ceph: stderr
2024-03-23T15:34:19.101+0000 7fd04effd700 1 -- 172.21.15.76:0/485487893 <== mon.0 v2:172.21.15.76:3300/0 6 ==== mon_command_ack([{"prefix": "get_command_descriptions"}]=0 v0) ==== 72+0+184932 (secure 0 0 0) 0x7fd054024e60 con 0x7fd058107ca0
2024-03-23T15:34:20.449 INFO:teuthology.orchestra.run.smithi076.stdout:/usr/bin/ceph: stderr
2024-03-23T15:34:19.331+0000 7fd05fc7f700 1 -- 172.21.15.76:0/485487893 --> [v2:172.21.15.76:6800/2479514030,v1:172.21.15.76:6801/2479514030] -- mgr_command(tid 0: {"prefix": "dashboard ac-user-create", "username": "admin", "rolename": "administrator", "force_password": true, "pwd_update_required": true, "target": ["mon-mgr", ""]}) -- 0x7fd058063650 con 0x7fd044038ff0
2024-03-23T15:34:20.449 INFO:teuthology.orchestra.run.smithi076.stdout:/usr/bin/ceph: stderr
2024-03-23T15:34:19.555+0000 7fd04effd700 1 -- 172.21.15.76:0/485487893 <== mgr.14150 v2:172.21.15.76:6800/2479514030 1 ==== mgr_command_reply(tid 0: 0 ) ==== 8+0+252 (secure 0 0 0) 0x7fd058063650 con 0x7fd044038ff0
2024-03-23T15:34:20.449 INFO:teuthology.orchestra.run.smithi076.stdout:/usr/bin/ceph: stderr
2024-03-23T15:34:19.557+0000 7fd05fc7f700 1 -- 172.21.15.76:0/485487893 >> [v2:172.21.15.76:6800/2479514030,v1:172.21.15.76:6801/2479514030] conn(0x7fd044038ff0 msgr2=0x7fd04403b4b0 secure :-1 s=STATE_CONNECTION_ESTABLISHED l=1).mark_down
2024-03-23T15:34:20.449 INFO:teuthology.orchestra.run.smithi076.stdout:/usr/bin/ceph: stderr
2024-03-23T15:34:19.557+0000 7fd05fc7f700 1 --2- 172.21.15.76:0/485487893 >> [v2:172.21.15.76:6800/2479514030,v1:172.21.15.76:6801/2479514030] conn(0x7fd044038ff0 0x7fd04403b4b0 secure :-1 s=READY pgs=8 cs=0 l=1 rev1=1 crypto rx=0x7fd048006fd0 tx=0x7fd048006e40 comp rx=0 tx=0).stop
2024-03-23T15:34:20.449 INFO:teuthology.orchestra.run.smithi076.stdout:/usr/bin/ceph: stderr
2024-03-23T15:34:19.557+0000 7fd05fc7f700 1 -- 172.21.15.76:0/485487893 >> [v2:172.21.15.76:3300/0,v1:172.21.15.76:6789/0] conn(0x7fd058107ca0 msgr2=0x7fd05807db60 secure :-1 s=STATE_CONNECTION_ESTABLISHED l=1).mark_down
2024-03-23T15:34:20.449 INFO:teuthology.orchestra.run.smithi076.stdout:/usr/bin/ceph: stderr
2024-03-23T15:34:19.557+0000 7fd05fc7f700 1 --2- 172.21.15.76:0/485487893 >> [v2:172.21.15.76:3300/0,v1:172.21.15.76:6789/0] conn(0x7fd058107ca0 0x7fd05807db60 secure :-1 s=READY pgs=71 cs=0 l=1 rev1=1 crypto rx=0x7fd054000c00 tx=0x7fd054011b00 comp rx=0 tx=0).stop
2024-03-23T15:34:20.449 INFO:teuthology.orchestra.run.smithi076.stdout:/usr/bin/ceph: stderr
2024-03-23T15:34:19.557+0000 7fd05fc7f700 1 -- 172.21.15.76:0/485487893 shutdown_connections
2024-03-23T15:34:20.449 INFO:teuthology.orchestra.run.smithi076.stdout:/usr/bin/ceph: stderr
2024-03-23T15:34:19.557+0000 7fd05fc7f700 1 --2- 172.21.15.76:0/485487893 >> [v2:172.21.15.76:6800/2479514030,v1:172.21.15.76:6801/2479514030] conn(0x7fd044038ff0 0x7fd04403b4b0 unknown :-1 s=CLOSED pgs=8 cs=0 l=1 rev1=1 crypto rx=0 tx=0 comp rx=0 tx=0).stop
2024-03-23T15:34:20.450 INFO:teuthology.orchestra.run.smithi076.stdout:/usr/bin/ceph: stderr
2024-03-23T15:34:19.557+0000 7fd05fc7f700 1 --2- 172.21.15.76:0/485487893 >> [v2:172.21.15.76:3300/0,v1:172.21.15.76:6789/0] conn(0x7fd058107ca0 0x7fd05807db60 unknown :-1 s=CLOSED pgs=71 cs=0 l=1 rev1=1 crypto rx=0 tx=0 comp rx=0 tx=0).stop
2024-03-23T15:34:20.450 INFO:teuthology.orchestra.run.smithi076.stdout:/usr/bin/ceph: stderr
2024-03-23T15:34:19.557+0000 7fd05fc7f700 1 -- 172.21.15.76:0/485487893 >> 172.21.15.76:0/485487893 conn(0x7fd058103280 msgr2=0x7fd058103c80 unknown :-1 s=STATE_NONE l=0).mark_down
2024-03-23T15:34:20.450 INFO:teuthology.orchestra.run.smithi076.stdout:/usr/bin/ceph: stderr
2024-03-23T15:34:19.557+0000 7fd05fc7f700 1 -- 172.21.15.76:0/485487893 shutdown_connections
2024-03-23T15:34:20.450 INFO:teuthology.orchestra.run.smithi076.stdout:/usr/bin/ceph: stderr
2024-03-23T15:34:19.558+0000 7fd05fc7f700 1 -- 172.21.15.76:0/485487893 wait complete.
2024-03-23T15:34:20.450 INFO:teuthology.orchestra.run.smithi076.stdout:Fetching dashboard port number...
2024-03-23T15:34:21.456 INFO:journalctl@ceph.mon.a.smithi076.stdout:Mar 23 15:34:21 smithi076 ceph-mon[32176]: from='client.? 172.21.15.76:0/2954985259' entity='client.admin' cmd=[{"prefix": "config get", "who": "mgr", "key": "mgr/dashboard/ssl_server_port"}]: dispatch
2024-03-23T15:34:21.797 INFO:teuthology.orchestra.run.smithi076.stdout:/usr/bin/ceph: stdout 8443
2024-03-23T15:34:21.798 INFO:teuthology.orchestra.run.smithi076.stdout:/usr/bin/ceph: stderr
2024-03-23T15:34:20.878+0000 7ff4840a5700 1 Processor -- start
2024-03-23T15:34:21.798 INFO:teuthology.orchestra.run.smithi076.stdout:/usr/bin/ceph: stderr
2024-03-23T15:34:20.878+0000 7ff4840a5700 1 -- start start
2024-03-23T15:34:21.798 INFO:teuthology.orchestra.run.smithi076.stdout:/usr/bin/ceph: stderr
2024-03-23T15:34:20.878+0000 7ff4840a5700 1 --2- >> [v2:172.21.15.76:3300/0,v1:172.21.15.76:6789/0] conn(0x7ff47c07de90 0x7ff47c07c2f0 unknown :-1 s=NONE pgs=0 cs=0 l=0 rev1=0 crypto rx=0 tx=0 comp rx=0 tx=0).connect
2024-03-23T15:34:21.798 INFO:teuthology.orchestra.run.smithi076.stdout:/usr/bin/ceph: stderr
2024-03-23T15:34:20.879+0000 7ff4840a5700 1 -- --> [v2:172.21.15.76:3300/0,v1:172.21.15.76:6789/0] -- mon_getmap magic: 0 -- 0x7ff47c07c8c0 con 0x7ff47c07de90
2024-03-23T15:34:21.798 INFO:teuthology.orchestra.run.smithi076.stdout:/usr/bin/ceph: stderr
2024-03-23T15:34:20.879+0000 7ff481e41700 1 --2- >> [v2:172.21.15.76:3300/0,v1:172.21.15.76:6789/0] conn(0x7ff47c07de90 0x7ff47c07c2f0 unknown :-1 s=BANNER_CONNECTING pgs=0 cs=0 l=0 rev1=0 crypto rx=0 tx=0 comp rx=0 tx=0)._handle_peer_banner_payload supported=3 required=0
2024-03-23T15:34:21.798 INFO:teuthology.orchestra.run.smithi076.stdout:/usr/bin/ceph: stderr
2024-03-23T15:34:20.879+0000 7ff481e41700 1 --2- >> [v2:172.21.15.76:3300/0,v1:172.21.15.76:6789/0] conn(0x7ff47c07de90 0x7ff47c07c2f0 unknown :-1 s=HELLO_CONNECTING pgs=0 cs=0 l=0 rev1=1 crypto rx=0 tx=0 comp rx=0 tx=0).handle_hello peer v2:172.21.15.76:3300/0 says I am v2:172.21.15.76:46604/0 (socket says 172.21.15.76:46604)
2024-03-23T15:34:21.798 INFO:teuthology.orchestra.run.smithi076.stdout:/usr/bin/ceph: stderr
2024-03-23T15:34:20.879+0000 7ff481e41700 1 -- 172.21.15.76:0/342030419 learned_addr learned my addr 172.21.15.76:0/342030419 (peer_addr_for_me v2:172.21.15.76:0/0)
2024-03-23T15:34:21.798 INFO:teuthology.orchestra.run.smithi076.stdout:/usr/bin/ceph: stderr
2024-03-23T15:34:20.879+0000 7ff481e41700 1 -- 172.21.15.76:0/342030419 --> [v2:172.21.15.76:3300/0,v1:172.21.15.76:6789/0] -- mon_subscribe({config=0+,monmap=0+}) -- 0x7ff47c07ca00 con 0x7ff47c07de90
2024-03-23T15:34:21.798 INFO:teuthology.orchestra.run.smithi076.stdout:/usr/bin/ceph: stderr
2024-03-23T15:34:20.879+0000 7ff481e41700 1 --2- 172.21.15.76:0/342030419 >> [v2:172.21.15.76:3300/0,v1:172.21.15.76:6789/0] conn(0x7ff47c07de90 0x7ff47c07c2f0 secure :-1 s=READY pgs=72 cs=0 l=1 rev1=1 crypto rx=0x7ff474009e80 tx=0x7ff47400b330 comp rx=0 tx=0).ready entity=mon.0 client_cookie=32f2313f293630c4 server_cookie=0 in_seq=0 out_seq=0
2024-03-23T15:34:21.798 INFO:teuthology.orchestra.run.smithi076.stdout:/usr/bin/ceph: stderr
2024-03-23T15:34:20.879+0000 7ff480e3f700 1 -- 172.21.15.76:0/342030419 <== mon.0 v2:172.21.15.76:3300/0 1 ==== mon_map magic: 0 ==== 205+0+0 (secure 0 0 0) 0x7ff47400e070 con 0x7ff47c07de90
2024-03-23T15:34:21.799 INFO:teuthology.orchestra.run.smithi076.stdout:/usr/bin/ceph: stderr
2024-03-23T15:34:20.879+0000 7ff480e3f700 1 -- 172.21.15.76:0/342030419 <== mon.0 v2:172.21.15.76:3300/0 2 ==== config(27 keys) ==== 1140+0+0 (secure 0 0 0) 0x7ff47400b8c0 con 0x7ff47c07de90
2024-03-23T15:34:21.799 INFO:teuthology.orchestra.run.smithi076.stdout:/usr/bin/ceph: stderr
2024-03-23T15:34:20.879+0000 7ff480e3f700 1 -- 172.21.15.76:0/342030419 <== mon.0 v2:172.21.15.76:3300/0 3 ==== mon_map magic: 0 ==== 205+0+0 (secure 0 0 0) 0x7ff4740044a0 con 0x7ff47c07de90
2024-03-23T15:34:21.799 INFO:teuthology.orchestra.run.smithi076.stdout:/usr/bin/ceph: stderr
2024-03-23T15:34:20.880+0000 7ff4840a5700 1 -- 172.21.15.76:0/342030419 >> [v2:172.21.15.76:3300/0,v1:172.21.15.76:6789/0] conn(0x7ff47c07de90 msgr2=0x7ff47c07c2f0 secure :-1 s=STATE_CONNECTION_ESTABLISHED l=1).mark_down
2024-03-23T15:34:21.799 INFO:teuthology.orchestra.run.smithi076.stdout:/usr/bin/ceph: stderr
2024-03-23T15:34:20.880+0000 7ff4840a5700 1 --2- 172.21.15.76:0/342030419 >> [v2:172.21.15.76:3300/0,v1:172.21.15.76:6789/0] conn(0x7ff47c07de90 0x7ff47c07c2f0 secure :-1 s=READY pgs=72 cs=0 l=1 rev1=1 crypto rx=0x7ff474009e80 tx=0x7ff47400b330 comp rx=0 tx=0).stop
2024-03-23T15:34:21.799 INFO:teuthology.orchestra.run.smithi076.stdout:/usr/bin/ceph: stderr
2024-03-23T15:34:20.880+0000 7ff4840a5700 1 -- 172.21.15.76:0/342030419 shutdown_connections
2024-03-23T15:34:21.799 INFO:teuthology.orchestra.run.smithi076.stdout:/usr/bin/ceph: stderr
2024-03-23T15:34:20.880+0000 7ff4840a5700 1 --2- 172.21.15.76:0/342030419 >> [v2:172.21.15.76:3300/0,v1:172.21.15.76:6789/0] conn(0x7ff47c07de90 0x7ff47c07c2f0 unknown :-1 s=CLOSED pgs=72 cs=0 l=1 rev1=1 crypto rx=0 tx=0 comp rx=0 tx=0).stop
2024-03-23T15:34:21.799 INFO:teuthology.orchestra.run.smithi076.stdout:/usr/bin/ceph: stderr
2024-03-23T15:34:20.880+0000 7ff4840a5700 1 -- 172.21.15.76:0/342030419 >> 172.21.15.76:0/342030419 conn(0x7ff47c103280 msgr2=0x7ff47c1056a0 unknown :-1 s=STATE_NONE l=0).mark_down
2024-03-23T15:34:21.799 INFO:teuthology.orchestra.run.smithi076.stdout:/usr/bin/ceph: stderr
2024-03-23T15:34:20.880+0000 7ff4840a5700 1 -- 172.21.15.76:0/342030419 shutdown_connections
2024-03-23T15:34:21.799 INFO:teuthology.orchestra.run.smithi076.stdout:/usr/bin/ceph: stderr
2024-03-23T15:34:20.880+0000 7ff4840a5700 1 -- 172.21.15.76:0/342030419 wait complete.
2024-03-23T15:34:21.799 INFO:teuthology.orchestra.run.smithi076.stdout:/usr/bin/ceph: stderr
2024-03-23T15:34:20.881+0000 7ff4840a5700 1 Processor -- start
2024-03-23T15:34:21.799 INFO:teuthology.orchestra.run.smithi076.stdout:/usr/bin/ceph: stderr
2024-03-23T15:34:20.881+0000 7ff4840a5700 1 -- start start
2024-03-23T15:34:21.799 INFO:teuthology.orchestra.run.smithi076.stdout:/usr/bin/ceph: stderr
2024-03-23T15:34:20.881+0000 7ff4840a5700 1 --2- >> [v2:172.21.15.76:3300/0,v1:172.21.15.76:6789/0] conn(0x7ff47c07de90 0x7ff47c19db10 unknown :-1 s=NONE pgs=0 cs=0 l=1 rev1=0 crypto rx=0 tx=0 comp rx=0 tx=0).connect
2024-03-23T15:34:21.799 INFO:teuthology.orchestra.run.smithi076.stdout:/usr/bin/ceph: stderr
2024-03-23T15:34:20.881+0000 7ff4840a5700 1 -- --> [v2:172.21.15.76:3300/0,v1:172.21.15.76:6789/0] -- mon_getmap magic: 0 -- 0x7ff47c19e050 con 0x7ff47c07de90
2024-03-23T15:34:21.800 INFO:teuthology.orchestra.run.smithi076.stdout:/usr/bin/ceph: stderr
2024-03-23T15:34:20.881+0000 7ff481e41700 1 --2- >> [v2:172.21.15.76:3300/0,v1:172.21.15.76:6789/0] conn(0x7ff47c07de90 0x7ff47c19db10 unknown :-1 s=BANNER_CONNECTING pgs=0 cs=0 l=1 rev1=0 crypto rx=0 tx=0 comp rx=0 tx=0)._handle_peer_banner_payload supported=3 required=0
2024-03-23T15:34:21.800 INFO:teuthology.orchestra.run.smithi076.stdout:/usr/bin/ceph: stderr
2024-03-23T15:34:20.881+0000 7ff481e41700 1 --2- >> [v2:172.21.15.76:3300/0,v1:172.21.15.76:6789/0] conn(0x7ff47c07de90 0x7ff47c19db10 unknown :-1 s=HELLO_CONNECTING pgs=0 cs=0 l=1 rev1=1 crypto rx=0 tx=0 comp rx=0 tx=0).handle_hello peer v2:172.21.15.76:3300/0 says I am v2:172.21.15.76:46606/0 (socket says 172.21.15.76:46606)
2024-03-23T15:34:21.800 INFO:teuthology.orchestra.run.smithi076.stdout:/usr/bin/ceph: stderr
2024-03-23T15:34:20.881+0000 7ff481e41700 1 -- 172.21.15.76:0/2954985259 learned_addr learned my addr 172.21.15.76:0/2954985259 (peer_addr_for_me v2:172.21.15.76:0/0)
2024-03-23T15:34:21.800 INFO:teuthology.orchestra.run.smithi076.stdout:/usr/bin/ceph: stderr
2024-03-23T15:34:20.881+0000 7ff481e41700 1 -- 172.21.15.76:0/2954985259 --> [v2:172.21.15.76:3300/0,v1:172.21.15.76:6789/0] -- mon_subscribe({config=0+,monmap=0+}) -- 0x7ff474009b30 con 0x7ff47c07de90
2024-03-23T15:34:21.800 INFO:teuthology.orchestra.run.smithi076.stdout:/usr/bin/ceph: stderr
2024-03-23T15:34:20.881+0000 7ff481e41700 1 --2- 172.21.15.76:0/2954985259 >> [v2:172.21.15.76:3300/0,v1:172.21.15.76:6789/0] conn(0x7ff47c07de90 0x7ff47c19db10 secure :-1 s=READY pgs=73 cs=0 l=1 rev1=1 crypto rx=0x7ff474009fd0 tx=0x7ff47400bcf0 comp rx=0 tx=0).ready entity=mon.0 client_cookie=0 server_cookie=0 in_seq=0 out_seq=0
2024-03-23T15:34:21.800 INFO:teuthology.orchestra.run.smithi076.stdout:/usr/bin/ceph: stderr
2024-03-23T15:34:20.882+0000 7ff47affd700 1 -- 172.21.15.76:0/2954985259 <== mon.0 v2:172.21.15.76:3300/0 1 ==== mon_map magic: 0 ==== 205+0+0 (secure 0 0 0) 0x7ff47400e040 con 0x7ff47c07de90
2024-03-23T15:34:21.800 INFO:teuthology.orchestra.run.smithi076.stdout:/usr/bin/ceph: stderr
2024-03-23T15:34:20.882+0000 7ff47affd700 1 -- 172.21.15.76:0/2954985259 <== mon.0 v2:172.21.15.76:3300/0 2 ==== config(27 keys) ==== 1140+0+0 (secure 0 0 0) 0x7ff474003e20 con 0x7ff47c07de90
2024-03-23T15:34:21.800 INFO:teuthology.orchestra.run.smithi076.stdout:/usr/bin/ceph: stderr
2024-03-23T15:34:20.882+0000 7ff4840a5700 1 -- 172.21.15.76:0/2954985259 --> [v2:172.21.15.76:3300/0,v1:172.21.15.76:6789/0] -- mon_subscribe({mgrmap=0+}) -- 0x7ff47c19e250 con 0x7ff47c07de90
2024-03-23T15:34:21.800 INFO:teuthology.orchestra.run.smithi076.stdout:/usr/bin/ceph: stderr
2024-03-23T15:34:20.882+0000 7ff47affd700 1 -- 172.21.15.76:0/2954985259 <== mon.0 v2:172.21.15.76:3300/0 3 ==== mon_map magic: 0 ==== 205+0+0 (secure 0 0 0) 0x7ff47401c6f0 con 0x7ff47c07de90
2024-03-23T15:34:21.800 INFO:teuthology.orchestra.run.smithi076.stdout:/usr/bin/ceph: stderr
2024-03-23T15:34:20.882+0000 7ff4840a5700 1 -- 172.21.15.76:0/2954985259 --> [v2:172.21.15.76:3300/0,v1:172.21.15.76:6789/0] -- mon_subscribe({osdmap=0}) -- 0x7ff47c19e750 con 0x7ff47c07de90
2024-03-23T15:34:21.800 INFO:teuthology.orchestra.run.smithi076.stdout:/usr/bin/ceph: stderr
2024-03-23T15:34:20.883+0000 7ff47affd700 1 -- 172.21.15.76:0/2954985259 <== mon.0 v2:172.21.15.76:3300/0 4 ==== mgrmap(e 12) ==== 45941+0+0 (secure 0 0 0) 0x7ff474012a30 con 0x7ff47c07de90
2024-03-23T15:34:21.800 INFO:teuthology.orchestra.run.smithi076.stdout:/usr/bin/ceph: stderr
2024-03-23T15:34:20.883+0000 7ff47affd700 1 --2- 172.21.15.76:0/2954985259 >> [v2:172.21.15.76:6800/2479514030,v1:172.21.15.76:6801/2479514030] conn(0x7ff464038ff0 0x7ff46403b4b0 unknown :-1 s=NONE pgs=0 cs=0 l=1 rev1=0 crypto rx=0 tx=0 comp rx=0 tx=0).connect
2024-03-23T15:34:21.801 INFO:teuthology.orchestra.run.smithi076.stdout:/usr/bin/ceph: stderr
2024-03-23T15:34:20.883+0000 7ff4840a5700 1 -- 172.21.15.76:0/2954985259 --> [v2:172.21.15.76:3300/0,v1:172.21.15.76:6789/0] -- mon_command({"prefix": "get_command_descriptions"} v 0) -- 0x7ff47c10e140 con 0x7ff47c07de90
2024-03-23T15:34:21.801 INFO:teuthology.orchestra.run.smithi076.stdout:/usr/bin/ceph: stderr
2024-03-23T15:34:20.883+0000 7ff47affd700 1 -- 172.21.15.76:0/2954985259 <== mon.0 v2:172.21.15.76:3300/0 5 ==== osd_map(3..3 src has 1..3) ==== 1155+0+0 (secure 0 0 0) 0x7ff47404d020 con 0x7ff47c07de90
2024-03-23T15:34:21.801 INFO:teuthology.orchestra.run.smithi076.stdout:/usr/bin/ceph: stderr
2024-03-23T15:34:20.883+0000 7ff481640700 1 --2- 172.21.15.76:0/2954985259 >> [v2:172.21.15.76:6800/2479514030,v1:172.21.15.76:6801/2479514030] conn(0x7ff464038ff0 0x7ff46403b4b0 unknown :-1 s=BANNER_CONNECTING pgs=0 cs=0 l=1 rev1=0 crypto rx=0 tx=0 comp rx=0 tx=0)._handle_peer_banner_payload supported=3 required=0
2024-03-23T15:34:21.801 INFO:teuthology.orchestra.run.smithi076.stdout:/usr/bin/ceph: stderr
2024-03-23T15:34:20.883+0000 7ff481640700 1 --2- 172.21.15.76:0/2954985259 >> [v2:172.21.15.76:6800/2479514030,v1:172.21.15.76:6801/2479514030] conn(0x7ff464038ff0 0x7ff46403b4b0 secure :-1 s=READY pgs=9 cs=0 l=1 rev1=1 crypto rx=0x7ff470006fd0 tx=0x7ff470006e40 comp rx=0 tx=0).ready entity=mgr.14150 client_cookie=0 server_cookie=0 in_seq=0 out_seq=0
2024-03-23T15:34:21.801 INFO:teuthology.orchestra.run.smithi076.stdout:/usr/bin/ceph: stderr
2024-03-23T15:34:20.888+0000 7ff47affd700 1 -- 172.21.15.76:0/2954985259 <== mon.0 v2:172.21.15.76:3300/0 6 ==== mon_command_ack([{"prefix": "get_command_descriptions"}]=0 v0) ==== 72+0+184932 (secure 0 0 0) 0x7ff474081280 con 0x7ff47c07de90
2024-03-23T15:34:21.801 INFO:teuthology.orchestra.run.smithi076.stdout:/usr/bin/ceph: stderr
2024-03-23T15:34:21.083+0000 7ff4840a5700 1 -- 172.21.15.76:0/2954985259 --> [v2:172.21.15.76:3300/0,v1:172.21.15.76:6789/0] -- mon_command({"prefix": "config get", "who": "mgr", "key": "mgr/dashboard/ssl_server_port"} v 0) -- 0x7ff47c10e380 con 0x7ff47c07de90
2024-03-23T15:34:21.801 INFO:teuthology.orchestra.run.smithi076.stdout:/usr/bin/ceph: stderr
2024-03-23T15:34:21.084+0000 7ff47affd700 1 -- 172.21.15.76:0/2954985259 <== mon.0 v2:172.21.15.76:3300/0 7 ==== mon_command_ack([{"prefix": "config get", "who": "mgr", "key": "mgr/dashboard/ssl_server_port"}]=0 v8) ==== 112+0+5 (secure 0 0 0) 0x7ff4740170b0 con 0x7ff47c07de90
2024-03-23T15:34:21.801 INFO:teuthology.orchestra.run.smithi076.stdout:/usr/bin/ceph: stderr
2024-03-23T15:34:21.086+0000 7ff4840a5700 1 -- 172.21.15.76:0/2954985259 >> [v2:172.21.15.76:6800/2479514030,v1:172.21.15.76:6801/2479514030] conn(0x7ff464038ff0 msgr2=0x7ff46403b4b0 secure :-1 s=STATE_CONNECTION_ESTABLISHED l=1).mark_down
2024-03-23T15:34:21.801 INFO:teuthology.orchestra.run.smithi076.stdout:/usr/bin/ceph: stderr
2024-03-23T15:34:21.086+0000 7ff4840a5700 1 --2- 172.21.15.76:0/2954985259 >> [v2:172.21.15.76:6800/2479514030,v1:172.21.15.76:6801/2479514030] conn(0x7ff464038ff0 0x7ff46403b4b0 secure :-1 s=READY pgs=9 cs=0 l=1 rev1=1 crypto rx=0x7ff470006fd0 tx=0x7ff470006e40 comp rx=0 tx=0).stop
2024-03-23T15:34:21.801 INFO:teuthology.orchestra.run.smithi076.stdout:/usr/bin/ceph: stderr
2024-03-23T15:34:21.086+0000 7ff4840a5700 1 -- 172.21.15.76:0/2954985259 >> [v2:172.21.15.76:3300/0,v1:172.21.15.76:6789/0] conn(0x7ff47c07de90 msgr2=0x7ff47c19db10 secure :-1 s=STATE_CONNECTION_ESTABLISHED l=1).mark_down
2024-03-23T15:34:21.801 INFO:teuthology.orchestra.run.smithi076.stdout:/usr/bin/ceph: stderr
2024-03-23T15:34:21.086+0000 7ff4840a5700 1 --2- 172.21.15.76:0/2954985259 >> [v2:172.21.15.76:3300/0,v1:172.21.15.76:6789/0] conn(0x7ff47c07de90 0x7ff47c19db10 secure :-1 s=READY pgs=73 cs=0 l=1 rev1=1 crypto rx=0x7ff474009fd0 tx=0x7ff47400bcf0 comp rx=0 tx=0).stop
2024-03-23T15:34:21.801 INFO:teuthology.orchestra.run.smithi076.stdout:/usr/bin/ceph: stderr
2024-03-23T15:34:21.086+0000 7ff4840a5700 1 -- 172.21.15.76:0/2954985259 shutdown_connections
2024-03-23T15:34:21.801 INFO:teuthology.orchestra.run.smithi076.stdout:/usr/bin/ceph: stderr
2024-03-23T15:34:21.086+0000 7ff4840a5700 1 --2- 172.21.15.76:0/2954985259 >> [v2:172.21.15.76:6800/2479514030,v1:172.21.15.76:6801/2479514030] conn(0x7ff464038ff0 0x7ff46403b4b0 unknown :-1 s=CLOSED pgs=9 cs=0 l=1 rev1=1 crypto rx=0 tx=0 comp rx=0 tx=0).stop
2024-03-23T15:34:21.801 INFO:teuthology.orchestra.run.smithi076.stdout:/usr/bin/ceph: stderr
2024-03-23T15:34:21.086+0000 7ff4840a5700 1 --2- 172.21.15.76:0/2954985259 >> [v2:172.21.15.76:3300/0,v1:172.21.15.76:6789/0] conn(0x7ff47c07de90 0x7ff47c19db10 unknown :-1 s=CLOSED pgs=73 cs=0 l=1 rev1=1 crypto rx=0 tx=0 comp rx=0 tx=0).stop
2024-03-23T15:34:21.802 INFO:teuthology.orchestra.run.smithi076.stdout:/usr/bin/ceph: stderr
2024-03-23T15:34:21.086+0000 7ff4840a5700 1 -- 172.21.15.76:0/2954985259 >> 172.21.15.76:0/2954985259 conn(0x7ff47c103280 msgr2=0x7ff47c103bc0 unknown :-1 s=STATE_NONE l=0).mark_down
2024-03-23T15:34:21.802 INFO:teuthology.orchestra.run.smithi076.stdout:/usr/bin/ceph: stderr
2024-03-23T15:34:21.086+0000 7ff4840a5700 1 -- 172.21.15.76:0/2954985259 shutdown_connections
2024-03-23T15:34:21.802 INFO:teuthology.orchestra.run.smithi076.stdout:/usr/bin/ceph: stderr
2024-03-23T15:34:21.086+0000 7ff4840a5700 1 -- 172.21.15.76:0/2954985259 wait complete.
2024-03-23T15:34:21.805 INFO:teuthology.orchestra.run.smithi076.stdout:Non-zero exit code 1 from systemctl is-enabled firewalld.service
2024-03-23T15:34:21.805 INFO:teuthology.orchestra.run.smithi076.stdout:systemctl: stdout disabled
2024-03-23T15:34:21.813 INFO:teuthology.orchestra.run.smithi076.stdout:Non-zero exit code 3 from systemctl is-active firewalld.service
2024-03-23T15:34:21.813 INFO:teuthology.orchestra.run.smithi076.stdout:systemctl: stdout inactive
2024-03-23T15:34:21.813 INFO:teuthology.orchestra.run.smithi076.stdout:firewalld.service is not enabled
2024-03-23T15:34:21.813 INFO:teuthology.orchestra.run.smithi076.stdout:Not possible to open ports <[8443]>. firewalld.service is not available
2024-03-23T15:34:21.814 INFO:teuthology.orchestra.run.smithi076.stdout:Ceph Dashboard is now available at:
2024-03-23T15:34:21.814 INFO:teuthology.orchestra.run.smithi076.stdout:
2024-03-23T15:34:21.814 INFO:teuthology.orchestra.run.smithi076.stdout: URL: https://smithi076.front.sepia.ceph.com:8443/
2024-03-23T15:34:21.814 INFO:teuthology.orchestra.run.smithi076.stdout: User: admin
2024-03-23T15:34:21.814 INFO:teuthology.orchestra.run.smithi076.stdout: Password: 2rc90guurb
2024-03-23T15:34:21.814 INFO:teuthology.orchestra.run.smithi076.stdout:
2024-03-23T15:34:21.815 INFO:teuthology.orchestra.run.smithi076.stdout:Saving cluster configuration to /var/lib/ceph/89c3e582-e92a-11ee-95cd-87774f69a715/config directory
2024-03-23T15:34:21.815 INFO:teuthology.orchestra.run.smithi076.stdout:Enabling autotune for osd_memory_target
2024-03-23T15:34:23.031 INFO:teuthology.orchestra.run.smithi076.stdout:/usr/bin/ceph: stderr
2024-03-23T15:34:22.240+0000 7fb1ae15f700 1 Processor -- start
2024-03-23T15:34:23.032 INFO:teuthology.orchestra.run.smithi076.stdout:/usr/bin/ceph: stderr
2024-03-23T15:34:22.240+0000 7fb1ae15f700 1 -- start start
2024-03-23T15:34:23.032 INFO:teuthology.orchestra.run.smithi076.stdout:/usr/bin/ceph: stderr
2024-03-23T15:34:22.240+0000 7fb1ae15f700 1 --2- >> [v2:172.21.15.76:3300/0,v1:172.21.15.76:6789/0] conn(0x7fb1a8106580 0x7fb1a81069a0 unknown :-1 s=NONE pgs=0 cs=0 l=0 rev1=0 crypto rx=0 tx=0 comp rx=0 tx=0).connect
2024-03-23T15:34:23.032 INFO:teuthology.orchestra.run.smithi076.stdout:/usr/bin/ceph: stderr
2024-03-23T15:34:22.240+0000 7fb1ae15f700 1 -- --> [v2:172.21.15.76:3300/0,v1:172.21.15.76:6789/0] -- mon_getmap magic: 0 -- 0x7fb1a807be40 con 0x7fb1a8106580
2024-03-23T15:34:23.032 INFO:teuthology.orchestra.run.smithi076.stdout:/usr/bin/ceph: stderr
2024-03-23T15:34:22.240+0000 7fb1a77fe700 1 --2- >> [v2:172.21.15.76:3300/0,v1:172.21.15.76:6789/0] conn(0x7fb1a8106580 0x7fb1a81069a0 unknown :-1 s=BANNER_CONNECTING pgs=0 cs=0 l=0 rev1=0 crypto rx=0 tx=0 comp rx=0 tx=0)._handle_peer_banner_payload supported=3 required=0
2024-03-23T15:34:23.032 INFO:teuthology.orchestra.run.smithi076.stdout:/usr/bin/ceph: stderr
2024-03-23T15:34:22.240+0000 7fb1a77fe700 1 --2- >> [v2:172.21.15.76:3300/0,v1:172.21.15.76:6789/0] conn(0x7fb1a8106580 0x7fb1a81069a0 unknown :-1 s=HELLO_CONNECTING pgs=0 cs=0 l=0 rev1=1 crypto rx=0 tx=0 comp rx=0 tx=0).handle_hello peer v2:172.21.15.76:3300/0 says I am v2:172.21.15.76:46610/0 (socket says 172.21.15.76:46610)
2024-03-23T15:34:23.032 INFO:teuthology.orchestra.run.smithi076.stdout:/usr/bin/ceph: stderr
2024-03-23T15:34:22.240+0000 7fb1a77fe700 1 -- 172.21.15.76:0/1521002954 learned_addr learned my addr 172.21.15.76:0/1521002954 (peer_addr_for_me v2:172.21.15.76:0/0)
2024-03-23T15:34:23.032 INFO:teuthology.orchestra.run.smithi076.stdout:/usr/bin/ceph: stderr
2024-03-23T15:34:22.240+0000 7fb1a77fe700 1 -- 172.21.15.76:0/1521002954 --> [v2:172.21.15.76:3300/0,v1:172.21.15.76:6789/0] -- mon_subscribe({config=0+,monmap=0+}) -- 0x7fb1a8106ee0 con 0x7fb1a8106580
2024-03-23T15:34:23.032 INFO:teuthology.orchestra.run.smithi076.stdout:/usr/bin/ceph: stderr
2024-03-23T15:34:22.241+0000 7fb1a77fe700 1 --2- 172.21.15.76:0/1521002954 >> [v2:172.21.15.76:3300/0,v1:172.21.15.76:6789/0] conn(0x7fb1a8106580 0x7fb1a81069a0 secure :-1 s=READY pgs=74 cs=0 l=1 rev1=1 crypto rx=0x7fb1980098a0 tx=0x7fb198009bb0 comp rx=0 tx=0).ready entity=mon.0 client_cookie=bef33765a7aa068b server_cookie=0 in_seq=0 out_seq=0
2024-03-23T15:34:23.032 INFO:teuthology.orchestra.run.smithi076.stdout:/usr/bin/ceph: stderr
2024-03-23T15:34:22.241+0000 7fb1a67fc700 1 -- 172.21.15.76:0/1521002954 <== mon.0 v2:172.21.15.76:3300/0 1 ==== mon_map magic: 0 ==== 205+0+0 (secure 0 0 0) 0x7fb198004160 con 0x7fb1a8106580
2024-03-23T15:34:23.032 INFO:teuthology.orchestra.run.smithi076.stdout:/usr/bin/ceph: stderr
2024-03-23T15:34:22.241+0000 7fb1a67fc700 1 -- 172.21.15.76:0/1521002954 <== mon.0 v2:172.21.15.76:3300/0 2 ==== config(27 keys) ==== 1140+0+0 (secure 0 0 0) 0x7fb1980042c0 con 0x7fb1a8106580
2024-03-23T15:34:23.032 INFO:teuthology.orchestra.run.smithi076.stdout:/usr/bin/ceph: stderr
2024-03-23T15:34:22.241+0000 7fb1a67fc700 1 -- 172.21.15.76:0/1521002954 <== mon.0 v2:172.21.15.76:3300/0 3 ==== mon_map magic: 0 ==== 205+0+0 (secure 0 0 0) 0x7fb198011a80 con 0x7fb1a8106580
2024-03-23T15:34:23.032 INFO:teuthology.orchestra.run.smithi076.stdout:/usr/bin/ceph: stderr
2024-03-23T15:34:22.241+0000 7fb1ae15f700 1 -- 172.21.15.76:0/1521002954 >> [v2:172.21.15.76:3300/0,v1:172.21.15.76:6789/0] conn(0x7fb1a8106580 msgr2=0x7fb1a81069a0 secure :-1 s=STATE_CONNECTION_ESTABLISHED l=1).mark_down
2024-03-23T15:34:23.033 INFO:teuthology.orchestra.run.smithi076.stdout:/usr/bin/ceph: stderr
2024-03-23T15:34:22.241+0000 7fb1ae15f700 1 --2- 172.21.15.76:0/1521002954 >> [v2:172.21.15.76:3300/0,v1:172.21.15.76:6789/0] conn(0x7fb1a8106580 0x7fb1a81069a0 secure :-1 s=READY pgs=74 cs=0 l=1 rev1=1 crypto rx=0x7fb1980098a0 tx=0x7fb198009bb0 comp rx=0 tx=0).stop
2024-03-23T15:34:23.033 INFO:teuthology.orchestra.run.smithi076.stdout:/usr/bin/ceph: stderr
2024-03-23T15:34:22.241+0000 7fb1ae15f700 1 -- 172.21.15.76:0/1521002954 shutdown_connections
2024-03-23T15:34:23.033 INFO:teuthology.orchestra.run.smithi076.stdout:/usr/bin/ceph: stderr
2024-03-23T15:34:22.241+0000 7fb1ae15f700 1 --2- 172.21.15.76:0/1521002954 >> [v2:172.21.15.76:3300/0,v1:172.21.15.76:6789/0] conn(0x7fb1a8106580 0x7fb1a81069a0 unknown :-1 s=CLOSED pgs=74 cs=0 l=1 rev1=1 crypto rx=0 tx=0 comp rx=0 tx=0).stop
2024-03-23T15:34:23.033 INFO:teuthology.orchestra.run.smithi076.stdout:/usr/bin/ceph: stderr
2024-03-23T15:34:22.241+0000 7fb1ae15f700 1 -- 172.21.15.76:0/1521002954 >> 172.21.15.76:0/1521002954 conn(0x7fb1a8102160 msgr2=0x7fb1a81045a0 unknown :-1 s=STATE_NONE l=0).mark_down
2024-03-23T15:34:23.033 INFO:teuthology.orchestra.run.smithi076.stdout:/usr/bin/ceph: stderr
2024-03-23T15:34:22.242+0000 7fb1ae15f700 1 -- 172.21.15.76:0/1521002954 shutdown_connections
2024-03-23T15:34:23.033 INFO:teuthology.orchestra.run.smithi076.stdout:/usr/bin/ceph: stderr
2024-03-23T15:34:22.242+0000 7fb1ae15f700 1 -- 172.21.15.76:0/1521002954 wait complete.
2024-03-23T15:34:23.033 INFO:teuthology.orchestra.run.smithi076.stdout:/usr/bin/ceph: stderr
2024-03-23T15:34:22.242+0000 7fb1ae15f700 1 Processor -- start
2024-03-23T15:34:23.033 INFO:teuthology.orchestra.run.smithi076.stdout:/usr/bin/ceph: stderr
2024-03-23T15:34:22.242+0000 7fb1ae15f700 1 -- start start
2024-03-23T15:34:23.033 INFO:teuthology.orchestra.run.smithi076.stdout:/usr/bin/ceph: stderr
2024-03-23T15:34:22.243+0000 7fb1ae15f700 1 --2- >> [v2:172.21.15.76:3300/0,v1:172.21.15.76:6789/0] conn(0x7fb1a8106580 0x7fb1a819dc40 unknown :-1 s=NONE pgs=0 cs=0 l=1 rev1=0 crypto rx=0 tx=0 comp rx=0 tx=0).connect
2024-03-23T15:34:23.033 INFO:teuthology.orchestra.run.smithi076.stdout:/usr/bin/ceph: stderr
2024-03-23T15:34:22.243+0000 7fb1ae15f700 1 -- --> [v2:172.21.15.76:3300/0,v1:172.21.15.76:6789/0] -- mon_getmap magic: 0 -- 0x7fb1a819e180 con 0x7fb1a8106580
2024-03-23T15:34:23.033 INFO:teuthology.orchestra.run.smithi076.stdout:/usr/bin/ceph: stderr
2024-03-23T15:34:22.243+0000 7fb1a77fe700 1 --2- >> [v2:172.21.15.76:3300/0,v1:172.21.15.76:6789/0] conn(0x7fb1a8106580 0x7fb1a819dc40 unknown :-1 s=BANNER_CONNECTING pgs=0 cs=0 l=1 rev1=0 crypto rx=0 tx=0 comp rx=0 tx=0)._handle_peer_banner_payload supported=3 required=0
2024-03-23T15:34:23.033 INFO:teuthology.orchestra.run.smithi076.stdout:/usr/bin/ceph: stderr
2024-03-23T15:34:22.243+0000 7fb1a77fe700 1 --2- >> [v2:172.21.15.76:3300/0,v1:172.21.15.76:6789/0] conn(0x7fb1a8106580 0x7fb1a819dc40 unknown :-1 s=HELLO_CONNECTING pgs=0 cs=0 l=1 rev1=1 crypto rx=0 tx=0 comp rx=0 tx=0).handle_hello peer v2:172.21.15.76:3300/0 says I am v2:172.21.15.76:46614/0 (socket says 172.21.15.76:46614)
2024-03-23T15:34:23.034 INFO:teuthology.orchestra.run.smithi076.stdout:/usr/bin/ceph: stderr
2024-03-23T15:34:22.243+0000 7fb1a77fe700 1 -- 172.21.15.76:0/1788411995 learned_addr learned my addr 172.21.15.76:0/1788411995 (peer_addr_for_me v2:172.21.15.76:0/0)
2024-03-23T15:34:23.034 INFO:teuthology.orchestra.run.smithi076.stdout:/usr/bin/ceph: stderr
2024-03-23T15:34:22.243+0000 7fb1a77fe700 1 -- 172.21.15.76:0/1788411995 --> [v2:172.21.15.76:3300/0,v1:172.21.15.76:6789/0] -- mon_subscribe({config=0+,monmap=0+}) -- 0x7fb198009550 con 0x7fb1a8106580
2024-03-23T15:34:23.034 INFO:teuthology.orchestra.run.smithi076.stdout:/usr/bin/ceph: stderr
2024-03-23T15:34:22.243+0000 7fb1a77fe700 1 --2- 172.21.15.76:0/1788411995 >> [v2:172.21.15.76:3300/0,v1:172.21.15.76:6789/0] conn(0x7fb1a8106580 0x7fb1a819dc40 secure :-1 s=READY pgs=75 cs=0 l=1 rev1=1 crypto rx=0x7fb198003f20 tx=0x7fb198011b00 comp rx=0 tx=0).ready entity=mon.0 client_cookie=0 server_cookie=0 in_seq=0 out_seq=0
2024-03-23T15:34:23.034 INFO:teuthology.orchestra.run.smithi076.stdout:/usr/bin/ceph: stderr
2024-03-23T15:34:22.243+0000 7fb1a4ff9700 1 -- 172.21.15.76:0/1788411995 <== mon.0 v2:172.21.15.76:3300/0 1 ==== mon_map magic: 0 ==== 205+0+0 (secure 0 0 0) 0x7fb1980039f0 con 0x7fb1a8106580
2024-03-23T15:34:23.034 INFO:teuthology.orchestra.run.smithi076.stdout:/usr/bin/ceph: stderr
2024-03-23T15:34:22.243+0000 7fb1ae15f700 1 -- 172.21.15.76:0/1788411995 --> [v2:172.21.15.76:3300/0,v1:172.21.15.76:6789/0] -- mon_subscribe({mgrmap=0+}) -- 0x7fb1a819e380 con 0x7fb1a8106580
2024-03-23T15:34:23.034 INFO:teuthology.orchestra.run.smithi076.stdout:/usr/bin/ceph: stderr
2024-03-23T15:34:22.243+0000 7fb1a4ff9700 1 -- 172.21.15.76:0/1788411995 <== mon.0 v2:172.21.15.76:3300/0 2 ==== config(27 keys) ==== 1140+0+0 (secure 0 0 0) 0x7fb198003b50 con 0x7fb1a8106580
2024-03-23T15:34:23.034 INFO:teuthology.orchestra.run.smithi076.stdout:/usr/bin/ceph: stderr
2024-03-23T15:34:22.243+0000 7fb1a4ff9700 1 -- 172.21.15.76:0/1788411995 <== mon.0 v2:172.21.15.76:3300/0 3 ==== mon_map magic: 0 ==== 205+0+0 (secure 0 0 0) 0x7fb19801a6d0 con 0x7fb1a8106580
2024-03-23T15:34:23.034 INFO:teuthology.orchestra.run.smithi076.stdout:/usr/bin/ceph: stderr
2024-03-23T15:34:22.243+0000 7fb1ae15f700 1 -- 172.21.15.76:0/1788411995 --> [v2:172.21.15.76:3300/0,v1:172.21.15.76:6789/0] -- mon_subscribe({osdmap=0}) -- 0x7fb1a819ef30 con 0x7fb1a8106580
2024-03-23T15:34:23.034 INFO:teuthology.orchestra.run.smithi076.stdout:/usr/bin/ceph: stderr
2024-03-23T15:34:22.244+0000 7fb1a4ff9700 1 -- 172.21.15.76:0/1788411995 <== mon.0 v2:172.21.15.76:3300/0 4 ==== mgrmap(e 13) ==== 45984+0+0 (secure 0 0 0) 0x7fb19801a990 con 0x7fb1a8106580
2024-03-23T15:34:23.034 INFO:teuthology.orchestra.run.smithi076.stdout:/usr/bin/ceph: stderr
2024-03-23T15:34:22.244+0000 7fb1a4ff9700 1 --2- 172.21.15.76:0/1788411995 >> [v2:172.21.15.76:6800/2479514030,v1:172.21.15.76:6801/2479514030] conn(0x7fb190039040 0x7fb19003b500 unknown :-1 s=NONE pgs=0 cs=0 l=1 rev1=0 crypto rx=0 tx=0 comp rx=0 tx=0).connect
2024-03-23T15:34:23.034 INFO:teuthology.orchestra.run.smithi076.stdout:/usr/bin/ceph: stderr
2024-03-23T15:34:22.244+0000 7fb1a4ff9700 1 -- 172.21.15.76:0/1788411995 <== mon.0 v2:172.21.15.76:3300/0 5 ==== osd_map(3..3 src has 1..3) ==== 1155+0+0 (secure 0 0 0) 0x7fb19804d4c0 con 0x7fb1a8106580
2024-03-23T15:34:23.034 INFO:teuthology.orchestra.run.smithi076.stdout:/usr/bin/ceph: stderr
2024-03-23T15:34:22.244+0000 7fb1ae15f700 1 -- 172.21.15.76:0/1788411995 --> [v2:172.21.15.76:3300/0,v1:172.21.15.76:6789/0] -- mon_command({"prefix": "get_command_descriptions"} v 0) -- 0x7fb1a8063830 con 0x7fb1a8106580
2024-03-23T15:34:23.034 INFO:teuthology.orchestra.run.smithi076.stdout:/usr/bin/ceph: stderr
2024-03-23T15:34:22.244+0000 7fb1a6ffd700 1 --2- 172.21.15.76:0/1788411995 >> [v2:172.21.15.76:6800/2479514030,v1:172.21.15.76:6801/2479514030] conn(0x7fb190039040 0x7fb19003b500 unknown :-1 s=BANNER_CONNECTING pgs=0 cs=0 l=1 rev1=0 crypto rx=0 tx=0 comp rx=0 tx=0)._handle_peer_banner_payload supported=3 required=0
2024-03-23T15:34:23.035 INFO:teuthology.orchestra.run.smithi076.stdout:/usr/bin/ceph: stderr
2024-03-23T15:34:22.245+0000 7fb1a6ffd700 1 --2- 172.21.15.76:0/1788411995 >> [v2:172.21.15.76:6800/2479514030,v1:172.21.15.76:6801/2479514030] conn(0x7fb190039040 0x7fb19003b500 secure :-1 s=READY pgs=10 cs=0 l=1 rev1=1 crypto rx=0x7fb19c006fd0 tx=0x7fb19c006e40 comp rx=0 tx=0).ready entity=mgr.14150 client_cookie=0 server_cookie=0 in_seq=0 out_seq=0
2024-03-23T15:34:23.035 INFO:teuthology.orchestra.run.smithi076.stdout:/usr/bin/ceph: stderr
2024-03-23T15:34:22.249+0000 7fb1a4ff9700 1 -- 172.21.15.76:0/1788411995 <== mon.0 v2:172.21.15.76:3300/0 6 ==== mon_command_ack([{"prefix": "get_command_descriptions"}]=0 v0) ==== 72+0+184932 (secure 0 0 0) 0x7fb198022330 con 0x7fb1a8106580
2024-03-23T15:34:23.035 INFO:teuthology.orchestra.run.smithi076.stdout:/usr/bin/ceph: stderr
2024-03-23T15:34:22.441+0000 7fb1ae15f700 1 -- 172.21.15.76:0/1788411995 --> [v2:172.21.15.76:3300/0,v1:172.21.15.76:6789/0] -- mon_command([{prefix=config set, name=osd_memory_target_autotune}] v 0) -- 0x7fb1a819fa00 con 0x7fb1a8106580
2024-03-23T15:34:23.035 INFO:teuthology.orchestra.run.smithi076.stdout:/usr/bin/ceph: stderr
2024-03-23T15:34:22.441+0000 7fb1a4ff9700 1 -- 172.21.15.76:0/1788411995 <== mon.0 v2:172.21.15.76:3300/0 7 ==== mon_command_ack([{prefix=config set, name=osd_memory_target_autotune}]=0 v8)=0 v8) ==== 127+0+0 (secure 0 0 0) 0x7fb198018be0 con 0x7fb1a8106580
2024-03-23T15:34:23.035 INFO:teuthology.orchestra.run.smithi076.stdout:/usr/bin/ceph: stderr
2024-03-23T15:34:22.443+0000 7fb1ae15f700 1 -- 172.21.15.76:0/1788411995 >> [v2:172.21.15.76:6800/2479514030,v1:172.21.15.76:6801/2479514030] conn(0x7fb190039040 msgr2=0x7fb19003b500 secure :-1 s=STATE_CONNECTION_ESTABLISHED l=1).mark_down
2024-03-23T15:34:23.035 INFO:teuthology.orchestra.run.smithi076.stdout:/usr/bin/ceph: stderr
2024-03-23T15:34:22.443+0000 7fb1ae15f700 1 --2- 172.21.15.76:0/1788411995 >> [v2:172.21.15.76:6800/2479514030,v1:172.21.15.76:6801/2479514030] conn(0x7fb190039040 0x7fb19003b500 secure :-1 s=READY pgs=10 cs=0 l=1 rev1=1 crypto rx=0x7fb19c006fd0 tx=0x7fb19c006e40 comp rx=0 tx=0).stop
2024-03-23T15:34:23.035 INFO:teuthology.orchestra.run.smithi076.stdout:/usr/bin/ceph: stderr
2024-03-23T15:34:22.443+0000 7fb1ae15f700 1 -- 172.21.15.76:0/1788411995 >> [v2:172.21.15.76:3300/0,v1:172.21.15.76:6789/0] conn(0x7fb1a8106580 msgr2=0x7fb1a819dc40 secure :-1 s=STATE_CONNECTION_ESTABLISHED l=1).mark_down
2024-03-23T15:34:23.035 INFO:teuthology.orchestra.run.smithi076.stdout:/usr/bin/ceph: stderr
2024-03-23T15:34:22.443+0000 7fb1ae15f700 1 --2- 172.21.15.76:0/1788411995 >> [v2:172.21.15.76:3300/0,v1:172.21.15.76:6789/0] conn(0x7fb1a8106580 0x7fb1a819dc40 secure :-1 s=READY pgs=75 cs=0 l=1 rev1=1 crypto rx=0x7fb198003f20 tx=0x7fb198011b00 comp rx=0 tx=0).stop
2024-03-23T15:34:23.035 INFO:teuthology.orchestra.run.smithi076.stdout:/usr/bin/ceph: stderr
2024-03-23T15:34:22.443+0000 7fb1ae15f700 1 -- 172.21.15.76:0/1788411995 shutdown_connections
2024-03-23T15:34:23.035 INFO:teuthology.orchestra.run.smithi076.stdout:/usr/bin/ceph: stderr
2024-03-23T15:34:22.443+0000 7fb1ae15f700 1 --2- 172.21.15.76:0/1788411995 >> [v2:172.21.15.76:6800/2479514030,v1:172.21.15.76:6801/2479514030] conn(0x7fb190039040 0x7fb19003b500 unknown :-1 s=CLOSED pgs=10 cs=0 l=1 rev1=1 crypto rx=0 tx=0 comp rx=0 tx=0).stop
2024-03-23T15:34:23.035 INFO:teuthology.orchestra.run.smithi076.stdout:/usr/bin/ceph: stderr
2024-03-23T15:34:22.443+0000 7fb1ae15f700 1 --2- 172.21.15.76:0/1788411995 >> [v2:172.21.15.76:3300/0,v1:172.21.15.76:6789/0] conn(0x7fb1a8106580 0x7fb1a819dc40 unknown :-1 s=CLOSED pgs=75 cs=0 l=1 rev1=1 crypto rx=0 tx=0 comp rx=0 tx=0).stop
2024-03-23T15:34:23.035 INFO:teuthology.orchestra.run.smithi076.stdout:/usr/bin/ceph: stderr
2024-03-23T15:34:22.443+0000 7fb1ae15f700 1 -- 172.21.15.76:0/1788411995 >> 172.21.15.76:0/1788411995 conn(0x7fb1a8102160 msgr2=0x7fb1a8194940 unknown :-1 s=STATE_NONE l=0).mark_down
2024-03-23T15:34:23.035 INFO:teuthology.orchestra.run.smithi076.stdout:/usr/bin/ceph: stderr
2024-03-23T15:34:22.444+0000 7fb1ae15f700 1 -- 172.21.15.76:0/1788411995 shutdown_connections
2024-03-23T15:34:23.035 INFO:teuthology.orchestra.run.smithi076.stdout:/usr/bin/ceph: stderr
2024-03-23T15:34:22.444+0000 7fb1ae15f700 1 -- 172.21.15.76:0/1788411995 wait complete.
2024-03-23T15:34:23.317 INFO:journalctl@ceph.mon.a.smithi076.stdout:Mar 23 15:34:23 smithi076 ceph-mon[32176]: mgrmap e13: x(active, since 6s)
2024-03-23T15:34:24.372 INFO:teuthology.orchestra.run.smithi076.stdout:/usr/bin/ceph: stderr
2024-03-23T15:34:23.416+0000 7fdd58ca9700 1 Processor -- start
2024-03-23T15:34:24.372 INFO:teuthology.orchestra.run.smithi076.stdout:/usr/bin/ceph: stderr
2024-03-23T15:34:23.416+0000 7fdd58ca9700 1 -- start start
2024-03-23T15:34:24.373 INFO:teuthology.orchestra.run.smithi076.stdout:/usr/bin/ceph: stderr
2024-03-23T15:34:23.416+0000 7fdd58ca9700 1 --2- >> [v2:172.21.15.76:3300/0,v1:172.21.15.76:6789/0] conn(0x7fdd541081a0 0x7fdd541085c0 unknown :-1 s=NONE pgs=0 cs=0 l=0 rev1=0 crypto rx=0 tx=0 comp rx=0 tx=0).connect
2024-03-23T15:34:24.373 INFO:teuthology.orchestra.run.smithi076.stdout:/usr/bin/ceph: stderr
2024-03-23T15:34:23.416+0000 7fdd58ca9700 1 -- --> [v2:172.21.15.76:3300/0,v1:172.21.15.76:6789/0] -- mon_getmap magic: 0 -- 0x7fdd54108b90 con 0x7fdd541081a0
2024-03-23T15:34:24.373 INFO:teuthology.orchestra.run.smithi076.stdout:/usr/bin/ceph: stderr
2024-03-23T15:34:23.416+0000 7fdd5259c700 1 --2- >> [v2:172.21.15.76:3300/0,v1:172.21.15.76:6789/0] conn(0x7fdd541081a0 0x7fdd541085c0 unknown :-1 s=BANNER_CONNECTING pgs=0 cs=0 l=0 rev1=0 crypto rx=0 tx=0 comp rx=0 tx=0)._handle_peer_banner_payload supported=3 required=0
2024-03-23T15:34:24.373 INFO:teuthology.orchestra.run.smithi076.stdout:/usr/bin/ceph: stderr
2024-03-23T15:34:23.416+0000 7fdd5259c700 1 --2- >> [v2:172.21.15.76:3300/0,v1:172.21.15.76:6789/0] conn(0x7fdd541081a0 0x7fdd541085c0 unknown :-1 s=HELLO_CONNECTING pgs=0 cs=0 l=0 rev1=1 crypto rx=0 tx=0 comp rx=0 tx=0).handle_hello peer v2:172.21.15.76:3300/0 says I am v2:172.21.15.76:46620/0 (socket says 172.21.15.76:46620)
2024-03-23T15:34:24.373 INFO:teuthology.orchestra.run.smithi076.stdout:/usr/bin/ceph: stderr
2024-03-23T15:34:23.416+0000 7fdd5259c700 1 -- 172.21.15.76:0/244928770 learned_addr learned my addr 172.21.15.76:0/244928770 (peer_addr_for_me v2:172.21.15.76:0/0)
2024-03-23T15:34:24.373 INFO:teuthology.orchestra.run.smithi076.stdout:/usr/bin/ceph: stderr
2024-03-23T15:34:23.417+0000 7fdd5259c700 1 -- 172.21.15.76:0/244928770 --> [v2:172.21.15.76:3300/0,v1:172.21.15.76:6789/0] -- mon_subscribe({config=0+,monmap=0+}) -- 0x7fdd54106db0 con 0x7fdd541081a0
2024-03-23T15:34:24.373 INFO:teuthology.orchestra.run.smithi076.stdout:/usr/bin/ceph: stderr
2024-03-23T15:34:23.417+0000 7fdd5259c700 1 --2- 172.21.15.76:0/244928770 >> [v2:172.21.15.76:3300/0,v1:172.21.15.76:6789/0] conn(0x7fdd541081a0 0x7fdd541085c0 secure :-1 s=READY pgs=76 cs=0 l=1 rev1=1 crypto rx=0x7fdd440098a0 tx=0x7fdd44009bb0 comp rx=0 tx=0).ready entity=mon.0 client_cookie=3cba708d757db2fe server_cookie=0 in_seq=0 out_seq=0
2024-03-23T15:34:24.373 INFO:teuthology.orchestra.run.smithi076.stdout:/usr/bin/ceph: stderr
2024-03-23T15:34:23.417+0000 7fdd5159a700 1 -- 172.21.15.76:0/244928770 <== mon.0 v2:172.21.15.76:3300/0 1 ==== mon_map magic: 0 ==== 205+0+0 (secure 0 0 0) 0x7fdd44004160 con 0x7fdd541081a0
2024-03-23T15:34:24.373 INFO:teuthology.orchestra.run.smithi076.stdout:/usr/bin/ceph: stderr
2024-03-23T15:34:23.417+0000 7fdd5159a700 1 -- 172.21.15.76:0/244928770 <== mon.0 v2:172.21.15.76:3300/0 2 ==== config(27 keys) ==== 1140+0+0 (secure 0 0 0) 0x7fdd440042c0 con 0x7fdd541081a0
2024-03-23T15:34:24.373 INFO:teuthology.orchestra.run.smithi076.stdout:/usr/bin/ceph: stderr
2024-03-23T15:34:23.417+0000 7fdd5159a700 1 -- 172.21.15.76:0/244928770 <== mon.0 v2:172.21.15.76:3300/0 3 ==== mon_map magic: 0 ==== 205+0+0 (secure 0 0 0) 0x7fdd44011a80 con 0x7fdd541081a0
2024-03-23T15:34:24.373 INFO:teuthology.orchestra.run.smithi076.stdout:/usr/bin/ceph: stderr
2024-03-23T15:34:23.418+0000 7fdd58ca9700 1 -- 172.21.15.76:0/244928770 >> [v2:172.21.15.76:3300/0,v1:172.21.15.76:6789/0] conn(0x7fdd541081a0 msgr2=0x7fdd541085c0 secure :-1 s=STATE_CONNECTION_ESTABLISHED l=1).mark_down
2024-03-23T15:34:24.373 INFO:teuthology.orchestra.run.smithi076.stdout:/usr/bin/ceph: stderr
2024-03-23T15:34:23.418+0000 7fdd58ca9700 1 --2- 172.21.15.76:0/244928770 >> [v2:172.21.15.76:3300/0,v1:172.21.15.76:6789/0] conn(0x7fdd541081a0 0x7fdd541085c0 secure :-1 s=READY pgs=76 cs=0 l=1 rev1=1 crypto rx=0x7fdd440098a0 tx=0x7fdd44009bb0 comp rx=0 tx=0).stop
2024-03-23T15:34:24.373 INFO:teuthology.orchestra.run.smithi076.stdout:/usr/bin/ceph: stderr
2024-03-23T15:34:23.418+0000 7fdd58ca9700 1 -- 172.21.15.76:0/244928770 shutdown_connections
2024-03-23T15:34:24.374 INFO:teuthology.orchestra.run.smithi076.stdout:/usr/bin/ceph: stderr
2024-03-23T15:34:23.418+0000 7fdd58ca9700 1 --2- 172.21.15.76:0/244928770 >> [v2:172.21.15.76:3300/0,v1:172.21.15.76:6789/0] conn(0x7fdd541081a0 0x7fdd541085c0 unknown :-1 s=CLOSED pgs=76 cs=0 l=1 rev1=1 crypto rx=0 tx=0 comp rx=0 tx=0).stop
2024-03-23T15:34:24.374 INFO:teuthology.orchestra.run.smithi076.stdout:/usr/bin/ceph: stderr
2024-03-23T15:34:23.418+0000 7fdd58ca9700 1 -- 172.21.15.76:0/244928770 >> 172.21.15.76:0/244928770 conn(0x7fdd54101920 msgr2=0x7fdd54103d40 unknown :-1 s=STATE_NONE l=0).mark_down
2024-03-23T15:34:24.374 INFO:teuthology.orchestra.run.smithi076.stdout:/usr/bin/ceph: stderr
2024-03-23T15:34:23.418+0000 7fdd58ca9700 1 -- 172.21.15.76:0/244928770 shutdown_connections
2024-03-23T15:34:24.374 INFO:teuthology.orchestra.run.smithi076.stdout:/usr/bin/ceph: stderr
2024-03-23T15:34:23.418+0000 7fdd58ca9700 1 -- 172.21.15.76:0/244928770 wait complete.
2024-03-23T15:34:24.374 INFO:teuthology.orchestra.run.smithi076.stdout:/usr/bin/ceph: stderr
2024-03-23T15:34:23.418+0000 7fdd58ca9700 1 Processor -- start
2024-03-23T15:34:24.374 INFO:teuthology.orchestra.run.smithi076.stdout:/usr/bin/ceph: stderr
2024-03-23T15:34:23.418+0000 7fdd58ca9700 1 -- start start
2024-03-23T15:34:24.374 INFO:teuthology.orchestra.run.smithi076.stdout:/usr/bin/ceph: stderr
2024-03-23T15:34:23.419+0000 7fdd58ca9700 1 --2- >> [v2:172.21.15.76:3300/0,v1:172.21.15.76:6789/0] conn(0x7fdd541081a0 0x7fdd5419ba30 unknown :-1 s=NONE pgs=0 cs=0 l=1 rev1=0 crypto rx=0 tx=0 comp rx=0 tx=0).connect
2024-03-23T15:34:24.374 INFO:teuthology.orchestra.run.smithi076.stdout:/usr/bin/ceph: stderr
2024-03-23T15:34:23.419+0000 7fdd58ca9700 1 -- --> [v2:172.21.15.76:3300/0,v1:172.21.15.76:6789/0] -- mon_getmap magic: 0 -- 0x7fdd5419bf70 con 0x7fdd541081a0
2024-03-23T15:34:24.374 INFO:teuthology.orchestra.run.smithi076.stdout:/usr/bin/ceph: stderr
2024-03-23T15:34:23.419+0000 7fdd5259c700 1 --2- >> [v2:172.21.15.76:3300/0,v1:172.21.15.76:6789/0] conn(0x7fdd541081a0 0x7fdd5419ba30 unknown :-1 s=BANNER_CONNECTING pgs=0 cs=0 l=1 rev1=0 crypto rx=0 tx=0 comp rx=0 tx=0)._handle_peer_banner_payload supported=3 required=0
2024-03-23T15:34:24.374 INFO:teuthology.orchestra.run.smithi076.stdout:/usr/bin/ceph: stderr
2024-03-23T15:34:23.419+0000 7fdd5259c700 1 --2- >> [v2:172.21.15.76:3300/0,v1:172.21.15.76:6789/0] conn(0x7fdd541081a0 0x7fdd5419ba30 unknown :-1 s=HELLO_CONNECTING pgs=0 cs=0 l=1 rev1=1 crypto rx=0 tx=0 comp rx=0 tx=0).handle_hello peer v2:172.21.15.76:3300/0 says I am v2:172.21.15.76:46624/0 (socket says 172.21.15.76:46624)
2024-03-23T15:34:24.374 INFO:teuthology.orchestra.run.smithi076.stdout:/usr/bin/ceph: stderr
2024-03-23T15:34:23.419+0000 7fdd5259c700 1 -- 172.21.15.76:0/1368057166 learned_addr learned my addr 172.21.15.76:0/1368057166 (peer_addr_for_me v2:172.21.15.76:0/0)
2024-03-23T15:34:24.374 INFO:teuthology.orchestra.run.smithi076.stdout:/usr/bin/ceph: stderr
2024-03-23T15:34:23.419+0000 7fdd5259c700 1 -- 172.21.15.76:0/1368057166 --> [v2:172.21.15.76:3300/0,v1:172.21.15.76:6789/0] -- mon_subscribe({config=0+,monmap=0+}) -- 0x7fdd44009550 con 0x7fdd541081a0
2024-03-23T15:34:24.374 INFO:teuthology.orchestra.run.smithi076.stdout:/usr/bin/ceph: stderr
2024-03-23T15:34:23.419+0000 7fdd5259c700 1 --2- 172.21.15.76:0/1368057166 >> [v2:172.21.15.76:3300/0,v1:172.21.15.76:6789/0] conn(0x7fdd541081a0 0x7fdd5419ba30 secure :-1 s=READY pgs=77 cs=0 l=1 rev1=1 crypto rx=0x7fdd44003f20 tx=0x7fdd44011b00 comp rx=0 tx=0).ready entity=mon.0 client_cookie=0 server_cookie=0 in_seq=0 out_seq=0
2024-03-23T15:34:24.375 INFO:teuthology.orchestra.run.smithi076.stdout:/usr/bin/ceph: stderr
2024-03-23T15:34:23.419+0000 7fdd437fe700 1 -- 172.21.15.76:0/1368057166 <== mon.0 v2:172.21.15.76:3300/0 1 ==== mon_map magic: 0 ==== 205+0+0 (secure 0 0 0) 0x7fdd440038b0 con 0x7fdd541081a0
2024-03-23T15:34:24.375 INFO:teuthology.orchestra.run.smithi076.stdout:/usr/bin/ceph: stderr
2024-03-23T15:34:23.419+0000 7fdd437fe700 1 -- 172.21.15.76:0/1368057166 <== mon.0 v2:172.21.15.76:3300/0 2 ==== config(27 keys) ==== 1140+0+0 (secure 0 0 0) 0x7fdd44003a10 con 0x7fdd541081a0
2024-03-23T15:34:24.375 INFO:teuthology.orchestra.run.smithi076.stdout:/usr/bin/ceph: stderr
2024-03-23T15:34:23.419+0000 7fdd58ca9700 1 -- 172.21.15.76:0/1368057166 --> [v2:172.21.15.76:3300/0,v1:172.21.15.76:6789/0] -- mon_subscribe({mgrmap=0+}) -- 0x7fdd5419c170 con 0x7fdd541081a0
2024-03-23T15:34:24.375 INFO:teuthology.orchestra.run.smithi076.stdout:/usr/bin/ceph: stderr
2024-03-23T15:34:23.419+0000 7fdd437fe700 1 -- 172.21.15.76:0/1368057166 <== mon.0 v2:172.21.15.76:3300/0 3 ==== mon_map magic: 0 ==== 205+0+0 (secure 0 0 0) 0x7fdd4401a5c0 con 0x7fdd541081a0
2024-03-23T15:34:24.375 INFO:teuthology.orchestra.run.smithi076.stdout:/usr/bin/ceph: stderr
2024-03-23T15:34:23.419+0000 7fdd58ca9700 1 -- 172.21.15.76:0/1368057166 --> [v2:172.21.15.76:3300/0,v1:172.21.15.76:6789/0] -- mon_subscribe({osdmap=0}) -- 0x7fdd5419c610 con 0x7fdd541081a0
2024-03-23T15:34:24.375 INFO:teuthology.orchestra.run.smithi076.stdout:/usr/bin/ceph: stderr
2024-03-23T15:34:23.420+0000 7fdd437fe700 1 -- 172.21.15.76:0/1368057166 <== mon.0 v2:172.21.15.76:3300/0 4 ==== mgrmap(e 13) ==== 45984+0+0 (secure 0 0 0) 0x7fdd4401a7a0 con 0x7fdd541081a0
2024-03-23T15:34:24.375 INFO:teuthology.orchestra.run.smithi076.stdout:/usr/bin/ceph: stderr
2024-03-23T15:34:23.420+0000 7fdd58ca9700 1 -- 172.21.15.76:0/1368057166 --> [v2:172.21.15.76:3300/0,v1:172.21.15.76:6789/0] -- mon_command({"prefix": "get_command_descriptions"} v 0) -- 0x7fdd541955f0 con 0x7fdd541081a0
2024-03-23T15:34:24.375 INFO:teuthology.orchestra.run.smithi076.stdout:/usr/bin/ceph: stderr
2024-03-23T15:34:23.420+0000 7fdd437fe700 1 --2- 172.21.15.76:0/1368057166 >> [v2:172.21.15.76:6800/2479514030,v1:172.21.15.76:6801/2479514030] conn(0x7fdd3c0390a0 0x7fdd3c03b560 unknown :-1 s=NONE pgs=0 cs=0 l=1 rev1=0 crypto rx=0 tx=0 comp rx=0 tx=0).connect
2024-03-23T15:34:24.375 INFO:teuthology.orchestra.run.smithi076.stdout:/usr/bin/ceph: stderr
2024-03-23T15:34:23.420+0000 7fdd437fe700 1 -- 172.21.15.76:0/1368057166 <== mon.0 v2:172.21.15.76:3300/0 5 ==== osd_map(3..3 src has 1..3) ==== 1155+0+0 (secure 0 0 0) 0x7fdd4404d380 con 0x7fdd541081a0
2024-03-23T15:34:24.375 INFO:teuthology.orchestra.run.smithi076.stdout:/usr/bin/ceph: stderr
