2024-03-23T15:33:44.092 INFO:teuthology.orchestra.run.smithi076.stdout:/usr/bin/ceph: stderr
2024-03-23T15:33:43.003+0000 7f6bfca69700 1 -- 172.21.15.76:0/3922443658 --> [v2:172.21.15.76:3300/0,v1:172.21.15.76:6789/0] -- mon_subscribe({osdmap=0}) -- 0x7f6bf819c5b0 con 0x7f6bf81087a0
2024-03-23T15:33:44.092 INFO:teuthology.orchestra.run.smithi076.stdout:/usr/bin/ceph: stderr
2024-03-23T15:33:43.004+0000 7f6be77fe700 1 -- 172.21.15.76:0/3922443658 <== mon.0 v2:172.21.15.76:3300/0 4 ==== mgrmap(e 4) ==== 45917+0+0 (secure 0 0 0) 0x7f6be80198e0 con 0x7f6bf81087a0
2024-03-23T15:33:44.092 INFO:teuthology.orchestra.run.smithi076.stdout:/usr/bin/ceph: stderr
2024-03-23T15:33:43.004+0000 7f6be77fe700 1 --2- 172.21.15.76:0/3922443658 >> [v2:172.21.15.76:6800/3268079315,v1:172.21.15.76:6801/3268079315] conn(0x7f6be0038f00 0x7f6be003b3c0 unknown :-1 s=NONE pgs=0 cs=0 l=1 rev1=0 crypto rx=0 tx=0 comp rx=0 tx=0).connect
2024-03-23T15:33:44.092 INFO:teuthology.orchestra.run.smithi076.stdout:/usr/bin/ceph: stderr
2024-03-23T15:33:43.004+0000 7f6bfca69700 1 -- 172.21.15.76:0/3922443658 --> [v2:172.21.15.76:3300/0,v1:172.21.15.76:6789/0] -- mon_command({"prefix": "get_command_descriptions"} v 0) -- 0x7f6bf810bed0 con 0x7f6bf81087a0
2024-03-23T15:33:44.092 INFO:teuthology.orchestra.run.smithi076.stdout:/usr/bin/ceph: stderr
2024-03-23T15:33:43.004+0000 7f6be77fe700 1 -- 172.21.15.76:0/3922443658 <== mon.0 v2:172.21.15.76:3300/0 5 ==== osd_map(1..1 src has 1..1) ==== 725+0+0 (secure 0 0 0) 0x7f6be804d030 con 0x7f6bf81087a0
2024-03-23T15:33:44.093 INFO:teuthology.orchestra.run.smithi076.stdout:/usr/bin/ceph: stderr
2024-03-23T15:33:43.004+0000 7f6bf5d9b700 1 --2- 172.21.15.76:0/3922443658 >> [v2:172.21.15.76:6800/3268079315,v1:172.21.15.76:6801/3268079315] conn(0x7f6be0038f00 0x7f6be003b3c0 unknown :-1 s=BANNER_CONNECTING pgs=0 cs=0 l=1 rev1=0 crypto rx=0 tx=0 comp rx=0 tx=0)._handle_peer_banner_payload supported=3 required=0
2024-03-23T15:33:44.093 INFO:teuthology.orchestra.run.smithi076.stdout:/usr/bin/ceph: stderr
2024-03-23T15:33:43.005+0000 7f6bf5d9b700 1 --2- 172.21.15.76:0/3922443658 >> [v2:172.21.15.76:6800/3268079315,v1:172.21.15.76:6801/3268079315] conn(0x7f6be0038f00 0x7f6be003b3c0 secure :-1 s=READY pgs=8 cs=0 l=1 rev1=1 crypto rx=0x7f6bec006fd0 tx=0x7f6bec006e40 comp rx=0 tx=0).ready entity=mgr.14100 client_cookie=0 server_cookie=0 in_seq=0 out_seq=0
2024-03-23T15:33:44.093 INFO:teuthology.orchestra.run.smithi076.stdout:/usr/bin/ceph: stderr
2024-03-23T15:33:43.009+0000 7f6be77fe700 1 -- 172.21.15.76:0/3922443658 <== mon.0 v2:172.21.15.76:3300/0 6 ==== mon_command_ack([{"prefix": "get_command_descriptions"}]=0 v0) ==== 72+0+184932 (secure 0 0 0) 0x7f6be8081280 con 0x7f6bf81087a0
2024-03-23T15:33:44.093 INFO:teuthology.orchestra.run.smithi076.stdout:/usr/bin/ceph: stderr
2024-03-23T15:33:43.255+0000 7f6bfca69700 1 -- 172.21.15.76:0/3922443658 --> [v2:172.21.15.76:3300/0,v1:172.21.15.76:6789/0] -- mon_command({"prefix": "mgr module enable", "module": "cephadm"} v 0) -- 0x7f6bf819f2c0 con 0x7f6bf81087a0
2024-03-23T15:33:44.093 INFO:teuthology.orchestra.run.smithi076.stdout:/usr/bin/ceph: stderr
2024-03-23T15:33:43.493+0000 7f6be77fe700 1 -- 172.21.15.76:0/3922443658 <== mon.0 v2:172.21.15.76:3300/0 7 ==== mon_command_ack([{"prefix": "mgr module enable", "module": "cephadm"}]=0 v5) ==== 86+0+0 (secure 0 0 0) 0x7f6be8019b90 con 0x7f6bf81087a0
2024-03-23T15:33:44.093 INFO:teuthology.orchestra.run.smithi076.stdout:/usr/bin/ceph: stderr
2024-03-23T15:33:43.495+0000 7f6be77fe700 1 -- 172.21.15.76:0/3922443658 <== mon.0 v2:172.21.15.76:3300/0 8 ==== mgrmap(e 5) ==== 45928+0+0 (secure 0 0 0) 0x7f6be802d960 con 0x7f6bf81087a0
2024-03-23T15:33:44.093 INFO:teuthology.orchestra.run.smithi076.stdout:/usr/bin/ceph: stderr
2024-03-23T15:33:43.496+0000 7f6bfca69700 1 -- 172.21.15.76:0/3922443658 >> [v2:172.21.15.76:6800/3268079315,v1:172.21.15.76:6801/3268079315] conn(0x7f6be0038f00 msgr2=0x7f6be003b3c0 secure :-1 s=STATE_CONNECTION_ESTABLISHED l=1).mark_down
2024-03-23T15:33:44.093 INFO:teuthology.orchestra.run.smithi076.stdout:/usr/bin/ceph: stderr
2024-03-23T15:33:43.496+0000 7f6bfca69700 1 --2- 172.21.15.76:0/3922443658 >> [v2:172.21.15.76:6800/3268079315,v1:172.21.15.76:6801/3268079315] conn(0x7f6be0038f00 0x7f6be003b3c0 secure :-1 s=READY pgs=8 cs=0 l=1 rev1=1 crypto rx=0x7f6bec006fd0 tx=0x7f6bec006e40 comp rx=0 tx=0).stop
2024-03-23T15:33:44.093 INFO:teuthology.orchestra.run.smithi076.stdout:/usr/bin/ceph: stderr
2024-03-23T15:33:43.496+0000 7f6bfca69700 1 -- 172.21.15.76:0/3922443658 >> [v2:172.21.15.76:3300/0,v1:172.21.15.76:6789/0] conn(0x7f6bf81087a0 msgr2=0x7f6bf819b9d0 secure :-1 s=STATE_CONNECTION_ESTABLISHED l=1).mark_down
2024-03-23T15:33:44.093 INFO:teuthology.orchestra.run.smithi076.stdout:/usr/bin/ceph: stderr
2024-03-23T15:33:43.496+0000 7f6bfca69700 1 --2- 172.21.15.76:0/3922443658 >> [v2:172.21.15.76:3300/0,v1:172.21.15.76:6789/0] conn(0x7f6bf81087a0 0x7f6bf819b9d0 secure :-1 s=READY pgs=21 cs=0 l=1 rev1=1 crypto rx=0x7f6be8009fb0 tx=0x7f6be8011b20 comp rx=0 tx=0).stop
2024-03-23T15:33:44.093 INFO:teuthology.orchestra.run.smithi076.stdout:/usr/bin/ceph: stderr
2024-03-23T15:33:43.496+0000 7f6bfca69700 1 -- 172.21.15.76:0/3922443658 shutdown_connections
2024-03-23T15:33:44.093 INFO:teuthology.orchestra.run.smithi076.stdout:/usr/bin/ceph: stderr
2024-03-23T15:33:43.496+0000 7f6bfca69700 1 --2- 172.21.15.76:0/3922443658 >> [v2:172.21.15.76:6800/3268079315,v1:172.21.15.76:6801/3268079315] conn(0x7f6be0038f00 0x7f6be003b3c0 unknown :-1 s=CLOSED pgs=8 cs=0 l=1 rev1=1 crypto rx=0 tx=0 comp rx=0 tx=0).stop
2024-03-23T15:33:44.093 INFO:teuthology.orchestra.run.smithi076.stdout:/usr/bin/ceph: stderr
2024-03-23T15:33:43.496+0000 7f6bfca69700 1 --2- 172.21.15.76:0/3922443658 >> [v2:172.21.15.76:3300/0,v1:172.21.15.76:6789/0] conn(0x7f6bf81087a0 0x7f6bf819b9d0 unknown :-1 s=CLOSED pgs=21 cs=0 l=1 rev1=1 crypto rx=0 tx=0 comp rx=0 tx=0).stop
2024-03-23T15:33:44.094 INFO:teuthology.orchestra.run.smithi076.stdout:/usr/bin/ceph: stderr
2024-03-23T15:33:43.496+0000 7f6bfca69700 1 -- 172.21.15.76:0/3922443658 >> 172.21.15.76:0/3922443658 conn(0x7f6bf8102170 msgr2=0x7f6bf8102bc0 unknown :-1 s=STATE_NONE l=0).mark_down
2024-03-23T15:33:44.094 INFO:teuthology.orchestra.run.smithi076.stdout:/usr/bin/ceph: stderr
2024-03-23T15:33:43.497+0000 7f6bfca69700 1 -- 172.21.15.76:0/3922443658 shutdown_connections
2024-03-23T15:33:44.094 INFO:teuthology.orchestra.run.smithi076.stdout:/usr/bin/ceph: stderr
2024-03-23T15:33:43.497+0000 7f6bfca69700 1 -- 172.21.15.76:0/3922443658 wait complete.
2024-03-23T15:33:44.427 INFO:journalctl@ceph.mgr.x.smithi076.stdout:Mar 23 15:33:44 smithi076 ceph-89c3e582-e92a-11ee-95cd-87774f69a715-mgr-x[32411]:
2024-03-23T15:33:44.152+0000 7f4e24baf200 -1 mgr[py] Module snap_schedule has missing NOTIFY_TYPES member
2024-03-23T15:33:44.734 INFO:journalctl@ceph.mon.a.smithi076.stdout:Mar 23 15:33:44 smithi076 ceph-mon[32176]: from='client.? 172.21.15.76:0/3922443658' entity='client.admin' cmd='[{"prefix": "mgr module enable", "module": "cephadm"}]': finished
2024-03-23T15:33:44.734 INFO:journalctl@ceph.mon.a.smithi076.stdout:Mar 23 15:33:44 smithi076 ceph-mon[32176]: mgrmap e5: x(active, since 4s)
2024-03-23T15:33:45.046 INFO:journalctl@ceph.mgr.x.smithi076.stdout:Mar 23 15:33:44 smithi076 ceph-89c3e582-e92a-11ee-95cd-87774f69a715-mgr-x[32411]:
2024-03-23T15:33:44.802+0000 7f4e24baf200 -1 mgr[py] Module zabbix has missing NOTIFY_TYPES member
2024-03-23T15:33:45.046 INFO:journalctl@ceph.mgr.x.smithi076.stdout:Mar 23 15:33:44 smithi076 ceph-89c3e582-e92a-11ee-95cd-87774f69a715-mgr-x[32411]:
2024-03-23T15:33:44.900+0000 7f4e24baf200 -1 mgr[py] Module balancer has missing NOTIFY_TYPES member
2024-03-23T15:33:45.046 INFO:journalctl@ceph.mgr.x.smithi076.stdout:Mar 23 15:33:45 smithi076 ceph-89c3e582-e92a-11ee-95cd-87774f69a715-mgr-x[32411]:
2024-03-23T15:33:45.043+0000 7f4e24baf200 -1 mgr[py] Module influx has missing NOTIFY_TYPES member
2024-03-23T15:33:45.325 INFO:journalctl@ceph.mgr.x.smithi076.stdout:Mar 23 15:33:45 smithi076 ceph-89c3e582-e92a-11ee-95cd-87774f69a715-mgr-x[32411]:
2024-03-23T15:33:45.139+0000 7f4e24baf200 -1 mgr[py] Module alerts has missing NOTIFY_TYPES member
2024-03-23T15:33:45.326 INFO:journalctl@ceph.mgr.x.smithi076.stdout:Mar 23 15:33:45 smithi076 ceph-89c3e582-e92a-11ee-95cd-87774f69a715-mgr-x[32411]:
2024-03-23T15:33:45.224+0000 7f4e24baf200 -1 mgr[py] Module iostat has missing NOTIFY_TYPES member
2024-03-23T15:33:45.501 INFO:teuthology.orchestra.run.smithi076.stdout:/usr/bin/ceph: stdout {
2024-03-23T15:33:45.501 INFO:teuthology.orchestra.run.smithi076.stdout:/usr/bin/ceph: stdout "epoch": 5,
2024-03-23T15:33:45.501 INFO:teuthology.orchestra.run.smithi076.stdout:/usr/bin/ceph: stdout "available": true,
2024-03-23T15:33:45.501 INFO:teuthology.orchestra.run.smithi076.stdout:/usr/bin/ceph: stdout "active_name": "x",
2024-03-23T15:33:45.502 INFO:teuthology.orchestra.run.smithi076.stdout:/usr/bin/ceph: stdout "num_standby": 0
2024-03-23T15:33:45.502 INFO:teuthology.orchestra.run.smithi076.stdout:/usr/bin/ceph: stdout }
2024-03-23T15:33:45.502 INFO:teuthology.orchestra.run.smithi076.stdout:/usr/bin/ceph: stderr
2024-03-23T15:33:44.525+0000 7f3b0ba2d700 1 Processor -- start
2024-03-23T15:33:45.502 INFO:teuthology.orchestra.run.smithi076.stdout:/usr/bin/ceph: stderr
2024-03-23T15:33:44.525+0000 7f3b0ba2d700 1 -- start start
2024-03-23T15:33:45.502 INFO:teuthology.orchestra.run.smithi076.stdout:/usr/bin/ceph: stderr
2024-03-23T15:33:44.525+0000 7f3b0ba2d700 1 --2- >> [v2:172.21.15.76:3300/0,v1:172.21.15.76:6789/0] conn(0x7f3b04107c80 0x7f3b041080a0 unknown :-1 s=NONE pgs=0 cs=0 l=0 rev1=0 crypto rx=0 tx=0 comp rx=0 tx=0).connect
2024-03-23T15:33:45.502 INFO:teuthology.orchestra.run.smithi076.stdout:/usr/bin/ceph: stderr
2024-03-23T15:33:44.525+0000 7f3b0ba2d700 1 -- --> [v2:172.21.15.76:3300/0,v1:172.21.15.76:6789/0] -- mon_getmap magic: 0 -- 0x7f3b04108670 con 0x7f3b04107c80
2024-03-23T15:33:45.502 INFO:teuthology.orchestra.run.smithi076.stdout:/usr/bin/ceph: stderr
2024-03-23T15:33:44.525+0000 7f3b097c9700 1 --2- >> [v2:172.21.15.76:3300/0,v1:172.21.15.76:6789/0] conn(0x7f3b04107c80 0x7f3b041080a0 unknown :-1 s=BANNER_CONNECTING pgs=0 cs=0 l=0 rev1=0 crypto rx=0 tx=0 comp rx=0 tx=0)._handle_peer_banner_payload supported=3 required=0
2024-03-23T15:33:45.502 INFO:teuthology.orchestra.run.smithi076.stdout:/usr/bin/ceph: stderr
2024-03-23T15:33:44.525+0000 7f3b097c9700 1 --2- >> [v2:172.21.15.76:3300/0,v1:172.21.15.76:6789/0] conn(0x7f3b04107c80 0x7f3b041080a0 unknown :-1 s=HELLO_CONNECTING pgs=0 cs=0 l=0 rev1=1 crypto rx=0 tx=0 comp rx=0 tx=0).handle_hello peer v2:172.21.15.76:3300/0 says I am v2:172.21.15.76:55874/0 (socket says 172.21.15.76:55874)
2024-03-23T15:33:45.502 INFO:teuthology.orchestra.run.smithi076.stdout:/usr/bin/ceph: stderr
2024-03-23T15:33:44.525+0000 7f3b097c9700 1 -- 172.21.15.76:0/3316320714 learned_addr learned my addr 172.21.15.76:0/3316320714 (peer_addr_for_me v2:172.21.15.76:0/0)
2024-03-23T15:33:45.502 INFO:teuthology.orchestra.run.smithi076.stdout:/usr/bin/ceph: stderr
2024-03-23T15:33:44.526+0000 7f3b097c9700 1 -- 172.21.15.76:0/3316320714 --> [v2:172.21.15.76:3300/0,v1:172.21.15.76:6789/0] -- mon_subscribe({config=0+,monmap=0+}) -- 0x7f3b04108e80 con 0x7f3b04107c80
2024-03-23T15:33:45.502 INFO:teuthology.orchestra.run.smithi076.stdout:/usr/bin/ceph: stderr
2024-03-23T15:33:44.526+0000 7f3b097c9700 1 --2- 172.21.15.76:0/3316320714 >> [v2:172.21.15.76:3300/0,v1:172.21.15.76:6789/0] conn(0x7f3b04107c80 0x7f3b041080a0 secure :-1 s=READY pgs=24 cs=0 l=1 rev1=1 crypto rx=0x7f3b000098a0 tx=0x7f3b00009bb0 comp rx=0 tx=0).ready entity=mon.0 client_cookie=ebf64ba83dec9abc server_cookie=0 in_seq=0 out_seq=0
2024-03-23T15:33:45.503 INFO:teuthology.orchestra.run.smithi076.stdout:/usr/bin/ceph: stderr
2024-03-23T15:33:44.526+0000 7f3afbfff700 1 -- 172.21.15.76:0/3316320714 <== mon.0 v2:172.21.15.76:3300/0 1 ==== mon_map magic: 0 ==== 205+0+0 (secure 0 0 0) 0x7f3b00004160 con 0x7f3b04107c80
2024-03-23T15:33:45.503 INFO:teuthology.orchestra.run.smithi076.stdout:/usr/bin/ceph: stderr
2024-03-23T15:33:44.526+0000 7f3afbfff700 1 -- 172.21.15.76:0/3316320714 <== mon.0 v2:172.21.15.76:3300/0 2 ==== config(27 keys) ==== 1109+0+0 (secure 0 0 0) 0x7f3b000042c0 con 0x7f3b04107c80
2024-03-23T15:33:45.503 INFO:teuthology.orchestra.run.smithi076.stdout:/usr/bin/ceph: stderr
2024-03-23T15:33:44.526+0000 7f3afbfff700 1 -- 172.21.15.76:0/3316320714 <== mon.0 v2:172.21.15.76:3300/0 3 ==== mon_map magic: 0 ==== 205+0+0 (secure 0 0 0) 0x7f3b00011ac0 con 0x7f3b04107c80
2024-03-23T15:33:45.503 INFO:teuthology.orchestra.run.smithi076.stdout:/usr/bin/ceph: stderr
2024-03-23T15:33:44.526+0000 7f3b0ba2d700 1 -- 172.21.15.76:0/3316320714 >> [v2:172.21.15.76:3300/0,v1:172.21.15.76:6789/0] conn(0x7f3b04107c80 msgr2=0x7f3b041080a0 secure :-1 s=STATE_CONNECTION_ESTABLISHED l=1).mark_down
2024-03-23T15:33:45.503 INFO:teuthology.orchestra.run.smithi076.stdout:/usr/bin/ceph: stderr
2024-03-23T15:33:44.526+0000 7f3b0ba2d700 1 --2- 172.21.15.76:0/3316320714 >> [v2:172.21.15.76:3300/0,v1:172.21.15.76:6789/0] conn(0x7f3b04107c80 0x7f3b041080a0 secure :-1 s=READY pgs=24 cs=0 l=1 rev1=1 crypto rx=0x7f3b000098a0 tx=0x7f3b00009bb0 comp rx=0 tx=0).stop
2024-03-23T15:33:45.503 INFO:teuthology.orchestra.run.smithi076.stdout:/usr/bin/ceph: stderr
2024-03-23T15:33:44.527+0000 7f3b0ba2d700 1 -- 172.21.15.76:0/3316320714 shutdown_connections
2024-03-23T15:33:45.503 INFO:teuthology.orchestra.run.smithi076.stdout:/usr/bin/ceph: stderr
2024-03-23T15:33:44.527+0000 7f3b0ba2d700 1 --2- 172.21.15.76:0/3316320714 >> [v2:172.21.15.76:3300/0,v1:172.21.15.76:6789/0] conn(0x7f3b04107c80 0x7f3b041080a0 unknown :-1 s=CLOSED pgs=24 cs=0 l=1 rev1=1 crypto rx=0 tx=0 comp rx=0 tx=0).stop
2024-03-23T15:33:45.503 INFO:teuthology.orchestra.run.smithi076.stdout:/usr/bin/ceph: stderr
2024-03-23T15:33:44.527+0000 7f3b0ba2d700 1 -- 172.21.15.76:0/3316320714 >> 172.21.15.76:0/3316320714 conn(0x7f3b04103220 msgr2=0x7f3b04105660 unknown :-1 s=STATE_NONE l=0).mark_down
2024-03-23T15:33:45.503 INFO:teuthology.orchestra.run.smithi076.stdout:/usr/bin/ceph: stderr
2024-03-23T15:33:44.527+0000 7f3b0ba2d700 1 -- 172.21.15.76:0/3316320714 shutdown_connections
2024-03-23T15:33:45.503 INFO:teuthology.orchestra.run.smithi076.stdout:/usr/bin/ceph: stderr
2024-03-23T15:33:44.527+0000 7f3b0ba2d700 1 -- 172.21.15.76:0/3316320714 wait complete.
2024-03-23T15:33:45.503 INFO:teuthology.orchestra.run.smithi076.stdout:/usr/bin/ceph: stderr
2024-03-23T15:33:44.527+0000 7f3b0ba2d700 1 Processor -- start
2024-03-23T15:33:45.503 INFO:teuthology.orchestra.run.smithi076.stdout:/usr/bin/ceph: stderr
2024-03-23T15:33:44.527+0000 7f3b0ba2d700 1 -- start start
2024-03-23T15:33:45.504 INFO:teuthology.orchestra.run.smithi076.stdout:/usr/bin/ceph: stderr
2024-03-23T15:33:44.528+0000 7f3b0ba2d700 1 --2- >> [v2:172.21.15.76:3300/0,v1:172.21.15.76:6789/0] conn(0x7f3b04107c80 0x7f3b0419b970 unknown :-1 s=NONE pgs=0 cs=0 l=1 rev1=0 crypto rx=0 tx=0 comp rx=0 tx=0).connect
2024-03-23T15:33:45.504 INFO:teuthology.orchestra.run.smithi076.stdout:/usr/bin/ceph: stderr
2024-03-23T15:33:44.528+0000 7f3b0ba2d700 1 -- --> [v2:172.21.15.76:3300/0,v1:172.21.15.76:6789/0] -- mon_getmap magic: 0 -- 0x7f3b0419beb0 con 0x7f3b04107c80
2024-03-23T15:33:45.504 INFO:teuthology.orchestra.run.smithi076.stdout:/usr/bin/ceph: stderr
2024-03-23T15:33:44.528+0000 7f3b097c9700 1 --2- >> [v2:172.21.15.76:3300/0,v1:172.21.15.76:6789/0] conn(0x7f3b04107c80 0x7f3b0419b970 unknown :-1 s=BANNER_CONNECTING pgs=0 cs=0 l=1 rev1=0 crypto rx=0 tx=0 comp rx=0 tx=0)._handle_peer_banner_payload supported=3 required=0
2024-03-23T15:33:45.504 INFO:teuthology.orchestra.run.smithi076.stdout:/usr/bin/ceph: stderr
2024-03-23T15:33:44.528+0000 7f3b097c9700 1 --2- >> [v2:172.21.15.76:3300/0,v1:172.21.15.76:6789/0] conn(0x7f3b04107c80 0x7f3b0419b970 unknown :-1 s=HELLO_CONNECTING pgs=0 cs=0 l=1 rev1=1 crypto rx=0 tx=0 comp rx=0 tx=0).handle_hello peer v2:172.21.15.76:3300/0 says I am v2:172.21.15.76:55888/0 (socket says 172.21.15.76:55888)
2024-03-23T15:33:45.504 INFO:teuthology.orchestra.run.smithi076.stdout:/usr/bin/ceph: stderr
2024-03-23T15:33:44.528+0000 7f3b097c9700 1 -- 172.21.15.76:0/1249000865 learned_addr learned my addr 172.21.15.76:0/1249000865 (peer_addr_for_me v2:172.21.15.76:0/0)
2024-03-23T15:33:45.504 INFO:teuthology.orchestra.run.smithi076.stdout:/usr/bin/ceph: stderr
2024-03-23T15:33:44.528+0000 7f3b097c9700 1 -- 172.21.15.76:0/1249000865 --> [v2:172.21.15.76:3300/0,v1:172.21.15.76:6789/0] -- mon_subscribe({config=0+,monmap=0+}) -- 0x7f3b00009550 con 0x7f3b04107c80
2024-03-23T15:33:45.504 INFO:teuthology.orchestra.run.smithi076.stdout:/usr/bin/ceph: stderr
2024-03-23T15:33:44.528+0000 7f3b097c9700 1 --2- 172.21.15.76:0/1249000865 >> [v2:172.21.15.76:3300/0,v1:172.21.15.76:6789/0] conn(0x7f3b04107c80 0x7f3b0419b970 secure :-1 s=READY pgs=25 cs=0 l=1 rev1=1 crypto rx=0x7f3b00000c00 tx=0x7f3b00011b40 comp rx=0 tx=0).ready entity=mon.0 client_cookie=0 server_cookie=0 in_seq=0 out_seq=0
2024-03-23T15:33:45.504 INFO:teuthology.orchestra.run.smithi076.stdout:/usr/bin/ceph: stderr
2024-03-23T15:33:44.528+0000 7f3afa7fc700 1 -- 172.21.15.76:0/1249000865 <== mon.0 v2:172.21.15.76:3300/0 1 ==== mon_map magic: 0 ==== 205+0+0 (secure 0 0 0) 0x7f3b00003aa0 con 0x7f3b04107c80
2024-03-23T15:33:45.505 INFO:teuthology.orchestra.run.smithi076.stdout:/usr/bin/ceph: stderr
2024-03-23T15:33:44.528+0000 7f3b0ba2d700 1 -- 172.21.15.76:0/1249000865 --> [v2:172.21.15.76:3300/0,v1:172.21.15.76:6789/0] -- mon_subscribe({mgrmap=0+}) -- 0x7f3b0419c0b0 con 0x7f3b04107c80
2024-03-23T15:33:45.505 INFO:teuthology.orchestra.run.smithi076.stdout:/usr/bin/ceph: stderr
2024-03-23T15:33:44.528+0000 7f3afa7fc700 1 -- 172.21.15.76:0/1249000865 <== mon.0 v2:172.21.15.76:3300/0 2 ==== config(27 keys) ==== 1109+0+0 (secure 0 0 0) 0x7f3b00003c00 con 0x7f3b04107c80
2024-03-23T15:33:45.505 INFO:teuthology.orchestra.run.smithi076.stdout:/usr/bin/ceph: stderr
2024-03-23T15:33:44.528+0000 7f3afa7fc700 1 -- 172.21.15.76:0/1249000865 <== mon.0 v2:172.21.15.76:3300/0 3 ==== mon_map magic: 0 ==== 205+0+0 (secure 0 0 0) 0x7f3b000248a0 con 0x7f3b04107c80
2024-03-23T15:33:45.505 INFO:teuthology.orchestra.run.smithi076.stdout:/usr/bin/ceph: stderr
2024-03-23T15:33:44.528+0000 7f3b0ba2d700 1 -- 172.21.15.76:0/1249000865 --> [v2:172.21.15.76:3300/0,v1:172.21.15.76:6789/0] -- mon_subscribe({osdmap=0}) -- 0x7f3b0419c550 con 0x7f3b04107c80
2024-03-23T15:33:45.505 INFO:teuthology.orchestra.run.smithi076.stdout:/usr/bin/ceph: stderr
2024-03-23T15:33:44.529+0000 7f3afa7fc700 1 -- 172.21.15.76:0/1249000865 <== mon.0 v2:172.21.15.76:3300/0 4 ==== mgrmap(e 5) ==== 45928+0+0 (secure 0 0 0) 0x7f3b0002d3f0 con 0x7f3b04107c80
2024-03-23T15:33:45.505 INFO:teuthology.orchestra.run.smithi076.stdout:/usr/bin/ceph: stderr
2024-03-23T15:33:44.529+0000 7f3b0ba2d700 1 -- 172.21.15.76:0/1249000865 --> [v2:172.21.15.76:3300/0,v1:172.21.15.76:6789/0] -- mon_command({"prefix": "get_command_descriptions"} v 0) -- 0x7f3b0410c0b0 con 0x7f3b04107c80
2024-03-23T15:33:45.505 INFO:teuthology.orchestra.run.smithi076.stdout:/usr/bin/ceph: stderr
2024-03-23T15:33:44.529+0000 7f3afa7fc700 1 --2- 172.21.15.76:0/1249000865 >> [v2:172.21.15.76:6800/3268079315,v1:172.21.15.76:6801/3268079315] conn(0x7f3af0038ff0 0x7f3af003b4b0 unknown :-1 s=NONE pgs=0 cs=0 l=1 rev1=0 crypto rx=0 tx=0 comp rx=0 tx=0).connect
2024-03-23T15:33:45.505 INFO:teuthology.orchestra.run.smithi076.stdout:/usr/bin/ceph: stderr
2024-03-23T15:33:44.529+0000 7f3afa7fc700 1 -- 172.21.15.76:0/1249000865 <== mon.0 v2:172.21.15.76:3300/0 5 ==== osd_map(1..1 src has 1..1) ==== 725+0+0 (secure 0 0 0) 0x7f3b0004cd10 con 0x7f3b04107c80
2024-03-23T15:33:45.505 INFO:teuthology.orchestra.run.smithi076.stdout:/usr/bin/ceph: stderr
2024-03-23T15:33:44.529+0000 7f3b08fc8700 1 -- 172.21.15.76:0/1249000865 >> [v2:172.21.15.76:6800/3268079315,v1:172.21.15.76:6801/3268079315] conn(0x7f3af0038ff0 msgr2=0x7f3af003b4b0 unknown :-1 s=STATE_CONNECTING_RE l=1).process reconnect failed to v2:172.21.15.76:6800/3268079315
2024-03-23T15:33:45.505 INFO:teuthology.orchestra.run.smithi076.stdout:/usr/bin/ceph: stderr
2024-03-23T15:33:44.530+0000 7f3b08fc8700 1 --2- 172.21.15.76:0/1249000865 >> [v2:172.21.15.76:6800/3268079315,v1:172.21.15.76:6801/3268079315] conn(0x7f3af0038ff0 0x7f3af003b4b0 unknown :-1 s=START_CONNECT pgs=0 cs=0 l=1 rev1=0 crypto rx=0 tx=0 comp rx=0 tx=0)._fault waiting 0.200000
2024-03-23T15:33:45.506 INFO:teuthology.orchestra.run.smithi076.stdout:/usr/bin/ceph: stderr
2024-03-23T15:33:44.534+0000 7f3afa7fc700 1 -- 172.21.15.76:0/1249000865 <== mon.0 v2:172.21.15.76:3300/0 6 ==== mon_command_ack([{"prefix": "get_command_descriptions"}]=0 v0) ==== 72+0+184932 (secure 0 0 0) 0x7f3b00010740 con 0x7f3b04107c80
2024-03-23T15:33:45.506 INFO:teuthology.orchestra.run.smithi076.stdout:/usr/bin/ceph: stderr
2024-03-23T15:33:44.731+0000 7f3b08fc8700 1 -- 172.21.15.76:0/1249000865 >> [v2:172.21.15.76:6800/3268079315,v1:172.21.15.76:6801/3268079315] conn(0x7f3af0038ff0 msgr2=0x7f3af003b4b0 unknown :-1 s=STATE_CONNECTING_RE l=1).process reconnect failed to v2:172.21.15.76:6800/3268079315
2024-03-23T15:33:45.506 INFO:teuthology.orchestra.run.smithi076.stdout:/usr/bin/ceph: stderr
2024-03-23T15:33:44.731+0000 7f3b08fc8700 1 --2- 172.21.15.76:0/1249000865 >> [v2:172.21.15.76:6800/3268079315,v1:172.21.15.76:6801/3268079315] conn(0x7f3af0038ff0 0x7f3af003b4b0 unknown :-1 s=START_CONNECT pgs=0 cs=0 l=1 rev1=0 crypto rx=0 tx=0 comp rx=0 tx=0)._fault waiting 0.400000
2024-03-23T15:33:45.506 INFO:teuthology.orchestra.run.smithi076.stdout:/usr/bin/ceph: stderr
2024-03-23T15:33:44.783+0000 7f3b0ba2d700 1 -- 172.21.15.76:0/1249000865 --> [v2:172.21.15.76:3300/0,v1:172.21.15.76:6789/0] -- mon_command({"prefix": "mgr stat"} v 0) -- 0x7f3b0419f320 con 0x7f3b04107c80
2024-03-23T15:33:45.506 INFO:teuthology.orchestra.run.smithi076.stdout:/usr/bin/ceph: stderr
2024-03-23T15:33:44.784+0000 7f3afa7fc700 1 -- 172.21.15.76:0/1249000865 <== mon.0 v2:172.21.15.76:3300/0 7 ==== mon_command_ack([{"prefix": "mgr stat"}]=0 v5) ==== 56+0+88 (secure 0 0 0) 0x7f3b0000b3e0 con 0x7f3b04107c80
2024-03-23T15:33:45.506 INFO:teuthology.orchestra.run.smithi076.stdout:/usr/bin/ceph: stderr
2024-03-23T15:33:44.786+0000 7f3b0ba2d700 1 -- 172.21.15.76:0/1249000865 >> [v2:172.21.15.76:6800/3268079315,v1:172.21.15.76:6801/3268079315] conn(0x7f3af0038ff0 msgr2=0x7f3af003b4b0 unknown :-1 s=STATE_CONNECTING l=1).mark_down
2024-03-23T15:33:45.506 INFO:teuthology.orchestra.run.smithi076.stdout:/usr/bin/ceph: stderr
2024-03-23T15:33:44.786+0000 7f3b0ba2d700 1 --2- 172.21.15.76:0/1249000865 >> [v2:172.21.15.76:6800/3268079315,v1:172.21.15.76:6801/3268079315] conn(0x7f3af0038ff0 0x7f3af003b4b0 unknown :-1 s=START_CONNECT pgs=0 cs=0 l=1 rev1=0 crypto rx=0 tx=0 comp rx=0 tx=0).stop
2024-03-23T15:33:45.506 INFO:teuthology.orchestra.run.smithi076.stdout:/usr/bin/ceph: stderr
2024-03-23T15:33:44.786+0000 7f3b0ba2d700 1 -- 172.21.15.76:0/1249000865 >> [v2:172.21.15.76:3300/0,v1:172.21.15.76:6789/0] conn(0x7f3b04107c80 msgr2=0x7f3b0419b970 secure :-1 s=STATE_CONNECTION_ESTABLISHED l=1).mark_down
2024-03-23T15:33:45.506 INFO:teuthology.orchestra.run.smithi076.stdout:/usr/bin/ceph: stderr
2024-03-23T15:33:44.786+0000 7f3b0ba2d700 1 --2- 172.21.15.76:0/1249000865 >> [v2:172.21.15.76:3300/0,v1:172.21.15.76:6789/0] conn(0x7f3b04107c80 0x7f3b0419b970 secure :-1 s=READY pgs=25 cs=0 l=1 rev1=1 crypto rx=0x7f3b00000c00 tx=0x7f3b00011b40 comp rx=0 tx=0).stop
2024-03-23T15:33:45.506 INFO:teuthology.orchestra.run.smithi076.stdout:/usr/bin/ceph: stderr
2024-03-23T15:33:44.786+0000 7f3b0ba2d700 1 -- 172.21.15.76:0/1249000865 shutdown_connections
2024-03-23T15:33:45.507 INFO:teuthology.orchestra.run.smithi076.stdout:/usr/bin/ceph: stderr
2024-03-23T15:33:44.786+0000 7f3b0ba2d700 1 --2- 172.21.15.76:0/1249000865 >> [v2:172.21.15.76:6800/3268079315,v1:172.21.15.76:6801/3268079315] conn(0x7f3af0038ff0 0x7f3af003b4b0 unknown :-1 s=CLOSED pgs=0 cs=0 l=1 rev1=0 crypto rx=0 tx=0 comp rx=0 tx=0).stop
2024-03-23T15:33:45.507 INFO:teuthology.orchestra.run.smithi076.stdout:/usr/bin/ceph: stderr
2024-03-23T15:33:44.786+0000 7f3b0ba2d700 1 --2- 172.21.15.76:0/1249000865 >> [v2:172.21.15.76:3300/0,v1:172.21.15.76:6789/0] conn(0x7f3b04107c80 0x7f3b0419b970 unknown :-1 s=CLOSED pgs=25 cs=0 l=1 rev1=1 crypto rx=0 tx=0 comp rx=0 tx=0).stop
2024-03-23T15:33:45.507 INFO:teuthology.orchestra.run.smithi076.stdout:/usr/bin/ceph: stderr
2024-03-23T15:33:44.786+0000 7f3b0ba2d700 1 -- 172.21.15.76:0/1249000865 >> 172.21.15.76:0/1249000865 conn(0x7f3b04103220 msgr2=0x7f3b04103c20 unknown :-1 s=STATE_NONE l=0).mark_down
2024-03-23T15:33:45.507 INFO:teuthology.orchestra.run.smithi076.stdout:/usr/bin/ceph: stderr
2024-03-23T15:33:44.786+0000 7f3b0ba2d700 1 -- 172.21.15.76:0/1249000865 shutdown_connections
2024-03-23T15:33:45.507 INFO:teuthology.orchestra.run.smithi076.stdout:/usr/bin/ceph: stderr
2024-03-23T15:33:44.786+0000 7f3b0ba2d700 1 -- 172.21.15.76:0/1249000865 wait complete.
2024-03-23T15:33:45.507 INFO:teuthology.orchestra.run.smithi076.stdout:Waiting for the mgr to restart...
2024-03-23T15:33:45.507 INFO:teuthology.orchestra.run.smithi076.stdout:Waiting for mgr epoch 5...
2024-03-23T15:33:45.740 INFO:journalctl@ceph.mon.a.smithi076.stdout:Mar 23 15:33:45 smithi076 ceph-mon[32176]: from='client.? 172.21.15.76:0/1249000865' entity='client.admin' cmd=[{"prefix": "mgr stat"}]: dispatch
2024-03-23T15:33:45.741 INFO:journalctl@ceph.mgr.x.smithi076.stdout:Mar 23 15:33:45 smithi076 ceph-89c3e582-e92a-11ee-95cd-87774f69a715-mgr-x[32411]:
2024-03-23T15:33:45.490+0000 7f4e24baf200 -1 mgr[py] Module rgw has missing NOTIFY_TYPES member
2024-03-23T15:33:45.741 INFO:journalctl@ceph.mgr.x.smithi076.stdout:Mar 23 15:33:45 smithi076 ceph-89c3e582-e92a-11ee-95cd-87774f69a715-mgr-x[32411]:
2024-03-23T15:33:45.606+0000 7f4e24baf200 -1 mgr[py] Module rbd_support has missing NOTIFY_TYPES member
2024-03-23T15:33:45.741 INFO:journalctl@ceph.mgr.x.smithi076.stdout:Mar 23 15:33:45 smithi076 ceph-89c3e582-e92a-11ee-95cd-87774f69a715-mgr-x[32411]:
2024-03-23T15:33:45.694+0000 7f4e24baf200 -1 mgr[py] Module progress has missing NOTIFY_TYPES member
2024-03-23T15:33:46.075 INFO:journalctl@ceph.mgr.x.smithi076.stdout:Mar 23 15:33:45 smithi076 ceph-89c3e582-e92a-11ee-95cd-87774f69a715-mgr-x[32411]:
2024-03-23T15:33:45.791+0000 7f4e24baf200 -1 mgr[py] Module pg_autoscaler has missing NOTIFY_TYPES member
2024-03-23T15:33:46.075 INFO:journalctl@ceph.mgr.x.smithi076.stdout:Mar 23 15:33:45 smithi076 ceph-89c3e582-e92a-11ee-95cd-87774f69a715-mgr-x[32411]:
2024-03-23T15:33:45.973+0000 7f4e24baf200 -1 mgr[py] Module devicehealth has missing NOTIFY_TYPES member
2024-03-23T15:33:47.320 INFO:journalctl@ceph.mgr.x.smithi076.stdout:Mar 23 15:33:46 smithi076 ceph-89c3e582-e92a-11ee-95cd-87774f69a715-mgr-x[32411]:
2024-03-23T15:33:46.930+0000 7f4e24baf200 -1 mgr[py] Module rook has missing NOTIFY_TYPES member
2024-03-23T15:33:47.320 INFO:journalctl@ceph.mgr.x.smithi076.stdout:Mar 23 15:33:47 smithi076 ceph-89c3e582-e92a-11ee-95cd-87774f69a715-mgr-x[32411]:
2024-03-23T15:33:47.059+0000 7f4e24baf200 -1 mgr[py] Module diskprediction_local has missing NOTIFY_TYPES member
2024-03-23T15:33:47.575 INFO:journalctl@ceph.mgr.x.smithi076.stdout:Mar 23 15:33:47 smithi076 ceph-89c3e582-e92a-11ee-95cd-87774f69a715-mgr-x[32411]:
2024-03-23T15:33:47.389+0000 7f4e24baf200 -1 mgr[py] Module selftest has missing NOTIFY_TYPES member
2024-03-23T15:33:47.575 INFO:journalctl@ceph.mgr.x.smithi076.stdout:Mar 23 15:33:47 smithi076 ceph-89c3e582-e92a-11ee-95cd-87774f69a715-mgr-x[32411]:
2024-03-23T15:33:47.478+0000 7f4e24baf200 -1 mgr[py] Module telegraf has missing NOTIFY_TYPES member
2024-03-23T15:33:48.075 INFO:journalctl@ceph.mgr.x.smithi076.stdout:Mar 23 15:33:47 smithi076 ceph-89c3e582-e92a-11ee-95cd-87774f69a715-mgr-x[32411]:
2024-03-23T15:33:47.675+0000 7f4e24baf200 -1 mgr[py] Module test_orchestrator has missing NOTIFY_TYPES member
2024-03-23T15:33:48.076 INFO:journalctl@ceph.mgr.x.smithi076.stdout:Mar 23 15:33:47 smithi076 ceph-89c3e582-e92a-11ee-95cd-87774f69a715-mgr-x[32411]:
2024-03-23T15:33:47.859+0000 7f4e24baf200 -1 mgr[py] Module crash has missing NOTIFY_TYPES member
2024-03-23T15:33:48.406 INFO:journalctl@ceph.mgr.x.smithi076.stdout:Mar 23 15:33:48 smithi076 ceph-89c3e582-e92a-11ee-95cd-87774f69a715-mgr-x[32411]:
2024-03-23T15:33:48.144+0000 7f4e24baf200 -1 mgr[py] Module orchestrator has missing NOTIFY_TYPES member
2024-03-23T15:33:48.406 INFO:journalctl@ceph.mgr.x.smithi076.stdout:Mar 23 15:33:48 smithi076 ceph-89c3e582-e92a-11ee-95cd-87774f69a715-mgr-x[32411]:
2024-03-23T15:33:48.402+0000 7f4e24baf200 -1 mgr[py] Module osd_support has missing NOTIFY_TYPES member
2024-03-23T15:33:48.825 INFO:journalctl@ceph.mgr.x.smithi076.stdout:Mar 23 15:33:48 smithi076 ceph-89c3e582-e92a-11ee-95cd-87774f69a715-mgr-x[32411]:
2024-03-23T15:33:48.638+0000 7f4e24baf200 -1 mgr[py] Module volumes has missing NOTIFY_TYPES member
2024-03-23T15:33:49.825 INFO:journalctl@ceph.mgr.x.smithi076.stdout:Mar 23 15:33:49 smithi076 ceph-89c3e582-e92a-11ee-95cd-87774f69a715-mgr-x[32411]:
2024-03-23T15:33:49.440+0000 7f4e24baf200 -1 mgr[py] Module telemetry has missing NOTIFY_TYPES member
2024-03-23T15:33:50.325 INFO:journalctl@ceph.mgr.x.smithi076.stdout:Mar 23 15:33:50 smithi076 ceph-89c3e582-e92a-11ee-95cd-87774f69a715-mgr-x[32411]:
2024-03-23T15:33:50.005+0000 7f4e24baf200 -1 mgr[py] Module prometheus has missing NOTIFY_TYPES member
2024-03-23T15:33:50.326 INFO:journalctl@ceph.mgr.x.smithi076.stdout:Mar 23 15:33:50 smithi076 ceph-89c3e582-e92a-11ee-95cd-87774f69a715-mgr-x[32411]:
2024-03-23T15:33:50.107+0000 7f4e24baf200 -1 mgr[py] Module status has missing NOTIFY_TYPES member
2024-03-23T15:33:50.616 INFO:journalctl@ceph.mgr.x.smithi076.stdout:Mar 23 15:33:50 smithi076 ceph-89c3e582-e92a-11ee-95cd-87774f69a715-mgr-x[32411]:
2024-03-23T15:33:50.326+0000 7f4e24baf200 -1 mgr[py] Module nfs has missing NOTIFY_TYPES member
2024-03-23T15:33:50.616 INFO:journalctl@ceph.mon.a.smithi076.stdout:Mar 23 15:33:50 smithi076 ceph-mon[32176]: Active manager daemon x restarted
2024-03-23T15:33:50.616 INFO:journalctl@ceph.mon.a.smithi076.stdout:Mar 23 15:33:50 smithi076 ceph-mon[32176]: Activating manager daemon x
2024-03-23T15:33:50.616 INFO:journalctl@ceph.mon.a.smithi076.stdout:Mar 23 15:33:50 smithi076 ceph-mon[32176]: osdmap e2: 0 total, 0 up, 0 in
2024-03-23T15:33:50.616 INFO:journalctl@ceph.mon.a.smithi076.stdout:Mar 23 15:33:50 smithi076 ceph-mon[32176]: mgrmap e6: x(active, starting, since 0.00364841s)
2024-03-23T15:33:50.616 INFO:journalctl@ceph.mon.a.smithi076.stdout:Mar 23 15:33:50 smithi076 ceph-mon[32176]: from='mgr.14118 172.21.15.76:0/2012406986' entity='mgr.x' cmd=[{"prefix": "mon metadata", "id": "a"}]: dispatch
2024-03-23T15:33:50.617 INFO:journalctl@ceph.mon.a.smithi076.stdout:Mar 23 15:33:50 smithi076 ceph-mon[32176]: from='mgr.14118 172.21.15.76:0/2012406986' entity='mgr.x' cmd=[{"prefix": "mgr metadata", "who": "x", "id": "x"}]: dispatch
2024-03-23T15:33:50.617 INFO:journalctl@ceph.mon.a.smithi076.stdout:Mar 23 15:33:50 smithi076 ceph-mon[32176]: from='mgr.14118 172.21.15.76:0/2012406986' entity='mgr.x' cmd=[{"prefix": "mds metadata"}]: dispatch
2024-03-23T15:33:50.617 INFO:journalctl@ceph.mon.a.smithi076.stdout:Mar 23 15:33:50 smithi076 ceph-mon[32176]: from='mgr.14118 172.21.15.76:0/2012406986' entity='mgr.x' cmd=[{"prefix": "osd metadata"}]: dispatch
2024-03-23T15:33:50.617 INFO:journalctl@ceph.mon.a.smithi076.stdout:Mar 23 15:33:50 smithi076 ceph-mon[32176]: from='mgr.14118 172.21.15.76:0/2012406986' entity='mgr.x' cmd=[{"prefix": "mon metadata"}]: dispatch
2024-03-23T15:33:50.617 INFO:journalctl@ceph.mon.a.smithi076.stdout:Mar 23 15:33:50 smithi076 ceph-mon[32176]: Manager daemon x is now available
2024-03-23T15:33:50.617 INFO:journalctl@ceph.mon.a.smithi076.stdout:Mar 23 15:33:50 smithi076 ceph-mon[32176]: from='mgr.14118 172.21.15.76:0/2012406986' entity='mgr.x'
2024-03-23T15:33:50.617 INFO:journalctl@ceph.mon.a.smithi076.stdout:Mar 23 15:33:50 smithi076 ceph-mon[32176]: from='mgr.14118 172.21.15.76:0/2012406986' entity='mgr.x'
2024-03-23T15:33:50.617 INFO:journalctl@ceph.mon.a.smithi076.stdout:Mar 23 15:33:50 smithi076 ceph-mon[32176]: from='mgr.14118 172.21.15.76:0/2012406986' entity='mgr.x' cmd=[{"prefix": "config dump", "format": "json"}]: dispatch
2024-03-23T15:33:50.617 INFO:journalctl@ceph.mon.a.smithi076.stdout:Mar 23 15:33:50 smithi076 ceph-mon[32176]: from='mgr.14118 172.21.15.76:0/2012406986' entity='mgr.x' cmd=[{"prefix": "config dump", "format": "json"}]: dispatch
2024-03-23T15:33:51.695 INFO:journalctl@ceph.mon.a.smithi076.stdout:Mar 23 15:33:51 smithi076 ceph-mon[32176]: Found migration_current of "None". Setting to last migration.
2024-03-23T15:33:51.695 INFO:journalctl@ceph.mon.a.smithi076.stdout:Mar 23 15:33:51 smithi076 ceph-mon[32176]: from='mgr.14118 172.21.15.76:0/2012406986' entity='mgr.x' cmd=[{"prefix": "config dump", "format": "json"}]: dispatch
2024-03-23T15:33:51.695 INFO:journalctl@ceph.mon.a.smithi076.stdout:Mar 23 15:33:51 smithi076 ceph-mon[32176]: from='mgr.14118 172.21.15.76:0/2012406986' entity='mgr.x' cmd=[{"prefix":"config rm","who":"mgr","name":"mgr/rbd_support/x/mirror_snapshot_schedule"}]: dispatch
2024-03-23T15:33:51.695 INFO:journalctl@ceph.mon.a.smithi076.stdout:Mar 23 15:33:51 smithi076 ceph-mon[32176]: from='mgr.14118 172.21.15.76:0/2012406986' entity='mgr.x' cmd=[{"prefix":"config rm","who":"mgr","name":"mgr/rbd_support/x/trash_purge_schedule"}]: dispatch
2024-03-23T15:33:51.695 INFO:journalctl@ceph.mon.a.smithi076.stdout:Mar 23 15:33:51 smithi076 ceph-mon[32176]: from='mgr.14118 172.21.15.76:0/2012406986' entity='mgr.x'
2024-03-23T15:33:51.695 INFO:journalctl@ceph.mon.a.smithi076.stdout:Mar 23 15:33:51 smithi076 ceph-mon[32176]: from='mgr.14118 172.21.15.76:0/2012406986' entity='mgr.x'
2024-03-23T15:33:51.696 INFO:journalctl@ceph.mon.a.smithi076.stdout:Mar 23 15:33:51 smithi076 ceph-mon[32176]: mgrmap e7: x(active, since 1.00531s)
2024-03-23T15:33:51.959 INFO:teuthology.orchestra.run.smithi076.stdout:/usr/bin/ceph: stdout {
2024-03-23T15:33:51.960 INFO:teuthology.orchestra.run.smithi076.stdout:/usr/bin/ceph: stdout "mgrmap_epoch": 7,
2024-03-23T15:33:51.960 INFO:teuthology.orchestra.run.smithi076.stdout:/usr/bin/ceph: stdout "initialized": true
2024-03-23T15:33:51.960 INFO:teuthology.orchestra.run.smithi076.stdout:/usr/bin/ceph: stdout }
2024-03-23T15:33:51.960 INFO:teuthology.orchestra.run.smithi076.stdout:/usr/bin/ceph: stderr
2024-03-23T15:33:45.909+0000 7fa2b243e700 1 Processor -- start
2024-03-23T15:33:51.960 INFO:teuthology.orchestra.run.smithi076.stdout:/usr/bin/ceph: stderr
2024-03-23T15:33:45.909+0000 7fa2b243e700 1 -- start start
2024-03-23T15:33:51.960 INFO:teuthology.orchestra.run.smithi076.stdout:/usr/bin/ceph: stderr
2024-03-23T15:33:45.909+0000 7fa2b243e700 1 --2- >> [v2:172.21.15.76:3300/0,v1:172.21.15.76:6789/0] conn(0x7fa2ac1070b0 0x7fa2ac1074d0 unknown :-1 s=NONE pgs=0 cs=0 l=0 rev1=0 crypto rx=0 tx=0 comp rx=0 tx=0).connect
2024-03-23T15:33:51.960 INFO:teuthology.orchestra.run.smithi076.stdout:/usr/bin/ceph: stderr
2024-03-23T15:33:45.909+0000 7fa2b243e700 1 -- --> [v2:172.21.15.76:3300/0,v1:172.21.15.76:6789/0] -- mon_getmap magic: 0 -- 0x7fa2ac107aa0 con 0x7fa2ac1070b0
2024-03-23T15:33:51.960 INFO:teuthology.orchestra.run.smithi076.stdout:/usr/bin/ceph: stderr
2024-03-23T15:33:45.910+0000 7fa2abfff700 1 --2- >> [v2:172.21.15.76:3300/0,v1:172.21.15.76:6789/0] conn(0x7fa2ac1070b0 0x7fa2ac1074d0 unknown :-1 s=BANNER_CONNECTING pgs=0 cs=0 l=0 rev1=0 crypto rx=0 tx=0 comp rx=0 tx=0)._handle_peer_banner_payload supported=3 required=0
2024-03-23T15:33:51.961 INFO:teuthology.orchestra.run.smithi076.stdout:/usr/bin/ceph: stderr
2024-03-23T15:33:45.910+0000 7fa2abfff700 1 --2- >> [v2:172.21.15.76:3300/0,v1:172.21.15.76:6789/0] conn(0x7fa2ac1070b0 0x7fa2ac1074d0 unknown :-1 s=HELLO_CONNECTING pgs=0 cs=0 l=0 rev1=1 crypto rx=0 tx=0 comp rx=0 tx=0).handle_hello peer v2:172.21.15.76:3300/0 says I am v2:172.21.15.76:55904/0 (socket says 172.21.15.76:55904)
2024-03-23T15:33:51.961 INFO:teuthology.orchestra.run.smithi076.stdout:/usr/bin/ceph: stderr
2024-03-23T15:33:45.910+0000 7fa2abfff700 1 -- 172.21.15.76:0/1319697334 learned_addr learned my addr 172.21.15.76:0/1319697334 (peer_addr_for_me v2:172.21.15.76:0/0)
2024-03-23T15:33:51.961 INFO:teuthology.orchestra.run.smithi076.stdout:/usr/bin/ceph: stderr
2024-03-23T15:33:45.910+0000 7fa2abfff700 1 -- 172.21.15.76:0/1319697334 --> [v2:172.21.15.76:3300/0,v1:172.21.15.76:6789/0] -- mon_subscribe({config=0+,monmap=0+}) -- 0x7fa2ac107dd0 con 0x7fa2ac1070b0
2024-03-23T15:33:51.961 INFO:teuthology.orchestra.run.smithi076.stdout:/usr/bin/ceph: stderr
2024-03-23T15:33:45.910+0000 7fa2abfff700 1 --2- 172.21.15.76:0/1319697334 >> [v2:172.21.15.76:3300/0,v1:172.21.15.76:6789/0] conn(0x7fa2ac1070b0 0x7fa2ac1074d0 secure :-1 s=READY pgs=26 cs=0 l=1 rev1=1 crypto rx=0x7fa2a00098a0 tx=0x7fa2a0009bb0 comp rx=0 tx=0).ready entity=mon.0 client_cookie=77f92d33302a2eb2 server_cookie=0 in_seq=0 out_seq=0
2024-03-23T15:33:51.961 INFO:teuthology.orchestra.run.smithi076.stdout:/usr/bin/ceph: stderr
2024-03-23T15:33:45.910+0000 7fa2aaffd700 1 -- 172.21.15.76:0/1319697334 <== mon.0 v2:172.21.15.76:3300/0 1 ==== mon_map magic: 0 ==== 205+0+0 (secure 0 0 0) 0x7fa2a0004160 con 0x7fa2ac1070b0
2024-03-23T15:33:51.961 INFO:teuthology.orchestra.run.smithi076.stdout:/usr/bin/ceph: stderr
2024-03-23T15:33:45.910+0000 7fa2aaffd700 1 -- 172.21.15.76:0/1319697334 <== mon.0 v2:172.21.15.76:3300/0 2 ==== config(27 keys) ==== 1109+0+0 (secure 0 0 0) 0x7fa2a00042c0 con 0x7fa2ac1070b0
2024-03-23T15:33:51.961 INFO:teuthology.orchestra.run.smithi076.stdout:/usr/bin/ceph: stderr
2024-03-23T15:33:45.910+0000 7fa2aaffd700 1 -- 172.21.15.76:0/1319697334 <== mon.0 v2:172.21.15.76:3300/0 3 ==== mon_map magic: 0 ==== 205+0+0 (secure 0 0 0) 0x7fa2a0011ac0 con 0x7fa2ac1070b0
2024-03-23T15:33:51.961 INFO:teuthology.orchestra.run.smithi076.stdout:/usr/bin/ceph: stderr
2024-03-23T15:33:45.911+0000 7fa2b243e700 1 -- 172.21.15.76:0/1319697334 >> [v2:172.21.15.76:3300/0,v1:172.21.15.76:6789/0] conn(0x7fa2ac1070b0 msgr2=0x7fa2ac1074d0 secure :-1 s=STATE_CONNECTION_ESTABLISHED l=1).mark_down
2024-03-23T15:33:51.961 INFO:teuthology.orchestra.run.smithi076.stdout:/usr/bin/ceph: stderr
2024-03-23T15:33:45.911+0000 7fa2b243e700 1 --2- 172.21.15.76:0/1319697334 >> [v2:172.21.15.76:3300/0,v1:172.21.15.76:6789/0] conn(0x7fa2ac1070b0 0x7fa2ac1074d0 secure :-1 s=READY pgs=26 cs=0 l=1 rev1=1 crypto rx=0x7fa2a00098a0 tx=0x7fa2a0009bb0 comp rx=0 tx=0).stop
2024-03-23T15:33:51.961 INFO:teuthology.orchestra.run.smithi076.stdout:/usr/bin/ceph: stderr
2024-03-23T15:33:45.911+0000 7fa2b243e700 1 -- 172.21.15.76:0/1319697334 shutdown_connections
2024-03-23T15:33:51.961 INFO:teuthology.orchestra.run.smithi076.stdout:/usr/bin/ceph: stderr
2024-03-23T15:33:45.911+0000 7fa2b243e700 1 --2- 172.21.15.76:0/1319697334 >> [v2:172.21.15.76:3300/0,v1:172.21.15.76:6789/0] conn(0x7fa2ac1070b0 0x7fa2ac1074d0 unknown :-1 s=CLOSED pgs=26 cs=0 l=1 rev1=1 crypto rx=0 tx=0 comp rx=0 tx=0).stop
2024-03-23T15:33:51.961 INFO:teuthology.orchestra.run.smithi076.stdout:/usr/bin/ceph: stderr
2024-03-23T15:33:45.911+0000 7fa2b243e700 1 -- 172.21.15.76:0/1319697334 >> 172.21.15.76:0/1319697334 conn(0x7fa2ac1018b0 msgr2=0x7fa2ac103d10 unknown :-1 s=STATE_NONE l=0).mark_down
2024-03-23T15:33:51.961 INFO:teuthology.orchestra.run.smithi076.stdout:/usr/bin/ceph: stderr
2024-03-23T15:33:45.911+0000 7fa2b243e700 1 -- 172.21.15.76:0/1319697334 shutdown_connections
2024-03-23T15:33:51.962 INFO:teuthology.orchestra.run.smithi076.stdout:/usr/bin/ceph: stderr
2024-03-23T15:33:45.911+0000 7fa2b243e700 1 -- 172.21.15.76:0/1319697334 wait complete.
2024-03-23T15:33:51.962 INFO:teuthology.orchestra.run.smithi076.stdout:/usr/bin/ceph: stderr
2024-03-23T15:33:45.912+0000 7fa2b243e700 1 Processor -- start
2024-03-23T15:33:51.962 INFO:teuthology.orchestra.run.smithi076.stdout:/usr/bin/ceph: stderr
2024-03-23T15:33:45.912+0000 7fa2b243e700 1 -- start start
2024-03-23T15:33:51.962 INFO:teuthology.orchestra.run.smithi076.stdout:/usr/bin/ceph: stderr
2024-03-23T15:33:45.912+0000 7fa2b243e700 1 --2- >> [v2:172.21.15.76:3300/0,v1:172.21.15.76:6789/0] conn(0x7fa2ac1070b0 0x7fa2ac1066f0 unknown :-1 s=NONE pgs=0 cs=0 l=1 rev1=0 crypto rx=0 tx=0 comp rx=0 tx=0).connect
2024-03-23T15:33:51.962 INFO:teuthology.orchestra.run.smithi076.stdout:/usr/bin/ceph: stderr
2024-03-23T15:33:45.912+0000 7fa2b243e700 1 -- --> [v2:172.21.15.76:3300/0,v1:172.21.15.76:6789/0] -- mon_getmap magic: 0 -- 0x7fa2ac19e6b0 con 0x7fa2ac1070b0
2024-03-23T15:33:51.962 INFO:teuthology.orchestra.run.smithi076.stdout:/usr/bin/ceph: stderr
2024-03-23T15:33:45.912+0000 7fa2abfff700 1 --2- >> [v2:172.21.15.76:3300/0,v1:172.21.15.76:6789/0] conn(0x7fa2ac1070b0 0x7fa2ac1066f0 unknown :-1 s=BANNER_CONNECTING pgs=0 cs=0 l=1 rev1=0 crypto rx=0 tx=0 comp rx=0 tx=0)._handle_peer_banner_payload supported=3 required=0
2024-03-23T15:33:51.962 INFO:teuthology.orchestra.run.smithi076.stdout:/usr/bin/ceph: stderr
2024-03-23T15:33:45.912+0000 7fa2abfff700 1 --2- >> [v2:172.21.15.76:3300/0,v1:172.21.15.76:6789/0] conn(0x7fa2ac1070b0 0x7fa2ac1066f0 unknown :-1 s=HELLO_CONNECTING pgs=0 cs=0 l=1 rev1=1 crypto rx=0 tx=0 comp rx=0 tx=0).handle_hello peer v2:172.21.15.76:3300/0 says I am v2:172.21.15.76:55906/0 (socket says 172.21.15.76:55906)
2024-03-23T15:33:51.962 INFO:teuthology.orchestra.run.smithi076.stdout:/usr/bin/ceph: stderr
2024-03-23T15:33:45.912+0000 7fa2abfff700 1 -- 172.21.15.76:0/3224212747 learned_addr learned my addr 172.21.15.76:0/3224212747 (peer_addr_for_me v2:172.21.15.76:0/0)
2024-03-23T15:33:51.962 INFO:teuthology.orchestra.run.smithi076.stdout:/usr/bin/ceph: stderr
2024-03-23T15:33:45.912+0000 7fa2abfff700 1 -- 172.21.15.76:0/3224212747 --> [v2:172.21.15.76:3300/0,v1:172.21.15.76:6789/0] -- mon_subscribe({config=0+,monmap=0+}) -- 0x7fa2a0009550 con 0x7fa2ac1070b0
2024-03-23T15:33:51.962 INFO:teuthology.orchestra.run.smithi076.stdout:/usr/bin/ceph: stderr
2024-03-23T15:33:45.913+0000 7fa2abfff700 1 --2- 172.21.15.76:0/3224212747 >> [v2:172.21.15.76:3300/0,v1:172.21.15.76:6789/0] conn(0x7fa2ac1070b0 0x7fa2ac1066f0 secure :-1 s=READY pgs=27 cs=0 l=1 rev1=1 crypto rx=0x7fa2a0009fb0 tx=0x7fa2a0011b20 comp rx=0 tx=0).ready entity=mon.0 client_cookie=0 server_cookie=0 in_seq=0 out_seq=0
2024-03-23T15:33:51.963 INFO:teuthology.orchestra.run.smithi076.stdout:/usr/bin/ceph: stderr
2024-03-23T15:33:45.913+0000 7fa2a97fa700 1 -- 172.21.15.76:0/3224212747 <== mon.0 v2:172.21.15.76:3300/0 1 ==== mon_map magic: 0 ==== 205+0+0 (secure 0 0 0) 0x7fa2a00038b0 con 0x7fa2ac1070b0
2024-03-23T15:33:51.963 INFO:teuthology.orchestra.run.smithi076.stdout:/usr/bin/ceph: stderr
2024-03-23T15:33:45.913+0000 7fa2b243e700 1 -- 172.21.15.76:0/3224212747 --> [v2:172.21.15.76:3300/0,v1:172.21.15.76:6789/0] -- mon_subscribe({mgrmap=0+}) -- 0x7fa2ac19e7f0 con 0x7fa2ac1070b0
2024-03-23T15:33:51.963 INFO:teuthology.orchestra.run.smithi076.stdout:/usr/bin/ceph: stderr
2024-03-23T15:33:45.913+0000 7fa2a97fa700 1 -- 172.21.15.76:0/3224212747 <== mon.0 v2:172.21.15.76:3300/0 2 ==== config(27 keys) ==== 1109+0+0 (secure 0 0 0) 0x7fa2a0003a10 con 0x7fa2ac1070b0
2024-03-23T15:33:51.963 INFO:teuthology.orchestra.run.smithi076.stdout:/usr/bin/ceph: stderr
2024-03-23T15:33:45.913+0000 7fa2a97fa700 1 -- 172.21.15.76:0/3224212747 <== mon.0 v2:172.21.15.76:3300/0 3 ==== mon_map magic: 0 ==== 205+0+0 (secure 0 0 0) 0x7fa2a00195e0 con 0x7fa2ac1070b0
2024-03-23T15:33:51.963 INFO:teuthology.orchestra.run.smithi076.stdout:/usr/bin/ceph: stderr
2024-03-23T15:33:45.913+0000 7fa2b243e700 1 -- 172.21.15.76:0/3224212747 --> [v2:172.21.15.76:3300/0,v1:172.21.15.76:6789/0] -- mon_subscribe({osdmap=0}) -- 0x7fa2ac19ebd0 con 0x7fa2ac1070b0
2024-03-23T15:33:51.963 INFO:teuthology.orchestra.run.smithi076.stdout:/usr/bin/ceph: stderr
2024-03-23T15:33:45.914+0000 7fa2a97fa700 1 -- 172.21.15.76:0/3224212747 <== mon.0 v2:172.21.15.76:3300/0 4 ==== mgrmap(e 5) ==== 45928+0+0 (secure 0 0 0) 0x7fa2a00198c0 con 0x7fa2ac1070b0
2024-03-23T15:33:51.963 INFO:teuthology.orchestra.run.smithi076.stdout:/usr/bin/ceph: stderr
2024-03-23T15:33:45.914+0000 7fa2a97fa700 1 --2- 172.21.15.76:0/3224212747 >> [v2:172.21.15.76:6800/3268079315,v1:172.21.15.76:6801/3268079315] conn(0x7fa294038f50 0x7fa29403b410 unknown :-1 s=NONE pgs=0 cs=0 l=1 rev1=0 crypto rx=0 tx=0 comp rx=0 tx=0).connect
2024-03-23T15:33:51.963 INFO:teuthology.orchestra.run.smithi076.stdout:/usr/bin/ceph: stderr
2024-03-23T15:33:45.914+0000 7fa2a97fa700 1 -- 172.21.15.76:0/3224212747 --> [v2:172.21.15.76:6800/3268079315,v1:172.21.15.76:6801/3268079315] -- command(tid 0: {"prefix": "get_command_descriptions"}) -- 0x7fa29403bb20 con 0x7fa294038f50
2024-03-23T15:33:51.963 INFO:teuthology.orchestra.run.smithi076.stdout:/usr/bin/ceph: stderr
2024-03-23T15:33:45.914+0000 7fa2a97fa700 1 -- 172.21.15.76:0/3224212747 <== mon.0 v2:172.21.15.76:3300/0 5 ==== osd_map(1..1 src has 1..1) ==== 725+0+0 (secure 0 0 0) 0x7fa2a004d1e0 con 0x7fa2ac1070b0
2024-03-23T15:33:51.963 INFO:teuthology.orchestra.run.smithi076.stdout:/usr/bin/ceph: stderr
2024-03-23T15:33:45.914+0000 7fa2ab7fe700 1 -- 172.21.15.76:0/3224212747 >> [v2:172.21.15.76:6800/3268079315,v1:172.21.15.76:6801/3268079315] conn(0x7fa294038f50 msgr2=0x7fa29403b410 unknown :-1 s=STATE_CONNECTING_RE l=1).process reconnect failed to v2:172.21.15.76:6800/3268079315
2024-03-23T15:33:51.963 INFO:teuthology.orchestra.run.smithi076.stdout:/usr/bin/ceph: stderr
2024-03-23T15:33:45.914+0000 7fa2ab7fe700 1 --2- 172.21.15.76:0/3224212747 >> [v2:172.21.15.76:6800/3268079315,v1:172.21.15.76:6801/3268079315] conn(0x7fa294038f50 0x7fa29403b410 unknown :-1 s=START_CONNECT pgs=0 cs=0 l=1 rev1=0 crypto rx=0 tx=0 comp rx=0 tx=0)._fault waiting 0.200000
2024-03-23T15:33:51.963 INFO:teuthology.orchestra.run.smithi076.stdout:/usr/bin/ceph: stderr
2024-03-23T15:33:46.115+0000 7fa2ab7fe700 1 -- 172.21.15.76:0/3224212747 >> [v2:172.21.15.76:6800/3268079315,v1:172.21.15.76:6801/3268079315] conn(0x7fa294038f50 msgr2=0x7fa29403b410 unknown :-1 s=STATE_CONNECTING_RE l=1).process reconnect failed to v2:172.21.15.76:6800/3268079315
2024-03-23T15:33:51.963 INFO:teuthology.orchestra.run.smithi076.stdout:/usr/bin/ceph: stderr
2024-03-23T15:33:46.115+0000 7fa2ab7fe700 1 --2- 172.21.15.76:0/3224212747 >> [v2:172.21.15.76:6800/3268079315,v1:172.21.15.76:6801/3268079315] conn(0x7fa294038f50 0x7fa29403b410 unknown :-1 s=START_CONNECT pgs=0 cs=0 l=1 rev1=0 crypto rx=0 tx=0 comp rx=0 tx=0)._fault waiting 0.400000
2024-03-23T15:33:51.964 INFO:teuthology.orchestra.run.smithi076.stdout:/usr/bin/ceph: stderr
2024-03-23T15:33:46.516+0000 7fa2ab7fe700 1 -- 172.21.15.76:0/3224212747 >> [v2:172.21.15.76:6800/3268079315,v1:172.21.15.76:6801/3268079315] conn(0x7fa294038f50 msgr2=0x7fa29403b410 unknown :-1 s=STATE_CONNECTING_RE l=1).process reconnect failed to v2:172.21.15.76:6800/3268079315
2024-03-23T15:33:51.964 INFO:teuthology.orchestra.run.smithi076.stdout:/usr/bin/ceph: stderr
2024-03-23T15:33:46.516+0000 7fa2ab7fe700 1 --2- 172.21.15.76:0/3224212747 >> [v2:172.21.15.76:6800/3268079315,v1:172.21.15.76:6801/3268079315] conn(0x7fa294038f50 0x7fa29403b410 unknown :-1 s=START_CONNECT pgs=0 cs=0 l=1 rev1=0 crypto rx=0 tx=0 comp rx=0 tx=0)._fault waiting 0.800000
2024-03-23T15:33:51.964 INFO:teuthology.orchestra.run.smithi076.stdout:/usr/bin/ceph: stderr
2024-03-23T15:33:47.317+0000 7fa2ab7fe700 1 -- 172.21.15.76:0/3224212747 >> [v2:172.21.15.76:6800/3268079315,v1:172.21.15.76:6801/3268079315] conn(0x7fa294038f50 msgr2=0x7fa29403b410 unknown :-1 s=STATE_CONNECTING_RE l=1).process reconnect failed to v2:172.21.15.76:6800/3268079315
2024-03-23T15:33:51.964 INFO:teuthology.orchestra.run.smithi076.stdout:/usr/bin/ceph: stderr
2024-03-23T15:33:47.317+0000 7fa2ab7fe700 1 --2- 172.21.15.76:0/3224212747 >> [v2:172.21.15.76:6800/3268079315,v1:172.21.15.76:6801/3268079315] conn(0x7fa294038f50 0x7fa29403b410 unknown :-1 s=START_CONNECT pgs=0 cs=0 l=1 rev1=0 crypto rx=0 tx=0 comp rx=0 tx=0)._fault waiting 1.600000
2024-03-23T15:33:51.964 INFO:teuthology.orchestra.run.smithi076.stdout:/usr/bin/ceph: stderr
2024-03-23T15:33:48.918+0000 7fa2ab7fe700 1 -- 172.21.15.76:0/3224212747 >> [v2:172.21.15.76:6800/3268079315,v1:172.21.15.76:6801/3268079315] conn(0x7fa294038f50 msgr2=0x7fa29403b410 unknown :-1 s=STATE_CONNECTING_RE l=1).process reconnect failed to v2:172.21.15.76:6800/3268079315
2024-03-23T15:33:51.964 INFO:teuthology.orchestra.run.smithi076.stdout:/usr/bin/ceph: stderr
2024-03-23T15:33:48.918+0000 7fa2ab7fe700 1 --2- 172.21.15.76:0/3224212747 >> [v2:172.21.15.76:6800/3268079315,v1:172.21.15.76:6801/3268079315] conn(0x7fa294038f50 0x7fa29403b410 unknown :-1 s=START_CONNECT pgs=0 cs=0 l=1 rev1=0 crypto rx=0 tx=0 comp rx=0 tx=0)._fault waiting 3.200000
2024-03-23T15:33:51.964 INFO:teuthology.orchestra.run.smithi076.stdout:/usr/bin/ceph: stderr
2024-03-23T15:33:50.342+0000 7fa2a97fa700 1 -- 172.21.15.76:0/3224212747 <== mon.0 v2:172.21.15.76:3300/0 6 ==== mgrmap(e 6) ==== 45695+0+0 (secure 0 0 0) 0x7fa2a002d9b0 con 0x7fa2ac1070b0
2024-03-23T15:33:51.964 INFO:teuthology.orchestra.run.smithi076.stdout:/usr/bin/ceph: stderr
2024-03-23T15:33:50.342+0000 7fa2a97fa700 1 -- 172.21.15.76:0/3224212747 >> [v2:172.21.15.76:6800/3268079315,v1:172.21.15.76:6801/3268079315] conn(0x7fa294038f50 msgr2=0x7fa29403b410 unknown :-1 s=STATE_CONNECTING l=1).mark_down
2024-03-23T15:33:51.964 INFO:teuthology.orchestra.run.smithi076.stdout:/usr/bin/ceph: stderr
2024-03-23T15:33:50.342+0000 7fa2a97fa700 1 --2- 172.21.15.76:0/3224212747 >> [v2:172.21.15.76:6800/3268079315,v1:172.21.15.76:6801/3268079315] conn(0x7fa294038f50 0x7fa29403b410 unknown :-1 s=START_CONNECT pgs=0 cs=0 l=1 rev1=0 crypto rx=0 tx=0 comp rx=0 tx=0).stop
