2024-03-23T15:34:02.492+0000 7efdeeffd700 1 -- 172.21.15.76:0/2944111895 --> [v2:172.21.15.76:3300/0,v1:172.21.15.76:6789/0] -- mon_subscribe({config=0+,monmap=0+}) -- 0x7efde0009550 con 0x7efdf0106bb0
2024-03-23T15:34:03.413 INFO:teuthology.orchestra.run.smithi076.stdout:/usr/bin/ceph: stderr
2024-03-23T15:34:02.492+0000 7efdeeffd700 1 --2- 172.21.15.76:0/2944111895 >> [v2:172.21.15.76:3300/0,v1:172.21.15.76:6789/0] conn(0x7efdf0106bb0 0x7efdf007ba40 secure :-1 s=READY pgs=46 cs=0 l=1 rev1=1 crypto rx=0x7efde0011780 tx=0x7efde0011b40 comp rx=0 tx=0).ready entity=mon.0 client_cookie=0 server_cookie=0 in_seq=0 out_seq=0
2024-03-23T15:34:03.414 INFO:teuthology.orchestra.run.smithi076.stdout:/usr/bin/ceph: stderr
2024-03-23T15:34:02.493+0000 7efdecff9700 1 -- 172.21.15.76:0/2944111895 <== mon.0 v2:172.21.15.76:3300/0 1 ==== mon_map magic: 0 ==== 205+0+0 (secure 0 0 0) 0x7efde0003af0 con 0x7efdf0106bb0
2024-03-23T15:34:03.414 INFO:teuthology.orchestra.run.smithi076.stdout:/usr/bin/ceph: stderr
2024-03-23T15:34:02.493+0000 7efdf5764700 1 -- 172.21.15.76:0/2944111895 --> [v2:172.21.15.76:3300/0,v1:172.21.15.76:6789/0] -- mon_subscribe({mgrmap=0+}) -- 0x7efdf019e720 con 0x7efdf0106bb0
2024-03-23T15:34:03.414 INFO:teuthology.orchestra.run.smithi076.stdout:/usr/bin/ceph: stderr
2024-03-23T15:34:02.493+0000 7efdecff9700 1 -- 172.21.15.76:0/2944111895 <== mon.0 v2:172.21.15.76:3300/0 2 ==== config(27 keys) ==== 1109+0+0 (secure 0 0 0) 0x7efde0003c50 con 0x7efdf0106bb0
2024-03-23T15:34:03.414 INFO:teuthology.orchestra.run.smithi076.stdout:/usr/bin/ceph: stderr
2024-03-23T15:34:02.493+0000 7efdecff9700 1 -- 172.21.15.76:0/2944111895 <== mon.0 v2:172.21.15.76:3300/0 3 ==== mon_map magic: 0 ==== 205+0+0 (secure 0 0 0) 0x7efde00197e0 con 0x7efdf0106bb0
2024-03-23T15:34:03.414 INFO:teuthology.orchestra.run.smithi076.stdout:/usr/bin/ceph: stderr
2024-03-23T15:34:02.493+0000 7efdf5764700 1 -- 172.21.15.76:0/2944111895 --> [v2:172.21.15.76:3300/0,v1:172.21.15.76:6789/0] -- mon_subscribe({osdmap=0}) -- 0x7efdf019ebc0 con 0x7efdf0106bb0
2024-03-23T15:34:03.414 INFO:teuthology.orchestra.run.smithi076.stdout:/usr/bin/ceph: stderr
2024-03-23T15:34:02.493+0000 7efdecff9700 1 -- 172.21.15.76:0/2944111895 <== mon.0 v2:172.21.15.76:3300/0 4 ==== mgrmap(e 8) ==== 45928+0+0 (secure 0 0 0) 0x7efde0019a20 con 0x7efdf0106bb0
2024-03-23T15:34:03.414 INFO:teuthology.orchestra.run.smithi076.stdout:/usr/bin/ceph: stderr
2024-03-23T15:34:02.493+0000 7efdf5764700 1 -- 172.21.15.76:0/2944111895 --> [v2:172.21.15.76:3300/0,v1:172.21.15.76:6789/0] -- mon_command({"prefix": "get_command_descriptions"} v 0) -- 0x7efdf010afe0 con 0x7efdf0106bb0
2024-03-23T15:34:03.414 INFO:teuthology.orchestra.run.smithi076.stdout:/usr/bin/ceph: stderr
2024-03-23T15:34:02.494+0000 7efdecff9700 1 --2- 172.21.15.76:0/2944111895 >> [v2:172.21.15.76:6800/36977200,v1:172.21.15.76:6801/36977200] conn(0x7efddc038fa0 0x7efddc03b460 unknown :-1 s=NONE pgs=0 cs=0 l=1 rev1=0 crypto rx=0 tx=0 comp rx=0 tx=0).connect
2024-03-23T15:34:03.414 INFO:teuthology.orchestra.run.smithi076.stdout:/usr/bin/ceph: stderr
2024-03-23T15:34:02.494+0000 7efdecff9700 1 -- 172.21.15.76:0/2944111895 <== mon.0 v2:172.21.15.76:3300/0 5 ==== osd_map(2..2 src has 1..2) ==== 940+0+0 (secure 0 0 0) 0x7efde004d2f0 con 0x7efdf0106bb0
2024-03-23T15:34:03.414 INFO:teuthology.orchestra.run.smithi076.stdout:/usr/bin/ceph: stderr
2024-03-23T15:34:02.494+0000 7efde67fc700 1 --2- 172.21.15.76:0/2944111895 >> [v2:172.21.15.76:6800/36977200,v1:172.21.15.76:6801/36977200] conn(0x7efddc038fa0 0x7efddc03b460 unknown :-1 s=BANNER_CONNECTING pgs=0 cs=0 l=1 rev1=0 crypto rx=0 tx=0 comp rx=0 tx=0)._handle_peer_banner_payload supported=3 required=0
2024-03-23T15:34:03.414 INFO:teuthology.orchestra.run.smithi076.stdout:/usr/bin/ceph: stderr
2024-03-23T15:34:02.494+0000 7efde67fc700 1 --2- 172.21.15.76:0/2944111895 >> [v2:172.21.15.76:6800/36977200,v1:172.21.15.76:6801/36977200] conn(0x7efddc038fa0 0x7efddc03b460 secure :-1 s=READY pgs=12 cs=0 l=1 rev1=1 crypto rx=0x7efdd8006fd0 tx=0x7efdd8006e40 comp rx=0 tx=0).ready entity=mgr.14118 client_cookie=0 server_cookie=0 in_seq=0 out_seq=0
2024-03-23T15:34:03.415 INFO:teuthology.orchestra.run.smithi076.stdout:/usr/bin/ceph: stderr
2024-03-23T15:34:02.499+0000 7efdecff9700 1 -- 172.21.15.76:0/2944111895 <== mon.0 v2:172.21.15.76:3300/0 6 ==== mon_command_ack([{"prefix": "get_command_descriptions"}]=0 v0) ==== 72+0+184932 (secure 0 0 0) 0x7efde000b900 con 0x7efdf0106bb0
2024-03-23T15:34:03.415 INFO:teuthology.orchestra.run.smithi076.stdout:/usr/bin/ceph: stderr
2024-03-23T15:34:02.716+0000 7efdf5764700 1 -- 172.21.15.76:0/2944111895 --> [v2:172.21.15.76:6800/36977200,v1:172.21.15.76:6801/36977200] -- mgr_command(tid 0: {"prefix": "orch apply", "service_type": "mon", "unmanaged": true, "target": ["mon-mgr", ""]}) -- 0x7efdf0103260 con 0x7efddc038fa0
2024-03-23T15:34:03.415 INFO:teuthology.orchestra.run.smithi076.stdout:/usr/bin/ceph: stderr
2024-03-23T15:34:02.721+0000 7efdecff9700 1 -- 172.21.15.76:0/2944111895 <== mgr.14118 v2:172.21.15.76:6800/36977200 1 ==== mgr_command_reply(tid 0: 0 ) ==== 8+0+24 (secure 0 0 0) 0x7efdf0103260 con 0x7efddc038fa0
2024-03-23T15:34:03.415 INFO:teuthology.orchestra.run.smithi076.stdout:/usr/bin/ceph: stderr
2024-03-23T15:34:02.723+0000 7efdf5764700 1 -- 172.21.15.76:0/2944111895 >> [v2:172.21.15.76:6800/36977200,v1:172.21.15.76:6801/36977200] conn(0x7efddc038fa0 msgr2=0x7efddc03b460 secure :-1 s=STATE_CONNECTION_ESTABLISHED l=1).mark_down
2024-03-23T15:34:03.415 INFO:teuthology.orchestra.run.smithi076.stdout:/usr/bin/ceph: stderr
2024-03-23T15:34:02.723+0000 7efdf5764700 1 --2- 172.21.15.76:0/2944111895 >> [v2:172.21.15.76:6800/36977200,v1:172.21.15.76:6801/36977200] conn(0x7efddc038fa0 0x7efddc03b460 secure :-1 s=READY pgs=12 cs=0 l=1 rev1=1 crypto rx=0x7efdd8006fd0 tx=0x7efdd8006e40 comp rx=0 tx=0).stop
2024-03-23T15:34:03.415 INFO:teuthology.orchestra.run.smithi076.stdout:/usr/bin/ceph: stderr
2024-03-23T15:34:02.723+0000 7efdf5764700 1 -- 172.21.15.76:0/2944111895 >> [v2:172.21.15.76:3300/0,v1:172.21.15.76:6789/0] conn(0x7efdf0106bb0 msgr2=0x7efdf007ba40 secure :-1 s=STATE_CONNECTION_ESTABLISHED l=1).mark_down
2024-03-23T15:34:03.415 INFO:teuthology.orchestra.run.smithi076.stdout:/usr/bin/ceph: stderr
2024-03-23T15:34:02.723+0000 7efdf5764700 1 --2- 172.21.15.76:0/2944111895 >> [v2:172.21.15.76:3300/0,v1:172.21.15.76:6789/0] conn(0x7efdf0106bb0 0x7efdf007ba40 secure :-1 s=READY pgs=46 cs=0 l=1 rev1=1 crypto rx=0x7efde0011780 tx=0x7efde0011b40 comp rx=0 tx=0).stop
2024-03-23T15:34:03.415 INFO:teuthology.orchestra.run.smithi076.stdout:/usr/bin/ceph: stderr
2024-03-23T15:34:02.723+0000 7efdf5764700 1 -- 172.21.15.76:0/2944111895 shutdown_connections
2024-03-23T15:34:03.415 INFO:teuthology.orchestra.run.smithi076.stdout:/usr/bin/ceph: stderr
2024-03-23T15:34:02.723+0000 7efdf5764700 1 --2- 172.21.15.76:0/2944111895 >> [v2:172.21.15.76:6800/36977200,v1:172.21.15.76:6801/36977200] conn(0x7efddc038fa0 0x7efddc03b460 unknown :-1 s=CLOSED pgs=12 cs=0 l=1 rev1=1 crypto rx=0 tx=0 comp rx=0 tx=0).stop
2024-03-23T15:34:03.415 INFO:teuthology.orchestra.run.smithi076.stdout:/usr/bin/ceph: stderr
2024-03-23T15:34:02.723+0000 7efdf5764700 1 --2- 172.21.15.76:0/2944111895 >> [v2:172.21.15.76:3300/0,v1:172.21.15.76:6789/0] conn(0x7efdf0106bb0 0x7efdf007ba40 unknown :-1 s=CLOSED pgs=46 cs=0 l=1 rev1=1 crypto rx=0 tx=0 comp rx=0 tx=0).stop
2024-03-23T15:34:03.415 INFO:teuthology.orchestra.run.smithi076.stdout:/usr/bin/ceph: stderr
2024-03-23T15:34:02.723+0000 7efdf5764700 1 -- 172.21.15.76:0/2944111895 >> 172.21.15.76:0/2944111895 conn(0x7efdf0102130 msgr2=0x7efdf0102b50 unknown :-1 s=STATE_NONE l=0).mark_down
2024-03-23T15:34:03.415 INFO:teuthology.orchestra.run.smithi076.stdout:/usr/bin/ceph: stderr
2024-03-23T15:34:02.723+0000 7efdf5764700 1 -- 172.21.15.76:0/2944111895 shutdown_connections
2024-03-23T15:34:03.415 INFO:teuthology.orchestra.run.smithi076.stdout:/usr/bin/ceph: stderr
2024-03-23T15:34:02.723+0000 7efdf5764700 1 -- 172.21.15.76:0/2944111895 wait complete.
2024-03-23T15:34:03.416 INFO:teuthology.orchestra.run.smithi076.stdout:Deploying unmanaged mgr service...
2024-03-23T15:34:03.981 INFO:journalctl@ceph.mon.a.smithi076.stdout:Mar 23 15:34:03 smithi076 ceph-mon[32176]: from='client.14140 -' entity='client.admin' cmd=[{"prefix": "orch apply", "service_type": "mon", "unmanaged": true, "target": ["mon-mgr", ""]}]: dispatch
2024-03-23T15:34:03.981 INFO:journalctl@ceph.mon.a.smithi076.stdout:Mar 23 15:34:03 smithi076 ceph-mon[32176]: Saving service mon spec with placement count:5
2024-03-23T15:34:03.981 INFO:journalctl@ceph.mon.a.smithi076.stdout:Mar 23 15:34:03 smithi076 ceph-mon[32176]: from='mgr.14118 172.21.15.76:0/2012406986' entity='mgr.x'
2024-03-23T15:34:04.602 INFO:teuthology.orchestra.run.smithi076.stdout:/usr/bin/ceph: stdout Scheduled mgr update...
2024-03-23T15:34:04.602 INFO:teuthology.orchestra.run.smithi076.stdout:/usr/bin/ceph: stderr
2024-03-23T15:34:03.781+0000 7f697b485700 1 Processor -- start
2024-03-23T15:34:04.602 INFO:teuthology.orchestra.run.smithi076.stdout:/usr/bin/ceph: stderr
2024-03-23T15:34:03.781+0000 7f697b485700 1 -- start start
2024-03-23T15:34:04.602 INFO:teuthology.orchestra.run.smithi076.stdout:/usr/bin/ceph: stderr
2024-03-23T15:34:03.782+0000 7f697b485700 1 --2- >> [v2:172.21.15.76:3300/0,v1:172.21.15.76:6789/0] conn(0x7f6974106570 0x7f6974106990 unknown :-1 s=NONE pgs=0 cs=0 l=0 rev1=0 crypto rx=0 tx=0 comp rx=0 tx=0).connect
2024-03-23T15:34:04.602 INFO:teuthology.orchestra.run.smithi076.stdout:/usr/bin/ceph: stderr
2024-03-23T15:34:03.782+0000 7f697b485700 1 -- --> [v2:172.21.15.76:3300/0,v1:172.21.15.76:6789/0] -- mon_getmap magic: 0 -- 0x7f697407be40 con 0x7f6974106570
2024-03-23T15:34:04.603 INFO:teuthology.orchestra.run.smithi076.stdout:/usr/bin/ceph: stderr
2024-03-23T15:34:03.782+0000 7f6979221700 1 --2- >> [v2:172.21.15.76:3300/0,v1:172.21.15.76:6789/0] conn(0x7f6974106570 0x7f6974106990 unknown :-1 s=BANNER_CONNECTING pgs=0 cs=0 l=0 rev1=0 crypto rx=0 tx=0 comp rx=0 tx=0)._handle_peer_banner_payload supported=3 required=0
2024-03-23T15:34:04.603 INFO:teuthology.orchestra.run.smithi076.stdout:/usr/bin/ceph: stderr
2024-03-23T15:34:03.782+0000 7f6979221700 1 --2- >> [v2:172.21.15.76:3300/0,v1:172.21.15.76:6789/0] conn(0x7f6974106570 0x7f6974106990 unknown :-1 s=HELLO_CONNECTING pgs=0 cs=0 l=0 rev1=1 crypto rx=0 tx=0 comp rx=0 tx=0).handle_hello peer v2:172.21.15.76:3300/0 says I am v2:172.21.15.76:54808/0 (socket says 172.21.15.76:54808)
2024-03-23T15:34:04.603 INFO:teuthology.orchestra.run.smithi076.stdout:/usr/bin/ceph: stderr
2024-03-23T15:34:03.782+0000 7f6979221700 1 -- 172.21.15.76:0/2572869430 learned_addr learned my addr 172.21.15.76:0/2572869430 (peer_addr_for_me v2:172.21.15.76:0/0)
2024-03-23T15:34:04.603 INFO:teuthology.orchestra.run.smithi076.stdout:/usr/bin/ceph: stderr
2024-03-23T15:34:03.782+0000 7f6979221700 1 -- 172.21.15.76:0/2572869430 --> [v2:172.21.15.76:3300/0,v1:172.21.15.76:6789/0] -- mon_subscribe({config=0+,monmap=0+}) -- 0x7f6974106ed0 con 0x7f6974106570
2024-03-23T15:34:04.603 INFO:teuthology.orchestra.run.smithi076.stdout:/usr/bin/ceph: stderr
2024-03-23T15:34:03.782+0000 7f6979221700 1 --2- 172.21.15.76:0/2572869430 >> [v2:172.21.15.76:3300/0,v1:172.21.15.76:6789/0] conn(0x7f6974106570 0x7f6974106990 secure :-1 s=READY pgs=47 cs=0 l=1 rev1=1 crypto rx=0x7f69640098a0 tx=0x7f6964009bb0 comp rx=0 tx=0).ready entity=mon.0 client_cookie=b17761af6381ce75 server_cookie=0 in_seq=0 out_seq=0
2024-03-23T15:34:04.603 INFO:teuthology.orchestra.run.smithi076.stdout:/usr/bin/ceph: stderr
2024-03-23T15:34:03.782+0000 7f696bfff700 1 -- 172.21.15.76:0/2572869430 <== mon.0 v2:172.21.15.76:3300/0 1 ==== mon_map magic: 0 ==== 205+0+0 (secure 0 0 0) 0x7f6964004160 con 0x7f6974106570
2024-03-23T15:34:04.603 INFO:teuthology.orchestra.run.smithi076.stdout:/usr/bin/ceph: stderr
2024-03-23T15:34:03.782+0000 7f696bfff700 1 -- 172.21.15.76:0/2572869430 <== mon.0 v2:172.21.15.76:3300/0 2 ==== config(27 keys) ==== 1109+0+0 (secure 0 0 0) 0x7f69640042c0 con 0x7f6974106570
2024-03-23T15:34:04.603 INFO:teuthology.orchestra.run.smithi076.stdout:/usr/bin/ceph: stderr
2024-03-23T15:34:03.782+0000 7f696bfff700 1 -- 172.21.15.76:0/2572869430 <== mon.0 v2:172.21.15.76:3300/0 3 ==== mon_map magic: 0 ==== 205+0+0 (secure 0 0 0) 0x7f6964011ac0 con 0x7f6974106570
2024-03-23T15:34:04.603 INFO:teuthology.orchestra.run.smithi076.stdout:/usr/bin/ceph: stderr
2024-03-23T15:34:03.783+0000 7f697b485700 1 -- 172.21.15.76:0/2572869430 >> [v2:172.21.15.76:3300/0,v1:172.21.15.76:6789/0] conn(0x7f6974106570 msgr2=0x7f6974106990 secure :-1 s=STATE_CONNECTION_ESTABLISHED l=1).mark_down
2024-03-23T15:34:04.603 INFO:teuthology.orchestra.run.smithi076.stdout:/usr/bin/ceph: stderr
2024-03-23T15:34:03.783+0000 7f697b485700 1 --2- 172.21.15.76:0/2572869430 >> [v2:172.21.15.76:3300/0,v1:172.21.15.76:6789/0] conn(0x7f6974106570 0x7f6974106990 secure :-1 s=READY pgs=47 cs=0 l=1 rev1=1 crypto rx=0x7f69640098a0 tx=0x7f6964009bb0 comp rx=0 tx=0).stop
2024-03-23T15:34:04.603 INFO:teuthology.orchestra.run.smithi076.stdout:/usr/bin/ceph: stderr
2024-03-23T15:34:03.783+0000 7f697b485700 1 -- 172.21.15.76:0/2572869430 shutdown_connections
2024-03-23T15:34:04.603 INFO:teuthology.orchestra.run.smithi076.stdout:/usr/bin/ceph: stderr
2024-03-23T15:34:03.783+0000 7f697b485700 1 --2- 172.21.15.76:0/2572869430 >> [v2:172.21.15.76:3300/0,v1:172.21.15.76:6789/0] conn(0x7f6974106570 0x7f6974106990 unknown :-1 s=CLOSED pgs=47 cs=0 l=1 rev1=1 crypto rx=0 tx=0 comp rx=0 tx=0).stop
2024-03-23T15:34:04.604 INFO:teuthology.orchestra.run.smithi076.stdout:/usr/bin/ceph: stderr
2024-03-23T15:34:03.783+0000 7f697b485700 1 -- 172.21.15.76:0/2572869430 >> 172.21.15.76:0/2572869430 conn(0x7f6974102130 msgr2=0x7f6974104590 unknown :-1 s=STATE_NONE l=0).mark_down
2024-03-23T15:34:04.604 INFO:teuthology.orchestra.run.smithi076.stdout:/usr/bin/ceph: stderr
2024-03-23T15:34:03.783+0000 7f697b485700 1 -- 172.21.15.76:0/2572869430 shutdown_connections
2024-03-23T15:34:04.604 INFO:teuthology.orchestra.run.smithi076.stdout:/usr/bin/ceph: stderr
2024-03-23T15:34:03.783+0000 7f697b485700 1 -- 172.21.15.76:0/2572869430 wait complete.
2024-03-23T15:34:04.604 INFO:teuthology.orchestra.run.smithi076.stdout:/usr/bin/ceph: stderr
2024-03-23T15:34:03.784+0000 7f697b485700 1 Processor -- start
2024-03-23T15:34:04.604 INFO:teuthology.orchestra.run.smithi076.stdout:/usr/bin/ceph: stderr
2024-03-23T15:34:03.784+0000 7f697b485700 1 -- start start
2024-03-23T15:34:04.604 INFO:teuthology.orchestra.run.smithi076.stdout:/usr/bin/ceph: stderr
2024-03-23T15:34:03.784+0000 7f697b485700 1 --2- >> [v2:172.21.15.76:3300/0,v1:172.21.15.76:6789/0] conn(0x7f6974106570 0x7f697419dba0 unknown :-1 s=NONE pgs=0 cs=0 l=1 rev1=0 crypto rx=0 tx=0 comp rx=0 tx=0).connect
2024-03-23T15:34:04.604 INFO:teuthology.orchestra.run.smithi076.stdout:/usr/bin/ceph: stderr
2024-03-23T15:34:03.784+0000 7f697b485700 1 -- --> [v2:172.21.15.76:3300/0,v1:172.21.15.76:6789/0] -- mon_getmap magic: 0 -- 0x7f697419e0e0 con 0x7f6974106570
2024-03-23T15:34:04.604 INFO:teuthology.orchestra.run.smithi076.stdout:/usr/bin/ceph: stderr
2024-03-23T15:34:03.784+0000 7f6979221700 1 --2- >> [v2:172.21.15.76:3300/0,v1:172.21.15.76:6789/0] conn(0x7f6974106570 0x7f697419dba0 unknown :-1 s=BANNER_CONNECTING pgs=0 cs=0 l=1 rev1=0 crypto rx=0 tx=0 comp rx=0 tx=0)._handle_peer_banner_payload supported=3 required=0
2024-03-23T15:34:04.604 INFO:teuthology.orchestra.run.smithi076.stdout:/usr/bin/ceph: stderr
2024-03-23T15:34:03.784+0000 7f6979221700 1 --2- >> [v2:172.21.15.76:3300/0,v1:172.21.15.76:6789/0] conn(0x7f6974106570 0x7f697419dba0 unknown :-1 s=HELLO_CONNECTING pgs=0 cs=0 l=1 rev1=1 crypto rx=0 tx=0 comp rx=0 tx=0).handle_hello peer v2:172.21.15.76:3300/0 says I am v2:172.21.15.76:54818/0 (socket says 172.21.15.76:54818)
2024-03-23T15:34:04.604 INFO:teuthology.orchestra.run.smithi076.stdout:/usr/bin/ceph: stderr
2024-03-23T15:34:03.784+0000 7f6979221700 1 -- 172.21.15.76:0/664094175 learned_addr learned my addr 172.21.15.76:0/664094175 (peer_addr_for_me v2:172.21.15.76:0/0)
2024-03-23T15:34:04.604 INFO:teuthology.orchestra.run.smithi076.stdout:/usr/bin/ceph: stderr
2024-03-23T15:34:03.784+0000 7f6979221700 1 -- 172.21.15.76:0/664094175 --> [v2:172.21.15.76:3300/0,v1:172.21.15.76:6789/0] -- mon_subscribe({config=0+,monmap=0+}) -- 0x7f6964009550 con 0x7f6974106570
2024-03-23T15:34:04.605 INFO:teuthology.orchestra.run.smithi076.stdout:/usr/bin/ceph: stderr
2024-03-23T15:34:03.784+0000 7f6979221700 1 --2- 172.21.15.76:0/664094175 >> [v2:172.21.15.76:3300/0,v1:172.21.15.76:6789/0] conn(0x7f6974106570 0x7f697419dba0 secure :-1 s=READY pgs=48 cs=0 l=1 rev1=1 crypto rx=0x7f6964009fb0 tx=0x7f6964011b20 comp rx=0 tx=0).ready entity=mon.0 client_cookie=0 server_cookie=0 in_seq=0 out_seq=0
2024-03-23T15:34:04.605 INFO:teuthology.orchestra.run.smithi076.stdout:/usr/bin/ceph: stderr
2024-03-23T15:34:03.784+0000 7f696a7fc700 1 -- 172.21.15.76:0/664094175 <== mon.0 v2:172.21.15.76:3300/0 1 ==== mon_map magic: 0 ==== 205+0+0 (secure 0 0 0) 0x7f69640038b0 con 0x7f6974106570
2024-03-23T15:34:04.605 INFO:teuthology.orchestra.run.smithi076.stdout:/usr/bin/ceph: stderr
2024-03-23T15:34:03.784+0000 7f696a7fc700 1 -- 172.21.15.76:0/664094175 <== mon.0 v2:172.21.15.76:3300/0 2 ==== config(27 keys) ==== 1109+0+0 (secure 0 0 0) 0x7f6964003a10 con 0x7f6974106570
2024-03-23T15:34:04.605 INFO:teuthology.orchestra.run.smithi076.stdout:/usr/bin/ceph: stderr
2024-03-23T15:34:03.784+0000 7f697b485700 1 -- 172.21.15.76:0/664094175 --> [v2:172.21.15.76:3300/0,v1:172.21.15.76:6789/0] -- mon_subscribe({mgrmap=0+}) -- 0x7f697419e2e0 con 0x7f6974106570
2024-03-23T15:34:04.605 INFO:teuthology.orchestra.run.smithi076.stdout:/usr/bin/ceph: stderr
2024-03-23T15:34:03.784+0000 7f696a7fc700 1 -- 172.21.15.76:0/664094175 <== mon.0 v2:172.21.15.76:3300/0 3 ==== mon_map magic: 0 ==== 205+0+0 (secure 0 0 0) 0x7f69640195e0 con 0x7f6974106570
2024-03-23T15:34:04.605 INFO:teuthology.orchestra.run.smithi076.stdout:/usr/bin/ceph: stderr
2024-03-23T15:34:03.785+0000 7f697b485700 1 -- 172.21.15.76:0/664094175 --> [v2:172.21.15.76:3300/0,v1:172.21.15.76:6789/0] -- mon_subscribe({osdmap=0}) -- 0x7f697419e780 con 0x7f6974106570
2024-03-23T15:34:04.605 INFO:teuthology.orchestra.run.smithi076.stdout:/usr/bin/ceph: stderr
2024-03-23T15:34:03.785+0000 7f696a7fc700 1 -- 172.21.15.76:0/664094175 <== mon.0 v2:172.21.15.76:3300/0 4 ==== mgrmap(e 8) ==== 45928+0+0 (secure 0 0 0) 0x7f69640198e0 con 0x7f6974106570
2024-03-23T15:34:04.605 INFO:teuthology.orchestra.run.smithi076.stdout:/usr/bin/ceph: stderr
2024-03-23T15:34:03.785+0000 7f697b485700 1 -- 172.21.15.76:0/664094175 --> [v2:172.21.15.76:3300/0,v1:172.21.15.76:6789/0] -- mon_command({"prefix": "get_command_descriptions"} v 0) -- 0x7f69741977f0 con 0x7f6974106570
2024-03-23T15:34:04.605 INFO:teuthology.orchestra.run.smithi076.stdout:/usr/bin/ceph: stderr
2024-03-23T15:34:03.785+0000 7f696a7fc700 1 --2- 172.21.15.76:0/664094175 >> [v2:172.21.15.76:6800/36977200,v1:172.21.15.76:6801/36977200] conn(0x7f6960038f50 0x7f696003b410 unknown :-1 s=NONE pgs=0 cs=0 l=1 rev1=0 crypto rx=0 tx=0 comp rx=0 tx=0).connect
2024-03-23T15:34:04.605 INFO:teuthology.orchestra.run.smithi076.stdout:/usr/bin/ceph: stderr
2024-03-23T15:34:03.786+0000 7f696a7fc700 1 -- 172.21.15.76:0/664094175 <== mon.0 v2:172.21.15.76:3300/0 5 ==== osd_map(2..2 src has 1..2) ==== 940+0+0 (secure 0 0 0) 0x7f696404d2d0 con 0x7f6974106570
2024-03-23T15:34:04.606 INFO:teuthology.orchestra.run.smithi076.stdout:/usr/bin/ceph: stderr
2024-03-23T15:34:03.786+0000 7f6978a20700 1 --2- 172.21.15.76:0/664094175 >> [v2:172.21.15.76:6800/36977200,v1:172.21.15.76:6801/36977200] conn(0x7f6960038f50 0x7f696003b410 unknown :-1 s=BANNER_CONNECTING pgs=0 cs=0 l=1 rev1=0 crypto rx=0 tx=0 comp rx=0 tx=0)._handle_peer_banner_payload supported=3 required=0
2024-03-23T15:34:04.606 INFO:teuthology.orchestra.run.smithi076.stdout:/usr/bin/ceph: stderr
2024-03-23T15:34:03.786+0000 7f6978a20700 1 --2- 172.21.15.76:0/664094175 >> [v2:172.21.15.76:6800/36977200,v1:172.21.15.76:6801/36977200] conn(0x7f6960038f50 0x7f696003b410 secure :-1 s=READY pgs=13 cs=0 l=1 rev1=1 crypto rx=0x7f6970006fd0 tx=0x7f6970006e40 comp rx=0 tx=0).ready entity=mgr.14118 client_cookie=0 server_cookie=0 in_seq=0 out_seq=0
2024-03-23T15:34:04.606 INFO:teuthology.orchestra.run.smithi076.stdout:/usr/bin/ceph: stderr
2024-03-23T15:34:03.790+0000 7f696a7fc700 1 -- 172.21.15.76:0/664094175 <== mon.0 v2:172.21.15.76:3300/0 6 ==== mon_command_ack([{"prefix": "get_command_descriptions"}]=0 v0) ==== 72+0+184932 (secure 0 0 0) 0x7f696402b340 con 0x7f6974106570
2024-03-23T15:34:04.606 INFO:teuthology.orchestra.run.smithi076.stdout:/usr/bin/ceph: stderr
2024-03-23T15:34:04.004+0000 7f697b485700 1 -- 172.21.15.76:0/664094175 --> [v2:172.21.15.76:6800/36977200,v1:172.21.15.76:6801/36977200] -- mgr_command(tid 0: {"prefix": "orch apply", "service_type": "mgr", "unmanaged": true, "target": ["mon-mgr", ""]}) -- 0x7f697402ddc0 con 0x7f6960038f50
2024-03-23T15:34:04.606 INFO:teuthology.orchestra.run.smithi076.stdout:/usr/bin/ceph: stderr
2024-03-23T15:34:04.008+0000 7f696a7fc700 1 -- 172.21.15.76:0/664094175 <== mgr.14118 v2:172.21.15.76:6800/36977200 1 ==== mgr_command_reply(tid 0: 0 ) ==== 8+0+24 (secure 0 0 0) 0x7f697402ddc0 con 0x7f6960038f50
2024-03-23T15:34:04.606 INFO:teuthology.orchestra.run.smithi076.stdout:/usr/bin/ceph: stderr
2024-03-23T15:34:04.010+0000 7f697b485700 1 -- 172.21.15.76:0/664094175 >> [v2:172.21.15.76:6800/36977200,v1:172.21.15.76:6801/36977200] conn(0x7f6960038f50 msgr2=0x7f696003b410 secure :-1 s=STATE_CONNECTION_ESTABLISHED l=1).mark_down
2024-03-23T15:34:04.606 INFO:teuthology.orchestra.run.smithi076.stdout:/usr/bin/ceph: stderr
2024-03-23T15:34:04.010+0000 7f697b485700 1 --2- 172.21.15.76:0/664094175 >> [v2:172.21.15.76:6800/36977200,v1:172.21.15.76:6801/36977200] conn(0x7f6960038f50 0x7f696003b410 secure :-1 s=READY pgs=13 cs=0 l=1 rev1=1 crypto rx=0x7f6970006fd0 tx=0x7f6970006e40 comp rx=0 tx=0).stop
2024-03-23T15:34:04.606 INFO:teuthology.orchestra.run.smithi076.stdout:/usr/bin/ceph: stderr
2024-03-23T15:34:04.010+0000 7f697b485700 1 -- 172.21.15.76:0/664094175 >> [v2:172.21.15.76:3300/0,v1:172.21.15.76:6789/0] conn(0x7f6974106570 msgr2=0x7f697419dba0 secure :-1 s=STATE_CONNECTION_ESTABLISHED l=1).mark_down
2024-03-23T15:34:04.606 INFO:teuthology.orchestra.run.smithi076.stdout:/usr/bin/ceph: stderr
2024-03-23T15:34:04.010+0000 7f697b485700 1 --2- 172.21.15.76:0/664094175 >> [v2:172.21.15.76:3300/0,v1:172.21.15.76:6789/0] conn(0x7f6974106570 0x7f697419dba0 secure :-1 s=READY pgs=48 cs=0 l=1 rev1=1 crypto rx=0x7f6964009fb0 tx=0x7f6964011b20 comp rx=0 tx=0).stop
2024-03-23T15:34:04.606 INFO:teuthology.orchestra.run.smithi076.stdout:/usr/bin/ceph: stderr
2024-03-23T15:34:04.010+0000 7f697b485700 1 -- 172.21.15.76:0/664094175 shutdown_connections
2024-03-23T15:34:04.607 INFO:teuthology.orchestra.run.smithi076.stdout:/usr/bin/ceph: stderr
2024-03-23T15:34:04.010+0000 7f697b485700 1 --2- 172.21.15.76:0/664094175 >> [v2:172.21.15.76:6800/36977200,v1:172.21.15.76:6801/36977200] conn(0x7f6960038f50 0x7f696003b410 unknown :-1 s=CLOSED pgs=13 cs=0 l=1 rev1=1 crypto rx=0 tx=0 comp rx=0 tx=0).stop
2024-03-23T15:34:04.607 INFO:teuthology.orchestra.run.smithi076.stdout:/usr/bin/ceph: stderr
2024-03-23T15:34:04.010+0000 7f697b485700 1 --2- 172.21.15.76:0/664094175 >> [v2:172.21.15.76:3300/0,v1:172.21.15.76:6789/0] conn(0x7f6974106570 0x7f697419dba0 unknown :-1 s=CLOSED pgs=48 cs=0 l=1 rev1=1 crypto rx=0 tx=0 comp rx=0 tx=0).stop
2024-03-23T15:34:04.607 INFO:teuthology.orchestra.run.smithi076.stdout:/usr/bin/ceph: stderr
2024-03-23T15:34:04.010+0000 7f697b485700 1 -- 172.21.15.76:0/664094175 >> 172.21.15.76:0/664094175 conn(0x7f6974102130 msgr2=0x7f6974194930 unknown :-1 s=STATE_NONE l=0).mark_down
2024-03-23T15:34:04.607 INFO:teuthology.orchestra.run.smithi076.stdout:/usr/bin/ceph: stderr
2024-03-23T15:34:04.010+0000 7f697b485700 1 -- 172.21.15.76:0/664094175 shutdown_connections
2024-03-23T15:34:04.607 INFO:teuthology.orchestra.run.smithi076.stdout:/usr/bin/ceph: stderr
2024-03-23T15:34:04.010+0000 7f697b485700 1 -- 172.21.15.76:0/664094175 wait complete.
2024-03-23T15:34:05.172 INFO:journalctl@ceph.mon.a.smithi076.stdout:Mar 23 15:34:05 smithi076 ceph-mon[32176]: from='client.14142 -' entity='client.admin' cmd=[{"prefix": "orch apply", "service_type": "mgr", "unmanaged": true, "target": ["mon-mgr", ""]}]: dispatch
2024-03-23T15:34:05.172 INFO:journalctl@ceph.mon.a.smithi076.stdout:Mar 23 15:34:05 smithi076 ceph-mon[32176]: Saving service mgr spec with placement count:2
2024-03-23T15:34:05.173 INFO:journalctl@ceph.mon.a.smithi076.stdout:Mar 23 15:34:05 smithi076 ceph-mon[32176]: from='mgr.14118 172.21.15.76:0/2012406986' entity='mgr.x'
2024-03-23T15:34:05.893 INFO:teuthology.orchestra.run.smithi076.stdout:/usr/bin/ceph: stderr
2024-03-23T15:34:05.014+0000 7f8c9e12c700 1 Processor -- start
2024-03-23T15:34:05.893 INFO:teuthology.orchestra.run.smithi076.stdout:/usr/bin/ceph: stderr
2024-03-23T15:34:05.014+0000 7f8c9e12c700 1 -- start start
2024-03-23T15:34:05.893 INFO:teuthology.orchestra.run.smithi076.stdout:/usr/bin/ceph: stderr
2024-03-23T15:34:05.014+0000 7f8c9e12c700 1 --2- >> [v2:172.21.15.76:3300/0,v1:172.21.15.76:6789/0] conn(0x7f8c9807de70 0x7f8c9807c2d0 unknown :-1 s=NONE pgs=0 cs=0 l=0 rev1=0 crypto rx=0 tx=0 comp rx=0 tx=0).connect
2024-03-23T15:34:05.893 INFO:teuthology.orchestra.run.smithi076.stdout:/usr/bin/ceph: stderr
2024-03-23T15:34:05.014+0000 7f8c9e12c700 1 -- --> [v2:172.21.15.76:3300/0,v1:172.21.15.76:6789/0] -- mon_getmap magic: 0 -- 0x7f8c9807c8a0 con 0x7f8c9807de70
2024-03-23T15:34:05.893 INFO:teuthology.orchestra.run.smithi076.stdout:/usr/bin/ceph: stderr
2024-03-23T15:34:05.014+0000 7f8c977fe700 1 --2- >> [v2:172.21.15.76:3300/0,v1:172.21.15.76:6789/0] conn(0x7f8c9807de70 0x7f8c9807c2d0 unknown :-1 s=BANNER_CONNECTING pgs=0 cs=0 l=0 rev1=0 crypto rx=0 tx=0 comp rx=0 tx=0)._handle_peer_banner_payload supported=3 required=0
2024-03-23T15:34:05.893 INFO:teuthology.orchestra.run.smithi076.stdout:/usr/bin/ceph: stderr
2024-03-23T15:34:05.014+0000 7f8c977fe700 1 --2- >> [v2:172.21.15.76:3300/0,v1:172.21.15.76:6789/0] conn(0x7f8c9807de70 0x7f8c9807c2d0 unknown :-1 s=HELLO_CONNECTING pgs=0 cs=0 l=0 rev1=1 crypto rx=0 tx=0 comp rx=0 tx=0).handle_hello peer v2:172.21.15.76:3300/0 says I am v2:172.21.15.76:47742/0 (socket says 172.21.15.76:47742)
2024-03-23T15:34:05.893 INFO:teuthology.orchestra.run.smithi076.stdout:/usr/bin/ceph: stderr
2024-03-23T15:34:05.014+0000 7f8c977fe700 1 -- 172.21.15.76:0/1224162466 learned_addr learned my addr 172.21.15.76:0/1224162466 (peer_addr_for_me v2:172.21.15.76:0/0)
2024-03-23T15:34:05.893 INFO:teuthology.orchestra.run.smithi076.stdout:/usr/bin/ceph: stderr
2024-03-23T15:34:05.014+0000 7f8c977fe700 1 -- 172.21.15.76:0/1224162466 --> [v2:172.21.15.76:3300/0,v1:172.21.15.76:6789/0] -- mon_subscribe({config=0+,monmap=0+}) -- 0x7f8c9807c9e0 con 0x7f8c9807de70
2024-03-23T15:34:05.894 INFO:teuthology.orchestra.run.smithi076.stdout:/usr/bin/ceph: stderr
2024-03-23T15:34:05.014+0000 7f8c977fe700 1 --2- 172.21.15.76:0/1224162466 >> [v2:172.21.15.76:3300/0,v1:172.21.15.76:6789/0] conn(0x7f8c9807de70 0x7f8c9807c2d0 secure :-1 s=READY pgs=49 cs=0 l=1 rev1=1 crypto rx=0x7f8c880098a0 tx=0x7f8c88009bb0 comp rx=0 tx=0).ready entity=mon.0 client_cookie=6787d75070742136 server_cookie=0 in_seq=0 out_seq=0
2024-03-23T15:34:05.894 INFO:teuthology.orchestra.run.smithi076.stdout:/usr/bin/ceph: stderr
2024-03-23T15:34:05.015+0000 7f8c967fc700 1 -- 172.21.15.76:0/1224162466 <== mon.0 v2:172.21.15.76:3300/0 1 ==== mon_map magic: 0 ==== 205+0+0 (secure 0 0 0) 0x7f8c88004160 con 0x7f8c9807de70
2024-03-23T15:34:05.894 INFO:teuthology.orchestra.run.smithi076.stdout:/usr/bin/ceph: stderr
2024-03-23T15:34:05.015+0000 7f8c967fc700 1 -- 172.21.15.76:0/1224162466 <== mon.0 v2:172.21.15.76:3300/0 2 ==== config(27 keys) ==== 1109+0+0 (secure 0 0 0) 0x7f8c880042c0 con 0x7f8c9807de70
2024-03-23T15:34:05.894 INFO:teuthology.orchestra.run.smithi076.stdout:/usr/bin/ceph: stderr
2024-03-23T15:34:05.015+0000 7f8c967fc700 1 -- 172.21.15.76:0/1224162466 <== mon.0 v2:172.21.15.76:3300/0 3 ==== mon_map magic: 0 ==== 205+0+0 (secure 0 0 0) 0x7f8c88011ac0 con 0x7f8c9807de70
2024-03-23T15:34:05.894 INFO:teuthology.orchestra.run.smithi076.stdout:/usr/bin/ceph: stderr
2024-03-23T15:34:05.015+0000 7f8c9e12c700 1 -- 172.21.15.76:0/1224162466 >> [v2:172.21.15.76:3300/0,v1:172.21.15.76:6789/0] conn(0x7f8c9807de70 msgr2=0x7f8c9807c2d0 secure :-1 s=STATE_CONNECTION_ESTABLISHED l=1).mark_down
2024-03-23T15:34:05.894 INFO:teuthology.orchestra.run.smithi076.stdout:/usr/bin/ceph: stderr
2024-03-23T15:34:05.015+0000 7f8c9e12c700 1 --2- 172.21.15.76:0/1224162466 >> [v2:172.21.15.76:3300/0,v1:172.21.15.76:6789/0] conn(0x7f8c9807de70 0x7f8c9807c2d0 secure :-1 s=READY pgs=49 cs=0 l=1 rev1=1 crypto rx=0x7f8c880098a0 tx=0x7f8c88009bb0 comp rx=0 tx=0).stop
2024-03-23T15:34:05.894 INFO:teuthology.orchestra.run.smithi076.stdout:/usr/bin/ceph: stderr
2024-03-23T15:34:05.015+0000 7f8c9e12c700 1 -- 172.21.15.76:0/1224162466 shutdown_connections
2024-03-23T15:34:05.894 INFO:teuthology.orchestra.run.smithi076.stdout:/usr/bin/ceph: stderr
2024-03-23T15:34:05.015+0000 7f8c9e12c700 1 --2- 172.21.15.76:0/1224162466 >> [v2:172.21.15.76:3300/0,v1:172.21.15.76:6789/0] conn(0x7f8c9807de70 0x7f8c9807c2d0 unknown :-1 s=CLOSED pgs=49 cs=0 l=1 rev1=1 crypto rx=0 tx=0 comp rx=0 tx=0).stop
2024-03-23T15:34:05.894 INFO:teuthology.orchestra.run.smithi076.stdout:/usr/bin/ceph: stderr
2024-03-23T15:34:05.015+0000 7f8c9e12c700 1 -- 172.21.15.76:0/1224162466 >> 172.21.15.76:0/1224162466 conn(0x7f8c98103280 msgr2=0x7f8c981056a0 unknown :-1 s=STATE_NONE l=0).mark_down
2024-03-23T15:34:05.894 INFO:teuthology.orchestra.run.smithi076.stdout:/usr/bin/ceph: stderr
2024-03-23T15:34:05.015+0000 7f8c9e12c700 1 -- 172.21.15.76:0/1224162466 shutdown_connections
2024-03-23T15:34:05.894 INFO:teuthology.orchestra.run.smithi076.stdout:/usr/bin/ceph: stderr
2024-03-23T15:34:05.015+0000 7f8c9e12c700 1 -- 172.21.15.76:0/1224162466 wait complete.
2024-03-23T15:34:05.894 INFO:teuthology.orchestra.run.smithi076.stdout:/usr/bin/ceph: stderr
2024-03-23T15:34:05.016+0000 7f8c9e12c700 1 Processor -- start
2024-03-23T15:34:05.894 INFO:teuthology.orchestra.run.smithi076.stdout:/usr/bin/ceph: stderr
2024-03-23T15:34:05.016+0000 7f8c9e12c700 1 -- start start
2024-03-23T15:34:05.895 INFO:teuthology.orchestra.run.smithi076.stdout:/usr/bin/ceph: stderr
2024-03-23T15:34:05.016+0000 7f8c9e12c700 1 --2- >> [v2:172.21.15.76:3300/0,v1:172.21.15.76:6789/0] conn(0x7f8c9807de70 0x7f8c9819db30 unknown :-1 s=NONE pgs=0 cs=0 l=1 rev1=0 crypto rx=0 tx=0 comp rx=0 tx=0).connect
2024-03-23T15:34:05.895 INFO:teuthology.orchestra.run.smithi076.stdout:/usr/bin/ceph: stderr
2024-03-23T15:34:05.016+0000 7f8c9e12c700 1 -- --> [v2:172.21.15.76:3300/0,v1:172.21.15.76:6789/0] -- mon_getmap magic: 0 -- 0x7f8c9819e070 con 0x7f8c9807de70
2024-03-23T15:34:05.895 INFO:teuthology.orchestra.run.smithi076.stdout:/usr/bin/ceph: stderr
2024-03-23T15:34:05.016+0000 7f8c977fe700 1 --2- >> [v2:172.21.15.76:3300/0,v1:172.21.15.76:6789/0] conn(0x7f8c9807de70 0x7f8c9819db30 unknown :-1 s=BANNER_CONNECTING pgs=0 cs=0 l=1 rev1=0 crypto rx=0 tx=0 comp rx=0 tx=0)._handle_peer_banner_payload supported=3 required=0
2024-03-23T15:34:05.895 INFO:teuthology.orchestra.run.smithi076.stdout:/usr/bin/ceph: stderr
2024-03-23T15:34:05.016+0000 7f8c977fe700 1 --2- >> [v2:172.21.15.76:3300/0,v1:172.21.15.76:6789/0] conn(0x7f8c9807de70 0x7f8c9819db30 unknown :-1 s=HELLO_CONNECTING pgs=0 cs=0 l=1 rev1=1 crypto rx=0 tx=0 comp rx=0 tx=0).handle_hello peer v2:172.21.15.76:3300/0 says I am v2:172.21.15.76:47752/0 (socket says 172.21.15.76:47752)
2024-03-23T15:34:05.895 INFO:teuthology.orchestra.run.smithi076.stdout:/usr/bin/ceph: stderr
2024-03-23T15:34:05.016+0000 7f8c977fe700 1 -- 172.21.15.76:0/3737799462 learned_addr learned my addr 172.21.15.76:0/3737799462 (peer_addr_for_me v2:172.21.15.76:0/0)
2024-03-23T15:34:05.895 INFO:teuthology.orchestra.run.smithi076.stdout:/usr/bin/ceph: stderr
2024-03-23T15:34:05.017+0000 7f8c977fe700 1 -- 172.21.15.76:0/3737799462 --> [v2:172.21.15.76:3300/0,v1:172.21.15.76:6789/0] -- mon_subscribe({config=0+,monmap=0+}) -- 0x7f8c88009550 con 0x7f8c9807de70
2024-03-23T15:34:05.895 INFO:teuthology.orchestra.run.smithi076.stdout:/usr/bin/ceph: stderr
2024-03-23T15:34:05.017+0000 7f8c977fe700 1 --2- 172.21.15.76:0/3737799462 >> [v2:172.21.15.76:3300/0,v1:172.21.15.76:6789/0] conn(0x7f8c9807de70 0x7f8c9819db30 secure :-1 s=READY pgs=50 cs=0 l=1 rev1=1 crypto rx=0x7f8c88003f70 tx=0x7f8c88011b40 comp rx=0 tx=0).ready entity=mon.0 client_cookie=0 server_cookie=0 in_seq=0 out_seq=0
2024-03-23T15:34:05.895 INFO:teuthology.orchestra.run.smithi076.stdout:/usr/bin/ceph: stderr
2024-03-23T15:34:05.017+0000 7f8c94ff9700 1 -- 172.21.15.76:0/3737799462 <== mon.0 v2:172.21.15.76:3300/0 1 ==== mon_map magic: 0 ==== 205+0+0 (secure 0 0 0) 0x7f8c880039f0 con 0x7f8c9807de70
2024-03-23T15:34:05.895 INFO:teuthology.orchestra.run.smithi076.stdout:/usr/bin/ceph: stderr
2024-03-23T15:34:05.017+0000 7f8c94ff9700 1 -- 172.21.15.76:0/3737799462 <== mon.0 v2:172.21.15.76:3300/0 2 ==== config(27 keys) ==== 1109+0+0 (secure 0 0 0) 0x7f8c88003b50 con 0x7f8c9807de70
2024-03-23T15:34:05.895 INFO:teuthology.orchestra.run.smithi076.stdout:/usr/bin/ceph: stderr
2024-03-23T15:34:05.017+0000 7f8c9e12c700 1 -- 172.21.15.76:0/3737799462 --> [v2:172.21.15.76:3300/0,v1:172.21.15.76:6789/0] -- mon_subscribe({mgrmap=0+}) -- 0x7f8c9819e270 con 0x7f8c9807de70
2024-03-23T15:34:05.895 INFO:teuthology.orchestra.run.smithi076.stdout:/usr/bin/ceph: stderr
2024-03-23T15:34:05.017+0000 7f8c94ff9700 1 -- 172.21.15.76:0/3737799462 <== mon.0 v2:172.21.15.76:3300/0 3 ==== mon_map magic: 0 ==== 205+0+0 (secure 0 0 0) 0x7f8c8801a760 con 0x7f8c9807de70
2024-03-23T15:34:05.895 INFO:teuthology.orchestra.run.smithi076.stdout:/usr/bin/ceph: stderr
2024-03-23T15:34:05.017+0000 7f8c9e12c700 1 -- 172.21.15.76:0/3737799462 --> [v2:172.21.15.76:3300/0,v1:172.21.15.76:6789/0] -- mon_subscribe({osdmap=0}) -- 0x7f8c9819e710 con 0x7f8c9807de70
2024-03-23T15:34:05.895 INFO:teuthology.orchestra.run.smithi076.stdout:/usr/bin/ceph: stderr
2024-03-23T15:34:05.018+0000 7f8c94ff9700 1 -- 172.21.15.76:0/3737799462 <== mon.0 v2:172.21.15.76:3300/0 4 ==== mgrmap(e 8) ==== 45928+0+0 (secure 0 0 0) 0x7f8c8801a900 con 0x7f8c9807de70
2024-03-23T15:34:05.896 INFO:teuthology.orchestra.run.smithi076.stdout:/usr/bin/ceph: stderr
2024-03-23T15:34:05.018+0000 7f8c94ff9700 1 --2- 172.21.15.76:0/3737799462 >> [v2:172.21.15.76:6800/36977200,v1:172.21.15.76:6801/36977200] conn(0x7f8c80038fa0 0x7f8c8003b460 unknown :-1 s=NONE pgs=0 cs=0 l=1 rev1=0 crypto rx=0 tx=0 comp rx=0 tx=0).connect
2024-03-23T15:34:05.896 INFO:teuthology.orchestra.run.smithi076.stdout:/usr/bin/ceph: stderr
2024-03-23T15:34:05.018+0000 7f8c94ff9700 1 -- 172.21.15.76:0/3737799462 <== mon.0 v2:172.21.15.76:3300/0 5 ==== osd_map(2..2 src has 1..2) ==== 940+0+0 (secure 0 0 0) 0x7f8c8804d2e0 con 0x7f8c9807de70
2024-03-23T15:34:05.896 INFO:teuthology.orchestra.run.smithi076.stdout:/usr/bin/ceph: stderr
2024-03-23T15:34:05.018+0000 7f8c9e12c700 1 -- 172.21.15.76:0/3737799462 --> [v2:172.21.15.76:3300/0,v1:172.21.15.76:6789/0] -- mon_command({"prefix": "get_command_descriptions"} v 0) -- 0x7f8c9810e0f0 con 0x7f8c9807de70
2024-03-23T15:34:05.896 INFO:teuthology.orchestra.run.smithi076.stdout:/usr/bin/ceph: stderr
2024-03-23T15:34:05.018+0000 7f8c96ffd700 1 --2- 172.21.15.76:0/3737799462 >> [v2:172.21.15.76:6800/36977200,v1:172.21.15.76:6801/36977200] conn(0x7f8c80038fa0 0x7f8c8003b460 unknown :-1 s=BANNER_CONNECTING pgs=0 cs=0 l=1 rev1=0 crypto rx=0 tx=0 comp rx=0 tx=0)._handle_peer_banner_payload supported=3 required=0
2024-03-23T15:34:05.896 INFO:teuthology.orchestra.run.smithi076.stdout:/usr/bin/ceph: stderr
2024-03-23T15:34:05.018+0000 7f8c96ffd700 1 --2- 172.21.15.76:0/3737799462 >> [v2:172.21.15.76:6800/36977200,v1:172.21.15.76:6801/36977200] conn(0x7f8c80038fa0 0x7f8c8003b460 secure :-1 s=READY pgs=14 cs=0 l=1 rev1=1 crypto rx=0x7f8c8c006fd0 tx=0x7f8c8c006e40 comp rx=0 tx=0).ready entity=mgr.14118 client_cookie=0 server_cookie=0 in_seq=0 out_seq=0
2024-03-23T15:34:05.896 INFO:teuthology.orchestra.run.smithi076.stdout:/usr/bin/ceph: stderr
2024-03-23T15:34:05.023+0000 7f8c94ff9700 1 -- 172.21.15.76:0/3737799462 <== mon.0 v2:172.21.15.76:3300/0 6 ==== mon_command_ack([{"prefix": "get_command_descriptions"}]=0 v0) ==== 72+0+184932 (secure 0 0 0) 0x7f8c88018530 con 0x7f8c9807de70
2024-03-23T15:34:05.896 INFO:teuthology.orchestra.run.smithi076.stdout:/usr/bin/ceph: stderr
2024-03-23T15:34:05.227+0000 7f8c9e12c700 1 -- 172.21.15.76:0/3737799462 --> [v2:172.21.15.76:3300/0,v1:172.21.15.76:6789/0] -- mon_command([{prefix=config set, name=mgr/cephadm/container_init}] v 0) -- 0x7f8c9810e300 con 0x7f8c9807de70
2024-03-23T15:34:05.896 INFO:teuthology.orchestra.run.smithi076.stdout:/usr/bin/ceph: stderr
2024-03-23T15:34:05.230+0000 7f8c94ff9700 1 -- 172.21.15.76:0/3737799462 <== mon.0 v2:172.21.15.76:3300/0 7 ==== mon_command_ack([{prefix=config set, name=mgr/cephadm/container_init}]=0 v6)=0 v6) ==== 142+0+0 (secure 0 0 0) 0x7f8c88018350 con 0x7f8c9807de70
2024-03-23T15:34:05.896 INFO:teuthology.orchestra.run.smithi076.stdout:/usr/bin/ceph: stderr
2024-03-23T15:34:05.232+0000 7f8c9e12c700 1 -- 172.21.15.76:0/3737799462 >> [v2:172.21.15.76:6800/36977200,v1:172.21.15.76:6801/36977200] conn(0x7f8c80038fa0 msgr2=0x7f8c8003b460 secure :-1 s=STATE_CONNECTION_ESTABLISHED l=1).mark_down
2024-03-23T15:34:05.897 INFO:teuthology.orchestra.run.smithi076.stdout:/usr/bin/ceph: stderr
2024-03-23T15:34:05.232+0000 7f8c9e12c700 1 --2- 172.21.15.76:0/3737799462 >> [v2:172.21.15.76:6800/36977200,v1:172.21.15.76:6801/36977200] conn(0x7f8c80038fa0 0x7f8c8003b460 secure :-1 s=READY pgs=14 cs=0 l=1 rev1=1 crypto rx=0x7f8c8c006fd0 tx=0x7f8c8c006e40 comp rx=0 tx=0).stop
2024-03-23T15:34:05.897 INFO:teuthology.orchestra.run.smithi076.stdout:/usr/bin/ceph: stderr
2024-03-23T15:34:05.232+0000 7f8c9e12c700 1 -- 172.21.15.76:0/3737799462 >> [v2:172.21.15.76:3300/0,v1:172.21.15.76:6789/0] conn(0x7f8c9807de70 msgr2=0x7f8c9819db30 secure :-1 s=STATE_CONNECTION_ESTABLISHED l=1).mark_down
2024-03-23T15:34:05.897 INFO:teuthology.orchestra.run.smithi076.stdout:/usr/bin/ceph: stderr
2024-03-23T15:34:05.232+0000 7f8c9e12c700 1 --2- 172.21.15.76:0/3737799462 >> [v2:172.21.15.76:3300/0,v1:172.21.15.76:6789/0] conn(0x7f8c9807de70 0x7f8c9819db30 secure :-1 s=READY pgs=50 cs=0 l=1 rev1=1 crypto rx=0x7f8c88003f70 tx=0x7f8c88011b40 comp rx=0 tx=0).stop
2024-03-23T15:34:05.897 INFO:teuthology.orchestra.run.smithi076.stdout:/usr/bin/ceph: stderr
2024-03-23T15:34:05.232+0000 7f8c9e12c700 1 -- 172.21.15.76:0/3737799462 shutdown_connections
2024-03-23T15:34:05.897 INFO:teuthology.orchestra.run.smithi076.stdout:/usr/bin/ceph: stderr
2024-03-23T15:34:05.232+0000 7f8c9e12c700 1 --2- 172.21.15.76:0/3737799462 >> [v2:172.21.15.76:6800/36977200,v1:172.21.15.76:6801/36977200] conn(0x7f8c80038fa0 0x7f8c8003b460 unknown :-1 s=CLOSED pgs=14 cs=0 l=1 rev1=1 crypto rx=0 tx=0 comp rx=0 tx=0).stop
2024-03-23T15:34:05.897 INFO:teuthology.orchestra.run.smithi076.stdout:/usr/bin/ceph: stderr
2024-03-23T15:34:05.232+0000 7f8c9e12c700 1 --2- 172.21.15.76:0/3737799462 >> [v2:172.21.15.76:3300/0,v1:172.21.15.76:6789/0] conn(0x7f8c9807de70 0x7f8c9819db30 unknown :-1 s=CLOSED pgs=50 cs=0 l=1 rev1=1 crypto rx=0 tx=0 comp rx=0 tx=0).stop
2024-03-23T15:34:05.897 INFO:teuthology.orchestra.run.smithi076.stdout:/usr/bin/ceph: stderr
2024-03-23T15:34:05.232+0000 7f8c9e12c700 1 -- 172.21.15.76:0/3737799462 >> 172.21.15.76:0/3737799462 conn(0x7f8c98103280 msgr2=0x7f8c98103c80 unknown :-1 s=STATE_NONE l=0).mark_down
2024-03-23T15:34:05.897 INFO:teuthology.orchestra.run.smithi076.stdout:/usr/bin/ceph: stderr
2024-03-23T15:34:05.232+0000 7f8c9e12c700 1 -- 172.21.15.76:0/3737799462 shutdown_connections
2024-03-23T15:34:05.897 INFO:teuthology.orchestra.run.smithi076.stdout:/usr/bin/ceph: stderr
2024-03-23T15:34:05.232+0000 7f8c9e12c700 1 -- 172.21.15.76:0/3737799462 wait complete.
2024-03-23T15:34:06.255 INFO:journalctl@ceph.mon.a.smithi076.stdout:Mar 23 15:34:06 smithi076 ceph-mon[32176]: from='client.? 172.21.15.76:0/3737799462' entity='client.admin'
2024-03-23T15:34:07.284 INFO:teuthology.orchestra.run.smithi076.stdout:/usr/bin/ceph: stderr
2024-03-23T15:34:06.276+0000 7f15df917700 1 Processor -- start
2024-03-23T15:34:07.285 INFO:teuthology.orchestra.run.smithi076.stdout:/usr/bin/ceph: stderr
2024-03-23T15:34:06.276+0000 7f15df917700 1 -- start start
2024-03-23T15:34:07.285 INFO:teuthology.orchestra.run.smithi076.stdout:/usr/bin/ceph: stderr
2024-03-23T15:34:06.277+0000 7f15df917700 1 --2- >> [v2:172.21.15.76:3300/0,v1:172.21.15.76:6789/0] conn(0x7f15d81087a0 0x7f15d810ab90 unknown :-1 s=NONE pgs=0 cs=0 l=0 rev1=0 crypto rx=0 tx=0 comp rx=0 tx=0).connect
2024-03-23T15:34:07.285 INFO:teuthology.orchestra.run.smithi076.stdout:/usr/bin/ceph: stderr
2024-03-23T15:34:06.277+0000 7f15df917700 1 -- --> [v2:172.21.15.76:3300/0,v1:172.21.15.76:6789/0] -- mon_getmap magic: 0 -- 0x7f15d807be40 con 0x7f15d81087a0
2024-03-23T15:34:07.285 INFO:teuthology.orchestra.run.smithi076.stdout:/usr/bin/ceph: stderr
2024-03-23T15:34:06.277+0000 7f15dd6b3700 1 --2- >> [v2:172.21.15.76:3300/0,v1:172.21.15.76:6789/0] conn(0x7f15d81087a0 0x7f15d810ab90 unknown :-1 s=BANNER_CONNECTING pgs=0 cs=0 l=0 rev1=0 crypto rx=0 tx=0 comp rx=0 tx=0)._handle_peer_banner_payload supported=3 required=0
2024-03-23T15:34:07.285 INFO:teuthology.orchestra.run.smithi076.stdout:/usr/bin/ceph: stderr
2024-03-23T15:34:06.277+0000 7f15dd6b3700 1 --2- >> [v2:172.21.15.76:3300/0,v1:172.21.15.76:6789/0] conn(0x7f15d81087a0 0x7f15d810ab90 unknown :-1 s=HELLO_CONNECTING pgs=0 cs=0 l=0 rev1=1 crypto rx=0 tx=0 comp rx=0 tx=0).handle_hello peer v2:172.21.15.76:3300/0 says I am v2:172.21.15.76:47760/0 (socket says 172.21.15.76:47760)
2024-03-23T15:34:07.285 INFO:teuthology.orchestra.run.smithi076.stdout:/usr/bin/ceph: stderr
2024-03-23T15:34:06.277+0000 7f15dd6b3700 1 -- 172.21.15.76:0/2165141554 learned_addr learned my addr 172.21.15.76:0/2165141554 (peer_addr_for_me v2:172.21.15.76:0/0)
2024-03-23T15:34:07.285 INFO:teuthology.orchestra.run.smithi076.stdout:/usr/bin/ceph: stderr
2024-03-23T15:34:06.277+0000 7f15dd6b3700 1 -- 172.21.15.76:0/2165141554 --> [v2:172.21.15.76:3300/0,v1:172.21.15.76:6789/0] -- mon_subscribe({config=0+,monmap=0+}) -- 0x7f15d810b0d0 con 0x7f15d81087a0
2024-03-23T15:34:07.286 INFO:teuthology.orchestra.run.smithi076.stdout:/usr/bin/ceph: stderr
2024-03-23T15:34:06.277+0000 7f15dd6b3700 1 --2- 172.21.15.76:0/2165141554 >> [v2:172.21.15.76:3300/0,v1:172.21.15.76:6789/0] conn(0x7f15d81087a0 0x7f15d810ab90 secure :-1 s=READY pgs=51 cs=0 l=1 rev1=1 crypto rx=0x7f15d40098a0 tx=0x7f15d4009bb0 comp rx=0 tx=0).ready entity=mon.0 client_cookie=22103650247ee08 server_cookie=0 in_seq=0 out_seq=0
2024-03-23T15:34:07.286 INFO:teuthology.orchestra.run.smithi076.stdout:/usr/bin/ceph: stderr
2024-03-23T15:34:06.277+0000 7f15cffff700 1 -- 172.21.15.76:0/2165141554 <== mon.0 v2:172.21.15.76:3300/0 1 ==== mon_map magic: 0 ==== 205+0+0 (secure 0 0 0) 0x7f15d4004160 con 0x7f15d81087a0
2024-03-23T15:34:07.286 INFO:teuthology.orchestra.run.smithi076.stdout:/usr/bin/ceph: stderr
2024-03-23T15:34:06.277+0000 7f15cffff700 1 -- 172.21.15.76:0/2165141554 <== mon.0 v2:172.21.15.76:3300/0 2 ==== config(27 keys) ==== 1109+0+0 (secure 0 0 0) 0x7f15d40042c0 con 0x7f15d81087a0
2024-03-23T15:34:07.286 INFO:teuthology.orchestra.run.smithi076.stdout:/usr/bin/ceph: stderr
2024-03-23T15:34:06.277+0000 7f15cffff700 1 -- 172.21.15.76:0/2165141554 <== mon.0 v2:172.21.15.76:3300/0 3 ==== mon_map magic: 0 ==== 205+0+0 (secure 0 0 0) 0x7f15d4011ac0 con 0x7f15d81087a0
2024-03-23T15:34:07.286 INFO:teuthology.orchestra.run.smithi076.stdout:/usr/bin/ceph: stderr
2024-03-23T15:34:06.278+0000 7f15df917700 1 -- 172.21.15.76:0/2165141554 >> [v2:172.21.15.76:3300/0,v1:172.21.15.76:6789/0] conn(0x7f15d81087a0 msgr2=0x7f15d810ab90 secure :-1 s=STATE_CONNECTION_ESTABLISHED l=1).mark_down
2024-03-23T15:34:07.286 INFO:teuthology.orchestra.run.smithi076.stdout:/usr/bin/ceph: stderr
2024-03-23T15:34:06.278+0000 7f15df917700 1 --2- 172.21.15.76:0/2165141554 >> [v2:172.21.15.76:3300/0,v1:172.21.15.76:6789/0] conn(0x7f15d81087a0 0x7f15d810ab90 secure :-1 s=READY pgs=51 cs=0 l=1 rev1=1 crypto rx=0x7f15d40098a0 tx=0x7f15d4009bb0 comp rx=0 tx=0).stop
2024-03-23T15:34:07.286 INFO:teuthology.orchestra.run.smithi076.stdout:/usr/bin/ceph: stderr
2024-03-23T15:34:06.278+0000 7f15df917700 1 -- 172.21.15.76:0/2165141554 shutdown_connections
2024-03-23T15:34:07.286 INFO:teuthology.orchestra.run.smithi076.stdout:/usr/bin/ceph: stderr
2024-03-23T15:34:06.278+0000 7f15df917700 1 --2- 172.21.15.76:0/2165141554 >> [v2:172.21.15.76:3300/0,v1:172.21.15.76:6789/0] conn(0x7f15d81087a0 0x7f15d810ab90 unknown :-1 s=CLOSED pgs=51 cs=0 l=1 rev1=1 crypto rx=0 tx=0 comp rx=0 tx=0).stop
2024-03-23T15:34:07.286 INFO:teuthology.orchestra.run.smithi076.stdout:/usr/bin/ceph: stderr
2024-03-23T15:34:06.278+0000 7f15df917700 1 -- 172.21.15.76:0/2165141554 >> 172.21.15.76:0/2165141554 conn(0x7f15d8102190 msgr2=0x7f15d81045b0 unknown :-1 s=STATE_NONE l=0).mark_down
2024-03-23T15:34:07.287 INFO:teuthology.orchestra.run.smithi076.stdout:/usr/bin/ceph: stderr
2024-03-23T15:34:06.278+0000 7f15df917700 1 -- 172.21.15.76:0/2165141554 shutdown_connections
2024-03-23T15:34:07.287 INFO:teuthology.orchestra.run.smithi076.stdout:/usr/bin/ceph: stderr
2024-03-23T15:34:06.278+0000 7f15df917700 1 -- 172.21.15.76:0/2165141554 wait complete.
2024-03-23T15:34:07.287 INFO:teuthology.orchestra.run.smithi076.stdout:/usr/bin/ceph: stderr
2024-03-23T15:34:06.279+0000 7f15df917700 1 Processor -- start
2024-03-23T15:34:07.287 INFO:teuthology.orchestra.run.smithi076.stdout:/usr/bin/ceph: stderr
2024-03-23T15:34:06.279+0000 7f15df917700 1 -- start start
2024-03-23T15:34:07.287 INFO:teuthology.orchestra.run.smithi076.stdout:/usr/bin/ceph: stderr
2024-03-23T15:34:06.279+0000 7f15df917700 1 --2- >> [v2:172.21.15.76:3300/0,v1:172.21.15.76:6789/0] conn(0x7f15d81087a0 0x7f15d819dbc0 unknown :-1 s=NONE pgs=0 cs=0 l=1 rev1=0 crypto rx=0 tx=0 comp rx=0 tx=0).connect
2024-03-23T15:34:07.287 INFO:teuthology.orchestra.run.smithi076.stdout:/usr/bin/ceph: stderr
2024-03-23T15:34:06.279+0000 7f15df917700 1 -- --> [v2:172.21.15.76:3300/0,v1:172.21.15.76:6789/0] -- mon_getmap magic: 0 -- 0x7f15d819e100 con 0x7f15d81087a0
2024-03-23T15:34:07.287 INFO:teuthology.orchestra.run.smithi076.stdout:/usr/bin/ceph: stderr
2024-03-23T15:34:06.279+0000 7f15dd6b3700 1 --2- >> [v2:172.21.15.76:3300/0,v1:172.21.15.76:6789/0] conn(0x7f15d81087a0 0x7f15d819dbc0 unknown :-1 s=BANNER_CONNECTING pgs=0 cs=0 l=1 rev1=0 crypto rx=0 tx=0 comp rx=0 tx=0)._handle_peer_banner_payload supported=3 required=0
2024-03-23T15:34:07.287 INFO:teuthology.orchestra.run.smithi076.stdout:/usr/bin/ceph: stderr
2024-03-23T15:34:06.279+0000 7f15dd6b3700 1 --2- >> [v2:172.21.15.76:3300/0,v1:172.21.15.76:6789/0] conn(0x7f15d81087a0 0x7f15d819dbc0 unknown :-1 s=HELLO_CONNECTING pgs=0 cs=0 l=1 rev1=1 crypto rx=0 tx=0 comp rx=0 tx=0).handle_hello peer v2:172.21.15.76:3300/0 says I am v2:172.21.15.76:47764/0 (socket says 172.21.15.76:47764)
2024-03-23T15:34:07.287 INFO:teuthology.orchestra.run.smithi076.stdout:/usr/bin/ceph: stderr
2024-03-23T15:34:06.279+0000 7f15dd6b3700 1 -- 172.21.15.76:0/1996194337 learned_addr learned my addr 172.21.15.76:0/1996194337 (peer_addr_for_me v2:172.21.15.76:0/0)
2024-03-23T15:34:07.288 INFO:teuthology.orchestra.run.smithi076.stdout:/usr/bin/ceph: stderr
2024-03-23T15:34:06.279+0000 7f15dd6b3700 1 -- 172.21.15.76:0/1996194337 --> [v2:172.21.15.76:3300/0,v1:172.21.15.76:6789/0] -- mon_subscribe({config=0+,monmap=0+}) -- 0x7f15d4009550 con 0x7f15d81087a0
2024-03-23T15:34:07.288 INFO:teuthology.orchestra.run.smithi076.stdout:/usr/bin/ceph: stderr
2024-03-23T15:34:06.279+0000 7f15dd6b3700 1 --2- 172.21.15.76:0/1996194337 >> [v2:172.21.15.76:3300/0,v1:172.21.15.76:6789/0] conn(0x7f15d81087a0 0x7f15d819dbc0 secure :-1 s=READY pgs=52 cs=0 l=1 rev1=1 crypto rx=0x7f15d4011a70 tx=0x7f15d4011b50 comp rx=0 tx=0).ready entity=mon.0 client_cookie=0 server_cookie=0 in_seq=0 out_seq=0
2024-03-23T15:34:07.288 INFO:teuthology.orchestra.run.smithi076.stdout:/usr/bin/ceph: stderr
2024-03-23T15:34:06.279+0000 7f15ce7fc700 1 -- 172.21.15.76:0/1996194337 <== mon.0 v2:172.21.15.76:3300/0 1 ==== mon_map magic: 0 ==== 205+0+0 (secure 0 0 0) 0x7f15d40039c0 con 0x7f15d81087a0
2024-03-23T15:34:07.288 INFO:teuthology.orchestra.run.smithi076.stdout:/usr/bin/ceph: stderr
2024-03-23T15:34:06.279+0000 7f15ce7fc700 1 -- 172.21.15.76:0/1996194337 <== mon.0 v2:172.21.15.76:3300/0 2 ==== config(27 keys) ==== 1109+0+0 (secure 0 0 0) 0x7f15d4003b20 con 0x7f15d81087a0
2024-03-23T15:34:07.288 INFO:teuthology.orchestra.run.smithi076.stdout:/usr/bin/ceph: stderr
2024-03-23T15:34:06.279+0000 7f15df917700 1 -- 172.21.15.76:0/1996194337 --> [v2:172.21.15.76:3300/0,v1:172.21.15.76:6789/0] -- mon_subscribe({mgrmap=0+}) -- 0x7f15d819e300 con 0x7f15d81087a0
2024-03-23T15:34:07.288 INFO:teuthology.orchestra.run.smithi076.stdout:/usr/bin/ceph: stderr
2024-03-23T15:34:06.279+0000 7f15ce7fc700 1 -- 172.21.15.76:0/1996194337 <== mon.0 v2:172.21.15.76:3300/0 3 ==== mon_map magic: 0 ==== 205+0+0 (secure 0 0 0) 0x7f15d4024610 con 0x7f15d81087a0
2024-03-23T15:34:07.288 INFO:teuthology.orchestra.run.smithi076.stdout:/usr/bin/ceph: stderr
2024-03-23T15:34:06.280+0000 7f15df917700 1 -- 172.21.15.76:0/1996194337 --> [v2:172.21.15.76:3300/0,v1:172.21.15.76:6789/0] -- mon_subscribe({osdmap=0}) -- 0x7f15d819e7a0 con 0x7f15d81087a0
2024-03-23T15:34:07.288 INFO:teuthology.orchestra.run.smithi076.stdout:/usr/bin/ceph: stderr
