2024-03-23T15:33:54.690+0000 7faa198f3700 1 --2- >> [v2:172.21.15.76:3300/0,v1:172.21.15.76:6789/0] conn(0x7faa14107ca0 0x7faa1419ba00 unknown :-1 s=HELLO_CONNECTING pgs=0 cs=0 l=1 rev1=1 crypto rx=0 tx=0 comp rx=0 tx=0).handle_hello peer v2:172.21.15.76:3300/0 says I am v2:172.21.15.76:54746/0 (socket says 172.21.15.76:54746)
2024-03-23T15:33:55.583 INFO:teuthology.orchestra.run.smithi076.stdout:/usr/bin/ceph: stderr
2024-03-23T15:33:54.690+0000 7faa198f3700 1 -- 172.21.15.76:0/1409215325 learned_addr learned my addr 172.21.15.76:0/1409215325 (peer_addr_for_me v2:172.21.15.76:0/0)
2024-03-23T15:33:55.583 INFO:teuthology.orchestra.run.smithi076.stdout:/usr/bin/ceph: stderr
2024-03-23T15:33:54.691+0000 7faa198f3700 1 -- 172.21.15.76:0/1409215325 --> [v2:172.21.15.76:3300/0,v1:172.21.15.76:6789/0] -- mon_subscribe({config=0+,monmap=0+}) -- 0x7faa10009550 con 0x7faa14107ca0
2024-03-23T15:33:55.583 INFO:teuthology.orchestra.run.smithi076.stdout:/usr/bin/ceph: stderr
2024-03-23T15:33:54.691+0000 7faa198f3700 1 --2- 172.21.15.76:0/1409215325 >> [v2:172.21.15.76:3300/0,v1:172.21.15.76:6789/0] conn(0x7faa14107ca0 0x7faa1419ba00 secure :-1 s=READY pgs=40 cs=0 l=1 rev1=1 crypto rx=0x7faa10009fb0 tx=0x7faa10011b20 comp rx=0 tx=0).ready entity=mon.0 client_cookie=0 server_cookie=0 in_seq=0 out_seq=0
2024-03-23T15:33:55.583 INFO:teuthology.orchestra.run.smithi076.stdout:/usr/bin/ceph: stderr
2024-03-23T15:33:54.691+0000 7faa0affd700 1 -- 172.21.15.76:0/1409215325 <== mon.0 v2:172.21.15.76:3300/0 1 ==== mon_map magic: 0 ==== 205+0+0 (secure 0 0 0) 0x7faa100038b0 con 0x7faa14107ca0
2024-03-23T15:33:55.583 INFO:teuthology.orchestra.run.smithi076.stdout:/usr/bin/ceph: stderr
2024-03-23T15:33:54.691+0000 7faa0affd700 1 -- 172.21.15.76:0/1409215325 <== mon.0 v2:172.21.15.76:3300/0 2 ==== config(27 keys) ==== 1109+0+0 (secure 0 0 0) 0x7faa10003a10 con 0x7faa14107ca0
2024-03-23T15:33:55.583 INFO:teuthology.orchestra.run.smithi076.stdout:/usr/bin/ceph: stderr
2024-03-23T15:33:54.691+0000 7faa0affd700 1 -- 172.21.15.76:0/1409215325 <== mon.0 v2:172.21.15.76:3300/0 3 ==== mon_map magic: 0 ==== 205+0+0 (secure 0 0 0) 0x7faa100195e0 con 0x7faa14107ca0
2024-03-23T15:33:55.584 INFO:teuthology.orchestra.run.smithi076.stdout:/usr/bin/ceph: stderr
2024-03-23T15:33:54.691+0000 7faa1bb57700 1 -- 172.21.15.76:0/1409215325 --> [v2:172.21.15.76:3300/0,v1:172.21.15.76:6789/0] -- mon_subscribe({mgrmap=0+}) -- 0x7faa1419c140 con 0x7faa14107ca0
2024-03-23T15:33:55.584 INFO:teuthology.orchestra.run.smithi076.stdout:/usr/bin/ceph: stderr
2024-03-23T15:33:54.691+0000 7faa1bb57700 1 -- 172.21.15.76:0/1409215325 --> [v2:172.21.15.76:3300/0,v1:172.21.15.76:6789/0] -- mon_subscribe({osdmap=0}) -- 0x7faa1419c5e0 con 0x7faa14107ca0
2024-03-23T15:33:55.584 INFO:teuthology.orchestra.run.smithi076.stdout:/usr/bin/ceph: stderr
2024-03-23T15:33:54.692+0000 7faa0affd700 1 -- 172.21.15.76:0/1409215325 <== mon.0 v2:172.21.15.76:3300/0 4 ==== mgrmap(e 8) ==== 45928+0+0 (secure 0 0 0) 0x7faa100198a0 con 0x7faa14107ca0
2024-03-23T15:33:55.584 INFO:teuthology.orchestra.run.smithi076.stdout:/usr/bin/ceph: stderr
2024-03-23T15:33:54.692+0000 7faa0affd700 1 --2- 172.21.15.76:0/1409215325 >> [v2:172.21.15.76:6800/36977200,v1:172.21.15.76:6801/36977200] conn(0x7faa00038f50 0x7faa0003b410 unknown :-1 s=NONE pgs=0 cs=0 l=1 rev1=0 crypto rx=0 tx=0 comp rx=0 tx=0).connect
2024-03-23T15:33:55.584 INFO:teuthology.orchestra.run.smithi076.stdout:/usr/bin/ceph: stderr
2024-03-23T15:33:54.692+0000 7faa0affd700 1 -- 172.21.15.76:0/1409215325 <== mon.0 v2:172.21.15.76:3300/0 5 ==== osd_map(2..2 src has 1..2) ==== 940+0+0 (secure 0 0 0) 0x7faa1004d110 con 0x7faa14107ca0
2024-03-23T15:33:55.584 INFO:teuthology.orchestra.run.smithi076.stdout:/usr/bin/ceph: stderr
2024-03-23T15:33:54.692+0000 7faa190f2700 1 --2- 172.21.15.76:0/1409215325 >> [v2:172.21.15.76:6800/36977200,v1:172.21.15.76:6801/36977200] conn(0x7faa00038f50 0x7faa0003b410 unknown :-1 s=BANNER_CONNECTING pgs=0 cs=0 l=1 rev1=0 crypto rx=0 tx=0 comp rx=0 tx=0)._handle_peer_banner_payload supported=3 required=0
2024-03-23T15:33:55.584 INFO:teuthology.orchestra.run.smithi076.stdout:/usr/bin/ceph: stderr
2024-03-23T15:33:54.692+0000 7faa1bb57700 1 -- 172.21.15.76:0/1409215325 --> [v2:172.21.15.76:3300/0,v1:172.21.15.76:6789/0] -- mon_command({"prefix": "get_command_descriptions"} v 0) -- 0x7faa1410c0d0 con 0x7faa14107ca0
2024-03-23T15:33:55.584 INFO:teuthology.orchestra.run.smithi076.stdout:/usr/bin/ceph: stderr
2024-03-23T15:33:54.693+0000 7faa190f2700 1 --2- 172.21.15.76:0/1409215325 >> [v2:172.21.15.76:6800/36977200,v1:172.21.15.76:6801/36977200] conn(0x7faa00038f50 0x7faa0003b410 secure :-1 s=READY pgs=9 cs=0 l=1 rev1=1 crypto rx=0x7faa04006fd0 tx=0x7faa04006e40 comp rx=0 tx=0).ready entity=mgr.14118 client_cookie=0 server_cookie=0 in_seq=0 out_seq=0
2024-03-23T15:33:55.584 INFO:teuthology.orchestra.run.smithi076.stdout:/usr/bin/ceph: stderr
2024-03-23T15:33:54.697+0000 7faa0affd700 1 -- 172.21.15.76:0/1409215325 <== mon.0 v2:172.21.15.76:3300/0 6 ==== mon_command_ack([{"prefix": "get_command_descriptions"}]=0 v0) ==== 72+0+184932 (secure 0 0 0) 0x7faa10019ba0 con 0x7faa14107ca0
2024-03-23T15:33:55.584 INFO:teuthology.orchestra.run.smithi076.stdout:/usr/bin/ceph: stderr
2024-03-23T15:33:54.892+0000 7faa1bb57700 1 -- 172.21.15.76:0/1409215325 --> [v2:172.21.15.76:6800/36977200,v1:172.21.15.76:6801/36977200] -- mgr_command(tid 0: {"prefix": "cephadm generate-key", "target": ["mon-mgr", ""]}) -- 0x7faa141043b0 con 0x7faa00038f50
2024-03-23T15:33:55.584 INFO:teuthology.orchestra.run.smithi076.stdout:/usr/bin/ceph: stderr
2024-03-23T15:33:54.945+0000 7faa0affd700 1 -- 172.21.15.76:0/1409215325 <== mgr.14118 v2:172.21.15.76:6800/36977200 1 ==== mgr_command_reply(tid 0: 0 ) ==== 8+0+0 (secure 0 0 0) 0x7faa141043b0 con 0x7faa00038f50
2024-03-23T15:33:55.584 INFO:teuthology.orchestra.run.smithi076.stdout:/usr/bin/ceph: stderr
2024-03-23T15:33:54.947+0000 7faa1bb57700 1 -- 172.21.15.76:0/1409215325 >> [v2:172.21.15.76:6800/36977200,v1:172.21.15.76:6801/36977200] conn(0x7faa00038f50 msgr2=0x7faa0003b410 secure :-1 s=STATE_CONNECTION_ESTABLISHED l=1).mark_down
2024-03-23T15:33:55.584 INFO:teuthology.orchestra.run.smithi076.stdout:/usr/bin/ceph: stderr
2024-03-23T15:33:54.947+0000 7faa1bb57700 1 --2- 172.21.15.76:0/1409215325 >> [v2:172.21.15.76:6800/36977200,v1:172.21.15.76:6801/36977200] conn(0x7faa00038f50 0x7faa0003b410 secure :-1 s=READY pgs=9 cs=0 l=1 rev1=1 crypto rx=0x7faa04006fd0 tx=0x7faa04006e40 comp rx=0 tx=0).stop
2024-03-23T15:33:55.584 INFO:teuthology.orchestra.run.smithi076.stdout:/usr/bin/ceph: stderr
2024-03-23T15:33:54.947+0000 7faa1bb57700 1 -- 172.21.15.76:0/1409215325 >> [v2:172.21.15.76:3300/0,v1:172.21.15.76:6789/0] conn(0x7faa14107ca0 msgr2=0x7faa1419ba00 secure :-1 s=STATE_CONNECTION_ESTABLISHED l=1).mark_down
2024-03-23T15:33:55.585 INFO:teuthology.orchestra.run.smithi076.stdout:/usr/bin/ceph: stderr
2024-03-23T15:33:54.947+0000 7faa1bb57700 1 --2- 172.21.15.76:0/1409215325 >> [v2:172.21.15.76:3300/0,v1:172.21.15.76:6789/0] conn(0x7faa14107ca0 0x7faa1419ba00 secure :-1 s=READY pgs=40 cs=0 l=1 rev1=1 crypto rx=0x7faa10009fb0 tx=0x7faa10011b20 comp rx=0 tx=0).stop
2024-03-23T15:33:55.585 INFO:teuthology.orchestra.run.smithi076.stdout:/usr/bin/ceph: stderr
2024-03-23T15:33:54.947+0000 7faa1bb57700 1 -- 172.21.15.76:0/1409215325 shutdown_connections
2024-03-23T15:33:55.585 INFO:teuthology.orchestra.run.smithi076.stdout:/usr/bin/ceph: stderr
2024-03-23T15:33:54.947+0000 7faa1bb57700 1 --2- 172.21.15.76:0/1409215325 >> [v2:172.21.15.76:6800/36977200,v1:172.21.15.76:6801/36977200] conn(0x7faa00038f50 0x7faa0003b410 unknown :-1 s=CLOSED pgs=9 cs=0 l=1 rev1=1 crypto rx=0 tx=0 comp rx=0 tx=0).stop
2024-03-23T15:33:55.585 INFO:teuthology.orchestra.run.smithi076.stdout:/usr/bin/ceph: stderr
2024-03-23T15:33:54.947+0000 7faa1bb57700 1 --2- 172.21.15.76:0/1409215325 >> [v2:172.21.15.76:3300/0,v1:172.21.15.76:6789/0] conn(0x7faa14107ca0 0x7faa1419ba00 unknown :-1 s=CLOSED pgs=40 cs=0 l=1 rev1=1 crypto rx=0 tx=0 comp rx=0 tx=0).stop
2024-03-23T15:33:55.585 INFO:teuthology.orchestra.run.smithi076.stdout:/usr/bin/ceph: stderr
2024-03-23T15:33:54.947+0000 7faa1bb57700 1 -- 172.21.15.76:0/1409215325 >> 172.21.15.76:0/1409215325 conn(0x7faa14103280 msgr2=0x7faa14103ca0 unknown :-1 s=STATE_NONE l=0).mark_down
2024-03-23T15:33:55.585 INFO:teuthology.orchestra.run.smithi076.stdout:/usr/bin/ceph: stderr
2024-03-23T15:33:54.947+0000 7faa1bb57700 1 -- 172.21.15.76:0/1409215325 shutdown_connections
2024-03-23T15:33:55.585 INFO:teuthology.orchestra.run.smithi076.stdout:/usr/bin/ceph: stderr
2024-03-23T15:33:54.947+0000 7faa1bb57700 1 -- 172.21.15.76:0/1409215325 wait complete.
2024-03-23T15:33:56.486 INFO:journalctl@ceph.mon.a.smithi076.stdout:Mar 23 15:33:56 smithi076 ceph-mon[32176]: from='client.14134 -' entity='client.admin' cmd=[{"prefix": "cephadm generate-key", "target": ["mon-mgr", ""]}]: dispatch
2024-03-23T15:33:56.487 INFO:journalctl@ceph.mon.a.smithi076.stdout:Mar 23 15:33:56 smithi076 ceph-mon[32176]: Generating ssh key...
2024-03-23T15:33:56.754 INFO:teuthology.orchestra.run.smithi076.stdout:/usr/bin/ceph: stdout ssh-rsa AAAAB3NzaC1yc2EAAAADAQABAAABgQDdXRLCPnE171D1GmqOmiQBxQfkiuDKsm0oSu8Ukc0fucijTpu8uT8PNIv0N/sAr6xnv9NKgOgFqh1Not6t192+DRJRuqvn92SKVBxE9+U+NApVZmBHaXndI5XLPVupS5vWVZsI18pnhdmmLvc1+Lt19r2qdJ61JNOh+xVL5niCiYJv5mvw1bgpdcfLXAWvHNwUUS03Th5orViWGw62nCW4RHBHV05KLbd1mOfgUn3Yra8kIy3Mcl5DaXV0ChdYPBor0U+QLSNEOK7/BNPa9tVH8w9tCdxls6QKqsyfB5AC58gjXAxhEr7WZiF6PxRrsaHimd6q8vmWX4THoPOk+iLc19D5t6mUfCRg5BD9zNKc+2oxsstwMLRewueaG0jThxJn3G2x/fm0h303Mjrirgw7xxCaRsMJHYzlBQpZ934uc7edhOnnjEsDvmY5jK0lbBGv61QuDfBb12MjJoW04B6U2qQ4ws6XJxTlAK67T6pSxiOuuxOTkmmhTK5MDbloBX0= ceph-89c3e582-e92a-11ee-95cd-87774f69a715
2024-03-23T15:33:56.754 INFO:teuthology.orchestra.run.smithi076.stdout:/usr/bin/ceph: stderr
2024-03-23T15:33:55.984+0000 7f0368605700 1 Processor -- start
2024-03-23T15:33:56.754 INFO:teuthology.orchestra.run.smithi076.stdout:/usr/bin/ceph: stderr
2024-03-23T15:33:55.984+0000 7f0368605700 1 -- start start
2024-03-23T15:33:56.754 INFO:teuthology.orchestra.run.smithi076.stdout:/usr/bin/ceph: stderr
2024-03-23T15:33:55.984+0000 7f0368605700 1 --2- >> [v2:172.21.15.76:3300/0,v1:172.21.15.76:6789/0] conn(0x7f0360106bc0 0x7f0360106fe0 unknown :-1 s=NONE pgs=0 cs=0 l=0 rev1=0 crypto rx=0 tx=0 comp rx=0 tx=0).connect
2024-03-23T15:33:56.754 INFO:teuthology.orchestra.run.smithi076.stdout:/usr/bin/ceph: stderr
2024-03-23T15:33:55.985+0000 7f0368605700 1 -- --> [v2:172.21.15.76:3300/0,v1:172.21.15.76:6789/0] -- mon_getmap magic: 0 -- 0x7f03601075b0 con 0x7f0360106bc0
2024-03-23T15:33:56.754 INFO:teuthology.orchestra.run.smithi076.stdout:/usr/bin/ceph: stderr
2024-03-23T15:33:55.985+0000 7f03663a1700 1 --2- >> [v2:172.21.15.76:3300/0,v1:172.21.15.76:6789/0] conn(0x7f0360106bc0 0x7f0360106fe0 unknown :-1 s=BANNER_CONNECTING pgs=0 cs=0 l=0 rev1=0 crypto rx=0 tx=0 comp rx=0 tx=0)._handle_peer_banner_payload supported=3 required=0
2024-03-23T15:33:56.754 INFO:teuthology.orchestra.run.smithi076.stdout:/usr/bin/ceph: stderr
2024-03-23T15:33:55.985+0000 7f03663a1700 1 --2- >> [v2:172.21.15.76:3300/0,v1:172.21.15.76:6789/0] conn(0x7f0360106bc0 0x7f0360106fe0 unknown :-1 s=HELLO_CONNECTING pgs=0 cs=0 l=0 rev1=1 crypto rx=0 tx=0 comp rx=0 tx=0).handle_hello peer v2:172.21.15.76:3300/0 says I am v2:172.21.15.76:54760/0 (socket says 172.21.15.76:54760)
2024-03-23T15:33:56.754 INFO:teuthology.orchestra.run.smithi076.stdout:/usr/bin/ceph: stderr
2024-03-23T15:33:55.985+0000 7f03663a1700 1 -- 172.21.15.76:0/351132555 learned_addr learned my addr 172.21.15.76:0/351132555 (peer_addr_for_me v2:172.21.15.76:0/0)
2024-03-23T15:33:56.754 INFO:teuthology.orchestra.run.smithi076.stdout:/usr/bin/ceph: stderr
2024-03-23T15:33:55.985+0000 7f03663a1700 1 -- 172.21.15.76:0/351132555 --> [v2:172.21.15.76:3300/0,v1:172.21.15.76:6789/0] -- mon_subscribe({config=0+,monmap=0+}) -- 0x7f0360107dc0 con 0x7f0360106bc0
2024-03-23T15:33:56.755 INFO:teuthology.orchestra.run.smithi076.stdout:/usr/bin/ceph: stderr
2024-03-23T15:33:55.985+0000 7f03663a1700 1 --2- 172.21.15.76:0/351132555 >> [v2:172.21.15.76:3300/0,v1:172.21.15.76:6789/0] conn(0x7f0360106bc0 0x7f0360106fe0 secure :-1 s=READY pgs=41 cs=0 l=1 rev1=1 crypto rx=0x7f03500098a0 tx=0x7f0350009bb0 comp rx=0 tx=0).ready entity=mon.0 client_cookie=a42fd40aef57a1c9 server_cookie=0 in_seq=0 out_seq=0
2024-03-23T15:33:56.755 INFO:teuthology.orchestra.run.smithi076.stdout:/usr/bin/ceph: stderr
2024-03-23T15:33:55.985+0000 7f036539f700 1 -- 172.21.15.76:0/351132555 <== mon.0 v2:172.21.15.76:3300/0 1 ==== mon_map magic: 0 ==== 205+0+0 (secure 0 0 0) 0x7f0350004160 con 0x7f0360106bc0
2024-03-23T15:33:56.755 INFO:teuthology.orchestra.run.smithi076.stdout:/usr/bin/ceph: stderr
2024-03-23T15:33:55.985+0000 7f036539f700 1 -- 172.21.15.76:0/351132555 <== mon.0 v2:172.21.15.76:3300/0 2 ==== config(27 keys) ==== 1109+0+0 (secure 0 0 0) 0x7f03500042c0 con 0x7f0360106bc0
2024-03-23T15:33:56.755 INFO:teuthology.orchestra.run.smithi076.stdout:/usr/bin/ceph: stderr
2024-03-23T15:33:55.985+0000 7f036539f700 1 -- 172.21.15.76:0/351132555 <== mon.0 v2:172.21.15.76:3300/0 3 ==== mon_map magic: 0 ==== 205+0+0 (secure 0 0 0) 0x7f0350011ac0 con 0x7f0360106bc0
2024-03-23T15:33:56.755 INFO:teuthology.orchestra.run.smithi076.stdout:/usr/bin/ceph: stderr
2024-03-23T15:33:55.986+0000 7f0368605700 1 -- 172.21.15.76:0/351132555 >> [v2:172.21.15.76:3300/0,v1:172.21.15.76:6789/0] conn(0x7f0360106bc0 msgr2=0x7f0360106fe0 secure :-1 s=STATE_CONNECTION_ESTABLISHED l=1).mark_down
2024-03-23T15:33:56.755 INFO:teuthology.orchestra.run.smithi076.stdout:/usr/bin/ceph: stderr
2024-03-23T15:33:55.986+0000 7f0368605700 1 --2- 172.21.15.76:0/351132555 >> [v2:172.21.15.76:3300/0,v1:172.21.15.76:6789/0] conn(0x7f0360106bc0 0x7f0360106fe0 secure :-1 s=READY pgs=41 cs=0 l=1 rev1=1 crypto rx=0x7f03500098a0 tx=0x7f0350009bb0 comp rx=0 tx=0).stop
2024-03-23T15:33:56.755 INFO:teuthology.orchestra.run.smithi076.stdout:/usr/bin/ceph: stderr
2024-03-23T15:33:55.986+0000 7f0368605700 1 -- 172.21.15.76:0/351132555 shutdown_connections
2024-03-23T15:33:56.755 INFO:teuthology.orchestra.run.smithi076.stdout:/usr/bin/ceph: stderr
2024-03-23T15:33:55.986+0000 7f0368605700 1 --2- 172.21.15.76:0/351132555 >> [v2:172.21.15.76:3300/0,v1:172.21.15.76:6789/0] conn(0x7f0360106bc0 0x7f0360106fe0 unknown :-1 s=CLOSED pgs=41 cs=0 l=1 rev1=1 crypto rx=0 tx=0 comp rx=0 tx=0).stop
2024-03-23T15:33:56.755 INFO:teuthology.orchestra.run.smithi076.stdout:/usr/bin/ceph: stderr
2024-03-23T15:33:55.986+0000 7f0368605700 1 -- 172.21.15.76:0/351132555 >> 172.21.15.76:0/351132555 conn(0x7f0360102160 msgr2=0x7f03601045a0 unknown :-1 s=STATE_NONE l=0).mark_down
2024-03-23T15:33:56.755 INFO:teuthology.orchestra.run.smithi076.stdout:/usr/bin/ceph: stderr
2024-03-23T15:33:55.986+0000 7f0368605700 1 -- 172.21.15.76:0/351132555 shutdown_connections
2024-03-23T15:33:56.755 INFO:teuthology.orchestra.run.smithi076.stdout:/usr/bin/ceph: stderr
2024-03-23T15:33:55.986+0000 7f0368605700 1 -- 172.21.15.76:0/351132555 wait complete.
2024-03-23T15:33:56.755 INFO:teuthology.orchestra.run.smithi076.stdout:/usr/bin/ceph: stderr
2024-03-23T15:33:55.986+0000 7f0368605700 1 Processor -- start
2024-03-23T15:33:56.755 INFO:teuthology.orchestra.run.smithi076.stdout:/usr/bin/ceph: stderr
2024-03-23T15:33:55.986+0000 7f0368605700 1 -- start start
2024-03-23T15:33:56.756 INFO:teuthology.orchestra.run.smithi076.stdout:/usr/bin/ceph: stderr
2024-03-23T15:33:55.987+0000 7f0368605700 1 --2- >> [v2:172.21.15.76:3300/0,v1:172.21.15.76:6789/0] conn(0x7f0360106bc0 0x7f036019a8f0 unknown :-1 s=NONE pgs=0 cs=0 l=1 rev1=0 crypto rx=0 tx=0 comp rx=0 tx=0).connect
2024-03-23T15:33:56.756 INFO:teuthology.orchestra.run.smithi076.stdout:/usr/bin/ceph: stderr
2024-03-23T15:33:55.987+0000 7f0368605700 1 -- --> [v2:172.21.15.76:3300/0,v1:172.21.15.76:6789/0] -- mon_getmap magic: 0 -- 0x7f036019ae30 con 0x7f0360106bc0
2024-03-23T15:33:56.756 INFO:teuthology.orchestra.run.smithi076.stdout:/usr/bin/ceph: stderr
2024-03-23T15:33:55.987+0000 7f03663a1700 1 --2- >> [v2:172.21.15.76:3300/0,v1:172.21.15.76:6789/0] conn(0x7f0360106bc0 0x7f036019a8f0 unknown :-1 s=BANNER_CONNECTING pgs=0 cs=0 l=1 rev1=0 crypto rx=0 tx=0 comp rx=0 tx=0)._handle_peer_banner_payload supported=3 required=0
2024-03-23T15:33:56.756 INFO:teuthology.orchestra.run.smithi076.stdout:/usr/bin/ceph: stderr
2024-03-23T15:33:55.987+0000 7f03663a1700 1 --2- >> [v2:172.21.15.76:3300/0,v1:172.21.15.76:6789/0] conn(0x7f0360106bc0 0x7f036019a8f0 unknown :-1 s=HELLO_CONNECTING pgs=0 cs=0 l=1 rev1=1 crypto rx=0 tx=0 comp rx=0 tx=0).handle_hello peer v2:172.21.15.76:3300/0 says I am v2:172.21.15.76:54766/0 (socket says 172.21.15.76:54766)
2024-03-23T15:33:56.756 INFO:teuthology.orchestra.run.smithi076.stdout:/usr/bin/ceph: stderr
2024-03-23T15:33:55.987+0000 7f03663a1700 1 -- 172.21.15.76:0/1713449306 learned_addr learned my addr 172.21.15.76:0/1713449306 (peer_addr_for_me v2:172.21.15.76:0/0)
2024-03-23T15:33:56.756 INFO:teuthology.orchestra.run.smithi076.stdout:/usr/bin/ceph: stderr
2024-03-23T15:33:55.987+0000 7f03663a1700 1 -- 172.21.15.76:0/1713449306 --> [v2:172.21.15.76:3300/0,v1:172.21.15.76:6789/0] -- mon_subscribe({config=0+,monmap=0+}) -- 0x7f0350009550 con 0x7f0360106bc0
2024-03-23T15:33:56.756 INFO:teuthology.orchestra.run.smithi076.stdout:/usr/bin/ceph: stderr
2024-03-23T15:33:55.987+0000 7f03663a1700 1 --2- 172.21.15.76:0/1713449306 >> [v2:172.21.15.76:3300/0,v1:172.21.15.76:6789/0] conn(0x7f0360106bc0 0x7f036019a8f0 secure :-1 s=READY pgs=42 cs=0 l=1 rev1=1 crypto rx=0x7f0350009fb0 tx=0x7f0350011b20 comp rx=0 tx=0).ready entity=mon.0 client_cookie=0 server_cookie=0 in_seq=0 out_seq=0
2024-03-23T15:33:56.756 INFO:teuthology.orchestra.run.smithi076.stdout:/usr/bin/ceph: stderr
2024-03-23T15:33:55.987+0000 7f03577fe700 1 -- 172.21.15.76:0/1713449306 <== mon.0 v2:172.21.15.76:3300/0 1 ==== mon_map magic: 0 ==== 205+0+0 (secure 0 0 0) 0x7f03500038b0 con 0x7f0360106bc0
2024-03-23T15:33:56.756 INFO:teuthology.orchestra.run.smithi076.stdout:/usr/bin/ceph: stderr
2024-03-23T15:33:55.987+0000 7f03577fe700 1 -- 172.21.15.76:0/1713449306 <== mon.0 v2:172.21.15.76:3300/0 2 ==== config(27 keys) ==== 1109+0+0 (secure 0 0 0) 0x7f0350003a10 con 0x7f0360106bc0
2024-03-23T15:33:56.756 INFO:teuthology.orchestra.run.smithi076.stdout:/usr/bin/ceph: stderr
2024-03-23T15:33:55.987+0000 7f03577fe700 1 -- 172.21.15.76:0/1713449306 <== mon.0 v2:172.21.15.76:3300/0 3 ==== mon_map magic: 0 ==== 205+0+0 (secure 0 0 0) 0x7f03500195e0 con 0x7f0360106bc0
2024-03-23T15:33:56.756 INFO:teuthology.orchestra.run.smithi076.stdout:/usr/bin/ceph: stderr
2024-03-23T15:33:55.987+0000 7f0368605700 1 -- 172.21.15.76:0/1713449306 --> [v2:172.21.15.76:3300/0,v1:172.21.15.76:6789/0] -- mon_subscribe({mgrmap=0+}) -- 0x7f036019b030 con 0x7f0360106bc0
2024-03-23T15:33:56.756 INFO:teuthology.orchestra.run.smithi076.stdout:/usr/bin/ceph: stderr
2024-03-23T15:33:55.987+0000 7f0368605700 1 -- 172.21.15.76:0/1713449306 --> [v2:172.21.15.76:3300/0,v1:172.21.15.76:6789/0] -- mon_subscribe({osdmap=0}) -- 0x7f036019b4d0 con 0x7f0360106bc0
2024-03-23T15:33:56.756 INFO:teuthology.orchestra.run.smithi076.stdout:/usr/bin/ceph: stderr
2024-03-23T15:33:55.988+0000 7f03577fe700 1 -- 172.21.15.76:0/1713449306 <== mon.0 v2:172.21.15.76:3300/0 4 ==== mgrmap(e 8) ==== 45928+0+0 (secure 0 0 0) 0x7f035001a430 con 0x7f0360106bc0
2024-03-23T15:33:56.756 INFO:teuthology.orchestra.run.smithi076.stdout:/usr/bin/ceph: stderr
2024-03-23T15:33:55.988+0000 7f0368605700 1 -- 172.21.15.76:0/1713449306 --> [v2:172.21.15.76:3300/0,v1:172.21.15.76:6789/0] -- mon_command({"prefix": "get_command_descriptions"} v 0) -- 0x7f036010aff0 con 0x7f0360106bc0
2024-03-23T15:33:56.756 INFO:teuthology.orchestra.run.smithi076.stdout:/usr/bin/ceph: stderr
2024-03-23T15:33:55.988+0000 7f03577fe700 1 --2- 172.21.15.76:0/1713449306 >> [v2:172.21.15.76:6800/36977200,v1:172.21.15.76:6801/36977200] conn(0x7f034c038fa0 0x7f034c03b460 unknown :-1 s=NONE pgs=0 cs=0 l=1 rev1=0 crypto rx=0 tx=0 comp rx=0 tx=0).connect
2024-03-23T15:33:56.757 INFO:teuthology.orchestra.run.smithi076.stdout:/usr/bin/ceph: stderr
2024-03-23T15:33:55.988+0000 7f03577fe700 1 -- 172.21.15.76:0/1713449306 <== mon.0 v2:172.21.15.76:3300/0 5 ==== osd_map(2..2 src has 1..2) ==== 940+0+0 (secure 0 0 0) 0x7f035004d0d0 con 0x7f0360106bc0
2024-03-23T15:33:56.757 INFO:teuthology.orchestra.run.smithi076.stdout:/usr/bin/ceph: stderr
2024-03-23T15:33:55.989+0000 7f0365ba0700 1 --2- 172.21.15.76:0/1713449306 >> [v2:172.21.15.76:6800/36977200,v1:172.21.15.76:6801/36977200] conn(0x7f034c038fa0 0x7f034c03b460 unknown :-1 s=BANNER_CONNECTING pgs=0 cs=0 l=1 rev1=0 crypto rx=0 tx=0 comp rx=0 tx=0)._handle_peer_banner_payload supported=3 required=0
2024-03-23T15:33:56.757 INFO:teuthology.orchestra.run.smithi076.stdout:/usr/bin/ceph: stderr
2024-03-23T15:33:55.989+0000 7f0365ba0700 1 --2- 172.21.15.76:0/1713449306 >> [v2:172.21.15.76:6800/36977200,v1:172.21.15.76:6801/36977200] conn(0x7f034c038fa0 0x7f034c03b460 secure :-1 s=READY pgs=10 cs=0 l=1 rev1=1 crypto rx=0x7f035c006fd0 tx=0x7f035c006e40 comp rx=0 tx=0).ready entity=mgr.14118 client_cookie=0 server_cookie=0 in_seq=0 out_seq=0
2024-03-23T15:33:56.757 INFO:teuthology.orchestra.run.smithi076.stdout:/usr/bin/ceph: stderr
2024-03-23T15:33:55.993+0000 7f03577fe700 1 -- 172.21.15.76:0/1713449306 <== mon.0 v2:172.21.15.76:3300/0 6 ==== mon_command_ack([{"prefix": "get_command_descriptions"}]=0 v0) ==== 72+0+184932 (secure 0 0 0) 0x7f0350003b80 con 0x7f0360106bc0
2024-03-23T15:33:56.757 INFO:teuthology.orchestra.run.smithi076.stdout:/usr/bin/ceph: stderr
2024-03-23T15:33:56.190+0000 7f0368605700 1 -- 172.21.15.76:0/1713449306 --> [v2:172.21.15.76:6800/36977200,v1:172.21.15.76:6801/36977200] -- mgr_command(tid 0: {"prefix": "cephadm get-pub-key", "target": ["mon-mgr", ""]}) -- 0x7f0360103270 con 0x7f034c038fa0
2024-03-23T15:33:56.757 INFO:teuthology.orchestra.run.smithi076.stdout:/usr/bin/ceph: stderr
2024-03-23T15:33:56.190+0000 7f03577fe700 1 -- 172.21.15.76:0/1713449306 <== mgr.14118 v2:172.21.15.76:6800/36977200 1 ==== mgr_command_reply(tid 0: 0 ) ==== 8+0+595 (secure 0 0 0) 0x7f0360103270 con 0x7f034c038fa0
2024-03-23T15:33:56.757 INFO:teuthology.orchestra.run.smithi076.stdout:/usr/bin/ceph: stderr
2024-03-23T15:33:56.192+0000 7f0368605700 1 -- 172.21.15.76:0/1713449306 >> [v2:172.21.15.76:6800/36977200,v1:172.21.15.76:6801/36977200] conn(0x7f034c038fa0 msgr2=0x7f034c03b460 secure :-1 s=STATE_CONNECTION_ESTABLISHED l=1).mark_down
2024-03-23T15:33:56.757 INFO:teuthology.orchestra.run.smithi076.stdout:/usr/bin/ceph: stderr
2024-03-23T15:33:56.192+0000 7f0368605700 1 --2- 172.21.15.76:0/1713449306 >> [v2:172.21.15.76:6800/36977200,v1:172.21.15.76:6801/36977200] conn(0x7f034c038fa0 0x7f034c03b460 secure :-1 s=READY pgs=10 cs=0 l=1 rev1=1 crypto rx=0x7f035c006fd0 tx=0x7f035c006e40 comp rx=0 tx=0).stop
2024-03-23T15:33:56.757 INFO:teuthology.orchestra.run.smithi076.stdout:/usr/bin/ceph: stderr
2024-03-23T15:33:56.192+0000 7f0368605700 1 -- 172.21.15.76:0/1713449306 >> [v2:172.21.15.76:3300/0,v1:172.21.15.76:6789/0] conn(0x7f0360106bc0 msgr2=0x7f036019a8f0 secure :-1 s=STATE_CONNECTION_ESTABLISHED l=1).mark_down
2024-03-23T15:33:56.757 INFO:teuthology.orchestra.run.smithi076.stdout:/usr/bin/ceph: stderr
2024-03-23T15:33:56.192+0000 7f0368605700 1 --2- 172.21.15.76:0/1713449306 >> [v2:172.21.15.76:3300/0,v1:172.21.15.76:6789/0] conn(0x7f0360106bc0 0x7f036019a8f0 secure :-1 s=READY pgs=42 cs=0 l=1 rev1=1 crypto rx=0x7f0350009fb0 tx=0x7f0350011b20 comp rx=0 tx=0).stop
2024-03-23T15:33:56.757 INFO:teuthology.orchestra.run.smithi076.stdout:/usr/bin/ceph: stderr
2024-03-23T15:33:56.192+0000 7f0368605700 1 -- 172.21.15.76:0/1713449306 shutdown_connections
2024-03-23T15:33:56.757 INFO:teuthology.orchestra.run.smithi076.stdout:/usr/bin/ceph: stderr
2024-03-23T15:33:56.192+0000 7f0368605700 1 --2- 172.21.15.76:0/1713449306 >> [v2:172.21.15.76:6800/36977200,v1:172.21.15.76:6801/36977200] conn(0x7f034c038fa0 0x7f034c03b460 unknown :-1 s=CLOSED pgs=10 cs=0 l=1 rev1=1 crypto rx=0 tx=0 comp rx=0 tx=0).stop
2024-03-23T15:33:56.757 INFO:teuthology.orchestra.run.smithi076.stdout:/usr/bin/ceph: stderr
2024-03-23T15:33:56.192+0000 7f0368605700 1 --2- 172.21.15.76:0/1713449306 >> [v2:172.21.15.76:3300/0,v1:172.21.15.76:6789/0] conn(0x7f0360106bc0 0x7f036019a8f0 unknown :-1 s=CLOSED pgs=42 cs=0 l=1 rev1=1 crypto rx=0 tx=0 comp rx=0 tx=0).stop
2024-03-23T15:33:56.757 INFO:teuthology.orchestra.run.smithi076.stdout:/usr/bin/ceph: stderr
2024-03-23T15:33:56.192+0000 7f0368605700 1 -- 172.21.15.76:0/1713449306 >> 172.21.15.76:0/1713449306 conn(0x7f0360102160 msgr2=0x7f0360102b60 unknown :-1 s=STATE_NONE l=0).mark_down
2024-03-23T15:33:56.758 INFO:teuthology.orchestra.run.smithi076.stdout:/usr/bin/ceph: stderr
2024-03-23T15:33:56.193+0000 7f0368605700 1 -- 172.21.15.76:0/1713449306 shutdown_connections
2024-03-23T15:33:56.758 INFO:teuthology.orchestra.run.smithi076.stdout:/usr/bin/ceph: stderr
2024-03-23T15:33:56.193+0000 7f0368605700 1 -- 172.21.15.76:0/1713449306 wait complete.
2024-03-23T15:33:56.758 INFO:teuthology.orchestra.run.smithi076.stdout:Wrote public SSH key to /home/ubuntu/cephtest/ceph.pub
2024-03-23T15:33:56.758 INFO:teuthology.orchestra.run.smithi076.stdout:Adding key to root@localhost authorized_keys...
2024-03-23T15:33:56.758 INFO:teuthology.orchestra.run.smithi076.stdout:Adding host smithi076...
2024-03-23T15:33:57.687 INFO:journalctl@ceph.mon.a.smithi076.stdout:Mar 23 15:33:57 smithi076 ceph-mon[32176]: from='client.14136 -' entity='client.admin' cmd=[{"prefix": "cephadm get-pub-key", "target": ["mon-mgr", ""]}]: dispatch
2024-03-23T15:33:58.575 INFO:journalctl@ceph.mon.a.smithi076.stdout:Mar 23 15:33:58 smithi076 ceph-mon[32176]: from='client.14138 -' entity='client.admin' cmd=[{"prefix": "orch host add", "hostname": "smithi076", "addr": "172.21.15.76", "target": ["mon-mgr", ""]}]: dispatch
2024-03-23T15:33:59.825 INFO:journalctl@ceph.mon.a.smithi076.stdout:Mar 23 15:33:59 smithi076 ceph-mon[32176]: Deploying cephadm binary to smithi076
2024-03-23T15:34:02.035 INFO:teuthology.orchestra.run.smithi076.stdout:/usr/bin/ceph: stdout Added host 'smithi076' with addr '172.21.15.76'
2024-03-23T15:34:02.035 INFO:teuthology.orchestra.run.smithi076.stdout:/usr/bin/ceph: stderr
2024-03-23T15:33:57.145+0000 7f9dc5e16700 1 Processor -- start
2024-03-23T15:34:02.035 INFO:teuthology.orchestra.run.smithi076.stdout:/usr/bin/ceph: stderr
2024-03-23T15:33:57.145+0000 7f9dc5e16700 1 -- start start
2024-03-23T15:34:02.035 INFO:teuthology.orchestra.run.smithi076.stdout:/usr/bin/ceph: stderr
2024-03-23T15:33:57.146+0000 7f9dc5e16700 1 --2- >> [v2:172.21.15.76:3300/0,v1:172.21.15.76:6789/0] conn(0x7f9dc007deb0 0x7f9dc007c310 unknown :-1 s=NONE pgs=0 cs=0 l=0 rev1=0 crypto rx=0 tx=0 comp rx=0 tx=0).connect
2024-03-23T15:34:02.035 INFO:teuthology.orchestra.run.smithi076.stdout:/usr/bin/ceph: stderr
2024-03-23T15:33:57.146+0000 7f9dc5e16700 1 -- --> [v2:172.21.15.76:3300/0,v1:172.21.15.76:6789/0] -- mon_getmap magic: 0 -- 0x7f9dc007c8e0 con 0x7f9dc007deb0
2024-03-23T15:34:02.036 INFO:teuthology.orchestra.run.smithi076.stdout:/usr/bin/ceph: stderr
2024-03-23T15:33:57.146+0000 7f9dbf7fe700 1 --2- >> [v2:172.21.15.76:3300/0,v1:172.21.15.76:6789/0] conn(0x7f9dc007deb0 0x7f9dc007c310 unknown :-1 s=BANNER_CONNECTING pgs=0 cs=0 l=0 rev1=0 crypto rx=0 tx=0 comp rx=0 tx=0)._handle_peer_banner_payload supported=3 required=0
2024-03-23T15:34:02.036 INFO:teuthology.orchestra.run.smithi076.stdout:/usr/bin/ceph: stderr
2024-03-23T15:33:57.146+0000 7f9dbf7fe700 1 --2- >> [v2:172.21.15.76:3300/0,v1:172.21.15.76:6789/0] conn(0x7f9dc007deb0 0x7f9dc007c310 unknown :-1 s=HELLO_CONNECTING pgs=0 cs=0 l=0 rev1=1 crypto rx=0 tx=0 comp rx=0 tx=0).handle_hello peer v2:172.21.15.76:3300/0 says I am v2:172.21.15.76:54778/0 (socket says 172.21.15.76:54778)
2024-03-23T15:34:02.036 INFO:teuthology.orchestra.run.smithi076.stdout:/usr/bin/ceph: stderr
2024-03-23T15:33:57.146+0000 7f9dbf7fe700 1 -- 172.21.15.76:0/1126629643 learned_addr learned my addr 172.21.15.76:0/1126629643 (peer_addr_for_me v2:172.21.15.76:0/0)
2024-03-23T15:34:02.036 INFO:teuthology.orchestra.run.smithi076.stdout:/usr/bin/ceph: stderr
2024-03-23T15:33:57.146+0000 7f9dbf7fe700 1 -- 172.21.15.76:0/1126629643 --> [v2:172.21.15.76:3300/0,v1:172.21.15.76:6789/0] -- mon_subscribe({config=0+,monmap=0+}) -- 0x7f9dc007ca20 con 0x7f9dc007deb0
2024-03-23T15:34:02.036 INFO:teuthology.orchestra.run.smithi076.stdout:/usr/bin/ceph: stderr
2024-03-23T15:33:57.146+0000 7f9dbf7fe700 1 --2- 172.21.15.76:0/1126629643 >> [v2:172.21.15.76:3300/0,v1:172.21.15.76:6789/0] conn(0x7f9dc007deb0 0x7f9dc007c310 secure :-1 s=READY pgs=43 cs=0 l=1 rev1=1 crypto rx=0x7f9db40098a0 tx=0x7f9db4009bb0 comp rx=0 tx=0).ready entity=mon.0 client_cookie=92b98281576a5ffb server_cookie=0 in_seq=0 out_seq=0
2024-03-23T15:34:02.036 INFO:teuthology.orchestra.run.smithi076.stdout:/usr/bin/ceph: stderr
2024-03-23T15:33:57.146+0000 7f9dbe7fc700 1 -- 172.21.15.76:0/1126629643 <== mon.0 v2:172.21.15.76:3300/0 1 ==== mon_map magic: 0 ==== 205+0+0 (secure 0 0 0) 0x7f9db4004160 con 0x7f9dc007deb0
2024-03-23T15:34:02.036 INFO:teuthology.orchestra.run.smithi076.stdout:/usr/bin/ceph: stderr
2024-03-23T15:33:57.146+0000 7f9dbe7fc700 1 -- 172.21.15.76:0/1126629643 <== mon.0 v2:172.21.15.76:3300/0 2 ==== config(27 keys) ==== 1109+0+0 (secure 0 0 0) 0x7f9db40042c0 con 0x7f9dc007deb0
2024-03-23T15:34:02.036 INFO:teuthology.orchestra.run.smithi076.stdout:/usr/bin/ceph: stderr
2024-03-23T15:33:57.146+0000 7f9dbe7fc700 1 -- 172.21.15.76:0/1126629643 <== mon.0 v2:172.21.15.76:3300/0 3 ==== mon_map magic: 0 ==== 205+0+0 (secure 0 0 0) 0x7f9db4011ac0 con 0x7f9dc007deb0
2024-03-23T15:34:02.036 INFO:teuthology.orchestra.run.smithi076.stdout:/usr/bin/ceph: stderr
2024-03-23T15:33:57.147+0000 7f9dc5e16700 1 -- 172.21.15.76:0/1126629643 >> [v2:172.21.15.76:3300/0,v1:172.21.15.76:6789/0] conn(0x7f9dc007deb0 msgr2=0x7f9dc007c310 secure :-1 s=STATE_CONNECTION_ESTABLISHED l=1).mark_down
2024-03-23T15:34:02.037 INFO:teuthology.orchestra.run.smithi076.stdout:/usr/bin/ceph: stderr
2024-03-23T15:33:57.147+0000 7f9dc5e16700 1 --2- 172.21.15.76:0/1126629643 >> [v2:172.21.15.76:3300/0,v1:172.21.15.76:6789/0] conn(0x7f9dc007deb0 0x7f9dc007c310 secure :-1 s=READY pgs=43 cs=0 l=1 rev1=1 crypto rx=0x7f9db40098a0 tx=0x7f9db4009bb0 comp rx=0 tx=0).stop
2024-03-23T15:34:02.037 INFO:teuthology.orchestra.run.smithi076.stdout:/usr/bin/ceph: stderr
2024-03-23T15:33:57.147+0000 7f9dc5e16700 1 -- 172.21.15.76:0/1126629643 shutdown_connections
2024-03-23T15:34:02.037 INFO:teuthology.orchestra.run.smithi076.stdout:/usr/bin/ceph: stderr
2024-03-23T15:33:57.147+0000 7f9dc5e16700 1 --2- 172.21.15.76:0/1126629643 >> [v2:172.21.15.76:3300/0,v1:172.21.15.76:6789/0] conn(0x7f9dc007deb0 0x7f9dc007c310 unknown :-1 s=CLOSED pgs=43 cs=0 l=1 rev1=1 crypto rx=0 tx=0 comp rx=0 tx=0).stop
2024-03-23T15:34:02.037 INFO:teuthology.orchestra.run.smithi076.stdout:/usr/bin/ceph: stderr
2024-03-23T15:33:57.147+0000 7f9dc5e16700 1 -- 172.21.15.76:0/1126629643 >> 172.21.15.76:0/1126629643 conn(0x7f9dc0103280 msgr2=0x7f9dc01056a0 unknown :-1 s=STATE_NONE l=0).mark_down
2024-03-23T15:34:02.037 INFO:teuthology.orchestra.run.smithi076.stdout:/usr/bin/ceph: stderr
2024-03-23T15:33:57.147+0000 7f9dc5e16700 1 -- 172.21.15.76:0/1126629643 shutdown_connections
2024-03-23T15:34:02.037 INFO:teuthology.orchestra.run.smithi076.stdout:/usr/bin/ceph: stderr
2024-03-23T15:33:57.147+0000 7f9dc5e16700 1 -- 172.21.15.76:0/1126629643 wait complete.
2024-03-23T15:34:02.037 INFO:teuthology.orchestra.run.smithi076.stdout:/usr/bin/ceph: stderr
2024-03-23T15:33:57.148+0000 7f9dc5e16700 1 Processor -- start
2024-03-23T15:34:02.037 INFO:teuthology.orchestra.run.smithi076.stdout:/usr/bin/ceph: stderr
2024-03-23T15:33:57.148+0000 7f9dc5e16700 1 -- start start
2024-03-23T15:34:02.037 INFO:teuthology.orchestra.run.smithi076.stdout:/usr/bin/ceph: stderr
2024-03-23T15:33:57.148+0000 7f9dc5e16700 1 --2- >> [v2:172.21.15.76:3300/0,v1:172.21.15.76:6789/0] conn(0x7f9dc007deb0 0x7f9dc019dc00 unknown :-1 s=NONE pgs=0 cs=0 l=1 rev1=0 crypto rx=0 tx=0 comp rx=0 tx=0).connect
2024-03-23T15:34:02.037 INFO:teuthology.orchestra.run.smithi076.stdout:/usr/bin/ceph: stderr
2024-03-23T15:33:57.148+0000 7f9dc5e16700 1 -- --> [v2:172.21.15.76:3300/0,v1:172.21.15.76:6789/0] -- mon_getmap magic: 0 -- 0x7f9dc019e140 con 0x7f9dc007deb0
2024-03-23T15:34:02.037 INFO:teuthology.orchestra.run.smithi076.stdout:/usr/bin/ceph: stderr
2024-03-23T15:33:57.148+0000 7f9dbf7fe700 1 --2- >> [v2:172.21.15.76:3300/0,v1:172.21.15.76:6789/0] conn(0x7f9dc007deb0 0x7f9dc019dc00 unknown :-1 s=BANNER_CONNECTING pgs=0 cs=0 l=1 rev1=0 crypto rx=0 tx=0 comp rx=0 tx=0)._handle_peer_banner_payload supported=3 required=0
2024-03-23T15:34:02.037 INFO:teuthology.orchestra.run.smithi076.stdout:/usr/bin/ceph: stderr
2024-03-23T15:33:57.148+0000 7f9dbf7fe700 1 --2- >> [v2:172.21.15.76:3300/0,v1:172.21.15.76:6789/0] conn(0x7f9dc007deb0 0x7f9dc019dc00 unknown :-1 s=HELLO_CONNECTING pgs=0 cs=0 l=1 rev1=1 crypto rx=0 tx=0 comp rx=0 tx=0).handle_hello peer v2:172.21.15.76:3300/0 says I am v2:172.21.15.76:54792/0 (socket says 172.21.15.76:54792)
2024-03-23T15:34:02.038 INFO:teuthology.orchestra.run.smithi076.stdout:/usr/bin/ceph: stderr
2024-03-23T15:33:57.148+0000 7f9dbf7fe700 1 -- 172.21.15.76:0/2772755790 learned_addr learned my addr 172.21.15.76:0/2772755790 (peer_addr_for_me v2:172.21.15.76:0/0)
2024-03-23T15:34:02.038 INFO:teuthology.orchestra.run.smithi076.stdout:/usr/bin/ceph: stderr
2024-03-23T15:33:57.148+0000 7f9dbf7fe700 1 -- 172.21.15.76:0/2772755790 --> [v2:172.21.15.76:3300/0,v1:172.21.15.76:6789/0] -- mon_subscribe({config=0+,monmap=0+}) -- 0x7f9db4009550 con 0x7f9dc007deb0
2024-03-23T15:34:02.038 INFO:teuthology.orchestra.run.smithi076.stdout:/usr/bin/ceph: stderr
2024-03-23T15:33:57.148+0000 7f9dbf7fe700 1 --2- 172.21.15.76:0/2772755790 >> [v2:172.21.15.76:3300/0,v1:172.21.15.76:6789/0] conn(0x7f9dc007deb0 0x7f9dc019dc00 secure :-1 s=READY pgs=44 cs=0 l=1 rev1=1 crypto rx=0x7f9db4011780 tx=0x7f9db4011b40 comp rx=0 tx=0).ready entity=mon.0 client_cookie=0 server_cookie=0 in_seq=0 out_seq=0
2024-03-23T15:34:02.038 INFO:teuthology.orchestra.run.smithi076.stdout:/usr/bin/ceph: stderr
2024-03-23T15:33:57.149+0000 7f9dbcff9700 1 -- 172.21.15.76:0/2772755790 <== mon.0 v2:172.21.15.76:3300/0 1 ==== mon_map magic: 0 ==== 205+0+0 (secure 0 0 0) 0x7f9db4003af0 con 0x7f9dc007deb0
2024-03-23T15:34:02.038 INFO:teuthology.orchestra.run.smithi076.stdout:/usr/bin/ceph: stderr
2024-03-23T15:33:57.149+0000 7f9dbcff9700 1 -- 172.21.15.76:0/2772755790 <== mon.0 v2:172.21.15.76:3300/0 2 ==== config(27 keys) ==== 1109+0+0 (secure 0 0 0) 0x7f9db4003c50 con 0x7f9dc007deb0
2024-03-23T15:34:02.038 INFO:teuthology.orchestra.run.smithi076.stdout:/usr/bin/ceph: stderr
2024-03-23T15:33:57.149+0000 7f9dc5e16700 1 -- 172.21.15.76:0/2772755790 --> [v2:172.21.15.76:3300/0,v1:172.21.15.76:6789/0] -- mon_subscribe({mgrmap=0+}) -- 0x7f9dc019e340 con 0x7f9dc007deb0
2024-03-23T15:34:02.038 INFO:teuthology.orchestra.run.smithi076.stdout:/usr/bin/ceph: stderr
2024-03-23T15:33:57.149+0000 7f9dbcff9700 1 -- 172.21.15.76:0/2772755790 <== mon.0 v2:172.21.15.76:3300/0 3 ==== mon_map magic: 0 ==== 205+0+0 (secure 0 0 0) 0x7f9db40197e0 con 0x7f9dc007deb0
2024-03-23T15:34:02.038 INFO:teuthology.orchestra.run.smithi076.stdout:/usr/bin/ceph: stderr
2024-03-23T15:33:57.149+0000 7f9dc5e16700 1 -- 172.21.15.76:0/2772755790 --> [v2:172.21.15.76:3300/0,v1:172.21.15.76:6789/0] -- mon_subscribe({osdmap=0}) -- 0x7f9dc019e7e0 con 0x7f9dc007deb0
2024-03-23T15:34:02.038 INFO:teuthology.orchestra.run.smithi076.stdout:/usr/bin/ceph: stderr
2024-03-23T15:33:57.149+0000 7f9dbcff9700 1 -- 172.21.15.76:0/2772755790 <== mon.0 v2:172.21.15.76:3300/0 4 ==== mgrmap(e 8) ==== 45928+0+0 (secure 0 0 0) 0x7f9db4019a20 con 0x7f9dc007deb0
2024-03-23T15:34:02.038 INFO:teuthology.orchestra.run.smithi076.stdout:/usr/bin/ceph: stderr
2024-03-23T15:33:57.150+0000 7f9dc5e16700 1 -- 172.21.15.76:0/2772755790 --> [v2:172.21.15.76:3300/0,v1:172.21.15.76:6789/0] -- mon_command({"prefix": "get_command_descriptions"} v 0) -- 0x7f9dc010e0b0 con 0x7f9dc007deb0
2024-03-23T15:34:02.038 INFO:teuthology.orchestra.run.smithi076.stdout:/usr/bin/ceph: stderr
2024-03-23T15:33:57.150+0000 7f9dbcff9700 1 --2- 172.21.15.76:0/2772755790 >> [v2:172.21.15.76:6800/36977200,v1:172.21.15.76:6801/36977200] conn(0x7f9da8038fa0 0x7f9da803b460 unknown :-1 s=NONE pgs=0 cs=0 l=1 rev1=0 crypto rx=0 tx=0 comp rx=0 tx=0).connect
2024-03-23T15:34:02.038 INFO:teuthology.orchestra.run.smithi076.stdout:/usr/bin/ceph: stderr
2024-03-23T15:33:57.150+0000 7f9dbcff9700 1 -- 172.21.15.76:0/2772755790 <== mon.0 v2:172.21.15.76:3300/0 5 ==== osd_map(2..2 src has 1..2) ==== 940+0+0 (secure 0 0 0) 0x7f9db404d2d0 con 0x7f9dc007deb0
2024-03-23T15:34:02.039 INFO:teuthology.orchestra.run.smithi076.stdout:/usr/bin/ceph: stderr
2024-03-23T15:33:57.150+0000 7f9dbeffd700 1 --2- 172.21.15.76:0/2772755790 >> [v2:172.21.15.76:6800/36977200,v1:172.21.15.76:6801/36977200] conn(0x7f9da8038fa0 0x7f9da803b460 unknown :-1 s=BANNER_CONNECTING pgs=0 cs=0 l=1 rev1=0 crypto rx=0 tx=0 comp rx=0 tx=0)._handle_peer_banner_payload supported=3 required=0
2024-03-23T15:34:02.039 INFO:teuthology.orchestra.run.smithi076.stdout:/usr/bin/ceph: stderr
2024-03-23T15:33:57.150+0000 7f9dbeffd700 1 --2- 172.21.15.76:0/2772755790 >> [v2:172.21.15.76:6800/36977200,v1:172.21.15.76:6801/36977200] conn(0x7f9da8038fa0 0x7f9da803b460 secure :-1 s=READY pgs=11 cs=0 l=1 rev1=1 crypto rx=0x7f9db0006fd0 tx=0x7f9db0006e40 comp rx=0 tx=0).ready entity=mgr.14118 client_cookie=0 server_cookie=0 in_seq=0 out_seq=0
2024-03-23T15:34:02.039 INFO:teuthology.orchestra.run.smithi076.stdout:/usr/bin/ceph: stderr
2024-03-23T15:33:57.155+0000 7f9dbcff9700 1 -- 172.21.15.76:0/2772755790 <== mon.0 v2:172.21.15.76:3300/0 6 ==== mon_command_ack([{"prefix": "get_command_descriptions"}]=0 v0) ==== 72+0+184932 (secure 0 0 0) 0x7f9db4018c20 con 0x7f9dc007deb0
2024-03-23T15:34:02.039 INFO:teuthology.orchestra.run.smithi076.stdout:/usr/bin/ceph: stderr
2024-03-23T15:33:57.353+0000 7f9dc5e16700 1 -- 172.21.15.76:0/2772755790 --> [v2:172.21.15.76:6800/36977200,v1:172.21.15.76:6801/36977200] -- mgr_command(tid 0: {"prefix": "orch host add", "hostname": "smithi076", "addr": "172.21.15.76", "target": ["mon-mgr", ""]}) -- 0x7f9dc0104430 con 0x7f9da8038fa0
2024-03-23T15:34:02.039 INFO:teuthology.orchestra.run.smithi076.stdout:/usr/bin/ceph: stderr
2024-03-23T15:34:01.500+0000 7f9dbcff9700 1 -- 172.21.15.76:0/2772755790 <== mgr.14118 v2:172.21.15.76:6800/36977200 1 ==== mgr_command_reply(tid 0: 0 ) ==== 8+0+48 (secure 0 0 0) 0x7f9dc0104430 con 0x7f9da8038fa0
2024-03-23T15:34:02.039 INFO:teuthology.orchestra.run.smithi076.stdout:/usr/bin/ceph: stderr
2024-03-23T15:34:01.502+0000 7f9dc5e16700 1 -- 172.21.15.76:0/2772755790 >> [v2:172.21.15.76:6800/36977200,v1:172.21.15.76:6801/36977200] conn(0x7f9da8038fa0 msgr2=0x7f9da803b460 secure :-1 s=STATE_CONNECTION_ESTABLISHED l=1).mark_down
2024-03-23T15:34:02.039 INFO:teuthology.orchestra.run.smithi076.stdout:/usr/bin/ceph: stderr
2024-03-23T15:34:01.502+0000 7f9dc5e16700 1 --2- 172.21.15.76:0/2772755790 >> [v2:172.21.15.76:6800/36977200,v1:172.21.15.76:6801/36977200] conn(0x7f9da8038fa0 0x7f9da803b460 secure :-1 s=READY pgs=11 cs=0 l=1 rev1=1 crypto rx=0x7f9db0006fd0 tx=0x7f9db0006e40 comp rx=0 tx=0).stop
2024-03-23T15:34:02.039 INFO:teuthology.orchestra.run.smithi076.stdout:/usr/bin/ceph: stderr
2024-03-23T15:34:01.502+0000 7f9dc5e16700 1 -- 172.21.15.76:0/2772755790 >> [v2:172.21.15.76:3300/0,v1:172.21.15.76:6789/0] conn(0x7f9dc007deb0 msgr2=0x7f9dc019dc00 secure :-1 s=STATE_CONNECTION_ESTABLISHED l=1).mark_down
2024-03-23T15:34:02.039 INFO:teuthology.orchestra.run.smithi076.stdout:/usr/bin/ceph: stderr
2024-03-23T15:34:01.502+0000 7f9dc5e16700 1 --2- 172.21.15.76:0/2772755790 >> [v2:172.21.15.76:3300/0,v1:172.21.15.76:6789/0] conn(0x7f9dc007deb0 0x7f9dc019dc00 secure :-1 s=READY pgs=44 cs=0 l=1 rev1=1 crypto rx=0x7f9db4011780 tx=0x7f9db4011b40 comp rx=0 tx=0).stop
2024-03-23T15:34:02.039 INFO:teuthology.orchestra.run.smithi076.stdout:/usr/bin/ceph: stderr
2024-03-23T15:34:01.502+0000 7f9dc5e16700 1 -- 172.21.15.76:0/2772755790 shutdown_connections
2024-03-23T15:34:02.039 INFO:teuthology.orchestra.run.smithi076.stdout:/usr/bin/ceph: stderr
2024-03-23T15:34:01.502+0000 7f9dc5e16700 1 --2- 172.21.15.76:0/2772755790 >> [v2:172.21.15.76:6800/36977200,v1:172.21.15.76:6801/36977200] conn(0x7f9da8038fa0 0x7f9da803b460 unknown :-1 s=CLOSED pgs=11 cs=0 l=1 rev1=1 crypto rx=0 tx=0 comp rx=0 tx=0).stop
2024-03-23T15:34:02.039 INFO:teuthology.orchestra.run.smithi076.stdout:/usr/bin/ceph: stderr
2024-03-23T15:34:01.502+0000 7f9dc5e16700 1 --2- 172.21.15.76:0/2772755790 >> [v2:172.21.15.76:3300/0,v1:172.21.15.76:6789/0] conn(0x7f9dc007deb0 0x7f9dc019dc00 unknown :-1 s=CLOSED pgs=44 cs=0 l=1 rev1=1 crypto rx=0 tx=0 comp rx=0 tx=0).stop
2024-03-23T15:34:02.040 INFO:teuthology.orchestra.run.smithi076.stdout:/usr/bin/ceph: stderr
2024-03-23T15:34:01.502+0000 7f9dc5e16700 1 -- 172.21.15.76:0/2772755790 >> 172.21.15.76:0/2772755790 conn(0x7f9dc0103280 msgr2=0x7f9dc0103d20 unknown :-1 s=STATE_NONE l=0).mark_down
2024-03-23T15:34:02.040 INFO:teuthology.orchestra.run.smithi076.stdout:/usr/bin/ceph: stderr
2024-03-23T15:34:01.503+0000 7f9dc5e16700 1 -- 172.21.15.76:0/2772755790 shutdown_connections
2024-03-23T15:34:02.040 INFO:teuthology.orchestra.run.smithi076.stdout:/usr/bin/ceph: stderr
2024-03-23T15:34:01.503+0000 7f9dc5e16700 1 -- 172.21.15.76:0/2772755790 wait complete.
2024-03-23T15:34:02.040 INFO:teuthology.orchestra.run.smithi076.stdout:Deploying unmanaged mon service...
2024-03-23T15:34:02.825 INFO:journalctl@ceph.mon.a.smithi076.stdout:Mar 23 15:34:02 smithi076 ceph-mon[32176]: from='mgr.14118 172.21.15.76:0/2012406986' entity='mgr.x'
2024-03-23T15:34:02.825 INFO:journalctl@ceph.mon.a.smithi076.stdout:Mar 23 15:34:02 smithi076 ceph-mon[32176]: Added host smithi076
2024-03-23T15:34:02.826 INFO:journalctl@ceph.mon.a.smithi076.stdout:Mar 23 15:34:02 smithi076 ceph-mon[32176]: from='mgr.14118 172.21.15.76:0/2012406986' entity='mgr.x' cmd=[{"prefix": "config dump", "format": "json"}]: dispatch
2024-03-23T15:34:03.411 INFO:teuthology.orchestra.run.smithi076.stdout:/usr/bin/ceph: stdout Scheduled mon update...
2024-03-23T15:34:03.411 INFO:teuthology.orchestra.run.smithi076.stdout:/usr/bin/ceph: stderr
2024-03-23T15:34:02.489+0000 7efdf5764700 1 Processor -- start
2024-03-23T15:34:03.411 INFO:teuthology.orchestra.run.smithi076.stdout:/usr/bin/ceph: stderr
2024-03-23T15:34:02.489+0000 7efdf5764700 1 -- start start
2024-03-23T15:34:03.411 INFO:teuthology.orchestra.run.smithi076.stdout:/usr/bin/ceph: stderr
2024-03-23T15:34:02.489+0000 7efdf5764700 1 --2- >> [v2:172.21.15.76:3300/0,v1:172.21.15.76:6789/0] conn(0x7efdf0106bb0 0x7efdf0106fd0 unknown :-1 s=NONE pgs=0 cs=0 l=0 rev1=0 crypto rx=0 tx=0 comp rx=0 tx=0).connect
2024-03-23T15:34:03.411 INFO:teuthology.orchestra.run.smithi076.stdout:/usr/bin/ceph: stderr
2024-03-23T15:34:02.489+0000 7efdf5764700 1 -- --> [v2:172.21.15.76:3300/0,v1:172.21.15.76:6789/0] -- mon_getmap magic: 0 -- 0x7efdf01075a0 con 0x7efdf0106bb0
2024-03-23T15:34:03.411 INFO:teuthology.orchestra.run.smithi076.stdout:/usr/bin/ceph: stderr
2024-03-23T15:34:02.490+0000 7efdeeffd700 1 --2- >> [v2:172.21.15.76:3300/0,v1:172.21.15.76:6789/0] conn(0x7efdf0106bb0 0x7efdf0106fd0 unknown :-1 s=BANNER_CONNECTING pgs=0 cs=0 l=0 rev1=0 crypto rx=0 tx=0 comp rx=0 tx=0)._handle_peer_banner_payload supported=3 required=0
2024-03-23T15:34:03.412 INFO:teuthology.orchestra.run.smithi076.stdout:/usr/bin/ceph: stderr
2024-03-23T15:34:02.490+0000 7efdeeffd700 1 --2- >> [v2:172.21.15.76:3300/0,v1:172.21.15.76:6789/0] conn(0x7efdf0106bb0 0x7efdf0106fd0 unknown :-1 s=HELLO_CONNECTING pgs=0 cs=0 l=0 rev1=1 crypto rx=0 tx=0 comp rx=0 tx=0).handle_hello peer v2:172.21.15.76:3300/0 says I am v2:172.21.15.76:54794/0 (socket says 172.21.15.76:54794)
2024-03-23T15:34:03.412 INFO:teuthology.orchestra.run.smithi076.stdout:/usr/bin/ceph: stderr
2024-03-23T15:34:02.490+0000 7efdeeffd700 1 -- 172.21.15.76:0/4112409806 learned_addr learned my addr 172.21.15.76:0/4112409806 (peer_addr_for_me v2:172.21.15.76:0/0)
2024-03-23T15:34:03.412 INFO:teuthology.orchestra.run.smithi076.stdout:/usr/bin/ceph: stderr
2024-03-23T15:34:02.490+0000 7efdeeffd700 1 -- 172.21.15.76:0/4112409806 --> [v2:172.21.15.76:3300/0,v1:172.21.15.76:6789/0] -- mon_subscribe({config=0+,monmap=0+}) -- 0x7efdf0107db0 con 0x7efdf0106bb0
2024-03-23T15:34:03.412 INFO:teuthology.orchestra.run.smithi076.stdout:/usr/bin/ceph: stderr
2024-03-23T15:34:02.490+0000 7efdeeffd700 1 --2- 172.21.15.76:0/4112409806 >> [v2:172.21.15.76:3300/0,v1:172.21.15.76:6789/0] conn(0x7efdf0106bb0 0x7efdf0106fd0 secure :-1 s=READY pgs=45 cs=0 l=1 rev1=1 crypto rx=0x7efde00098a0 tx=0x7efde0009bb0 comp rx=0 tx=0).ready entity=mon.0 client_cookie=fdc02a332f2863cf server_cookie=0 in_seq=0 out_seq=0
2024-03-23T15:34:03.412 INFO:teuthology.orchestra.run.smithi076.stdout:/usr/bin/ceph: stderr
2024-03-23T15:34:02.490+0000 7efdee7fc700 1 -- 172.21.15.76:0/4112409806 <== mon.0 v2:172.21.15.76:3300/0 1 ==== mon_map magic: 0 ==== 205+0+0 (secure 0 0 0) 0x7efde0004160 con 0x7efdf0106bb0
2024-03-23T15:34:03.412 INFO:teuthology.orchestra.run.smithi076.stdout:/usr/bin/ceph: stderr
2024-03-23T15:34:02.490+0000 7efdee7fc700 1 -- 172.21.15.76:0/4112409806 <== mon.0 v2:172.21.15.76:3300/0 2 ==== config(27 keys) ==== 1109+0+0 (secure 0 0 0) 0x7efde00042c0 con 0x7efdf0106bb0
2024-03-23T15:34:03.412 INFO:teuthology.orchestra.run.smithi076.stdout:/usr/bin/ceph: stderr
2024-03-23T15:34:02.490+0000 7efdee7fc700 1 -- 172.21.15.76:0/4112409806 <== mon.0 v2:172.21.15.76:3300/0 3 ==== mon_map magic: 0 ==== 205+0+0 (secure 0 0 0) 0x7efde0011ac0 con 0x7efdf0106bb0
2024-03-23T15:34:03.412 INFO:teuthology.orchestra.run.smithi076.stdout:/usr/bin/ceph: stderr
2024-03-23T15:34:02.491+0000 7efdf5764700 1 -- 172.21.15.76:0/4112409806 >> [v2:172.21.15.76:3300/0,v1:172.21.15.76:6789/0] conn(0x7efdf0106bb0 msgr2=0x7efdf0106fd0 secure :-1 s=STATE_CONNECTION_ESTABLISHED l=1).mark_down
2024-03-23T15:34:03.412 INFO:teuthology.orchestra.run.smithi076.stdout:/usr/bin/ceph: stderr
2024-03-23T15:34:02.491+0000 7efdf5764700 1 --2- 172.21.15.76:0/4112409806 >> [v2:172.21.15.76:3300/0,v1:172.21.15.76:6789/0] conn(0x7efdf0106bb0 0x7efdf0106fd0 secure :-1 s=READY pgs=45 cs=0 l=1 rev1=1 crypto rx=0x7efde00098a0 tx=0x7efde0009bb0 comp rx=0 tx=0).stop
2024-03-23T15:34:03.412 INFO:teuthology.orchestra.run.smithi076.stdout:/usr/bin/ceph: stderr
2024-03-23T15:34:02.491+0000 7efdf5764700 1 -- 172.21.15.76:0/4112409806 shutdown_connections
2024-03-23T15:34:03.413 INFO:teuthology.orchestra.run.smithi076.stdout:/usr/bin/ceph: stderr
2024-03-23T15:34:02.491+0000 7efdf5764700 1 --2- 172.21.15.76:0/4112409806 >> [v2:172.21.15.76:3300/0,v1:172.21.15.76:6789/0] conn(0x7efdf0106bb0 0x7efdf0106fd0 unknown :-1 s=CLOSED pgs=45 cs=0 l=1 rev1=1 crypto rx=0 tx=0 comp rx=0 tx=0).stop
2024-03-23T15:34:03.413 INFO:teuthology.orchestra.run.smithi076.stdout:/usr/bin/ceph: stderr
2024-03-23T15:34:02.491+0000 7efdf5764700 1 -- 172.21.15.76:0/4112409806 >> 172.21.15.76:0/4112409806 conn(0x7efdf0102130 msgr2=0x7efdf0104590 unknown :-1 s=STATE_NONE l=0).mark_down
2024-03-23T15:34:03.413 INFO:teuthology.orchestra.run.smithi076.stdout:/usr/bin/ceph: stderr
2024-03-23T15:34:02.491+0000 7efdf5764700 1 -- 172.21.15.76:0/4112409806 shutdown_connections
2024-03-23T15:34:03.413 INFO:teuthology.orchestra.run.smithi076.stdout:/usr/bin/ceph: stderr
2024-03-23T15:34:02.491+0000 7efdf5764700 1 -- 172.21.15.76:0/4112409806 wait complete.
2024-03-23T15:34:03.413 INFO:teuthology.orchestra.run.smithi076.stdout:/usr/bin/ceph: stderr
2024-03-23T15:34:02.492+0000 7efdf5764700 1 Processor -- start
2024-03-23T15:34:03.413 INFO:teuthology.orchestra.run.smithi076.stdout:/usr/bin/ceph: stderr
2024-03-23T15:34:02.492+0000 7efdf5764700 1 -- start start
2024-03-23T15:34:03.413 INFO:teuthology.orchestra.run.smithi076.stdout:/usr/bin/ceph: stderr
2024-03-23T15:34:02.492+0000 7efdf5764700 1 --2- >> [v2:172.21.15.76:3300/0,v1:172.21.15.76:6789/0] conn(0x7efdf0106bb0 0x7efdf007ba40 unknown :-1 s=NONE pgs=0 cs=0 l=1 rev1=0 crypto rx=0 tx=0 comp rx=0 tx=0).connect
2024-03-23T15:34:03.413 INFO:teuthology.orchestra.run.smithi076.stdout:/usr/bin/ceph: stderr
2024-03-23T15:34:02.492+0000 7efdf5764700 1 -- --> [v2:172.21.15.76:3300/0,v1:172.21.15.76:6789/0] -- mon_getmap magic: 0 -- 0x7efdf007bf80 con 0x7efdf0106bb0
2024-03-23T15:34:03.413 INFO:teuthology.orchestra.run.smithi076.stdout:/usr/bin/ceph: stderr
2024-03-23T15:34:02.492+0000 7efdeeffd700 1 --2- >> [v2:172.21.15.76:3300/0,v1:172.21.15.76:6789/0] conn(0x7efdf0106bb0 0x7efdf007ba40 unknown :-1 s=BANNER_CONNECTING pgs=0 cs=0 l=1 rev1=0 crypto rx=0 tx=0 comp rx=0 tx=0)._handle_peer_banner_payload supported=3 required=0
2024-03-23T15:34:03.413 INFO:teuthology.orchestra.run.smithi076.stdout:/usr/bin/ceph: stderr
2024-03-23T15:34:02.492+0000 7efdeeffd700 1 --2- >> [v2:172.21.15.76:3300/0,v1:172.21.15.76:6789/0] conn(0x7efdf0106bb0 0x7efdf007ba40 unknown :-1 s=HELLO_CONNECTING pgs=0 cs=0 l=1 rev1=1 crypto rx=0 tx=0 comp rx=0 tx=0).handle_hello peer v2:172.21.15.76:3300/0 says I am v2:172.21.15.76:54804/0 (socket says 172.21.15.76:54804)
2024-03-23T15:34:03.413 INFO:teuthology.orchestra.run.smithi076.stdout:/usr/bin/ceph: stderr
2024-03-23T15:34:02.492+0000 7efdeeffd700 1 -- 172.21.15.76:0/2944111895 learned_addr learned my addr 172.21.15.76:0/2944111895 (peer_addr_for_me v2:172.21.15.76:0/0)
2024-03-23T15:34:03.413 INFO:teuthology.orchestra.run.smithi076.stdout:/usr/bin/ceph: stderr
