2024-03-24T06:28:37.084+0000 7fbe57e00700 1 --2- 172.21.15.22:0/1644120791 >> [v2:172.21.15.22:6800/2009113619,v1:172.21.15.22:6801/2009113619] conn(0x7fbe44038ee0 0x7fbe4403b3a0 unknown :-1 s=NONE pgs=0 cs=0 l=1 rev1=0 crypto rx=0 tx=0 comp rx=0 tx=0).connect
2024-03-24T06:28:39.132 INFO:teuthology.orchestra.run.smithi022.stdout:/usr/bin/ceph: stderr
2024-03-24T06:28:37.084+0000 7fbe57e00700 1 -- 172.21.15.22:0/1644120791 <== mon.0 v2:172.21.15.22:3300/0 5 ==== osd_map(2..2 src has 1..2) ==== 940+0+0 (secure 0 0 0) 0x7fbe5004d200 con 0x7fbe6010b540
2024-03-24T06:28:39.132 INFO:teuthology.orchestra.run.smithi022.stdout:/usr/bin/ceph: stderr
2024-03-24T06:28:37.084+0000 7fbe5ea00700 1 --2- 172.21.15.22:0/1644120791 >> [v2:172.21.15.22:6800/2009113619,v1:172.21.15.22:6801/2009113619] conn(0x7fbe44038ee0 0x7fbe4403b3a0 unknown :-1 s=BANNER_CONNECTING pgs=0 cs=0 l=1 rev1=0 crypto rx=0 tx=0 comp rx=0 tx=0)._handle_peer_banner_payload supported=3 required=0
2024-03-24T06:28:39.132 INFO:teuthology.orchestra.run.smithi022.stdout:/usr/bin/ceph: stderr
2024-03-24T06:28:37.085+0000 7fbe5ea00700 1 --2- 172.21.15.22:0/1644120791 >> [v2:172.21.15.22:6800/2009113619,v1:172.21.15.22:6801/2009113619] conn(0x7fbe44038ee0 0x7fbe4403b3a0 secure :-1 s=READY pgs=12 cs=0 l=1 rev1=1 crypto rx=0x7fbe4c006fd0 tx=0x7fbe4c006e40 comp rx=0 tx=0).ready entity=mgr.14120 client_cookie=0 server_cookie=0 in_seq=0 out_seq=0
2024-03-24T06:28:39.132 INFO:teuthology.orchestra.run.smithi022.stdout:/usr/bin/ceph: stderr
2024-03-24T06:28:37.090+0000 7fbe57e00700 1 -- 172.21.15.22:0/1644120791 <== mon.0 v2:172.21.15.22:3300/0 6 ==== mon_command_ack([{"prefix": "get_command_descriptions"}]=0 v0) ==== 72+0+184932 (secure 0 0 0) 0x7fbe50018a40 con 0x7fbe6010b540
2024-03-24T06:28:39.132 INFO:teuthology.orchestra.run.smithi022.stdout:/usr/bin/ceph: stderr
2024-03-24T06:28:37.345+0000 7fbe66400700 1 -- 172.21.15.22:0/1644120791 --> [v2:172.21.15.22:6800/2009113619,v1:172.21.15.22:6801/2009113619] -- mgr_command(tid 0: {"prefix": "orch apply", "service_type": "mon", "unmanaged": true, "target": ["mon-mgr", ""]}) -- 0x7fbe60108420 con 0x7fbe44038ee0
2024-03-24T06:28:39.133 INFO:teuthology.orchestra.run.smithi022.stdout:/usr/bin/ceph: stderr
2024-03-24T06:28:37.353+0000 7fbe57e00700 1 -- 172.21.15.22:0/1644120791 <== mgr.14120 v2:172.21.15.22:6800/2009113619 1 ==== mgr_command_reply(tid 0: 0 ) ==== 8+0+24 (secure 0 0 0) 0x7fbe60108420 con 0x7fbe44038ee0
2024-03-24T06:28:39.133 INFO:teuthology.orchestra.run.smithi022.stdout:/usr/bin/ceph: stderr
2024-03-24T06:28:37.356+0000 7fbe66400700 1 -- 172.21.15.22:0/1644120791 >> [v2:172.21.15.22:6800/2009113619,v1:172.21.15.22:6801/2009113619] conn(0x7fbe44038ee0 msgr2=0x7fbe4403b3a0 secure :-1 s=STATE_CONNECTION_ESTABLISHED l=1).mark_down
2024-03-24T06:28:39.133 INFO:teuthology.orchestra.run.smithi022.stdout:/usr/bin/ceph: stderr
2024-03-24T06:28:37.356+0000 7fbe66400700 1 --2- 172.21.15.22:0/1644120791 >> [v2:172.21.15.22:6800/2009113619,v1:172.21.15.22:6801/2009113619] conn(0x7fbe44038ee0 0x7fbe4403b3a0 secure :-1 s=READY pgs=12 cs=0 l=1 rev1=1 crypto rx=0x7fbe4c006fd0 tx=0x7fbe4c006e40 comp rx=0 tx=0).stop
2024-03-24T06:28:39.133 INFO:teuthology.orchestra.run.smithi022.stdout:/usr/bin/ceph: stderr
2024-03-24T06:28:37.356+0000 7fbe66400700 1 -- 172.21.15.22:0/1644120791 >> [v2:172.21.15.22:3300/0,v1:172.21.15.22:6789/0] conn(0x7fbe6010b540 msgr2=0x7fbe6019ddc0 secure :-1 s=STATE_CONNECTION_ESTABLISHED l=1).mark_down
2024-03-24T06:28:39.133 INFO:teuthology.orchestra.run.smithi022.stdout:/usr/bin/ceph: stderr
2024-03-24T06:28:37.356+0000 7fbe66400700 1 --2- 172.21.15.22:0/1644120791 >> [v2:172.21.15.22:3300/0,v1:172.21.15.22:6789/0] conn(0x7fbe6010b540 0x7fbe6019ddc0 secure :-1 s=READY pgs=48 cs=0 l=1 rev1=1 crypto rx=0x7fbe50003f70 tx=0x7fbe50011b40 comp rx=0 tx=0).stop
2024-03-24T06:28:39.133 INFO:teuthology.orchestra.run.smithi022.stdout:/usr/bin/ceph: stderr
2024-03-24T06:28:37.356+0000 7fbe66400700 1 -- 172.21.15.22:0/1644120791 shutdown_connections
2024-03-24T06:28:39.133 INFO:teuthology.orchestra.run.smithi022.stdout:/usr/bin/ceph: stderr
2024-03-24T06:28:37.356+0000 7fbe66400700 1 --2- 172.21.15.22:0/1644120791 >> [v2:172.21.15.22:6800/2009113619,v1:172.21.15.22:6801/2009113619] conn(0x7fbe44038ee0 0x7fbe4403b3a0 unknown :-1 s=CLOSED pgs=12 cs=0 l=1 rev1=1 crypto rx=0 tx=0 comp rx=0 tx=0).stop
2024-03-24T06:28:39.133 INFO:teuthology.orchestra.run.smithi022.stdout:/usr/bin/ceph: stderr
2024-03-24T06:28:37.356+0000 7fbe66400700 1 --2- 172.21.15.22:0/1644120791 >> [v2:172.21.15.22:3300/0,v1:172.21.15.22:6789/0] conn(0x7fbe6010b540 0x7fbe6019ddc0 unknown :-1 s=CLOSED pgs=48 cs=0 l=1 rev1=1 crypto rx=0 tx=0 comp rx=0 tx=0).stop
2024-03-24T06:28:39.133 INFO:teuthology.orchestra.run.smithi022.stdout:/usr/bin/ceph: stderr
2024-03-24T06:28:37.356+0000 7fbe66400700 1 -- 172.21.15.22:0/1644120791 >> 172.21.15.22:0/1644120791 conn(0x7fbe6007d370 msgr2=0x7fbe60107d10 unknown :-1 s=STATE_NONE l=0).mark_down
2024-03-24T06:28:39.133 INFO:teuthology.orchestra.run.smithi022.stdout:/usr/bin/ceph: stderr
2024-03-24T06:28:37.357+0000 7fbe66400700 1 -- 172.21.15.22:0/1644120791 shutdown_connections
2024-03-24T06:28:39.133 INFO:teuthology.orchestra.run.smithi022.stdout:/usr/bin/ceph: stderr
2024-03-24T06:28:37.357+0000 7fbe66400700 1 -- 172.21.15.22:0/1644120791 wait complete.
2024-03-24T06:28:39.134 INFO:teuthology.orchestra.run.smithi022.stdout:Deploying unmanaged mgr service...
2024-03-24T06:28:40.006 INFO:journalctl@ceph.mon.a.smithi022.stdout:Mar 24 06:28:39 smithi022 ceph-mon[32003]: from='mgr.14120 172.21.15.22:0/3401801180' entity='mgr.x'
2024-03-24T06:28:40.638 INFO:teuthology.orchestra.run.smithi022.stdout:/usr/bin/ceph: stdout Scheduled mgr update...
2024-03-24T06:28:40.638 INFO:teuthology.orchestra.run.smithi022.stdout:/usr/bin/ceph: stderr
2024-03-24T06:28:39.736+0000 7f4117200700 1 Processor -- start
2024-03-24T06:28:40.638 INFO:teuthology.orchestra.run.smithi022.stdout:/usr/bin/ceph: stderr
2024-03-24T06:28:39.736+0000 7f4117200700 1 -- start start
2024-03-24T06:28:40.638 INFO:teuthology.orchestra.run.smithi022.stdout:/usr/bin/ceph: stderr
2024-03-24T06:28:39.737+0000 7f4117200700 1 --2- >> [v2:172.21.15.22:3300/0,v1:172.21.15.22:6789/0] conn(0x7f411807e730 0x7f411807cb90 unknown :-1 s=NONE pgs=0 cs=0 l=0 rev1=0 crypto rx=0 tx=0 comp rx=0 tx=0).connect
2024-03-24T06:28:40.638 INFO:teuthology.orchestra.run.smithi022.stdout:/usr/bin/ceph: stderr
2024-03-24T06:28:39.737+0000 7f4117200700 1 -- --> [v2:172.21.15.22:3300/0,v1:172.21.15.22:6789/0] -- mon_getmap magic: 0 -- 0x7f411807d160 con 0x7f411807e730
2024-03-24T06:28:40.638 INFO:teuthology.orchestra.run.smithi022.stdout:/usr/bin/ceph: stderr
2024-03-24T06:28:39.737+0000 7f4115e00700 1 --2- >> [v2:172.21.15.22:3300/0,v1:172.21.15.22:6789/0] conn(0x7f411807e730 0x7f411807cb90 unknown :-1 s=BANNER_CONNECTING pgs=0 cs=0 l=0 rev1=0 crypto rx=0 tx=0 comp rx=0 tx=0)._handle_peer_banner_payload supported=3 required=0
2024-03-24T06:28:40.638 INFO:teuthology.orchestra.run.smithi022.stdout:/usr/bin/ceph: stderr
2024-03-24T06:28:39.737+0000 7f4115e00700 1 --2- >> [v2:172.21.15.22:3300/0,v1:172.21.15.22:6789/0] conn(0x7f411807e730 0x7f411807cb90 unknown :-1 s=HELLO_CONNECTING pgs=0 cs=0 l=0 rev1=1 crypto rx=0 tx=0 comp rx=0 tx=0).handle_hello peer v2:172.21.15.22:3300/0 says I am v2:172.21.15.22:36904/0 (socket says 172.21.15.22:36904)
2024-03-24T06:28:40.640 INFO:teuthology.orchestra.run.smithi022.stdout:/usr/bin/ceph: stderr
2024-03-24T06:28:39.737+0000 7f4115e00700 1 -- 172.21.15.22:0/42993026 learned_addr learned my addr 172.21.15.22:0/42993026 (peer_addr_for_me v2:172.21.15.22:0/0)
2024-03-24T06:28:40.640 INFO:teuthology.orchestra.run.smithi022.stdout:/usr/bin/ceph: stderr
2024-03-24T06:28:39.738+0000 7f4115e00700 1 -- 172.21.15.22:0/42993026 --> [v2:172.21.15.22:3300/0,v1:172.21.15.22:6789/0] -- mon_subscribe({config=0+,monmap=0+}) -- 0x7f411807d2a0 con 0x7f411807e730
2024-03-24T06:28:40.641 INFO:teuthology.orchestra.run.smithi022.stdout:/usr/bin/ceph: stderr
2024-03-24T06:28:39.738+0000 7f4115e00700 1 --2- 172.21.15.22:0/42993026 >> [v2:172.21.15.22:3300/0,v1:172.21.15.22:6789/0] conn(0x7f411807e730 0x7f411807cb90 secure :-1 s=READY pgs=49 cs=0 l=1 rev1=1 crypto rx=0x7f41080098a0 tx=0x7f4108009bb0 comp rx=0 tx=0).ready entity=mon.0 client_cookie=39df4054f874d63b server_cookie=0 in_seq=0 out_seq=0
2024-03-24T06:28:40.641 INFO:teuthology.orchestra.run.smithi022.stdout:/usr/bin/ceph: stderr
2024-03-24T06:28:39.738+0000 7f4114a00700 1 -- 172.21.15.22:0/42993026 <== mon.0 v2:172.21.15.22:3300/0 1 ==== mon_map magic: 0 ==== 205+0+0 (secure 0 0 0) 0x7f4108004160 con 0x7f411807e730
2024-03-24T06:28:40.641 INFO:teuthology.orchestra.run.smithi022.stdout:/usr/bin/ceph: stderr
2024-03-24T06:28:39.738+0000 7f4114a00700 1 -- 172.21.15.22:0/42993026 <== mon.0 v2:172.21.15.22:3300/0 2 ==== config(27 keys) ==== 1140+0+0 (secure 0 0 0) 0x7f41080042c0 con 0x7f411807e730
2024-03-24T06:28:40.641 INFO:teuthology.orchestra.run.smithi022.stdout:/usr/bin/ceph: stderr
2024-03-24T06:28:39.738+0000 7f4114a00700 1 -- 172.21.15.22:0/42993026 <== mon.0 v2:172.21.15.22:3300/0 3 ==== mon_map magic: 0 ==== 205+0+0 (secure 0 0 0) 0x7f4108011a80 con 0x7f411807e730
2024-03-24T06:28:40.641 INFO:teuthology.orchestra.run.smithi022.stdout:/usr/bin/ceph: stderr
2024-03-24T06:28:39.739+0000 7f4117200700 1 -- 172.21.15.22:0/42993026 >> [v2:172.21.15.22:3300/0,v1:172.21.15.22:6789/0] conn(0x7f411807e730 msgr2=0x7f411807cb90 secure :-1 s=STATE_CONNECTION_ESTABLISHED l=1).mark_down
2024-03-24T06:28:40.641 INFO:teuthology.orchestra.run.smithi022.stdout:/usr/bin/ceph: stderr
2024-03-24T06:28:39.739+0000 7f4117200700 1 --2- 172.21.15.22:0/42993026 >> [v2:172.21.15.22:3300/0,v1:172.21.15.22:6789/0] conn(0x7f411807e730 0x7f411807cb90 secure :-1 s=READY pgs=49 cs=0 l=1 rev1=1 crypto rx=0x7f41080098a0 tx=0x7f4108009bb0 comp rx=0 tx=0).stop
2024-03-24T06:28:40.641 INFO:teuthology.orchestra.run.smithi022.stdout:/usr/bin/ceph: stderr
2024-03-24T06:28:39.740+0000 7f4117200700 1 -- 172.21.15.22:0/42993026 shutdown_connections
2024-03-24T06:28:40.641 INFO:teuthology.orchestra.run.smithi022.stdout:/usr/bin/ceph: stderr
2024-03-24T06:28:39.740+0000 7f4117200700 1 --2- 172.21.15.22:0/42993026 >> [v2:172.21.15.22:3300/0,v1:172.21.15.22:6789/0] conn(0x7f411807e730 0x7f411807cb90 unknown :-1 s=CLOSED pgs=49 cs=0 l=1 rev1=1 crypto rx=0 tx=0 comp rx=0 tx=0).stop
2024-03-24T06:28:40.641 INFO:teuthology.orchestra.run.smithi022.stdout:/usr/bin/ceph: stderr
2024-03-24T06:28:39.740+0000 7f4117200700 1 -- 172.21.15.22:0/42993026 >> 172.21.15.22:0/42993026 conn(0x7f41181030a0 msgr2=0x7f41181054e0 unknown :-1 s=STATE_NONE l=0).mark_down
2024-03-24T06:28:40.641 INFO:teuthology.orchestra.run.smithi022.stdout:/usr/bin/ceph: stderr
2024-03-24T06:28:39.740+0000 7f4117200700 1 -- 172.21.15.22:0/42993026 shutdown_connections
2024-03-24T06:28:40.641 INFO:teuthology.orchestra.run.smithi022.stdout:/usr/bin/ceph: stderr
2024-03-24T06:28:39.740+0000 7f4117200700 1 -- 172.21.15.22:0/42993026 wait complete.
2024-03-24T06:28:40.641 INFO:teuthology.orchestra.run.smithi022.stdout:/usr/bin/ceph: stderr
2024-03-24T06:28:39.741+0000 7f4117200700 1 Processor -- start
2024-03-24T06:28:40.642 INFO:teuthology.orchestra.run.smithi022.stdout:/usr/bin/ceph: stderr
2024-03-24T06:28:39.741+0000 7f4117200700 1 -- start start
2024-03-24T06:28:40.642 INFO:teuthology.orchestra.run.smithi022.stdout:/usr/bin/ceph: stderr
2024-03-24T06:28:39.741+0000 7f4117200700 1 --2- >> [v2:172.21.15.22:3300/0,v1:172.21.15.22:6789/0] conn(0x7f411807e730 0x7f41181a1ef0 unknown :-1 s=NONE pgs=0 cs=0 l=1 rev1=0 crypto rx=0 tx=0 comp rx=0 tx=0).connect
2024-03-24T06:28:40.644 INFO:teuthology.orchestra.run.smithi022.stdout:/usr/bin/ceph: stderr
2024-03-24T06:28:39.741+0000 7f4117200700 1 -- --> [v2:172.21.15.22:3300/0,v1:172.21.15.22:6789/0] -- mon_getmap magic: 0 -- 0x7f41181a2430 con 0x7f411807e730
2024-03-24T06:28:40.644 INFO:teuthology.orchestra.run.smithi022.stdout:/usr/bin/ceph: stderr
2024-03-24T06:28:39.742+0000 7f4115e00700 1 --2- >> [v2:172.21.15.22:3300/0,v1:172.21.15.22:6789/0] conn(0x7f411807e730 0x7f41181a1ef0 unknown :-1 s=BANNER_CONNECTING pgs=0 cs=0 l=1 rev1=0 crypto rx=0 tx=0 comp rx=0 tx=0)._handle_peer_banner_payload supported=3 required=0
2024-03-24T06:28:40.644 INFO:teuthology.orchestra.run.smithi022.stdout:/usr/bin/ceph: stderr
2024-03-24T06:28:39.742+0000 7f4115e00700 1 --2- >> [v2:172.21.15.22:3300/0,v1:172.21.15.22:6789/0] conn(0x7f411807e730 0x7f41181a1ef0 unknown :-1 s=HELLO_CONNECTING pgs=0 cs=0 l=1 rev1=1 crypto rx=0 tx=0 comp rx=0 tx=0).handle_hello peer v2:172.21.15.22:3300/0 says I am v2:172.21.15.22:36910/0 (socket says 172.21.15.22:36910)
2024-03-24T06:28:40.644 INFO:teuthology.orchestra.run.smithi022.stdout:/usr/bin/ceph: stderr
2024-03-24T06:28:39.742+0000 7f4115e00700 1 -- 172.21.15.22:0/1614174976 learned_addr learned my addr 172.21.15.22:0/1614174976 (peer_addr_for_me v2:172.21.15.22:0/0)
2024-03-24T06:28:40.644 INFO:teuthology.orchestra.run.smithi022.stdout:/usr/bin/ceph: stderr
2024-03-24T06:28:39.742+0000 7f4115e00700 1 -- 172.21.15.22:0/1614174976 --> [v2:172.21.15.22:3300/0,v1:172.21.15.22:6789/0] -- mon_subscribe({config=0+,monmap=0+}) -- 0x7f4108009550 con 0x7f411807e730
2024-03-24T06:28:40.644 INFO:teuthology.orchestra.run.smithi022.stdout:/usr/bin/ceph: stderr
2024-03-24T06:28:39.742+0000 7f4115e00700 1 --2- 172.21.15.22:0/1614174976 >> [v2:172.21.15.22:3300/0,v1:172.21.15.22:6789/0] conn(0x7f411807e730 0x7f41181a1ef0 secure :-1 s=READY pgs=50 cs=0 l=1 rev1=1 crypto rx=0x7f4108000c00 tx=0x7f4108011b00 comp rx=0 tx=0).ready entity=mon.0 client_cookie=0 server_cookie=0 in_seq=0 out_seq=0
2024-03-24T06:28:40.644 INFO:teuthology.orchestra.run.smithi022.stdout:/usr/bin/ceph: stderr
2024-03-24T06:28:39.743+0000 7f410ea00700 1 -- 172.21.15.22:0/1614174976 <== mon.0 v2:172.21.15.22:3300/0 1 ==== mon_map magic: 0 ==== 205+0+0 (secure 0 0 0) 0x7f4108003aa0 con 0x7f411807e730
2024-03-24T06:28:40.644 INFO:teuthology.orchestra.run.smithi022.stdout:/usr/bin/ceph: stderr
2024-03-24T06:28:39.743+0000 7f410ea00700 1 -- 172.21.15.22:0/1614174976 <== mon.0 v2:172.21.15.22:3300/0 2 ==== config(27 keys) ==== 1140+0+0 (secure 0 0 0) 0x7f4108003c00 con 0x7f411807e730
2024-03-24T06:28:40.645 INFO:teuthology.orchestra.run.smithi022.stdout:/usr/bin/ceph: stderr
2024-03-24T06:28:39.743+0000 7f410ea00700 1 -- 172.21.15.22:0/1614174976 <== mon.0 v2:172.21.15.22:3300/0 3 ==== mon_map magic: 0 ==== 205+0+0 (secure 0 0 0) 0x7f4108024930 con 0x7f411807e730
2024-03-24T06:28:40.645 INFO:teuthology.orchestra.run.smithi022.stdout:/usr/bin/ceph: stderr
2024-03-24T06:28:39.743+0000 7f4117200700 1 -- 172.21.15.22:0/1614174976 --> [v2:172.21.15.22:3300/0,v1:172.21.15.22:6789/0] -- mon_subscribe({mgrmap=0+}) -- 0x7f41181a2630 con 0x7f411807e730
2024-03-24T06:28:40.645 INFO:teuthology.orchestra.run.smithi022.stdout:/usr/bin/ceph: stderr
2024-03-24T06:28:39.743+0000 7f4117200700 1 -- 172.21.15.22:0/1614174976 --> [v2:172.21.15.22:3300/0,v1:172.21.15.22:6789/0] -- mon_subscribe({osdmap=0}) -- 0x7f41181a2ad0 con 0x7f411807e730
2024-03-24T06:28:40.645 INFO:teuthology.orchestra.run.smithi022.stdout:/usr/bin/ceph: stderr
2024-03-24T06:28:39.744+0000 7f410ea00700 1 -- 172.21.15.22:0/1614174976 <== mon.0 v2:172.21.15.22:3300/0 4 ==== mgrmap(e 8) ==== 45928+0+0 (secure 0 0 0) 0x7f410801aca0 con 0x7f411807e730
2024-03-24T06:28:40.645 INFO:teuthology.orchestra.run.smithi022.stdout:/usr/bin/ceph: stderr
2024-03-24T06:28:39.744+0000 7f4117200700 1 -- 172.21.15.22:0/1614174976 --> [v2:172.21.15.22:3300/0,v1:172.21.15.22:6789/0] -- mon_command({"prefix": "get_command_descriptions"} v 0) -- 0x7f4118109b30 con 0x7f411807e730
2024-03-24T06:28:40.645 INFO:teuthology.orchestra.run.smithi022.stdout:/usr/bin/ceph: stderr
2024-03-24T06:28:39.745+0000 7f410ea00700 1 --2- 172.21.15.22:0/1614174976 >> [v2:172.21.15.22:6800/2009113619,v1:172.21.15.22:6801/2009113619] conn(0x7f40fc038ee0 0x7f40fc03b3a0 unknown :-1 s=NONE pgs=0 cs=0 l=1 rev1=0 crypto rx=0 tx=0 comp rx=0 tx=0).connect
2024-03-24T06:28:40.645 INFO:teuthology.orchestra.run.smithi022.stdout:/usr/bin/ceph: stderr
2024-03-24T06:28:39.745+0000 7f410ea00700 1 -- 172.21.15.22:0/1614174976 <== mon.0 v2:172.21.15.22:3300/0 5 ==== osd_map(2..2 src has 1..2) ==== 940+0+0 (secure 0 0 0) 0x7f410804d100 con 0x7f411807e730
2024-03-24T06:28:40.645 INFO:teuthology.orchestra.run.smithi022.stdout:/usr/bin/ceph: stderr
2024-03-24T06:28:39.745+0000 7f4115400700 1 --2- 172.21.15.22:0/1614174976 >> [v2:172.21.15.22:6800/2009113619,v1:172.21.15.22:6801/2009113619] conn(0x7f40fc038ee0 0x7f40fc03b3a0 unknown :-1 s=BANNER_CONNECTING pgs=0 cs=0 l=1 rev1=0 crypto rx=0 tx=0 comp rx=0 tx=0)._handle_peer_banner_payload supported=3 required=0
2024-03-24T06:28:40.645 INFO:teuthology.orchestra.run.smithi022.stdout:/usr/bin/ceph: stderr
2024-03-24T06:28:39.746+0000 7f4115400700 1 --2- 172.21.15.22:0/1614174976 >> [v2:172.21.15.22:6800/2009113619,v1:172.21.15.22:6801/2009113619] conn(0x7f40fc038ee0 0x7f40fc03b3a0 secure :-1 s=READY pgs=13 cs=0 l=1 rev1=1 crypto rx=0x7f4104006fd0 tx=0x7f4104006e40 comp rx=0 tx=0).ready entity=mgr.14120 client_cookie=0 server_cookie=0 in_seq=0 out_seq=0
2024-03-24T06:28:40.645 INFO:teuthology.orchestra.run.smithi022.stdout:/usr/bin/ceph: stderr
2024-03-24T06:28:39.751+0000 7f410ea00700 1 -- 172.21.15.22:0/1614174976 <== mon.0 v2:172.21.15.22:3300/0 6 ==== mon_command_ack([{"prefix": "get_command_descriptions"}]=0 v0) ==== 72+0+184932 (secure 0 0 0) 0x7f410801a430 con 0x7f411807e730
2024-03-24T06:28:40.645 INFO:teuthology.orchestra.run.smithi022.stdout:/usr/bin/ceph: stderr
2024-03-24T06:28:40.006+0000 7f4117200700 1 -- 172.21.15.22:0/1614174976 --> [v2:172.21.15.22:6800/2009113619,v1:172.21.15.22:6801/2009113619] -- mgr_command(tid 0: {"prefix": "orch apply", "service_type": "mgr", "unmanaged": true, "target": ["mon-mgr", ""]}) -- 0x7f4118062640 con 0x7f40fc038ee0
2024-03-24T06:28:40.647 INFO:teuthology.orchestra.run.smithi022.stdout:/usr/bin/ceph: stderr
2024-03-24T06:28:40.013+0000 7f410ea00700 1 -- 172.21.15.22:0/1614174976 <== mgr.14120 v2:172.21.15.22:6800/2009113619 1 ==== mgr_command_reply(tid 0: 0 ) ==== 8+0+24 (secure 0 0 0) 0x7f4118062640 con 0x7f40fc038ee0
2024-03-24T06:28:40.647 INFO:teuthology.orchestra.run.smithi022.stdout:/usr/bin/ceph: stderr
2024-03-24T06:28:40.015+0000 7f4117200700 1 -- 172.21.15.22:0/1614174976 >> [v2:172.21.15.22:6800/2009113619,v1:172.21.15.22:6801/2009113619] conn(0x7f40fc038ee0 msgr2=0x7f40fc03b3a0 secure :-1 s=STATE_CONNECTION_ESTABLISHED l=1).mark_down
2024-03-24T06:28:40.647 INFO:teuthology.orchestra.run.smithi022.stdout:/usr/bin/ceph: stderr
2024-03-24T06:28:40.015+0000 7f4117200700 1 --2- 172.21.15.22:0/1614174976 >> [v2:172.21.15.22:6800/2009113619,v1:172.21.15.22:6801/2009113619] conn(0x7f40fc038ee0 0x7f40fc03b3a0 secure :-1 s=READY pgs=13 cs=0 l=1 rev1=1 crypto rx=0x7f4104006fd0 tx=0x7f4104006e40 comp rx=0 tx=0).stop
2024-03-24T06:28:40.647 INFO:teuthology.orchestra.run.smithi022.stdout:/usr/bin/ceph: stderr
2024-03-24T06:28:40.016+0000 7f4117200700 1 -- 172.21.15.22:0/1614174976 >> [v2:172.21.15.22:3300/0,v1:172.21.15.22:6789/0] conn(0x7f411807e730 msgr2=0x7f41181a1ef0 secure :-1 s=STATE_CONNECTION_ESTABLISHED l=1).mark_down
2024-03-24T06:28:40.647 INFO:teuthology.orchestra.run.smithi022.stdout:/usr/bin/ceph: stderr
2024-03-24T06:28:40.016+0000 7f4117200700 1 --2- 172.21.15.22:0/1614174976 >> [v2:172.21.15.22:3300/0,v1:172.21.15.22:6789/0] conn(0x7f411807e730 0x7f41181a1ef0 secure :-1 s=READY pgs=50 cs=0 l=1 rev1=1 crypto rx=0x7f4108000c00 tx=0x7f4108011b00 comp rx=0 tx=0).stop
2024-03-24T06:28:40.647 INFO:teuthology.orchestra.run.smithi022.stdout:/usr/bin/ceph: stderr
2024-03-24T06:28:40.016+0000 7f4117200700 1 -- 172.21.15.22:0/1614174976 shutdown_connections
2024-03-24T06:28:40.647 INFO:teuthology.orchestra.run.smithi022.stdout:/usr/bin/ceph: stderr
2024-03-24T06:28:40.016+0000 7f4117200700 1 --2- 172.21.15.22:0/1614174976 >> [v2:172.21.15.22:6800/2009113619,v1:172.21.15.22:6801/2009113619] conn(0x7f40fc038ee0 0x7f40fc03b3a0 unknown :-1 s=CLOSED pgs=13 cs=0 l=1 rev1=1 crypto rx=0 tx=0 comp rx=0 tx=0).stop
2024-03-24T06:28:40.647 INFO:teuthology.orchestra.run.smithi022.stdout:/usr/bin/ceph: stderr
2024-03-24T06:28:40.016+0000 7f4117200700 1 --2- 172.21.15.22:0/1614174976 >> [v2:172.21.15.22:3300/0,v1:172.21.15.22:6789/0] conn(0x7f411807e730 0x7f41181a1ef0 unknown :-1 s=CLOSED pgs=50 cs=0 l=1 rev1=1 crypto rx=0 tx=0 comp rx=0 tx=0).stop
2024-03-24T06:28:40.647 INFO:teuthology.orchestra.run.smithi022.stdout:/usr/bin/ceph: stderr
2024-03-24T06:28:40.016+0000 7f4117200700 1 -- 172.21.15.22:0/1614174976 >> 172.21.15.22:0/1614174976 conn(0x7f41181030a0 msgr2=0x7f41181054e0 unknown :-1 s=STATE_NONE l=0).mark_down
2024-03-24T06:28:40.647 INFO:teuthology.orchestra.run.smithi022.stdout:/usr/bin/ceph: stderr
2024-03-24T06:28:40.016+0000 7f4117200700 1 -- 172.21.15.22:0/1614174976 shutdown_connections
2024-03-24T06:28:40.647 INFO:teuthology.orchestra.run.smithi022.stdout:/usr/bin/ceph: stderr
2024-03-24T06:28:40.016+0000 7f4117200700 1 -- 172.21.15.22:0/1614174976 wait complete.
2024-03-24T06:28:40.898 INFO:journalctl@ceph.mon.a.smithi022.stdout:Mar 24 06:28:40 smithi022 ceph-mon[32003]: from='mgr.14120 172.21.15.22:0/3401801180' entity='mgr.x'
2024-03-24T06:28:40.898 INFO:journalctl@ceph.mon.a.smithi022.stdout:Mar 24 06:28:40 smithi022 ceph-mon[32003]: from='client.14144 -' entity='client.admin' cmd=[{"prefix": "orch apply", "service_type": "mgr", "unmanaged": true, "target": ["mon-mgr", ""]}]: dispatch
2024-03-24T06:28:40.899 INFO:journalctl@ceph.mon.a.smithi022.stdout:Mar 24 06:28:40 smithi022 ceph-mon[32003]: Saving service mgr spec with placement count:2
2024-03-24T06:28:40.899 INFO:journalctl@ceph.mon.a.smithi022.stdout:Mar 24 06:28:40 smithi022 ceph-mon[32003]: from='mgr.14120 172.21.15.22:0/3401801180' entity='mgr.x'
2024-03-24T06:28:40.899 INFO:journalctl@ceph.mon.a.smithi022.stdout:Mar 24 06:28:40 smithi022 ceph-mon[32003]: pgmap v3: 0 pgs: ; 0 B data, 0 B used, 0 B / 0 B avail
2024-03-24T06:28:42.463 INFO:teuthology.orchestra.run.smithi022.stdout:/usr/bin/ceph: stderr
2024-03-24T06:28:41.210+0000 7f9cf2a00700 1 Processor -- start
2024-03-24T06:28:42.465 INFO:teuthology.orchestra.run.smithi022.stdout:/usr/bin/ceph: stderr
2024-03-24T06:28:41.210+0000 7f9cf2a00700 1 -- start start
2024-03-24T06:28:42.465 INFO:teuthology.orchestra.run.smithi022.stdout:/usr/bin/ceph: stderr
2024-03-24T06:28:41.211+0000 7f9cf2a00700 1 --2- >> [v2:172.21.15.22:3300/0,v1:172.21.15.22:6789/0] conn(0x7f9cec1082e0 0x7f9cec108700 unknown :-1 s=NONE pgs=0 cs=0 l=0 rev1=0 crypto rx=0 tx=0 comp rx=0 tx=0).connect
2024-03-24T06:28:42.465 INFO:teuthology.orchestra.run.smithi022.stdout:/usr/bin/ceph: stderr
2024-03-24T06:28:41.211+0000 7f9cf2a00700 1 -- --> [v2:172.21.15.22:3300/0,v1:172.21.15.22:6789/0] -- mon_getmap magic: 0 -- 0x7f9cec108cd0 con 0x7f9cec1082e0
2024-03-24T06:28:42.465 INFO:teuthology.orchestra.run.smithi022.stdout:/usr/bin/ceph: stderr
2024-03-24T06:28:41.211+0000 7f9cebe00700 1 --2- >> [v2:172.21.15.22:3300/0,v1:172.21.15.22:6789/0] conn(0x7f9cec1082e0 0x7f9cec108700 unknown :-1 s=BANNER_CONNECTING pgs=0 cs=0 l=0 rev1=0 crypto rx=0 tx=0 comp rx=0 tx=0)._handle_peer_banner_payload supported=3 required=0
2024-03-24T06:28:42.465 INFO:teuthology.orchestra.run.smithi022.stdout:/usr/bin/ceph: stderr
2024-03-24T06:28:41.211+0000 7f9cebe00700 1 --2- >> [v2:172.21.15.22:3300/0,v1:172.21.15.22:6789/0] conn(0x7f9cec1082e0 0x7f9cec108700 unknown :-1 s=HELLO_CONNECTING pgs=0 cs=0 l=0 rev1=1 crypto rx=0 tx=0 comp rx=0 tx=0).handle_hello peer v2:172.21.15.22:3300/0 says I am v2:172.21.15.22:36918/0 (socket says 172.21.15.22:36918)
2024-03-24T06:28:42.465 INFO:teuthology.orchestra.run.smithi022.stdout:/usr/bin/ceph: stderr
2024-03-24T06:28:41.211+0000 7f9cebe00700 1 -- 172.21.15.22:0/504725414 learned_addr learned my addr 172.21.15.22:0/504725414 (peer_addr_for_me v2:172.21.15.22:0/0)
2024-03-24T06:28:42.466 INFO:teuthology.orchestra.run.smithi022.stdout:/usr/bin/ceph: stderr
2024-03-24T06:28:41.212+0000 7f9cebe00700 1 -- 172.21.15.22:0/504725414 --> [v2:172.21.15.22:3300/0,v1:172.21.15.22:6789/0] -- mon_subscribe({config=0+,monmap=0+}) -- 0x7f9cec106820 con 0x7f9cec1082e0
2024-03-24T06:28:42.466 INFO:teuthology.orchestra.run.smithi022.stdout:/usr/bin/ceph: stderr
2024-03-24T06:28:41.212+0000 7f9cebe00700 1 --2- 172.21.15.22:0/504725414 >> [v2:172.21.15.22:3300/0,v1:172.21.15.22:6789/0] conn(0x7f9cec1082e0 0x7f9cec108700 secure :-1 s=READY pgs=51 cs=0 l=1 rev1=1 crypto rx=0x7f9cdc0098a0 tx=0x7f9cdc009bb0 comp rx=0 tx=0).ready entity=mon.0 client_cookie=f5bf6bfefd9c82ec server_cookie=0 in_seq=0 out_seq=0
2024-03-24T06:28:42.472 INFO:teuthology.orchestra.run.smithi022.stdout:/usr/bin/ceph: stderr
2024-03-24T06:28:41.213+0000 7f9ceaa00700 1 -- 172.21.15.22:0/504725414 <== mon.0 v2:172.21.15.22:3300/0 1 ==== mon_map magic: 0 ==== 205+0+0 (secure 0 0 0) 0x7f9cdc004160 con 0x7f9cec1082e0
2024-03-24T06:28:42.473 INFO:teuthology.orchestra.run.smithi022.stdout:/usr/bin/ceph: stderr
2024-03-24T06:28:41.213+0000 7f9ceaa00700 1 -- 172.21.15.22:0/504725414 <== mon.0 v2:172.21.15.22:3300/0 2 ==== config(27 keys) ==== 1140+0+0 (secure 0 0 0) 0x7f9cdc0042c0 con 0x7f9cec1082e0
2024-03-24T06:28:42.473 INFO:teuthology.orchestra.run.smithi022.stdout:/usr/bin/ceph: stderr
2024-03-24T06:28:41.213+0000 7f9ceaa00700 1 -- 172.21.15.22:0/504725414 <== mon.0 v2:172.21.15.22:3300/0 3 ==== mon_map magic: 0 ==== 205+0+0 (secure 0 0 0) 0x7f9cdc011a80 con 0x7f9cec1082e0
2024-03-24T06:28:42.473 INFO:teuthology.orchestra.run.smithi022.stdout:/usr/bin/ceph: stderr
2024-03-24T06:28:41.214+0000 7f9cf2a00700 1 -- 172.21.15.22:0/504725414 >> [v2:172.21.15.22:3300/0,v1:172.21.15.22:6789/0] conn(0x7f9cec1082e0 msgr2=0x7f9cec108700 secure :-1 s=STATE_CONNECTION_ESTABLISHED l=1).mark_down
2024-03-24T06:28:42.473 INFO:teuthology.orchestra.run.smithi022.stdout:/usr/bin/ceph: stderr
2024-03-24T06:28:41.214+0000 7f9cf2a00700 1 --2- 172.21.15.22:0/504725414 >> [v2:172.21.15.22:3300/0,v1:172.21.15.22:6789/0] conn(0x7f9cec1082e0 0x7f9cec108700 secure :-1 s=READY pgs=51 cs=0 l=1 rev1=1 crypto rx=0x7f9cdc0098a0 tx=0x7f9cdc009bb0 comp rx=0 tx=0).stop
2024-03-24T06:28:42.473 INFO:teuthology.orchestra.run.smithi022.stdout:/usr/bin/ceph: stderr
2024-03-24T06:28:41.214+0000 7f9cf2a00700 1 -- 172.21.15.22:0/504725414 shutdown_connections
2024-03-24T06:28:42.473 INFO:teuthology.orchestra.run.smithi022.stdout:/usr/bin/ceph: stderr
2024-03-24T06:28:41.214+0000 7f9cf2a00700 1 --2- 172.21.15.22:0/504725414 >> [v2:172.21.15.22:3300/0,v1:172.21.15.22:6789/0] conn(0x7f9cec1082e0 0x7f9cec108700 unknown :-1 s=CLOSED pgs=51 cs=0 l=1 rev1=1 crypto rx=0 tx=0 comp rx=0 tx=0).stop
2024-03-24T06:28:42.473 INFO:teuthology.orchestra.run.smithi022.stdout:/usr/bin/ceph: stderr
2024-03-24T06:28:41.214+0000 7f9cf2a00700 1 -- 172.21.15.22:0/504725414 >> 172.21.15.22:0/504725414 conn(0x7f9cec102180 msgr2=0x7f9cec1045e0 unknown :-1 s=STATE_NONE l=0).mark_down
2024-03-24T06:28:42.473 INFO:teuthology.orchestra.run.smithi022.stdout:/usr/bin/ceph: stderr
2024-03-24T06:28:41.214+0000 7f9cf2a00700 1 -- 172.21.15.22:0/504725414 shutdown_connections
2024-03-24T06:28:42.473 INFO:teuthology.orchestra.run.smithi022.stdout:/usr/bin/ceph: stderr
2024-03-24T06:28:41.214+0000 7f9cf2a00700 1 -- 172.21.15.22:0/504725414 wait complete.
2024-03-24T06:28:42.474 INFO:teuthology.orchestra.run.smithi022.stdout:/usr/bin/ceph: stderr
2024-03-24T06:28:41.215+0000 7f9cf2a00700 1 Processor -- start
2024-03-24T06:28:42.474 INFO:teuthology.orchestra.run.smithi022.stdout:/usr/bin/ceph: stderr
2024-03-24T06:28:41.216+0000 7f9cf2a00700 1 -- start start
2024-03-24T06:28:42.474 INFO:teuthology.orchestra.run.smithi022.stdout:/usr/bin/ceph: stderr
2024-03-24T06:28:41.216+0000 7f9cf2a00700 1 --2- >> [v2:172.21.15.22:3300/0,v1:172.21.15.22:6789/0] conn(0x7f9cec1082e0 0x7f9cec19dda0 unknown :-1 s=NONE pgs=0 cs=0 l=1 rev1=0 crypto rx=0 tx=0 comp rx=0 tx=0).connect
2024-03-24T06:28:42.474 INFO:teuthology.orchestra.run.smithi022.stdout:/usr/bin/ceph: stderr
2024-03-24T06:28:41.216+0000 7f9cf2a00700 1 -- --> [v2:172.21.15.22:3300/0,v1:172.21.15.22:6789/0] -- mon_getmap magic: 0 -- 0x7f9cec19e2e0 con 0x7f9cec1082e0
2024-03-24T06:28:42.474 INFO:teuthology.orchestra.run.smithi022.stdout:/usr/bin/ceph: stderr
2024-03-24T06:28:41.216+0000 7f9cebe00700 1 --2- >> [v2:172.21.15.22:3300/0,v1:172.21.15.22:6789/0] conn(0x7f9cec1082e0 0x7f9cec19dda0 unknown :-1 s=BANNER_CONNECTING pgs=0 cs=0 l=1 rev1=0 crypto rx=0 tx=0 comp rx=0 tx=0)._handle_peer_banner_payload supported=3 required=0
2024-03-24T06:28:42.474 INFO:teuthology.orchestra.run.smithi022.stdout:/usr/bin/ceph: stderr
2024-03-24T06:28:41.216+0000 7f9cebe00700 1 --2- >> [v2:172.21.15.22:3300/0,v1:172.21.15.22:6789/0] conn(0x7f9cec1082e0 0x7f9cec19dda0 unknown :-1 s=HELLO_CONNECTING pgs=0 cs=0 l=1 rev1=1 crypto rx=0 tx=0 comp rx=0 tx=0).handle_hello peer v2:172.21.15.22:3300/0 says I am v2:172.21.15.22:36924/0 (socket says 172.21.15.22:36924)
2024-03-24T06:28:42.474 INFO:teuthology.orchestra.run.smithi022.stdout:/usr/bin/ceph: stderr
2024-03-24T06:28:41.216+0000 7f9cebe00700 1 -- 172.21.15.22:0/521027533 learned_addr learned my addr 172.21.15.22:0/521027533 (peer_addr_for_me v2:172.21.15.22:0/0)
2024-03-24T06:28:42.475 INFO:teuthology.orchestra.run.smithi022.stdout:/usr/bin/ceph: stderr
2024-03-24T06:28:41.217+0000 7f9cebe00700 1 -- 172.21.15.22:0/521027533 --> [v2:172.21.15.22:3300/0,v1:172.21.15.22:6789/0] -- mon_subscribe({config=0+,monmap=0+}) -- 0x7f9cdc009550 con 0x7f9cec1082e0
2024-03-24T06:28:42.475 INFO:teuthology.orchestra.run.smithi022.stdout:/usr/bin/ceph: stderr
2024-03-24T06:28:41.217+0000 7f9cebe00700 1 --2- 172.21.15.22:0/521027533 >> [v2:172.21.15.22:3300/0,v1:172.21.15.22:6789/0] conn(0x7f9cec1082e0 0x7f9cec19dda0 secure :-1 s=READY pgs=52 cs=0 l=1 rev1=1 crypto rx=0x7f9cdc011740 tx=0x7f9cdc011b00 comp rx=0 tx=0).ready entity=mon.0 client_cookie=0 server_cookie=0 in_seq=0 out_seq=0
2024-03-24T06:28:42.475 INFO:teuthology.orchestra.run.smithi022.stdout:/usr/bin/ceph: stderr
2024-03-24T06:28:41.217+0000 7f9ce8c00700 1 -- 172.21.15.22:0/521027533 <== mon.0 v2:172.21.15.22:3300/0 1 ==== mon_map magic: 0 ==== 205+0+0 (secure 0 0 0) 0x7f9cdc003b20 con 0x7f9cec1082e0
2024-03-24T06:28:42.475 INFO:teuthology.orchestra.run.smithi022.stdout:/usr/bin/ceph: stderr
2024-03-24T06:28:41.217+0000 7f9ce8c00700 1 -- 172.21.15.22:0/521027533 <== mon.0 v2:172.21.15.22:3300/0 2 ==== config(27 keys) ==== 1140+0+0 (secure 0 0 0) 0x7f9cdc01a910 con 0x7f9cec1082e0
2024-03-24T06:28:42.475 INFO:teuthology.orchestra.run.smithi022.stdout:/usr/bin/ceph: stderr
2024-03-24T06:28:41.217+0000 7f9ce8c00700 1 -- 172.21.15.22:0/521027533 <== mon.0 v2:172.21.15.22:3300/0 3 ==== mon_map magic: 0 ==== 205+0+0 (secure 0 0 0) 0x7f9cdc024850 con 0x7f9cec1082e0
2024-03-24T06:28:42.475 INFO:teuthology.orchestra.run.smithi022.stdout:/usr/bin/ceph: stderr
2024-03-24T06:28:41.217+0000 7f9cf2a00700 1 -- 172.21.15.22:0/521027533 --> [v2:172.21.15.22:3300/0,v1:172.21.15.22:6789/0] -- mon_subscribe({mgrmap=0+}) -- 0x7f9cec19e4e0 con 0x7f9cec1082e0
2024-03-24T06:28:42.476 INFO:teuthology.orchestra.run.smithi022.stdout:/usr/bin/ceph: stderr
2024-03-24T06:28:41.217+0000 7f9cf2a00700 1 -- 172.21.15.22:0/521027533 --> [v2:172.21.15.22:3300/0,v1:172.21.15.22:6789/0] -- mon_subscribe({osdmap=0}) -- 0x7f9cec19e980 con 0x7f9cec1082e0
2024-03-24T06:28:42.476 INFO:teuthology.orchestra.run.smithi022.stdout:/usr/bin/ceph: stderr
2024-03-24T06:28:41.219+0000 7f9ce2000700 1 -- 172.21.15.22:0/521027533 --> [v2:172.21.15.22:3300/0,v1:172.21.15.22:6789/0] -- mon_command({"prefix": "get_command_descriptions"} v 0) -- 0x7f9cc4005330 con 0x7f9cec1082e0
2024-03-24T06:28:42.476 INFO:teuthology.orchestra.run.smithi022.stdout:/usr/bin/ceph: stderr
2024-03-24T06:28:41.219+0000 7f9ce8c00700 1 -- 172.21.15.22:0/521027533 <== mon.0 v2:172.21.15.22:3300/0 4 ==== mgrmap(e 8) ==== 45928+0+0 (secure 0 0 0) 0x7f9cdc01aa80 con 0x7f9cec1082e0
2024-03-24T06:28:42.476 INFO:teuthology.orchestra.run.smithi022.stdout:/usr/bin/ceph: stderr
2024-03-24T06:28:41.219+0000 7f9ce8c00700 1 --2- 172.21.15.22:0/521027533 >> [v2:172.21.15.22:6800/2009113619,v1:172.21.15.22:6801/2009113619] conn(0x7f9cd0038f30 0x7f9cd003b3f0 unknown :-1 s=NONE pgs=0 cs=0 l=1 rev1=0 crypto rx=0 tx=0 comp rx=0 tx=0).connect
2024-03-24T06:28:42.476 INFO:teuthology.orchestra.run.smithi022.stdout:/usr/bin/ceph: stderr
2024-03-24T06:28:41.219+0000 7f9ce8c00700 1 -- 172.21.15.22:0/521027533 <== mon.0 v2:172.21.15.22:3300/0 5 ==== osd_map(2..2 src has 1..2) ==== 940+0+0 (secure 0 0 0) 0x7f9cdc04d2e0 con 0x7f9cec1082e0
2024-03-24T06:28:42.476 INFO:teuthology.orchestra.run.smithi022.stdout:/usr/bin/ceph: stderr
2024-03-24T06:28:41.220+0000 7f9ceb400700 1 --2- 172.21.15.22:0/521027533 >> [v2:172.21.15.22:6800/2009113619,v1:172.21.15.22:6801/2009113619] conn(0x7f9cd0038f30 0x7f9cd003b3f0 unknown :-1 s=BANNER_CONNECTING pgs=0 cs=0 l=1 rev1=0 crypto rx=0 tx=0 comp rx=0 tx=0)._handle_peer_banner_payload supported=3 required=0
2024-03-24T06:28:42.476 INFO:teuthology.orchestra.run.smithi022.stdout:/usr/bin/ceph: stderr
2024-03-24T06:28:41.220+0000 7f9ceb400700 1 --2- 172.21.15.22:0/521027533 >> [v2:172.21.15.22:6800/2009113619,v1:172.21.15.22:6801/2009113619] conn(0x7f9cd0038f30 0x7f9cd003b3f0 secure :-1 s=READY pgs=14 cs=0 l=1 rev1=1 crypto rx=0x7f9cd8006fd0 tx=0x7f9cd8006e40 comp rx=0 tx=0).ready entity=mgr.14120 client_cookie=0 server_cookie=0 in_seq=0 out_seq=0
2024-03-24T06:28:42.476 INFO:teuthology.orchestra.run.smithi022.stdout:/usr/bin/ceph: stderr
2024-03-24T06:28:41.225+0000 7f9ce8c00700 1 -- 172.21.15.22:0/521027533 <== mon.0 v2:172.21.15.22:3300/0 6 ==== mon_command_ack([{"prefix": "get_command_descriptions"}]=0 v0) ==== 72+0+184932 (secure 0 0 0) 0x7f9cdc01ae10 con 0x7f9cec1082e0
2024-03-24T06:28:42.476 INFO:teuthology.orchestra.run.smithi022.stdout:/usr/bin/ceph: stderr
2024-03-24T06:28:41.458+0000 7f9ce2000700 1 -- 172.21.15.22:0/521027533 --> [v2:172.21.15.22:3300/0,v1:172.21.15.22:6789/0] -- mon_command([{prefix=config set, name=mgr/cephadm/container_init}] v 0) -- 0x7f9cc40055e0 con 0x7f9cec1082e0
2024-03-24T06:28:42.476 INFO:teuthology.orchestra.run.smithi022.stdout:/usr/bin/ceph: stderr
2024-03-24T06:28:41.463+0000 7f9ce8c00700 1 -- 172.21.15.22:0/521027533 <== mon.0 v2:172.21.15.22:3300/0 7 ==== mon_command_ack([{prefix=config set, name=mgr/cephadm/container_init}]=0 v7)=0 v7) ==== 142+0+0 (secure 0 0 0) 0x7f9cdc018be0 con 0x7f9cec1082e0
2024-03-24T06:28:42.477 INFO:teuthology.orchestra.run.smithi022.stdout:/usr/bin/ceph: stderr
2024-03-24T06:28:41.466+0000 7f9ce2000700 1 -- 172.21.15.22:0/521027533 >> [v2:172.21.15.22:6800/2009113619,v1:172.21.15.22:6801/2009113619] conn(0x7f9cd0038f30 msgr2=0x7f9cd003b3f0 secure :-1 s=STATE_CONNECTION_ESTABLISHED l=1).mark_down
2024-03-24T06:28:42.477 INFO:teuthology.orchestra.run.smithi022.stdout:/usr/bin/ceph: stderr
2024-03-24T06:28:41.466+0000 7f9ce2000700 1 --2- 172.21.15.22:0/521027533 >> [v2:172.21.15.22:6800/2009113619,v1:172.21.15.22:6801/2009113619] conn(0x7f9cd0038f30 0x7f9cd003b3f0 secure :-1 s=READY pgs=14 cs=0 l=1 rev1=1 crypto rx=0x7f9cd8006fd0 tx=0x7f9cd8006e40 comp rx=0 tx=0).stop
2024-03-24T06:28:42.477 INFO:teuthology.orchestra.run.smithi022.stdout:/usr/bin/ceph: stderr
2024-03-24T06:28:41.466+0000 7f9ce2000700 1 -- 172.21.15.22:0/521027533 >> [v2:172.21.15.22:3300/0,v1:172.21.15.22:6789/0] conn(0x7f9cec1082e0 msgr2=0x7f9cec19dda0 secure :-1 s=STATE_CONNECTION_ESTABLISHED l=1).mark_down
2024-03-24T06:28:42.477 INFO:teuthology.orchestra.run.smithi022.stdout:/usr/bin/ceph: stderr
2024-03-24T06:28:41.466+0000 7f9ce2000700 1 --2- 172.21.15.22:0/521027533 >> [v2:172.21.15.22:3300/0,v1:172.21.15.22:6789/0] conn(0x7f9cec1082e0 0x7f9cec19dda0 secure :-1 s=READY pgs=52 cs=0 l=1 rev1=1 crypto rx=0x7f9cdc011740 tx=0x7f9cdc011b00 comp rx=0 tx=0).stop
2024-03-24T06:28:42.477 INFO:teuthology.orchestra.run.smithi022.stdout:/usr/bin/ceph: stderr
2024-03-24T06:28:41.466+0000 7f9ce2000700 1 -- 172.21.15.22:0/521027533 shutdown_connections
2024-03-24T06:28:42.477 INFO:teuthology.orchestra.run.smithi022.stdout:/usr/bin/ceph: stderr
2024-03-24T06:28:41.466+0000 7f9ce2000700 1 --2- 172.21.15.22:0/521027533 >> [v2:172.21.15.22:6800/2009113619,v1:172.21.15.22:6801/2009113619] conn(0x7f9cd0038f30 0x7f9cd003b3f0 unknown :-1 s=CLOSED pgs=14 cs=0 l=1 rev1=1 crypto rx=0 tx=0 comp rx=0 tx=0).stop
2024-03-24T06:28:42.477 INFO:teuthology.orchestra.run.smithi022.stdout:/usr/bin/ceph: stderr
2024-03-24T06:28:41.466+0000 7f9ce2000700 1 --2- 172.21.15.22:0/521027533 >> [v2:172.21.15.22:3300/0,v1:172.21.15.22:6789/0] conn(0x7f9cec1082e0 0x7f9cec19dda0 unknown :-1 s=CLOSED pgs=52 cs=0 l=1 rev1=1 crypto rx=0 tx=0 comp rx=0 tx=0).stop
2024-03-24T06:28:42.477 INFO:teuthology.orchestra.run.smithi022.stdout:/usr/bin/ceph: stderr
2024-03-24T06:28:41.466+0000 7f9ce2000700 1 -- 172.21.15.22:0/521027533 >> 172.21.15.22:0/521027533 conn(0x7f9cec102180 msgr2=0x7f9cec102fe0 unknown :-1 s=STATE_NONE l=0).mark_down
2024-03-24T06:28:42.477 INFO:teuthology.orchestra.run.smithi022.stdout:/usr/bin/ceph: stderr
2024-03-24T06:28:41.467+0000 7f9ce2000700 1 -- 172.21.15.22:0/521027533 shutdown_connections
2024-03-24T06:28:42.478 INFO:teuthology.orchestra.run.smithi022.stdout:/usr/bin/ceph: stderr
2024-03-24T06:28:41.467+0000 7f9ce2000700 1 -- 172.21.15.22:0/521027533 wait complete.
2024-03-24T06:28:42.780 INFO:journalctl@ceph.mon.a.smithi022.stdout:Mar 24 06:28:42 smithi022 ceph-mon[32003]: from='client.? 172.21.15.22:0/521027533' entity='client.admin'
2024-03-24T06:28:42.780 INFO:journalctl@ceph.mon.a.smithi022.stdout:Mar 24 06:28:42 smithi022 ceph-mon[32003]: pgmap v4: 0 pgs: ; 0 B data, 0 B used, 0 B / 0 B avail
2024-03-24T06:28:43.899 INFO:journalctl@ceph.mon.a.smithi022.stdout:Mar 24 06:28:43 smithi022 ceph-mon[32003]: from='mgr.14120 172.21.15.22:0/3401801180' entity='mgr.x'
2024-03-24T06:28:43.899 INFO:journalctl@ceph.mon.a.smithi022.stdout:Mar 24 06:28:43 smithi022 ceph-mon[32003]: from='client.? 172.21.15.22:0/2461321495' entity='client.admin'
2024-03-24T06:28:44.131 INFO:teuthology.orchestra.run.smithi022.stdout:/usr/bin/ceph: stderr
2024-03-24T06:28:43.124+0000 7f537ea00700 1 Processor -- start
2024-03-24T06:28:44.132 INFO:teuthology.orchestra.run.smithi022.stdout:/usr/bin/ceph: stderr
2024-03-24T06:28:43.124+0000 7f537ea00700 1 -- start start
2024-03-24T06:28:44.132 INFO:teuthology.orchestra.run.smithi022.stdout:/usr/bin/ceph: stderr
2024-03-24T06:28:43.125+0000 7f537ea00700 1 --2- >> [v2:172.21.15.22:3300/0,v1:172.21.15.22:6789/0] conn(0x7f537807c2a0 0x7f537807c6c0 unknown :-1 s=NONE pgs=0 cs=0 l=0 rev1=0 crypto rx=0 tx=0 comp rx=0 tx=0).connect
2024-03-24T06:28:44.132 INFO:teuthology.orchestra.run.smithi022.stdout:/usr/bin/ceph: stderr
2024-03-24T06:28:43.125+0000 7f537ea00700 1 -- --> [v2:172.21.15.22:3300/0,v1:172.21.15.22:6789/0] -- mon_getmap magic: 0 -- 0x7f537807df80 con 0x7f537807c2a0
2024-03-24T06:28:44.132 INFO:teuthology.orchestra.run.smithi022.stdout:/usr/bin/ceph: stderr
2024-03-24T06:28:43.125+0000 7f537d600700 1 --2- >> [v2:172.21.15.22:3300/0,v1:172.21.15.22:6789/0] conn(0x7f537807c2a0 0x7f537807c6c0 unknown :-1 s=BANNER_CONNECTING pgs=0 cs=0 l=0 rev1=0 crypto rx=0 tx=0 comp rx=0 tx=0)._handle_peer_banner_payload supported=3 required=0
2024-03-24T06:28:44.132 INFO:teuthology.orchestra.run.smithi022.stdout:/usr/bin/ceph: stderr
2024-03-24T06:28:43.125+0000 7f537d600700 1 --2- >> [v2:172.21.15.22:3300/0,v1:172.21.15.22:6789/0] conn(0x7f537807c2a0 0x7f537807c6c0 unknown :-1 s=HELLO_CONNECTING pgs=0 cs=0 l=0 rev1=1 crypto rx=0 tx=0 comp rx=0 tx=0).handle_hello peer v2:172.21.15.22:3300/0 says I am v2:172.21.15.22:36940/0 (socket says 172.21.15.22:36940)
2024-03-24T06:28:44.132 INFO:teuthology.orchestra.run.smithi022.stdout:/usr/bin/ceph: stderr
2024-03-24T06:28:43.125+0000 7f537d600700 1 -- 172.21.15.22:0/939766796 learned_addr learned my addr 172.21.15.22:0/939766796 (peer_addr_for_me v2:172.21.15.22:0/0)
2024-03-24T06:28:44.132 INFO:teuthology.orchestra.run.smithi022.stdout:/usr/bin/ceph: stderr
2024-03-24T06:28:43.126+0000 7f537d600700 1 -- 172.21.15.22:0/939766796 --> [v2:172.21.15.22:3300/0,v1:172.21.15.22:6789/0] -- mon_subscribe({config=0+,monmap=0+}) -- 0x7f537807e0c0 con 0x7f537807c2a0
2024-03-24T06:28:44.132 INFO:teuthology.orchestra.run.smithi022.stdout:/usr/bin/ceph: stderr
2024-03-24T06:28:43.126+0000 7f537d600700 1 --2- 172.21.15.22:0/939766796 >> [v2:172.21.15.22:3300/0,v1:172.21.15.22:6789/0] conn(0x7f537807c2a0 0x7f537807c6c0 secure :-1 s=READY pgs=53 cs=0 l=1 rev1=1 crypto rx=0x7f536c0098a0 tx=0x7f536c009bb0 comp rx=0 tx=0).ready entity=mon.0 client_cookie=ee047db999a60a67 server_cookie=0 in_seq=0 out_seq=0
2024-03-24T06:28:44.133 INFO:teuthology.orchestra.run.smithi022.stdout:/usr/bin/ceph: stderr
2024-03-24T06:28:43.127+0000 7f5377e00700 1 -- 172.21.15.22:0/939766796 <== mon.0 v2:172.21.15.22:3300/0 1 ==== mon_map magic: 0 ==== 205+0+0 (secure 0 0 0) 0x7f536c004160 con 0x7f537807c2a0
2024-03-24T06:28:44.133 INFO:teuthology.orchestra.run.smithi022.stdout:/usr/bin/ceph: stderr
2024-03-24T06:28:43.127+0000 7f5377e00700 1 -- 172.21.15.22:0/939766796 <== mon.0 v2:172.21.15.22:3300/0 2 ==== config(27 keys) ==== 1140+0+0 (secure 0 0 0) 0x7f536c0042c0 con 0x7f537807c2a0
2024-03-24T06:28:44.133 INFO:teuthology.orchestra.run.smithi022.stdout:/usr/bin/ceph: stderr
2024-03-24T06:28:43.127+0000 7f5377e00700 1 -- 172.21.15.22:0/939766796 <== mon.0 v2:172.21.15.22:3300/0 3 ==== mon_map magic: 0 ==== 205+0+0 (secure 0 0 0) 0x7f536c011a80 con 0x7f537807c2a0
2024-03-24T06:28:44.133 INFO:teuthology.orchestra.run.smithi022.stdout:/usr/bin/ceph: stderr
2024-03-24T06:28:43.128+0000 7f537ea00700 1 -- 172.21.15.22:0/939766796 >> [v2:172.21.15.22:3300/0,v1:172.21.15.22:6789/0] conn(0x7f537807c2a0 msgr2=0x7f537807c6c0 secure :-1 s=STATE_CONNECTION_ESTABLISHED l=1).mark_down
2024-03-24T06:28:44.133 INFO:teuthology.orchestra.run.smithi022.stdout:/usr/bin/ceph: stderr
2024-03-24T06:28:43.128+0000 7f537ea00700 1 --2- 172.21.15.22:0/939766796 >> [v2:172.21.15.22:3300/0,v1:172.21.15.22:6789/0] conn(0x7f537807c2a0 0x7f537807c6c0 secure :-1 s=READY pgs=53 cs=0 l=1 rev1=1 crypto rx=0x7f536c0098a0 tx=0x7f536c009bb0 comp rx=0 tx=0).stop
2024-03-24T06:28:44.133 INFO:teuthology.orchestra.run.smithi022.stdout:/usr/bin/ceph: stderr
2024-03-24T06:28:43.128+0000 7f537ea00700 1 -- 172.21.15.22:0/939766796 shutdown_connections
2024-03-24T06:28:44.133 INFO:teuthology.orchestra.run.smithi022.stdout:/usr/bin/ceph: stderr
2024-03-24T06:28:43.128+0000 7f537ea00700 1 --2- 172.21.15.22:0/939766796 >> [v2:172.21.15.22:3300/0,v1:172.21.15.22:6789/0] conn(0x7f537807c2a0 0x7f537807c6c0 unknown :-1 s=CLOSED pgs=53 cs=0 l=1 rev1=1 crypto rx=0 tx=0 comp rx=0 tx=0).stop
2024-03-24T06:28:44.133 INFO:teuthology.orchestra.run.smithi022.stdout:/usr/bin/ceph: stderr
2024-03-24T06:28:43.128+0000 7f537ea00700 1 -- 172.21.15.22:0/939766796 >> 172.21.15.22:0/939766796 conn(0x7f5378103090 msgr2=0x7f53781054f0 unknown :-1 s=STATE_NONE l=0).mark_down
2024-03-24T06:28:44.133 INFO:teuthology.orchestra.run.smithi022.stdout:/usr/bin/ceph: stderr
2024-03-24T06:28:43.128+0000 7f537ea00700 1 -- 172.21.15.22:0/939766796 shutdown_connections
2024-03-24T06:28:44.134 INFO:teuthology.orchestra.run.smithi022.stdout:/usr/bin/ceph: stderr
2024-03-24T06:28:43.128+0000 7f537ea00700 1 -- 172.21.15.22:0/939766796 wait complete.
2024-03-24T06:28:44.134 INFO:teuthology.orchestra.run.smithi022.stdout:/usr/bin/ceph: stderr
2024-03-24T06:28:43.129+0000 7f537ea00700 1 Processor -- start
2024-03-24T06:28:44.134 INFO:teuthology.orchestra.run.smithi022.stdout:/usr/bin/ceph: stderr
2024-03-24T06:28:43.130+0000 7f537ea00700 1 -- start start
2024-03-24T06:28:44.134 INFO:teuthology.orchestra.run.smithi022.stdout:/usr/bin/ceph: stderr
2024-03-24T06:28:43.130+0000 7f537ea00700 1 --2- >> [v2:172.21.15.22:3300/0,v1:172.21.15.22:6789/0] conn(0x7f537807c2a0 0x7f537819db60 unknown :-1 s=NONE pgs=0 cs=0 l=1 rev1=0 crypto rx=0 tx=0 comp rx=0 tx=0).connect
2024-03-24T06:28:44.134 INFO:teuthology.orchestra.run.smithi022.stdout:/usr/bin/ceph: stderr
2024-03-24T06:28:43.130+0000 7f537ea00700 1 -- --> [v2:172.21.15.22:3300/0,v1:172.21.15.22:6789/0] -- mon_getmap magic: 0 -- 0x7f537819e0a0 con 0x7f537807c2a0
2024-03-24T06:28:44.134 INFO:teuthology.orchestra.run.smithi022.stdout:/usr/bin/ceph: stderr
2024-03-24T06:28:43.130+0000 7f537d600700 1 --2- >> [v2:172.21.15.22:3300/0,v1:172.21.15.22:6789/0] conn(0x7f537807c2a0 0x7f537819db60 unknown :-1 s=BANNER_CONNECTING pgs=0 cs=0 l=1 rev1=0 crypto rx=0 tx=0 comp rx=0 tx=0)._handle_peer_banner_payload supported=3 required=0
2024-03-24T06:28:44.134 INFO:teuthology.orchestra.run.smithi022.stdout:/usr/bin/ceph: stderr
2024-03-24T06:28:43.130+0000 7f537d600700 1 --2- >> [v2:172.21.15.22:3300/0,v1:172.21.15.22:6789/0] conn(0x7f537807c2a0 0x7f537819db60 unknown :-1 s=HELLO_CONNECTING pgs=0 cs=0 l=1 rev1=1 crypto rx=0 tx=0 comp rx=0 tx=0).handle_hello peer v2:172.21.15.22:3300/0 says I am v2:172.21.15.22:36946/0 (socket says 172.21.15.22:36946)
2024-03-24T06:28:44.134 INFO:teuthology.orchestra.run.smithi022.stdout:/usr/bin/ceph: stderr
2024-03-24T06:28:43.130+0000 7f537d600700 1 -- 172.21.15.22:0/2461321495 learned_addr learned my addr 172.21.15.22:0/2461321495 (peer_addr_for_me v2:172.21.15.22:0/0)
2024-03-24T06:28:44.134 INFO:teuthology.orchestra.run.smithi022.stdout:/usr/bin/ceph: stderr
2024-03-24T06:28:43.131+0000 7f537d600700 1 -- 172.21.15.22:0/2461321495 --> [v2:172.21.15.22:3300/0,v1:172.21.15.22:6789/0] -- mon_subscribe({config=0+,monmap=0+}) -- 0x7f536c009550 con 0x7f537807c2a0
2024-03-24T06:28:44.135 INFO:teuthology.orchestra.run.smithi022.stdout:/usr/bin/ceph: stderr
2024-03-24T06:28:43.131+0000 7f537d600700 1 --2- 172.21.15.22:0/2461321495 >> [v2:172.21.15.22:3300/0,v1:172.21.15.22:6789/0] conn(0x7f537807c2a0 0x7f537819db60 secure :-1 s=READY pgs=54 cs=0 l=1 rev1=1 crypto rx=0x7f536c011740 tx=0x7f536c011b00 comp rx=0 tx=0).ready entity=mon.0 client_cookie=0 server_cookie=0 in_seq=0 out_seq=0
2024-03-24T06:28:44.135 INFO:teuthology.orchestra.run.smithi022.stdout:/usr/bin/ceph: stderr
2024-03-24T06:28:43.131+0000 7f5376000700 1 -- 172.21.15.22:0/2461321495 <== mon.0 v2:172.21.15.22:3300/0 1 ==== mon_map magic: 0 ==== 205+0+0 (secure 0 0 0) 0x7f536c003b20 con 0x7f537807c2a0
2024-03-24T06:28:44.135 INFO:teuthology.orchestra.run.smithi022.stdout:/usr/bin/ceph: stderr
2024-03-24T06:28:43.131+0000 7f5376000700 1 -- 172.21.15.22:0/2461321495 <== mon.0 v2:172.21.15.22:3300/0 2 ==== config(27 keys) ==== 1140+0+0 (secure 0 0 0) 0x7f536c01a910 con 0x7f537807c2a0
2024-03-24T06:28:44.135 INFO:teuthology.orchestra.run.smithi022.stdout:/usr/bin/ceph: stderr
2024-03-24T06:28:43.131+0000 7f5376000700 1 -- 172.21.15.22:0/2461321495 <== mon.0 v2:172.21.15.22:3300/0 3 ==== mon_map magic: 0 ==== 205+0+0 (secure 0 0 0) 0x7f536c0248c0 con 0x7f537807c2a0
2024-03-24T06:28:44.135 INFO:teuthology.orchestra.run.smithi022.stdout:/usr/bin/ceph: stderr
2024-03-24T06:28:43.131+0000 7f537ea00700 1 -- 172.21.15.22:0/2461321495 --> [v2:172.21.15.22:3300/0,v1:172.21.15.22:6789/0] -- mon_subscribe({mgrmap=0+}) -- 0x7f537819e2a0 con 0x7f537807c2a0
2024-03-24T06:28:44.135 INFO:teuthology.orchestra.run.smithi022.stdout:/usr/bin/ceph: stderr
2024-03-24T06:28:43.132+0000 7f537ea00700 1 -- 172.21.15.22:0/2461321495 --> [v2:172.21.15.22:3300/0,v1:172.21.15.22:6789/0] -- mon_subscribe({osdmap=0}) -- 0x7f537819e740 con 0x7f537807c2a0
2024-03-24T06:28:44.135 INFO:teuthology.orchestra.run.smithi022.stdout:/usr/bin/ceph: stderr
2024-03-24T06:28:43.133+0000 7f537ea00700 1 -- 172.21.15.22:0/2461321495 --> [v2:172.21.15.22:3300/0,v1:172.21.15.22:6789/0] -- mon_command({"prefix": "get_command_descriptions"} v 0) -- 0x7f537810e010 con 0x7f537807c2a0
2024-03-24T06:28:44.135 INFO:teuthology.orchestra.run.smithi022.stdout:/usr/bin/ceph: stderr
2024-03-24T06:28:43.133+0000 7f5376000700 1 -- 172.21.15.22:0/2461321495 <== mon.0 v2:172.21.15.22:3300/0 4 ==== mgrmap(e 8) ==== 45928+0+0 (secure 0 0 0) 0x7f536c01aa80 con 0x7f537807c2a0
2024-03-24T06:28:44.135 INFO:teuthology.orchestra.run.smithi022.stdout:/usr/bin/ceph: stderr
2024-03-24T06:28:43.134+0000 7f5376000700 1 --2- 172.21.15.22:0/2461321495 >> [v2:172.21.15.22:6800/2009113619,v1:172.21.15.22:6801/2009113619] conn(0x7f5360038f30 0x7f536003b3f0 unknown :-1 s=NONE pgs=0 cs=0 l=1 rev1=0 crypto rx=0 tx=0 comp rx=0 tx=0).connect
2024-03-24T06:28:44.136 INFO:teuthology.orchestra.run.smithi022.stdout:/usr/bin/ceph: stderr
2024-03-24T06:28:43.134+0000 7f5376000700 1 -- 172.21.15.22:0/2461321495 <== mon.0 v2:172.21.15.22:3300/0 5 ==== osd_map(2..2 src has 1..2) ==== 940+0+0 (secure 0 0 0) 0x7f536c04d7d0 con 0x7f537807c2a0
2024-03-24T06:28:44.136 INFO:teuthology.orchestra.run.smithi022.stdout:/usr/bin/ceph: stderr
2024-03-24T06:28:43.134+0000 7f537cc00700 1 --2- 172.21.15.22:0/2461321495 >> [v2:172.21.15.22:6800/2009113619,v1:172.21.15.22:6801/2009113619] conn(0x7f5360038f30 0x7f536003b3f0 unknown :-1 s=BANNER_CONNECTING pgs=0 cs=0 l=1 rev1=0 crypto rx=0 tx=0 comp rx=0 tx=0)._handle_peer_banner_payload supported=3 required=0
2024-03-24T06:28:44.136 INFO:teuthology.orchestra.run.smithi022.stdout:/usr/bin/ceph: stderr
2024-03-24T06:28:43.135+0000 7f537cc00700 1 --2- 172.21.15.22:0/2461321495 >> [v2:172.21.15.22:6800/2009113619,v1:172.21.15.22:6801/2009113619] conn(0x7f5360038f30 0x7f536003b3f0 secure :-1 s=READY pgs=15 cs=0 l=1 rev1=1 crypto rx=0x7f5364006fd0 tx=0x7f5364006e40 comp rx=0 tx=0).ready entity=mgr.14120 client_cookie=0 server_cookie=0 in_seq=0 out_seq=0
2024-03-24T06:28:44.136 INFO:teuthology.orchestra.run.smithi022.stdout:/usr/bin/ceph: stderr
