2024-03-24T06:28:11.321+0000 7f1578c00700 1 -- 172.21.15.22:0/371377818 <== mon.0 v2:172.21.15.22:3300/0 7 ==== mon_command_ack([{"prefix": "mgr module enable", "module": "cephadm"}]=0 v5) ==== 86+0+0 (secure 0 0 0) 0x7f156c018350 con 0x7f157c1082d0
2024-03-24T06:28:11.959 INFO:teuthology.orchestra.run.smithi022.stdout:/usr/bin/ceph: stderr
2024-03-24T06:28:11.325+0000 7f1578c00700 1 -- 172.21.15.22:0/371377818 <== mon.0 v2:172.21.15.22:3300/0 8 ==== mgrmap(e 5) ==== 45928+0+0 (secure 0 0 0) 0x7f156c02d770 con 0x7f157c1082d0
2024-03-24T06:28:11.959 INFO:teuthology.orchestra.run.smithi022.stdout:/usr/bin/ceph: stderr
2024-03-24T06:28:11.325+0000 7f1582800700 1 -- 172.21.15.22:0/371377818 >> [v2:172.21.15.22:6800/37818756,v1:172.21.15.22:6801/37818756] conn(0x7f156003b140 msgr2=0x7f156003d600 secure :-1 s=STATE_CONNECTION_ESTABLISHED l=1).mark_down
2024-03-24T06:28:11.960 INFO:teuthology.orchestra.run.smithi022.stdout:/usr/bin/ceph: stderr
2024-03-24T06:28:11.325+0000 7f1582800700 1 --2- 172.21.15.22:0/371377818 >> [v2:172.21.15.22:6800/37818756,v1:172.21.15.22:6801/37818756] conn(0x7f156003b140 0x7f156003d600 secure :-1 s=READY pgs=8 cs=0 l=1 rev1=1 crypto rx=0x7f1564006fd0 tx=0x7f1564006e40 comp rx=0 tx=0).stop
2024-03-24T06:28:11.960 INFO:teuthology.orchestra.run.smithi022.stdout:/usr/bin/ceph: stderr
2024-03-24T06:28:11.325+0000 7f1582800700 1 -- 172.21.15.22:0/371377818 >> [v2:172.21.15.22:3300/0,v1:172.21.15.22:6789/0] conn(0x7f157c1082d0 msgr2=0x7f157c1999a0 secure :-1 s=STATE_CONNECTION_ESTABLISHED l=1).mark_down
2024-03-24T06:28:11.960 INFO:teuthology.orchestra.run.smithi022.stdout:/usr/bin/ceph: stderr
2024-03-24T06:28:11.325+0000 7f1582800700 1 --2- 172.21.15.22:0/371377818 >> [v2:172.21.15.22:3300/0,v1:172.21.15.22:6789/0] conn(0x7f157c1082d0 0x7f157c1999a0 secure :-1 s=READY pgs=23 cs=0 l=1 rev1=1 crypto rx=0x7f156c000c00 tx=0x7f156c011b40 comp rx=0 tx=0).stop
2024-03-24T06:28:11.960 INFO:teuthology.orchestra.run.smithi022.stdout:/usr/bin/ceph: stderr
2024-03-24T06:28:11.326+0000 7f1582800700 1 -- 172.21.15.22:0/371377818 shutdown_connections
2024-03-24T06:28:11.960 INFO:teuthology.orchestra.run.smithi022.stdout:/usr/bin/ceph: stderr
2024-03-24T06:28:11.326+0000 7f1582800700 1 --2- 172.21.15.22:0/371377818 >> [v2:172.21.15.22:6800/37818756,v1:172.21.15.22:6801/37818756] conn(0x7f156003b140 0x7f156003d600 unknown :-1 s=CLOSED pgs=8 cs=0 l=1 rev1=1 crypto rx=0 tx=0 comp rx=0 tx=0).stop
2024-03-24T06:28:11.960 INFO:teuthology.orchestra.run.smithi022.stdout:/usr/bin/ceph: stderr
2024-03-24T06:28:11.326+0000 7f1582800700 1 --2- 172.21.15.22:0/371377818 >> [v2:172.21.15.22:3300/0,v1:172.21.15.22:6789/0] conn(0x7f157c1082d0 0x7f157c1999a0 unknown :-1 s=CLOSED pgs=23 cs=0 l=1 rev1=1 crypto rx=0 tx=0 comp rx=0 tx=0).stop
2024-03-24T06:28:11.960 INFO:teuthology.orchestra.run.smithi022.stdout:/usr/bin/ceph: stderr
2024-03-24T06:28:11.326+0000 7f1582800700 1 -- 172.21.15.22:0/371377818 >> 172.21.15.22:0/371377818 conn(0x7f157c1021b0 msgr2=0x7f157c190130 unknown :-1 s=STATE_NONE l=0).mark_down
2024-03-24T06:28:11.960 INFO:teuthology.orchestra.run.smithi022.stdout:/usr/bin/ceph: stderr
2024-03-24T06:28:11.327+0000 7f1582800700 1 -- 172.21.15.22:0/371377818 shutdown_connections
2024-03-24T06:28:11.960 INFO:teuthology.orchestra.run.smithi022.stdout:/usr/bin/ceph: stderr
2024-03-24T06:28:11.327+0000 7f1582800700 1 -- 172.21.15.22:0/371377818 wait complete.
2024-03-24T06:28:12.279 INFO:journalctl@ceph.mgr.x.smithi022.stdout:Mar 24 06:28:12 smithi022 ceph-7bca48fe-e9a7-11ee-95cd-87774f69a715-mgr-x[32231]:
2024-03-24T06:28:12.146+0000 7f4d83b56200 -1 mgr[py] Module osd_perf_query has missing NOTIFY_TYPES member
2024-03-24T06:28:12.279 INFO:journalctl@ceph.mgr.x.smithi022.stdout:Mar 24 06:28:12 smithi022 ceph-7bca48fe-e9a7-11ee-95cd-87774f69a715-mgr-x[32231]:
2024-03-24T06:28:12.279+0000 7f4d83b56200 -1 mgr[py] Module snap_schedule has missing NOTIFY_TYPES member
2024-03-24T06:28:12.548 INFO:journalctl@ceph.mon.a.smithi022.stdout:Mar 24 06:28:12 smithi022 ceph-mon[32003]: from='client.? 172.21.15.22:0/371377818' entity='client.admin' cmd='[{"prefix": "mgr module enable", "module": "cephadm"}]': finished
2024-03-24T06:28:12.548 INFO:journalctl@ceph.mon.a.smithi022.stdout:Mar 24 06:28:12 smithi022 ceph-mon[32003]: mgrmap e5: x(active, since 5s)
2024-03-24T06:28:13.399 INFO:journalctl@ceph.mon.a.smithi022.stdout:Mar 24 06:28:13 smithi022 ceph-mon[32003]: from='client.? 172.21.15.22:0/268316851' entity='client.admin' cmd=[{"prefix": "mgr stat"}]: dispatch
2024-03-24T06:28:13.399 INFO:journalctl@ceph.mgr.x.smithi022.stdout:Mar 24 06:28:13 smithi022 ceph-7bca48fe-e9a7-11ee-95cd-87774f69a715-mgr-x[32231]:
2024-03-24T06:28:13.098+0000 7f4d83b56200 -1 mgr[py] Module zabbix has missing NOTIFY_TYPES member
2024-03-24T06:28:13.399 INFO:journalctl@ceph.mgr.x.smithi022.stdout:Mar 24 06:28:13 smithi022 ceph-7bca48fe-e9a7-11ee-95cd-87774f69a715-mgr-x[32231]:
2024-03-24T06:28:13.228+0000 7f4d83b56200 -1 mgr[py] Module balancer has missing NOTIFY_TYPES member
2024-03-24T06:28:13.607 INFO:teuthology.orchestra.run.smithi022.stdout:/usr/bin/ceph: stdout {
2024-03-24T06:28:13.615 INFO:teuthology.orchestra.run.smithi022.stdout:/usr/bin/ceph: stdout "epoch": 5,
2024-03-24T06:28:13.616 INFO:teuthology.orchestra.run.smithi022.stdout:/usr/bin/ceph: stdout "available": true,
2024-03-24T06:28:13.616 INFO:teuthology.orchestra.run.smithi022.stdout:/usr/bin/ceph: stdout "active_name": "x",
2024-03-24T06:28:13.616 INFO:teuthology.orchestra.run.smithi022.stdout:/usr/bin/ceph: stdout "num_standby": 0
2024-03-24T06:28:13.616 INFO:teuthology.orchestra.run.smithi022.stdout:/usr/bin/ceph: stdout }
2024-03-24T06:28:13.616 INFO:teuthology.orchestra.run.smithi022.stdout:/usr/bin/ceph: stderr
2024-03-24T06:28:12.603+0000 7fea07400700 1 Processor -- start
2024-03-24T06:28:13.616 INFO:teuthology.orchestra.run.smithi022.stdout:/usr/bin/ceph: stderr
2024-03-24T06:28:12.604+0000 7fea07400700 1 -- start start
2024-03-24T06:28:13.616 INFO:teuthology.orchestra.run.smithi022.stdout:/usr/bin/ceph: stderr
2024-03-24T06:28:12.604+0000 7fea07400700 1 --2- >> [v2:172.21.15.22:3300/0,v1:172.21.15.22:6789/0] conn(0x7fea001093d0 0x7fea001097f0 unknown :-1 s=NONE pgs=0 cs=0 l=0 rev1=0 crypto rx=0 tx=0 comp rx=0 tx=0).connect
2024-03-24T06:28:13.616 INFO:teuthology.orchestra.run.smithi022.stdout:/usr/bin/ceph: stderr
2024-03-24T06:28:12.604+0000 7fea07400700 1 -- --> [v2:172.21.15.22:3300/0,v1:172.21.15.22:6789/0] -- mon_getmap magic: 0 -- 0x7fea00109dc0 con 0x7fea001093d0
2024-03-24T06:28:13.616 INFO:teuthology.orchestra.run.smithi022.stdout:/usr/bin/ceph: stderr
2024-03-24T06:28:12.604+0000 7fea04a00700 1 --2- >> [v2:172.21.15.22:3300/0,v1:172.21.15.22:6789/0] conn(0x7fea001093d0 0x7fea001097f0 unknown :-1 s=BANNER_CONNECTING pgs=0 cs=0 l=0 rev1=0 crypto rx=0 tx=0 comp rx=0 tx=0)._handle_peer_banner_payload supported=3 required=0
2024-03-24T06:28:13.617 INFO:teuthology.orchestra.run.smithi022.stdout:/usr/bin/ceph: stderr
2024-03-24T06:28:12.604+0000 7fea04a00700 1 --2- >> [v2:172.21.15.22:3300/0,v1:172.21.15.22:6789/0] conn(0x7fea001093d0 0x7fea001097f0 unknown :-1 s=HELLO_CONNECTING pgs=0 cs=0 l=0 rev1=1 crypto rx=0 tx=0 comp rx=0 tx=0).handle_hello peer v2:172.21.15.22:3300/0 says I am v2:172.21.15.22:40630/0 (socket says 172.21.15.22:40630)
2024-03-24T06:28:13.617 INFO:teuthology.orchestra.run.smithi022.stdout:/usr/bin/ceph: stderr
2024-03-24T06:28:12.604+0000 7fea04a00700 1 -- 172.21.15.22:0/4189734665 learned_addr learned my addr 172.21.15.22:0/4189734665 (peer_addr_for_me v2:172.21.15.22:0/0)
2024-03-24T06:28:13.617 INFO:teuthology.orchestra.run.smithi022.stdout:/usr/bin/ceph: stderr
2024-03-24T06:28:12.605+0000 7fea04a00700 1 -- 172.21.15.22:0/4189734665 --> [v2:172.21.15.22:3300/0,v1:172.21.15.22:6789/0] -- mon_subscribe({config=0+,monmap=0+}) -- 0x7fea00107910 con 0x7fea001093d0
2024-03-24T06:28:13.617 INFO:teuthology.orchestra.run.smithi022.stdout:/usr/bin/ceph: stderr
2024-03-24T06:28:12.605+0000 7fea04a00700 1 --2- 172.21.15.22:0/4189734665 >> [v2:172.21.15.22:3300/0,v1:172.21.15.22:6789/0] conn(0x7fea001093d0 0x7fea001097f0 secure :-1 s=READY pgs=26 cs=0 l=1 rev1=1 crypto rx=0x7fe9f40098a0 tx=0x7fe9f4009bb0 comp rx=0 tx=0).ready entity=mon.0 client_cookie=2820b26c54c183ad server_cookie=0 in_seq=0 out_seq=0
2024-03-24T06:28:13.617 INFO:teuthology.orchestra.run.smithi022.stdout:/usr/bin/ceph: stderr
2024-03-24T06:28:12.605+0000 7fe9ff400700 1 -- 172.21.15.22:0/4189734665 <== mon.0 v2:172.21.15.22:3300/0 1 ==== mon_map magic: 0 ==== 205+0+0 (secure 0 0 0) 0x7fe9f4004160 con 0x7fea001093d0
2024-03-24T06:28:13.617 INFO:teuthology.orchestra.run.smithi022.stdout:/usr/bin/ceph: stderr
2024-03-24T06:28:12.606+0000 7fe9ff400700 1 -- 172.21.15.22:0/4189734665 <== mon.0 v2:172.21.15.22:3300/0 2 ==== config(27 keys) ==== 1109+0+0 (secure 0 0 0) 0x7fe9f40042c0 con 0x7fea001093d0
2024-03-24T06:28:13.617 INFO:teuthology.orchestra.run.smithi022.stdout:/usr/bin/ceph: stderr
2024-03-24T06:28:12.606+0000 7fe9ff400700 1 -- 172.21.15.22:0/4189734665 <== mon.0 v2:172.21.15.22:3300/0 3 ==== mon_map magic: 0 ==== 205+0+0 (secure 0 0 0) 0x7fe9f4011ac0 con 0x7fea001093d0
2024-03-24T06:28:13.617 INFO:teuthology.orchestra.run.smithi022.stdout:/usr/bin/ceph: stderr
2024-03-24T06:28:12.606+0000 7fea07400700 1 -- 172.21.15.22:0/4189734665 >> [v2:172.21.15.22:3300/0,v1:172.21.15.22:6789/0] conn(0x7fea001093d0 msgr2=0x7fea001097f0 secure :-1 s=STATE_CONNECTION_ESTABLISHED l=1).mark_down
2024-03-24T06:28:13.617 INFO:teuthology.orchestra.run.smithi022.stdout:/usr/bin/ceph: stderr
2024-03-24T06:28:12.606+0000 7fea07400700 1 --2- 172.21.15.22:0/4189734665 >> [v2:172.21.15.22:3300/0,v1:172.21.15.22:6789/0] conn(0x7fea001093d0 0x7fea001097f0 secure :-1 s=READY pgs=26 cs=0 l=1 rev1=1 crypto rx=0x7fe9f40098a0 tx=0x7fe9f4009bb0 comp rx=0 tx=0).stop
2024-03-24T06:28:13.617 INFO:teuthology.orchestra.run.smithi022.stdout:/usr/bin/ceph: stderr
2024-03-24T06:28:12.606+0000 7fea07400700 1 -- 172.21.15.22:0/4189734665 shutdown_connections
2024-03-24T06:28:13.617 INFO:teuthology.orchestra.run.smithi022.stdout:/usr/bin/ceph: stderr
2024-03-24T06:28:12.606+0000 7fea07400700 1 --2- 172.21.15.22:0/4189734665 >> [v2:172.21.15.22:3300/0,v1:172.21.15.22:6789/0] conn(0x7fea001093d0 0x7fea001097f0 unknown :-1 s=CLOSED pgs=26 cs=0 l=1 rev1=1 crypto rx=0 tx=0 comp rx=0 tx=0).stop
2024-03-24T06:28:13.618 INFO:teuthology.orchestra.run.smithi022.stdout:/usr/bin/ceph: stderr
2024-03-24T06:28:12.606+0000 7fea07400700 1 -- 172.21.15.22:0/4189734665 >> 172.21.15.22:0/4189734665 conn(0x7fea001032b0 msgr2=0x7fea001056d0 unknown :-1 s=STATE_NONE l=0).mark_down
2024-03-24T06:28:13.618 INFO:teuthology.orchestra.run.smithi022.stdout:/usr/bin/ceph: stderr
2024-03-24T06:28:12.607+0000 7fea07400700 1 -- 172.21.15.22:0/4189734665 shutdown_connections
2024-03-24T06:28:13.618 INFO:teuthology.orchestra.run.smithi022.stdout:/usr/bin/ceph: stderr
2024-03-24T06:28:12.607+0000 7fea07400700 1 -- 172.21.15.22:0/4189734665 wait complete.
2024-03-24T06:28:13.618 INFO:teuthology.orchestra.run.smithi022.stdout:/usr/bin/ceph: stderr
2024-03-24T06:28:12.608+0000 7fea07400700 1 Processor -- start
2024-03-24T06:28:13.618 INFO:teuthology.orchestra.run.smithi022.stdout:/usr/bin/ceph: stderr
2024-03-24T06:28:12.608+0000 7fea07400700 1 -- start start
2024-03-24T06:28:13.618 INFO:teuthology.orchestra.run.smithi022.stdout:/usr/bin/ceph: stderr
2024-03-24T06:28:12.608+0000 7fea07400700 1 --2- >> [v2:172.21.15.22:3300/0,v1:172.21.15.22:6789/0] conn(0x7fea001093d0 0x7fea0007e3c0 unknown :-1 s=NONE pgs=0 cs=0 l=1 rev1=0 crypto rx=0 tx=0 comp rx=0 tx=0).connect
2024-03-24T06:28:13.618 INFO:teuthology.orchestra.run.smithi022.stdout:/usr/bin/ceph: stderr
2024-03-24T06:28:12.608+0000 7fea07400700 1 -- --> [v2:172.21.15.22:3300/0,v1:172.21.15.22:6789/0] -- mon_getmap magic: 0 -- 0x7fea0007e900 con 0x7fea001093d0
2024-03-24T06:28:13.618 INFO:teuthology.orchestra.run.smithi022.stdout:/usr/bin/ceph: stderr
2024-03-24T06:28:12.608+0000 7fea04a00700 1 --2- >> [v2:172.21.15.22:3300/0,v1:172.21.15.22:6789/0] conn(0x7fea001093d0 0x7fea0007e3c0 unknown :-1 s=BANNER_CONNECTING pgs=0 cs=0 l=1 rev1=0 crypto rx=0 tx=0 comp rx=0 tx=0)._handle_peer_banner_payload supported=3 required=0
2024-03-24T06:28:13.618 INFO:teuthology.orchestra.run.smithi022.stdout:/usr/bin/ceph: stderr
2024-03-24T06:28:12.608+0000 7fea04a00700 1 --2- >> [v2:172.21.15.22:3300/0,v1:172.21.15.22:6789/0] conn(0x7fea001093d0 0x7fea0007e3c0 unknown :-1 s=HELLO_CONNECTING pgs=0 cs=0 l=1 rev1=1 crypto rx=0 tx=0 comp rx=0 tx=0).handle_hello peer v2:172.21.15.22:3300/0 says I am v2:172.21.15.22:40632/0 (socket says 172.21.15.22:40632)
2024-03-24T06:28:13.618 INFO:teuthology.orchestra.run.smithi022.stdout:/usr/bin/ceph: stderr
2024-03-24T06:28:12.608+0000 7fea04a00700 1 -- 172.21.15.22:0/268316851 learned_addr learned my addr 172.21.15.22:0/268316851 (peer_addr_for_me v2:172.21.15.22:0/0)
2024-03-24T06:28:13.618 INFO:teuthology.orchestra.run.smithi022.stdout:/usr/bin/ceph: stderr
2024-03-24T06:28:12.609+0000 7fea04a00700 1 -- 172.21.15.22:0/268316851 --> [v2:172.21.15.22:3300/0,v1:172.21.15.22:6789/0] -- mon_subscribe({config=0+,monmap=0+}) -- 0x7fe9f4009550 con 0x7fea001093d0
2024-03-24T06:28:13.619 INFO:teuthology.orchestra.run.smithi022.stdout:/usr/bin/ceph: stderr
2024-03-24T06:28:12.609+0000 7fea04a00700 1 --2- 172.21.15.22:0/268316851 >> [v2:172.21.15.22:3300/0,v1:172.21.15.22:6789/0] conn(0x7fea001093d0 0x7fea0007e3c0 secure :-1 s=READY pgs=27 cs=0 l=1 rev1=1 crypto rx=0x7fe9f4000c00 tx=0x7fe9f4011b40 comp rx=0 tx=0).ready entity=mon.0 client_cookie=0 server_cookie=0 in_seq=0 out_seq=0
2024-03-24T06:28:13.619 INFO:teuthology.orchestra.run.smithi022.stdout:/usr/bin/ceph: stderr
2024-03-24T06:28:12.609+0000 7fe9fd600700 1 -- 172.21.15.22:0/268316851 <== mon.0 v2:172.21.15.22:3300/0 1 ==== mon_map magic: 0 ==== 205+0+0 (secure 0 0 0) 0x7fe9f4003aa0 con 0x7fea001093d0
2024-03-24T06:28:13.619 INFO:teuthology.orchestra.run.smithi022.stdout:/usr/bin/ceph: stderr
2024-03-24T06:28:12.610+0000 7fe9fd600700 1 -- 172.21.15.22:0/268316851 <== mon.0 v2:172.21.15.22:3300/0 2 ==== config(27 keys) ==== 1109+0+0 (secure 0 0 0) 0x7fe9f4003c00 con 0x7fea001093d0
2024-03-24T06:28:13.619 INFO:teuthology.orchestra.run.smithi022.stdout:/usr/bin/ceph: stderr
2024-03-24T06:28:12.610+0000 7fea07400700 1 -- 172.21.15.22:0/268316851 --> [v2:172.21.15.22:3300/0,v1:172.21.15.22:6789/0] -- mon_subscribe({mgrmap=0+}) -- 0x7fea0007caf0 con 0x7fea001093d0
2024-03-24T06:28:13.619 INFO:teuthology.orchestra.run.smithi022.stdout:/usr/bin/ceph: stderr
2024-03-24T06:28:12.610+0000 7fe9fd600700 1 -- 172.21.15.22:0/268316851 <== mon.0 v2:172.21.15.22:3300/0 3 ==== mon_map magic: 0 ==== 205+0+0 (secure 0 0 0) 0x7fe9f40248a0 con 0x7fea001093d0
2024-03-24T06:28:13.619 INFO:teuthology.orchestra.run.smithi022.stdout:/usr/bin/ceph: stderr
2024-03-24T06:28:12.610+0000 7fea07400700 1 -- 172.21.15.22:0/268316851 --> [v2:172.21.15.22:3300/0,v1:172.21.15.22:6789/0] -- mon_subscribe({osdmap=0}) -- 0x7fea0007cf90 con 0x7fea001093d0
2024-03-24T06:28:13.619 INFO:teuthology.orchestra.run.smithi022.stdout:/usr/bin/ceph: stderr
2024-03-24T06:28:12.611+0000 7fe9fd600700 1 -- 172.21.15.22:0/268316851 <== mon.0 v2:172.21.15.22:3300/0 4 ==== mgrmap(e 5) ==== 45928+0+0 (secure 0 0 0) 0x7fe9f401ac60 con 0x7fea001093d0
2024-03-24T06:28:13.619 INFO:teuthology.orchestra.run.smithi022.stdout:/usr/bin/ceph: stderr
2024-03-24T06:28:12.611+0000 7fea07400700 1 -- 172.21.15.22:0/268316851 --> [v2:172.21.15.22:3300/0,v1:172.21.15.22:6789/0] -- mon_command({"prefix": "get_command_descriptions"} v 0) -- 0x7fea0010c120 con 0x7fea001093d0
2024-03-24T06:28:13.619 INFO:teuthology.orchestra.run.smithi022.stdout:/usr/bin/ceph: stderr
2024-03-24T06:28:12.611+0000 7fe9fd600700 1 --2- 172.21.15.22:0/268316851 >> [v2:172.21.15.22:6800/37818756,v1:172.21.15.22:6801/37818756] conn(0x7fe9e8038ee0 0x7fe9e803b3a0 unknown :-1 s=NONE pgs=0 cs=0 l=1 rev1=0 crypto rx=0 tx=0 comp rx=0 tx=0).connect
2024-03-24T06:28:13.619 INFO:teuthology.orchestra.run.smithi022.stdout:/usr/bin/ceph: stderr
2024-03-24T06:28:12.611+0000 7fe9fd600700 1 -- 172.21.15.22:0/268316851 <== mon.0 v2:172.21.15.22:3300/0 5 ==== osd_map(1..1 src has 1..1) ==== 725+0+0 (secure 0 0 0) 0x7fe9f404cd70 con 0x7fea001093d0
2024-03-24T06:28:13.619 INFO:teuthology.orchestra.run.smithi022.stdout:/usr/bin/ceph: stderr
2024-03-24T06:28:12.611+0000 7fe9ffe00700 1 -- 172.21.15.22:0/268316851 >> [v2:172.21.15.22:6800/37818756,v1:172.21.15.22:6801/37818756] conn(0x7fe9e8038ee0 msgr2=0x7fe9e803b3a0 unknown :-1 s=STATE_CONNECTING_RE l=1).process reconnect failed to v2:172.21.15.22:6800/37818756
2024-03-24T06:28:13.620 INFO:teuthology.orchestra.run.smithi022.stdout:/usr/bin/ceph: stderr
2024-03-24T06:28:12.611+0000 7fe9ffe00700 1 --2- 172.21.15.22:0/268316851 >> [v2:172.21.15.22:6800/37818756,v1:172.21.15.22:6801/37818756] conn(0x7fe9e8038ee0 0x7fe9e803b3a0 unknown :-1 s=START_CONNECT pgs=0 cs=0 l=1 rev1=0 crypto rx=0 tx=0 comp rx=0 tx=0)._fault waiting 0.200000
2024-03-24T06:28:13.620 INFO:teuthology.orchestra.run.smithi022.stdout:/usr/bin/ceph: stderr
2024-03-24T06:28:12.616+0000 7fe9fd600700 1 -- 172.21.15.22:0/268316851 <== mon.0 v2:172.21.15.22:3300/0 6 ==== mon_command_ack([{"prefix": "get_command_descriptions"}]=0 v0) ==== 72+0+184932 (secure 0 0 0) 0x7fe9f4018530 con 0x7fea001093d0
2024-03-24T06:28:13.620 INFO:teuthology.orchestra.run.smithi022.stdout:/usr/bin/ceph: stderr
2024-03-24T06:28:12.812+0000 7fe9ffe00700 1 -- 172.21.15.22:0/268316851 >> [v2:172.21.15.22:6800/37818756,v1:172.21.15.22:6801/37818756] conn(0x7fe9e8038ee0 msgr2=0x7fe9e803b3a0 unknown :-1 s=STATE_CONNECTING_RE l=1).process reconnect failed to v2:172.21.15.22:6800/37818756
2024-03-24T06:28:13.620 INFO:teuthology.orchestra.run.smithi022.stdout:/usr/bin/ceph: stderr
2024-03-24T06:28:12.812+0000 7fe9ffe00700 1 --2- 172.21.15.22:0/268316851 >> [v2:172.21.15.22:6800/37818756,v1:172.21.15.22:6801/37818756] conn(0x7fe9e8038ee0 0x7fe9e803b3a0 unknown :-1 s=START_CONNECT pgs=0 cs=0 l=1 rev1=0 crypto rx=0 tx=0 comp rx=0 tx=0)._fault waiting 0.400000
2024-03-24T06:28:13.620 INFO:teuthology.orchestra.run.smithi022.stdout:/usr/bin/ceph: stderr
2024-03-24T06:28:12.896+0000 7fea07400700 1 -- 172.21.15.22:0/268316851 --> [v2:172.21.15.22:3300/0,v1:172.21.15.22:6789/0] -- mon_command({"prefix": "mgr stat"} v 0) -- 0x7fea0007d4c0 con 0x7fea001093d0
2024-03-24T06:28:13.620 INFO:teuthology.orchestra.run.smithi022.stdout:/usr/bin/ceph: stderr
2024-03-24T06:28:12.897+0000 7fe9fd600700 1 -- 172.21.15.22:0/268316851 <== mon.0 v2:172.21.15.22:3300/0 7 ==== mon_command_ack([{"prefix": "mgr stat"}]=0 v5) ==== 56+0+88 (secure 0 0 0) 0x7fe9f4018350 con 0x7fea001093d0
2024-03-24T06:28:13.620 INFO:teuthology.orchestra.run.smithi022.stdout:/usr/bin/ceph: stderr
2024-03-24T06:28:12.900+0000 7fea07400700 1 -- 172.21.15.22:0/268316851 >> [v2:172.21.15.22:6800/37818756,v1:172.21.15.22:6801/37818756] conn(0x7fe9e8038ee0 msgr2=0x7fe9e803b3a0 unknown :-1 s=STATE_CONNECTING l=1).mark_down
2024-03-24T06:28:13.620 INFO:teuthology.orchestra.run.smithi022.stdout:/usr/bin/ceph: stderr
2024-03-24T06:28:12.900+0000 7fea07400700 1 --2- 172.21.15.22:0/268316851 >> [v2:172.21.15.22:6800/37818756,v1:172.21.15.22:6801/37818756] conn(0x7fe9e8038ee0 0x7fe9e803b3a0 unknown :-1 s=START_CONNECT pgs=0 cs=0 l=1 rev1=0 crypto rx=0 tx=0 comp rx=0 tx=0).stop
2024-03-24T06:28:13.620 INFO:teuthology.orchestra.run.smithi022.stdout:/usr/bin/ceph: stderr
2024-03-24T06:28:12.900+0000 7fea07400700 1 -- 172.21.15.22:0/268316851 >> [v2:172.21.15.22:3300/0,v1:172.21.15.22:6789/0] conn(0x7fea001093d0 msgr2=0x7fea0007e3c0 secure :-1 s=STATE_CONNECTION_ESTABLISHED l=1).mark_down
2024-03-24T06:28:13.620 INFO:teuthology.orchestra.run.smithi022.stdout:/usr/bin/ceph: stderr
2024-03-24T06:28:12.900+0000 7fea07400700 1 --2- 172.21.15.22:0/268316851 >> [v2:172.21.15.22:3300/0,v1:172.21.15.22:6789/0] conn(0x7fea001093d0 0x7fea0007e3c0 secure :-1 s=READY pgs=27 cs=0 l=1 rev1=1 crypto rx=0x7fe9f4000c00 tx=0x7fe9f4011b40 comp rx=0 tx=0).stop
2024-03-24T06:28:13.620 INFO:teuthology.orchestra.run.smithi022.stdout:/usr/bin/ceph: stderr
2024-03-24T06:28:12.900+0000 7fea07400700 1 -- 172.21.15.22:0/268316851 shutdown_connections
2024-03-24T06:28:13.621 INFO:teuthology.orchestra.run.smithi022.stdout:/usr/bin/ceph: stderr
2024-03-24T06:28:12.900+0000 7fea07400700 1 --2- 172.21.15.22:0/268316851 >> [v2:172.21.15.22:6800/37818756,v1:172.21.15.22:6801/37818756] conn(0x7fe9e8038ee0 0x7fe9e803b3a0 unknown :-1 s=CLOSED pgs=0 cs=0 l=1 rev1=0 crypto rx=0 tx=0 comp rx=0 tx=0).stop
2024-03-24T06:28:13.621 INFO:teuthology.orchestra.run.smithi022.stdout:/usr/bin/ceph: stderr
2024-03-24T06:28:12.900+0000 7fea07400700 1 --2- 172.21.15.22:0/268316851 >> [v2:172.21.15.22:3300/0,v1:172.21.15.22:6789/0] conn(0x7fea001093d0 0x7fea0007e3c0 unknown :-1 s=CLOSED pgs=27 cs=0 l=1 rev1=1 crypto rx=0 tx=0 comp rx=0 tx=0).stop
2024-03-24T06:28:13.621 INFO:teuthology.orchestra.run.smithi022.stdout:/usr/bin/ceph: stderr
2024-03-24T06:28:12.900+0000 7fea07400700 1 -- 172.21.15.22:0/268316851 >> 172.21.15.22:0/268316851 conn(0x7fea001032b0 msgr2=0x7fea00103de0 unknown :-1 s=STATE_NONE l=0).mark_down
2024-03-24T06:28:13.621 INFO:teuthology.orchestra.run.smithi022.stdout:/usr/bin/ceph: stderr
2024-03-24T06:28:12.900+0000 7fea07400700 1 -- 172.21.15.22:0/268316851 shutdown_connections
2024-03-24T06:28:13.621 INFO:teuthology.orchestra.run.smithi022.stdout:/usr/bin/ceph: stderr
2024-03-24T06:28:12.900+0000 7fea07400700 1 -- 172.21.15.22:0/268316851 wait complete.
2024-03-24T06:28:13.621 INFO:teuthology.orchestra.run.smithi022.stdout:Waiting for the mgr to restart...
2024-03-24T06:28:13.621 INFO:teuthology.orchestra.run.smithi022.stdout:Waiting for mgr epoch 5...
2024-03-24T06:28:13.765 INFO:journalctl@ceph.mgr.x.smithi022.stdout:Mar 24 06:28:13 smithi022 ceph-7bca48fe-e9a7-11ee-95cd-87774f69a715-mgr-x[32231]:
2024-03-24T06:28:13.411+0000 7f4d83b56200 -1 mgr[py] Module influx has missing NOTIFY_TYPES member
2024-03-24T06:28:13.765 INFO:journalctl@ceph.mgr.x.smithi022.stdout:Mar 24 06:28:13 smithi022 ceph-7bca48fe-e9a7-11ee-95cd-87774f69a715-mgr-x[32231]:
2024-03-24T06:28:13.541+0000 7f4d83b56200 -1 mgr[py] Module alerts has missing NOTIFY_TYPES member
2024-03-24T06:28:13.765 INFO:journalctl@ceph.mgr.x.smithi022.stdout:Mar 24 06:28:13 smithi022 ceph-7bca48fe-e9a7-11ee-95cd-87774f69a715-mgr-x[32231]:
2024-03-24T06:28:13.656+0000 7f4d83b56200 -1 mgr[py] Module iostat has missing NOTIFY_TYPES member
2024-03-24T06:28:14.030 INFO:journalctl@ceph.mgr.x.smithi022.stdout:Mar 24 06:28:14 smithi022 ceph-7bca48fe-e9a7-11ee-95cd-87774f69a715-mgr-x[32231]:
2024-03-24T06:28:14.011+0000 7f4d83b56200 -1 mgr[py] Module rgw has missing NOTIFY_TYPES member
2024-03-24T06:28:14.398 INFO:journalctl@ceph.mgr.x.smithi022.stdout:Mar 24 06:28:14 smithi022 ceph-7bca48fe-e9a7-11ee-95cd-87774f69a715-mgr-x[32231]:
2024-03-24T06:28:14.159+0000 7f4d83b56200 -1 mgr[py] Module rbd_support has missing NOTIFY_TYPES member
2024-03-24T06:28:14.398 INFO:journalctl@ceph.mgr.x.smithi022.stdout:Mar 24 06:28:14 smithi022 ceph-7bca48fe-e9a7-11ee-95cd-87774f69a715-mgr-x[32231]:
2024-03-24T06:28:14.279+0000 7f4d83b56200 -1 mgr[py] Module progress has missing NOTIFY_TYPES member
2024-03-24T06:28:14.648 INFO:journalctl@ceph.mgr.x.smithi022.stdout:Mar 24 06:28:14 smithi022 ceph-7bca48fe-e9a7-11ee-95cd-87774f69a715-mgr-x[32231]:
2024-03-24T06:28:14.408+0000 7f4d83b56200 -1 mgr[py] Module pg_autoscaler has missing NOTIFY_TYPES member
2024-03-24T06:28:14.649 INFO:journalctl@ceph.mgr.x.smithi022.stdout:Mar 24 06:28:14 smithi022 ceph-7bca48fe-e9a7-11ee-95cd-87774f69a715-mgr-x[32231]:
2024-03-24T06:28:14.632+0000 7f4d83b56200 -1 mgr[py] Module devicehealth has missing NOTIFY_TYPES member
2024-03-24T06:28:16.399 INFO:journalctl@ceph.mgr.x.smithi022.stdout:Mar 24 06:28:15 smithi022 ceph-7bca48fe-e9a7-11ee-95cd-87774f69a715-mgr-x[32231]:
2024-03-24T06:28:15.939+0000 7f4d83b56200 -1 mgr[py] Module rook has missing NOTIFY_TYPES member
2024-03-24T06:28:16.399 INFO:journalctl@ceph.mgr.x.smithi022.stdout:Mar 24 06:28:16 smithi022 ceph-7bca48fe-e9a7-11ee-95cd-87774f69a715-mgr-x[32231]:
2024-03-24T06:28:16.116+0000 7f4d83b56200 -1 mgr[py] Module diskprediction_local has missing NOTIFY_TYPES member
2024-03-24T06:28:16.898 INFO:journalctl@ceph.mgr.x.smithi022.stdout:Mar 24 06:28:16 smithi022 ceph-7bca48fe-e9a7-11ee-95cd-87774f69a715-mgr-x[32231]:
2024-03-24T06:28:16.542+0000 7f4d83b56200 -1 mgr[py] Module selftest has missing NOTIFY_TYPES member
2024-03-24T06:28:16.899 INFO:journalctl@ceph.mgr.x.smithi022.stdout:Mar 24 06:28:16 smithi022 ceph-7bca48fe-e9a7-11ee-95cd-87774f69a715-mgr-x[32231]:
2024-03-24T06:28:16.663+0000 7f4d83b56200 -1 mgr[py] Module telegraf has missing NOTIFY_TYPES member
2024-03-24T06:28:17.201 INFO:journalctl@ceph.mgr.x.smithi022.stdout:Mar 24 06:28:16 smithi022 ceph-7bca48fe-e9a7-11ee-95cd-87774f69a715-mgr-x[32231]:
2024-03-24T06:28:16.928+0000 7f4d83b56200 -1 mgr[py] Module test_orchestrator has missing NOTIFY_TYPES member
2024-03-24T06:28:17.201 INFO:journalctl@ceph.mgr.x.smithi022.stdout:Mar 24 06:28:17 smithi022 ceph-7bca48fe-e9a7-11ee-95cd-87774f69a715-mgr-x[32231]:
2024-03-24T06:28:17.177+0000 7f4d83b56200 -1 mgr[py] Module crash has missing NOTIFY_TYPES member
2024-03-24T06:28:17.885 INFO:journalctl@ceph.mgr.x.smithi022.stdout:Mar 24 06:28:17 smithi022 ceph-7bca48fe-e9a7-11ee-95cd-87774f69a715-mgr-x[32231]:
2024-03-24T06:28:17.561+0000 7f4d83b56200 -1 mgr[py] Module orchestrator has missing NOTIFY_TYPES member
2024-03-24T06:28:17.885 INFO:journalctl@ceph.mgr.x.smithi022.stdout:Mar 24 06:28:17 smithi022 ceph-7bca48fe-e9a7-11ee-95cd-87774f69a715-mgr-x[32231]:
2024-03-24T06:28:17.884+0000 7f4d83b56200 -1 mgr[py] Module osd_support has missing NOTIFY_TYPES member
2024-03-24T06:28:18.648 INFO:journalctl@ceph.mgr.x.smithi022.stdout:Mar 24 06:28:18 smithi022 ceph-7bca48fe-e9a7-11ee-95cd-87774f69a715-mgr-x[32231]:
2024-03-24T06:28:18.197+0000 7f4d83b56200 -1 mgr[py] Module volumes has missing NOTIFY_TYPES member
2024-03-24T06:28:19.649 INFO:journalctl@ceph.mgr.x.smithi022.stdout:Mar 24 06:28:19 smithi022 ceph-7bca48fe-e9a7-11ee-95cd-87774f69a715-mgr-x[32231]:
2024-03-24T06:28:19.256+0000 7f4d83b56200 -1 mgr[py] Module telemetry has missing NOTIFY_TYPES member
2024-03-24T06:28:20.392 INFO:journalctl@ceph.mgr.x.smithi022.stdout:Mar 24 06:28:19 smithi022 ceph-7bca48fe-e9a7-11ee-95cd-87774f69a715-mgr-x[32231]:
2024-03-24T06:28:19.969+0000 7f4d83b56200 -1 mgr[py] Module prometheus has missing NOTIFY_TYPES member
2024-03-24T06:28:20.392 INFO:journalctl@ceph.mgr.x.smithi022.stdout:Mar 24 06:28:20 smithi022 ceph-7bca48fe-e9a7-11ee-95cd-87774f69a715-mgr-x[32231]:
2024-03-24T06:28:20.101+0000 7f4d83b56200 -1 mgr[py] Module status has missing NOTIFY_TYPES member
2024-03-24T06:28:20.649 INFO:journalctl@ceph.mgr.x.smithi022.stdout:Mar 24 06:28:20 smithi022 ceph-7bca48fe-e9a7-11ee-95cd-87774f69a715-mgr-x[32231]:
2024-03-24T06:28:20.391+0000 7f4d83b56200 -1 mgr[py] Module nfs has missing NOTIFY_TYPES member
2024-03-24T06:28:20.649 INFO:journalctl@ceph.mon.a.smithi022.stdout:Mar 24 06:28:20 smithi022 ceph-mon[32003]: Active manager daemon x restarted
2024-03-24T06:28:20.649 INFO:journalctl@ceph.mon.a.smithi022.stdout:Mar 24 06:28:20 smithi022 ceph-mon[32003]: Activating manager daemon x
2024-03-24T06:28:20.649 INFO:journalctl@ceph.mon.a.smithi022.stdout:Mar 24 06:28:20 smithi022 ceph-mon[32003]: osdmap e2: 0 total, 0 up, 0 in
2024-03-24T06:28:20.649 INFO:journalctl@ceph.mon.a.smithi022.stdout:Mar 24 06:28:20 smithi022 ceph-mon[32003]: mgrmap e6: x(active, starting, since 0.00513746s)
2024-03-24T06:28:20.649 INFO:journalctl@ceph.mon.a.smithi022.stdout:Mar 24 06:28:20 smithi022 ceph-mon[32003]: from='mgr.14120 172.21.15.22:0/3401801180' entity='mgr.x' cmd=[{"prefix": "mon metadata", "id": "a"}]: dispatch
2024-03-24T06:28:20.649 INFO:journalctl@ceph.mon.a.smithi022.stdout:Mar 24 06:28:20 smithi022 ceph-mon[32003]: from='mgr.14120 172.21.15.22:0/3401801180' entity='mgr.x' cmd=[{"prefix": "mgr metadata", "who": "x", "id": "x"}]: dispatch
2024-03-24T06:28:20.650 INFO:journalctl@ceph.mon.a.smithi022.stdout:Mar 24 06:28:20 smithi022 ceph-mon[32003]: from='mgr.14120 172.21.15.22:0/3401801180' entity='mgr.x' cmd=[{"prefix": "mds metadata"}]: dispatch
2024-03-24T06:28:20.650 INFO:journalctl@ceph.mon.a.smithi022.stdout:Mar 24 06:28:20 smithi022 ceph-mon[32003]: from='mgr.14120 172.21.15.22:0/3401801180' entity='mgr.x' cmd=[{"prefix": "osd metadata"}]: dispatch
2024-03-24T06:28:20.650 INFO:journalctl@ceph.mon.a.smithi022.stdout:Mar 24 06:28:20 smithi022 ceph-mon[32003]: from='mgr.14120 172.21.15.22:0/3401801180' entity='mgr.x' cmd=[{"prefix": "mon metadata"}]: dispatch
2024-03-24T06:28:20.650 INFO:journalctl@ceph.mon.a.smithi022.stdout:Mar 24 06:28:20 smithi022 ceph-mon[32003]: Manager daemon x is now available
2024-03-24T06:28:20.650 INFO:journalctl@ceph.mon.a.smithi022.stdout:Mar 24 06:28:20 smithi022 ceph-mon[32003]: from='mgr.14120 172.21.15.22:0/3401801180' entity='mgr.x'
2024-03-24T06:28:21.899 INFO:journalctl@ceph.mon.a.smithi022.stdout:Mar 24 06:28:21 smithi022 ceph-mon[32003]: Found migration_current of "None". Setting to last migration.
2024-03-24T06:28:21.899 INFO:journalctl@ceph.mon.a.smithi022.stdout:Mar 24 06:28:21 smithi022 ceph-mon[32003]: from='mgr.14120 172.21.15.22:0/3401801180' entity='mgr.x'
2024-03-24T06:28:21.899 INFO:journalctl@ceph.mon.a.smithi022.stdout:Mar 24 06:28:21 smithi022 ceph-mon[32003]: from='mgr.14120 172.21.15.22:0/3401801180' entity='mgr.x' cmd=[{"prefix": "config dump", "format": "json"}]: dispatch
2024-03-24T06:28:21.899 INFO:journalctl@ceph.mon.a.smithi022.stdout:Mar 24 06:28:21 smithi022 ceph-mon[32003]: from='mgr.14120 172.21.15.22:0/3401801180' entity='mgr.x' cmd=[{"prefix": "config dump", "format": "json"}]: dispatch
2024-03-24T06:28:21.899 INFO:journalctl@ceph.mon.a.smithi022.stdout:Mar 24 06:28:21 smithi022 ceph-mon[32003]: from='mgr.14120 172.21.15.22:0/3401801180' entity='mgr.x' cmd=[{"prefix": "config dump", "format": "json"}]: dispatch
2024-03-24T06:28:21.899 INFO:journalctl@ceph.mon.a.smithi022.stdout:Mar 24 06:28:21 smithi022 ceph-mon[32003]: from='mgr.14120 172.21.15.22:0/3401801180' entity='mgr.x' cmd=[{"prefix":"config rm","who":"mgr","name":"mgr/rbd_support/x/mirror_snapshot_schedule"}]: dispatch
2024-03-24T06:28:21.899 INFO:journalctl@ceph.mon.a.smithi022.stdout:Mar 24 06:28:21 smithi022 ceph-mon[32003]: from='mgr.14120 172.21.15.22:0/3401801180' entity='mgr.x' cmd=[{"prefix":"config rm","who":"mgr","name":"mgr/rbd_support/x/trash_purge_schedule"}]: dispatch
2024-03-24T06:28:21.899 INFO:journalctl@ceph.mon.a.smithi022.stdout:Mar 24 06:28:21 smithi022 ceph-mon[32003]: mgrmap e7: x(active, since 1.01061s)
2024-03-24T06:28:21.899 INFO:journalctl@ceph.mon.a.smithi022.stdout:Mar 24 06:28:21 smithi022 ceph-mon[32003]: from='client.14124 -' entity='client.admin' cmd=[{"prefix": "get_command_descriptions"}]: dispatch
2024-03-24T06:28:21.900 INFO:journalctl@ceph.mon.a.smithi022.stdout:Mar 24 06:28:21 smithi022 ceph-mon[32003]: from='client.14124 -' entity='client.admin' cmd=[{"prefix": "mgr_status"}]: dispatch
2024-03-24T06:28:22.240 INFO:teuthology.orchestra.run.smithi022.stdout:/usr/bin/ceph: stdout {
2024-03-24T06:28:22.240 INFO:teuthology.orchestra.run.smithi022.stdout:/usr/bin/ceph: stdout "mgrmap_epoch": 7,
2024-03-24T06:28:22.240 INFO:teuthology.orchestra.run.smithi022.stdout:/usr/bin/ceph: stdout "initialized": true
2024-03-24T06:28:22.240 INFO:teuthology.orchestra.run.smithi022.stdout:/usr/bin/ceph: stdout }
2024-03-24T06:28:22.241 INFO:teuthology.orchestra.run.smithi022.stdout:/usr/bin/ceph: stderr
2024-03-24T06:28:14.188+0000 7f51f1400700 1 Processor -- start
2024-03-24T06:28:22.241 INFO:teuthology.orchestra.run.smithi022.stdout:/usr/bin/ceph: stderr
2024-03-24T06:28:14.188+0000 7f51f1400700 1 -- start start
2024-03-24T06:28:22.241 INFO:teuthology.orchestra.run.smithi022.stdout:/usr/bin/ceph: stderr
2024-03-24T06:28:14.188+0000 7f51f1400700 1 --2- >> [v2:172.21.15.22:3300/0,v1:172.21.15.22:6789/0] conn(0x7f51ec1093e0 0x7f51ec109800 unknown :-1 s=NONE pgs=0 cs=0 l=0 rev1=0 crypto rx=0 tx=0 comp rx=0 tx=0).connect
2024-03-24T06:28:22.241 INFO:teuthology.orchestra.run.smithi022.stdout:/usr/bin/ceph: stderr
2024-03-24T06:28:14.188+0000 7f51f1400700 1 -- --> [v2:172.21.15.22:3300/0,v1:172.21.15.22:6789/0] -- mon_getmap magic: 0 -- 0x7f51ec109dd0 con 0x7f51ec1093e0
2024-03-24T06:28:22.241 INFO:teuthology.orchestra.run.smithi022.stdout:/usr/bin/ceph: stderr
2024-03-24T06:28:14.188+0000 7f51ea800700 1 --2- >> [v2:172.21.15.22:3300/0,v1:172.21.15.22:6789/0] conn(0x7f51ec1093e0 0x7f51ec109800 unknown :-1 s=BANNER_CONNECTING pgs=0 cs=0 l=0 rev1=0 crypto rx=0 tx=0 comp rx=0 tx=0)._handle_peer_banner_payload supported=3 required=0
2024-03-24T06:28:22.241 INFO:teuthology.orchestra.run.smithi022.stdout:/usr/bin/ceph: stderr
2024-03-24T06:28:14.189+0000 7f51ea800700 1 --2- >> [v2:172.21.15.22:3300/0,v1:172.21.15.22:6789/0] conn(0x7f51ec1093e0 0x7f51ec109800 unknown :-1 s=HELLO_CONNECTING pgs=0 cs=0 l=0 rev1=1 crypto rx=0 tx=0 comp rx=0 tx=0).handle_hello peer v2:172.21.15.22:3300/0 says I am v2:172.21.15.22:40642/0 (socket says 172.21.15.22:40642)
2024-03-24T06:28:22.241 INFO:teuthology.orchestra.run.smithi022.stdout:/usr/bin/ceph: stderr
2024-03-24T06:28:14.189+0000 7f51ea800700 1 -- 172.21.15.22:0/3658588708 learned_addr learned my addr 172.21.15.22:0/3658588708 (peer_addr_for_me v2:172.21.15.22:0/0)
2024-03-24T06:28:22.241 INFO:teuthology.orchestra.run.smithi022.stdout:/usr/bin/ceph: stderr
2024-03-24T06:28:14.189+0000 7f51ea800700 1 -- 172.21.15.22:0/3658588708 --> [v2:172.21.15.22:3300/0,v1:172.21.15.22:6789/0] -- mon_subscribe({config=0+,monmap=0+}) -- 0x7f51ec107920 con 0x7f51ec1093e0
2024-03-24T06:28:22.241 INFO:teuthology.orchestra.run.smithi022.stdout:/usr/bin/ceph: stderr
2024-03-24T06:28:14.189+0000 7f51ea800700 1 --2- 172.21.15.22:0/3658588708 >> [v2:172.21.15.22:3300/0,v1:172.21.15.22:6789/0] conn(0x7f51ec1093e0 0x7f51ec109800 secure :-1 s=READY pgs=28 cs=0 l=1 rev1=1 crypto rx=0x7f51dc0098a0 tx=0x7f51dc009bb0 comp rx=0 tx=0).ready entity=mon.0 client_cookie=605609f15ff6ddb9 server_cookie=0 in_seq=0 out_seq=0
2024-03-24T06:28:22.241 INFO:teuthology.orchestra.run.smithi022.stdout:/usr/bin/ceph: stderr
2024-03-24T06:28:14.190+0000 7f51e9400700 1 -- 172.21.15.22:0/3658588708 <== mon.0 v2:172.21.15.22:3300/0 1 ==== mon_map magic: 0 ==== 205+0+0 (secure 0 0 0) 0x7f51dc004160 con 0x7f51ec1093e0
2024-03-24T06:28:22.242 INFO:teuthology.orchestra.run.smithi022.stdout:/usr/bin/ceph: stderr
2024-03-24T06:28:14.190+0000 7f51e9400700 1 -- 172.21.15.22:0/3658588708 <== mon.0 v2:172.21.15.22:3300/0 2 ==== config(27 keys) ==== 1109+0+0 (secure 0 0 0) 0x7f51dc0042c0 con 0x7f51ec1093e0
2024-03-24T06:28:22.242 INFO:teuthology.orchestra.run.smithi022.stdout:/usr/bin/ceph: stderr
2024-03-24T06:28:14.190+0000 7f51e9400700 1 -- 172.21.15.22:0/3658588708 <== mon.0 v2:172.21.15.22:3300/0 3 ==== mon_map magic: 0 ==== 205+0+0 (secure 0 0 0) 0x7f51dc011ac0 con 0x7f51ec1093e0
2024-03-24T06:28:22.242 INFO:teuthology.orchestra.run.smithi022.stdout:/usr/bin/ceph: stderr
2024-03-24T06:28:14.191+0000 7f51f1400700 1 -- 172.21.15.22:0/3658588708 >> [v2:172.21.15.22:3300/0,v1:172.21.15.22:6789/0] conn(0x7f51ec1093e0 msgr2=0x7f51ec109800 secure :-1 s=STATE_CONNECTION_ESTABLISHED l=1).mark_down
2024-03-24T06:28:22.242 INFO:teuthology.orchestra.run.smithi022.stdout:/usr/bin/ceph: stderr
2024-03-24T06:28:14.191+0000 7f51f1400700 1 --2- 172.21.15.22:0/3658588708 >> [v2:172.21.15.22:3300/0,v1:172.21.15.22:6789/0] conn(0x7f51ec1093e0 0x7f51ec109800 secure :-1 s=READY pgs=28 cs=0 l=1 rev1=1 crypto rx=0x7f51dc0098a0 tx=0x7f51dc009bb0 comp rx=0 tx=0).stop
2024-03-24T06:28:22.242 INFO:teuthology.orchestra.run.smithi022.stdout:/usr/bin/ceph: stderr
2024-03-24T06:28:14.191+0000 7f51f1400700 1 -- 172.21.15.22:0/3658588708 shutdown_connections
2024-03-24T06:28:22.242 INFO:teuthology.orchestra.run.smithi022.stdout:/usr/bin/ceph: stderr
2024-03-24T06:28:14.191+0000 7f51f1400700 1 --2- 172.21.15.22:0/3658588708 >> [v2:172.21.15.22:3300/0,v1:172.21.15.22:6789/0] conn(0x7f51ec1093e0 0x7f51ec109800 unknown :-1 s=CLOSED pgs=28 cs=0 l=1 rev1=1 crypto rx=0 tx=0 comp rx=0 tx=0).stop
2024-03-24T06:28:22.242 INFO:teuthology.orchestra.run.smithi022.stdout:/usr/bin/ceph: stderr
2024-03-24T06:28:14.191+0000 7f51f1400700 1 -- 172.21.15.22:0/3658588708 >> 172.21.15.22:0/3658588708 conn(0x7f51ec1032a0 msgr2=0x7f51ec1056e0 unknown :-1 s=STATE_NONE l=0).mark_down
2024-03-24T06:28:22.242 INFO:teuthology.orchestra.run.smithi022.stdout:/usr/bin/ceph: stderr
2024-03-24T06:28:14.191+0000 7f51f1400700 1 -- 172.21.15.22:0/3658588708 shutdown_connections
2024-03-24T06:28:22.242 INFO:teuthology.orchestra.run.smithi022.stdout:/usr/bin/ceph: stderr
2024-03-24T06:28:14.191+0000 7f51f1400700 1 -- 172.21.15.22:0/3658588708 wait complete.
2024-03-24T06:28:22.242 INFO:teuthology.orchestra.run.smithi022.stdout:/usr/bin/ceph: stderr
2024-03-24T06:28:14.192+0000 7f51f1400700 1 Processor -- start
2024-03-24T06:28:22.243 INFO:teuthology.orchestra.run.smithi022.stdout:/usr/bin/ceph: stderr
2024-03-24T06:28:14.192+0000 7f51f1400700 1 -- start start
2024-03-24T06:28:22.243 INFO:teuthology.orchestra.run.smithi022.stdout:/usr/bin/ceph: stderr
2024-03-24T06:28:14.193+0000 7f51f1400700 1 --2- >> [v2:172.21.15.22:3300/0,v1:172.21.15.22:6789/0] conn(0x7f51ec1093e0 0x7f51ec07db30 unknown :-1 s=NONE pgs=0 cs=0 l=1 rev1=0 crypto rx=0 tx=0 comp rx=0 tx=0).connect
2024-03-24T06:28:22.243 INFO:teuthology.orchestra.run.smithi022.stdout:/usr/bin/ceph: stderr
2024-03-24T06:28:14.193+0000 7f51f1400700 1 -- --> [v2:172.21.15.22:3300/0,v1:172.21.15.22:6789/0] -- mon_getmap magic: 0 -- 0x7f51ec07e070 con 0x7f51ec1093e0
2024-03-24T06:28:22.243 INFO:teuthology.orchestra.run.smithi022.stdout:/usr/bin/ceph: stderr
2024-03-24T06:28:14.193+0000 7f51ea800700 1 --2- >> [v2:172.21.15.22:3300/0,v1:172.21.15.22:6789/0] conn(0x7f51ec1093e0 0x7f51ec07db30 unknown :-1 s=BANNER_CONNECTING pgs=0 cs=0 l=1 rev1=0 crypto rx=0 tx=0 comp rx=0 tx=0)._handle_peer_banner_payload supported=3 required=0
2024-03-24T06:28:22.243 INFO:teuthology.orchestra.run.smithi022.stdout:/usr/bin/ceph: stderr
2024-03-24T06:28:14.193+0000 7f51ea800700 1 --2- >> [v2:172.21.15.22:3300/0,v1:172.21.15.22:6789/0] conn(0x7f51ec1093e0 0x7f51ec07db30 unknown :-1 s=HELLO_CONNECTING pgs=0 cs=0 l=1 rev1=1 crypto rx=0 tx=0 comp rx=0 tx=0).handle_hello peer v2:172.21.15.22:3300/0 says I am v2:172.21.15.22:40644/0 (socket says 172.21.15.22:40644)
2024-03-24T06:28:22.243 INFO:teuthology.orchestra.run.smithi022.stdout:/usr/bin/ceph: stderr
2024-03-24T06:28:14.193+0000 7f51ea800700 1 -- 172.21.15.22:0/989657270 learned_addr learned my addr 172.21.15.22:0/989657270 (peer_addr_for_me v2:172.21.15.22:0/0)
2024-03-24T06:28:22.243 INFO:teuthology.orchestra.run.smithi022.stdout:/usr/bin/ceph: stderr
2024-03-24T06:28:14.193+0000 7f51ea800700 1 -- 172.21.15.22:0/989657270 --> [v2:172.21.15.22:3300/0,v1:172.21.15.22:6789/0] -- mon_subscribe({config=0+,monmap=0+}) -- 0x7f51dc009550 con 0x7f51ec1093e0
2024-03-24T06:28:22.243 INFO:teuthology.orchestra.run.smithi022.stdout:/usr/bin/ceph: stderr
2024-03-24T06:28:14.194+0000 7f51ea800700 1 --2- 172.21.15.22:0/989657270 >> [v2:172.21.15.22:3300/0,v1:172.21.15.22:6789/0] conn(0x7f51ec1093e0 0x7f51ec07db30 secure :-1 s=READY pgs=29 cs=0 l=1 rev1=1 crypto rx=0x7f51dc003f70 tx=0x7f51dc011b40 comp rx=0 tx=0).ready entity=mon.0 client_cookie=0 server_cookie=0 in_seq=0 out_seq=0
2024-03-24T06:28:22.243 INFO:teuthology.orchestra.run.smithi022.stdout:/usr/bin/ceph: stderr
2024-03-24T06:28:14.194+0000 7f51e3400700 1 -- 172.21.15.22:0/989657270 <== mon.0 v2:172.21.15.22:3300/0 1 ==== mon_map magic: 0 ==== 205+0+0 (secure 0 0 0) 0x7f51dc0039f0 con 0x7f51ec1093e0
2024-03-24T06:28:22.243 INFO:teuthology.orchestra.run.smithi022.stdout:/usr/bin/ceph: stderr
2024-03-24T06:28:14.194+0000 7f51e3400700 1 -- 172.21.15.22:0/989657270 <== mon.0 v2:172.21.15.22:3300/0 2 ==== config(27 keys) ==== 1109+0+0 (secure 0 0 0) 0x7f51dc003b50 con 0x7f51ec1093e0
2024-03-24T06:28:22.243 INFO:teuthology.orchestra.run.smithi022.stdout:/usr/bin/ceph: stderr
2024-03-24T06:28:14.194+0000 7f51e3400700 1 -- 172.21.15.22:0/989657270 <== mon.0 v2:172.21.15.22:3300/0 3 ==== mon_map magic: 0 ==== 205+0+0 (secure 0 0 0) 0x7f51dc01a690 con 0x7f51ec1093e0
2024-03-24T06:28:22.244 INFO:teuthology.orchestra.run.smithi022.stdout:/usr/bin/ceph: stderr
2024-03-24T06:28:14.194+0000 7f51f1400700 1 -- 172.21.15.22:0/989657270 --> [v2:172.21.15.22:3300/0,v1:172.21.15.22:6789/0] -- mon_subscribe({mgrmap=0+}) -- 0x7f51ec07c260 con 0x7f51ec1093e0
2024-03-24T06:28:22.244 INFO:teuthology.orchestra.run.smithi022.stdout:/usr/bin/ceph: stderr
2024-03-24T06:28:14.194+0000 7f51f1400700 1 -- 172.21.15.22:0/989657270 --> [v2:172.21.15.22:3300/0,v1:172.21.15.22:6789/0] -- mon_subscribe({osdmap=0}) -- 0x7f51ec07c700 con 0x7f51ec1093e0
2024-03-24T06:28:22.244 INFO:teuthology.orchestra.run.smithi022.stdout:/usr/bin/ceph: stderr
2024-03-24T06:28:14.195+0000 7f51e3400700 1 -- 172.21.15.22:0/989657270 <== mon.0 v2:172.21.15.22:3300/0 4 ==== mgrmap(e 5) ==== 45928+0+0 (secure 0 0 0) 0x7f51dc024430 con 0x7f51ec1093e0
2024-03-24T06:28:22.244 INFO:teuthology.orchestra.run.smithi022.stdout:/usr/bin/ceph: stderr
2024-03-24T06:28:14.196+0000 7f51e3400700 1 --2- 172.21.15.22:0/989657270 >> [v2:172.21.15.22:6800/37818756,v1:172.21.15.22:6801/37818756] conn(0x7f51d0038ee0 0x7f51d003b3a0 unknown :-1 s=NONE pgs=0 cs=0 l=1 rev1=0 crypto rx=0 tx=0 comp rx=0 tx=0).connect
2024-03-24T06:28:22.244 INFO:teuthology.orchestra.run.smithi022.stdout:/usr/bin/ceph: stderr
2024-03-24T06:28:14.196+0000 7f51e3400700 1 -- 172.21.15.22:0/989657270 --> [v2:172.21.15.22:6800/37818756,v1:172.21.15.22:6801/37818756] -- command(tid 0: {"prefix": "get_command_descriptions"}) -- 0x7f51d003bab0 con 0x7f51d0038ee0
2024-03-24T06:28:22.244 INFO:teuthology.orchestra.run.smithi022.stdout:/usr/bin/ceph: stderr
2024-03-24T06:28:14.196+0000 7f51e3400700 1 -- 172.21.15.22:0/989657270 <== mon.0 v2:172.21.15.22:3300/0 5 ==== osd_map(1..1 src has 1..1) ==== 725+0+0 (secure 0 0 0) 0x7f51dc04d180 con 0x7f51ec1093e0
2024-03-24T06:28:22.244 INFO:teuthology.orchestra.run.smithi022.stdout:/usr/bin/ceph: stderr
2024-03-24T06:28:14.196+0000 7f51e9e00700 1 -- 172.21.15.22:0/989657270 >> [v2:172.21.15.22:6800/37818756,v1:172.21.15.22:6801/37818756] conn(0x7f51d0038ee0 msgr2=0x7f51d003b3a0 unknown :-1 s=STATE_CONNECTING_RE l=1).process reconnect failed to v2:172.21.15.22:6800/37818756
2024-03-24T06:28:22.244 INFO:teuthology.orchestra.run.smithi022.stdout:/usr/bin/ceph: stderr
2024-03-24T06:28:14.196+0000 7f51e9e00700 1 --2- 172.21.15.22:0/989657270 >> [v2:172.21.15.22:6800/37818756,v1:172.21.15.22:6801/37818756] conn(0x7f51d0038ee0 0x7f51d003b3a0 unknown :-1 s=START_CONNECT pgs=0 cs=0 l=1 rev1=0 crypto rx=0 tx=0 comp rx=0 tx=0)._fault waiting 0.200000
2024-03-24T06:28:22.244 INFO:teuthology.orchestra.run.smithi022.stdout:/usr/bin/ceph: stderr
2024-03-24T06:28:14.397+0000 7f51e9e00700 1 -- 172.21.15.22:0/989657270 >> [v2:172.21.15.22:6800/37818756,v1:172.21.15.22:6801/37818756] conn(0x7f51d0038ee0 msgr2=0x7f51d003b3a0 unknown :-1 s=STATE_CONNECTING_RE l=1).process reconnect failed to v2:172.21.15.22:6800/37818756
2024-03-24T06:28:22.244 INFO:teuthology.orchestra.run.smithi022.stdout:/usr/bin/ceph: stderr
2024-03-24T06:28:14.397+0000 7f51e9e00700 1 --2- 172.21.15.22:0/989657270 >> [v2:172.21.15.22:6800/37818756,v1:172.21.15.22:6801/37818756] conn(0x7f51d0038ee0 0x7f51d003b3a0 unknown :-1 s=START_CONNECT pgs=0 cs=0 l=1 rev1=0 crypto rx=0 tx=0 comp rx=0 tx=0)._fault waiting 0.400000
2024-03-24T06:28:22.244 INFO:teuthology.orchestra.run.smithi022.stdout:/usr/bin/ceph: stderr
2024-03-24T06:28:14.798+0000 7f51e9e00700 1 -- 172.21.15.22:0/989657270 >> [v2:172.21.15.22:6800/37818756,v1:172.21.15.22:6801/37818756] conn(0x7f51d0038ee0 msgr2=0x7f51d003b3a0 unknown :-1 s=STATE_CONNECTING_RE l=1).process reconnect failed to v2:172.21.15.22:6800/37818756
2024-03-24T06:28:22.245 INFO:teuthology.orchestra.run.smithi022.stdout:/usr/bin/ceph: stderr
2024-03-24T06:28:14.798+0000 7f51e9e00700 1 --2- 172.21.15.22:0/989657270 >> [v2:172.21.15.22:6800/37818756,v1:172.21.15.22:6801/37818756] conn(0x7f51d0038ee0 0x7f51d003b3a0 unknown :-1 s=START_CONNECT pgs=0 cs=0 l=1 rev1=0 crypto rx=0 tx=0 comp rx=0 tx=0)._fault waiting 0.800000
2024-03-24T06:28:22.245 INFO:teuthology.orchestra.run.smithi022.stdout:/usr/bin/ceph: stderr
2024-03-24T06:28:15.599+0000 7f51e9e00700 1 -- 172.21.15.22:0/989657270 >> [v2:172.21.15.22:6800/37818756,v1:172.21.15.22:6801/37818756] conn(0x7f51d0038ee0 msgr2=0x7f51d003b3a0 unknown :-1 s=STATE_CONNECTING_RE l=1).process reconnect failed to v2:172.21.15.22:6800/37818756
2024-03-24T06:28:22.245 INFO:teuthology.orchestra.run.smithi022.stdout:/usr/bin/ceph: stderr
2024-03-24T06:28:15.599+0000 7f51e9e00700 1 --2- 172.21.15.22:0/989657270 >> [v2:172.21.15.22:6800/37818756,v1:172.21.15.22:6801/37818756] conn(0x7f51d0038ee0 0x7f51d003b3a0 unknown :-1 s=START_CONNECT pgs=0 cs=0 l=1 rev1=0 crypto rx=0 tx=0 comp rx=0 tx=0)._fault waiting 1.600000
2024-03-24T06:28:22.245 INFO:teuthology.orchestra.run.smithi022.stdout:/usr/bin/ceph: stderr
2024-03-24T06:28:17.201+0000 7f51e9e00700 1 -- 172.21.15.22:0/989657270 >> [v2:172.21.15.22:6800/37818756,v1:172.21.15.22:6801/37818756] conn(0x7f51d0038ee0 msgr2=0x7f51d003b3a0 unknown :-1 s=STATE_CONNECTING_RE l=1).process reconnect failed to v2:172.21.15.22:6800/37818756
2024-03-24T06:28:22.245 INFO:teuthology.orchestra.run.smithi022.stdout:/usr/bin/ceph: stderr
2024-03-24T06:28:17.201+0000 7f51e9e00700 1 --2- 172.21.15.22:0/989657270 >> [v2:172.21.15.22:6800/37818756,v1:172.21.15.22:6801/37818756] conn(0x7f51d0038ee0 0x7f51d003b3a0 unknown :-1 s=START_CONNECT pgs=0 cs=0 l=1 rev1=0 crypto rx=0 tx=0 comp rx=0 tx=0)._fault waiting 3.200000
2024-03-24T06:28:22.245 INFO:teuthology.orchestra.run.smithi022.stdout:/usr/bin/ceph: stderr
2024-03-24T06:28:20.399+0000 7f51e3400700 1 -- 172.21.15.22:0/989657270 <== mon.0 v2:172.21.15.22:3300/0 6 ==== mgrmap(e 6) ==== 45695+0+0 (secure 0 0 0) 0x7f51dc02d910 con 0x7f51ec1093e0
2024-03-24T06:28:22.245 INFO:teuthology.orchestra.run.smithi022.stdout:/usr/bin/ceph: stderr
2024-03-24T06:28:20.400+0000 7f51e3400700 1 -- 172.21.15.22:0/989657270 >> [v2:172.21.15.22:6800/37818756,v1:172.21.15.22:6801/37818756] conn(0x7f51d0038ee0 msgr2=0x7f51d003b3a0 unknown :-1 s=STATE_CONNECTING l=1).mark_down
2024-03-24T06:28:22.246 INFO:teuthology.orchestra.run.smithi022.stdout:/usr/bin/ceph: stderr
2024-03-24T06:28:20.400+0000 7f51e3400700 1 --2- 172.21.15.22:0/989657270 >> [v2:172.21.15.22:6800/37818756,v1:172.21.15.22:6801/37818756] conn(0x7f51d0038ee0 0x7f51d003b3a0 unknown :-1 s=START_CONNECT pgs=0 cs=0 l=1 rev1=0 crypto rx=0 tx=0 comp rx=0 tx=0).stop
2024-03-24T06:28:22.246 INFO:teuthology.orchestra.run.smithi022.stdout:/usr/bin/ceph: stderr
2024-03-24T06:28:21.404+0000 7f51e3400700 1 -- 172.21.15.22:0/989657270 <== mon.0 v2:172.21.15.22:3300/0 7 ==== mgrmap(e 7) ==== 45822+0+0 (secure 0 0 0) 0x7f51dc04e2e0 con 0x7f51ec1093e0
2024-03-24T06:28:22.246 INFO:teuthology.orchestra.run.smithi022.stdout:/usr/bin/ceph: stderr
2024-03-24T06:28:21.405+0000 7f51e3400700 1 --2- 172.21.15.22:0/989657270 >> [v2:172.21.15.22:6800/2009113619,v1:172.21.15.22:6801/2009113619] conn(0x7f51d003c7d0 0x7f51d003ebc0 unknown :-1 s=NONE pgs=0 cs=0 l=1 rev1=0 crypto rx=0 tx=0 comp rx=0 tx=0).connect
2024-03-24T06:28:22.246 INFO:teuthology.orchestra.run.smithi022.stdout:/usr/bin/ceph: stderr
2024-03-24T06:28:21.405+0000 7f51e3400700 1 -- 172.21.15.22:0/989657270 --> [v2:172.21.15.22:6800/2009113619,v1:172.21.15.22:6801/2009113619] -- command(tid 0: {"prefix": "get_command_descriptions"}) -- 0x7f51d003bab0 con 0x7f51d003c7d0
2024-03-24T06:28:22.246 INFO:teuthology.orchestra.run.smithi022.stdout:/usr/bin/ceph: stderr
2024-03-24T06:28:21.407+0000 7f51e9e00700 1 --2- 172.21.15.22:0/989657270 >> [v2:172.21.15.22:6800/2009113619,v1:172.21.15.22:6801/2009113619] conn(0x7f51d003c7d0 0x7f51d003ebc0 unknown :-1 s=BANNER_CONNECTING pgs=0 cs=0 l=1 rev1=0 crypto rx=0 tx=0 comp rx=0 tx=0)._handle_peer_banner_payload supported=3 required=0
2024-03-24T06:28:22.246 INFO:teuthology.orchestra.run.smithi022.stdout:/usr/bin/ceph: stderr
2024-03-24T06:28:21.409+0000 7f51e9e00700 1 --2- 172.21.15.22:0/989657270 >> [v2:172.21.15.22:6800/2009113619,v1:172.21.15.22:6801/2009113619] conn(0x7f51d003c7d0 0x7f51d003ebc0 secure :-1 s=READY pgs=2 cs=0 l=1 rev1=1 crypto rx=0x7f51d8003a10 tx=0x7f51d80092b0 comp rx=0 tx=0).ready entity=mgr.14120 client_cookie=0 server_cookie=0 in_seq=0 out_seq=0
2024-03-24T06:28:22.246 INFO:teuthology.orchestra.run.smithi022.stdout:/usr/bin/ceph: stderr
2024-03-24T06:28:21.410+0000 7f51e3400700 1 -- 172.21.15.22:0/989657270 <== mgr.14120 v2:172.21.15.22:6800/2009113619 1 ==== command_reply(tid 0: 0 ) ==== 8+0+7774 (secure 0 0 0) 0x7f51d003bab0 con 0x7f51d003c7d0
2024-03-24T06:28:22.246 INFO:teuthology.orchestra.run.smithi022.stdout:/usr/bin/ceph: stderr
2024-03-24T06:28:21.418+0000 7f51f1400700 1 -- 172.21.15.22:0/989657270 --> [v2:172.21.15.22:6800/2009113619,v1:172.21.15.22:6801/2009113619] -- command(tid 1: {"prefix": "mgr_status"}) -- 0x7f51ec063830 con 0x7f51d003c7d0
2024-03-24T06:28:22.246 INFO:teuthology.orchestra.run.smithi022.stdout:/usr/bin/ceph: stderr
2024-03-24T06:28:21.418+0000 7f51e3400700 1 -- 172.21.15.22:0/989657270 <== mgr.14120 v2:172.21.15.22:6800/2009113619 2 ==== command_reply(tid 1: 0 ) ==== 8+0+51 (secure 0 0 0) 0x7f51ec063830 con 0x7f51d003c7d0
2024-03-24T06:28:22.246 INFO:teuthology.orchestra.run.smithi022.stdout:/usr/bin/ceph: stderr
2024-03-24T06:28:21.418+0000 7f51f1400700 1 -- 172.21.15.22:0/989657270 >> [v2:172.21.15.22:6800/2009113619,v1:172.21.15.22:6801/2009113619] conn(0x7f51d003c7d0 msgr2=0x7f51d003ebc0 secure :-1 s=STATE_CONNECTION_ESTABLISHED l=1).mark_down
