2024-03-24T06:28:56.781 INFO:teuthology.orchestra.run.smithi022.stdout:/usr/bin/ceph: stderr
2024-03-24T06:28:49.226+0000 7fd127400700 1 --2- 172.21.15.22:0/3663136593 >> [v2:172.21.15.22:3300/0,v1:172.21.15.22:6789/0] conn(0x7fd12807c2a0 0x7fd12807c6c0 secure :-1 s=READY pgs=61 cs=0 l=1 rev1=1 crypto rx=0x7fd1180098a0 tx=0x7fd118009bb0 comp rx=0 tx=0).ready entity=mon.0 client_cookie=9eddf6918159b30 server_cookie=0 in_seq=0 out_seq=0
2024-03-24T06:28:56.781 INFO:teuthology.orchestra.run.smithi022.stdout:/usr/bin/ceph: stderr
2024-03-24T06:28:49.226+0000 7fd126000700 1 -- 172.21.15.22:0/3663136593 <== mon.0 v2:172.21.15.22:3300/0 1 ==== mon_map magic: 0 ==== 205+0+0 (secure 0 0 0) 0x7fd118004160 con 0x7fd12807c2a0
2024-03-24T06:28:56.781 INFO:teuthology.orchestra.run.smithi022.stdout:/usr/bin/ceph: stderr
2024-03-24T06:28:49.226+0000 7fd126000700 1 -- 172.21.15.22:0/3663136593 <== mon.0 v2:172.21.15.22:3300/0 2 ==== config(27 keys) ==== 1140+0+0 (secure 0 0 0) 0x7fd1180042c0 con 0x7fd12807c2a0
2024-03-24T06:28:56.783 INFO:teuthology.orchestra.run.smithi022.stdout:/usr/bin/ceph: stderr
2024-03-24T06:28:49.226+0000 7fd126000700 1 -- 172.21.15.22:0/3663136593 <== mon.0 v2:172.21.15.22:3300/0 3 ==== mon_map magic: 0 ==== 205+0+0 (secure 0 0 0) 0x7fd118011a80 con 0x7fd12807c2a0
2024-03-24T06:28:56.783 INFO:teuthology.orchestra.run.smithi022.stdout:/usr/bin/ceph: stderr
2024-03-24T06:28:49.227+0000 7fd12e200700 1 -- 172.21.15.22:0/3663136593 >> [v2:172.21.15.22:3300/0,v1:172.21.15.22:6789/0] conn(0x7fd12807c2a0 msgr2=0x7fd12807c6c0 secure :-1 s=STATE_CONNECTION_ESTABLISHED l=1).mark_down
2024-03-24T06:28:56.783 INFO:teuthology.orchestra.run.smithi022.stdout:/usr/bin/ceph: stderr
2024-03-24T06:28:49.227+0000 7fd12e200700 1 --2- 172.21.15.22:0/3663136593 >> [v2:172.21.15.22:3300/0,v1:172.21.15.22:6789/0] conn(0x7fd12807c2a0 0x7fd12807c6c0 secure :-1 s=READY pgs=61 cs=0 l=1 rev1=1 crypto rx=0x7fd1180098a0 tx=0x7fd118009bb0 comp rx=0 tx=0).stop
2024-03-24T06:28:56.783 INFO:teuthology.orchestra.run.smithi022.stdout:/usr/bin/ceph: stderr
2024-03-24T06:28:49.227+0000 7fd12e200700 1 -- 172.21.15.22:0/3663136593 shutdown_connections
2024-03-24T06:28:56.783 INFO:teuthology.orchestra.run.smithi022.stdout:/usr/bin/ceph: stderr
2024-03-24T06:28:49.227+0000 7fd12e200700 1 --2- 172.21.15.22:0/3663136593 >> [v2:172.21.15.22:3300/0,v1:172.21.15.22:6789/0] conn(0x7fd12807c2a0 0x7fd12807c6c0 unknown :-1 s=CLOSED pgs=61 cs=0 l=1 rev1=1 crypto rx=0 tx=0 comp rx=0 tx=0).stop
2024-03-24T06:28:56.784 INFO:teuthology.orchestra.run.smithi022.stdout:/usr/bin/ceph: stderr
2024-03-24T06:28:49.227+0000 7fd12e200700 1 -- 172.21.15.22:0/3663136593 >> 172.21.15.22:0/3663136593 conn(0x7fd1281032a0 msgr2=0x7fd1281056e0 unknown :-1 s=STATE_NONE l=0).mark_down
2024-03-24T06:28:56.784 INFO:teuthology.orchestra.run.smithi022.stdout:/usr/bin/ceph: stderr
2024-03-24T06:28:49.227+0000 7fd12e200700 1 -- 172.21.15.22:0/3663136593 shutdown_connections
2024-03-24T06:28:56.784 INFO:teuthology.orchestra.run.smithi022.stdout:/usr/bin/ceph: stderr
2024-03-24T06:28:49.227+0000 7fd12e200700 1 -- 172.21.15.22:0/3663136593 wait complete.
2024-03-24T06:28:56.784 INFO:teuthology.orchestra.run.smithi022.stdout:/usr/bin/ceph: stderr
2024-03-24T06:28:49.228+0000 7fd12e200700 1 Processor -- start
2024-03-24T06:28:56.784 INFO:teuthology.orchestra.run.smithi022.stdout:/usr/bin/ceph: stderr
2024-03-24T06:28:49.228+0000 7fd12e200700 1 -- start start
2024-03-24T06:28:56.785 INFO:teuthology.orchestra.run.smithi022.stdout:/usr/bin/ceph: stderr
2024-03-24T06:28:49.229+0000 7fd12e200700 1 --2- >> [v2:172.21.15.22:3300/0,v1:172.21.15.22:6789/0] conn(0x7fd12807c2a0 0x7fd12819dd10 unknown :-1 s=NONE pgs=0 cs=0 l=1 rev1=0 crypto rx=0 tx=0 comp rx=0 tx=0).connect
2024-03-24T06:28:56.786 INFO:teuthology.orchestra.run.smithi022.stdout:/usr/bin/ceph: stderr
2024-03-24T06:28:49.229+0000 7fd12e200700 1 -- --> [v2:172.21.15.22:3300/0,v1:172.21.15.22:6789/0] -- mon_getmap magic: 0 -- 0x7fd12819e250 con 0x7fd12807c2a0
2024-03-24T06:28:56.786 INFO:teuthology.orchestra.run.smithi022.stdout:/usr/bin/ceph: stderr
2024-03-24T06:28:49.229+0000 7fd127400700 1 --2- >> [v2:172.21.15.22:3300/0,v1:172.21.15.22:6789/0] conn(0x7fd12807c2a0 0x7fd12819dd10 unknown :-1 s=BANNER_CONNECTING pgs=0 cs=0 l=1 rev1=0 crypto rx=0 tx=0 comp rx=0 tx=0)._handle_peer_banner_payload supported=3 required=0
2024-03-24T06:28:56.786 INFO:teuthology.orchestra.run.smithi022.stdout:/usr/bin/ceph: stderr
2024-03-24T06:28:49.229+0000 7fd127400700 1 --2- >> [v2:172.21.15.22:3300/0,v1:172.21.15.22:6789/0] conn(0x7fd12807c2a0 0x7fd12819dd10 unknown :-1 s=HELLO_CONNECTING pgs=0 cs=0 l=1 rev1=1 crypto rx=0 tx=0 comp rx=0 tx=0).handle_hello peer v2:172.21.15.22:3300/0 says I am v2:172.21.15.22:52396/0 (socket says 172.21.15.22:52396)
2024-03-24T06:28:56.786 INFO:teuthology.orchestra.run.smithi022.stdout:/usr/bin/ceph: stderr
2024-03-24T06:28:49.229+0000 7fd127400700 1 -- 172.21.15.22:0/138618714 learned_addr learned my addr 172.21.15.22:0/138618714 (peer_addr_for_me v2:172.21.15.22:0/0)
2024-03-24T06:28:56.786 INFO:teuthology.orchestra.run.smithi022.stdout:/usr/bin/ceph: stderr
2024-03-24T06:28:49.229+0000 7fd127400700 1 -- 172.21.15.22:0/138618714 --> [v2:172.21.15.22:3300/0,v1:172.21.15.22:6789/0] -- mon_subscribe({config=0+,monmap=0+}) -- 0x7fd118009550 con 0x7fd12807c2a0
2024-03-24T06:28:56.786 INFO:teuthology.orchestra.run.smithi022.stdout:/usr/bin/ceph: stderr
2024-03-24T06:28:49.230+0000 7fd127400700 1 --2- 172.21.15.22:0/138618714 >> [v2:172.21.15.22:3300/0,v1:172.21.15.22:6789/0] conn(0x7fd12807c2a0 0x7fd12819dd10 secure :-1 s=READY pgs=62 cs=0 l=1 rev1=1 crypto rx=0x7fd118011740 tx=0x7fd118011b00 comp rx=0 tx=0).ready entity=mon.0 client_cookie=0 server_cookie=0 in_seq=0 out_seq=0
2024-03-24T06:28:56.786 INFO:teuthology.orchestra.run.smithi022.stdout:/usr/bin/ceph: stderr
2024-03-24T06:28:49.230+0000 7fd11fe00700 1 -- 172.21.15.22:0/138618714 <== mon.0 v2:172.21.15.22:3300/0 1 ==== mon_map magic: 0 ==== 205+0+0 (secure 0 0 0) 0x7fd118003b20 con 0x7fd12807c2a0
2024-03-24T06:28:56.788 INFO:teuthology.orchestra.run.smithi022.stdout:/usr/bin/ceph: stderr
2024-03-24T06:28:49.230+0000 7fd11fe00700 1 -- 172.21.15.22:0/138618714 <== mon.0 v2:172.21.15.22:3300/0 2 ==== config(27 keys) ==== 1140+0+0 (secure 0 0 0) 0x7fd11801a910 con 0x7fd12807c2a0
2024-03-24T06:28:56.788 INFO:teuthology.orchestra.run.smithi022.stdout:/usr/bin/ceph: stderr
2024-03-24T06:28:49.230+0000 7fd11fe00700 1 -- 172.21.15.22:0/138618714 <== mon.0 v2:172.21.15.22:3300/0 3 ==== mon_map magic: 0 ==== 205+0+0 (secure 0 0 0) 0x7fd1180248c0 con 0x7fd12807c2a0
2024-03-24T06:28:56.788 INFO:teuthology.orchestra.run.smithi022.stdout:/usr/bin/ceph: stderr
2024-03-24T06:28:49.230+0000 7fd12e200700 1 -- 172.21.15.22:0/138618714 --> [v2:172.21.15.22:3300/0,v1:172.21.15.22:6789/0] -- mon_subscribe({mgrmap=0+}) -- 0x7fd12819e450 con 0x7fd12807c2a0
2024-03-24T06:28:56.788 INFO:teuthology.orchestra.run.smithi022.stdout:/usr/bin/ceph: stderr
2024-03-24T06:28:49.230+0000 7fd12e200700 1 -- 172.21.15.22:0/138618714 --> [v2:172.21.15.22:3300/0,v1:172.21.15.22:6789/0] -- mon_subscribe({osdmap=0}) -- 0x7fd12819e8f0 con 0x7fd12807c2a0
2024-03-24T06:28:56.789 INFO:teuthology.orchestra.run.smithi022.stdout:/usr/bin/ceph: stderr
2024-03-24T06:28:49.231+0000 7fd11fe00700 1 -- 172.21.15.22:0/138618714 <== mon.0 v2:172.21.15.22:3300/0 4 ==== mgrmap(e 9) ==== 45941+0+0 (secure 0 0 0) 0x7fd11801aa80 con 0x7fd12807c2a0
2024-03-24T06:28:56.789 INFO:teuthology.orchestra.run.smithi022.stdout:/usr/bin/ceph: stderr
2024-03-24T06:28:49.232+0000 7fd11fe00700 1 --2- 172.21.15.22:0/138618714 >> [v2:172.21.15.22:6800/2009113619,v1:172.21.15.22:6801/2009113619] conn(0x7fd10c038fe0 0x7fd10c03b4a0 unknown :-1 s=NONE pgs=0 cs=0 l=1 rev1=0 crypto rx=0 tx=0 comp rx=0 tx=0).connect
2024-03-24T06:28:56.789 INFO:teuthology.orchestra.run.smithi022.stdout:/usr/bin/ceph: stderr
2024-03-24T06:28:49.232+0000 7fd11fe00700 1 -- 172.21.15.22:0/138618714 --> [v2:172.21.15.22:6800/2009113619,v1:172.21.15.22:6801/2009113619] -- command(tid 0: {"prefix": "get_command_descriptions"}) -- 0x7fd10c03bbb0 con 0x7fd10c038fe0
2024-03-24T06:28:56.789 INFO:teuthology.orchestra.run.smithi022.stdout:/usr/bin/ceph: stderr
2024-03-24T06:28:49.232+0000 7fd11fe00700 1 -- 172.21.15.22:0/138618714 <== mon.0 v2:172.21.15.22:3300/0 5 ==== osd_map(2..2 src has 1..2) ==== 940+0+0 (secure 0 0 0) 0x7fd11804d0d0 con 0x7fd12807c2a0
2024-03-24T06:28:56.789 INFO:teuthology.orchestra.run.smithi022.stdout:/usr/bin/ceph: stderr
2024-03-24T06:28:49.232+0000 7fd126a00700 1 -- 172.21.15.22:0/138618714 >> [v2:172.21.15.22:6800/2009113619,v1:172.21.15.22:6801/2009113619] conn(0x7fd10c038fe0 msgr2=0x7fd10c03b4a0 unknown :-1 s=STATE_CONNECTING_RE l=1).process reconnect failed to v2:172.21.15.22:6800/2009113619
2024-03-24T06:28:56.789 INFO:teuthology.orchestra.run.smithi022.stdout:/usr/bin/ceph: stderr
2024-03-24T06:28:49.232+0000 7fd126a00700 1 --2- 172.21.15.22:0/138618714 >> [v2:172.21.15.22:6800/2009113619,v1:172.21.15.22:6801/2009113619] conn(0x7fd10c038fe0 0x7fd10c03b4a0 unknown :-1 s=START_CONNECT pgs=0 cs=0 l=1 rev1=0 crypto rx=0 tx=0 comp rx=0 tx=0)._fault waiting 0.200000
2024-03-24T06:28:56.793 INFO:teuthology.orchestra.run.smithi022.stdout:/usr/bin/ceph: stderr
2024-03-24T06:28:49.433+0000 7fd126a00700 1 -- 172.21.15.22:0/138618714 >> [v2:172.21.15.22:6800/2009113619,v1:172.21.15.22:6801/2009113619] conn(0x7fd10c038fe0 msgr2=0x7fd10c03b4a0 unknown :-1 s=STATE_CONNECTING_RE l=1).process reconnect failed to v2:172.21.15.22:6800/2009113619
2024-03-24T06:28:56.793 INFO:teuthology.orchestra.run.smithi022.stdout:/usr/bin/ceph: stderr
2024-03-24T06:28:49.433+0000 7fd126a00700 1 --2- 172.21.15.22:0/138618714 >> [v2:172.21.15.22:6800/2009113619,v1:172.21.15.22:6801/2009113619] conn(0x7fd10c038fe0 0x7fd10c03b4a0 unknown :-1 s=START_CONNECT pgs=0 cs=0 l=1 rev1=0 crypto rx=0 tx=0 comp rx=0 tx=0)._fault waiting 0.400000
2024-03-24T06:28:56.793 INFO:teuthology.orchestra.run.smithi022.stdout:/usr/bin/ceph: stderr
2024-03-24T06:28:49.834+0000 7fd126a00700 1 -- 172.21.15.22:0/138618714 >> [v2:172.21.15.22:6800/2009113619,v1:172.21.15.22:6801/2009113619] conn(0x7fd10c038fe0 msgr2=0x7fd10c03b4a0 unknown :-1 s=STATE_CONNECTING_RE l=1).process reconnect failed to v2:172.21.15.22:6800/2009113619
2024-03-24T06:28:56.793 INFO:teuthology.orchestra.run.smithi022.stdout:/usr/bin/ceph: stderr
2024-03-24T06:28:49.834+0000 7fd126a00700 1 --2- 172.21.15.22:0/138618714 >> [v2:172.21.15.22:6800/2009113619,v1:172.21.15.22:6801/2009113619] conn(0x7fd10c038fe0 0x7fd10c03b4a0 unknown :-1 s=START_CONNECT pgs=0 cs=0 l=1 rev1=0 crypto rx=0 tx=0 comp rx=0 tx=0)._fault waiting 0.800000
2024-03-24T06:28:56.794 INFO:teuthology.orchestra.run.smithi022.stdout:/usr/bin/ceph: stderr
2024-03-24T06:28:50.635+0000 7fd126a00700 1 -- 172.21.15.22:0/138618714 >> [v2:172.21.15.22:6800/2009113619,v1:172.21.15.22:6801/2009113619] conn(0x7fd10c038fe0 msgr2=0x7fd10c03b4a0 unknown :-1 s=STATE_CONNECTING_RE l=1).process reconnect failed to v2:172.21.15.22:6800/2009113619
2024-03-24T06:28:56.794 INFO:teuthology.orchestra.run.smithi022.stdout:/usr/bin/ceph: stderr
2024-03-24T06:28:50.635+0000 7fd126a00700 1 --2- 172.21.15.22:0/138618714 >> [v2:172.21.15.22:6800/2009113619,v1:172.21.15.22:6801/2009113619] conn(0x7fd10c038fe0 0x7fd10c03b4a0 unknown :-1 s=START_CONNECT pgs=0 cs=0 l=1 rev1=0 crypto rx=0 tx=0 comp rx=0 tx=0)._fault waiting 1.600000
2024-03-24T06:28:56.794 INFO:teuthology.orchestra.run.smithi022.stdout:/usr/bin/ceph: stderr
2024-03-24T06:28:52.237+0000 7fd126a00700 1 -- 172.21.15.22:0/138618714 >> [v2:172.21.15.22:6800/2009113619,v1:172.21.15.22:6801/2009113619] conn(0x7fd10c038fe0 msgr2=0x7fd10c03b4a0 unknown :-1 s=STATE_CONNECTING_RE l=1).process reconnect failed to v2:172.21.15.22:6800/2009113619
2024-03-24T06:28:56.794 INFO:teuthology.orchestra.run.smithi022.stdout:/usr/bin/ceph: stderr
2024-03-24T06:28:52.237+0000 7fd126a00700 1 --2- 172.21.15.22:0/138618714 >> [v2:172.21.15.22:6800/2009113619,v1:172.21.15.22:6801/2009113619] conn(0x7fd10c038fe0 0x7fd10c03b4a0 unknown :-1 s=START_CONNECT pgs=0 cs=0 l=1 rev1=0 crypto rx=0 tx=0 comp rx=0 tx=0)._fault waiting 3.200000
2024-03-24T06:28:56.794 INFO:teuthology.orchestra.run.smithi022.stdout:/usr/bin/ceph: stderr
2024-03-24T06:28:54.947+0000 7fd11fe00700 1 -- 172.21.15.22:0/138618714 <== mon.0 v2:172.21.15.22:3300/0 6 ==== mgrmap(e 10) ==== 45708+0+0 (secure 0 0 0) 0x7fd118024a80 con 0x7fd12807c2a0
2024-03-24T06:28:56.794 INFO:teuthology.orchestra.run.smithi022.stdout:/usr/bin/ceph: stderr
2024-03-24T06:28:54.947+0000 7fd11fe00700 1 -- 172.21.15.22:0/138618714 >> [v2:172.21.15.22:6800/2009113619,v1:172.21.15.22:6801/2009113619] conn(0x7fd10c038fe0 msgr2=0x7fd10c03b4a0 unknown :-1 s=STATE_CONNECTING l=1).mark_down
2024-03-24T06:28:56.794 INFO:teuthology.orchestra.run.smithi022.stdout:/usr/bin/ceph: stderr
2024-03-24T06:28:54.947+0000 7fd11fe00700 1 --2- 172.21.15.22:0/138618714 >> [v2:172.21.15.22:6800/2009113619,v1:172.21.15.22:6801/2009113619] conn(0x7fd10c038fe0 0x7fd10c03b4a0 unknown :-1 s=START_CONNECT pgs=0 cs=0 l=1 rev1=0 crypto rx=0 tx=0 comp rx=0 tx=0).stop
2024-03-24T06:28:56.794 INFO:teuthology.orchestra.run.smithi022.stdout:/usr/bin/ceph: stderr
2024-03-24T06:28:55.948+0000 7fd11fe00700 1 -- 172.21.15.22:0/138618714 <== mon.0 v2:172.21.15.22:3300/0 7 ==== mgrmap(e 11) ==== 45835+0+0 (secure 0 0 0) 0x7fd11804e490 con 0x7fd12807c2a0
2024-03-24T06:28:56.794 INFO:teuthology.orchestra.run.smithi022.stdout:/usr/bin/ceph: stderr
2024-03-24T06:28:55.948+0000 7fd11fe00700 1 --2- 172.21.15.22:0/138618714 >> [v2:172.21.15.22:6800/503368228,v1:172.21.15.22:6801/503368228] conn(0x7fd10c03cab0 0x7fd10c03eea0 unknown :-1 s=NONE pgs=0 cs=0 l=1 rev1=0 crypto rx=0 tx=0 comp rx=0 tx=0).connect
2024-03-24T06:28:56.795 INFO:teuthology.orchestra.run.smithi022.stdout:/usr/bin/ceph: stderr
2024-03-24T06:28:55.948+0000 7fd11fe00700 1 -- 172.21.15.22:0/138618714 --> [v2:172.21.15.22:6800/503368228,v1:172.21.15.22:6801/503368228] -- command(tid 0: {"prefix": "get_command_descriptions"}) -- 0x7fd10c03bbb0 con 0x7fd10c03cab0
2024-03-24T06:28:56.795 INFO:teuthology.orchestra.run.smithi022.stdout:/usr/bin/ceph: stderr
2024-03-24T06:28:55.949+0000 7fd126a00700 1 --2- 172.21.15.22:0/138618714 >> [v2:172.21.15.22:6800/503368228,v1:172.21.15.22:6801/503368228] conn(0x7fd10c03cab0 0x7fd10c03eea0 unknown :-1 s=BANNER_CONNECTING pgs=0 cs=0 l=1 rev1=0 crypto rx=0 tx=0 comp rx=0 tx=0)._handle_peer_banner_payload supported=3 required=0
2024-03-24T06:28:56.795 INFO:teuthology.orchestra.run.smithi022.stdout:/usr/bin/ceph: stderr
2024-03-24T06:28:55.951+0000 7fd126a00700 1 --2- 172.21.15.22:0/138618714 >> [v2:172.21.15.22:6800/503368228,v1:172.21.15.22:6801/503368228] conn(0x7fd10c03cab0 0x7fd10c03eea0 secure :-1 s=READY pgs=2 cs=0 l=1 rev1=1 crypto rx=0x7fd114003a10 tx=0x7fd1140092b0 comp rx=0 tx=0).ready entity=mgr.14152 client_cookie=0 server_cookie=0 in_seq=0 out_seq=0
2024-03-24T06:28:56.795 INFO:teuthology.orchestra.run.smithi022.stdout:/usr/bin/ceph: stderr
2024-03-24T06:28:55.952+0000 7fd11fe00700 1 -- 172.21.15.22:0/138618714 <== mgr.14152 v2:172.21.15.22:6800/503368228 1 ==== command_reply(tid 0: 0 ) ==== 8+0+7774 (secure 0 0 0) 0x7fd10c03bbb0 con 0x7fd10c03cab0
2024-03-24T06:28:56.795 INFO:teuthology.orchestra.run.smithi022.stdout:/usr/bin/ceph: stderr
2024-03-24T06:28:55.960+0000 7fd12e200700 1 -- 172.21.15.22:0/138618714 --> [v2:172.21.15.22:6800/503368228,v1:172.21.15.22:6801/503368228] -- command(tid 1: {"prefix": "mgr_status"}) -- 0x7fd12807e110 con 0x7fd10c03cab0
2024-03-24T06:28:56.795 INFO:teuthology.orchestra.run.smithi022.stdout:/usr/bin/ceph: stderr
2024-03-24T06:28:55.960+0000 7fd11fe00700 1 -- 172.21.15.22:0/138618714 <== mgr.14152 v2:172.21.15.22:6800/503368228 2 ==== command_reply(tid 1: 0 ) ==== 8+0+52 (secure 0 0 0) 0x7fd12807e110 con 0x7fd10c03cab0
2024-03-24T06:28:56.795 INFO:teuthology.orchestra.run.smithi022.stdout:/usr/bin/ceph: stderr
2024-03-24T06:28:55.961+0000 7fd12e200700 1 -- 172.21.15.22:0/138618714 >> [v2:172.21.15.22:6800/503368228,v1:172.21.15.22:6801/503368228] conn(0x7fd10c03cab0 msgr2=0x7fd10c03eea0 secure :-1 s=STATE_CONNECTION_ESTABLISHED l=1).mark_down
2024-03-24T06:28:56.795 INFO:teuthology.orchestra.run.smithi022.stdout:/usr/bin/ceph: stderr
2024-03-24T06:28:55.961+0000 7fd12e200700 1 --2- 172.21.15.22:0/138618714 >> [v2:172.21.15.22:6800/503368228,v1:172.21.15.22:6801/503368228] conn(0x7fd10c03cab0 0x7fd10c03eea0 secure :-1 s=READY pgs=2 cs=0 l=1 rev1=1 crypto rx=0x7fd114003a10 tx=0x7fd1140092b0 comp rx=0 tx=0).stop
2024-03-24T06:28:56.795 INFO:teuthology.orchestra.run.smithi022.stdout:/usr/bin/ceph: stderr
2024-03-24T06:28:55.961+0000 7fd12e200700 1 -- 172.21.15.22:0/138618714 >> [v2:172.21.15.22:3300/0,v1:172.21.15.22:6789/0] conn(0x7fd12807c2a0 msgr2=0x7fd12819dd10 secure :-1 s=STATE_CONNECTION_ESTABLISHED l=1).mark_down
2024-03-24T06:28:56.795 INFO:teuthology.orchestra.run.smithi022.stdout:/usr/bin/ceph: stderr
2024-03-24T06:28:55.961+0000 7fd12e200700 1 --2- 172.21.15.22:0/138618714 >> [v2:172.21.15.22:3300/0,v1:172.21.15.22:6789/0] conn(0x7fd12807c2a0 0x7fd12819dd10 secure :-1 s=READY pgs=62 cs=0 l=1 rev1=1 crypto rx=0x7fd118011740 tx=0x7fd118011b00 comp rx=0 tx=0).stop
2024-03-24T06:28:56.796 INFO:teuthology.orchestra.run.smithi022.stdout:/usr/bin/ceph: stderr
2024-03-24T06:28:55.961+0000 7fd12e200700 1 -- 172.21.15.22:0/138618714 shutdown_connections
2024-03-24T06:28:56.796 INFO:teuthology.orchestra.run.smithi022.stdout:/usr/bin/ceph: stderr
2024-03-24T06:28:55.961+0000 7fd12e200700 1 --2- 172.21.15.22:0/138618714 >> [v2:172.21.15.22:6800/503368228,v1:172.21.15.22:6801/503368228] conn(0x7fd10c03cab0 0x7fd10c03eea0 unknown :-1 s=CLOSED pgs=2 cs=0 l=1 rev1=1 crypto rx=0 tx=0 comp rx=0 tx=0).stop
2024-03-24T06:28:56.796 INFO:teuthology.orchestra.run.smithi022.stdout:/usr/bin/ceph: stderr
2024-03-24T06:28:55.961+0000 7fd12e200700 1 --2- 172.21.15.22:0/138618714 >> [v2:172.21.15.22:3300/0,v1:172.21.15.22:6789/0] conn(0x7fd12807c2a0 0x7fd12819dd10 unknown :-1 s=CLOSED pgs=62 cs=0 l=1 rev1=1 crypto rx=0 tx=0 comp rx=0 tx=0).stop
2024-03-24T06:28:56.796 INFO:teuthology.orchestra.run.smithi022.stdout:/usr/bin/ceph: stderr
2024-03-24T06:28:55.961+0000 7fd12e200700 1 --2- 172.21.15.22:0/138618714 >> [v2:172.21.15.22:6800/2009113619,v1:172.21.15.22:6801/2009113619] conn(0x7fd10c038fe0 0x7fd10c03b4a0 unknown :-1 s=CLOSED pgs=0 cs=0 l=1 rev1=0 crypto rx=0 tx=0 comp rx=0 tx=0).stop
2024-03-24T06:28:56.796 INFO:teuthology.orchestra.run.smithi022.stdout:/usr/bin/ceph: stderr
2024-03-24T06:28:55.961+0000 7fd12e200700 1 -- 172.21.15.22:0/138618714 >> 172.21.15.22:0/138618714 conn(0x7fd1281032a0 msgr2=0x7fd128103d50 unknown :-1 s=STATE_NONE l=0).mark_down
2024-03-24T06:28:56.796 INFO:teuthology.orchestra.run.smithi022.stdout:/usr/bin/ceph: stderr
2024-03-24T06:28:55.961+0000 7fd12e200700 1 -- 172.21.15.22:0/138618714 shutdown_connections
2024-03-24T06:28:56.796 INFO:teuthology.orchestra.run.smithi022.stdout:/usr/bin/ceph: stderr
2024-03-24T06:28:55.962+0000 7fd12e200700 1 -- 172.21.15.22:0/138618714 wait complete.
2024-03-24T06:28:56.797 INFO:teuthology.orchestra.run.smithi022.stdout:mgr epoch 9 is available
2024-03-24T06:28:56.797 INFO:teuthology.orchestra.run.smithi022.stdout:Generating a dashboard self-signed certificate...
2024-03-24T06:28:57.082 INFO:journalctl@ceph.mon.a.smithi022.stdout:Mar 24 06:28:57 smithi022 ceph-mon[32003]: [24/Mar/2024:06:28:55] ENGINE Bus STARTING
2024-03-24T06:28:57.083 INFO:journalctl@ceph.mon.a.smithi022.stdout:Mar 24 06:28:57 smithi022 ceph-mon[32003]: [24/Mar/2024:06:28:56] ENGINE Serving on http://172.21.15.22:8765
2024-03-24T06:28:57.083 INFO:journalctl@ceph.mon.a.smithi022.stdout:Mar 24 06:28:57 smithi022 ceph-mon[32003]: [24/Mar/2024:06:28:56] ENGINE Serving on https://172.21.15.22:7150
2024-03-24T06:28:57.083 INFO:journalctl@ceph.mon.a.smithi022.stdout:Mar 24 06:28:57 smithi022 ceph-mon[32003]: [24/Mar/2024:06:28:56] ENGINE Bus STARTED
2024-03-24T06:28:58.279 INFO:journalctl@ceph.mon.a.smithi022.stdout:Mar 24 06:28:58 smithi022 ceph-mon[32003]: mgrmap e12: x(active, since 2s)
2024-03-24T06:28:58.279 INFO:journalctl@ceph.mon.a.smithi022.stdout:Mar 24 06:28:58 smithi022 ceph-mon[32003]: from='mgr.14152 172.21.15.22:0/254899648' entity='mgr.x'
2024-03-24T06:28:59.118 INFO:teuthology.orchestra.run.smithi022.stdout:/usr/bin/ceph: stdout Self-signed certificate created
2024-03-24T06:28:59.118 INFO:teuthology.orchestra.run.smithi022.stdout:/usr/bin/ceph: stderr
2024-03-24T06:28:57.902+0000 7fd3f2000700 1 Processor -- start
2024-03-24T06:28:59.118 INFO:teuthology.orchestra.run.smithi022.stdout:/usr/bin/ceph: stderr
2024-03-24T06:28:57.902+0000 7fd3f2000700 1 -- start start
2024-03-24T06:28:59.118 INFO:teuthology.orchestra.run.smithi022.stdout:/usr/bin/ceph: stderr
2024-03-24T06:28:57.902+0000 7fd3f2000700 1 --2- >> [v2:172.21.15.22:3300/0,v1:172.21.15.22:6789/0] conn(0x7fd3ec07c2a0 0x7fd3ec07c6c0 unknown :-1 s=NONE pgs=0 cs=0 l=0 rev1=0 crypto rx=0 tx=0 comp rx=0 tx=0).connect
2024-03-24T06:28:59.118 INFO:teuthology.orchestra.run.smithi022.stdout:/usr/bin/ceph: stderr
2024-03-24T06:28:57.902+0000 7fd3f2000700 1 -- --> [v2:172.21.15.22:3300/0,v1:172.21.15.22:6789/0] -- mon_getmap magic: 0 -- 0x7fd3ec07dfd0 con 0x7fd3ec07c2a0
2024-03-24T06:28:59.118 INFO:teuthology.orchestra.run.smithi022.stdout:/usr/bin/ceph: stderr
2024-03-24T06:28:57.903+0000 7fd3eb400700 1 --2- >> [v2:172.21.15.22:3300/0,v1:172.21.15.22:6789/0] conn(0x7fd3ec07c2a0 0x7fd3ec07c6c0 unknown :-1 s=BANNER_CONNECTING pgs=0 cs=0 l=0 rev1=0 crypto rx=0 tx=0 comp rx=0 tx=0)._handle_peer_banner_payload supported=3 required=0
2024-03-24T06:28:59.118 INFO:teuthology.orchestra.run.smithi022.stdout:/usr/bin/ceph: stderr
2024-03-24T06:28:57.903+0000 7fd3eb400700 1 --2- >> [v2:172.21.15.22:3300/0,v1:172.21.15.22:6789/0] conn(0x7fd3ec07c2a0 0x7fd3ec07c6c0 unknown :-1 s=HELLO_CONNECTING pgs=0 cs=0 l=0 rev1=1 crypto rx=0 tx=0 comp rx=0 tx=0).handle_hello peer v2:172.21.15.22:3300/0 says I am v2:172.21.15.22:55062/0 (socket says 172.21.15.22:55062)
2024-03-24T06:28:59.118 INFO:teuthology.orchestra.run.smithi022.stdout:/usr/bin/ceph: stderr
2024-03-24T06:28:57.903+0000 7fd3eb400700 1 -- 172.21.15.22:0/55368260 learned_addr learned my addr 172.21.15.22:0/55368260 (peer_addr_for_me v2:172.21.15.22:0/0)
2024-03-24T06:28:59.118 INFO:teuthology.orchestra.run.smithi022.stdout:/usr/bin/ceph: stderr
2024-03-24T06:28:57.904+0000 7fd3eb400700 1 -- 172.21.15.22:0/55368260 --> [v2:172.21.15.22:3300/0,v1:172.21.15.22:6789/0] -- mon_subscribe({config=0+,monmap=0+}) -- 0x7fd3ec07e110 con 0x7fd3ec07c2a0
2024-03-24T06:28:59.118 INFO:teuthology.orchestra.run.smithi022.stdout:/usr/bin/ceph: stderr
2024-03-24T06:28:57.904+0000 7fd3eb400700 1 --2- 172.21.15.22:0/55368260 >> [v2:172.21.15.22:3300/0,v1:172.21.15.22:6789/0] conn(0x7fd3ec07c2a0 0x7fd3ec07c6c0 secure :-1 s=READY pgs=70 cs=0 l=1 rev1=1 crypto rx=0x7fd3dc0098a0 tx=0x7fd3dc009bb0 comp rx=0 tx=0).ready entity=mon.0 client_cookie=8cc453a8a791c424 server_cookie=0 in_seq=0 out_seq=0
2024-03-24T06:28:59.119 INFO:teuthology.orchestra.run.smithi022.stdout:/usr/bin/ceph: stderr
2024-03-24T06:28:57.904+0000 7fd3ea000700 1 -- 172.21.15.22:0/55368260 <== mon.0 v2:172.21.15.22:3300/0 1 ==== mon_map magic: 0 ==== 205+0+0 (secure 0 0 0) 0x7fd3dc004160 con 0x7fd3ec07c2a0
2024-03-24T06:28:59.119 INFO:teuthology.orchestra.run.smithi022.stdout:/usr/bin/ceph: stderr
2024-03-24T06:28:57.904+0000 7fd3ea000700 1 -- 172.21.15.22:0/55368260 <== mon.0 v2:172.21.15.22:3300/0 2 ==== config(27 keys) ==== 1140+0+0 (secure 0 0 0) 0x7fd3dc0042c0 con 0x7fd3ec07c2a0
2024-03-24T06:28:59.119 INFO:teuthology.orchestra.run.smithi022.stdout:/usr/bin/ceph: stderr
2024-03-24T06:28:57.904+0000 7fd3ea000700 1 -- 172.21.15.22:0/55368260 <== mon.0 v2:172.21.15.22:3300/0 3 ==== mon_map magic: 0 ==== 205+0+0 (secure 0 0 0) 0x7fd3dc011a80 con 0x7fd3ec07c2a0
2024-03-24T06:28:59.119 INFO:teuthology.orchestra.run.smithi022.stdout:/usr/bin/ceph: stderr
2024-03-24T06:28:57.905+0000 7fd3f2000700 1 -- 172.21.15.22:0/55368260 >> [v2:172.21.15.22:3300/0,v1:172.21.15.22:6789/0] conn(0x7fd3ec07c2a0 msgr2=0x7fd3ec07c6c0 secure :-1 s=STATE_CONNECTION_ESTABLISHED l=1).mark_down
2024-03-24T06:28:59.119 INFO:teuthology.orchestra.run.smithi022.stdout:/usr/bin/ceph: stderr
2024-03-24T06:28:57.905+0000 7fd3f2000700 1 --2- 172.21.15.22:0/55368260 >> [v2:172.21.15.22:3300/0,v1:172.21.15.22:6789/0] conn(0x7fd3ec07c2a0 0x7fd3ec07c6c0 secure :-1 s=READY pgs=70 cs=0 l=1 rev1=1 crypto rx=0x7fd3dc0098a0 tx=0x7fd3dc009bb0 comp rx=0 tx=0).stop
2024-03-24T06:28:59.119 INFO:teuthology.orchestra.run.smithi022.stdout:/usr/bin/ceph: stderr
2024-03-24T06:28:57.905+0000 7fd3f2000700 1 -- 172.21.15.22:0/55368260 shutdown_connections
2024-03-24T06:28:59.119 INFO:teuthology.orchestra.run.smithi022.stdout:/usr/bin/ceph: stderr
2024-03-24T06:28:57.905+0000 7fd3f2000700 1 --2- 172.21.15.22:0/55368260 >> [v2:172.21.15.22:3300/0,v1:172.21.15.22:6789/0] conn(0x7fd3ec07c2a0 0x7fd3ec07c6c0 unknown :-1 s=CLOSED pgs=70 cs=0 l=1 rev1=1 crypto rx=0 tx=0 comp rx=0 tx=0).stop
2024-03-24T06:28:59.119 INFO:teuthology.orchestra.run.smithi022.stdout:/usr/bin/ceph: stderr
2024-03-24T06:28:57.905+0000 7fd3f2000700 1 -- 172.21.15.22:0/55368260 >> 172.21.15.22:0/55368260 conn(0x7fd3ec1032a0 msgr2=0x7fd3ec1056e0 unknown :-1 s=STATE_NONE l=0).mark_down
2024-03-24T06:28:59.119 INFO:teuthology.orchestra.run.smithi022.stdout:/usr/bin/ceph: stderr
2024-03-24T06:28:57.906+0000 7fd3f2000700 1 -- 172.21.15.22:0/55368260 shutdown_connections
2024-03-24T06:28:59.119 INFO:teuthology.orchestra.run.smithi022.stdout:/usr/bin/ceph: stderr
2024-03-24T06:28:57.906+0000 7fd3f2000700 1 -- 172.21.15.22:0/55368260 wait complete.
2024-03-24T06:28:59.119 INFO:teuthology.orchestra.run.smithi022.stdout:/usr/bin/ceph: stderr
2024-03-24T06:28:57.907+0000 7fd3f2000700 1 Processor -- start
2024-03-24T06:28:59.119 INFO:teuthology.orchestra.run.smithi022.stdout:/usr/bin/ceph: stderr
2024-03-24T06:28:57.907+0000 7fd3f2000700 1 -- start start
2024-03-24T06:28:59.119 INFO:teuthology.orchestra.run.smithi022.stdout:/usr/bin/ceph: stderr
2024-03-24T06:28:57.908+0000 7fd3f2000700 1 --2- >> [v2:172.21.15.22:3300/0,v1:172.21.15.22:6789/0] conn(0x7fd3ec07c2a0 0x7fd3ec19dd10 unknown :-1 s=NONE pgs=0 cs=0 l=1 rev1=0 crypto rx=0 tx=0 comp rx=0 tx=0).connect
2024-03-24T06:28:59.119 INFO:teuthology.orchestra.run.smithi022.stdout:/usr/bin/ceph: stderr
2024-03-24T06:28:57.908+0000 7fd3f2000700 1 -- --> [v2:172.21.15.22:3300/0,v1:172.21.15.22:6789/0] -- mon_getmap magic: 0 -- 0x7fd3ec19e250 con 0x7fd3ec07c2a0
2024-03-24T06:28:59.119 INFO:teuthology.orchestra.run.smithi022.stdout:/usr/bin/ceph: stderr
2024-03-24T06:28:57.908+0000 7fd3eb400700 1 --2- >> [v2:172.21.15.22:3300/0,v1:172.21.15.22:6789/0] conn(0x7fd3ec07c2a0 0x7fd3ec19dd10 unknown :-1 s=BANNER_CONNECTING pgs=0 cs=0 l=1 rev1=0 crypto rx=0 tx=0 comp rx=0 tx=0)._handle_peer_banner_payload supported=3 required=0
2024-03-24T06:28:59.120 INFO:teuthology.orchestra.run.smithi022.stdout:/usr/bin/ceph: stderr
2024-03-24T06:28:57.908+0000 7fd3eb400700 1 --2- >> [v2:172.21.15.22:3300/0,v1:172.21.15.22:6789/0] conn(0x7fd3ec07c2a0 0x7fd3ec19dd10 unknown :-1 s=HELLO_CONNECTING pgs=0 cs=0 l=1 rev1=1 crypto rx=0 tx=0 comp rx=0 tx=0).handle_hello peer v2:172.21.15.22:3300/0 says I am v2:172.21.15.22:55078/0 (socket says 172.21.15.22:55078)
2024-03-24T06:28:59.120 INFO:teuthology.orchestra.run.smithi022.stdout:/usr/bin/ceph: stderr
2024-03-24T06:28:57.908+0000 7fd3eb400700 1 -- 172.21.15.22:0/2916720582 learned_addr learned my addr 172.21.15.22:0/2916720582 (peer_addr_for_me v2:172.21.15.22:0/0)
2024-03-24T06:28:59.120 INFO:teuthology.orchestra.run.smithi022.stdout:/usr/bin/ceph: stderr
2024-03-24T06:28:57.909+0000 7fd3eb400700 1 -- 172.21.15.22:0/2916720582 --> [v2:172.21.15.22:3300/0,v1:172.21.15.22:6789/0] -- mon_subscribe({config=0+,monmap=0+}) -- 0x7fd3dc009550 con 0x7fd3ec07c2a0
2024-03-24T06:28:59.120 INFO:teuthology.orchestra.run.smithi022.stdout:/usr/bin/ceph: stderr
2024-03-24T06:28:57.909+0000 7fd3eb400700 1 --2- 172.21.15.22:0/2916720582 >> [v2:172.21.15.22:3300/0,v1:172.21.15.22:6789/0] conn(0x7fd3ec07c2a0 0x7fd3ec19dd10 secure :-1 s=READY pgs=71 cs=0 l=1 rev1=1 crypto rx=0x7fd3dc011740 tx=0x7fd3dc011b00 comp rx=0 tx=0).ready entity=mon.0 client_cookie=0 server_cookie=0 in_seq=0 out_seq=0
2024-03-24T06:28:59.120 INFO:teuthology.orchestra.run.smithi022.stdout:/usr/bin/ceph: stderr
2024-03-24T06:28:57.909+0000 7fd3e3e00700 1 -- 172.21.15.22:0/2916720582 <== mon.0 v2:172.21.15.22:3300/0 1 ==== mon_map magic: 0 ==== 205+0+0 (secure 0 0 0) 0x7fd3dc003b20 con 0x7fd3ec07c2a0
2024-03-24T06:28:59.120 INFO:teuthology.orchestra.run.smithi022.stdout:/usr/bin/ceph: stderr
2024-03-24T06:28:57.909+0000 7fd3e3e00700 1 -- 172.21.15.22:0/2916720582 <== mon.0 v2:172.21.15.22:3300/0 2 ==== config(27 keys) ==== 1140+0+0 (secure 0 0 0) 0x7fd3dc01a910 con 0x7fd3ec07c2a0
2024-03-24T06:28:59.120 INFO:teuthology.orchestra.run.smithi022.stdout:/usr/bin/ceph: stderr
2024-03-24T06:28:57.909+0000 7fd3e3e00700 1 -- 172.21.15.22:0/2916720582 <== mon.0 v2:172.21.15.22:3300/0 3 ==== mon_map magic: 0 ==== 205+0+0 (secure 0 0 0) 0x7fd3dc0248c0 con 0x7fd3ec07c2a0
2024-03-24T06:28:59.120 INFO:teuthology.orchestra.run.smithi022.stdout:/usr/bin/ceph: stderr
2024-03-24T06:28:57.909+0000 7fd3f2000700 1 -- 172.21.15.22:0/2916720582 --> [v2:172.21.15.22:3300/0,v1:172.21.15.22:6789/0] -- mon_subscribe({mgrmap=0+}) -- 0x7fd3ec19e450 con 0x7fd3ec07c2a0
2024-03-24T06:28:59.120 INFO:teuthology.orchestra.run.smithi022.stdout:/usr/bin/ceph: stderr
2024-03-24T06:28:57.910+0000 7fd3f2000700 1 -- 172.21.15.22:0/2916720582 --> [v2:172.21.15.22:3300/0,v1:172.21.15.22:6789/0] -- mon_subscribe({osdmap=0}) -- 0x7fd3ec19e8f0 con 0x7fd3ec07c2a0
2024-03-24T06:28:59.120 INFO:teuthology.orchestra.run.smithi022.stdout:/usr/bin/ceph: stderr
2024-03-24T06:28:57.911+0000 7fd3e3e00700 1 -- 172.21.15.22:0/2916720582 <== mon.0 v2:172.21.15.22:3300/0 4 ==== mgrmap(e 12) ==== 45941+0+0 (secure 0 0 0) 0x7fd3dc01aa80 con 0x7fd3ec07c2a0
2024-03-24T06:28:59.120 INFO:teuthology.orchestra.run.smithi022.stdout:/usr/bin/ceph: stderr
2024-03-24T06:28:57.911+0000 7fd3f2000700 1 -- 172.21.15.22:0/2916720582 --> [v2:172.21.15.22:3300/0,v1:172.21.15.22:6789/0] -- mon_command({"prefix": "get_command_descriptions"} v 0) -- 0x7fd3ec10e260 con 0x7fd3ec07c2a0
2024-03-24T06:28:59.120 INFO:teuthology.orchestra.run.smithi022.stdout:/usr/bin/ceph: stderr
2024-03-24T06:28:57.912+0000 7fd3e3e00700 1 --2- 172.21.15.22:0/2916720582 >> [v2:172.21.15.22:6800/503368228,v1:172.21.15.22:6801/503368228] conn(0x7fd3d0038f90 0x7fd3d003b450 unknown :-1 s=NONE pgs=0 cs=0 l=1 rev1=0 crypto rx=0 tx=0 comp rx=0 tx=0).connect
2024-03-24T06:28:59.120 INFO:teuthology.orchestra.run.smithi022.stdout:/usr/bin/ceph: stderr
2024-03-24T06:28:57.912+0000 7fd3e3e00700 1 -- 172.21.15.22:0/2916720582 <== mon.0 v2:172.21.15.22:3300/0 5 ==== osd_map(3..3 src has 1..3) ==== 1155+0+0 (secure 0 0 0) 0x7fd3dc04d340 con 0x7fd3ec07c2a0
2024-03-24T06:28:59.120 INFO:teuthology.orchestra.run.smithi022.stdout:/usr/bin/ceph: stderr
2024-03-24T06:28:57.912+0000 7fd3eaa00700 1 --2- 172.21.15.22:0/2916720582 >> [v2:172.21.15.22:6800/503368228,v1:172.21.15.22:6801/503368228] conn(0x7fd3d0038f90 0x7fd3d003b450 unknown :-1 s=BANNER_CONNECTING pgs=0 cs=0 l=1 rev1=0 crypto rx=0 tx=0 comp rx=0 tx=0)._handle_peer_banner_payload supported=3 required=0
2024-03-24T06:28:59.120 INFO:teuthology.orchestra.run.smithi022.stdout:/usr/bin/ceph: stderr
2024-03-24T06:28:57.913+0000 7fd3eaa00700 1 --2- 172.21.15.22:0/2916720582 >> [v2:172.21.15.22:6800/503368228,v1:172.21.15.22:6801/503368228] conn(0x7fd3d0038f90 0x7fd3d003b450 secure :-1 s=READY pgs=7 cs=0 l=1 rev1=1 crypto rx=0x7fd3d8006fd0 tx=0x7fd3d8006e40 comp rx=0 tx=0).ready entity=mgr.14152 client_cookie=0 server_cookie=0 in_seq=0 out_seq=0
2024-03-24T06:28:59.121 INFO:teuthology.orchestra.run.smithi022.stdout:/usr/bin/ceph: stderr
2024-03-24T06:28:57.922+0000 7fd3e3e00700 1 -- 172.21.15.22:0/2916720582 <== mon.0 v2:172.21.15.22:3300/0 6 ==== mon_command_ack([{"prefix": "get_command_descriptions"}]=0 v0) ==== 72+0+184932 (secure 0 0 0) 0x7fd3dc018530 con 0x7fd3ec07c2a0
2024-03-24T06:28:59.121 INFO:teuthology.orchestra.run.smithi022.stdout:/usr/bin/ceph: stderr
2024-03-24T06:28:58.157+0000 7fd3f2000700 1 -- 172.21.15.22:0/2916720582 --> [v2:172.21.15.22:6800/503368228,v1:172.21.15.22:6801/503368228] -- mgr_command(tid 0: {"prefix": "dashboard create-self-signed-cert", "target": ["mon-mgr", ""]}) -- 0x7fd3ec07e110 con 0x7fd3d0038f90
2024-03-24T06:28:59.121 INFO:teuthology.orchestra.run.smithi022.stdout:/usr/bin/ceph: stderr
2024-03-24T06:28:58.279+0000 7fd3e3e00700 1 -- 172.21.15.22:0/2916720582 <== mgr.14152 v2:172.21.15.22:6800/503368228 1 ==== mgr_command_reply(tid 0: 0 ) ==== 8+0+32 (secure 0 0 0) 0x7fd3ec07e110 con 0x7fd3d0038f90
2024-03-24T06:28:59.121 INFO:teuthology.orchestra.run.smithi022.stdout:/usr/bin/ceph: stderr
2024-03-24T06:28:58.282+0000 7fd3f2000700 1 -- 172.21.15.22:0/2916720582 >> [v2:172.21.15.22:6800/503368228,v1:172.21.15.22:6801/503368228] conn(0x7fd3d0038f90 msgr2=0x7fd3d003b450 secure :-1 s=STATE_CONNECTION_ESTABLISHED l=1).mark_down
2024-03-24T06:28:59.121 INFO:teuthology.orchestra.run.smithi022.stdout:/usr/bin/ceph: stderr
2024-03-24T06:28:58.282+0000 7fd3f2000700 1 --2- 172.21.15.22:0/2916720582 >> [v2:172.21.15.22:6800/503368228,v1:172.21.15.22:6801/503368228] conn(0x7fd3d0038f90 0x7fd3d003b450 secure :-1 s=READY pgs=7 cs=0 l=1 rev1=1 crypto rx=0x7fd3d8006fd0 tx=0x7fd3d8006e40 comp rx=0 tx=0).stop
2024-03-24T06:28:59.121 INFO:teuthology.orchestra.run.smithi022.stdout:/usr/bin/ceph: stderr
2024-03-24T06:28:58.282+0000 7fd3f2000700 1 -- 172.21.15.22:0/2916720582 >> [v2:172.21.15.22:3300/0,v1:172.21.15.22:6789/0] conn(0x7fd3ec07c2a0 msgr2=0x7fd3ec19dd10 secure :-1 s=STATE_CONNECTION_ESTABLISHED l=1).mark_down
2024-03-24T06:28:59.121 INFO:teuthology.orchestra.run.smithi022.stdout:/usr/bin/ceph: stderr
2024-03-24T06:28:58.282+0000 7fd3f2000700 1 --2- 172.21.15.22:0/2916720582 >> [v2:172.21.15.22:3300/0,v1:172.21.15.22:6789/0] conn(0x7fd3ec07c2a0 0x7fd3ec19dd10 secure :-1 s=READY pgs=71 cs=0 l=1 rev1=1 crypto rx=0x7fd3dc011740 tx=0x7fd3dc011b00 comp rx=0 tx=0).stop
2024-03-24T06:28:59.121 INFO:teuthology.orchestra.run.smithi022.stdout:/usr/bin/ceph: stderr
2024-03-24T06:28:58.282+0000 7fd3f2000700 1 -- 172.21.15.22:0/2916720582 shutdown_connections
2024-03-24T06:28:59.121 INFO:teuthology.orchestra.run.smithi022.stdout:/usr/bin/ceph: stderr
2024-03-24T06:28:58.282+0000 7fd3f2000700 1 --2- 172.21.15.22:0/2916720582 >> [v2:172.21.15.22:6800/503368228,v1:172.21.15.22:6801/503368228] conn(0x7fd3d0038f90 0x7fd3d003b450 unknown :-1 s=CLOSED pgs=7 cs=0 l=1 rev1=1 crypto rx=0 tx=0 comp rx=0 tx=0).stop
2024-03-24T06:28:59.121 INFO:teuthology.orchestra.run.smithi022.stdout:/usr/bin/ceph: stderr
2024-03-24T06:28:58.282+0000 7fd3f2000700 1 --2- 172.21.15.22:0/2916720582 >> [v2:172.21.15.22:3300/0,v1:172.21.15.22:6789/0] conn(0x7fd3ec07c2a0 0x7fd3ec19dd10 unknown :-1 s=CLOSED pgs=71 cs=0 l=1 rev1=1 crypto rx=0 tx=0 comp rx=0 tx=0).stop
2024-03-24T06:28:59.121 INFO:teuthology.orchestra.run.smithi022.stdout:/usr/bin/ceph: stderr
2024-03-24T06:28:58.282+0000 7fd3f2000700 1 -- 172.21.15.22:0/2916720582 >> 172.21.15.22:0/2916720582 conn(0x7fd3ec1032a0 msgr2=0x7fd3ec103d50 unknown :-1 s=STATE_NONE l=0).mark_down
2024-03-24T06:28:59.121 INFO:teuthology.orchestra.run.smithi022.stdout:/usr/bin/ceph: stderr
2024-03-24T06:28:58.282+0000 7fd3f2000700 1 -- 172.21.15.22:0/2916720582 shutdown_connections
2024-03-24T06:28:59.121 INFO:teuthology.orchestra.run.smithi022.stdout:/usr/bin/ceph: stderr
2024-03-24T06:28:58.282+0000 7fd3f2000700 1 -- 172.21.15.22:0/2916720582 wait complete.
2024-03-24T06:28:59.121 INFO:teuthology.orchestra.run.smithi022.stdout:Creating initial admin user...
2024-03-24T06:28:59.399 INFO:journalctl@ceph.mon.a.smithi022.stdout:Mar 24 06:28:59 smithi022 ceph-mon[32003]: from='client.14164 -' entity='client.admin' cmd=[{"prefix": "dashboard create-self-signed-cert", "target": ["mon-mgr", ""]}]: dispatch
2024-03-24T06:28:59.399 INFO:journalctl@ceph.mon.a.smithi022.stdout:Mar 24 06:28:59 smithi022 ceph-mon[32003]: from='mgr.14152 172.21.15.22:0/254899648' entity='mgr.x'
2024-03-24T06:28:59.399 INFO:journalctl@ceph.mon.a.smithi022.stdout:Mar 24 06:28:59 smithi022 ceph-mon[32003]: from='mgr.14152 172.21.15.22:0/254899648' entity='mgr.x'
2024-03-24T06:29:00.918 INFO:journalctl@ceph.mon.a.smithi022.stdout:Mar 24 06:29:00 smithi022 ceph-mon[32003]: from='mgr.14152 172.21.15.22:0/254899648' entity='mgr.x'
2024-03-24T06:29:00.919 INFO:journalctl@ceph.mon.a.smithi022.stdout:Mar 24 06:29:00 smithi022 ceph-mon[32003]: from='mgr.14152 172.21.15.22:0/254899648' entity='mgr.x'
2024-03-24T06:29:01.253 INFO:teuthology.orchestra.run.smithi022.stdout:/usr/bin/ceph: stdout {"username": "admin", "password": "$2b$12$RrtOzKbkBZrpCSV.c2GdgOqTNcfKxPQziA3l6a.Myn5c9jbJgSKXq", "roles": ["administrator"], "name": null, "email": null, "lastUpdate": 1711261740, "enabled": true, "pwdExpirationDate": null, "pwdUpdateRequired": true}
2024-03-24T06:29:01.253 INFO:teuthology.orchestra.run.smithi022.stdout:/usr/bin/ceph: stderr
2024-03-24T06:28:59.704+0000 7f3eedc00700 1 Processor -- start
2024-03-24T06:29:01.253 INFO:teuthology.orchestra.run.smithi022.stdout:/usr/bin/ceph: stderr
2024-03-24T06:28:59.705+0000 7f3eedc00700 1 -- start start
2024-03-24T06:29:01.253 INFO:teuthology.orchestra.run.smithi022.stdout:/usr/bin/ceph: stderr
2024-03-24T06:28:59.705+0000 7f3eedc00700 1 --2- >> [v2:172.21.15.22:3300/0,v1:172.21.15.22:6789/0] conn(0x7f3ee810b5c0 0x7f3ee810b9e0 unknown :-1 s=NONE pgs=0 cs=0 l=0 rev1=0 crypto rx=0 tx=0 comp rx=0 tx=0).connect
2024-03-24T06:29:01.253 INFO:teuthology.orchestra.run.smithi022.stdout:/usr/bin/ceph: stderr
2024-03-24T06:28:59.705+0000 7f3eedc00700 1 -- --> [v2:172.21.15.22:3300/0,v1:172.21.15.22:6789/0] -- mon_getmap magic: 0 -- 0x7f3ee810bf20 con 0x7f3ee810b5c0
2024-03-24T06:29:01.254 INFO:teuthology.orchestra.run.smithi022.stdout:/usr/bin/ceph: stderr
2024-03-24T06:28:59.705+0000 7f3ee6a00700 1 --2- >> [v2:172.21.15.22:3300/0,v1:172.21.15.22:6789/0] conn(0x7f3ee810b5c0 0x7f3ee810b9e0 unknown :-1 s=BANNER_CONNECTING pgs=0 cs=0 l=0 rev1=0 crypto rx=0 tx=0 comp rx=0 tx=0)._handle_peer_banner_payload supported=3 required=0
2024-03-24T06:29:01.254 INFO:teuthology.orchestra.run.smithi022.stdout:/usr/bin/ceph: stderr
2024-03-24T06:28:59.706+0000 7f3ee6a00700 1 --2- >> [v2:172.21.15.22:3300/0,v1:172.21.15.22:6789/0] conn(0x7f3ee810b5c0 0x7f3ee810b9e0 unknown :-1 s=HELLO_CONNECTING pgs=0 cs=0 l=0 rev1=1 crypto rx=0 tx=0 comp rx=0 tx=0).handle_hello peer v2:172.21.15.22:3300/0 says I am v2:172.21.15.22:55086/0 (socket says 172.21.15.22:55086)
2024-03-24T06:29:01.254 INFO:teuthology.orchestra.run.smithi022.stdout:/usr/bin/ceph: stderr
2024-03-24T06:28:59.706+0000 7f3ee6a00700 1 -- 172.21.15.22:0/4121133827 learned_addr learned my addr 172.21.15.22:0/4121133827 (peer_addr_for_me v2:172.21.15.22:0/0)
2024-03-24T06:29:01.254 INFO:teuthology.orchestra.run.smithi022.stdout:/usr/bin/ceph: stderr
2024-03-24T06:28:59.706+0000 7f3ee6a00700 1 -- 172.21.15.22:0/4121133827 --> [v2:172.21.15.22:3300/0,v1:172.21.15.22:6789/0] -- mon_subscribe({config=0+,monmap=0+}) -- 0x7f3ee8109d30 con 0x7f3ee810b5c0
2024-03-24T06:29:01.254 INFO:teuthology.orchestra.run.smithi022.stdout:/usr/bin/ceph: stderr
2024-03-24T06:28:59.706+0000 7f3ee6a00700 1 --2- 172.21.15.22:0/4121133827 >> [v2:172.21.15.22:3300/0,v1:172.21.15.22:6789/0] conn(0x7f3ee810b5c0 0x7f3ee810b9e0 secure :-1 s=READY pgs=72 cs=0 l=1 rev1=1 crypto rx=0x7f3ed80098a0 tx=0x7f3ed8009bb0 comp rx=0 tx=0).ready entity=mon.0 client_cookie=f6334612e7b1c92b server_cookie=0 in_seq=0 out_seq=0
2024-03-24T06:29:01.254 INFO:teuthology.orchestra.run.smithi022.stdout:/usr/bin/ceph: stderr
2024-03-24T06:28:59.707+0000 7f3ee5600700 1 -- 172.21.15.22:0/4121133827 <== mon.0 v2:172.21.15.22:3300/0 1 ==== mon_map magic: 0 ==== 205+0+0 (secure 0 0 0) 0x7f3ed8004160 con 0x7f3ee810b5c0
2024-03-24T06:29:01.254 INFO:teuthology.orchestra.run.smithi022.stdout:/usr/bin/ceph: stderr
2024-03-24T06:28:59.707+0000 7f3ee5600700 1 -- 172.21.15.22:0/4121133827 <== mon.0 v2:172.21.15.22:3300/0 2 ==== config(27 keys) ==== 1140+0+0 (secure 0 0 0) 0x7f3ed80042c0 con 0x7f3ee810b5c0
2024-03-24T06:29:01.254 INFO:teuthology.orchestra.run.smithi022.stdout:/usr/bin/ceph: stderr
2024-03-24T06:28:59.707+0000 7f3ee5600700 1 -- 172.21.15.22:0/4121133827 <== mon.0 v2:172.21.15.22:3300/0 3 ==== mon_map magic: 0 ==== 205+0+0 (secure 0 0 0) 0x7f3ed8011a80 con 0x7f3ee810b5c0
2024-03-24T06:29:01.254 INFO:teuthology.orchestra.run.smithi022.stdout:/usr/bin/ceph: stderr
2024-03-24T06:28:59.707+0000 7f3eedc00700 1 -- 172.21.15.22:0/4121133827 >> [v2:172.21.15.22:3300/0,v1:172.21.15.22:6789/0] conn(0x7f3ee810b5c0 msgr2=0x7f3ee810b9e0 secure :-1 s=STATE_CONNECTION_ESTABLISHED l=1).mark_down
2024-03-24T06:29:01.254 INFO:teuthology.orchestra.run.smithi022.stdout:/usr/bin/ceph: stderr
2024-03-24T06:28:59.707+0000 7f3eedc00700 1 --2- 172.21.15.22:0/4121133827 >> [v2:172.21.15.22:3300/0,v1:172.21.15.22:6789/0] conn(0x7f3ee810b5c0 0x7f3ee810b9e0 secure :-1 s=READY pgs=72 cs=0 l=1 rev1=1 crypto rx=0x7f3ed80098a0 tx=0x7f3ed8009bb0 comp rx=0 tx=0).stop
2024-03-24T06:29:01.254 INFO:teuthology.orchestra.run.smithi022.stdout:/usr/bin/ceph: stderr
2024-03-24T06:28:59.708+0000 7f3eedc00700 1 -- 172.21.15.22:0/4121133827 shutdown_connections
2024-03-24T06:29:01.254 INFO:teuthology.orchestra.run.smithi022.stdout:/usr/bin/ceph: stderr
2024-03-24T06:28:59.708+0000 7f3eedc00700 1 --2- 172.21.15.22:0/4121133827 >> [v2:172.21.15.22:3300/0,v1:172.21.15.22:6789/0] conn(0x7f3ee810b5c0 0x7f3ee810b9e0 unknown :-1 s=CLOSED pgs=72 cs=0 l=1 rev1=1 crypto rx=0 tx=0 comp rx=0 tx=0).stop
2024-03-24T06:29:01.254 INFO:teuthology.orchestra.run.smithi022.stdout:/usr/bin/ceph: stderr
2024-03-24T06:28:59.708+0000 7f3eedc00700 1 -- 172.21.15.22:0/4121133827 >> 172.21.15.22:0/4121133827 conn(0x7f3ee807d360 msgr2=0x7f3ee807d770 unknown :-1 s=STATE_NONE l=0).mark_down
2024-03-24T06:29:01.255 INFO:teuthology.orchestra.run.smithi022.stdout:/usr/bin/ceph: stderr
2024-03-24T06:28:59.708+0000 7f3eedc00700 1 -- 172.21.15.22:0/4121133827 shutdown_connections
2024-03-24T06:29:01.255 INFO:teuthology.orchestra.run.smithi022.stdout:/usr/bin/ceph: stderr
2024-03-24T06:28:59.708+0000 7f3eedc00700 1 -- 172.21.15.22:0/4121133827 wait complete.
2024-03-24T06:29:01.255 INFO:teuthology.orchestra.run.smithi022.stdout:/usr/bin/ceph: stderr
2024-03-24T06:28:59.709+0000 7f3eedc00700 1 Processor -- start
2024-03-24T06:29:01.255 INFO:teuthology.orchestra.run.smithi022.stdout:/usr/bin/ceph: stderr
2024-03-24T06:28:59.709+0000 7f3eedc00700 1 -- start start
2024-03-24T06:29:01.255 INFO:teuthology.orchestra.run.smithi022.stdout:/usr/bin/ceph: stderr
2024-03-24T06:28:59.710+0000 7f3eedc00700 1 --2- >> [v2:172.21.15.22:3300/0,v1:172.21.15.22:6789/0] conn(0x7f3ee810b5c0 0x7f3ee819dd20 unknown :-1 s=NONE pgs=0 cs=0 l=1 rev1=0 crypto rx=0 tx=0 comp rx=0 tx=0).connect
2024-03-24T06:29:01.255 INFO:teuthology.orchestra.run.smithi022.stdout:/usr/bin/ceph: stderr
2024-03-24T06:28:59.710+0000 7f3eedc00700 1 -- --> [v2:172.21.15.22:3300/0,v1:172.21.15.22:6789/0] -- mon_getmap magic: 0 -- 0x7f3ee819e260 con 0x7f3ee810b5c0
2024-03-24T06:29:01.255 INFO:teuthology.orchestra.run.smithi022.stdout:/usr/bin/ceph: stderr
2024-03-24T06:28:59.710+0000 7f3ee6a00700 1 --2- >> [v2:172.21.15.22:3300/0,v1:172.21.15.22:6789/0] conn(0x7f3ee810b5c0 0x7f3ee819dd20 unknown :-1 s=BANNER_CONNECTING pgs=0 cs=0 l=1 rev1=0 crypto rx=0 tx=0 comp rx=0 tx=0)._handle_peer_banner_payload supported=3 required=0
2024-03-24T06:29:01.255 INFO:teuthology.orchestra.run.smithi022.stdout:/usr/bin/ceph: stderr
2024-03-24T06:28:59.710+0000 7f3ee6a00700 1 --2- >> [v2:172.21.15.22:3300/0,v1:172.21.15.22:6789/0] conn(0x7f3ee810b5c0 0x7f3ee819dd20 unknown :-1 s=HELLO_CONNECTING pgs=0 cs=0 l=1 rev1=1 crypto rx=0 tx=0 comp rx=0 tx=0).handle_hello peer v2:172.21.15.22:3300/0 says I am v2:172.21.15.22:55100/0 (socket says 172.21.15.22:55100)
2024-03-24T06:29:01.255 INFO:teuthology.orchestra.run.smithi022.stdout:/usr/bin/ceph: stderr
2024-03-24T06:28:59.710+0000 7f3ee6a00700 1 -- 172.21.15.22:0/293698534 learned_addr learned my addr 172.21.15.22:0/293698534 (peer_addr_for_me v2:172.21.15.22:0/0)
2024-03-24T06:29:01.255 INFO:teuthology.orchestra.run.smithi022.stdout:/usr/bin/ceph: stderr
2024-03-24T06:28:59.710+0000 7f3ee6a00700 1 -- 172.21.15.22:0/293698534 --> [v2:172.21.15.22:3300/0,v1:172.21.15.22:6789/0] -- mon_subscribe({config=0+,monmap=0+}) -- 0x7f3ed8009550 con 0x7f3ee810b5c0
2024-03-24T06:29:01.255 INFO:teuthology.orchestra.run.smithi022.stdout:/usr/bin/ceph: stderr
2024-03-24T06:28:59.711+0000 7f3ee6a00700 1 --2- 172.21.15.22:0/293698534 >> [v2:172.21.15.22:3300/0,v1:172.21.15.22:6789/0] conn(0x7f3ee810b5c0 0x7f3ee819dd20 secure :-1 s=READY pgs=73 cs=0 l=1 rev1=1 crypto rx=0x7f3ed8011740 tx=0x7f3ed8011b00 comp rx=0 tx=0).ready entity=mon.0 client_cookie=0 server_cookie=0 in_seq=0 out_seq=0
2024-03-24T06:29:01.255 INFO:teuthology.orchestra.run.smithi022.stdout:/usr/bin/ceph: stderr
2024-03-24T06:28:59.711+0000 7f3edf400700 1 -- 172.21.15.22:0/293698534 <== mon.0 v2:172.21.15.22:3300/0 1 ==== mon_map magic: 0 ==== 205+0+0 (secure 0 0 0) 0x7f3ed8003ba0 con 0x7f3ee810b5c0
2024-03-24T06:29:01.255 INFO:teuthology.orchestra.run.smithi022.stdout:/usr/bin/ceph: stderr
2024-03-24T06:28:59.711+0000 7f3edf400700 1 -- 172.21.15.22:0/293698534 <== mon.0 v2:172.21.15.22:3300/0 2 ==== config(27 keys) ==== 1140+0+0 (secure 0 0 0) 0x7f3ed801a910 con 0x7f3ee810b5c0
2024-03-24T06:29:01.255 INFO:teuthology.orchestra.run.smithi022.stdout:/usr/bin/ceph: stderr
2024-03-24T06:28:59.711+0000 7f3eedc00700 1 -- 172.21.15.22:0/293698534 --> [v2:172.21.15.22:3300/0,v1:172.21.15.22:6789/0] -- mon_subscribe({mgrmap=0+}) -- 0x7f3ee819e460 con 0x7f3ee810b5c0
2024-03-24T06:29:01.255 INFO:teuthology.orchestra.run.smithi022.stdout:/usr/bin/ceph: stderr
2024-03-24T06:28:59.711+0000 7f3edf400700 1 -- 172.21.15.22:0/293698534 <== mon.0 v2:172.21.15.22:3300/0 3 ==== mon_map magic: 0 ==== 205+0+0 (secure 0 0 0) 0x7f3ed8024940 con 0x7f3ee810b5c0
2024-03-24T06:29:01.256 INFO:teuthology.orchestra.run.smithi022.stdout:/usr/bin/ceph: stderr
2024-03-24T06:28:59.711+0000 7f3eedc00700 1 -- 172.21.15.22:0/293698534 --> [v2:172.21.15.22:3300/0,v1:172.21.15.22:6789/0] -- mon_subscribe({osdmap=0}) -- 0x7f3ee819e900 con 0x7f3ee810b5c0
2024-03-24T06:29:01.256 INFO:teuthology.orchestra.run.smithi022.stdout:/usr/bin/ceph: stderr
2024-03-24T06:28:59.712+0000 7f3edf400700 1 -- 172.21.15.22:0/293698534 <== mon.0 v2:172.21.15.22:3300/0 4 ==== mgrmap(e 12) ==== 45941+0+0 (secure 0 0 0) 0x7f3ed801a430 con 0x7f3ee810b5c0
2024-03-24T06:29:01.256 INFO:teuthology.orchestra.run.smithi022.stdout:/usr/bin/ceph: stderr
2024-03-24T06:28:59.712+0000 7f3eedc00700 1 -- 172.21.15.22:0/293698534 --> [v2:172.21.15.22:3300/0,v1:172.21.15.22:6789/0] -- mon_command({"prefix": "get_command_descriptions"} v 0) -- 0x7f3ee810e350 con 0x7f3ee810b5c0
2024-03-24T06:29:01.256 INFO:teuthology.orchestra.run.smithi022.stdout:/usr/bin/ceph: stderr
2024-03-24T06:28:59.713+0000 7f3edf400700 1 --2- 172.21.15.22:0/293698534 >> [v2:172.21.15.22:6800/503368228,v1:172.21.15.22:6801/503368228] conn(0x7f3ecc038f30 0x7f3ecc03b3f0 unknown :-1 s=NONE pgs=0 cs=0 l=1 rev1=0 crypto rx=0 tx=0 comp rx=0 tx=0).connect
2024-03-24T06:29:01.256 INFO:teuthology.orchestra.run.smithi022.stdout:/usr/bin/ceph: stderr
2024-03-24T06:28:59.713+0000 7f3edf400700 1 -- 172.21.15.22:0/293698534 <== mon.0 v2:172.21.15.22:3300/0 5 ==== osd_map(3..3 src has 1..3) ==== 1155+0+0 (secure 0 0 0) 0x7f3ed804d930 con 0x7f3ee810b5c0
2024-03-24T06:29:01.256 INFO:teuthology.orchestra.run.smithi022.stdout:/usr/bin/ceph: stderr
2024-03-24T06:28:59.713+0000 7f3ee6000700 1 --2- 172.21.15.22:0/293698534 >> [v2:172.21.15.22:6800/503368228,v1:172.21.15.22:6801/503368228] conn(0x7f3ecc038f30 0x7f3ecc03b3f0 unknown :-1 s=BANNER_CONNECTING pgs=0 cs=0 l=1 rev1=0 crypto rx=0 tx=0 comp rx=0 tx=0)._handle_peer_banner_payload supported=3 required=0
2024-03-24T06:29:01.256 INFO:teuthology.orchestra.run.smithi022.stdout:/usr/bin/ceph: stderr
2024-03-24T06:28:59.714+0000 7f3ee6000700 1 --2- 172.21.15.22:0/293698534 >> [v2:172.21.15.22:6800/503368228,v1:172.21.15.22:6801/503368228] conn(0x7f3ecc038f30 0x7f3ecc03b3f0 secure :-1 s=READY pgs=8 cs=0 l=1 rev1=1 crypto rx=0x7f3ed4006fd0 tx=0x7f3ed4006e40 comp rx=0 tx=0).ready entity=mgr.14152 client_cookie=0 server_cookie=0 in_seq=0 out_seq=0
2024-03-24T06:29:01.256 INFO:teuthology.orchestra.run.smithi022.stdout:/usr/bin/ceph: stderr
2024-03-24T06:28:59.722+0000 7f3edf400700 1 -- 172.21.15.22:0/293698534 <== mon.0 v2:172.21.15.22:3300/0 6 ==== mon_command_ack([{"prefix": "get_command_descriptions"}]=0 v0) ==== 72+0+184932 (secure 0 0 0) 0x7f3ed8010380 con 0x7f3ee810b5c0
2024-03-24T06:29:01.256 INFO:teuthology.orchestra.run.smithi022.stdout:/usr/bin/ceph: stderr
2024-03-24T06:28:59.970+0000 7f3eedc00700 1 -- 172.21.15.22:0/293698534 --> [v2:172.21.15.22:6800/503368228,v1:172.21.15.22:6801/503368228] -- mgr_command(tid 0: {"prefix": "dashboard ac-user-create", "username": "admin", "rolename": "administrator", "force_password": true, "pwd_update_required": true, "target": ["mon-mgr", ""]}) -- 0x7f3ee8063650 con 0x7f3ecc038f30
2024-03-24T06:29:01.256 INFO:teuthology.orchestra.run.smithi022.stdout:/usr/bin/ceph: stderr
2024-03-24T06:29:00.241+0000 7f3edf400700 1 -- 172.21.15.22:0/293698534 <== mgr.14152 v2:172.21.15.22:6800/503368228 1 ==== mgr_command_reply(tid 0: 0 ) ==== 8+0+252 (secure 0 0 0) 0x7f3ee8063650 con 0x7f3ecc038f30
2024-03-24T06:29:01.256 INFO:teuthology.orchestra.run.smithi022.stdout:/usr/bin/ceph: stderr
