2024-03-24T09:12:14.742+0000 7f0648ff9700 1 --2- 172.21.15.116:0/2289156945 >> [v2:172.21.15.116:6800/3871815735,v1:172.21.15.116:6801/3871815735] conn(0x7f0634038ee0 0x7f063403b3a0 unknown :-1 s=NONE pgs=0 cs=0 l=1 rev1=0 crypto rx=0 tx=0 comp rx=0 tx=0).connect
2024-03-24T09:12:19.674 INFO:teuthology.orchestra.run.smithi116.stdout:/usr/bin/ceph: stderr
2024-03-24T09:12:14.742+0000 7f0648ff9700 1 -- 172.21.15.116:0/2289156945 <== mon.0 v2:172.21.15.116:3300/0 5 ==== osd_map(2..2 src has 1..2) ==== 940+0+0 (secure 0 0 0) 0x7f063c04d280 con 0x7f064c108650
2024-03-24T09:12:19.675 INFO:teuthology.orchestra.run.smithi116.stdout:/usr/bin/ceph: stderr
2024-03-24T09:12:14.742+0000 7f064affd700 1 --2- 172.21.15.116:0/2289156945 >> [v2:172.21.15.116:6800/3871815735,v1:172.21.15.116:6801/3871815735] conn(0x7f0634038ee0 0x7f063403b3a0 unknown :-1 s=BANNER_CONNECTING pgs=0 cs=0 l=1 rev1=0 crypto rx=0 tx=0 comp rx=0 tx=0)._handle_peer_banner_payload supported=3 required=0
2024-03-24T09:12:19.675 INFO:teuthology.orchestra.run.smithi116.stdout:/usr/bin/ceph: stderr
2024-03-24T09:12:14.743+0000 7f064affd700 1 --2- 172.21.15.116:0/2289156945 >> [v2:172.21.15.116:6800/3871815735,v1:172.21.15.116:6801/3871815735] conn(0x7f0634038ee0 0x7f063403b3a0 secure :-1 s=READY pgs=11 cs=0 l=1 rev1=1 crypto rx=0x7f0640006fd0 tx=0x7f0640006e40 comp rx=0 tx=0).ready entity=mgr.14116 client_cookie=0 server_cookie=0 in_seq=0 out_seq=0
2024-03-24T09:12:19.675 INFO:teuthology.orchestra.run.smithi116.stdout:/usr/bin/ceph: stderr
2024-03-24T09:12:14.747+0000 7f0648ff9700 1 -- 172.21.15.116:0/2289156945 <== mon.0 v2:172.21.15.116:3300/0 6 ==== mon_command_ack([{"prefix": "get_command_descriptions"}]=0 v0) ==== 72+0+184932 (secure 0 0 0) 0x7f063c018c20 con 0x7f064c108650
2024-03-24T09:12:19.675 INFO:teuthology.orchestra.run.smithi116.stdout:/usr/bin/ceph: stderr
2024-03-24T09:12:14.947+0000 7f0652251700 1 -- 172.21.15.116:0/2289156945 --> [v2:172.21.15.116:6800/3871815735,v1:172.21.15.116:6801/3871815735] -- mgr_command(tid 0: {"prefix": "orch host add", "hostname": "smithi116", "addr": "172.21.15.116", "target": ["mon-mgr", ""]}) -- 0x7f064c103290 con 0x7f0634038ee0
2024-03-24T09:12:19.675 INFO:teuthology.orchestra.run.smithi116.stdout:/usr/bin/ceph: stderr
2024-03-24T09:12:19.114+0000 7f0648ff9700 1 -- 172.21.15.116:0/2289156945 <== mgr.14116 v2:172.21.15.116:6800/3871815735 1 ==== mgr_command_reply(tid 0: 0 ) ==== 8+0+49 (secure 0 0 0) 0x7f064c103290 con 0x7f0634038ee0
2024-03-24T09:12:19.675 INFO:teuthology.orchestra.run.smithi116.stdout:/usr/bin/ceph: stderr
2024-03-24T09:12:19.117+0000 7f0652251700 1 -- 172.21.15.116:0/2289156945 >> [v2:172.21.15.116:6800/3871815735,v1:172.21.15.116:6801/3871815735] conn(0x7f0634038ee0 msgr2=0x7f063403b3a0 secure :-1 s=STATE_CONNECTION_ESTABLISHED l=1).mark_down
2024-03-24T09:12:19.675 INFO:teuthology.orchestra.run.smithi116.stdout:/usr/bin/ceph: stderr
2024-03-24T09:12:19.117+0000 7f0652251700 1 --2- 172.21.15.116:0/2289156945 >> [v2:172.21.15.116:6800/3871815735,v1:172.21.15.116:6801/3871815735] conn(0x7f0634038ee0 0x7f063403b3a0 secure :-1 s=READY pgs=11 cs=0 l=1 rev1=1 crypto rx=0x7f0640006fd0 tx=0x7f0640006e40 comp rx=0 tx=0).stop
2024-03-24T09:12:19.675 INFO:teuthology.orchestra.run.smithi116.stdout:/usr/bin/ceph: stderr
2024-03-24T09:12:19.117+0000 7f0652251700 1 -- 172.21.15.116:0/2289156945 >> [v2:172.21.15.116:3300/0,v1:172.21.15.116:6789/0] conn(0x7f064c108650 msgr2=0x7f064c19b9e0 secure :-1 s=STATE_CONNECTION_ESTABLISHED l=1).mark_down
2024-03-24T09:12:19.675 INFO:teuthology.orchestra.run.smithi116.stdout:/usr/bin/ceph: stderr
2024-03-24T09:12:19.117+0000 7f0652251700 1 --2- 172.21.15.116:0/2289156945 >> [v2:172.21.15.116:3300/0,v1:172.21.15.116:6789/0] conn(0x7f064c108650 0x7f064c19b9e0 secure :-1 s=READY pgs=42 cs=0 l=1 rev1=1 crypto rx=0x7f063c011710 tx=0x7f063c011ab0 comp rx=0 tx=0).stop
2024-03-24T09:12:19.675 INFO:teuthology.orchestra.run.smithi116.stdout:/usr/bin/ceph: stderr
2024-03-24T09:12:19.117+0000 7f0652251700 1 -- 172.21.15.116:0/2289156945 shutdown_connections
2024-03-24T09:12:19.675 INFO:teuthology.orchestra.run.smithi116.stdout:/usr/bin/ceph: stderr
2024-03-24T09:12:19.117+0000 7f0652251700 1 --2- 172.21.15.116:0/2289156945 >> [v2:172.21.15.116:6800/3871815735,v1:172.21.15.116:6801/3871815735] conn(0x7f0634038ee0 0x7f063403b3a0 unknown :-1 s=CLOSED pgs=11 cs=0 l=1 rev1=1 crypto rx=0 tx=0 comp rx=0 tx=0).stop
2024-03-24T09:12:19.675 INFO:teuthology.orchestra.run.smithi116.stdout:/usr/bin/ceph: stderr
2024-03-24T09:12:19.117+0000 7f0652251700 1 --2- 172.21.15.116:0/2289156945 >> [v2:172.21.15.116:3300/0,v1:172.21.15.116:6789/0] conn(0x7f064c108650 0x7f064c19b9e0 unknown :-1 s=CLOSED pgs=42 cs=0 l=1 rev1=1 crypto rx=0 tx=0 comp rx=0 tx=0).stop
2024-03-24T09:12:19.675 INFO:teuthology.orchestra.run.smithi116.stdout:/usr/bin/ceph: stderr
2024-03-24T09:12:19.117+0000 7f0652251700 1 -- 172.21.15.116:0/2289156945 >> 172.21.15.116:0/2289156945 conn(0x7f064c102020 msgr2=0x7f064c102b80 unknown :-1 s=STATE_NONE l=0).mark_down
2024-03-24T09:12:19.675 INFO:teuthology.orchestra.run.smithi116.stdout:/usr/bin/ceph: stderr
2024-03-24T09:12:19.117+0000 7f0652251700 1 -- 172.21.15.116:0/2289156945 shutdown_connections
2024-03-24T09:12:19.676 INFO:teuthology.orchestra.run.smithi116.stdout:/usr/bin/ceph: stderr
2024-03-24T09:12:19.117+0000 7f0652251700 1 -- 172.21.15.116:0/2289156945 wait complete.
2024-03-24T09:12:19.676 INFO:teuthology.orchestra.run.smithi116.stdout:Deploying unmanaged mon service...
2024-03-24T09:12:20.209 INFO:journalctl@ceph.mon.a.smithi116.stdout:Mar 24 09:12:20 smithi116 ceph-mon[32207]: from='mgr.14116 172.21.15.116:0/3808278959' entity='mgr.x'
2024-03-24T09:12:20.210 INFO:journalctl@ceph.mon.a.smithi116.stdout:Mar 24 09:12:20 smithi116 ceph-mon[32207]: Added host smithi116
2024-03-24T09:12:20.210 INFO:journalctl@ceph.mon.a.smithi116.stdout:Mar 24 09:12:20 smithi116 ceph-mon[32207]: from='mgr.14116 172.21.15.116:0/3808278959' entity='mgr.x' cmd=[{"prefix": "config dump", "format": "json"}]: dispatch
2024-03-24T09:12:21.185 INFO:teuthology.orchestra.run.smithi116.stdout:/usr/bin/ceph: stdout Scheduled mon update...
2024-03-24T09:12:21.185 INFO:teuthology.orchestra.run.smithi116.stdout:/usr/bin/ceph: stderr
2024-03-24T09:12:20.126+0000 7f3095466700 1 Processor -- start
2024-03-24T09:12:21.185 INFO:teuthology.orchestra.run.smithi116.stdout:/usr/bin/ceph: stderr
2024-03-24T09:12:20.126+0000 7f3095466700 1 -- start start
2024-03-24T09:12:21.185 INFO:teuthology.orchestra.run.smithi116.stdout:/usr/bin/ceph: stderr
2024-03-24T09:12:20.126+0000 7f3095466700 1 --2- >> [v2:172.21.15.116:3300/0,v1:172.21.15.116:6789/0] conn(0x7f3090108610 0x7f309010aa00 unknown :-1 s=NONE pgs=0 cs=0 l=0 rev1=0 crypto rx=0 tx=0 comp rx=0 tx=0).connect
2024-03-24T09:12:21.185 INFO:teuthology.orchestra.run.smithi116.stdout:/usr/bin/ceph: stderr
2024-03-24T09:12:20.126+0000 7f3095466700 1 -- --> [v2:172.21.15.116:3300/0,v1:172.21.15.116:6789/0] -- mon_getmap magic: 0 -- 0x7f309010af40 con 0x7f3090108610
2024-03-24T09:12:21.185 INFO:teuthology.orchestra.run.smithi116.stdout:/usr/bin/ceph: stderr
2024-03-24T09:12:20.126+0000 7f308effd700 1 --2- >> [v2:172.21.15.116:3300/0,v1:172.21.15.116:6789/0] conn(0x7f3090108610 0x7f309010aa00 unknown :-1 s=BANNER_CONNECTING pgs=0 cs=0 l=0 rev1=0 crypto rx=0 tx=0 comp rx=0 tx=0)._handle_peer_banner_payload supported=3 required=0
2024-03-24T09:12:21.186 INFO:teuthology.orchestra.run.smithi116.stdout:/usr/bin/ceph: stderr
2024-03-24T09:12:20.126+0000 7f308effd700 1 --2- >> [v2:172.21.15.116:3300/0,v1:172.21.15.116:6789/0] conn(0x7f3090108610 0x7f309010aa00 unknown :-1 s=HELLO_CONNECTING pgs=0 cs=0 l=0 rev1=1 crypto rx=0 tx=0 comp rx=0 tx=0).handle_hello peer v2:172.21.15.116:3300/0 says I am v2:172.21.15.116:41076/0 (socket says 172.21.15.116:41076)
2024-03-24T09:12:21.186 INFO:teuthology.orchestra.run.smithi116.stdout:/usr/bin/ceph: stderr
2024-03-24T09:12:20.126+0000 7f308effd700 1 -- 172.21.15.116:0/166701675 learned_addr learned my addr 172.21.15.116:0/166701675 (peer_addr_for_me v2:172.21.15.116:0/0)
2024-03-24T09:12:21.186 INFO:teuthology.orchestra.run.smithi116.stdout:/usr/bin/ceph: stderr
2024-03-24T09:12:20.126+0000 7f308effd700 1 -- 172.21.15.116:0/166701675 --> [v2:172.21.15.116:3300/0,v1:172.21.15.116:6789/0] -- mon_subscribe({config=0+,monmap=0+}) -- 0x7f309010b080 con 0x7f3090108610
2024-03-24T09:12:21.186 INFO:teuthology.orchestra.run.smithi116.stdout:/usr/bin/ceph: stderr
2024-03-24T09:12:20.127+0000 7f308effd700 1 --2- 172.21.15.116:0/166701675 >> [v2:172.21.15.116:3300/0,v1:172.21.15.116:6789/0] conn(0x7f3090108610 0x7f309010aa00 secure :-1 s=READY pgs=43 cs=0 l=1 rev1=1 crypto rx=0x7f30800098a0 tx=0x7f3080009bb0 comp rx=0 tx=0).ready entity=mon.0 client_cookie=26e63c300f5aa113 server_cookie=0 in_seq=0 out_seq=0
2024-03-24T09:12:21.186 INFO:teuthology.orchestra.run.smithi116.stdout:/usr/bin/ceph: stderr
2024-03-24T09:12:20.127+0000 7f308dffb700 1 -- 172.21.15.116:0/166701675 <== mon.0 v2:172.21.15.116:3300/0 1 ==== mon_map magic: 0 ==== 205+0+0 (secure 0 0 0) 0x7f3080004160 con 0x7f3090108610
2024-03-24T09:12:21.186 INFO:teuthology.orchestra.run.smithi116.stdout:/usr/bin/ceph: stderr
2024-03-24T09:12:20.127+0000 7f308dffb700 1 -- 172.21.15.116:0/166701675 <== mon.0 v2:172.21.15.116:3300/0 2 ==== config(26 keys) ==== 1071+0+0 (secure 0 0 0) 0x7f30800042c0 con 0x7f3090108610
2024-03-24T09:12:21.186 INFO:teuthology.orchestra.run.smithi116.stdout:/usr/bin/ceph: stderr
2024-03-24T09:12:20.127+0000 7f308dffb700 1 -- 172.21.15.116:0/166701675 <== mon.0 v2:172.21.15.116:3300/0 3 ==== mon_map magic: 0 ==== 205+0+0 (secure 0 0 0) 0x7f3080011a50 con 0x7f3090108610
2024-03-24T09:12:21.186 INFO:teuthology.orchestra.run.smithi116.stdout:/usr/bin/ceph: stderr
2024-03-24T09:12:20.127+0000 7f3095466700 1 -- 172.21.15.116:0/166701675 >> [v2:172.21.15.116:3300/0,v1:172.21.15.116:6789/0] conn(0x7f3090108610 msgr2=0x7f309010aa00 secure :-1 s=STATE_CONNECTION_ESTABLISHED l=1).mark_down
2024-03-24T09:12:21.186 INFO:teuthology.orchestra.run.smithi116.stdout:/usr/bin/ceph: stderr
2024-03-24T09:12:20.127+0000 7f3095466700 1 --2- 172.21.15.116:0/166701675 >> [v2:172.21.15.116:3300/0,v1:172.21.15.116:6789/0] conn(0x7f3090108610 0x7f309010aa00 secure :-1 s=READY pgs=43 cs=0 l=1 rev1=1 crypto rx=0x7f30800098a0 tx=0x7f3080009bb0 comp rx=0 tx=0).stop
2024-03-24T09:12:21.187 INFO:teuthology.orchestra.run.smithi116.stdout:/usr/bin/ceph: stderr
2024-03-24T09:12:20.127+0000 7f3095466700 1 -- 172.21.15.116:0/166701675 shutdown_connections
2024-03-24T09:12:21.187 INFO:teuthology.orchestra.run.smithi116.stdout:/usr/bin/ceph: stderr
2024-03-24T09:12:20.127+0000 7f3095466700 1 --2- 172.21.15.116:0/166701675 >> [v2:172.21.15.116:3300/0,v1:172.21.15.116:6789/0] conn(0x7f3090108610 0x7f309010aa00 unknown :-1 s=CLOSED pgs=43 cs=0 l=1 rev1=1 crypto rx=0 tx=0 comp rx=0 tx=0).stop
2024-03-24T09:12:21.187 INFO:teuthology.orchestra.run.smithi116.stdout:/usr/bin/ceph: stderr
2024-03-24T09:12:20.127+0000 7f3095466700 1 -- 172.21.15.116:0/166701675 >> 172.21.15.116:0/166701675 conn(0x7f3090102020 msgr2=0x7f3090104480 unknown :-1 s=STATE_NONE l=0).mark_down
2024-03-24T09:12:21.187 INFO:teuthology.orchestra.run.smithi116.stdout:/usr/bin/ceph: stderr
2024-03-24T09:12:20.127+0000 7f3095466700 1 -- 172.21.15.116:0/166701675 shutdown_connections
2024-03-24T09:12:21.187 INFO:teuthology.orchestra.run.smithi116.stdout:/usr/bin/ceph: stderr
2024-03-24T09:12:20.127+0000 7f3095466700 1 -- 172.21.15.116:0/166701675 wait complete.
2024-03-24T09:12:21.187 INFO:teuthology.orchestra.run.smithi116.stdout:/usr/bin/ceph: stderr
2024-03-24T09:12:20.128+0000 7f3095466700 1 Processor -- start
2024-03-24T09:12:21.187 INFO:teuthology.orchestra.run.smithi116.stdout:/usr/bin/ceph: stderr
2024-03-24T09:12:20.128+0000 7f3095466700 1 -- start start
2024-03-24T09:12:21.187 INFO:teuthology.orchestra.run.smithi116.stdout:/usr/bin/ceph: stderr
2024-03-24T09:12:20.128+0000 7f3095466700 1 --2- >> [v2:172.21.15.116:3300/0,v1:172.21.15.116:6789/0] conn(0x7f3090108610 0x7f309019b9f0 unknown :-1 s=NONE pgs=0 cs=0 l=1 rev1=0 crypto rx=0 tx=0 comp rx=0 tx=0).connect
2024-03-24T09:12:21.187 INFO:teuthology.orchestra.run.smithi116.stdout:/usr/bin/ceph: stderr
2024-03-24T09:12:20.128+0000 7f3095466700 1 -- --> [v2:172.21.15.116:3300/0,v1:172.21.15.116:6789/0] -- mon_getmap magic: 0 -- 0x7f309019bf30 con 0x7f3090108610
2024-03-24T09:12:21.187 INFO:teuthology.orchestra.run.smithi116.stdout:/usr/bin/ceph: stderr
2024-03-24T09:12:20.128+0000 7f308effd700 1 --2- >> [v2:172.21.15.116:3300/0,v1:172.21.15.116:6789/0] conn(0x7f3090108610 0x7f309019b9f0 unknown :-1 s=BANNER_CONNECTING pgs=0 cs=0 l=1 rev1=0 crypto rx=0 tx=0 comp rx=0 tx=0)._handle_peer_banner_payload supported=3 required=0
2024-03-24T09:12:21.187 INFO:teuthology.orchestra.run.smithi116.stdout:/usr/bin/ceph: stderr
2024-03-24T09:12:20.128+0000 7f308effd700 1 --2- >> [v2:172.21.15.116:3300/0,v1:172.21.15.116:6789/0] conn(0x7f3090108610 0x7f309019b9f0 unknown :-1 s=HELLO_CONNECTING pgs=0 cs=0 l=1 rev1=1 crypto rx=0 tx=0 comp rx=0 tx=0).handle_hello peer v2:172.21.15.116:3300/0 says I am v2:172.21.15.116:41086/0 (socket says 172.21.15.116:41086)
2024-03-24T09:12:21.188 INFO:teuthology.orchestra.run.smithi116.stdout:/usr/bin/ceph: stderr
2024-03-24T09:12:20.128+0000 7f308effd700 1 -- 172.21.15.116:0/2776209944 learned_addr learned my addr 172.21.15.116:0/2776209944 (peer_addr_for_me v2:172.21.15.116:0/0)
2024-03-24T09:12:21.188 INFO:teuthology.orchestra.run.smithi116.stdout:/usr/bin/ceph: stderr
2024-03-24T09:12:20.129+0000 7f308effd700 1 -- 172.21.15.116:0/2776209944 --> [v2:172.21.15.116:3300/0,v1:172.21.15.116:6789/0] -- mon_subscribe({config=0+,monmap=0+}) -- 0x7f3080009550 con 0x7f3090108610
2024-03-24T09:12:21.188 INFO:teuthology.orchestra.run.smithi116.stdout:/usr/bin/ceph: stderr
2024-03-24T09:12:20.129+0000 7f308effd700 1 --2- 172.21.15.116:0/2776209944 >> [v2:172.21.15.116:3300/0,v1:172.21.15.116:6789/0] conn(0x7f3090108610 0x7f309019b9f0 secure :-1 s=READY pgs=44 cs=0 l=1 rev1=1 crypto rx=0x7f3080011710 tx=0x7f3080011ab0 comp rx=0 tx=0).ready entity=mon.0 client_cookie=0 server_cookie=0 in_seq=0 out_seq=0
2024-03-24T09:12:21.188 INFO:teuthology.orchestra.run.smithi116.stdout:/usr/bin/ceph: stderr
2024-03-24T09:12:20.129+0000 7f3077fff700 1 -- 172.21.15.116:0/2776209944 <== mon.0 v2:172.21.15.116:3300/0 1 ==== mon_map magic: 0 ==== 205+0+0 (secure 0 0 0) 0x7f3080003af0 con 0x7f3090108610
2024-03-24T09:12:21.188 INFO:teuthology.orchestra.run.smithi116.stdout:/usr/bin/ceph: stderr
2024-03-24T09:12:20.129+0000 7f3077fff700 1 -- 172.21.15.116:0/2776209944 <== mon.0 v2:172.21.15.116:3300/0 2 ==== config(26 keys) ==== 1071+0+0 (secure 0 0 0) 0x7f3080003c50 con 0x7f3090108610
2024-03-24T09:12:21.188 INFO:teuthology.orchestra.run.smithi116.stdout:/usr/bin/ceph: stderr
2024-03-24T09:12:20.129+0000 7f3095466700 1 -- 172.21.15.116:0/2776209944 --> [v2:172.21.15.116:3300/0,v1:172.21.15.116:6789/0] -- mon_subscribe({mgrmap=0+}) -- 0x7f309019c130 con 0x7f3090108610
2024-03-24T09:12:21.188 INFO:teuthology.orchestra.run.smithi116.stdout:/usr/bin/ceph: stderr
2024-03-24T09:12:20.129+0000 7f3077fff700 1 -- 172.21.15.116:0/2776209944 <== mon.0 v2:172.21.15.116:3300/0 3 ==== mon_map magic: 0 ==== 205+0+0 (secure 0 0 0) 0x7f30800197a0 con 0x7f3090108610
2024-03-24T09:12:21.188 INFO:teuthology.orchestra.run.smithi116.stdout:/usr/bin/ceph: stderr
2024-03-24T09:12:20.129+0000 7f3095466700 1 -- 172.21.15.116:0/2776209944 --> [v2:172.21.15.116:3300/0,v1:172.21.15.116:6789/0] -- mon_subscribe({osdmap=0}) -- 0x7f309019c5d0 con 0x7f3090108610
2024-03-24T09:12:21.188 INFO:teuthology.orchestra.run.smithi116.stdout:/usr/bin/ceph: stderr
2024-03-24T09:12:20.130+0000 7f3077fff700 1 -- 172.21.15.116:0/2776209944 <== mon.0 v2:172.21.15.116:3300/0 4 ==== mgrmap(e 8) ==== 45928+0+0 (secure 0 0 0) 0x7f3080019a10 con 0x7f3090108610
2024-03-24T09:12:21.188 INFO:teuthology.orchestra.run.smithi116.stdout:/usr/bin/ceph: stderr
2024-03-24T09:12:20.130+0000 7f3077fff700 1 --2- 172.21.15.116:0/2776209944 >> [v2:172.21.15.116:6800/3871815735,v1:172.21.15.116:6801/3871815735] conn(0x7f3078038f30 0x7f307803b3f0 unknown :-1 s=NONE pgs=0 cs=0 l=1 rev1=0 crypto rx=0 tx=0 comp rx=0 tx=0).connect
2024-03-24T09:12:21.188 INFO:teuthology.orchestra.run.smithi116.stdout:/usr/bin/ceph: stderr
2024-03-24T09:12:20.130+0000 7f3077fff700 1 -- 172.21.15.116:0/2776209944 <== mon.0 v2:172.21.15.116:3300/0 5 ==== osd_map(2..2 src has 1..2) ==== 940+0+0 (secure 0 0 0) 0x7f308004d2c0 con 0x7f3090108610
2024-03-24T09:12:21.188 INFO:teuthology.orchestra.run.smithi116.stdout:/usr/bin/ceph: stderr
2024-03-24T09:12:20.130+0000 7f3095466700 1 -- 172.21.15.116:0/2776209944 --> [v2:172.21.15.116:3300/0,v1:172.21.15.116:6789/0] -- mon_command({"prefix": "get_command_descriptions"} v 0) -- 0x7f309010bdb0 con 0x7f3090108610
2024-03-24T09:12:21.189 INFO:teuthology.orchestra.run.smithi116.stdout:/usr/bin/ceph: stderr
2024-03-24T09:12:20.130+0000 7f308e7fc700 1 --2- 172.21.15.116:0/2776209944 >> [v2:172.21.15.116:6800/3871815735,v1:172.21.15.116:6801/3871815735] conn(0x7f3078038f30 0x7f307803b3f0 unknown :-1 s=BANNER_CONNECTING pgs=0 cs=0 l=1 rev1=0 crypto rx=0 tx=0 comp rx=0 tx=0)._handle_peer_banner_payload supported=3 required=0
2024-03-24T09:12:21.189 INFO:teuthology.orchestra.run.smithi116.stdout:/usr/bin/ceph: stderr
2024-03-24T09:12:20.130+0000 7f308e7fc700 1 --2- 172.21.15.116:0/2776209944 >> [v2:172.21.15.116:6800/3871815735,v1:172.21.15.116:6801/3871815735] conn(0x7f3078038f30 0x7f307803b3f0 secure :-1 s=READY pgs=12 cs=0 l=1 rev1=1 crypto rx=0x7f3084006fd0 tx=0x7f3084006e40 comp rx=0 tx=0).ready entity=mgr.14116 client_cookie=0 server_cookie=0 in_seq=0 out_seq=0
2024-03-24T09:12:21.189 INFO:teuthology.orchestra.run.smithi116.stdout:/usr/bin/ceph: stderr
2024-03-24T09:12:20.135+0000 7f3077fff700 1 -- 172.21.15.116:0/2776209944 <== mon.0 v2:172.21.15.116:3300/0 6 ==== mon_command_ack([{"prefix": "get_command_descriptions"}]=0 v0) ==== 72+0+184932 (secure 0 0 0) 0x7f3080018c20 con 0x7f3090108610
2024-03-24T09:12:21.189 INFO:teuthology.orchestra.run.smithi116.stdout:/usr/bin/ceph: stderr
2024-03-24T09:12:20.344+0000 7f3095466700 1 -- 172.21.15.116:0/2776209944 --> [v2:172.21.15.116:6800/3871815735,v1:172.21.15.116:6801/3871815735] -- mgr_command(tid 0: {"prefix": "orch apply", "service_type": "mon", "unmanaged": true, "target": ["mon-mgr", ""]}) -- 0x7f3090103300 con 0x7f3078038f30
2024-03-24T09:12:21.189 INFO:teuthology.orchestra.run.smithi116.stdout:/usr/bin/ceph: stderr
2024-03-24T09:12:20.348+0000 7f3077fff700 1 -- 172.21.15.116:0/2776209944 <== mgr.14116 v2:172.21.15.116:6800/3871815735 1 ==== mgr_command_reply(tid 0: 0 ) ==== 8+0+24 (secure 0 0 0) 0x7f3090103300 con 0x7f3078038f30
2024-03-24T09:12:21.189 INFO:teuthology.orchestra.run.smithi116.stdout:/usr/bin/ceph: stderr
2024-03-24T09:12:20.350+0000 7f3095466700 1 -- 172.21.15.116:0/2776209944 >> [v2:172.21.15.116:6800/3871815735,v1:172.21.15.116:6801/3871815735] conn(0x7f3078038f30 msgr2=0x7f307803b3f0 secure :-1 s=STATE_CONNECTION_ESTABLISHED l=1).mark_down
2024-03-24T09:12:21.189 INFO:teuthology.orchestra.run.smithi116.stdout:/usr/bin/ceph: stderr
2024-03-24T09:12:20.350+0000 7f3095466700 1 --2- 172.21.15.116:0/2776209944 >> [v2:172.21.15.116:6800/3871815735,v1:172.21.15.116:6801/3871815735] conn(0x7f3078038f30 0x7f307803b3f0 secure :-1 s=READY pgs=12 cs=0 l=1 rev1=1 crypto rx=0x7f3084006fd0 tx=0x7f3084006e40 comp rx=0 tx=0).stop
2024-03-24T09:12:21.189 INFO:teuthology.orchestra.run.smithi116.stdout:/usr/bin/ceph: stderr
2024-03-24T09:12:20.350+0000 7f3095466700 1 -- 172.21.15.116:0/2776209944 >> [v2:172.21.15.116:3300/0,v1:172.21.15.116:6789/0] conn(0x7f3090108610 msgr2=0x7f309019b9f0 secure :-1 s=STATE_CONNECTION_ESTABLISHED l=1).mark_down
2024-03-24T09:12:21.189 INFO:teuthology.orchestra.run.smithi116.stdout:/usr/bin/ceph: stderr
2024-03-24T09:12:20.350+0000 7f3095466700 1 --2- 172.21.15.116:0/2776209944 >> [v2:172.21.15.116:3300/0,v1:172.21.15.116:6789/0] conn(0x7f3090108610 0x7f309019b9f0 secure :-1 s=READY pgs=44 cs=0 l=1 rev1=1 crypto rx=0x7f3080011710 tx=0x7f3080011ab0 comp rx=0 tx=0).stop
2024-03-24T09:12:21.189 INFO:teuthology.orchestra.run.smithi116.stdout:/usr/bin/ceph: stderr
2024-03-24T09:12:20.350+0000 7f3095466700 1 -- 172.21.15.116:0/2776209944 shutdown_connections
2024-03-24T09:12:21.190 INFO:teuthology.orchestra.run.smithi116.stdout:/usr/bin/ceph: stderr
2024-03-24T09:12:20.350+0000 7f3095466700 1 --2- 172.21.15.116:0/2776209944 >> [v2:172.21.15.116:6800/3871815735,v1:172.21.15.116:6801/3871815735] conn(0x7f3078038f30 0x7f307803b3f0 unknown :-1 s=CLOSED pgs=12 cs=0 l=1 rev1=1 crypto rx=0 tx=0 comp rx=0 tx=0).stop
2024-03-24T09:12:21.190 INFO:teuthology.orchestra.run.smithi116.stdout:/usr/bin/ceph: stderr
2024-03-24T09:12:20.350+0000 7f3095466700 1 --2- 172.21.15.116:0/2776209944 >> [v2:172.21.15.116:3300/0,v1:172.21.15.116:6789/0] conn(0x7f3090108610 0x7f309019b9f0 unknown :-1 s=CLOSED pgs=44 cs=0 l=1 rev1=1 crypto rx=0 tx=0 comp rx=0 tx=0).stop
2024-03-24T09:12:21.190 INFO:teuthology.orchestra.run.smithi116.stdout:/usr/bin/ceph: stderr
2024-03-24T09:12:20.350+0000 7f3095466700 1 -- 172.21.15.116:0/2776209944 >> 172.21.15.116:0/2776209944 conn(0x7f3090102020 msgr2=0x7f3090102bf0 unknown :-1 s=STATE_NONE l=0).mark_down
2024-03-24T09:12:21.190 INFO:teuthology.orchestra.run.smithi116.stdout:/usr/bin/ceph: stderr
2024-03-24T09:12:20.351+0000 7f3095466700 1 -- 172.21.15.116:0/2776209944 shutdown_connections
2024-03-24T09:12:21.190 INFO:teuthology.orchestra.run.smithi116.stdout:/usr/bin/ceph: stderr
2024-03-24T09:12:20.351+0000 7f3095466700 1 -- 172.21.15.116:0/2776209944 wait complete.
2024-03-24T09:12:21.190 INFO:teuthology.orchestra.run.smithi116.stdout:Deploying unmanaged mgr service...
2024-03-24T09:12:21.477 INFO:journalctl@ceph.mon.a.smithi116.stdout:Mar 24 09:12:21 smithi116 ceph-mon[32207]: from='client.14138 -' entity='client.admin' cmd=[{"prefix": "orch apply", "service_type": "mon", "unmanaged": true, "target": ["mon-mgr", ""]}]: dispatch
2024-03-24T09:12:21.478 INFO:journalctl@ceph.mon.a.smithi116.stdout:Mar 24 09:12:21 smithi116 ceph-mon[32207]: Saving service mon spec with placement count:5
2024-03-24T09:12:21.478 INFO:journalctl@ceph.mon.a.smithi116.stdout:Mar 24 09:12:21 smithi116 ceph-mon[32207]: from='mgr.14116 172.21.15.116:0/3808278959' entity='mgr.x'
2024-03-24T09:12:22.551 INFO:teuthology.orchestra.run.smithi116.stdout:/usr/bin/ceph: stdout Scheduled mgr update...
2024-03-24T09:12:22.551 INFO:teuthology.orchestra.run.smithi116.stdout:/usr/bin/ceph: stderr
2024-03-24T09:12:21.575+0000 7fcd26910700 1 Processor -- start
2024-03-24T09:12:22.551 INFO:teuthology.orchestra.run.smithi116.stdout:/usr/bin/ceph: stderr
2024-03-24T09:12:21.575+0000 7fcd26910700 1 -- start start
2024-03-24T09:12:22.551 INFO:teuthology.orchestra.run.smithi116.stdout:/usr/bin/ceph: stderr
2024-03-24T09:12:21.576+0000 7fcd26910700 1 --2- >> [v2:172.21.15.116:3300/0,v1:172.21.15.116:6789/0] conn(0x7fcd20107b90 0x7fcd20107fb0 unknown :-1 s=NONE pgs=0 cs=0 l=0 rev1=0 crypto rx=0 tx=0 comp rx=0 tx=0).connect
2024-03-24T09:12:22.552 INFO:teuthology.orchestra.run.smithi116.stdout:/usr/bin/ceph: stderr
2024-03-24T09:12:21.576+0000 7fcd26910700 1 -- --> [v2:172.21.15.116:3300/0,v1:172.21.15.116:6789/0] -- mon_getmap magic: 0 -- 0x7fcd20108580 con 0x7fcd20107b90
2024-03-24T09:12:22.552 INFO:teuthology.orchestra.run.smithi116.stdout:/usr/bin/ceph: stderr
2024-03-24T09:12:21.576+0000 7fcd1ffff700 1 --2- >> [v2:172.21.15.116:3300/0,v1:172.21.15.116:6789/0] conn(0x7fcd20107b90 0x7fcd20107fb0 unknown :-1 s=BANNER_CONNECTING pgs=0 cs=0 l=0 rev1=0 crypto rx=0 tx=0 comp rx=0 tx=0)._handle_peer_banner_payload supported=3 required=0
2024-03-24T09:12:22.552 INFO:teuthology.orchestra.run.smithi116.stdout:/usr/bin/ceph: stderr
2024-03-24T09:12:21.576+0000 7fcd1ffff700 1 --2- >> [v2:172.21.15.116:3300/0,v1:172.21.15.116:6789/0] conn(0x7fcd20107b90 0x7fcd20107fb0 unknown :-1 s=HELLO_CONNECTING pgs=0 cs=0 l=0 rev1=1 crypto rx=0 tx=0 comp rx=0 tx=0).handle_hello peer v2:172.21.15.116:3300/0 says I am v2:172.21.15.116:41096/0 (socket says 172.21.15.116:41096)
2024-03-24T09:12:22.552 INFO:teuthology.orchestra.run.smithi116.stdout:/usr/bin/ceph: stderr
2024-03-24T09:12:21.576+0000 7fcd1ffff700 1 -- 172.21.15.116:0/2588244941 learned_addr learned my addr 172.21.15.116:0/2588244941 (peer_addr_for_me v2:172.21.15.116:0/0)
2024-03-24T09:12:22.552 INFO:teuthology.orchestra.run.smithi116.stdout:/usr/bin/ceph: stderr
2024-03-24T09:12:21.576+0000 7fcd1ffff700 1 -- 172.21.15.116:0/2588244941 --> [v2:172.21.15.116:3300/0,v1:172.21.15.116:6789/0] -- mon_subscribe({config=0+,monmap=0+}) -- 0x7fcd20108d90 con 0x7fcd20107b90
2024-03-24T09:12:22.552 INFO:teuthology.orchestra.run.smithi116.stdout:/usr/bin/ceph: stderr
2024-03-24T09:12:21.576+0000 7fcd1ffff700 1 --2- 172.21.15.116:0/2588244941 >> [v2:172.21.15.116:3300/0,v1:172.21.15.116:6789/0] conn(0x7fcd20107b90 0x7fcd20107fb0 secure :-1 s=READY pgs=45 cs=0 l=1 rev1=1 crypto rx=0x7fcd080098a0 tx=0x7fcd08009bb0 comp rx=0 tx=0).ready entity=mon.0 client_cookie=a8c4d7b4034a3056 server_cookie=0 in_seq=0 out_seq=0
2024-03-24T09:12:22.552 INFO:teuthology.orchestra.run.smithi116.stdout:/usr/bin/ceph: stderr
2024-03-24T09:12:21.576+0000 7fcd1effd700 1 -- 172.21.15.116:0/2588244941 <== mon.0 v2:172.21.15.116:3300/0 1 ==== mon_map magic: 0 ==== 205+0+0 (secure 0 0 0) 0x7fcd08004160 con 0x7fcd20107b90
2024-03-24T09:12:22.552 INFO:teuthology.orchestra.run.smithi116.stdout:/usr/bin/ceph: stderr
2024-03-24T09:12:21.576+0000 7fcd1effd700 1 -- 172.21.15.116:0/2588244941 <== mon.0 v2:172.21.15.116:3300/0 2 ==== config(26 keys) ==== 1071+0+0 (secure 0 0 0) 0x7fcd080042c0 con 0x7fcd20107b90
2024-03-24T09:12:22.553 INFO:teuthology.orchestra.run.smithi116.stdout:/usr/bin/ceph: stderr
2024-03-24T09:12:21.576+0000 7fcd1effd700 1 -- 172.21.15.116:0/2588244941 <== mon.0 v2:172.21.15.116:3300/0 3 ==== mon_map magic: 0 ==== 205+0+0 (secure 0 0 0) 0x7fcd08011a50 con 0x7fcd20107b90
2024-03-24T09:12:22.553 INFO:teuthology.orchestra.run.smithi116.stdout:/usr/bin/ceph: stderr
2024-03-24T09:12:21.577+0000 7fcd26910700 1 -- 172.21.15.116:0/2588244941 >> [v2:172.21.15.116:3300/0,v1:172.21.15.116:6789/0] conn(0x7fcd20107b90 msgr2=0x7fcd20107fb0 secure :-1 s=STATE_CONNECTION_ESTABLISHED l=1).mark_down
2024-03-24T09:12:22.553 INFO:teuthology.orchestra.run.smithi116.stdout:/usr/bin/ceph: stderr
2024-03-24T09:12:21.577+0000 7fcd26910700 1 --2- 172.21.15.116:0/2588244941 >> [v2:172.21.15.116:3300/0,v1:172.21.15.116:6789/0] conn(0x7fcd20107b90 0x7fcd20107fb0 secure :-1 s=READY pgs=45 cs=0 l=1 rev1=1 crypto rx=0x7fcd080098a0 tx=0x7fcd08009bb0 comp rx=0 tx=0).stop
2024-03-24T09:12:22.553 INFO:teuthology.orchestra.run.smithi116.stdout:/usr/bin/ceph: stderr
2024-03-24T09:12:21.577+0000 7fcd26910700 1 -- 172.21.15.116:0/2588244941 shutdown_connections
2024-03-24T09:12:22.553 INFO:teuthology.orchestra.run.smithi116.stdout:/usr/bin/ceph: stderr
2024-03-24T09:12:21.577+0000 7fcd26910700 1 --2- 172.21.15.116:0/2588244941 >> [v2:172.21.15.116:3300/0,v1:172.21.15.116:6789/0] conn(0x7fcd20107b90 0x7fcd20107fb0 unknown :-1 s=CLOSED pgs=45 cs=0 l=1 rev1=1 crypto rx=0 tx=0 comp rx=0 tx=0).stop
2024-03-24T09:12:22.553 INFO:teuthology.orchestra.run.smithi116.stdout:/usr/bin/ceph: stderr
2024-03-24T09:12:21.577+0000 7fcd26910700 1 -- 172.21.15.116:0/2588244941 >> 172.21.15.116:0/2588244941 conn(0x7fcd20103150 msgr2=0x7fcd20105570 unknown :-1 s=STATE_NONE l=0).mark_down
2024-03-24T09:12:22.553 INFO:teuthology.orchestra.run.smithi116.stdout:/usr/bin/ceph: stderr
2024-03-24T09:12:21.577+0000 7fcd26910700 1 -- 172.21.15.116:0/2588244941 shutdown_connections
2024-03-24T09:12:22.553 INFO:teuthology.orchestra.run.smithi116.stdout:/usr/bin/ceph: stderr
2024-03-24T09:12:21.577+0000 7fcd26910700 1 -- 172.21.15.116:0/2588244941 wait complete.
2024-03-24T09:12:22.553 INFO:teuthology.orchestra.run.smithi116.stdout:/usr/bin/ceph: stderr
2024-03-24T09:12:21.578+0000 7fcd26910700 1 Processor -- start
2024-03-24T09:12:22.553 INFO:teuthology.orchestra.run.smithi116.stdout:/usr/bin/ceph: stderr
2024-03-24T09:12:21.578+0000 7fcd26910700 1 -- start start
2024-03-24T09:12:22.554 INFO:teuthology.orchestra.run.smithi116.stdout:/usr/bin/ceph: stderr
2024-03-24T09:12:21.578+0000 7fcd26910700 1 --2- >> [v2:172.21.15.116:3300/0,v1:172.21.15.116:6789/0] conn(0x7fcd20107b90 0x7fcd2007db30 unknown :-1 s=NONE pgs=0 cs=0 l=1 rev1=0 crypto rx=0 tx=0 comp rx=0 tx=0).connect
2024-03-24T09:12:22.554 INFO:teuthology.orchestra.run.smithi116.stdout:/usr/bin/ceph: stderr
2024-03-24T09:12:21.578+0000 7fcd26910700 1 -- --> [v2:172.21.15.116:3300/0,v1:172.21.15.116:6789/0] -- mon_getmap magic: 0 -- 0x7fcd2007e070 con 0x7fcd20107b90
2024-03-24T09:12:22.554 INFO:teuthology.orchestra.run.smithi116.stdout:/usr/bin/ceph: stderr
2024-03-24T09:12:21.578+0000 7fcd1ffff700 1 --2- >> [v2:172.21.15.116:3300/0,v1:172.21.15.116:6789/0] conn(0x7fcd20107b90 0x7fcd2007db30 unknown :-1 s=BANNER_CONNECTING pgs=0 cs=0 l=1 rev1=0 crypto rx=0 tx=0 comp rx=0 tx=0)._handle_peer_banner_payload supported=3 required=0
2024-03-24T09:12:22.554 INFO:teuthology.orchestra.run.smithi116.stdout:/usr/bin/ceph: stderr
2024-03-24T09:12:21.578+0000 7fcd1ffff700 1 --2- >> [v2:172.21.15.116:3300/0,v1:172.21.15.116:6789/0] conn(0x7fcd20107b90 0x7fcd2007db30 unknown :-1 s=HELLO_CONNECTING pgs=0 cs=0 l=1 rev1=1 crypto rx=0 tx=0 comp rx=0 tx=0).handle_hello peer v2:172.21.15.116:3300/0 says I am v2:172.21.15.116:41098/0 (socket says 172.21.15.116:41098)
2024-03-24T09:12:22.554 INFO:teuthology.orchestra.run.smithi116.stdout:/usr/bin/ceph: stderr
2024-03-24T09:12:21.578+0000 7fcd1ffff700 1 -- 172.21.15.116:0/17000657 learned_addr learned my addr 172.21.15.116:0/17000657 (peer_addr_for_me v2:172.21.15.116:0/0)
2024-03-24T09:12:22.554 INFO:teuthology.orchestra.run.smithi116.stdout:/usr/bin/ceph: stderr
2024-03-24T09:12:21.578+0000 7fcd1ffff700 1 -- 172.21.15.116:0/17000657 --> [v2:172.21.15.116:3300/0,v1:172.21.15.116:6789/0] -- mon_subscribe({config=0+,monmap=0+}) -- 0x7fcd08009550 con 0x7fcd20107b90
2024-03-24T09:12:22.554 INFO:teuthology.orchestra.run.smithi116.stdout:/usr/bin/ceph: stderr
2024-03-24T09:12:21.578+0000 7fcd1ffff700 1 --2- 172.21.15.116:0/17000657 >> [v2:172.21.15.116:3300/0,v1:172.21.15.116:6789/0] conn(0x7fcd20107b90 0x7fcd2007db30 secure :-1 s=READY pgs=46 cs=0 l=1 rev1=1 crypto rx=0x7fcd08006af0 tx=0x7fcd08011ab0 comp rx=0 tx=0).ready entity=mon.0 client_cookie=0 server_cookie=0 in_seq=0 out_seq=0
2024-03-24T09:12:22.554 INFO:teuthology.orchestra.run.smithi116.stdout:/usr/bin/ceph: stderr
2024-03-24T09:12:21.579+0000 7fcd1d7fa700 1 -- 172.21.15.116:0/17000657 <== mon.0 v2:172.21.15.116:3300/0 1 ==== mon_map magic: 0 ==== 205+0+0 (secure 0 0 0) 0x7fcd08003930 con 0x7fcd20107b90
2024-03-24T09:12:22.554 INFO:teuthology.orchestra.run.smithi116.stdout:/usr/bin/ceph: stderr
2024-03-24T09:12:21.579+0000 7fcd1d7fa700 1 -- 172.21.15.116:0/17000657 <== mon.0 v2:172.21.15.116:3300/0 2 ==== config(26 keys) ==== 1071+0+0 (secure 0 0 0) 0x7fcd08003a90 con 0x7fcd20107b90
2024-03-24T09:12:22.555 INFO:teuthology.orchestra.run.smithi116.stdout:/usr/bin/ceph: stderr
2024-03-24T09:12:21.579+0000 7fcd26910700 1 -- 172.21.15.116:0/17000657 --> [v2:172.21.15.116:3300/0,v1:172.21.15.116:6789/0] -- mon_subscribe({mgrmap=0+}) -- 0x7fcd2007c260 con 0x7fcd20107b90
2024-03-24T09:12:22.555 INFO:teuthology.orchestra.run.smithi116.stdout:/usr/bin/ceph: stderr
2024-03-24T09:12:21.579+0000 7fcd1d7fa700 1 -- 172.21.15.116:0/17000657 <== mon.0 v2:172.21.15.116:3300/0 3 ==== mon_map magic: 0 ==== 205+0+0 (secure 0 0 0) 0x7fcd08019670 con 0x7fcd20107b90
2024-03-24T09:12:22.555 INFO:teuthology.orchestra.run.smithi116.stdout:/usr/bin/ceph: stderr
2024-03-24T09:12:21.579+0000 7fcd26910700 1 -- 172.21.15.116:0/17000657 --> [v2:172.21.15.116:3300/0,v1:172.21.15.116:6789/0] -- mon_subscribe({osdmap=0}) -- 0x7fcd2007c700 con 0x7fcd20107b90
2024-03-24T09:12:22.555 INFO:teuthology.orchestra.run.smithi116.stdout:/usr/bin/ceph: stderr
2024-03-24T09:12:21.580+0000 7fcd1d7fa700 1 -- 172.21.15.116:0/17000657 <== mon.0 v2:172.21.15.116:3300/0 4 ==== mgrmap(e 8) ==== 45928+0+0 (secure 0 0 0) 0x7fcd0801aa30 con 0x7fcd20107b90
2024-03-24T09:12:22.555 INFO:teuthology.orchestra.run.smithi116.stdout:/usr/bin/ceph: stderr
2024-03-24T09:12:21.580+0000 7fcd26910700 1 -- 172.21.15.116:0/17000657 --> [v2:172.21.15.116:3300/0,v1:172.21.15.116:6789/0] -- mon_command({"prefix": "get_command_descriptions"} v 0) -- 0x7fcd20063830 con 0x7fcd20107b90
2024-03-24T09:12:22.555 INFO:teuthology.orchestra.run.smithi116.stdout:/usr/bin/ceph: stderr
2024-03-24T09:12:21.580+0000 7fcd1d7fa700 1 --2- 172.21.15.116:0/17000657 >> [v2:172.21.15.116:6800/3871815735,v1:172.21.15.116:6801/3871815735] conn(0x7fcd0c038e90 0x7fcd0c03b350 unknown :-1 s=NONE pgs=0 cs=0 l=1 rev1=0 crypto rx=0 tx=0 comp rx=0 tx=0).connect
2024-03-24T09:12:22.555 INFO:teuthology.orchestra.run.smithi116.stdout:/usr/bin/ceph: stderr
2024-03-24T09:12:21.580+0000 7fcd1d7fa700 1 -- 172.21.15.116:0/17000657 <== mon.0 v2:172.21.15.116:3300/0 5 ==== osd_map(2..2 src has 1..2) ==== 940+0+0 (secure 0 0 0) 0x7fcd0804d260 con 0x7fcd20107b90
2024-03-24T09:12:22.555 INFO:teuthology.orchestra.run.smithi116.stdout:/usr/bin/ceph: stderr
2024-03-24T09:12:21.580+0000 7fcd1f7fe700 1 --2- 172.21.15.116:0/17000657 >> [v2:172.21.15.116:6800/3871815735,v1:172.21.15.116:6801/3871815735] conn(0x7fcd0c038e90 0x7fcd0c03b350 unknown :-1 s=BANNER_CONNECTING pgs=0 cs=0 l=1 rev1=0 crypto rx=0 tx=0 comp rx=0 tx=0)._handle_peer_banner_payload supported=3 required=0
2024-03-24T09:12:22.555 INFO:teuthology.orchestra.run.smithi116.stdout:/usr/bin/ceph: stderr
2024-03-24T09:12:21.581+0000 7fcd1f7fe700 1 --2- 172.21.15.116:0/17000657 >> [v2:172.21.15.116:6800/3871815735,v1:172.21.15.116:6801/3871815735] conn(0x7fcd0c038e90 0x7fcd0c03b350 secure :-1 s=READY pgs=13 cs=0 l=1 rev1=1 crypto rx=0x7fcd10006fd0 tx=0x7fcd10006e40 comp rx=0 tx=0).ready entity=mgr.14116 client_cookie=0 server_cookie=0 in_seq=0 out_seq=0
2024-03-24T09:12:22.555 INFO:teuthology.orchestra.run.smithi116.stdout:/usr/bin/ceph: stderr
2024-03-24T09:12:21.585+0000 7fcd1d7fa700 1 -- 172.21.15.116:0/17000657 <== mon.0 v2:172.21.15.116:3300/0 6 ==== mon_command_ack([{"prefix": "get_command_descriptions"}]=0 v0) ==== 72+0+184932 (secure 0 0 0) 0x7fcd08018760 con 0x7fcd20107b90
2024-03-24T09:12:22.556 INFO:teuthology.orchestra.run.smithi116.stdout:/usr/bin/ceph: stderr
2024-03-24T09:12:21.799+0000 7fcd26910700 1 -- 172.21.15.116:0/17000657 --> [v2:172.21.15.116:6800/3871815735,v1:172.21.15.116:6801/3871815735] -- mgr_command(tid 0: {"prefix": "orch apply", "service_type": "mgr", "unmanaged": true, "target": ["mon-mgr", ""]}) -- 0x7fcd2010bf90 con 0x7fcd0c038e90
2024-03-24T09:12:22.556 INFO:teuthology.orchestra.run.smithi116.stdout:/usr/bin/ceph: stderr
2024-03-24T09:12:21.806+0000 7fcd1d7fa700 1 -- 172.21.15.116:0/17000657 <== mgr.14116 v2:172.21.15.116:6800/3871815735 1 ==== mgr_command_reply(tid 0: 0 ) ==== 8+0+24 (secure 0 0 0) 0x7fcd2010bf90 con 0x7fcd0c038e90
2024-03-24T09:12:22.556 INFO:teuthology.orchestra.run.smithi116.stdout:/usr/bin/ceph: stderr
2024-03-24T09:12:21.808+0000 7fcd26910700 1 -- 172.21.15.116:0/17000657 >> [v2:172.21.15.116:6800/3871815735,v1:172.21.15.116:6801/3871815735] conn(0x7fcd0c038e90 msgr2=0x7fcd0c03b350 secure :-1 s=STATE_CONNECTION_ESTABLISHED l=1).mark_down
2024-03-24T09:12:22.556 INFO:teuthology.orchestra.run.smithi116.stdout:/usr/bin/ceph: stderr
2024-03-24T09:12:21.808+0000 7fcd26910700 1 --2- 172.21.15.116:0/17000657 >> [v2:172.21.15.116:6800/3871815735,v1:172.21.15.116:6801/3871815735] conn(0x7fcd0c038e90 0x7fcd0c03b350 secure :-1 s=READY pgs=13 cs=0 l=1 rev1=1 crypto rx=0x7fcd10006fd0 tx=0x7fcd10006e40 comp rx=0 tx=0).stop
2024-03-24T09:12:22.556 INFO:teuthology.orchestra.run.smithi116.stdout:/usr/bin/ceph: stderr
2024-03-24T09:12:21.808+0000 7fcd26910700 1 -- 172.21.15.116:0/17000657 >> [v2:172.21.15.116:3300/0,v1:172.21.15.116:6789/0] conn(0x7fcd20107b90 msgr2=0x7fcd2007db30 secure :-1 s=STATE_CONNECTION_ESTABLISHED l=1).mark_down
2024-03-24T09:12:22.556 INFO:teuthology.orchestra.run.smithi116.stdout:/usr/bin/ceph: stderr
2024-03-24T09:12:21.808+0000 7fcd26910700 1 --2- 172.21.15.116:0/17000657 >> [v2:172.21.15.116:3300/0,v1:172.21.15.116:6789/0] conn(0x7fcd20107b90 0x7fcd2007db30 secure :-1 s=READY pgs=46 cs=0 l=1 rev1=1 crypto rx=0x7fcd08006af0 tx=0x7fcd08011ab0 comp rx=0 tx=0).stop
2024-03-24T09:12:22.556 INFO:teuthology.orchestra.run.smithi116.stdout:/usr/bin/ceph: stderr
2024-03-24T09:12:21.809+0000 7fcd26910700 1 -- 172.21.15.116:0/17000657 shutdown_connections
2024-03-24T09:12:22.556 INFO:teuthology.orchestra.run.smithi116.stdout:/usr/bin/ceph: stderr
2024-03-24T09:12:21.809+0000 7fcd26910700 1 --2- 172.21.15.116:0/17000657 >> [v2:172.21.15.116:6800/3871815735,v1:172.21.15.116:6801/3871815735] conn(0x7fcd0c038e90 0x7fcd0c03b350 unknown :-1 s=CLOSED pgs=13 cs=0 l=1 rev1=1 crypto rx=0 tx=0 comp rx=0 tx=0).stop
2024-03-24T09:12:22.556 INFO:teuthology.orchestra.run.smithi116.stdout:/usr/bin/ceph: stderr
2024-03-24T09:12:21.809+0000 7fcd26910700 1 --2- 172.21.15.116:0/17000657 >> [v2:172.21.15.116:3300/0,v1:172.21.15.116:6789/0] conn(0x7fcd20107b90 0x7fcd2007db30 unknown :-1 s=CLOSED pgs=46 cs=0 l=1 rev1=1 crypto rx=0 tx=0 comp rx=0 tx=0).stop
2024-03-24T09:12:22.556 INFO:teuthology.orchestra.run.smithi116.stdout:/usr/bin/ceph: stderr
2024-03-24T09:12:21.809+0000 7fcd26910700 1 -- 172.21.15.116:0/17000657 >> 172.21.15.116:0/17000657 conn(0x7fcd20103150 msgr2=0x7fcd20103cd0 unknown :-1 s=STATE_NONE l=0).mark_down
2024-03-24T09:12:22.556 INFO:teuthology.orchestra.run.smithi116.stdout:/usr/bin/ceph: stderr
2024-03-24T09:12:21.809+0000 7fcd26910700 1 -- 172.21.15.116:0/17000657 shutdown_connections
2024-03-24T09:12:22.556 INFO:teuthology.orchestra.run.smithi116.stdout:/usr/bin/ceph: stderr
2024-03-24T09:12:21.809+0000 7fcd26910700 1 -- 172.21.15.116:0/17000657 wait complete.
2024-03-24T09:12:23.067 INFO:journalctl@ceph.mon.a.smithi116.stdout:Mar 24 09:12:22 smithi116 ceph-mon[32207]: from='client.14140 -' entity='client.admin' cmd=[{"prefix": "orch apply", "service_type": "mgr", "unmanaged": true, "target": ["mon-mgr", ""]}]: dispatch
2024-03-24T09:12:23.068 INFO:journalctl@ceph.mon.a.smithi116.stdout:Mar 24 09:12:22 smithi116 ceph-mon[32207]: Saving service mgr spec with placement count:2
2024-03-24T09:12:23.068 INFO:journalctl@ceph.mon.a.smithi116.stdout:Mar 24 09:12:22 smithi116 ceph-mon[32207]: from='mgr.14116 172.21.15.116:0/3808278959' entity='mgr.x'
2024-03-24T09:12:24.251 INFO:journalctl@ceph.mon.a.smithi116.stdout:Mar 24 09:12:23 smithi116 ceph-mon[32207]: from='mgr.14116 172.21.15.116:0/3808278959' entity='mgr.x'
2024-03-24T09:12:24.251 INFO:journalctl@ceph.mon.a.smithi116.stdout:Mar 24 09:12:23 smithi116 ceph-mon[32207]: from='mgr.14116 172.21.15.116:0/3808278959' entity='mgr.x'
2024-03-24T09:12:24.251 INFO:journalctl@ceph.mon.a.smithi116.stdout:Mar 24 09:12:23 smithi116 ceph-mon[32207]: from='client.? 172.21.15.116:0/3773920804' entity='client.admin'
2024-03-24T09:12:24.260 INFO:teuthology.orchestra.run.smithi116.stdout:/usr/bin/ceph: stderr
2024-03-24T09:12:23.392+0000 7f67a82bc700 1 Processor -- start
2024-03-24T09:12:24.260 INFO:teuthology.orchestra.run.smithi116.stdout:/usr/bin/ceph: stderr
2024-03-24T09:12:23.392+0000 7f67a82bc700 1 -- start start
2024-03-24T09:12:24.260 INFO:teuthology.orchestra.run.smithi116.stdout:/usr/bin/ceph: stderr
2024-03-24T09:12:23.392+0000 7f67a82bc700 1 --2- >> [v2:172.21.15.116:3300/0,v1:172.21.15.116:6789/0] conn(0x7f67a0108660 0x7f67a010aa50 unknown :-1 s=NONE pgs=0 cs=0 l=0 rev1=0 crypto rx=0 tx=0 comp rx=0 tx=0).connect
2024-03-24T09:12:24.260 INFO:teuthology.orchestra.run.smithi116.stdout:/usr/bin/ceph: stderr
2024-03-24T09:12:23.392+0000 7f67a82bc700 1 -- --> [v2:172.21.15.116:3300/0,v1:172.21.15.116:6789/0] -- mon_getmap magic: 0 -- 0x7f67a007be10 con 0x7f67a0108660
2024-03-24T09:12:24.260 INFO:teuthology.orchestra.run.smithi116.stdout:/usr/bin/ceph: stderr
2024-03-24T09:12:23.392+0000 7f67a6058700 1 --2- >> [v2:172.21.15.116:3300/0,v1:172.21.15.116:6789/0] conn(0x7f67a0108660 0x7f67a010aa50 unknown :-1 s=BANNER_CONNECTING pgs=0 cs=0 l=0 rev1=0 crypto rx=0 tx=0 comp rx=0 tx=0)._handle_peer_banner_payload supported=3 required=0
2024-03-24T09:12:24.260 INFO:teuthology.orchestra.run.smithi116.stdout:/usr/bin/ceph: stderr
2024-03-24T09:12:23.392+0000 7f67a6058700 1 --2- >> [v2:172.21.15.116:3300/0,v1:172.21.15.116:6789/0] conn(0x7f67a0108660 0x7f67a010aa50 unknown :-1 s=HELLO_CONNECTING pgs=0 cs=0 l=0 rev1=1 crypto rx=0 tx=0 comp rx=0 tx=0).handle_hello peer v2:172.21.15.116:3300/0 says I am v2:172.21.15.116:41112/0 (socket says 172.21.15.116:41112)
2024-03-24T09:12:24.260 INFO:teuthology.orchestra.run.smithi116.stdout:/usr/bin/ceph: stderr
2024-03-24T09:12:23.392+0000 7f67a6058700 1 -- 172.21.15.116:0/1596410382 learned_addr learned my addr 172.21.15.116:0/1596410382 (peer_addr_for_me v2:172.21.15.116:0/0)
2024-03-24T09:12:24.260 INFO:teuthology.orchestra.run.smithi116.stdout:/usr/bin/ceph: stderr
2024-03-24T09:12:23.392+0000 7f67a6058700 1 -- 172.21.15.116:0/1596410382 --> [v2:172.21.15.116:3300/0,v1:172.21.15.116:6789/0] -- mon_subscribe({config=0+,monmap=0+}) -- 0x7f67a010af90 con 0x7f67a0108660
2024-03-24T09:12:24.261 INFO:teuthology.orchestra.run.smithi116.stdout:/usr/bin/ceph: stderr
2024-03-24T09:12:23.393+0000 7f67a6058700 1 --2- 172.21.15.116:0/1596410382 >> [v2:172.21.15.116:3300/0,v1:172.21.15.116:6789/0] conn(0x7f67a0108660 0x7f67a010aa50 secure :-1 s=READY pgs=47 cs=0 l=1 rev1=1 crypto rx=0x7f679c0098a0 tx=0x7f679c009bb0 comp rx=0 tx=0).ready entity=mon.0 client_cookie=287766a44c0a4436 server_cookie=0 in_seq=0 out_seq=0
2024-03-24T09:12:24.261 INFO:teuthology.orchestra.run.smithi116.stdout:/usr/bin/ceph: stderr
2024-03-24T09:12:23.393+0000 7f67a5056700 1 -- 172.21.15.116:0/1596410382 <== mon.0 v2:172.21.15.116:3300/0 1 ==== mon_map magic: 0 ==== 205+0+0 (secure 0 0 0) 0x7f679c004160 con 0x7f67a0108660
2024-03-24T09:12:24.261 INFO:teuthology.orchestra.run.smithi116.stdout:/usr/bin/ceph: stderr
2024-03-24T09:12:23.393+0000 7f67a5056700 1 -- 172.21.15.116:0/1596410382 <== mon.0 v2:172.21.15.116:3300/0 2 ==== config(26 keys) ==== 1102+0+0 (secure 0 0 0) 0x7f679c0042c0 con 0x7f67a0108660
2024-03-24T09:12:24.261 INFO:teuthology.orchestra.run.smithi116.stdout:/usr/bin/ceph: stderr
2024-03-24T09:12:23.393+0000 7f67a5056700 1 -- 172.21.15.116:0/1596410382 <== mon.0 v2:172.21.15.116:3300/0 3 ==== mon_map magic: 0 ==== 205+0+0 (secure 0 0 0) 0x7f679c0119b0 con 0x7f67a0108660
2024-03-24T09:12:24.261 INFO:teuthology.orchestra.run.smithi116.stdout:/usr/bin/ceph: stderr
2024-03-24T09:12:23.394+0000 7f67a82bc700 1 -- 172.21.15.116:0/1596410382 >> [v2:172.21.15.116:3300/0,v1:172.21.15.116:6789/0] conn(0x7f67a0108660 msgr2=0x7f67a010aa50 secure :-1 s=STATE_CONNECTION_ESTABLISHED l=1).mark_down
2024-03-24T09:12:24.261 INFO:teuthology.orchestra.run.smithi116.stdout:/usr/bin/ceph: stderr
2024-03-24T09:12:23.394+0000 7f67a82bc700 1 --2- 172.21.15.116:0/1596410382 >> [v2:172.21.15.116:3300/0,v1:172.21.15.116:6789/0] conn(0x7f67a0108660 0x7f67a010aa50 secure :-1 s=READY pgs=47 cs=0 l=1 rev1=1 crypto rx=0x7f679c0098a0 tx=0x7f679c009bb0 comp rx=0 tx=0).stop
2024-03-24T09:12:24.261 INFO:teuthology.orchestra.run.smithi116.stdout:/usr/bin/ceph: stderr
2024-03-24T09:12:23.394+0000 7f67a82bc700 1 -- 172.21.15.116:0/1596410382 shutdown_connections
2024-03-24T09:12:24.261 INFO:teuthology.orchestra.run.smithi116.stdout:/usr/bin/ceph: stderr
2024-03-24T09:12:23.394+0000 7f67a82bc700 1 --2- 172.21.15.116:0/1596410382 >> [v2:172.21.15.116:3300/0,v1:172.21.15.116:6789/0] conn(0x7f67a0108660 0x7f67a010aa50 unknown :-1 s=CLOSED pgs=47 cs=0 l=1 rev1=1 crypto rx=0 tx=0 comp rx=0 tx=0).stop
2024-03-24T09:12:24.261 INFO:teuthology.orchestra.run.smithi116.stdout:/usr/bin/ceph: stderr
2024-03-24T09:12:23.394+0000 7f67a82bc700 1 -- 172.21.15.116:0/1596410382 >> 172.21.15.116:0/1596410382 conn(0x7f67a0102010 msgr2=0x7f67a0104470 unknown :-1 s=STATE_NONE l=0).mark_down
2024-03-24T09:12:24.262 INFO:teuthology.orchestra.run.smithi116.stdout:/usr/bin/ceph: stderr
2024-03-24T09:12:23.394+0000 7f67a82bc700 1 -- 172.21.15.116:0/1596410382 shutdown_connections
2024-03-24T09:12:24.262 INFO:teuthology.orchestra.run.smithi116.stdout:/usr/bin/ceph: stderr
2024-03-24T09:12:23.394+0000 7f67a82bc700 1 -- 172.21.15.116:0/1596410382 wait complete.
2024-03-24T09:12:24.262 INFO:teuthology.orchestra.run.smithi116.stdout:/usr/bin/ceph: stderr
2024-03-24T09:12:23.394+0000 7f67a82bc700 1 Processor -- start
2024-03-24T09:12:24.262 INFO:teuthology.orchestra.run.smithi116.stdout:/usr/bin/ceph: stderr
2024-03-24T09:12:23.394+0000 7f67a82bc700 1 -- start start
2024-03-24T09:12:24.262 INFO:teuthology.orchestra.run.smithi116.stdout:/usr/bin/ceph: stderr
2024-03-24T09:12:23.395+0000 7f67a82bc700 1 --2- >> [v2:172.21.15.116:3300/0,v1:172.21.15.116:6789/0] conn(0x7f67a0108660 0x7f67a0107ee0 unknown :-1 s=NONE pgs=0 cs=0 l=1 rev1=0 crypto rx=0 tx=0 comp rx=0 tx=0).connect
2024-03-24T09:12:24.262 INFO:teuthology.orchestra.run.smithi116.stdout:/usr/bin/ceph: stderr
2024-03-24T09:12:23.395+0000 7f67a82bc700 1 -- --> [v2:172.21.15.116:3300/0,v1:172.21.15.116:6789/0] -- mon_getmap magic: 0 -- 0x7f67a0108420 con 0x7f67a0108660
2024-03-24T09:12:24.262 INFO:teuthology.orchestra.run.smithi116.stdout:/usr/bin/ceph: stderr
2024-03-24T09:12:23.395+0000 7f67a6058700 1 --2- >> [v2:172.21.15.116:3300/0,v1:172.21.15.116:6789/0] conn(0x7f67a0108660 0x7f67a0107ee0 unknown :-1 s=BANNER_CONNECTING pgs=0 cs=0 l=1 rev1=0 crypto rx=0 tx=0 comp rx=0 tx=0)._handle_peer_banner_payload supported=3 required=0
2024-03-24T09:12:24.262 INFO:teuthology.orchestra.run.smithi116.stdout:/usr/bin/ceph: stderr
2024-03-24T09:12:23.395+0000 7f67a6058700 1 --2- >> [v2:172.21.15.116:3300/0,v1:172.21.15.116:6789/0] conn(0x7f67a0108660 0x7f67a0107ee0 unknown :-1 s=HELLO_CONNECTING pgs=0 cs=0 l=1 rev1=1 crypto rx=0 tx=0 comp rx=0 tx=0).handle_hello peer v2:172.21.15.116:3300/0 says I am v2:172.21.15.116:41118/0 (socket says 172.21.15.116:41118)
2024-03-24T09:12:24.263 INFO:teuthology.orchestra.run.smithi116.stdout:/usr/bin/ceph: stderr
2024-03-24T09:12:23.395+0000 7f67a6058700 1 -- 172.21.15.116:0/3773920804 learned_addr learned my addr 172.21.15.116:0/3773920804 (peer_addr_for_me v2:172.21.15.116:0/0)
2024-03-24T09:12:24.263 INFO:teuthology.orchestra.run.smithi116.stdout:/usr/bin/ceph: stderr
2024-03-24T09:12:23.395+0000 7f67a6058700 1 -- 172.21.15.116:0/3773920804 --> [v2:172.21.15.116:3300/0,v1:172.21.15.116:6789/0] -- mon_subscribe({config=0+,monmap=0+}) -- 0x7f679c009550 con 0x7f67a0108660
2024-03-24T09:12:24.263 INFO:teuthology.orchestra.run.smithi116.stdout:/usr/bin/ceph: stderr
2024-03-24T09:12:23.396+0000 7f67a6058700 1 --2- 172.21.15.116:0/3773920804 >> [v2:172.21.15.116:3300/0,v1:172.21.15.116:6789/0] conn(0x7f67a0108660 0x7f67a0107ee0 secure :-1 s=READY pgs=48 cs=0 l=1 rev1=1 crypto rx=0x7f679c011980 tx=0x7f679c011a60 comp rx=0 tx=0).ready entity=mon.0 client_cookie=0 server_cookie=0 in_seq=0 out_seq=0
2024-03-24T09:12:24.263 INFO:teuthology.orchestra.run.smithi116.stdout:/usr/bin/ceph: stderr
2024-03-24T09:12:23.396+0000 7f67977fe700 1 -- 172.21.15.116:0/3773920804 <== mon.0 v2:172.21.15.116:3300/0 1 ==== mon_map magic: 0 ==== 205+0+0 (secure 0 0 0) 0x7f679c0039c0 con 0x7f67a0108660
2024-03-24T09:12:24.263 INFO:teuthology.orchestra.run.smithi116.stdout:/usr/bin/ceph: stderr
2024-03-24T09:12:23.396+0000 7f67977fe700 1 -- 172.21.15.116:0/3773920804 <== mon.0 v2:172.21.15.116:3300/0 2 ==== config(26 keys) ==== 1102+0+0 (secure 0 0 0) 0x7f679c003b20 con 0x7f67a0108660
2024-03-24T09:12:24.263 INFO:teuthology.orchestra.run.smithi116.stdout:/usr/bin/ceph: stderr
2024-03-24T09:12:23.396+0000 7f67a82bc700 1 -- 172.21.15.116:0/3773920804 --> [v2:172.21.15.116:3300/0,v1:172.21.15.116:6789/0] -- mon_subscribe({mgrmap=0+}) -- 0x7f67a0106610 con 0x7f67a0108660
2024-03-24T09:12:24.263 INFO:teuthology.orchestra.run.smithi116.stdout:/usr/bin/ceph: stderr
2024-03-24T09:12:23.396+0000 7f67977fe700 1 -- 172.21.15.116:0/3773920804 <== mon.0 v2:172.21.15.116:3300/0 3 ==== mon_map magic: 0 ==== 205+0+0 (secure 0 0 0) 0x7f679c019650 con 0x7f67a0108660
2024-03-24T09:12:24.263 INFO:teuthology.orchestra.run.smithi116.stdout:/usr/bin/ceph: stderr
2024-03-24T09:12:23.396+0000 7f67a82bc700 1 -- 172.21.15.116:0/3773920804 --> [v2:172.21.15.116:3300/0,v1:172.21.15.116:6789/0] -- mon_subscribe({osdmap=0}) -- 0x7f67a0106ab0 con 0x7f67a0108660
2024-03-24T09:12:24.263 INFO:teuthology.orchestra.run.smithi116.stdout:/usr/bin/ceph: stderr
2024-03-24T09:12:23.397+0000 7f67977fe700 1 -- 172.21.15.116:0/3773920804 <== mon.0 v2:172.21.15.116:3300/0 4 ==== mgrmap(e 8) ==== 45928+0+0 (secure 0 0 0) 0x7f679c0198c0 con 0x7f67a0108660
2024-03-24T09:12:24.263 INFO:teuthology.orchestra.run.smithi116.stdout:/usr/bin/ceph: stderr
2024-03-24T09:12:23.397+0000 7f67977fe700 1 --2- 172.21.15.116:0/3773920804 >> [v2:172.21.15.116:6800/3871815735,v1:172.21.15.116:6801/3871815735] conn(0x7f678c038f30 0x7f678c03b3f0 unknown :-1 s=NONE pgs=0 cs=0 l=1 rev1=0 crypto rx=0 tx=0 comp rx=0 tx=0).connect
2024-03-24T09:12:24.264 INFO:teuthology.orchestra.run.smithi116.stdout:/usr/bin/ceph: stderr
2024-03-24T09:12:23.397+0000 7f67977fe700 1 -- 172.21.15.116:0/3773920804 <== mon.0 v2:172.21.15.116:3300/0 5 ==== osd_map(2..2 src has 1..2) ==== 940+0+0 (secure 0 0 0) 0x7f679c04d350 con 0x7f67a0108660
2024-03-24T09:12:24.264 INFO:teuthology.orchestra.run.smithi116.stdout:/usr/bin/ceph: stderr
2024-03-24T09:12:23.397+0000 7f67a5857700 1 --2- 172.21.15.116:0/3773920804 >> [v2:172.21.15.116:6800/3871815735,v1:172.21.15.116:6801/3871815735] conn(0x7f678c038f30 0x7f678c03b3f0 unknown :-1 s=BANNER_CONNECTING pgs=0 cs=0 l=1 rev1=0 crypto rx=0 tx=0 comp rx=0 tx=0)._handle_peer_banner_payload supported=3 required=0
